﻿--
-- Script was generated by Devart dbForge Studio for MySQL, Version 8.0.40.0
-- Product Home Page: http://www.devart.com/dbforge/mysql/studio
-- Script date 09/09/2019 13:09:10
-- Target server version: 5.5.5-10.1.40-MariaDB
-- Target connection string: User Id=root;Host=127.0.0.1;Character Set=utf8
--



SET NAMES 'utf8';
USE practica5;
--
-- Delete data from the table 'composicion'
--
TRUNCATE TABLE composicion;
--
-- Delete data from the table 'miembro'
--
DELETE FROM miembro;
--
-- Delete data from the table 'federacion'
--
DELETE FROM federacion;

--
-- Inserting data into table federacion
--
INSERT INTO federacion(nombre, direccion, telefono) VALUES
('Smart H-Mobile Co.', 'Kawana', 116388614),
('Federal Space Research Group', 'Perth', 852432378),
('WorldWide Partners Corporation', 'Melbourne', 798726724),
('Special Engineering Group', 'Drouin', 206225549),
('General B-Mobile Corp.', 'Kempsey', 385499298),
('Professional Wind Energy Inc.', 'Hamilton', 748833950),
('Home Protection Corporation', 'Whyalla', 814355122),
('Home High-Technologies Group', 'Bundaberg', 527828005),
('Pacific O-Mobile Group', 'Dubbo', 228469211),
('North Space Research Inc.', 'Caloundra', 908910306),
('Union High-Technologies Corp.', 'Taree', 901436668),
('Union Trust Inc.', 'Wodonga', 663360948),
('Professional Business Co.', 'Melton', 544946938),
('East Space Explore Corp.', 'Mount Isa', 558537324),
('First High-Technologies Inc.', 'Port Augusta', 89908240),
('North Telecom Corp.', 'Kiama', 326764534),
('South Travel Inc.', 'Ballina', 78495834),
('Pacific High-Technologies Group', 'Toowoomba', 252109280),
('Canadian High-Technologies Inc.', 'Burnie', 380123860),
('WorldWide M-Mobile Co.', 'Mount Martha', 482379250),
('Special High-Technologies Corporation', 'Barwon Downs', 876061955),
('First Systems Corporation', 'Wollongong', 405910866),
('International High-Technologies Corp.', 'Echuca', 47106294),
('Creative Explore Corporation', 'Port Hedland', 481676819),
('City 2G Wireless Co.', 'Busselton', 655501700),
('Creative Research Corp.', 'Canberra', 680615156),
('Canadian Space Explore Corp.', 'Batemans Bay', 387529269),
('Future High-Technologies Co.', 'Mudgee', 661749911),
('International Industry Inc.', 'Emerald', 523956922),
('West Coast I-Mobile Group', 'Mildura', 700122040),
('Western Data Corp.', 'Townsville', 106354494),
('American Travel Corp.', 'Byron Bay', 481889737),
('National Data Corp.', 'Port Lincoln', 322771398),
('American Explore Co.', 'Murray Bridge', 118125266),
('National High-Technologies Corporation', 'Kingaroy', 148215800),
('Domestic Space Research Inc.', 'Moe', 120116765),
('Smart Services Group', 'Port Macquarie', 339854530),
('Future S-Mobile Corp.', 'Rosebud', 673215194),
('Special Space Explore Corp.', 'Kingston', 407095194),
('Future High-Technologies Corporation', 'Mornington', 59328446),
('Global Devices Corporation', 'Casino', 431300485),
('Western Petroleum Co.', 'Kwinana Town Centre', 813398738),
('National Mobile Inc.', 'Traralgon', 609588079),
('Advanced E-Mobile Inc.', 'Sale', 542951141),
('Australian High-Technologies Corp.', 'Forbes', 548433782),
('East Green Resources Group', 'Ulverstone', 76452635),
('North Nuclear Resources Inc.', 'Bathurst', 52673737),
('North Software Corporation', 'Caboolture', 460083868),
('Creative 3G Wireless Group', 'Bendigo', 473002578),
('Beyond High-Technologies Co.', 'Cairns', 220990531),
('Western 5D Electronic Corporation', 'Morwell', 819894799),
('First Space Explore Inc.', 'Muswellbrook', 392073579),
('Creative Nuclear Resources Corporation', 'Sawtell', 140370303),
('Global High-Technologies Inc.', 'Victor Harbor', 574231812),
('South Research Group', 'Central Coast', 123684779),
('South Explore Corporation', 'Launceston', 496021645),
('East Protection Inc.', 'Shepparton', 574777092),
('City Delivery Inc.', 'Gawler', 212483352),
('City Transportation Inc.', 'Victoria Point', 495426456),
('General Travel Group', 'Port Pirie', 958166008),
('Special Technologies Corporation', 'Singleton', 124186231),
('Future R-Mobile Corp.', 'Blaxland', 293688203),
('American Financial Experts Co.', 'Mount Eliza', 629440910),
('First Oil Corporation', 'Lismore', 73634107),
('American Oil Inc.', 'Hervey Bay', 877830265),
('North 4G Wireless Inc.', 'Cessnock', 788584429),
('City High-Technologies Inc.', 'Wagga Wagga', 376244545),
('Beyond Insurance Inc.', 'Adelaide', 830179405),
('Western High-Technologies Corporation', 'Nambour', 6239513),
('Home Space Research Inc.', 'Geelong', 92327652),
('Flexible J-Mobile Co.', 'Bongaree', 663454189),
('Federal 4D Electronic Corporation', 'Portland', 838431631),
('Pacific High-Technologies Corporation', 'Lithgow', 692433759),
('North Space Explore Group', 'Sunbury', 239278695),
('Future Heating Corp.', 'Wangaratta', 881804102),
('Pacific Space Research Inc.', 'Albany', 194108636),
('Home U-Mobile Group', 'Bowral', 672988417),
('Global Solar Power Group', 'Nerang', 183347599),
('National Optics Co.', 'Coffs Harbour', 894477542),
('First High-Technologies Corporation', 'Albury', 412564008),
('Smart Space Explore Group', 'Sunshine Coast', 915597413),
('American X-Mobile Inc.', 'Brisbane', 682252738),
('National Instruments Group', 'Hobart', 476169111),
('West High-Technologies Co.', 'Warragul', 487140778),
('National High-Technologies Corp.', 'Mackay', 967272831),
('Canadian Systems Corp.', 'Swan Hill', 82707775),
('Special High-Technologies Inc.', 'Queanbeyan', 572361311),
('South High-Technologies Co.', 'Warrnambool', 169682117),
('American Software Inc.', 'Horsham', 232629953),
('Australian Financial Group', 'Alice Springs', 274762877),
('International P-Mobile Corp.', 'Broken Hill', 564964915),
('Creative Entertainment Group', 'Sydney', 404426899),
('East W-Mobile Corp.', 'Newcastle', 869261570),
('Federal High-Technologies Group', 'Warwick', 770512481),
('South Space Explore Inc.', 'Tamworth', 294214480),
('National Delivery Inc.', 'Raymond Terrace', 778433539),
('Federal Business Corp.', 'Geraldton', 574582045),
('South High-Technologies Group', 'Nowra', 116810674),
('Smart Space Research Corporation', 'Maitland', 978601847),
('National Natural Gas Resources Co.', 'Kalgoorlie', 771217455);

--
-- Inserting data into table miembro
--
INSERT INTO miembro(dni, nombre_m, titulacion) VALUES
('674076485', 'Gottschalk', 'Technical Engineer'),
('025568686', 'Hugubert', 'Trainer/Consultant'),
('790087870', 'Wikhard', 'Regional Vice President'),
('736016443', 'Balte ', 'Service Manager'),
('262652582', 'Juni', 'Accountant'),
('524104992', 'Vajessa', 'Senior Architect'),
('697577916', 'Fastrada', 'Development Manager'),
('046103382', 'Pares', 'Vice President'),
('524796837', 'Geruscha', 'Solution Architect'),
('978813888', 'Joas', 'Director of Information Technology'),
('234919377', 'Bernolf', 'Purchasing Agent'),
('952445745', 'Herward', 'Specialist'),
('671825281', 'Annelott', 'Senior Specialist'),
('759292527', 'Tessina', 'Secretary'),
('281106208', 'Bernett', 'Senior Specialist'),
('250410141', 'Burkhard', 'Advisor'),
('942753781', 'Suso', 'Computer Operator'),
('803571679', 'Cäcilia', 'Vice President'),
('119874259', 'Luise', 'Controller'),
('812064063', 'Merwin', 'Senior Designer'),
('292319821', 'Dania', 'Secretary'),
('664584887', 'Florentine', 'Representative'),
('770387139', 'Diebald', 'Vice President'),
('808146843', 'Annegrit', 'Chief Financial Officer'),
('900655360', 'Velten', 'Technical Assistant'),
('581447276', 'Avera ', 'Senior Specialist'),
('674570774', 'Petronia', 'Revenue Manager'),
('934587444', 'Gaelle', 'Senior Financial Analyst'),
('933435353', 'Zylvanio', 'Board Member'),
('438464111', 'Briska', 'Chief Technology Officer'),
('430300604', 'Berndt', 'Executive Vice President'),
('277401749', 'Loritta', 'Purchasing Manager'),
('839774937', 'Hadufuns', 'Travel Agent'),
('498064989', 'Kallistus', 'Secretary'),
('445785509', 'Heidemaria', 'Regional Manager'),
('228402907', 'Paschalis', 'Specialist'),
('910260240', 'Baldo ', 'Development Manager'),
('610387070', 'Herward', 'Specialist'),
('514354002', 'Burga', 'Research Analyst'),
('830487921', 'Andreana', 'Billing Clerk'),
('362052374', 'Amona', 'Chief Information Officer'),
('386969759', 'Coloman', 'Service Manager'),
('390136065', 'Maik', 'Vice President'),
('898447143', 'Fania', 'Procurement Manager'),
('279150509', 'Kensie', 'Service Engineer'),
('372166901', 'Saphira', 'Sales Consultant'),
('333103991', 'Hatto', 'Chief Executive Officer'),
('450349179', 'Jojo', 'Technical Writer'),
('072668991', 'Lutz', 'Sales Agent'),
('371423160', 'Adlin ', 'Account Manager'),
('558341468', 'Odoaker', 'Specialist'),
('887642939', 'Galatus', 'Vice President'),
('135647210', 'Achime ', 'Senior Consultant'),
('325369642', 'Hanjo', 'Chief Executive Officer'),
('472450282', 'Joannis', 'Business Analyst'),
('371111263', 'Anneleen', 'Admin'),
('365982398', 'Friedlinde', 'Technical Manager'),
('827697410', 'Wedekind', 'Communication Consultant'),
('458890184', 'Freimuth', 'Vice President'),
('347268486', 'Hella', 'Advisor'),
('826366268', 'Basti ', 'Logistics Manager'),
('213591829', 'Odan', 'Commercial Director'),
('987621995', 'Christof', 'Secretary'),
('805383470', 'Volkert', 'Vice President'),
('255748965', 'Wolf', 'Vice President'),
('347330858', 'Ahsoka ', 'Chief Financial Officer'),
('957134827', 'Ennja', 'Technical Architect'),
('956162801', 'Lejana', 'Technology Manager'),
('881539912', 'Erimar', 'Chief Technology Officer'),
('768984210', 'Ermelinda', 'Logistics Consultant'),
('528358619', 'Yolin', 'Senior Developer'),
('991304341', 'Wolfhart', 'Marketing Manager'),
('951844906', 'Balte ', 'Web Designer'),
('949085619', 'Kunibald', 'Business Coordinator'),
('641378251', 'Annalina', 'Web Designer'),
('698210639', 'Erko', 'Project Coordinator'),
('133530182', 'Hilarius', 'Assistant'),
('563412430', 'Ladschana', 'Director of Finance'),
('790231003', 'Thorin', 'Building Manager'),
('991939702', 'Bartel ', 'Advisor'),
('271963028', 'Udalgard', 'Director of Facilities'),
('864150193', 'Tyrfinn', 'Operation Manager'),
('706489562', 'Zölestinus', 'Collection Manager'),
('118635330', 'Zaphira', 'Vice President'),
('344738599', 'Janeke', 'Service Engineer'),
('884066591', 'Gaudenz', 'Vice President'),
('571998477', 'Tobiana', 'Engineer'),
('975226107', 'Madlena', 'Business Analyst'),
('256432105', 'Reesa', 'Research Staff Member'),
('780617229', 'Selene', 'Web Designer'),
('758522327', 'Bartel ', 'Specialist'),
('380094983', 'Madelaine', 'Secretary'),
('770278883', 'Talina', 'Development Engineer'),
('919630364', 'Friedburg', 'Director of Manufacturing'),
('963495173', 'Fortunat', 'Security Manager'),
('907500324', 'Galatus', 'Benefit Coordinator'),
('215352522', 'Anandra', 'Secretary'),
('672581958', 'Coloman', 'Senior Specialist'),
('220758550', 'Aloe', 'Director of Customer Support'),
('952907645', 'Xander', 'Business Coordinator');

--
-- Inserting data into table composicion
--
INSERT INTO composicion(nombre, dni, cargo, fecha_inicio) VALUES
('Federal Business Corp.', '215352522', 'PRESIDENTE', '1971-03-09'),
('South Travel Inc.', '942753781', 'ASESOR TECNICO', '1987-01-29'),
('Global Devices Corporation', '362052374', 'PRESIDENTE', '2018-03-28'),
('Home Protection Corporation', '697577916', 'GERENTE', '1995-11-19'),
('South Research Group', '472450282', 'PRESIDENTE', '1993-01-05'),
('National Natural Gas Resources Co.', '952907645', 'PSICOLOGO', '1988-08-22'),
('Australian Financial Group', '780617229', 'PRESIDENTE', '1971-02-13'),
('South High-Technologies Group', '672581958', 'PRESIDENTE', '1978-05-08'),
('International P-Mobile Corp.', '758522327', 'PRESIDENTE', '1970-03-05'),
('Australian High-Technologies Corp.', '279150509', 'PRESIDENTE', '1990-11-02'),
('Western Data Corp.', '430300604', 'ASESOR TECNICO', '1999-08-07'),
('Western Petroleum Co.', '386969759', 'ASESOR TECNICO', '1970-01-05'),
('American X-Mobile Inc.', '864150193', 'PRESIDENTE', '1989-06-30'),
('American Travel Corp.', '277401749', 'PSICOLOGO', '1970-01-01'),
('First Systems Corporation', '664584887', 'ASESOR TECNICO', '1974-01-20'),
('Smart Space Research Corporation', '220758550', 'ASESOR TECNICO', '2000-04-20'),
('National Data Corp.', '839774937', 'GERENTE', '2002-09-27'),
('Federal 4D Electronic Corporation', '991304341', 'ASESOR TECNICO', '1972-07-30'),
('National Instruments Group', '706489562', 'ASESOR TECNICO', '2005-04-08'),
('Creative Entertainment Group', '380094983', 'PRESIDENTE', '1970-03-24'),
('South Explore Corporation', '371111263', 'PRESIDENTE', '2009-08-30'),
('East Green Resources Group', '372166901', 'GERENTE', '2001-04-02'),
('National High-Technologies Corp.', '344738599', 'PRESIDENTE', '2009-04-22'),
('Pacific High-Technologies Group', '803571679', 'PRESIDENTE', '1981-07-30'),
('East Protection Inc.', '365982398', 'PRESIDENTE', '1970-11-09'),
('International High-Technologies Corp.', '770387139', 'PRESIDENTE', '2005-09-26'),
('American Explore Co.', '498064989', 'ASESOR TECNICO', '1981-08-14'),
('North Nuclear Resources Inc.', '333103991', 'GERENTE', '1970-03-29'),
('Pacific High-Technologies Corporation', '951844906', 'PSICOLOGO', '2019-06-26'),
('West High-Technologies Co.', '118635330', 'PRESIDENTE', '1970-04-08'),
('Creative Explore Corporation', '808146843', 'PRESIDENTE', '2004-07-03'),
('East W-Mobile Corp.', '770278883', 'ASESOR TECNICO', '2006-01-03'),
('Home High-Technologies Group', '046103382', 'PSICOLOGO', '1998-03-29'),
('North Space Explore Group', '949085619', 'ASESOR TECNICO', '1979-11-27'),
('First Oil Corporation', '805383470', 'GERENTE', '2009-08-04'),
('City Delivery Inc.', '827697410', 'PRESIDENTE', '2003-03-18'),
('Future Heating Corp.', '641378251', 'ASESOR TECNICO', '1986-09-07'),
('National High-Technologies Corporation', '445785509', 'GERENTE', '2004-12-24'),
('City 2G Wireless Co.', '900655360', 'GERENTE', '1994-09-03'),
('Canadian High-Technologies Inc.', '119874259', 'PRESIDENTE', '1989-09-17'),
('Canadian Systems Corp.', '884066591', 'PRESIDENTE', '2019-08-24'),
('Federal High-Technologies Group', '919630364', 'ASESOR TECNICO', '1982-01-09'),
('American Oil Inc.', '255748965', 'GERENTE', '1993-11-03'),
('Pacific Space Research Inc.', '698210639', 'ASESOR TECNICO', '1972-01-09'),
('Pacific O-Mobile Group', '524796837', 'GERENTE', '1970-05-22'),
('North Software Corporation', '450349179', 'PRESIDENTE', '1980-04-06'),
('Special High-Technologies Inc.', '571998477', 'ASESOR TECNICO', '2009-06-03'),
('South Space Explore Inc.', '963495173', 'ASESOR TECNICO', '1990-10-19'),
('South High-Technologies Co.', '975226107', 'ASESOR TECNICO', '2019-08-19'),
('North 4G Wireless Inc.', '347330858', 'PSICOLOGO', '1997-02-22'),
('National Delivery Inc.', '907500324', 'PSICOLOGO', '2007-03-24'),
('City Transportation Inc.', '458890184', 'ASESOR TECNICO', '1970-09-28'),
('Creative 3G Wireless Group', '072668991', 'PSICOLOGO', '1971-07-08'),
('WorldWide M-Mobile Co.', '812064063', 'ASESOR TECNICO', '1991-04-21'),
('Domestic Space Research Inc.', '228402907', 'ASESOR TECNICO', '1977-10-05'),
('Home U-Mobile Group', '133530182', 'GERENTE', '1994-10-16'),
('Creative Research Corp.', '581447276', 'ASESOR TECNICO', '2001-03-08'),
('North Space Research Inc.', '978813888', 'PRESIDENTE', '1996-09-28'),
('American Software Inc.', '256432105', 'ASESOR TECNICO', '1972-03-01'),
('City High-Technologies Inc.', '957134827', 'PSICOLOGO', '1976-09-29'),
('General Travel Group', '347268486', 'PSICOLOGO', '1983-12-05'),
('Special High-Technologies Corporation', '292319821', 'PSICOLOGO', '2002-12-30'),
('Beyond High-Technologies Co.', '371423160', 'PRESIDENTE', '1984-10-07'),
('Global Solar Power Group', '563412430', 'PRESIDENTE', '1975-12-02'),
('Union High-Technologies Corp.', '234919377', 'ASESOR TECNICO', '1979-02-15'),
('Smart H-Mobile Co.', '674076485', 'PSICOLOGO', '1970-01-10'),
('Union Trust Inc.', '952445745', 'ASESOR TECNICO', '1982-06-15'),
('Special Technologies Corporation', '826366268', 'ASESOR TECNICO', '1976-02-26'),
('Beyond Insurance Inc.', '956162801', 'ASESOR TECNICO', '1972-01-19'),
('Federal Space Research Group', '025568686', 'ASESOR TECNICO', '1970-02-05'),
('Professional Business Co.', '671825281', 'GERENTE', '2001-11-05'),
('Smart Services Group', '910260240', 'PSICOLOGO', '1970-02-07'),
('Western 5D Electronic Corporation', '558341468', 'ASESOR TECNICO', '1973-07-20'),
('National Optics Co.', '790231003', 'ASESOR TECNICO', '1986-05-11'),
('Future R-Mobile Corp.', '213591829', 'PRESIDENTE', '1971-08-02'),
('Western High-Technologies Corporation', '881539912', 'GERENTE', '2017-09-18'),
('Canadian Space Explore Corp.', '674570774', 'PRESIDENTE', '1978-09-23'),
('First High-Technologies Corporation', '991939702', 'PSICOLOGO', '1973-08-18'),
('Home Space Research Inc.', '768984210', 'PRESIDENTE', '1970-03-16'),
('WorldWide Partners Corporation', '790087870', 'PSICOLOGO', '2004-05-27'),
('Future S-Mobile Corp.', '610387070', 'ASESOR TECNICO', '1977-12-21'),
('First Space Explore Inc.', '887642939', 'PSICOLOGO', '1971-02-04'),
('East Space Explore Corp.', '759292527', 'PRESIDENTE', '1981-04-14'),
('Smart Space Explore Group', '271963028', 'ASESOR TECNICO', '1971-05-04'),
('American Financial Experts Co.', '987621995', 'PRESIDENTE', '2011-12-06'),
('Future High-Technologies Co.', '934587444', 'PSICOLOGO', '2001-05-07'),
('Flexible J-Mobile Co.', '528358619', 'PRESIDENTE', '1970-01-02'),
('Special Space Explore Corp.', '514354002', 'PRESIDENTE', '1989-10-08'),
('Special Engineering Group', '736016443', 'GERENTE', '2006-03-04'),
('First High-Technologies Inc.', '281106208', 'ASESOR TECNICO', '1972-08-30'),
('Creative Nuclear Resources Corporation', '135647210', 'PSICOLOGO', '2007-08-30'),
('International Industry Inc.', '933435353', 'GERENTE', '1993-02-07'),
('National Mobile Inc.', '390136065', 'ASESOR TECNICO', '1972-03-02'),
('Future High-Technologies Corporation', '830487921', 'ASESOR TECNICO', '1990-12-12'),
('Global High-Technologies Inc.', '325369642', 'GERENTE', '1976-03-13'),
('General B-Mobile Corp.', '262652582', 'PRESIDENTE', '2017-08-01'),
('Advanced E-Mobile Inc.', '898447143', 'ASESOR TECNICO', '2003-04-05'),
('North Telecom Corp.', '250410141', 'ASESOR TECNICO', '1981-11-23'),
('Professional Wind Energy Inc.', '524104992', 'PRESIDENTE', '1970-01-10'),
('West Coast I-Mobile Group', '438464111', 'PRESIDENTE', '1970-02-20');