﻿--
-- Script was generated by Devart dbForge Studio 2020 for MySQL, Version 9.0.897.0
-- Product home page: http://www.devart.com/dbforge/mysql/studio
-- Script date 12/07/2023 22:57:39
-- Server version: 10.4.24
-- Client version: 4.1
--

-- 
-- Disable foreign keys
-- 
/*!40014 SET @OLD_FOREIGN_KEY_CHECKS=@@FOREIGN_KEY_CHECKS, FOREIGN_KEY_CHECKS=0 */;

-- 
-- Set SQL mode
-- 
/*!40101 SET @OLD_SQL_MODE=@@SQL_MODE, SQL_MODE='NO_AUTO_VALUE_ON_ZERO' */;

-- 
-- Set character set the client will use to send SQL statements to the server
--
SET NAMES 'utf8';

--
-- Set default database
--
USE gestionventas2023;

--
-- Drop table `pedido`
--
DROP TABLE IF EXISTS pedido;

--
-- Drop table `cliente`
--
DROP TABLE IF EXISTS cliente;

--
-- Drop table `usuario`
--
DROP TABLE IF EXISTS usuario;

--
-- Drop table `producto`
--
DROP TABLE IF EXISTS producto;

--
-- Drop table `seccion`
--
DROP TABLE IF EXISTS seccion;

--
-- Set default database
--
USE gestionventas2023;

--
-- Create table `seccion`
--
CREATE TABLE seccion (
  idSeccion int(11) NOT NULL,
  nombre varchar(100) DEFAULT NULL,
  PRIMARY KEY (idSeccion)
)
ENGINE = INNODB,
AVG_ROW_LENGTH = 4096,
CHARACTER SET utf8mb4,
COLLATE utf8mb4_general_ci;

--
-- Create table `producto`
--
CREATE TABLE producto (
  idProducto int(11) NOT NULL,
  nombre varchar(100) DEFAULT NULL,
  descripcion varchar(800) DEFAULT NULL,
  precio float DEFAULT NULL,
  descuento float DEFAULT NULL,
  oferta tinyint(1) DEFAULT NULL,
  unidadesStock int(11) DEFAULT NULL,
  seccion int(11) DEFAULT NULL,
  foto varchar(100) NOT NULL,
  destacado tinyint(1) DEFAULT NULL,
  PRIMARY KEY (idProducto)
)
ENGINE = INNODB,
AVG_ROW_LENGTH = 4096,
CHARACTER SET utf8mb4,
COLLATE utf8mb4_general_ci;

--
-- Create foreign key
--
ALTER TABLE producto
ADD CONSTRAINT fkProductoSeccion FOREIGN KEY (seccion)
REFERENCES seccion (idSeccion);

--
-- Create table `usuario`
--
CREATE TABLE usuario (
  id int(11) NOT NULL,
  nombre varchar(100) DEFAULT NULL,
  username varchar(100) DEFAULT NULL,
  password varchar(100) DEFAULT NULL,
  isAdmin tinyint(1) DEFAULT 0,
  PRIMARY KEY (id)
)
ENGINE = INNODB,
AVG_ROW_LENGTH = 3276,
CHARACTER SET utf8mb4,
COLLATE utf8mb4_general_ci;

--
-- Create index `id` on table `usuario`
--
ALTER TABLE usuario
ADD UNIQUE INDEX id (id);

--
-- Create table `cliente`
--
CREATE TABLE cliente (
  idCliente int(11) NOT NULL,
  nombre varchar(100) DEFAULT NULL,
  apellidos varchar(100) DEFAULT NULL,
  correo varchar(100) DEFAULT NULL,
  direccion varchar(200) DEFAULT NULL,
  poblacion varchar(100) DEFAULT NULL,
  codigoPostal varchar(20) DEFAULT NULL,
  telefono int(11) DEFAULT NULL,
  telefono2 int(11) DEFAULT NULL,
  usuario int(11) DEFAULT NULL,
  PRIMARY KEY (idCliente)
)
ENGINE = INNODB,
AVG_ROW_LENGTH = 8192,
CHARACTER SET utf8mb4,
COLLATE utf8mb4_general_ci;

--
-- Create index `usuario` on table `cliente`
--
ALTER TABLE cliente
ADD UNIQUE INDEX usuario (usuario);

--
-- Create foreign key
--
ALTER TABLE cliente
ADD CONSTRAINT fkUsuarioCliente FOREIGN KEY (usuario)
REFERENCES usuario (id);

--
-- Create table `pedido`
--
CREATE TABLE pedido (
  idPedido int(11) NOT NULL,
  cantidad int(11) DEFAULT NULL,
  fechaPedido date DEFAULT NULL,
  fechaEnvio date DEFAULT NULL,
  idCliente int(11) DEFAULT NULL,
  idProducto int(11) DEFAULT NULL,
  PRIMARY KEY (idPedido)
)
ENGINE = INNODB,
AVG_ROW_LENGTH = 4096,
CHARACTER SET utf8mb4,
COLLATE utf8mb4_general_ci;

--
-- Create foreign key
--
ALTER TABLE pedido
ADD CONSTRAINT fkPedidoCliente FOREIGN KEY (idCliente)
REFERENCES cliente (idCliente);

--
-- Create foreign key
--
ALTER TABLE pedido
ADD CONSTRAINT fkPedidoProducto FOREIGN KEY (idProducto)
REFERENCES producto (idProducto);

-- 
-- Dumping data for table seccion
--
INSERT INTO seccion VALUES
(1, 'Textil'),
(2, 'Alimentación'),
(3, 'Tecnología'),
(4, 'Droguería');

-- 
-- Dumping data for table usuario
--
INSERT INTO usuario VALUES
(1, 'admin', 'admin@admin.es', '$2y$13$d0MhSfwzAVe64HCuShjWT.WZ0WgpUpCeRSe015fsZ2wW/cCaDZqGm', 1),
(2, 'María', 'maria@perez.es', '$2y$13$yx2PQ.hHk8F0D6Jze/4YGOjn5ld0sn6kZMyZMxpEvRMiwe6GYGxBG', 0),
(4, 'Juan', 'juangomez@gmail.com', '$2y$13$iXyhGppD4SNbJhQ.Sekj0OsQiUt17sAApP3DIfSK21kLuSysyJ4C6', 0);

-- 
-- Dumping data for table producto
--
INSERT INTO producto VALUES
(1, 'Camiseta Hombre', 'Camiseta', 12, 15, 1, 1, 1, '1_camisetaHombre.jpg', 1),
(2, 'cebollas', 'Verdura', 2.32, 10, 1, 1000, 2, '2_cebollas.jpg', 1),
(3, 'Pantalones vaqueros', 'Pantalones', 40, 0, 0, 2, 1, '3_vaqueros.jpg', 1),
(4, 'Vestido mujer', 'Vestido mujer verde', 50, NULL, 0, 10, 1, '4_vestidoverde.jpg', 1),
(5, 'Camisa mujer', 'Camisa de manga corta de color blanco.', 25, NULL, 0, 22, 1, '5_camisa mujer.jpeg', 1),
(6, 'Camisa caballero', ' Camisa modelo Oxford disponible en varios colores', 40, NULL, 0, 45, 1, '6_CAMISA-OXFORD.jpg', 1),
(7, 'Vestido baelo paradise', 'Vestido largo estampado', 35, NULL, 0, 12, 1, '7_vestido-baelo-paradise.jpg', 1),
(8, 'Aceite de oliva', 'Distintas marcas de nuestras mejores aceites', 4.5, 20, 1, 67, 2, '8_aceite de oliva.jpeg', 1),
(9, 'Alubias', 'Diferentes tipos de alubias', 3.7, NULL, 0, 88, 2, '9_alubias.jpg', 0),
(10, 'Carne de ternera', 'Descubre nuestros cortes', 12, NULL, 0, 90, 2, '10_Cortes-de-la-ternera.png', 0),
(11, 'Espárragos', 'Prueba nuestros diferentes tipos de espárragos', 5.6, 10, 1, 33, 2, '11_esparragos.jpg', 0),
(12, 'Pasta', 'Diferentes formas, pero con la misma calidad', 3, NULL, 0, 104, 2, '12_pasta.jpg', 0),
(13, 'Torre pc', 'Torre pc gaming', 1500, NULL, 0, 52, 3, '13_torre-pc-gaming.jpg', 0),
(14, 'Teclado', 'Teclado gaming', 165, 20, 1, 22, 3, '14_teclado.jpg', 0),
(15, 'Portátil', 'Portátil', 560, NULL, 0, 12, 3, '15_portátil.jpg', 0),
(16, 'Tablet', 'Tablet 15 pulgadas', 380, 5, 1, 5, 3, '16_tablet.jpg', 1),
(17, 'Router', 'Router 5g', 89, 10, 1, 55, 3, '17_router.jpg', 0),
(18, 'Cámara de fotos', 'Cámara instantánea en varios colores', 89, NULL, 0, 56, 3, '18_cámara instantánea.jpg', 1),
(19, 'Protector solar', ' Protector solar con un FPS de  30 y, para los niños, de 50', 14.2, 10, 1, 52, 4, '19_protector solar.png', 1),
(20, 'Crema facial', 'Sesderma Reti age 50ml', 50, 10, 1, 68, 4, '20_crema facial.png', 0),
(21, 'Crema facial caballero', 'Diferentes marcas al mejor precio', 25, NULL, 0, 125, 4, '21_crema hidratante hombre.jpg', 1),
(22, 'Contorno de ojos', 'Contorno de ojos Avène', 62, NULL, 0, 55, 4, '22_contorno-de-ojos-rejuvenecedor_-15-ml.---avene.jpg', 0),
(23, 'Gel corporal', 'Gel de la marca Dove', 3.5, 10, 1, 154, 4, '23_gel.jpg', 0),
(24, 'Hidratante corporal', 'Neutrogena hidratación profunda 400ml', 3.6, NULL, 0, 79, 4, '24_hidratante corporal.jpg', 0);

-- 
-- Dumping data for table cliente
--
INSERT INTO cliente VALUES
(1, 'admin', '', 'admin@admin.es', '', '', '', NULL, NULL, 1),
(2, 'María', 'Nieto Pérez', 'maria@perez.es', 'Calle Alta 43', 'Torrelavega', '39586', 666555444, 942368521, 2),
(4, 'Juan', 'Gómez García', 'juangomez@gmail.com', 'Calle Alta 43', 'Santander', '39284', 693582471, 942879654, 4);

-- 
-- Dumping data for table pedido
--
INSERT INTO pedido VALUES
(1, 2, '2023-02-12', '2023-02-14', 1, 1),
(9, 5, '2001-05-04', '2001-05-05', 1, 14),
(13, 2, '2023-07-12', '2023-07-13', 1, 1),
(15, 1, '2023-07-09', '2023-07-11', 2, 1),
(16, 50, '2023-07-12', '2023-07-14', 2, 2),
(17, 1, '2023-07-12', '2023-07-14', 4, 16),
(18, 1, '2023-07-12', '2023-07-14', 4, 17),
(19, 50, '2023-07-12', '2023-07-14', 4, 2),
(20, 3, '2023-07-12', '2023-07-14', 1, 3);

-- 
-- Restore previous SQL mode
-- 
/*!40101 SET SQL_MODE=@OLD_SQL_MODE */;

-- 
-- Enable foreign keys
-- 
/*!40014 SET FOREIGN_KEY_CHECKS = @OLD_FOREIGN_KEY_CHECKS */;