﻿﻿--
-- Script was generated by Devart dbForge Studio 2020 for MySQL, Version 9.0.897.0
-- Product home page: http://www.devart.com/dbforge/mysql/studio
-- Script date 05/06/2023 9:34:30
-- Server version: 8.0.30
-- Client version: 4.1
--

-- 
-- Disable foreign keys
-- 
/*!40014 SET @OLD_FOREIGN_KEY_CHECKS=@@FOREIGN_KEY_CHECKS, FOREIGN_KEY_CHECKS=0 */;

-- 
-- Set SQL mode
-- 
/*!40101 SET @OLD_SQL_MODE=@@SQL_MODE, SQL_MODE='NO_AUTO_VALUE_ON_ZERO' */;

-- 
-- Set character set the client will use to send SQL statements to the server
--
SET NAMES 'utf8';

DROP DATABASE IF EXISTS consultas2;

CREATE DATABASE consultas2
CHARACTER SET latin1
COLLATE latin1_swedish_ci;

--
-- Set default database
--
USE consultas2;

--
-- Create table `depart`
--
CREATE TABLE depart (
  dept_no int NOT NULL AUTO_INCREMENT,
  dnombre varchar(30) DEFAULT NULL,
  loc varchar(30) DEFAULT NULL,
  PRIMARY KEY (dept_no)
)
ENGINE = INNODB,
AUTO_INCREMENT = 41,
AVG_ROW_LENGTH = 4096,
CHARACTER SET latin1,
COLLATE latin1_swedish_ci;

--
-- Create table `emple`
--
CREATE TABLE emple (
  emp_no int NOT NULL,
  apellido varchar(50) NOT NULL,
  oficio varchar(30) DEFAULT NULL,
  dir int DEFAULT NULL,
  fecha_alt date DEFAULT NULL,
  salario int DEFAULT NULL,
  comision int DEFAULT NULL,
  dept_no int DEFAULT NULL,
  PRIMARY KEY (emp_no)
)
ENGINE = INNODB,
AVG_ROW_LENGTH = 1170,
CHARACTER SET latin1,
COLLATE latin1_swedish_ci;

--
-- Create foreign key
--
ALTER TABLE emple
ADD CONSTRAINT FKempleDepart FOREIGN KEY (dept_no)
REFERENCES depart (dept_no) ON DELETE CASCADE ON UPDATE CASCADE;

--
-- Create table `consultas`
--
CREATE TABLE consultas (
  id int NOT NULL AUTO_INCREMENT,
  texto varchar(255) DEFAULT NULL,
  tabla varchar(255) DEFAULT NULL,
  `sql` varchar(255) DEFAULT NULL,
  resultados varchar(255) DEFAULT NULL,
  PRIMARY KEY (id)
)
ENGINE = INNODB,
AUTO_INCREMENT = 36,
AVG_ROW_LENGTH = 468,
CHARACTER SET latin1,
COLLATE latin1_swedish_ci;

-- 
-- Dumping data for table depart
--
INSERT INTO depart VALUES
(10, 'CONTABILIDAD', 'SEVILLA'),
(20, 'INVESTIGACIÓN', 'MADRID'),
(30, 'VENTAS', 'BARCELONA'),
(40, 'PRODUCCIÓN', 'BILBAO');

-- 
-- Dumping data for table emple
--
INSERT INTO emple VALUES
(4578, 'abramo', 'profesor', 12, '2050-03-05', 4510, 100, 20),
(7369, 'SÁNCHEZ', 'EMPLEADO', 7902, '1990-12-17', 1040, NULL, 20),
(7499, 'ARROYO', 'VENDEDOR', 7698, '1990-02-20', 1500, 390, 30),
(7521, 'SALA', 'VENDEDOR', 7698, '1991-02-22', 1625, 650, 30),
(7566, 'JIMÉNEZ', 'DIRECTOR', 7839, '1991-04-02', 2900, NULL, 20),
(7654, 'MARTÍN', 'VENDEDOR', 7698, '1991-09-29', 1600, 1020, 30),
(7698, 'NEGRO', 'DIRECTOR', 7839, '1991-05-01', 3005, NULL, 30),
(7782, 'CEREZO', 'DIRECTOR', 7839, '1991-06-09', 2885, NULL, 10),
(7788, 'GIL', 'ANALISTA', 7566, '1991-11-09', 3000, NULL, 20),
(7839, 'REY', 'PRESIDENTE', 1, '1991-11-17', 4100, NULL, 10),
(7844, 'TOVAR', 'VENDEDOR', 7698, '1991-09-08', 1350, 0, 30),
(7876, 'ALONSO', 'EMPLEADO', 7788, '1991-09-23', 1430, NULL, 20),
(7900, 'JIMENO', 'EMPLEADO', 7698, '1991-12-03', 1335, NULL, 30),
(7902, 'FERNÁNDEZ', 'ANALISTA', 7566, '1991-12-03', 3000, NULL, 20),
(7934, 'MUÑOZ', 'EMPLEADO', 7782, '1992-01-23', 1690, NULL, 10);

-- 
-- Dumping data for table consultas
--
INSERT INTO consultas VALUES
(1, 'Mostrar todos los campos y todos los registros de la tabla empleado.', 'emple', 'select * from emple', NULL),
(2, 'Mostrar todos los campos y todos los registros de la tabla departamento.', 'depart', 'select * from depart', NULL),
(3, 'Mostrar el apellido y oficio de cada empleado.', 'emple', 'SELECT e.apellido,e.oficio FROM emple e', NULL),
(4, 'Mostrar la localización y número de cada departamento.', 'depart', NULL, NULL),
(5, 'Mostrar el número, nombre y localización de cada departamento.', 'depart', NULL, NULL),
(6, 'Indicar el número de empleados que hay.', 'emple', NULL, NULL),
(7, 'Datos de los empleados ordenados por apellido de forma ascendente.', 'emple', NULL, NULL),
(8, 'Datos de los empleados ordenados por apellido de forma descendente.', 'emple', NULL, NULL),
(9, 'Indicar el número de departamentos que hay.', 'depart', NULL, NULL),
(10, 'Datos de los empleados ordenados por número departamento descendentemente.', 'emple', NULL, NULL),
(11, 'Datos de los empleados ordenados por num. depart. descendentemente y por oficio ascendente.', 'emple', NULL, NULL),
(12, 'Datos de los empleados ordenados por num. depart. descendentemente y por apellido ascendente.', 'emple', NULL, NULL),
(13, 'Mostrar los códigos de los empleados cuyo salario sea mayor que 2000.', 'emple', NULL, NULL),
(14, 'Mostrar los códigos y los apellidos de los empleados cuyo salario sea menor que 2000.', 'emple', NULL, NULL),
(15, 'Mostrar los datos de los empleados cuyo salario este entre 1500 y 2500.', 'emple', NULL, NULL),
(16, 'Mostrar los datos de los empleados cuyo oficio sea ANALISTA.', 'emple', NULL, NULL),
(17, 'Mostrar los datos de los empleados cuyo oficio sea ANALISTA y ganen más de 2000.', 'emple', NULL, NULL),
(18, 'Seleccionar el apellido y oficio de los empleados del departamento número 20.', 'emple', NULL, NULL),
(19, 'Contar el número de empleados cuyo oficio sea VENDEDOR.', 'emple', NULL, NULL),
(20, 'Mostrar todos los datos de los empleados cuyos apellidos comiencen por m o por n ordenados por apellidos ascendentemente.', 'emple', NULL, NULL),
(21, 'Seleccionar los empleados cuyo oficio sea VENDEDOR ordenados por apellido de forma ascendente.', 'emple', NULL, NULL),
(22, 'Mostrar los apellidos del empleado que más gana.', 'emple', NULL, NULL),
(23, 'Mostrar los empleados cuyo departamento sea 10 y cuyo oficio sea ANALISTA ordenando por apellido y oficio ascendentemente.', 'emple', NULL, NULL),
(24, 'Listado de los distintos meses en que los empleados se han dado de alta.', 'emple', NULL, NULL),
(25, 'Listado de los distintos años en que los empleados se han dado de alta.', 'emple', NULL, NULL),
(26, 'Listado de los distintos días en que los empleados se han dado de alta.', 'emple', NULL, NULL),
(27, 'e pertenezcan al departamento número 20.', 'emple', NULL, NULL),
(28, 'Listado que nos coloque el apellido del empleado y el nombre del departamento al que pertenece.', 'emple', NULL, NULL),
(29, 'Listado del apellido, el oficioy el nombre del departamento al que pertenece el empleado ordenándolos por apellido de forma descendente.', 'emple', NULL, NULL),
(30, 'Listar el número de empleados por departamento.', 'emple', NULL, NULL),
(31, 'Listar el número de empleados por departamento con nombre departamento.', 'emple', NULL, NULL),
(32, 'Listar el apellido de todos los empleados y ordenadorlos por oficio, y por nombre.', 'emple', NULL, NULL),
(33, 'Seleccionar de la tabla EMPLE los empleados cuyo apellido empiece por A. Listar el apellido de los empleados.', 'emple', NULL, NULL),
(34, 'Seleccionar de la tabla EMPLE los empleados cuyo apellido empiece por A o por M. Listar el apellido de los empleados.', 'emple', NULL, NULL),
(35, ' Listar todos los campos de la tabla empleados  cuyo apellido no termine Z.', NULL, NULL, NULL);

-- 
-- Restore previous SQL mode
-- 
/*!40101 SET SQL_MODE=@OLD_SQL_MODE */;

-- 
-- Enable foreign keys
-- 
/*!40014 SET FOREIGN_KEY_CHECKS = @OLD_FOREIGN_KEY_CHECKS */;
