--
-- PostgreSQL database dump
--

-- Dumped from database version 14.9 (Homebrew)
-- Dumped by pg_dump version 14.9 (Homebrew)

SET statement_timeout = 0;
SET lock_timeout = 0;
SET idle_in_transaction_session_timeout = 0;
SET client_encoding = 'UTF8';
SET standard_conforming_strings = on;
SELECT pg_catalog.set_config('search_path', '', false);
SET check_function_bodies = false;
SET xmloption = content;
SET client_min_messages = warning;
SET row_security = off;

SET default_tablespace = '';

SET default_table_access_method = heap;

--
-- Name: active_storage_attachments; Type: TABLE; Schema: public; Owner: development
--

CREATE TABLE public.active_storage_attachments (
    id bigint NOT NULL,
    name character varying NOT NULL,
    record_type character varying NOT NULL,
    record_id bigint NOT NULL,
    blob_id bigint NOT NULL,
    created_at timestamp(6) without time zone NOT NULL
);


ALTER TABLE public.active_storage_attachments OWNER TO development;

--
-- Name: active_storage_attachments_id_seq; Type: SEQUENCE; Schema: public; Owner: development
--

CREATE SEQUENCE public.active_storage_attachments_id_seq
    START WITH 1
    INCREMENT BY 1
    NO MINVALUE
    NO MAXVALUE
    CACHE 1;


ALTER TABLE public.active_storage_attachments_id_seq OWNER TO development;

--
-- Name: active_storage_attachments_id_seq; Type: SEQUENCE OWNED BY; Schema: public; Owner: development
--

ALTER SEQUENCE public.active_storage_attachments_id_seq OWNED BY public.active_storage_attachments.id;


--
-- Name: active_storage_blobs; Type: TABLE; Schema: public; Owner: development
--

CREATE TABLE public.active_storage_blobs (
    id bigint NOT NULL,
    key character varying NOT NULL,
    filename character varying NOT NULL,
    content_type character varying,
    metadata text,
    service_name character varying NOT NULL,
    byte_size bigint NOT NULL,
    checksum character varying,
    created_at timestamp(6) without time zone NOT NULL
);


ALTER TABLE public.active_storage_blobs OWNER TO development;

--
-- Name: active_storage_blobs_id_seq; Type: SEQUENCE; Schema: public; Owner: development
--

CREATE SEQUENCE public.active_storage_blobs_id_seq
    START WITH 1
    INCREMENT BY 1
    NO MINVALUE
    NO MAXVALUE
    CACHE 1;


ALTER TABLE public.active_storage_blobs_id_seq OWNER TO development;

--
-- Name: active_storage_blobs_id_seq; Type: SEQUENCE OWNED BY; Schema: public; Owner: development
--

ALTER SEQUENCE public.active_storage_blobs_id_seq OWNED BY public.active_storage_blobs.id;


--
-- Name: active_storage_variant_records; Type: TABLE; Schema: public; Owner: development
--

CREATE TABLE public.active_storage_variant_records (
    id bigint NOT NULL,
    blob_id bigint NOT NULL,
    variation_digest character varying NOT NULL
);


ALTER TABLE public.active_storage_variant_records OWNER TO development;

--
-- Name: active_storage_variant_records_id_seq; Type: SEQUENCE; Schema: public; Owner: development
--

CREATE SEQUENCE public.active_storage_variant_records_id_seq
    START WITH 1
    INCREMENT BY 1
    NO MINVALUE
    NO MAXVALUE
    CACHE 1;


ALTER TABLE public.active_storage_variant_records_id_seq OWNER TO development;

--
-- Name: active_storage_variant_records_id_seq; Type: SEQUENCE OWNED BY; Schema: public; Owner: development
--

ALTER SEQUENCE public.active_storage_variant_records_id_seq OWNED BY public.active_storage_variant_records.id;


--
-- Name: ar_internal_metadata; Type: TABLE; Schema: public; Owner: development
--

CREATE TABLE public.ar_internal_metadata (
    key character varying NOT NULL,
    value character varying,
    created_at timestamp(6) without time zone NOT NULL,
    updated_at timestamp(6) without time zone NOT NULL
);


ALTER TABLE public.ar_internal_metadata OWNER TO development;

--
-- Name: comments; Type: TABLE; Schema: public; Owner: development
--

CREATE TABLE public.comments (
    id bigint NOT NULL,
    user_email character varying,
    rating integer,
    comment_text text,
    lesson_id bigint NOT NULL,
    created_at timestamp(6) without time zone NOT NULL,
    updated_at timestamp(6) without time zone NOT NULL
);


ALTER TABLE public.comments OWNER TO development;

--
-- Name: comments_id_seq; Type: SEQUENCE; Schema: public; Owner: development
--

CREATE SEQUENCE public.comments_id_seq
    START WITH 1
    INCREMENT BY 1
    NO MINVALUE
    NO MAXVALUE
    CACHE 1;


ALTER TABLE public.comments_id_seq OWNER TO development;

--
-- Name: comments_id_seq; Type: SEQUENCE OWNED BY; Schema: public; Owner: development
--

ALTER SEQUENCE public.comments_id_seq OWNED BY public.comments.id;


--
-- Name: leaderboards; Type: TABLE; Schema: public; Owner: development
--

CREATE TABLE public.leaderboards (
    id bigint NOT NULL,
    user_id bigint NOT NULL,
    score integer,
    created_at timestamp(6) without time zone NOT NULL,
    updated_at timestamp(6) without time zone NOT NULL
);


ALTER TABLE public.leaderboards OWNER TO development;

--
-- Name: leaderboards_id_seq; Type: SEQUENCE; Schema: public; Owner: development
--

CREATE SEQUENCE public.leaderboards_id_seq
    START WITH 1
    INCREMENT BY 1
    NO MINVALUE
    NO MAXVALUE
    CACHE 1;


ALTER TABLE public.leaderboards_id_seq OWNER TO development;

--
-- Name: leaderboards_id_seq; Type: SEQUENCE OWNED BY; Schema: public; Owner: development
--

ALTER SEQUENCE public.leaderboards_id_seq OWNED BY public.leaderboards.id;


--
-- Name: lessons; Type: TABLE; Schema: public; Owner: development
--

CREATE TABLE public.lessons (
    id bigint NOT NULL,
    title character varying,
    description text,
    video_url character varying,
    thumbnail character varying,
    created_at timestamp(6) without time zone NOT NULL,
    updated_at timestamp(6) without time zone NOT NULL
);


ALTER TABLE public.lessons OWNER TO development;

--
-- Name: lessons_id_seq; Type: SEQUENCE; Schema: public; Owner: development
--

CREATE SEQUENCE public.lessons_id_seq
    START WITH 1
    INCREMENT BY 1
    NO MINVALUE
    NO MAXVALUE
    CACHE 1;


ALTER TABLE public.lessons_id_seq OWNER TO development;

--
-- Name: lessons_id_seq; Type: SEQUENCE OWNED BY; Schema: public; Owner: development
--

ALTER SEQUENCE public.lessons_id_seq OWNED BY public.lessons.id;


--
-- Name: questions; Type: TABLE; Schema: public; Owner: development
--

CREATE TABLE public.questions (
    id bigint NOT NULL,
    content character varying,
    quiz_id bigint NOT NULL,
    created_at timestamp(6) without time zone NOT NULL,
    updated_at timestamp(6) without time zone NOT NULL,
    options text,
    title character varying,
    correct_answer character varying
);


ALTER TABLE public.questions OWNER TO development;

--
-- Name: questions_id_seq; Type: SEQUENCE; Schema: public; Owner: development
--

CREATE SEQUENCE public.questions_id_seq
    START WITH 1
    INCREMENT BY 1
    NO MINVALUE
    NO MAXVALUE
    CACHE 1;


ALTER TABLE public.questions_id_seq OWNER TO development;

--
-- Name: questions_id_seq; Type: SEQUENCE OWNED BY; Schema: public; Owner: development
--

ALTER SEQUENCE public.questions_id_seq OWNED BY public.questions.id;


--
-- Name: quiz_attempts; Type: TABLE; Schema: public; Owner: development
--

CREATE TABLE public.quiz_attempts (
    id bigint NOT NULL,
    user_id bigint NOT NULL,
    quiz_id bigint NOT NULL,
    score integer,
    created_at timestamp(6) without time zone NOT NULL,
    updated_at timestamp(6) without time zone NOT NULL
);


ALTER TABLE public.quiz_attempts OWNER TO development;

--
-- Name: quiz_attempts_id_seq; Type: SEQUENCE; Schema: public; Owner: development
--

CREATE SEQUENCE public.quiz_attempts_id_seq
    START WITH 1
    INCREMENT BY 1
    NO MINVALUE
    NO MAXVALUE
    CACHE 1;


ALTER TABLE public.quiz_attempts_id_seq OWNER TO development;

--
-- Name: quiz_attempts_id_seq; Type: SEQUENCE OWNED BY; Schema: public; Owner: development
--

ALTER SEQUENCE public.quiz_attempts_id_seq OWNED BY public.quiz_attempts.id;


--
-- Name: quizzes; Type: TABLE; Schema: public; Owner: development
--

CREATE TABLE public.quizzes (
    id bigint NOT NULL,
    title character varying,
    created_at timestamp(6) without time zone NOT NULL,
    updated_at timestamp(6) without time zone NOT NULL
);


ALTER TABLE public.quizzes OWNER TO development;

--
-- Name: quizzes_id_seq; Type: SEQUENCE; Schema: public; Owner: development
--

CREATE SEQUENCE public.quizzes_id_seq
    START WITH 1
    INCREMENT BY 1
    NO MINVALUE
    NO MAXVALUE
    CACHE 1;


ALTER TABLE public.quizzes_id_seq OWNER TO development;

--
-- Name: quizzes_id_seq; Type: SEQUENCE OWNED BY; Schema: public; Owner: development
--

ALTER SEQUENCE public.quizzes_id_seq OWNED BY public.quizzes.id;


--
-- Name: schema_migrations; Type: TABLE; Schema: public; Owner: development
--

CREATE TABLE public.schema_migrations (
    version character varying NOT NULL
);


ALTER TABLE public.schema_migrations OWNER TO development;

--
-- Name: users; Type: TABLE; Schema: public; Owner: development
--

CREATE TABLE public.users (
    id bigint NOT NULL,
    email character varying DEFAULT ''::character varying NOT NULL,
    encrypted_password character varying DEFAULT ''::character varying NOT NULL,
    reset_password_token character varying,
    reset_password_sent_at timestamp(6) without time zone,
    remember_created_at timestamp(6) without time zone,
    created_at timestamp(6) without time zone NOT NULL,
    updated_at timestamp(6) without time zone NOT NULL,
    role character varying
);


ALTER TABLE public.users OWNER TO development;

--
-- Name: users_id_seq; Type: SEQUENCE; Schema: public; Owner: development
--

CREATE SEQUENCE public.users_id_seq
    START WITH 1
    INCREMENT BY 1
    NO MINVALUE
    NO MAXVALUE
    CACHE 1;


ALTER TABLE public.users_id_seq OWNER TO development;

--
-- Name: users_id_seq; Type: SEQUENCE OWNED BY; Schema: public; Owner: development
--

ALTER SEQUENCE public.users_id_seq OWNED BY public.users.id;


--
-- Name: active_storage_attachments id; Type: DEFAULT; Schema: public; Owner: development
--

ALTER TABLE ONLY public.active_storage_attachments ALTER COLUMN id SET DEFAULT nextval('public.active_storage_attachments_id_seq'::regclass);


--
-- Name: active_storage_blobs id; Type: DEFAULT; Schema: public; Owner: development
--

ALTER TABLE ONLY public.active_storage_blobs ALTER COLUMN id SET DEFAULT nextval('public.active_storage_blobs_id_seq'::regclass);


--
-- Name: active_storage_variant_records id; Type: DEFAULT; Schema: public; Owner: development
--

ALTER TABLE ONLY public.active_storage_variant_records ALTER COLUMN id SET DEFAULT nextval('public.active_storage_variant_records_id_seq'::regclass);


--
-- Name: comments id; Type: DEFAULT; Schema: public; Owner: development
--

ALTER TABLE ONLY public.comments ALTER COLUMN id SET DEFAULT nextval('public.comments_id_seq'::regclass);


--
-- Name: leaderboards id; Type: DEFAULT; Schema: public; Owner: development
--

ALTER TABLE ONLY public.leaderboards ALTER COLUMN id SET DEFAULT nextval('public.leaderboards_id_seq'::regclass);


--
-- Name: lessons id; Type: DEFAULT; Schema: public; Owner: development
--

ALTER TABLE ONLY public.lessons ALTER COLUMN id SET DEFAULT nextval('public.lessons_id_seq'::regclass);


--
-- Name: questions id; Type: DEFAULT; Schema: public; Owner: development
--

ALTER TABLE ONLY public.questions ALTER COLUMN id SET DEFAULT nextval('public.questions_id_seq'::regclass);


--
-- Name: quiz_attempts id; Type: DEFAULT; Schema: public; Owner: development
--

ALTER TABLE ONLY public.quiz_attempts ALTER COLUMN id SET DEFAULT nextval('public.quiz_attempts_id_seq'::regclass);


--
-- Name: quizzes id; Type: DEFAULT; Schema: public; Owner: development
--

ALTER TABLE ONLY public.quizzes ALTER COLUMN id SET DEFAULT nextval('public.quizzes_id_seq'::regclass);


--
-- Name: users id; Type: DEFAULT; Schema: public; Owner: development
--

ALTER TABLE ONLY public.users ALTER COLUMN id SET DEFAULT nextval('public.users_id_seq'::regclass);


--
-- Data for Name: active_storage_attachments; Type: TABLE DATA; Schema: public; Owner: development
--

COPY public.active_storage_attachments (id, name, record_type, record_id, blob_id, created_at) FROM stdin;
1	thumbnail	Lesson	2	1	2023-11-11 16:18:44.042582
2	image	Comment	1	2	2023-11-13 11:52:01.443101
3	image	Comment	2	3	2023-11-13 11:52:14.907565
4	image	Comment	3	4	2023-11-13 12:03:33.778258
5	thumbnail	Lesson	3	5	2023-11-14 15:20:18.180171
6	image	Comment	4	6	2023-11-14 15:20:41.29845
7	image	Comment	5	7	2023-11-14 15:26:52.776592
8	image	Comment	6	8	2023-11-14 15:29:31.088338
9	image	Comment	7	9	2023-11-14 15:56:16.702949
10	thumbnail	Lesson	4	10	2023-11-14 15:57:20.132704
11	image	Comment	9	11	2023-11-14 15:57:45.388083
12	image	Comment	12	12	2023-11-14 15:59:46.065901
13	thumbnail	Lesson	5	13	2023-11-15 01:42:38.177418
\.


--
-- Data for Name: active_storage_blobs; Type: TABLE DATA; Schema: public; Owner: development
--

COPY public.active_storage_blobs (id, key, filename, content_type, metadata, service_name, byte_size, checksum, created_at) FROM stdin;
1	tmmt7ffanp5s6efnmt8tia8nigdp	cb40eb42-6169-4e7b-aa2d-a1ec241b4324.webp	image/webp	{"identified":true,"analyzed":true}	local	420612	caAS+0gBDkGltzOjSr5RhQ==	2023-11-11 16:18:44.039884
2	wq4t5cd4use55km62lxt7v8yg2mf	bg-quiz-03.png	image/png	{"identified":true,"analyzed":true}	local	2545836	o+j768yFrjpE2iKuRho8Kg==	2023-11-13 11:52:01.440345
3	tpes9md8lrsfywz4sxocyibw5f8e	bg-quiz-03.png	image/png	{"identified":true,"analyzed":true}	local	2545836	o+j768yFrjpE2iKuRho8Kg==	2023-11-13 11:52:14.905633
4	yxmrbfxyjapk6z9xywuqut76kwgz	DALL·E 2023-11-07 17.53.36 - A vibrant and inviting thumbnail image for a website featuring cultural themes. The image should be a collage of different cultural symbols_ a traditi.png	image/png	{"identified":true,"analyzed":true}	local	2245163	gFekHSzrJ2RF5FnQhCuIrA==	2023-11-13 12:03:33.775996
5	n05713tnvp9hfpllxifknhffhxjx	b7a7216c-3ea7-469a-8b66-8dc12dddc54d.webp	image/webp	{"identified":true,"analyzed":true}	local	339570	VJCjtF60NA+RWjncVoYZhg==	2023-11-14 15:20:18.169848
6	yw4utijcz85gvfbxh3anphy9m0kj	6-10.jpg	image/jpeg	{"identified":true,"analyzed":true}	local	203531	un74Mr1owPERTTdHO+cR5A==	2023-11-14 15:20:41.292537
7	isivfhny92miq1k6v4hkr51vpa8p	bg-quiz-04.png	image/png	{"identified":true,"analyzed":true}	local	2482968	QxoCIp8xCwDHr5vS+BsO9Q==	2023-11-14 15:26:52.771764
8	it20s4llxuqhjxa7jiiwpxavdjc5	bg-quiz-04.png	image/png	{"identified":true,"analyzed":true}	local	2482968	QxoCIp8xCwDHr5vS+BsO9Q==	2023-11-14 15:29:31.079859
9	typ2icdd7gk3pnu0ihbk56pggx8e	bg-quiz-03.png	image/png	{"identified":true,"analyzed":true}	local	2545836	o+j768yFrjpE2iKuRho8Kg==	2023-11-14 15:56:16.697052
10	g9qii9yanhrml8jdl74v5se4erj9	bg-quiz_01.png	image/png	{"identified":true,"analyzed":true}	local	2331579	gytdJvOIfO0VtrhAVPPqmg==	2023-11-14 15:57:19.906007
11	fyqlsdfb3o3n6az26v5qyiwavy9t	bg-quiz-04.png	image/png	{"identified":true,"analyzed":true}	local	2482968	QxoCIp8xCwDHr5vS+BsO9Q==	2023-11-14 15:57:45.382123
12	qafe4wkswyfp1e2zy23exmxpcymg	bg-quiz-04.png	image/png	{"identified":true,"analyzed":true}	local	2482968	QxoCIp8xCwDHr5vS+BsO9Q==	2023-11-14 15:59:46.057952
13	jgobwkzo6t6ti34zdwy4ehoxdvkz	b7a7216c-3ea7-469a-8b66-8dc12dddc54d.webp	image/webp	{"identified":true,"analyzed":true}	local	339570	VJCjtF60NA+RWjncVoYZhg==	2023-11-15 01:42:38.174018
\.


--
-- Data for Name: active_storage_variant_records; Type: TABLE DATA; Schema: public; Owner: development
--

COPY public.active_storage_variant_records (id, blob_id, variation_digest) FROM stdin;
\.


--
-- Data for Name: ar_internal_metadata; Type: TABLE DATA; Schema: public; Owner: development
--

COPY public.ar_internal_metadata (key, value, created_at, updated_at) FROM stdin;
environment	development	2023-11-10 13:31:04.476204	2023-11-10 13:31:04.476207
\.


--
-- Data for Name: comments; Type: TABLE DATA; Schema: public; Owner: development
--

COPY public.comments (id, user_email, rating, comment_text, lesson_id, created_at, updated_at) FROM stdin;
1		3	asdfasdf	2	2023-11-13 11:52:01.404468	2023-11-13 11:52:01.571212
2		4	asdfasdfasdfasdf	2	2023-11-13 11:52:14.897704	2023-11-13 11:52:14.948534
3	student2@gmail.com	4	asdfasdf	2	2023-11-13 12:03:33.763451	2023-11-13 12:03:33.830885
4	teacher@quizapp.com	4	Comments	3	2023-11-14 15:20:41.255442	2023-11-14 15:20:41.408339
5	teacher@quizapp.com	4	Test	2	2023-11-14 15:26:52.742744	2023-11-14 15:26:52.901449
6	student1@gmail.com	4	Testset	3	2023-11-14 15:29:31.051369	2023-11-14 15:29:31.252221
7	teacher@quizapp.com	4	I like thailand	2	2023-11-14 15:56:16.671731	2023-11-14 15:56:16.818108
8	teacher@quizapp.com	5	Test	4	2023-11-14 15:57:32.898556	2023-11-14 15:57:32.898556
9	teacher@quizapp.com	4	Test	4	2023-11-14 15:57:45.358939	2023-11-14 15:57:45.507832
10	student1@gmail.com	4	Test	4	2023-11-14 15:59:22.724583	2023-11-14 15:59:22.724583
11	student1@gmail.com	5	Try	4	2023-11-14 15:59:30.073973	2023-11-14 15:59:30.073973
12	student1@gmail.com	4	Test	4	2023-11-14 15:59:46.039857	2023-11-14 15:59:46.262417
13	teacher@quizapp.com	4	asdfasdfasdf\r\nadsfasdfasdf	5	2023-11-15 01:42:54.301677	2023-11-15 01:42:54.301677
\.


--
-- Data for Name: leaderboards; Type: TABLE DATA; Schema: public; Owner: development
--

COPY public.leaderboards (id, user_id, score, created_at, updated_at) FROM stdin;
\.


--
-- Data for Name: lessons; Type: TABLE DATA; Schema: public; Owner: development
--

COPY public.lessons (id, title, description, video_url, thumbnail, created_at, updated_at) FROM stdin;
2	asdf	asdf	https://www.youtube.com/embed/WVfjXKldI-0?si=yBN7NwmGbVwPFsw3	\N	2023-11-11 16:18:43.98137	2023-11-11 16:18:44.182661
3	Thai Culture	Description about thai culture	https://www.youtube.com/embed/WVfjXKldI-0?si=_-hup62k8F35rZAw	\N	2023-11-14 15:20:18.123513	2023-11-14 15:20:18.61292
4	Thai Food	This lesson is about thai food	https://www.youtube.com/embed/WVfjXKldI-0?si=9l7OdF0uqoGmNvFa	\N	2023-11-14 15:57:19.852807	2023-11-14 15:57:20.300261
5	asdfasdfadsf	adfasdf	https://www.youtube.com/embed/xJwSqipbCZg?si=MulPmpbKdkPC7oTA	\N	2023-11-15 01:42:38.154589	2023-11-15 01:42:38.280764
\.


--
-- Data for Name: questions; Type: TABLE DATA; Schema: public; Owner: development
--

COPY public.questions (id, content, quiz_id, created_at, updated_at, options, title, correct_answer) FROM stdin;
6	\N	8	2023-11-10 15:20:26.803488	2023-11-10 15:20:26.803488	---\n- asdfasdf\n- asdfasdf\n- asdfasdfa\n- asdfadsfasdf\n	\N	\N
8	\N	7	2023-11-10 15:25:56.301691	2023-11-10 15:25:56.301691	---\n- asdf\n- asdf\n- asdfasdf\n- asdfasdf\n	\N	\N
9	\N	7	2023-11-10 15:40:21.943947	2023-11-10 15:40:21.943947	---\n- asdf\n- asdf\n- asdfasdf\n- asdfasdf\n	\N	\N
10	\N	7	2023-11-10 15:41:17.808692	2023-11-10 15:41:17.808692	---\n- asdf\n- asdf\n- asdf\n- asdfasdf\n	\N	\N
14	\N	9	2023-11-10 16:10:16.008916	2023-11-10 16:10:16.008916	---\n- asdfasd asdfa\n- sdfasdfa\n- sdfasdf\n- asdfasdfasdf\n	asdfa sdf	\N
15	\N	9	2023-11-10 16:10:23.860012	2023-11-10 16:10:23.860012	---\n- dfas\n- fasdfd\n- asdf\n- asdfasdfadf\n	asdfasdf	\N
13	\N	9	2023-11-10 15:51:54.960935	2023-11-11 13:06:27.881478	---\n- ฟหกด ฟหกด ฟหกด ฟหกดฟหกด\n- ฟหกด ฟหกด ฟหกด ฟหกดฟหกด\n- ฟหกด ฟหกด ฟหกด ฟหกดฟหกด\n- ฟหกด ฟหกด ฟหกด ฟหกดฟหกด\n	ฟหก	1
16	\N	9	2023-11-11 13:43:26.005877	2023-11-11 13:43:31.257652	---\n- asdf asdf ff ffdfasdfasdf\n- asdf asdf ff ffdfasdfasdf\n- asdf asdf ff ffdfasdfasdf\n- asdf asdf ff ffdfasdfasdf\n	asdfasdf	4
18	\N	10	2023-11-12 17:24:55.033911	2023-11-12 17:24:55.033911	---\n- ad\n- asdf\n- dfa\n- adfffff\n	234123412	1
24	\N	10	2023-11-14 15:22:40.645472	2023-11-14 15:22:40.645472	\N	test	\N
25	\N	10	2023-11-14 15:22:47.894485	2023-11-14 15:22:47.894485	\N	asdfasdfasdf	\N
17	\N	10	2023-11-12 17:24:44.899309	2023-11-14 15:27:16.102467	---\n- df\n- asdf\n- asdf\n- asdf\n	aaaaaa	2
7	\N	7	2023-11-10 15:25:28.350758	2023-11-14 15:42:57.775517	---\n- adf\n- asdf\n- asdf\n- asdfasdfa\n	Testset	\N
27	\N	11	2023-11-14 15:43:40.362973	2023-11-14 15:43:40.362973	\N	testset	\N
28	\N	11	2023-11-14 15:43:50.915466	2023-11-14 15:43:50.915466	\N	asdfasdfasdf	\N
29	\N	11	2023-11-14 15:45:55.98522	2023-11-14 15:45:55.98522	\N	asdfadsfadsf	\N
31	\N	11	2023-11-14 15:52:59.585355	2023-11-14 15:52:59.585355	---\n- asdf\n- asdfff\n- dfasdfadf\n- ff\n	Test	2
30	\N	11	2023-11-14 15:46:33.628534	2023-11-14 15:53:08.590527	---\n- adsf\n- asd\n- fasd\n- fasdasdf\n	asdfasdf	\N
32	\N	13	2023-11-14 15:53:34.077813	2023-11-14 15:53:34.077813	---\n- asdfa\n- adsfasd\n- dfasdf\n- fasdfasdf\n	Questaion 1	2
33	\N	13	2023-11-14 15:54:38.10561	2023-11-14 15:54:38.10561	---\n- '123123'\n- dfa\n- dfa\n- dfasdfasdfasdf\n	What querstion	4
34	\N	14	2023-11-14 15:58:22.505913	2023-11-14 15:58:22.505913	---\n- Ans1\n- Ans2\n- Ans3\n- Ans1tt\n	Question !	4
35	\N	14	2023-11-14 15:58:35.793255	2023-11-14 15:58:35.793255	---\n- asdf\n- asdfasdf\n- asdf\n- asdfasdfasdfdfasdf\n	What Question	4
36	\N	15	2023-11-15 01:43:23.092817	2023-11-15 01:43:23.092817	---\n- a1\n- a2\n- a33sdfdfgsdfgs\n- adsfasdf\n	Q1	3
\.


--
-- Data for Name: quiz_attempts; Type: TABLE DATA; Schema: public; Owner: development
--

COPY public.quiz_attempts (id, user_id, quiz_id, score, created_at, updated_at) FROM stdin;
1	1	10	0	2023-11-13 07:04:32.085326	2023-11-13 07:04:32.085326
2	1	10	2	2023-11-13 07:09:38.480036	2023-11-13 07:09:38.480036
3	1	10	1	2023-11-13 07:21:15.397791	2023-11-13 07:21:15.397791
4	1	10	0	2023-11-13 07:21:48.623977	2023-11-13 07:21:48.623977
5	1	10	2	2023-11-13 07:22:06.741549	2023-11-13 07:22:06.741549
6	1	10	2	2023-11-13 07:22:40.656246	2023-11-13 07:22:40.656246
7	1	10	0	2023-11-13 07:28:21.157392	2023-11-13 07:28:21.157392
8	1	10	2	2023-11-13 07:39:59.679517	2023-11-13 07:39:59.679517
9	1	10	2	2023-11-13 08:57:32.410978	2023-11-13 08:57:32.410978
10	1	10	2	2023-11-13 08:57:49.947697	2023-11-13 08:57:49.947697
11	3	10	2	2023-11-13 11:00:59.570793	2023-11-13 11:00:59.570793
12	3	10	0	2023-11-13 11:01:02.340167	2023-11-13 11:01:02.340167
13	3	7	0	2023-11-13 11:01:09.019933	2023-11-13 11:01:09.019933
14	3	7	0	2023-11-13 11:01:13.230986	2023-11-13 11:01:13.230986
15	3	8	0	2023-11-13 11:01:19.02951	2023-11-13 11:01:19.02951
16	3	8	0	2023-11-13 11:01:21.439775	2023-11-13 11:01:21.439775
17	3	8	0	2023-11-13 11:01:23.488187	2023-11-13 11:01:23.488187
18	3	8	0	2023-11-13 11:01:26.327119	2023-11-13 11:01:26.327119
19	3	9	0	2023-11-13 11:01:32.700476	2023-11-13 11:01:32.700476
20	3	11	2	2023-11-13 11:20:39.656918	2023-11-13 11:20:39.656918
21	1	8	0	2023-11-14 14:24:01.397038	2023-11-14 14:24:01.397038
22	1	8	0	2023-11-14 14:24:03.046594	2023-11-14 14:24:03.046594
23	1	8	0	2023-11-14 14:24:05.070885	2023-11-14 14:24:05.070885
24	2	7	0	2023-11-14 15:28:19.286632	2023-11-14 15:28:19.286632
25	2	11	0	2023-11-14 15:28:33.5043	2023-11-14 15:28:33.5043
26	2	11	1	2023-11-14 15:28:36.267689	2023-11-14 15:28:36.267689
27	2	11	1	2023-11-14 15:28:41.044835	2023-11-14 15:28:41.044835
28	2	11	1	2023-11-14 15:28:45.160746	2023-11-14 15:28:45.160746
29	2	11	2	2023-11-14 15:28:48.776911	2023-11-14 15:28:48.776911
30	2	13	1	2023-11-14 15:54:17.651532	2023-11-14 15:54:17.651532
31	2	13	0	2023-11-14 15:54:20.39614	2023-11-14 15:54:20.39614
32	2	13	0	2023-11-14 15:54:22.192905	2023-11-14 15:54:22.192905
33	2	13	1	2023-11-14 15:54:49.84745	2023-11-14 15:54:49.84745
34	2	13	2	2023-11-14 15:54:53.788535	2023-11-14 15:54:53.788535
35	2	14	2	2023-11-14 15:58:46.116015	2023-11-14 15:58:46.116015
36	4	14	2	2023-11-14 16:00:22.876673	2023-11-14 16:00:22.876673
37	4	14	0	2023-11-14 16:00:26.778182	2023-11-14 16:00:26.778182
38	1	14	0	2023-11-15 01:39:46.091794	2023-11-15 01:39:46.091794
39	2	15	1	2023-11-15 01:43:30.580567	2023-11-15 01:43:30.580567
40	2	15	0	2023-11-15 01:43:33.731743	2023-11-15 01:43:33.731743
\.


--
-- Data for Name: quizzes; Type: TABLE DATA; Schema: public; Owner: development
--

COPY public.quizzes (id, title, created_at, updated_at) FROM stdin;
7	Testaset sdf	2023-11-10 15:19:24.660551	2023-11-10 15:19:24.660551
8	Thai Quiz	2023-11-10 15:20:19.654639	2023-11-10 15:20:19.654639
9	asdfasdf	2023-11-10 15:42:57.995028	2023-11-10 15:42:57.995028
10	New asdfasd 001	2023-11-12 17:24:36.959534	2023-11-12 17:24:36.959534
11	Thai Cultureal	2023-11-13 11:02:03.833391	2023-11-13 11:02:03.833391
13	Quizname	2023-11-14 15:53:20.298361	2023-11-14 15:53:20.298361
14	Thai Food Quiz	2023-11-14 15:58:01.725849	2023-11-14 15:58:01.725849
15	Cultureal xxx	2023-11-15 01:43:07.424404	2023-11-15 01:43:07.424404
\.


--
-- Data for Name: schema_migrations; Type: TABLE DATA; Schema: public; Owner: development
--

COPY public.schema_migrations (version) FROM stdin;
20231110133029
20231110133034
20231110133535
20231110135001
20231110152444
20231111125241
20231111153413
20231111161245
20231112152745
20231112153617
20231113062944
20231113113607
20231113180147
\.


--
-- Data for Name: users; Type: TABLE DATA; Schema: public; Owner: development
--

COPY public.users (id, email, encrypted_password, reset_password_token, reset_password_sent_at, remember_created_at, created_at, updated_at, role) FROM stdin;
1	student1@gmail.com	$2a$12$TCRAiQNgeA5bFSmX/sUuk.cigtmUZZDLr9oAAPFSk.JpK1ZdeBUgG	\N	\N	\N	2023-11-12 15:36:58.034684	2023-11-12 15:36:58.034684	student
2	teacher@quizapp.com	$2a$12$GeHyVyvDYjQXeiVKqDIDS.pbZVyWZ9CJWG7XBUQf3TRGSBVQ3ADua	\N	\N	\N	2023-11-12 15:55:38.205272	2023-11-12 15:55:38.205272	student
3	student2@gmail.com	$2a$12$PeWARmu9Iqj4I4Qn8K1WIuRVfUIDayIDSPfGBIMKfgYWoWaBe4fq.	\N	\N	\N	2023-11-13 11:00:46.723255	2023-11-13 11:00:46.723255	student
4	student3@gmail.com	$2a$12$J6i5jySvmbyR0GLEphmSr.m8l1wiO9s/yKc4u3oZPNdLsthC.BZGS	\N	\N	\N	2023-11-14 16:00:13.531796	2023-11-14 16:00:13.531796	student
\.


--
-- Name: active_storage_attachments_id_seq; Type: SEQUENCE SET; Schema: public; Owner: development
--

SELECT pg_catalog.setval('public.active_storage_attachments_id_seq', 13, true);


--
-- Name: active_storage_blobs_id_seq; Type: SEQUENCE SET; Schema: public; Owner: development
--

SELECT pg_catalog.setval('public.active_storage_blobs_id_seq', 13, true);


--
-- Name: active_storage_variant_records_id_seq; Type: SEQUENCE SET; Schema: public; Owner: development
--

SELECT pg_catalog.setval('public.active_storage_variant_records_id_seq', 1, false);


--
-- Name: comments_id_seq; Type: SEQUENCE SET; Schema: public; Owner: development
--

SELECT pg_catalog.setval('public.comments_id_seq', 13, true);


--
-- Name: leaderboards_id_seq; Type: SEQUENCE SET; Schema: public; Owner: development
--

SELECT pg_catalog.setval('public.leaderboards_id_seq', 1, false);


--
-- Name: lessons_id_seq; Type: SEQUENCE SET; Schema: public; Owner: development
--

SELECT pg_catalog.setval('public.lessons_id_seq', 5, true);


--
-- Name: questions_id_seq; Type: SEQUENCE SET; Schema: public; Owner: development
--

SELECT pg_catalog.setval('public.questions_id_seq', 36, true);


--
-- Name: quiz_attempts_id_seq; Type: SEQUENCE SET; Schema: public; Owner: development
--

SELECT pg_catalog.setval('public.quiz_attempts_id_seq', 40, true);


--
-- Name: quizzes_id_seq; Type: SEQUENCE SET; Schema: public; Owner: development
--

SELECT pg_catalog.setval('public.quizzes_id_seq', 15, true);


--
-- Name: users_id_seq; Type: SEQUENCE SET; Schema: public; Owner: development
--

SELECT pg_catalog.setval('public.users_id_seq', 4, true);


--
-- Name: active_storage_attachments active_storage_attachments_pkey; Type: CONSTRAINT; Schema: public; Owner: development
--

ALTER TABLE ONLY public.active_storage_attachments
    ADD CONSTRAINT active_storage_attachments_pkey PRIMARY KEY (id);


--
-- Name: active_storage_blobs active_storage_blobs_pkey; Type: CONSTRAINT; Schema: public; Owner: development
--

ALTER TABLE ONLY public.active_storage_blobs
    ADD CONSTRAINT active_storage_blobs_pkey PRIMARY KEY (id);


--
-- Name: active_storage_variant_records active_storage_variant_records_pkey; Type: CONSTRAINT; Schema: public; Owner: development
--

ALTER TABLE ONLY public.active_storage_variant_records
    ADD CONSTRAINT active_storage_variant_records_pkey PRIMARY KEY (id);


--
-- Name: ar_internal_metadata ar_internal_metadata_pkey; Type: CONSTRAINT; Schema: public; Owner: development
--

ALTER TABLE ONLY public.ar_internal_metadata
    ADD CONSTRAINT ar_internal_metadata_pkey PRIMARY KEY (key);


--
-- Name: comments comments_pkey; Type: CONSTRAINT; Schema: public; Owner: development
--

ALTER TABLE ONLY public.comments
    ADD CONSTRAINT comments_pkey PRIMARY KEY (id);


--
-- Name: leaderboards leaderboards_pkey; Type: CONSTRAINT; Schema: public; Owner: development
--

ALTER TABLE ONLY public.leaderboards
    ADD CONSTRAINT leaderboards_pkey PRIMARY KEY (id);


--
-- Name: lessons lessons_pkey; Type: CONSTRAINT; Schema: public; Owner: development
--

ALTER TABLE ONLY public.lessons
    ADD CONSTRAINT lessons_pkey PRIMARY KEY (id);


--
-- Name: questions questions_pkey; Type: CONSTRAINT; Schema: public; Owner: development
--

ALTER TABLE ONLY public.questions
    ADD CONSTRAINT questions_pkey PRIMARY KEY (id);


--
-- Name: quiz_attempts quiz_attempts_pkey; Type: CONSTRAINT; Schema: public; Owner: development
--

ALTER TABLE ONLY public.quiz_attempts
    ADD CONSTRAINT quiz_attempts_pkey PRIMARY KEY (id);


--
-- Name: quizzes quizzes_pkey; Type: CONSTRAINT; Schema: public; Owner: development
--

ALTER TABLE ONLY public.quizzes
    ADD CONSTRAINT quizzes_pkey PRIMARY KEY (id);


--
-- Name: schema_migrations schema_migrations_pkey; Type: CONSTRAINT; Schema: public; Owner: development
--

ALTER TABLE ONLY public.schema_migrations
    ADD CONSTRAINT schema_migrations_pkey PRIMARY KEY (version);


--
-- Name: users users_pkey; Type: CONSTRAINT; Schema: public; Owner: development
--

ALTER TABLE ONLY public.users
    ADD CONSTRAINT users_pkey PRIMARY KEY (id);


--
-- Name: index_active_storage_attachments_on_blob_id; Type: INDEX; Schema: public; Owner: development
--

CREATE INDEX index_active_storage_attachments_on_blob_id ON public.active_storage_attachments USING btree (blob_id);


--
-- Name: index_active_storage_attachments_uniqueness; Type: INDEX; Schema: public; Owner: development
--

CREATE UNIQUE INDEX index_active_storage_attachments_uniqueness ON public.active_storage_attachments USING btree (record_type, record_id, name, blob_id);


--
-- Name: index_active_storage_blobs_on_key; Type: INDEX; Schema: public; Owner: development
--

CREATE UNIQUE INDEX index_active_storage_blobs_on_key ON public.active_storage_blobs USING btree (key);


--
-- Name: index_active_storage_variant_records_uniqueness; Type: INDEX; Schema: public; Owner: development
--

CREATE UNIQUE INDEX index_active_storage_variant_records_uniqueness ON public.active_storage_variant_records USING btree (blob_id, variation_digest);


--
-- Name: index_comments_on_lesson_id; Type: INDEX; Schema: public; Owner: development
--

CREATE INDEX index_comments_on_lesson_id ON public.comments USING btree (lesson_id);


--
-- Name: index_leaderboards_on_user_id; Type: INDEX; Schema: public; Owner: development
--

CREATE INDEX index_leaderboards_on_user_id ON public.leaderboards USING btree (user_id);


--
-- Name: index_questions_on_quiz_id; Type: INDEX; Schema: public; Owner: development
--

CREATE INDEX index_questions_on_quiz_id ON public.questions USING btree (quiz_id);


--
-- Name: index_quiz_attempts_on_quiz_id; Type: INDEX; Schema: public; Owner: development
--

CREATE INDEX index_quiz_attempts_on_quiz_id ON public.quiz_attempts USING btree (quiz_id);


--
-- Name: index_quiz_attempts_on_user_id; Type: INDEX; Schema: public; Owner: development
--

CREATE INDEX index_quiz_attempts_on_user_id ON public.quiz_attempts USING btree (user_id);


--
-- Name: index_users_on_email; Type: INDEX; Schema: public; Owner: development
--

CREATE UNIQUE INDEX index_users_on_email ON public.users USING btree (email);


--
-- Name: index_users_on_reset_password_token; Type: INDEX; Schema: public; Owner: development
--

CREATE UNIQUE INDEX index_users_on_reset_password_token ON public.users USING btree (reset_password_token);


--
-- Name: questions fk_rails_0238c45a86; Type: FK CONSTRAINT; Schema: public; Owner: development
--

ALTER TABLE ONLY public.questions
    ADD CONSTRAINT fk_rails_0238c45a86 FOREIGN KEY (quiz_id) REFERENCES public.quizzes(id);


--
-- Name: quiz_attempts fk_rails_3a17c83c6f; Type: FK CONSTRAINT; Schema: public; Owner: development
--

ALTER TABLE ONLY public.quiz_attempts
    ADD CONSTRAINT fk_rails_3a17c83c6f FOREIGN KEY (quiz_id) REFERENCES public.quizzes(id);


--
-- Name: leaderboards fk_rails_7dfa788192; Type: FK CONSTRAINT; Schema: public; Owner: development
--

ALTER TABLE ONLY public.leaderboards
    ADD CONSTRAINT fk_rails_7dfa788192 FOREIGN KEY (user_id) REFERENCES public.users(id);


--
-- Name: active_storage_variant_records fk_rails_993965df05; Type: FK CONSTRAINT; Schema: public; Owner: development
--

ALTER TABLE ONLY public.active_storage_variant_records
    ADD CONSTRAINT fk_rails_993965df05 FOREIGN KEY (blob_id) REFERENCES public.active_storage_blobs(id);


--
-- Name: quiz_attempts fk_rails_c25b089eaf; Type: FK CONSTRAINT; Schema: public; Owner: development
--

ALTER TABLE ONLY public.quiz_attempts
    ADD CONSTRAINT fk_rails_c25b089eaf FOREIGN KEY (user_id) REFERENCES public.users(id);


--
-- Name: active_storage_attachments fk_rails_c3b3935057; Type: FK CONSTRAINT; Schema: public; Owner: development
--

ALTER TABLE ONLY public.active_storage_attachments
    ADD CONSTRAINT fk_rails_c3b3935057 FOREIGN KEY (blob_id) REFERENCES public.active_storage_blobs(id);


--
-- Name: comments fk_rails_f21334b062; Type: FK CONSTRAINT; Schema: public; Owner: development
--

ALTER TABLE ONLY public.comments
    ADD CONSTRAINT fk_rails_f21334b062 FOREIGN KEY (lesson_id) REFERENCES public.lessons(id);


--
-- PostgreSQL database dump complete
--

