-- MySQL dump 10.13  Distrib 8.0.12, for macos10.13 (x86_64)
--
-- Host: 127.0.0.1    Database: needoc
-- ------------------------------------------------------
-- Server version	8.0.11

/*!40101 SET @OLD_CHARACTER_SET_CLIENT=@@CHARACTER_SET_CLIENT */;
/*!40101 SET @OLD_CHARACTER_SET_RESULTS=@@CHARACTER_SET_RESULTS */;
/*!40101 SET @OLD_COLLATION_CONNECTION=@@COLLATION_CONNECTION */;
 SET NAMES utf8 ;
/*!40103 SET @OLD_TIME_ZONE=@@TIME_ZONE */;
/*!40103 SET TIME_ZONE='+00:00' */;
/*!40014 SET @OLD_UNIQUE_CHECKS=@@UNIQUE_CHECKS, UNIQUE_CHECKS=0 */;
/*!40014 SET @OLD_FOREIGN_KEY_CHECKS=@@FOREIGN_KEY_CHECKS, FOREIGN_KEY_CHECKS=0 */;
/*!40101 SET @OLD_SQL_MODE=@@SQL_MODE, SQL_MODE='NO_AUTO_VALUE_ON_ZERO' */;
/*!40111 SET @OLD_SQL_NOTES=@@SQL_NOTES, SQL_NOTES=0 */;

--
-- Table structure for table `doctors`
--

DROP TABLE IF EXISTS `doctors`;
/*!40101 SET @saved_cs_client     = @@character_set_client */;
 SET character_set_client = utf8mb4 ;
CREATE TABLE `doctors` (
  `id` int(10) unsigned NOT NULL AUTO_INCREMENT,
  `name` varchar(50) DEFAULT NULL,
  `surname` varchar(50) DEFAULT NULL,
  `age` date DEFAULT NULL,
  `email` varchar(50) NOT NULL,
  `specialty_group` varchar(50) NOT NULL,
  `specialty` varchar(50) DEFAULT NULL,
  `years_experience` date DEFAULT NULL,
  `available` varchar(50) DEFAULT NULL,
  `collegiate_number` varchar(9) NOT NULL,
  `avatar` longtext,
  `password` varchar(256) NOT NULL,
  `role` varchar(10) NOT NULL,
  `rating` decimal(4,2) DEFAULT NULL,
  `description_specialtygroup` longtext,
  `description_specialty` longtext,
  `url_video` longtext,
  PRIMARY KEY (`id`),
  UNIQUE KEY `email` (`email`),
  UNIQUE KEY `collegiate_number` (`collegiate_number`),
  KEY `rating` (`rating`)
) ENGINE=InnoDB AUTO_INCREMENT=60 DEFAULT CHARSET=utf8mb4 COLLATE=utf8mb4_0900_ai_ci;
/*!40101 SET character_set_client = @saved_cs_client */;

--
-- Dumping data for table `doctors`
--

LOCK TABLES `doctors` WRITE;
/*!40000 ALTER TABLE `doctors` DISABLE KEYS */;
INSERT INTO `doctors` VALUES (1,'Andrés','Comesaña','2010-10-10','doc@needoc.com','Médico Quirúrgicas','Pediatra','2010-12-05','Alta','236584289','https://images.pexels.com/photos/2380794/pexels-photo-2380794.jpeg?auto=compress&cs=tinysrgb&dpr=2&w=500','7110eda4d09e062aa5e4a390b0a572ac0d2c0220','doctor',NULL,NULL,NULL,NULL),(2,'Francisco','Ribadeo ','2010-10-10','prueba@needoc','Laboratorio O Diagnósticas','Neurofisiología Clínica','2010-10-10','Media','22345689','https://images.unsplash.com/photo-1582971805810-b24306e0afe7?ixlib=rb-1.2.1&auto=format&fit=crop&w=800&q=60','7110eda4d09e062aa5e4a390b0a572ac0d2c0220','doctor',5.00,NULL,NULL,NULL),(5,'Alba','Sandiego','1972-09-07','doc1@needoc.com','Quirúrgicas','Neurocirugía','2010-12-05','Alta','238584289','https://images.unsplash.com/photo-1547212371-eb5e6a4b590c?ixlib=rb-1.2.1&ixid=eyJhcHBfaWQiOjEyMDd9&auto=format&fit=crop&w=800&q=60','7110eda4d09e062aa5e4a390b0a572ac0d2c0220','doctor',7.00,NULL,NULL,NULL),(6,'Rogelio','Bodeguin Sandiego','1982-10-09','doc3@needoc.com','Quirúrgicas','Cirugía Pediatrica','2010-12-05','Alta','233584289','https://images.unsplash.com/photo-1547212371-eb5e6a4b590c?ixlib=rb-1.2.1&ixid=eyJhcHBfaWQiOjEyMDd9&auto=format&fit=crop&w=800&q=60','7110eda4d09e062aa5e4a390b0a572ac0d2c0220','doctor',NULL,NULL,NULL,NULL),(7,'Alfonso','Segura Martín','1976-02-14','prueba3@needoc','Quirúrgicas','Code, Sector, Entomologo','2010-10-10','Media','22645689','https://images.unsplash.com/photo-1570211776086-5836c8b1e75f?ixlib=rb-1.2.1&ixid=eyJhcHBfaWQiOjEyMDd9&auto=format&fit=crop&w=800&q=60','7110eda4d09e062aa5e4a390b0a572ac0d2c0220','doctor',NULL,'','',NULL),(26,'Miguel','Martiño Corral','1976-10-02','doctor@needoc.com','Clínica','Alergología','2010-10-10','Alta','226452009','https://images.unsplash.com/photo-1592778777771-a0653b590581?ixlib=rb-1.2.1&ixid=eyJhcHBfaWQiOjEyMDd9&auto=format&fit=crop&w=914&q=80\n','7110eda4d09e062aa5e4a390b0a572ac0d2c0220','doctor',4.60,'Las especialidades médicas se corresponden con la figura tradicional de \"médico\": asisten personalmente al paciente con actividades preventivas, diagnósticas y terapéuticas, generalmente utilizando técnicas quirúrgicas.\n','Se entiende por alergología la especialización clínica que comprende el conocimiento, diagnóstico y tratamiento de la patología producida por mecanismos inmunológicos, especialmente de hipersensibilidad, con las técnicas que le son propias. Su campo de acción es muy amplio y abarca la patología localizada en un órgano o sistema (tracto respiratorio, piel, tracto digestivo, principalmente) o generalizada. Las enfermedades alérgicas son de alta prevalencia a nivel mundial.\n\n','https://us04web.zoom.us/j/75288378510?pwd=akVtcEIycng5WFR6YVRTRzA0ZHVtdz09'),(36,'Diego','Prieto Vidal','1976-02-14','lolo@lolo.com','Médico Quirúrgicas','Code, Sector, Entomologo','2010-10-10','Media','223452009','https://images.unsplash.com/photo-1589987223258-4799a9a0626b?ixlib=rb-1.2.1&ixid=eyJhcHBfaWQiOjEyMDd9&auto=format&fit=crop&w=800&q=60','7110eda4d09e062aa5e4a390b0a572ac0d2c0220','doctor',NULL,NULL,NULL,NULL),(37,'Santiago','Ulloa','2010-10-10','loo@lolo.com','Médico Quirúrgicas','Code, Sector, Entomologo','2010-10-10','Media','228452009','https://images.unsplash.com/photo-1517588632672-9758d6acba04?ixlib=rb-1.2.1&ixid=eyJhcHBfaWQiOjEyMDd9&auto=format&fit=crop&w=800&q=60','7110eda4d09e062aa5e4a390b0a572ac0d2c0220','doctor',NULL,NULL,NULL,NULL),(38,'Osué','Olmo García','1972-09-07','doctor@doctor.com','Laboratorio O Diagnósticas','Code, Sector, Entomologo','2010-10-10','Media','228045209','https://images.unsplash.com/photo-1555084227-36e282495e1c?ixlib=rb-1.2.1&ixid=eyJhcHBfaWQiOjEyMDd9&auto=format&fit=crop&w=800&q=60','7110eda4d09e062aa5e4a390b0a572ac0d2c0220','doctor',NULL,NULL,NULL,NULL),(41,'Xan','Martinez Doval','1963-06-02','doctor1@doctor.com','Médico Quirúrgicas','Code, Sector, Entomologo','2010-10-10','Media','220045209','https://images.unsplash.com/photo-1535713875002-d1d0cf377fde?ixlib=rb-1.2.1&ixid=eyJhcHBfaWQiOjEyMDd9&auto=format&fit=crop&w=800&q=60','7110eda4d09e062aa5e4a390b0a572ac0d2c0220','doctor',NULL,NULL,NULL,NULL),(43,'Hannah','Busing','1976-02-14','doctor2@doctor.com','Clínica','Reumatología','2010-10-10','Media','2200a5209','https://images.unsplash.com/photo-1518991669955-9c7e78ec80ca?ixlib=rb-1.2.1&ixid=eyJhcHBfaWQiOjEyMDd9&auto=format&fit=crop&w=800&q=60','7110eda4d09e062aa5e4a390b0a572ac0d2c0220','doctor',NULL,NULL,NULL,NULL),(44,'Manuel','Segura Martín','2010-10-10','doctor3@doctor.com','Clínica','Code, Sector, Entomologo','2010-10-10','Media','2200b5209','https://images.unsplash.com/photo-1484684096794-03e03b5e713e?ixlib=rb-1.2.1&ixid=eyJhcHBfaWQiOjEyMDd9&auto=format&fit=crop&w=800&q=60','7110eda4d09e062aa5e4a390b0a572ac0d2c0220','doctor',NULL,NULL,NULL,NULL),(45,'Juan José','Armadillo Blázquez','1976-02-14','doctor31jul@doctor.com','Laboratorio O Diagnósticas','Code, Sector, Entomologo','2010-10-10','Baja','2200x5209','https://images.unsplash.com/photo-1589730823931-07da2a7bf09c?ixlib=rb-1.2.1&ixid=eyJhcHBfaWQiOjEyMDd9&auto=format&fit=crop&w=1100&q=80','7110eda4d09e062aa5e4a390b0a572ac0d2c0220','doctor',5.00,NULL,NULL,NULL),(47,'Luis','Redondo Rabuñal','1976-12-02','doctor31@doctor.com','Médico Quirúrgicas','Code, Sector, Entomologo','2010-10-10','Media','2200u5209','https://images.unsplash.com/photo-1505247964246-1f0a90443c36?ixlib=rb-1.2.1&ixid=eyJhcHBfaWQiOjEyMDd9&auto=format&fit=crop&w=800&q=60','7110eda4d09e062aa5e4a390b0a572ac0d2c0220','doctor',NULL,NULL,NULL,NULL),(49,'Pepe','Vieites Puentes','2010-10-10','doctor30@doctor.com','Médico Quirúrgicas','Code, Sector, Entomologo','2010-10-10','Media','220au5209','https://images.pexels.com/photos/804009/pexels-photo-804009.jpeg?auto=compress&cs=tinysrgb&dpr=2&w=500','7110eda4d09e062aa5e4a390b0a572ac0d2c0220','doctor',NULL,NULL,NULL,NULL),(50,'Rosalinda J.','Longa Novo','2010-10-10','rosalinda@needoc.com','Clínica','Alergología','2010-12-12','Alta','220520aaa','https://images.pexels.com/photos/3042160/pexels-photo-3042160.jpeg?auto=compress&cs=tinysrgb&dpr=2&w=500','7110eda4d09e062aa5e4a390b0a572ac0d2c0220','doctor',NULL,NULL,NULL,NULL),(51,'Ángeles','Viña Almoina','2010-10-10','angeles@needoc.com','Clínica','Alergología','2010-12-12','Baja','220aua209','https://images.unsplash.com/photo-1586942699811-504903f2de76?ixlib=rb-1.2.1&ixid=eyJhcHBfaWQiOjEyMDd9&auto=format&fit=crop&w=1100&q=80','7110eda4d09e062aa5e4a390b0a572ac0d2c0220','doctor',NULL,NULL,NULL,NULL),(53,'Sindo','Alvarez','1970-01-28','sindo@needoc.com','Clínica','Reumatología','2017-02-06','Media','220au52aa','https://images.unsplash.com/photo-1592690240666-0b1d0936b43f?ixlib=rb-1.2.1&ixid=eyJhcHBfaWQiOjEyMDd9&auto=format&fit=crop&w=800&q=60','7c4a8d09ca3762af61e59520943dc26494f8941b','doctor',NULL,NULL,NULL,NULL),(54,'Antonio','Lobato','1970-08-23','antoniolob@needoc.com','Laboratorio O Diagnósticas','Neurofisiología Clínica','2020-08-07','Media','567812345','https://images.unsplash.com/photo-1545167622-3a6ac756afa4?ixlib=rb-1.2.1&ixid=eyJhcHBfaWQiOjEyMDd9&auto=format&fit=crop&w=800&q=60','7110eda4d09e062aa5e4a390b0a572ac0d2c0220','doctor',NULL,NULL,NULL,NULL),(55,'Josefa','Ojea','1975-02-14','josefaojea@needoc.com','Quirúrgicas','Cirugía Pediátrica','2005-02-12','Media','567843100','https://images.unsplash.com/photo-1548142813-c348350df52b?ixlib=rb-1.2.1&ixid=eyJhcHBfaWQiOjEyMDd9&auto=format&fit=crop&w=670&q=80','7110eda4d09e062aa5e4a390b0a572ac0d2c0220','doctor',2.67,NULL,NULL,NULL),(56,'Mario','Roldan','1965-04-23','mario@needoc.com','Clínica','Medicina Familiar Y Comunitaria','2005-02-12','Baja','876543219','https://images.unsplash.com/photo-1552058544-f2b08422138a?ixlib=rb-1.2.1&ixid=eyJhcHBfaWQiOjEyMDd9&auto=format&fit=crop&w=800&q=60','7110eda4d09e062aa5e4a390b0a572ac0d2c0220','doctor',NULL,NULL,NULL,NULL),(59,'Sindo','Reboredo','2018-06-06','sindoreboredo@needoc.com','Quirúrgicas','Cirugía General','2017-06-01','Media','567842136','https://images.unsplash.com/photo-1544348817-5f2cf14b88c8?ixlib=rb-1.2.1&ixid=eyJhcHBfaWQiOjEyMDd9&auto=format&fit=crop&w=800&q=60','7110eda4d09e062aa5e4a390b0a572ac0d2c0220','doctor',NULL,NULL,NULL,NULL);
/*!40000 ALTER TABLE `doctors` ENABLE KEYS */;
UNLOCK TABLES;

--
-- Table structure for table `messages`
--

DROP TABLE IF EXISTS `messages`;
/*!40101 SET @saved_cs_client     = @@character_set_client */;
 SET character_set_client = utf8mb4 ;
CREATE TABLE `messages` (
  `id_mess` int(10) unsigned NOT NULL AUTO_INCREMENT,
  `id_user` int(10) unsigned DEFAULT NULL,
  `id_doc` int(10) unsigned DEFAULT NULL,
  `date_send_message` datetime DEFAULT NULL,
  `from_message` varchar(50) DEFAULT NULL,
  `to_message` varchar(50) DEFAULT NULL,
  `specialty_group` varchar(50) DEFAULT NULL,
  `subject` varchar(1000) NOT NULL,
  `message` varchar(10000) NOT NULL,
  `attached` varchar(1000) DEFAULT NULL,
  PRIMARY KEY (`id_mess`)
) ENGINE=InnoDB AUTO_INCREMENT=197 DEFAULT CHARSET=utf8mb4 COLLATE=utf8mb4_0900_ai_ci;
/*!40101 SET character_set_client = @saved_cs_client */;

--
-- Dumping data for table `messages`
--

LOCK TABLES `messages` WRITE;
/*!40000 ALTER TABLE `messages` DISABLE KEYS */;
INSERT INTO `messages` VALUES (32,4,0,'2020-07-14 14:20:06','prueba@prueba','',' asdfadsfadf','tengo pupitad adf asf','Lorem ipsum dolor sit amet, consectetur adipiscing elit. Ut feugiat, lorem eget fringilla egestas, ante velit eleifend diam, vehicula tempor. ',''),(33,4,2,'2020-07-14 14:20:27','prueba@prueba','prueba@needoc',' asdfadsfadf','tengo pupitad adf asf','Lorem ipsum dolor sit amet, consectetur adipiscing elit. Ut feugiat, lorem eget fringilla egestas, ante velit eleifend diam, vehicula tempor. ',''),(34,4,2,'2020-07-14 14:21:58','prueba@prueba','prueba@needoc','Oncologo','tengo pupitad adf asf','Lorem ipsum dolor sit amet, consectetur adipiscing elit. Ut feugiat, lorem eget fringilla egestas, ante velit eleifend diam, vehicula tempor. ',''),(35,1,5,'2020-08-14 15:10:56','admin@needoc.com','doc1@needoc.com','Oncologo','asdfa adsf adf adsf adsf','Impum Lorem ipsum dolor sit amet, consectetur adipiscing elit. Ut feugiat, lorem eget fringilla egestas, ante velit eleifend diam, vehicula tempor. ',''),(36,17,5,'2020-08-20 03:43:57','loo@lolo.com','doc1@needoc.com','Oncologo','asdfa adsf adf adsf adsf','Impum Lorem ipsum dolor sit amet, consectetur adipiscing elit. Ut feugiat, lorem eget fringilla egestas, ante velit eleifend diam, vehicula tempor. ',''),(37,17,5,'2020-08-19 03:44:02','loo@lolo.com','doc1@needoc.com','Oncologo','asdfa adsf adf adsf adsf','Impum Lorem ipsum dolor sit amet, consectetur adipiscing elit. Ut feugiat, lorem eget fringilla egestas, ante velit eleifend diam, vehicula tempor. ',''),(38,17,5,'2020-08-18 03:44:04','loo@lolo.com','doc1@needoc.com','Oncologo','asdfa adsf adf adsf adsf','Impum Lorem ipsum dolor sit amet, consectetur adipiscing elit. Ut feugiat, lorem eget fringilla egestas, ante velit eleifend diam, vehicula tempor. ',''),(39,17,5,'2020-08-17 04:06:35','loo@lolo.com','doc1@needoc.com','Oncologo','asdfa adsf adf adsf adsf','Impum Lorem ipsum dolor sit amet, consectetur adipiscing elit. Ut feugiat, lorem eget fringilla egestas, ante velit eleifend diam, vehicula tempor. ',''),(40,17,5,'2020-07-16 04:06:51','loo@lolo.com','doc1@needoc.com','Oncologo','asdfa adsf adf adsf adsf','Impum Lorem ipsum dolor sit amet, consectetur adipiscing elit. Ut feugiat, lorem eget fringilla egestas, ante velit eleifend diam, vehicula tempor. ',''),(41,17,5,'2020-07-16 04:07:30','loo@lolo.com','doc1@needoc.com','Oncologo','asdfa adsf adf adsf adsf','Impum Lorem ipsum dolor sit amet, consectetur adipiscing elit. Ut feugiat, lorem eget fringilla egestas, ante velit eleifend diam, vehicula tempor. ',''),(42,17,5,'2020-07-16 04:07:48','loo@lolo.com','doc1@needoc.com','Oncologo','asdfa adsf adf adsf adsf','Impum Lorem ipsum dolor sit amet, consectetur adipiscing elit. Ut feugiat, lorem eget fringilla egestas, ante velit eleifend diam, vehicula tempor. ',''),(43,17,5,'2020-07-16 04:08:13','loo@lolo.com','doc1@needoc.com','Oncologo','asdfa adsf adf adsf adsf','Impum Lorem ipsum dolor sit amet, consectetur adipiscing elit. Ut feugiat, lorem eget fringilla egestas, ante velit eleifend diam, vehicula tempor. ',''),(44,17,5,'2020-07-16 04:09:13','loo@lolo.com','doc1@needoc.com','Oncologo','asdfa adsf adf adsf adsf','Impum Lorem ipsum dolor sit amet, consectetur adipiscing elit. Ut feugiat, lorem eget fringilla egestas, ante velit eleifend diam, vehicula tempor. ',''),(45,17,5,'2020-07-16 04:10:04','loo@lolo.com','doc1@needoc.com','Oncologo','asdfa adsf adf adsf adsf','Impum Lorem ipsum dolor sit amet, consectetur adipiscing elit. Ut feugiat, lorem eget fringilla egestas, ante velit eleifend diam, vehicula tempor. ',''),(46,17,5,'2020-07-16 05:10:29','loo@lolo.com','doc1@needoc.com','Oncologo','asdfa adsf adf adsf adsf','Impum Lorem ipsum dolor sit amet, consectetur adipiscing elit. Ut feugiat, lorem eget fringilla egestas, ante velit eleifend diam, vehicula tempor. ',''),(47,17,5,'2020-07-16 13:39:14','loo@lolo.com','doc1@needoc.com','Oncologo','asdfa adsf adf adsf adsf','Impum Lorem ipsum dolor sit amet, consectetur adipiscing elit. Ut feugiat, lorem eget fringilla egestas, ante velit eleifend diam, vehicula tempor. ',''),(48,17,5,'2020-07-16 13:39:16','loo@lolo.com','doc1@needoc.com','Oncologo','asdfa adsf adf adsf adsf','Impum Lorem ipsum dolor sit amet, consectetur adipiscing elit. Ut feugiat, lorem eget fringilla egestas, ante velit eleifend diam, vehicula tempor. ',''),(49,17,5,'2020-07-16 13:43:31','loo@lolo.com','doc1@needoc.com','Oncologo','asdfa adsf adf adsf adsf','Impum Lorem ipsum dolor sit amet, consectetur adipiscing elit. Ut feugiat, lorem eget fringilla egestas, ante velit eleifend diam, vehicula tempor. ',''),(50,17,5,'2020-07-16 13:45:40','loo@lolo.com','doc1@needoc.com','Oncologo','asdfa adsf adf adsf adsf','Impum Lorem ipsum dolor sit amet, consectetur adipiscing elit. Ut feugiat, lorem eget fringilla egestas, ante velit eleifend diam, vehicula tempor. ',''),(51,17,5,'2020-07-16 13:45:57','loo@lolo.com','doc1@needoc.com','Oncologo','asdfa adsf adf adsf adsf','Impum Lorem ipsum dolor sit amet, consectetur adipiscing elit. Ut feugiat, lorem eget fringilla egestas, ante velit eleifend diam, vehicula tempor. ',''),(52,17,5,'2020-07-16 15:04:10','loo@lolo.com','doc1@needoc.com','Oncologo','asdfa adsf adf adsf adsf','Impum Lorem ipsum dolor sit amet, consectetur adipiscing elit. Ut feugiat, lorem eget fringilla egestas, ante velit eleifend diam, vehicula tempor. ',''),(53,17,5,'2020-07-16 15:14:33','loo@lolo.com','doc1@needoc.com','Oncologo','asdfa adsf adf adsf adsf','Impum Lorem ipsum dolor sit amet, consectetur adipiscing elit. Ut feugiat, lorem eget fringilla egestas, ante velit eleifend diam, vehicula tempor. ',''),(54,17,5,'2020-07-16 15:19:57','loo@lolo.com','doc1@needoc.com','Oncologo','asdfa adsf adf adsf adsf','Impum Lorem ipsum dolor sit amet, consectetur adipiscing elit. Ut feugiat, lorem eget fringilla egestas, ante velit eleifend diam, vehicula tempor. ',''),(55,17,0,'2020-07-16 15:30:29','loo@lolo.com','','Oncologo','asdfa adsf adf adsf adsf','Impum Lorem ipsum dolor sit amet, consectetur adipiscing elit. Ut feugiat, lorem eget fringilla egestas, ante velit eleifend diam, vehicula tempor. ',''),(56,17,0,'2020-07-16 15:31:51','loo@lolo.com','adsf','Oncologo','asdfa adsf adf adsf adsf','Impum Lorem ipsum dolor sit amet, consectetur adipiscing elit. Ut feugiat, lorem eget fringilla egestas, ante velit eleifend diam, vehicula tempor. ',''),(57,17,0,'2020-07-16 15:31:55','loo@lolo.com','adsf','Oncologoadsfadsf','asdfa adsf adf adsf adsf','Impum Lorem ipsum dolor sit amet, consectetur adipiscing elit. Ut feugiat, lorem eget fringilla egestas, ante velit eleifend diam, vehicula tempor. ',''),(58,17,0,'2020-07-16 15:33:20','loo@lolo.com','adsfasdfadsfadsfadfd','Oncologoadsfadsf','asdfa adsf adf adsf adsf','Impum Lorem ipsum dolor sit amet, consectetur adipiscing elit. Ut feugiat, lorem eget fringilla egestas, ante velit eleifend diam, vehicula tempor. ',''),(59,17,0,'2020-07-16 15:34:26','loo@lolo.com','','Oncologoadsfadsf','asdfa adsf adf adsf adsf','Impum Lorem ipsum dolor sit amet, consectetur adipiscing elit. Ut feugiat, lorem eget fringilla egestas, ante velit eleifend diam, vehicula tempor. ',''),(60,17,0,'2020-07-16 15:42:30','loo@lolo.com','','Oncologoadsfadsf','asdfa adsf adf adsf adsf','Impum Lorem ipsum dolor sit amet, consectetur adipiscing elit. Ut feugiat, lorem eget fringilla egestas, ante velit eleifend diam, vehicula tempor. ',''),(61,17,0,'2020-07-16 15:42:56','loo@lolo.com','','Oncologoadsfadsf','asdfa adsf adf adsf adsf','Impum Lorem ipsum dolor sit amet, consectetur adipiscing elit. Ut feugiat, lorem eget fringilla egestas, ante velit eleifend diam, vehicula tempor. ',''),(62,17,0,'2020-07-16 15:43:55','loo@lolo.com','','Oncologoadsfadsf','asdfa adsf adf adsf adsf','Impum Lorem ipsum dolor sit amet, consectetur adipiscing elit. Ut feugiat, lorem eget fringilla egestas, ante velit eleifend diam, vehicula tempor. ',''),(63,17,0,'2020-07-16 15:44:36','loo@lolo.com','','Oncologoadsfadsf','asdfa adsf adf adsf adsf','Impum Lorem ipsum dolor sit amet, consectetur adipiscing elit. Ut feugiat, lorem eget fringilla egestas, ante velit eleifend diam, vehicula tempor. ',''),(64,17,0,'2020-07-16 15:44:52','loo@lolo.com','','Oncologo','asdfa adsf adf adsf adsf','Impum Lorem ipsum dolor sit amet, consectetur adipiscing elit. Ut feugiat, lorem eget fringilla egestas, ante velit eleifend diam, vehicula tempor. ',''),(65,17,0,'2020-07-16 15:48:02','loo@lolo.com','','Oncologo','asdfa adsf adf adsf adsf','Impum Lorem ipsum dolor sit amet, consectetur adipiscing elit. Ut feugiat, lorem eget fringilla egestas, ante velit eleifend diam, vehicula tempor. ',''),(66,17,0,'2020-07-16 15:50:32','loo@lolo.com','','Familia','asdfa adsf adf adsf adsf','Impum Lorem ipsum dolor sit amet, consectetur adipiscing elit. Ut feugiat, lorem eget fringilla egestas, ante velit eleifend diam, vehicula tempor. ',''),(67,17,0,'2020-07-16 16:00:31','loo@lolo.com','','Familia','asdfa adsf adf adsf adsf','Impum Lorem ipsum dolor sit amet, consectetur adipiscing elit. Ut feugiat, lorem eget fringilla egestas, ante velit eleifend diam, vehicula tempor. ',''),(68,17,0,'2020-07-16 16:00:58','loo@lolo.com','','Familia','asdfa adsf adf adsf adsf','Impum Lorem ipsum dolor sit amet, consectetur adipiscing elit. Ut feugiat, lorem eget fringilla egestas, ante velit eleifend diam, vehicula tempor. ',''),(69,17,0,'2020-07-16 16:22:02','loo@lolo.com','','Familia','asdfa adsf adf adsf adsf','Impum Lorem ipsum dolor sit amet, consectetur adipiscing elit. Ut feugiat, lorem eget fringilla egestas, ante velit eleifend diam, vehicula tempor. ',''),(70,17,0,'2020-07-16 16:42:49','loo@lolo.com','','Familia','asdfa adsf adf adsf adsf','Impum Lorem ipsum dolor sit amet, consectetur adipiscing elit. Ut feugiat, lorem eget fringilla egestas, ante velit eleifend diam, vehicula tempor. ',''),(71,17,0,'2020-07-16 16:43:05','loo@lolo.com','','Familia','asdfa adsf adf adsf adsf','Impum Lorem ipsum dolor sit amet, consectetur adipiscing elit. Ut feugiat, lorem eget fringilla egestas, ante velit eleifend diam, vehicula tempor. ',''),(72,17,0,'2020-07-16 16:44:53','loo@lolo.com','','Familia','asdfa adsf adf adsf adsf','Impum Lorem ipsum dolor sit amet, consectetur adipiscing elit. Ut feugiat, lorem eget fringilla egestas, ante velit eleifend diam, vehicula tempor. ',''),(73,17,5,'2020-07-16 16:54:21','loo@lolo.com','doc1@needoc.com','','asdfa adsf adf adsf adsf','Impum Lorem ipsum dolor sit amet, consectetur adipiscing elit. Ut feugiat, lorem eget fringilla egestas, ante velit eleifend diam, vehicula tempor. ',''),(74,17,0,'2020-07-16 16:54:37','loo@lolo.com','','Familia','asdfa adsf adf adsf adsf','Impum Lorem ipsum dolor sit amet, consectetur adipiscing elit. Ut feugiat, lorem eget fringilla egestas, ante velit eleifend diam, vehicula tempor. ',''),(75,17,0,'2020-07-16 16:55:03','loo@lolo.com','','Familia','asdfa adsf adf adsf adsf','Impum Lorem ipsum dolor sit amet, consectetur adipiscing elit. Ut feugiat, lorem eget fringilla egestas, ante velit eleifend diam, vehicula tempor. ',''),(76,17,0,'2020-07-16 16:56:21','loo@lolo.com','','Familia','asdfa adsf adf adsf adsf','Impum Lorem ipsum dolor sit amet, consectetur adipiscing elit. Ut feugiat, lorem eget fringilla egestas, ante velit eleifend diam, vehicula tempor. ',''),(77,17,0,'2020-07-16 16:57:02','loo@lolo.com','','Familia','asdfa adsf adf adsf adsf','Impum Lorem ipsum dolor sit amet, consectetur adipiscing elit. Ut feugiat, lorem eget fringilla egestas, ante velit eleifend diam, vehicula tempor. ',''),(78,17,0,'2020-07-16 16:57:31','loo@lolo.com','','Familia','asdfa adsf adf adsf adsf','Impum Lorem ipsum dolor sit amet, consectetur adipiscing elit. Ut feugiat, lorem eget fringilla egestas, ante velit eleifend diam, vehicula tempor. ',''),(79,17,0,'2020-07-16 16:57:51','loo@lolo.com','','Familia','asdfa adsf adf adsf adsf','Impum Lorem ipsum dolor sit amet, consectetur adipiscing elit. Ut feugiat, lorem eget fringilla egestas, ante velit eleifend diam, vehicula tempor. ',''),(80,17,37,'2020-07-16 16:58:12','loo@lolo.com','loo@lolo.com','Familia','asdfa adsf adf adsf adsf','Impum Lorem ipsum dolor sit amet, consectetur adipiscing elit. Ut feugiat, lorem eget fringilla egestas, ante velit eleifend diam, vehicula tempor. ',''),(81,17,26,'2020-07-17 01:49:43','loo@lolo.com','doctor@needoc.com','Familia','asdfa adsf adf adsf adsf','Impum Lorem ipsum dolor sit amet, consectetur adipiscing elit. Ut feugiat, lorem eget fringilla egestas, ante velit eleifend diam, vehicula tempor. ',''),(82,17,26,'2020-07-17 01:49:59','loo@lolo.com','doctor@needoc.com','Familia','asdfa adsf adf adsf adsf','adfaa asfa ffafaf',''),(83,17,26,'2020-07-23 14:26:00','loo@lolo.com','doctor@needoc.com','Familia','asdfa adsf adf adsf adsf','adfaa asfa ffafaf',''),(84,19,26,'2020-07-23 14:32:23','amanuel@needoc.com','doctor@needoc.com','Familia','asdfa adsf adf adsf adsf','adfaa asfa ffafaf',''),(85,19,26,'2020-07-23 15:30:45','amanuel@needoc.com','doctor@needoc.com','Familia','asdfa adsf adf adsf adsf','adfaa asfa ffafaf',''),(86,23,45,'2020-07-31 16:33:29','user31jul@user.com','doctor31jul@doctor.com','Familia','Tengo una duda sobre Covid19','Estoy preocupado por unos sintomas que tengo parecidos...',''),(87,23,45,'2020-08-04 10:54:45','user31jul@user.com','doctor31jul@doctor.com','Familia','Tengo una duda sobre Covid19','Estoy preocupado por unos sintomas que tengo parecidos...',''),(88,23,45,'2020-08-04 10:55:32','user31jul@user.com','doctor31jul@doctor.com','Familia','Tengo una duda sobre Covid19','Estoy preocupado por unos sintomas que tengo parecidos...',''),(89,23,45,'2020-08-07 01:09:45','user31jul@user.com','doctor31jul@doctor.com','Familia','Que necesito conocer sobre el covid-19','Tengo un familiar que hace una temporada,–sobre un año– sufrió un carcer, del cual está totalmente recuperada aunque últimamente al ver las noticias se ha preocupado sobre como le podría afectar y no sabe a quien preguntarle ¿como la podría aconsejar?',''),(90,23,45,'2020-08-09 21:38:56','user31jul@user.com','doctor31jul@doctor.com','Familia','Tengo una duda sobre Covid19','Estoy preocupado por unos sintomas que tengo parecidos...',''),(91,23,38,'2020-08-10 02:37:16','user31jul@user.com','doctor@doctor.com','Clínica','adsf','adsfadfadsfadf',''),(92,21,38,'2020-08-10 17:06:02','doctor@doctor.com','doctor@doctor.com','Quirúrgicas','me ha salido un bulto en la pierna','Hola doctor, esta mañana me he despertado por un dolor en la pierna, y he visto que me ha salido un bulto negro ¿sabría decirme de que puede ser?',''),(93,23,5,'2020-08-12 17:22:30','user31jul@user.com','doc1@needoc.com','Clínica','tengo una duda','esta es mi duda',''),(100,23,1,'2020-08-13 03:55:08','user31jul@user.com','doc@needoc.com','Clínica','enviado','adsf',''),(102,23,1,'2020-08-13 04:07:37','user31jul@user.com','doc@needoc.com','Clínica','asdfasdfasdfadf','asdfasdfasdf',''),(104,26,50,'2020-08-13 15:19:29','adolfomaragaoto@needoc.com','rosalinda@needoc.com','Clínica','Tengo una duda','afa dfa fda fadfa',''),(105,26,5,'2020-08-13 15:36:48','adolfomaragaoto@needoc.com','doc1@needoc.com','Clínica','kljhlkjhlkjhlkjh','kljhlkjhlkjh',''),(110,59,5,'2020-08-16 15:41:51','paciente@needoc.com','doc1@needoc.com','Clínica','adsfadsf','asdfadsfa',''),(111,59,5,'2020-08-16 16:01:05','paciente@needoc.com','doc1@needoc.com','Clínica','Esta mañana he notado un fuerte dolor en las manos','Hace un par de semanas he tenido mareos y dolores de cabeza leves , además de desaliento y dolores en la piernas no sé si puedan ser síntomas de Esclerosis , pero si estoy muy preocupado.\nQue me aconseja?\nEstaré atento a su respuesta, de antemano muchas gracias.','https://images.unsplash.com/photo-1527049525095-b9604dcd67e6?ixlib=rb-1.2.1&ixid=eyJhcHBfaWQiOjEyMDd9&auto=format&fit=crop&w=800&q=60'),(189,59,0,'2020-08-16 20:54:08','paciente@needoc.com','','Quirúrgicas','A mi hijo le han salido unas manchas en el brazo','este es el mensaje','https://images.unsplash.com/photo-1527049525095-b9604dcd67e6?ixlib=rb-1.2.1&ixid=eyJhcHBfaWQiOjEyMDd9&auto=format&fit=crop&w=800&q=60'),(190,59,0,'2020-08-18 16:06:06','paciente@needoc.com','','Quirúrgicas','tengo una pregunta','cuentame',NULL),(192,59,5,'2020-08-18 21:50:36','paciente@needoc.com','doc1@needoc.com','','Estos días tengo algo de insomnio','Me podría recetar alguna pastilla o algo para poder dormir?. \nMuchas gracias',NULL);
/*!40000 ALTER TABLE `messages` ENABLE KEYS */;
UNLOCK TABLES;

--
-- Table structure for table `reply`
--

DROP TABLE IF EXISTS `reply`;
/*!40101 SET @saved_cs_client     = @@character_set_client */;
 SET character_set_client = utf8mb4 ;
CREATE TABLE `reply` (
  `id_reply` int(10) unsigned NOT NULL AUTO_INCREMENT,
  `id_mess` int(10) unsigned DEFAULT NULL,
  `id_doc_reply` int(10) unsigned DEFAULT NULL,
  `specialty_group` varchar(50) DEFAULT NULL,
  `reply` varchar(10000) DEFAULT NULL,
  `star` varchar(50) DEFAULT NULL,
  `date` datetime DEFAULT NULL,
  PRIMARY KEY (`id_reply`),
  KEY `id_mess` (`id_mess`),
  CONSTRAINT `reply_ibfk_1` FOREIGN KEY (`id_mess`) REFERENCES `messages` (`id_mess`)
) ENGINE=InnoDB AUTO_INCREMENT=50 DEFAULT CHARSET=utf8mb4 COLLATE=utf8mb4_0900_ai_ci;
/*!40101 SET character_set_client = @saved_cs_client */;

--
-- Dumping data for table `reply`
--

LOCK TABLES `reply` WRITE;
/*!40000 ALTER TABLE `reply` DISABLE KEYS */;
INSERT INTO `reply` VALUES (21,82,26,'Familia','Hola, Manuel, segun tus dudas te aconsejo que vayas a tu médico de cabecera ya que creo que los ematocrito y leucocitos no están compensados para tu medicación','4','2020-07-23 15:02:44'),(22,82,26,'Familia','LA RESPUESTA DE REPLY','5','2020-07-17 15:36:16'),(23,81,5,'oncologo','respuesta','7','2020-07-17 05:39:00'),(24,86,45,'Familia','Buenos días, segun su consulta no debe preocuparse pero se aconseja seguir los principios básicos para reducir el riesgo general de transmisión de infecciones respiratorioas agudas: Evitar el  contacto directo con las personas que padezcan infecciones respiratorias agudas, /n Lavarse las manos frecuentemente /n evitar tocarse los ojos, nariz y boca, etc.','5','2020-07-31 17:30:09'),(25,86,45,'Familia','no te preocupes todo irá bien','5','2020-07-31 17:31:19'),(26,81,5,'oncologo','respuesta','9','2020-07-17 05:39:00'),(27,89,45,'Familia','Hola Manuel, La pandemia de COVID-19 aún es relativamente reciente y los médicos aún están aprendiendo sobre los posibles riesgos para las personas con cáncer. Pero lo que hay es suficiente información respenco a los riesgos  de infecciones en general para las personas con cáncer','2','2020-08-12 03:29:52'),(29,81,5,'oncologo','respuesta','9','2020-07-17 05:39:00'),(30,87,45,'Familia','esta es una prueba de respuesta','3','2020-08-13 23:36:28'),(31,89,45,'Familia','asdfasdfasdfadsf','3','2020-08-15 13:12:07'),(32,88,45,'Familia','adsfasdfasdfasdfafadas asdf adsfadfa ','3','2020-08-15 20:54:17'),(33,189,55,'Quirúrgicas','esta es la respuesta','5','2020-08-16 21:01:40'),(34,189,55,'Quirúrgicas','Los síntomas de la Esclerosis múltiple son tan variados que suelen confundirse con los síntomas de otro tipo de patologías menos delicadas que la EM. \nAsí que mantén la calma, y es mejor que confíes en los médicos, ellos sabrán guiarte en cuanto a los exámenes y pruebas necesarias a realizarte para controlar estos síntomas.','1','2020-08-17 01:08:35'),(35,81,5,'oncologo','respuesta','9','2020-07-17 05:39:00'),(36,189,55,'Quirúrgicas','Los síntomas de la Esclerosis múltiple son tan variados que suelen confundirse con los síntomas de otro tipo de patologías menos delicadas que la EM.','2','2020-08-17 01:09:13'),(40,111,26,'Clínica','Es nomal que en esta época del año salgan esas manchas en el cuerpo, aún así te recomiendo que hagas unos análisis y cuando tengas los resultados me los envias y vemos como procedemos. Muchas gracias','5','2020-08-18 02:19:01'),(41,111,26,'Clínica','No te precupes Manuel todo irá bien','4','2020-08-21 00:54:14'),(42,111,26,'Clínica','No te precupes Manuel todo irá bien','5','2020-08-21 00:54:17');
/*!40000 ALTER TABLE `reply` ENABLE KEYS */;
UNLOCK TABLES;

--
-- Table structure for table `users`
--

DROP TABLE IF EXISTS `users`;
/*!40101 SET @saved_cs_client     = @@character_set_client */;
 SET character_set_client = utf8mb4 ;
CREATE TABLE `users` (
  `id` int(10) unsigned NOT NULL AUTO_INCREMENT,
  `name` varchar(50) DEFAULT NULL,
  `surname` varchar(50) DEFAULT NULL,
  `age` date DEFAULT NULL,
  `email` varchar(40) NOT NULL,
  `password` varchar(256) NOT NULL,
  `role` varchar(10) NOT NULL,
  `packtype` varchar(20) DEFAULT NULL,
  `policy_number` varchar(20) DEFAULT NULL,
  `insurance_company` varchar(100) DEFAULT NULL,
  PRIMARY KEY (`id`),
  UNIQUE KEY `email` (`email`)
) ENGINE=InnoDB AUTO_INCREMENT=92 DEFAULT CHARSET=utf8mb4 COLLATE=utf8mb4_0900_ai_ci;
/*!40101 SET character_set_client = @saved_cs_client */;

--
-- Dumping data for table `users`
--

LOCK TABLES `users` WRITE;
/*!40000 ALTER TABLE `users` DISABLE KEYS */;
INSERT INTO `users` VALUES (1,'Adolfo','Maragoto','1976-02-14','admin@needoc.com','7110eda4d09e062aa5e4a390b0a572ac0d2c0220','admin','Alta',NULL,NULL),(23,'Roberto','Cifuentes','1976-02-14','user31jul@user.com','7110eda4d09e062aa5e4a390b0a572ac0d2c0220','normal','Alta',NULL,NULL),(24,'Manuel','Segura Martín','1976-02-14','doctor31jul@doctor.com','7110eda4d09e062aa5e4a390b0a572ac0d2c0220','normal','Media',NULL,NULL),(57,'Francisco','Álvarez','1986-02-14','francisco@needoc.com','7110eda4d09e062aa5e4a390b0a572ac0d2c0220','normal','Alta',NULL,NULL),(59,'Adolfo','Maragoto','1976-08-04','paciente@needoc.com','7110eda4d09e062aa5e4a390b0a572ac0d2c0220','normal','Alta','123456','Maphre'),(60,'Isabel','Longa','2018-06-06','isalong@needoc.com','7110eda4d09e062aa5e4a390b0a572ac0d2c0220','normal','Baja',NULL,NULL),(61,'Juan','Ventosillo','2019-04-04','juanven@needoc.com','7110eda4d09e062aa5e4a390b0a572ac0d2c0220','normal','Media',NULL,NULL),(62,'Juana','Hermida Valiente','2020-08-07','juanaher@needoc.com','7110eda4d09e062aa5e4a390b0a572ac0d2c0220','normal','Alta',NULL,NULL),(63,'Hermina','Puentes García','2020-08-01','herminapu@needoc.es','7110eda4d09e062aa5e4a390b0a572ac0d2c0220','normal','Baja',NULL,NULL),(84,'Juan José','Padre Valiente','2020-08-28','jjpadrevaliente@needoc.com','7110eda4d09e062aa5e4a390b0a572ac0d2c0220','normal','Media',NULL,NULL),(88,'Alba','Montes Dario','2020-01-03','albamont@needoc.com','7110eda4d09e062aa5e4a390b0a572ac0d2c0220','normal','Media','12341234','Caser'),(89,'Antonio','Adsf','2020-08-14','abc@needoc.com','7110eda4d09e062aa5e4a390b0a572ac0d2c0220','normal','Media','1234567890123456789','Caser'),(90,'Juan José','Alvarez','2020-07-30','juan@needoc.com','7110eda4d09e062aa5e4a390b0a572ac0d2c0220','normal','Baja','123456789','Caser'),(91,'Aaaa','Aaaa','2020-08-21','aaaa@needoc.com','7110eda4d09e062aa5e4a390b0a572ac0d2c0220','normal','Baja','123456123456123456','Cigna Life');
/*!40000 ALTER TABLE `users` ENABLE KEYS */;
UNLOCK TABLES;
/*!40103 SET TIME_ZONE=@OLD_TIME_ZONE */;

/*!40101 SET SQL_MODE=@OLD_SQL_MODE */;
/*!40014 SET FOREIGN_KEY_CHECKS=@OLD_FOREIGN_KEY_CHECKS */;
/*!40014 SET UNIQUE_CHECKS=@OLD_UNIQUE_CHECKS */;
/*!40101 SET CHARACTER_SET_CLIENT=@OLD_CHARACTER_SET_CLIENT */;
/*!40101 SET CHARACTER_SET_RESULTS=@OLD_CHARACTER_SET_RESULTS */;
/*!40101 SET COLLATION_CONNECTION=@OLD_COLLATION_CONNECTION */;
/*!40111 SET SQL_NOTES=@OLD_SQL_NOTES */;

-- Dump completed on 2020-08-31 14:07:06
