--
-- PostgreSQL database dump
--

SET statement_timeout = 0;
SET lock_timeout = 0;
SET client_encoding = 'UTF8';
SET standard_conforming_strings = on;
SET check_function_bodies = false;
SET client_min_messages = warning;

--
-- Name: plpgsql; Type: EXTENSION; Schema: -; Owner: 
--

CREATE EXTENSION IF NOT EXISTS plpgsql WITH SCHEMA pg_catalog;


--
-- Name: EXTENSION plpgsql; Type: COMMENT; Schema: -; Owner: 
--

COMMENT ON EXTENSION plpgsql IS 'PL/pgSQL procedural language';


SET search_path = public, pg_catalog;

SET default_tablespace = '';

SET default_with_oids = false;

--
-- Name: post; Type: TABLE; Schema: public; Owner: yassinel; Tablespace: 
--

CREATE TABLE post (
    id integer NOT NULL,
    message character varying(255) NOT NULL,
    temp_reel timestamp without time zone DEFAULT now() NOT NULL,
    id_user integer NOT NULL
);


ALTER TABLE post OWNER TO yassinel;

--
-- Name: post_id_seq; Type: SEQUENCE; Schema: public; Owner: yassinel
--

CREATE SEQUENCE post_id_seq
    START WITH 1
    INCREMENT BY 1
    NO MINVALUE
    NO MAXVALUE
    CACHE 1;


ALTER TABLE post_id_seq OWNER TO yassinel;

--
-- Name: post_id_seq; Type: SEQUENCE OWNED BY; Schema: public; Owner: yassinel
--

ALTER SEQUENCE post_id_seq OWNED BY post.id;


--
-- Name: salon; Type: TABLE; Schema: public; Owner: yassinel; Tablespace: 
--

CREATE TABLE salon (
    id integer NOT NULL,
    libelle character varying(255) NOT NULL,
    mdp character varying(255)
);


ALTER TABLE salon OWNER TO yassinel;

--
-- Name: salon_id_seq; Type: SEQUENCE; Schema: public; Owner: yassinel
--

CREATE SEQUENCE salon_id_seq
    START WITH 1
    INCREMENT BY 1
    NO MINVALUE
    NO MAXVALUE
    CACHE 1;


ALTER TABLE salon_id_seq OWNER TO yassinel;

--
-- Name: salon_id_seq; Type: SEQUENCE OWNED BY; Schema: public; Owner: yassinel
--

ALTER SEQUENCE salon_id_seq OWNED BY salon.id;


--
-- Name: succes; Type: TABLE; Schema: public; Owner: yassinel; Tablespace: 
--

CREATE TABLE succes (
    id integer NOT NULL,
    titre character varying(255) NOT NULL,
    intitulle character varying(255) NOT NULL,
    objectif integer NOT NULL,
    progression integer NOT NULL,
    id_utilisateur integer NOT NULL,
    CONSTRAINT succes_check CHECK ((progression <= objectif)),
    CONSTRAINT succes_objectif_check CHECK ((objectif > 0))
);


ALTER TABLE succes OWNER TO yassinel;

--
-- Name: succes_id_seq; Type: SEQUENCE; Schema: public; Owner: yassinel
--

CREATE SEQUENCE succes_id_seq
    START WITH 1
    INCREMENT BY 1
    NO MINVALUE
    NO MAXVALUE
    CACHE 1;


ALTER TABLE succes_id_seq OWNER TO yassinel;

--
-- Name: succes_id_seq; Type: SEQUENCE OWNED BY; Schema: public; Owner: yassinel
--

ALTER SEQUENCE succes_id_seq OWNED BY succes.id;


--
-- Name: utilisateurs; Type: TABLE; Schema: public; Owner: yassinel; Tablespace: 
--

CREATE TABLE utilisateurs (
    id integer NOT NULL,
    client character varying(70) NOT NULL,
    email character varying(255) NOT NULL,
    mdp character(128) NOT NULL
);


ALTER TABLE utilisateurs OWNER TO yassinel;

--
-- Name: utilisateurs_id_seq; Type: SEQUENCE; Schema: public; Owner: yassinel
--

CREATE SEQUENCE utilisateurs_id_seq
    START WITH 1
    INCREMENT BY 1
    NO MINVALUE
    NO MAXVALUE
    CACHE 1;


ALTER TABLE utilisateurs_id_seq OWNER TO yassinel;

--
-- Name: utilisateurs_id_seq; Type: SEQUENCE OWNED BY; Schema: public; Owner: yassinel
--

ALTER SEQUENCE utilisateurs_id_seq OWNED BY utilisateurs.id;


--
-- Name: id; Type: DEFAULT; Schema: public; Owner: yassinel
--

ALTER TABLE ONLY post ALTER COLUMN id SET DEFAULT nextval('post_id_seq'::regclass);


--
-- Name: id; Type: DEFAULT; Schema: public; Owner: yassinel
--

ALTER TABLE ONLY salon ALTER COLUMN id SET DEFAULT nextval('salon_id_seq'::regclass);


--
-- Name: id; Type: DEFAULT; Schema: public; Owner: yassinel
--

ALTER TABLE ONLY succes ALTER COLUMN id SET DEFAULT nextval('succes_id_seq'::regclass);


--
-- Name: id; Type: DEFAULT; Schema: public; Owner: yassinel
--

ALTER TABLE ONLY utilisateurs ALTER COLUMN id SET DEFAULT nextval('utilisateurs_id_seq'::regclass);


--
-- Data for Name: post; Type: TABLE DATA; Schema: public; Owner: yassinel
--

COPY post (id, message, temp_reel, id_user) FROM stdin;
1	blalblal	2017-03-18 13:53:34.755215	22
13	ss	2017-03-18 14:19:44.120158	34
14	pjks,dlsdlm;	2017-03-18 14:19:46.757766	34
15	dvsdvdsvsd	2017-03-18 14:19:52.454685	34
16	fvdfvdfvdf	2017-03-18 14:19:55.425315	34
17	ttfhtrhrstrtsrhr	2017-03-18 14:50:19.299989	34
18	&ugrave;okknlk,	2017-03-18 15:14:20.107701	22
19	&ugrave;okknlk,	2017-03-18 15:14:20.185102	22
20	&ugrave;okknlk,	2017-03-18 15:15:14.316487	22
21	&ugrave;okknlk,	2017-03-18 15:15:26.039428	22
22	&ugrave;okknlk,	2017-03-18 15:25:32.012068	22
23	&ugrave;okknlk,	2017-03-18 15:26:47.170522	22
24	&ugrave;okknlk,	2017-03-18 15:27:04.703759	22
25	nk,m	2017-03-18 17:13:43.62986	22
26	666	2017-03-18 18:45:35.296323	22
27	33333333333365554	2017-03-18 18:45:40.793762	22
28	99+5++59+5	2017-03-18 18:45:44.913872	22
29	668468468468468	2017-03-18 18:45:49.012609	22
30	pppppppppppppppppppppppppppppppppppppppppppppppppppppppppppppppppppppppppppppppppppppppppppppppppppppppppppppppppppppppppppppppppppp	2017-03-18 18:45:56.948969	22
31	pppppppppppppppppppppppppppppppppppppppppppppppppppppppppppppppppppppppppppppppppppppppppppppppppppppppppppppppppppppppppppppppppppp	2017-03-18 18:46:54.623511	22
32	iojkjkjoolm	2017-03-18 19:19:03.79444	22
33	uibkljlm;	2017-03-18 19:19:09.277296	22
34	uihuih&ugrave;po&ugrave;	2017-03-18 19:20:16.903399	31
35	iohihjo^joihioh	2017-03-18 19:20:21.433067	31
36	omhmokjop,	2017-03-18 19:20:24.748018	31
38	fgdfdgdgd	2017-03-18 20:30:56.574467	22
39	fgdfdgdgd	2017-03-18 21:24:09.700755	22
40	jl	2017-03-18 21:24:19.790497	22
41	nnn	2017-03-18 22:50:25.320354	22
42	nnn	2017-03-18 22:50:53.549748	22
43	kkkk	2017-03-18 23:47:52.013455	22
44	thytrhhhhrt	2017-03-18 23:49:01.907359	19
45	trrhr	2017-03-18 23:49:08.094803	22
46	trrhr	2017-03-18 23:53:00.259948	22
\.


--
-- Name: post_id_seq; Type: SEQUENCE SET; Schema: public; Owner: yassinel
--

SELECT pg_catalog.setval('post_id_seq', 46, true);


--
-- Data for Name: salon; Type: TABLE DATA; Schema: public; Owner: yassinel
--

COPY salon (id, libelle, mdp) FROM stdin;
1	general	\N
\.


--
-- Name: salon_id_seq; Type: SEQUENCE SET; Schema: public; Owner: yassinel
--

SELECT pg_catalog.setval('salon_id_seq', 1, true);


--
-- Data for Name: succes; Type: TABLE DATA; Schema: public; Owner: yassinel
--

COPY succes (id, titre, intitulle, objectif, progression, id_utilisateur) FROM stdin;
212	Projet Mariage	Développement de l'application 	100	25	19
130	jk;nh;khuk;	ncddgbdr	44	44	20
217	Symf	DOC RTFM DOC RTFMDOC RTFMDOC RTFMDOC RTFMDOC RTFMDOC RTFMDOC RTFMDOC RTFMDOC RTFMDOC RTFMDOC RTFM	1300	500	22
155	CSS	Pour le 20 Mars. Pour le 20 Mars. Pour le 20 Mars. Pour le 20 Mars. Pour le 20 Mars. Pour le 20 Mars. Pour le 20 Mars. Pour le 20 Mars. 	1000	0	27
201	fyyjfyj;ktfj	yfjftj2326	3232	32	34
\.


--
-- Name: succes_id_seq; Type: SEQUENCE SET; Schema: public; Owner: yassinel
--

SELECT pg_catalog.setval('succes_id_seq', 220, true);


--
-- Data for Name: utilisateurs; Type: TABLE DATA; Schema: public; Owner: yassinel
--

COPY utilisateurs (id, client, email, mdp) FROM stdin;
1	CrackJunior	yassine@gmail.com	1234                                                                                                                            
18	yassine	yassin@gmail.com	81dc9bdb52d04dc20036dbd8313ed055                                                                                                
19	walidb	belbeche.w@gmail.com	81dc9bdb52d04dc20036dbd8313ed055                                                                                                
20	yassine	yassin@gmail.com	81dc9bdb52d04dc20036dbd8313ed055                                                                                                
21	salur	yassin@gmail.com	e10adc3949ba59abbe56e057f20f883e                                                                                                
22	yass	unknow@gmail.com	e10adc3949ba59abbe56e057f20f883e                                                                                                
23	test	test@gmail.com	81dc9bdb52d04dc20036dbd8313ed055                                                                                                
24	i' OR true;--	t@tt.tt	0f41e33a5c7643cbecfc37356df3042f                                                                                                
25	mille	c@hot.com	202cb962ac59075b964b07152d234b70                                                                                                
26	quentin	css@gravemoche.fr	83ea007bfdd589f29b820552b3f94260                                                                                                
27	mariepierre	mari@gmail.com	81dc9bdb52d04dc20036dbd8313ed055                                                                                                
28	jeanp	jean@gmail.com	81dc9bdb52d04dc20036dbd8313ed055                                                                                                
29	oignon	clem@gmail.com	81dc9bdb52d04dc20036dbd8313ed055                                                                                                
30	aze	aze@aze.fr	0a5b3913cbc9a9092311630e869b4442                                                                                                
31	myriam	myriam@gmail.com	e10adc3949ba59abbe56e057f20f883e                                                                                                
32	Djemila	djemila@gmail.com	e10adc3949ba59abbe56e057f20f883e                                                                                                
33	haiat	haiat@gmail.com	81dc9bdb52d04dc20036dbd8313ed055                                                                                                
34	yehya	yeyha@gmail.com	e10adc3949ba59abbe56e057f20f883e                                                                                                
35			d41d8cd98f00b204e9800998ecf8427e                                                                                                
36	moha	moha@hotmail.gmail	e10adc3949ba59abbe56e057f20f883e                                                                                                
37	mille	mille@fmafkgjkiffr.fr	e10adc3949ba59abbe56e057f20f883e                                                                                                
\.


--
-- Name: utilisateurs_id_seq; Type: SEQUENCE SET; Schema: public; Owner: yassinel
--

SELECT pg_catalog.setval('utilisateurs_id_seq', 37, true);


--
-- Name: salon_pkey; Type: CONSTRAINT; Schema: public; Owner: yassinel; Tablespace: 
--

ALTER TABLE ONLY salon
    ADD CONSTRAINT salon_pkey PRIMARY KEY (id);


--
-- Name: succes_pkey; Type: CONSTRAINT; Schema: public; Owner: yassinel; Tablespace: 
--

ALTER TABLE ONLY succes
    ADD CONSTRAINT succes_pkey PRIMARY KEY (id);


--
-- Name: succes_titre_unique; Type: CONSTRAINT; Schema: public; Owner: yassinel; Tablespace: 
--

ALTER TABLE ONLY succes
    ADD CONSTRAINT succes_titre_unique UNIQUE (titre, id_utilisateur);


--
-- Name: utilisateurs_pkey; Type: CONSTRAINT; Schema: public; Owner: yassinel; Tablespace: 
--

ALTER TABLE ONLY utilisateurs
    ADD CONSTRAINT utilisateurs_pkey PRIMARY KEY (id);


--
-- Name: message_id_client_fkey; Type: FK CONSTRAINT; Schema: public; Owner: yassinel
--

ALTER TABLE ONLY post
    ADD CONSTRAINT message_id_client_fkey FOREIGN KEY (id_user) REFERENCES utilisateurs(id);


--
-- Name: succes_client_fkey; Type: FK CONSTRAINT; Schema: public; Owner: yassinel
--

ALTER TABLE ONLY succes
    ADD CONSTRAINT succes_client_fkey FOREIGN KEY (id_utilisateur) REFERENCES utilisateurs(id);


--
-- Name: public; Type: ACL; Schema: -; Owner: postgres
--

REVOKE ALL ON SCHEMA public FROM PUBLIC;
REVOKE ALL ON SCHEMA public FROM postgres;
GRANT ALL ON SCHEMA public TO postgres;
GRANT ALL ON SCHEMA public TO PUBLIC;


--
-- PostgreSQL database dump complete
--

