-- phpMyAdmin SQL Dump
-- version 4.0.4
-- http://www.phpmyadmin.net
--
-- Host: localhost
-- Generation Time: Nov 25, 2017 at 09:48 AM
-- Server version: 5.6.12-log
-- PHP Version: 5.4.12

SET SQL_MODE = "NO_AUTO_VALUE_ON_ZERO";
SET time_zone = "+00:00";


/*!40101 SET @OLD_CHARACTER_SET_CLIENT=@@CHARACTER_SET_CLIENT */;
/*!40101 SET @OLD_CHARACTER_SET_RESULTS=@@CHARACTER_SET_RESULTS */;
/*!40101 SET @OLD_COLLATION_CONNECTION=@@COLLATION_CONNECTION */;
/*!40101 SET NAMES utf8 */;

--
-- Database: `kyau_ums`
--
CREATE DATABASE IF NOT EXISTS `kyau_ums` DEFAULT CHARACTER SET latin1 COLLATE latin1_swedish_ci;
USE `kyau_ums`;

DELIMITER $$
--
-- Functions
--
CREATE DEFINER=`root`@`localhost` FUNCTION `fnc_pkid`(p_table_name varchar(30)) RETURNS bigint(14)
    READS SQL DATA
begin
    declare v_pkli_id bigint(14);
    update sequence_info 
    set    start_with=last_insert_id(start_with+1) 
    where  table_name = upper(p_table_name); 
    select last_insert_id() into v_pkli_id;
    return v_pkli_id;
end$$

DELIMITER ;

-- --------------------------------------------------------

--
-- Table structure for table `aca_batch`
--

CREATE TABLE IF NOT EXISTS `aca_batch` (
  `BATCH_ID` bigint(14) NOT NULL AUTO_INCREMENT,
  `BATCH_TITLE` varchar(100) CHARACTER SET utf8 COLLATE utf8_croatian_ci NOT NULL,
  `BATCH_DESC` varchar(100) CHARACTER SET utf8 COLLATE utf8_croatian_ci DEFAULT NULL,
  `ACTIVE_STATUS` tinyint(1) DEFAULT '0',
  `CREATED_BY` int(11) DEFAULT NULL,
  `CREATE_DATE` timestamp NOT NULL DEFAULT CURRENT_TIMESTAMP,
  `UPDATED_BY` int(11) DEFAULT NULL,
  `UPDATE_DATE` datetime DEFAULT NULL,
  PRIMARY KEY (`BATCH_ID`)
) ENGINE=InnoDB  DEFAULT CHARSET=utf8 AUTO_INCREMENT=19 ;

--
-- Dumping data for table `aca_batch`
--

INSERT INTO `aca_batch` (`BATCH_ID`, `BATCH_TITLE`, `BATCH_DESC`, `ACTIVE_STATUS`, `CREATED_BY`, `CREATE_DATE`, `UPDATED_BY`, `UPDATE_DATE`) VALUES
(2, 'Batch 1', '', 1, 1, '2017-05-30 04:17:04', NULL, NULL),
(4, 'Batch 2', '', 1, 1, '2017-06-08 09:26:54', NULL, NULL),
(8, 'Batch 3', '', 1, 1, '2017-06-11 03:11:19', NULL, NULL),
(9, 'Batch 4', '', 1, 1, '2017-08-21 03:42:57', NULL, NULL),
(10, 'Batch 5', '', 1, 1, '2017-08-21 03:43:01', NULL, NULL),
(11, 'Batch 6', '', 1, 1, '2017-08-21 03:43:04', NULL, NULL),
(12, 'Batch 7', '', 1, 1, '2017-08-21 03:43:08', NULL, NULL),
(13, 'Batch 8', '', 1, 1, '2017-08-21 03:43:11', NULL, NULL),
(14, 'Batch 9', '', 1, 1, '2017-08-21 03:43:16', NULL, NULL),
(15, 'Batch 10', '', 1, 1, '2017-08-21 03:43:21', NULL, NULL),
(16, 'Batch 11', '', 1, 1, '2017-08-21 03:43:25', NULL, NULL),
(17, 'Batch 12', '', 1, 1, '2017-08-21 03:43:29', NULL, NULL),
(18, 'Batch 13', '', 1, 1, '2017-08-21 03:43:33', NULL, NULL);

-- --------------------------------------------------------

--
-- Table structure for table `aca_batch_prog`
--

CREATE TABLE IF NOT EXISTS `aca_batch_prog` (
  `BATCH_PROG_ID` bigint(14) NOT NULL AUTO_INCREMENT,
  `BATCH_ID` varchar(100) CHARACTER SET utf8 COLLATE utf8_croatian_ci NOT NULL,
  `PROGRAM_ID` int(11) NOT NULL,
  `YSESSION_ID` int(11) NOT NULL,
  `ACTIVE_STATUS` tinyint(1) DEFAULT '0',
  `CREATED_BY` int(11) DEFAULT NULL,
  `CREATE_DATE` timestamp NOT NULL DEFAULT CURRENT_TIMESTAMP,
  `UPDATED_BY` int(11) DEFAULT NULL,
  `UPDATE_DATE` datetime DEFAULT NULL,
  PRIMARY KEY (`BATCH_PROG_ID`)
) ENGINE=InnoDB  DEFAULT CHARSET=latin1 AUTO_INCREMENT=26 ;

--
-- Dumping data for table `aca_batch_prog`
--

INSERT INTO `aca_batch_prog` (`BATCH_PROG_ID`, `BATCH_ID`, `PROGRAM_ID`, `YSESSION_ID`, `ACTIVE_STATUS`, `CREATED_BY`, `CREATE_DATE`, `UPDATED_BY`, `UPDATE_DATE`) VALUES
(1, '2', 1, 1, 1, 15, '2017-06-21 08:08:35', NULL, NULL),
(2, '2', 2, 1, 1, 15, '2017-06-21 08:08:35', NULL, NULL),
(3, '2', 3, 1, 1, 15, '2017-06-21 08:08:35', NULL, NULL),
(4, '2', 4, 1, 1, 15, '2017-06-21 08:08:35', NULL, NULL),
(5, '2', 5, 1, 1, 15, '2017-06-21 08:08:35', NULL, NULL),
(6, '2', 6, 1, 1, 15, '2017-06-21 08:08:35', NULL, NULL),
(7, '2', 7, 1, 1, 15, '2017-06-21 08:08:35', NULL, NULL),
(8, '2', 8, 1, 1, 15, '2017-06-21 08:08:35', NULL, NULL),
(9, '2', 9, 1, 1, 15, '2017-06-21 08:08:35', NULL, NULL),
(10, '2', 10, 1, 1, 15, '2017-06-21 08:08:35', NULL, NULL),
(11, '2', 11, 1, 1, 15, '2017-06-21 08:08:35', NULL, NULL),
(12, '2', 12, 1, 1, 15, '2017-06-21 08:08:35', NULL, NULL),
(13, '2', 13, 1, 1, 15, '2017-06-21 08:08:35', NULL, NULL),
(14, '2', 14, 1, 1, 15, '2017-06-21 08:08:35', NULL, NULL),
(15, '2', 15, 1, 1, 15, '2017-06-21 08:08:35', NULL, NULL),
(16, '2', 16, 1, 1, 15, '2017-06-21 08:08:35', NULL, NULL),
(17, '2', 17, 1, 1, 15, '2017-06-21 08:08:35', NULL, NULL),
(18, '2', 18, 1, 1, 15, '2017-06-21 08:08:35', NULL, NULL),
(19, '2', 19, 1, 1, 15, '2017-06-21 08:08:35', NULL, NULL),
(20, '2', 20, 1, 1, 15, '2017-06-21 08:08:35', NULL, NULL),
(21, '2', 21, 1, 1, 15, '2017-06-21 08:08:35', NULL, NULL),
(22, '2', 22, 1, 1, 15, '2017-06-21 08:08:36', NULL, NULL),
(23, '2', 23, 1, 1, 15, '2017-06-21 08:08:36', NULL, NULL),
(24, '4', 2, 2, 1, 1, '2017-08-26 06:01:28', NULL, NULL),
(25, '4', 1, 2, 1, 1, '2017-08-28 08:42:03', NULL, NULL);

-- --------------------------------------------------------

--
-- Table structure for table `aca_course`
--

CREATE TABLE IF NOT EXISTS `aca_course` (
  `COURSE_ID` int(10) NOT NULL AUTO_INCREMENT,
  `DEPT_ID` tinyint(3) DEFAULT NULL,
  `COURSE_CODE` varchar(10) COLLATE utf8_croatian_ci NOT NULL,
  `COURSE_TITLE` varchar(200) COLLATE utf8_croatian_ci NOT NULL,
  `CREDIT` double NOT NULL,
  `COURSE_DESC` text CHARACTER SET latin1,
  `C_CAT_ID` int(11) NOT NULL COMMENT 'Data From Lookup',
  `BOOKS` text CHARACTER SET latin1,
  `TEACHING_METHOD` text CHARACTER SET latin1,
  `MISSION` text CHARACTER SET latin1,
  `VISION` text CHARACTER SET latin1,
  `OBJECTIVE` text CHARACTER SET latin1,
  `GLOBAL_FOR_INSTITUTE` tinyint(1) NOT NULL DEFAULT '0',
  `GLOBAL_FOR_FACULTY` tinyint(1) NOT NULL DEFAULT '0',
  `ACTIVE_STATUS` tinyint(1) DEFAULT NULL,
  `CREATED_BY` int(11) DEFAULT NULL,
  `CREATE_DATE` timestamp NOT NULL DEFAULT CURRENT_TIMESTAMP,
  `UPDATED_BY` int(11) DEFAULT NULL,
  `UPDATE_DATE` datetime DEFAULT NULL,
  PRIMARY KEY (`COURSE_ID`)
) ENGINE=InnoDB  DEFAULT CHARSET=utf8 COLLATE=utf8_croatian_ci AUTO_INCREMENT=866 ;

--
-- Dumping data for table `aca_course`
--

INSERT INTO `aca_course` (`COURSE_ID`, `DEPT_ID`, `COURSE_CODE`, `COURSE_TITLE`, `CREDIT`, `COURSE_DESC`, `C_CAT_ID`, `BOOKS`, `TEACHING_METHOD`, `MISSION`, `VISION`, `OBJECTIVE`, `GLOBAL_FOR_INSTITUTE`, `GLOBAL_FOR_FACULTY`, `ACTIVE_STATUS`, `CREATED_BY`, `CREATE_DATE`, `UPDATED_BY`, `UPDATE_DATE`) VALUES
(33, 10, 'ACT 302', 'Cost & Management Accounting', 3, '', 1, '', '', '', '', '', 0, 0, 1, 0, '2015-03-08 04:30:52', 1, '2017-06-08 08:35:45'),
(203, 10, 'ENG    421', 'English Language: Advanced Writing', 3, '', 2, '', '', '', '', '', 0, 0, 1, 0, '2015-04-01 06:18:35', 1, '2017-06-08 08:35:59'),
(290, 10, 'ACT 202', 'Principles of Accounting', 3, '', 1, '', '', '', '', '', 0, 0, 1, 1, '2015-09-17 04:49:25', 1, '2017-06-08 08:36:11'),
(296, 10, 'ENG 115', 'Advance English', 3, '', 2, '', '', '', '', '', 0, 0, 1, 1, '2015-09-17 04:58:35', 1, '2017-06-08 08:36:20'),
(311, 10, 'MGMT 310', 'Principles of Management', 3, '', 1, '', '', '', '', '', 0, 0, 1, 1, '2015-09-17 06:55:01', 1, '2017-06-08 08:36:36'),
(312, 10, 'ECON 200', 'Principles of Microeconomics', 3, '', 2, '', '', '', '', '', 0, 0, 1, 1, '2015-09-17 06:55:35', 1, '2017-06-21 08:03:03'),
(319, 10, 'MRKT-300', 'Principles of Marketing', 3, '', 1, '', '', '', '', '', 0, 0, 1, 1, '2015-09-17 07:01:20', 1, '2017-06-08 08:36:49'),
(320, 10, 'FIN-340', 'Principles Finance', 3, '', 1, '', '', '', '', '', 0, 0, 1, 1, '2015-09-17 07:01:49', 1, '2017-06-21 08:03:38'),
(334, 10, 'MIS-480', 'Accounting Information Systems', 3, '', 1, '', '', '', '', '', 0, 0, 1, 1, '2015-09-17 07:16:53', 1, '2017-06-08 08:37:07'),
(339, 10, 'BUS 202', 'Business Communication', 3, '', 3, '', '', '', '', '', 0, 0, 1, 1, '2015-09-17 08:32:02', 1, '2017-06-08 08:37:21'),
(340, 10, 'SS-101', 'Bangladesh Studies', 3, '<p>Bangladesh Studies<br></p>', 2, '', '', '', '', '', 0, 0, 1, 1, '2015-09-19 01:03:26', 1, '2017-06-08 08:37:37'),
(351, 10, 'CSE-101', 'Computer Fandamental', 3, '', 1, '', '', '', '', '', 0, 0, 1, 1, '2015-11-27 16:19:55', 1, '2017-06-21 08:03:52'),
(353, 10, 'MIS 101', 'Computer Application and Information Technology', 3, '', 8, '', '', '', '', '', 0, 0, 1, 1, '2015-11-27 16:21:38', 1, '2017-06-21 08:04:10'),
(358, 11, 'Eng 107', 'Reading & Grammar English', 2, '<p><br></p>', 1, '', '', '', '', '', 0, 0, 1, 1, '2015-12-20 21:40:57', 1, '2017-06-08 08:38:26'),
(359, 10, 'Soc 102', 'Bangladesh Studies', 3, '', 4, '', '', '', '', '', 0, 0, 1, 1, '2015-12-20 21:44:43', 1, '2017-06-08 08:38:35'),
(360, 10, 'MAT 101', 'Business Math-I', 3, '', 4, '', '', '', '', '', 0, 0, 1, 1, '2015-12-20 21:48:30', 1, '2017-06-08 08:38:45'),
(361, 10, 'BUS 101', 'Introduction to Business', 3, '', 1, '', '', '', '', '', 0, 0, 1, 1, '2015-12-20 21:50:00', 1, '2017-06-21 08:04:23'),
(362, 11, 'Eng 103', 'Listening & Spoken English', 2, '', 2, '', '', '', '', '', 0, 0, 1, 1, '2015-12-20 21:51:30', 1, '2017-06-08 08:38:56'),
(363, 10, 'STS 101', 'Business Stat I', 3, '', 4, '', '', '', '', '', 0, 0, 1, 1, '2015-12-20 21:52:40', 1, '2017-06-21 08:04:31'),
(364, 10, 'MGT 202', 'Principles of Management', 3, '', 1, '', '', '', '', '', 0, 0, 1, 1, '2015-12-20 21:54:57', 1, '2017-06-08 08:39:04'),
(365, 3, 'ENG 111', 'Writing English', 2, '', 2, '', '', '', '', '', 0, 0, 1, 1, '2015-12-20 21:56:07', 1, '2017-06-21 06:04:20'),
(366, 10, 'FIN 201', 'Principles of Finance', 3, '', 1, '', '', '', '', '', 0, 0, 1, 1, '2015-12-20 21:57:04', 1, '2017-06-08 08:39:16'),
(367, 10, 'ECO 101', 'Microeconomics', 3, '', 4, '', '', '', '', '', 0, 0, 1, 1, '2015-12-20 21:57:55', 1, '2017-06-21 08:04:46'),
(368, 10, 'MKT 201', 'Principles of Marketing', 3, '', 1, '', '', '', '', '', 0, 0, 1, 1, '2015-12-20 21:58:51', 1, '2017-06-08 08:39:30'),
(369, 10, 'HRM 302', 'Human Resource Management', 3, '', 6, '', '', '', '', '', 0, 0, 1, 1, '2015-12-20 22:00:34', 1, '2017-06-21 08:06:54'),
(370, 10, 'CIM 101', 'Introduction to Computer', 3, '', 4, '', '', '', '', '', 0, 0, 1, 1, '2015-12-20 22:01:27', 1, '2017-06-21 08:04:57'),
(371, 10, 'MAT 201', 'Business Math II', 3, '', 4, '', '', '', '', '', 0, 0, 1, 1, '2015-12-20 22:02:15', 1, '2017-06-08 08:39:38'),
(372, 10, 'SOC 101', 'Introduction to Sociology', 3, '', 2, '', '', '', '', '', 0, 0, 1, 1, '2015-12-20 22:03:11', 1, '2017-06-21 08:06:06'),
(373, 10, 'ECO 201', 'Macroeconomics', 3, '', 4, '', '', '', '', '', 0, 0, 1, 1, '2015-12-20 22:04:04', 1, '2017-06-21 08:07:07'),
(374, 10, 'ECO 302', 'Money & Banking', 3, '', 1, '', '', '', '', '', 0, 0, 1, 1, '2015-12-20 22:04:50', 1, '2017-06-08 08:39:52'),
(375, 10, 'HUM 201', 'Values & Ethics', 3, '', 2, '', '', '', '', '', 0, 0, 1, 1, '2015-12-20 22:06:26', 1, '2017-06-21 08:06:22'),
(376, 10, 'CIM 102', 'Computer application & E-Business', 3, '', 4, '', '', '', '', '', 0, 0, 1, 1, '2015-12-20 22:07:13', 1, '2017-06-21 08:06:38'),
(377, 1, 'MGT 201', 'Organizational Behavior', 3, '', 1, '', '', '', '', '', 0, 0, 1, 1, '2015-12-20 22:08:01', 1, '2017-10-02 12:36:52'),
(378, 10, 'STS 201', 'Business Stat II', 3, '', 1, '', '', '', '', '', 0, 0, 1, 1, '2015-12-20 22:08:42', 1, '2017-06-08 08:40:05'),
(379, 10, 'NSE 204', 'Introduction to Geography', 3, '', 2, '', '', '', '', '', 0, 0, 1, 1, '2015-12-20 22:09:23', 1, '2017-06-21 08:07:20'),
(380, 1, 'BUS 303', 'International Business', 3, '', 1, '', '', '', '', '', 0, 0, 1, 1, '2015-12-20 22:10:59', 1, '2017-10-02 12:37:02'),
(381, 10, 'FIN 301', 'Financial Management', 3, '', 6, '', '', '', '', '', 0, 0, 1, 1, '2015-12-20 22:11:35', 1, '2017-06-08 08:40:18'),
(382, 3, 'SOC 103', 'World Civilization', 3, '', 2, '', '', '', '', '', 0, 0, 1, 1, '2015-12-20 22:12:15', 1, '2017-06-21 06:04:42'),
(383, 1, 'OPM 301', 'Operations Management', 3, '', 6, '', '', '', '', '', 0, 0, 1, 1, '2015-12-20 22:12:54', 1, '2017-10-02 12:37:16'),
(384, 3, 'MKT 301', 'Marketing Management', 3, '', 6, '', '', '', '', '', 0, 0, 1, 1, '2015-12-20 22:13:35', 1, '2017-06-21 06:05:02'),
(385, 1, 'CIM 301', 'MIS', 3, '', 1, '', '', '', '', '', 0, 0, 1, 1, '2015-12-20 22:14:10', 1, '2017-10-02 12:37:26'),
(386, 2, 'ECO 301', 'Sustainable Development & Environment', 3, '', 2, '', '', '', '', '', 0, 0, 1, 1, '2015-12-20 22:14:48', 1, '2017-06-12 08:24:36'),
(387, 2, 'BUS 304', 'Entrepreneurship Development', 3, '', 1, '', '', '', '', '', 0, 0, 1, 1, '2015-12-20 22:15:27', 1, '2017-06-12 08:26:15'),
(388, 2, 'BUS302', 'Business Research Methods', 3, '', 1, '', '', '', '', '', 0, 0, 1, 1, '2015-12-20 22:16:06', 1, '2017-06-12 08:24:51'),
(389, 2, 'BUS 301', 'Business Law', 3, '', 1, '', '', '', '', '', 0, 0, 1, 1, '2015-12-20 22:16:43', 1, '2017-06-12 08:25:03'),
(390, 2, 'MGT 401', 'Project Management ', 3, '', 1, '', '', '', '', '', 0, 0, 1, 1, '2015-12-20 22:17:39', 1, '2017-06-12 08:25:15'),
(391, 2, 'MGT 402', 'Business Strategy', 3, '', 5, '', '', '', '', '', 0, 0, 1, 1, '2015-12-20 22:18:24', 1, '2017-06-12 08:26:05'),
(392, 2, 'MGT 501', 'Principles of Management ', 3, '', 4, '', '', '', '', '', 0, 0, 1, 1, '2015-12-21 21:53:56', 1, '2017-06-12 08:25:26'),
(393, 2, 'ACT 507', 'Principles of Accounting ', 3, '', 4, '', '', '', '', '', 0, 0, 1, 1, '2015-12-21 21:54:50', 1, '2017-06-12 08:26:24'),
(394, 2, 'MAT 503', 'Business Mathematics', 3, '', 4, '', '', '', '', '', 0, 0, 1, 1, '2015-12-21 21:55:35', 1, '2017-06-12 08:25:38'),
(395, 2, 'BUS 511', 'Business Communication', 3, '', 4, '', '', '', '', '', 0, 0, 1, 1, '2015-12-21 21:56:13', 1, '2017-06-12 08:25:49'),
(396, 3, 'STS 509', 'Business Statistics', 3, '', 4, '', '', '', '', '', 0, 0, 1, 1, '2015-12-21 21:56:55', 1, '2017-06-21 06:07:50'),
(397, 1, 'HRM 517', 'Human Resource Management', 3, '', 1, '', '', '', '', '', 0, 0, 1, 1, '2015-12-21 21:57:42', 1, '2017-10-02 12:37:38'),
(398, 3, 'MGT 529', 'Operations Management', 3, '', 1, '', '', '', '', '', 0, 0, 1, 1, '2015-12-21 21:58:22', 1, '2017-06-21 06:08:13'),
(399, 3, 'BUS 541', 'Advanced Research Methods', 3, '', 4, '', '', '', '', '', 0, 0, 1, 1, '2015-12-21 21:59:06', 1, '2017-06-21 06:08:22'),
(400, 3, 'MIS 505', 'Computer Applications in Business', 3, '', 4, '', '', '', '', '', 0, 0, 1, 1, '2015-12-21 21:59:51', 1, '2017-06-21 06:08:29'),
(401, 3, 'MGT 525', 'Organization Behavior', 3, '', 1, '', '', '', '', '', 0, 0, 1, 1, '2015-12-21 22:01:54', 1, '2017-06-21 06:08:36'),
(402, 1, 'ECO 515', 'Managerial Economics ', 3, '', 4, '', '', '', '', '', 0, 0, 1, 1, '2015-12-21 22:02:31', 1, '2017-10-02 12:37:49'),
(403, 3, 'MGT 537', 'Project Management', 3, '', 5, '', '', '', '', '', 0, 0, 1, 1, '2015-12-21 22:03:49', 1, '2017-06-21 06:08:47'),
(404, 3, 'HRM 551', 'Manpower Planning & Forecasting', 3, '', 1, '', '', '', '', '', 0, 0, 1, 1, '2015-12-21 22:07:34', 1, '2017-06-21 06:08:56'),
(405, 3, 'HRM 553', 'Industrial Relations', 3, '', 1, '', '', '', '', '', 0, 0, 1, 1, '2015-12-21 22:08:17', 1, '2017-06-21 06:09:07'),
(406, 3, 'HRM 555', 'Compensation Management', 3, '', 1, '', '', '', '', '', 0, 0, 1, 1, '2015-12-21 22:09:01', 1, '2017-06-21 06:09:14'),
(407, 1, 'CSE 101', 'Introduction to Computers', 3, '', 7, '', '', '', '', '', 0, 0, 1, 1, '2015-12-23 16:09:23', 1, '2017-10-02 12:37:59'),
(408, 3, 'ENG 100', 'Spoken English', 3, '', 7, '', '', '', '', '', 0, 0, 1, 1, '2015-12-23 16:10:45', 1, '2017-06-21 06:09:22'),
(409, 3, 'GEN 201', 'Bangladesh Studies', 3, '', 7, '', '', '', '', '', 0, 0, 1, 1, '2015-12-23 16:11:23', 1, '2017-06-21 06:09:29'),
(410, 3, 'MIS-101-L', 'Computer Application and Information Technology (Lab)', 1, '', 8, '', '', '', '', '', 0, 0, 1, 1, '2015-12-23 16:15:33', 1, '2017-06-21 06:09:36'),
(411, 3, 'MATH-100', 'Mathematics for Business', 3, '', 7, '', '', '', '', '', 0, 0, 1, 1, '2015-12-23 16:16:59', 1, '2017-06-21 06:09:48'),
(412, 3, 'BUS-202', 'Introduction to Business', 3, '', 9, '', '', '', '', '', 0, 0, 1, 1, '2015-12-23 16:18:09', 1, '2017-06-21 06:09:58'),
(413, 1, 'ENG-101', 'Basic English', 3, '', 9, '', '', '', '', '', 0, 0, 1, 1, '2015-12-23 16:18:48', 1, '2017-06-12 05:35:19'),
(414, 3, 'ENG-102', 'Composition and Communication Skills', 3, '', 7, '', '', '', '', '', 0, 0, 1, 1, '2015-12-23 16:19:30', 1, '2017-06-21 06:10:12'),
(415, 1, 'MIS 401', 'Structural Programming Using C', 3, '', 8, '', '', '', '', '', 0, 0, 1, 1, '2015-12-23 16:20:20', 1, '2017-06-12 05:35:58'),
(416, 1, 'MIS 401-L', 'Structural Programming Using C (Lab)', 1, '', 8, '', '', '', '', '', 0, 0, 1, 1, '2015-12-23 16:21:00', 1, '2017-06-12 05:36:10'),
(417, 1, 'MIS-301', 'Introduction to Management Information Systems', 3, '', 8, '', '', '', '', '', 0, 0, 1, 1, '2015-12-23 16:23:37', 1, '2017-06-12 05:36:21'),
(418, 1, 'MIS-301-L', 'Introduction to Management Information Systems (Lab)', 1, '', 8, '', '', '', '', '', 0, 0, 1, 1, '2015-12-23 16:25:04', 1, '2017-06-12 05:36:31'),
(419, 3, 'MBL-101', 'General Microbiology', 4, '', 3, '', '', '', '', '', 0, 0, 1, 1, '2015-12-23 16:27:52', 1, '2017-06-21 06:10:22'),
(420, 3, 'MBL-102', 'Microbial Ecology', 2, '', 3, '', '', '', '', '', 0, 0, 1, 1, '2015-12-23 16:29:19', 1, '2017-06-21 06:10:29'),
(421, 3, 'MGMT 310', 'Principles of Management', 3, '', 9, '', '', '', '', '', 0, 0, 1, 1, '2015-12-23 16:29:29', 1, '2017-06-21 06:10:40'),
(422, 3, 'MBL-103', 'Basic Techniques in Microbiology', 2, '', 3, '', '', '', '', '', 0, 0, 1, 1, '2015-12-23 16:30:47', 1, '2017-06-21 06:11:33'),
(423, 1, 'ECON 200', 'Principles of Microeconomics', 3, '', 9, '', '', '', '', '', 0, 0, 1, 1, '2015-12-23 16:30:56', 1, '2017-06-12 05:35:02'),
(424, 1, 'MIS-410', 'Business Database Systems', 3, '', 8, '', '', '', '', '', 0, 0, 1, 1, '2015-12-23 16:31:34', 1, '2017-06-12 05:36:52'),
(425, 1, 'MIS-410-L', 'Business Database Systems (Lab)', 1, '', 8, '', '', '', '', '', 0, 0, 1, 1, '2015-12-23 16:32:13', 1, '2017-06-12 05:37:07'),
(426, 3, 'MBL-104', 'English Composition and Application (elective)', 2, '', 3, '', '', '', '', '', 0, 0, 1, 1, '2015-12-23 16:32:15', 1, '2017-06-21 06:11:41'),
(427, 3, 'MIS-402', 'Information System Analysis and Design', 3, '', 8, '', '', '', '', '', 0, 0, 1, 1, '2015-12-23 16:32:50', 1, '2017-06-21 06:11:49'),
(428, 3, 'MBL-105', 'Practical', 2, '', 3, '', '', '', '', '', 0, 0, 1, 1, '2015-12-23 16:33:01', 1, '2017-06-21 06:11:57'),
(429, 1, 'MIS-402-L', 'Information System Analysis and Design (Lab)', 1, '', 8, '', '', '', '', '', 0, 0, 1, 1, '2015-12-23 16:34:01', 1, '2017-10-02 12:38:12'),
(430, 3, 'ECON-210', 'Principles of Macro Economics', 3, '', 9, '', '', '', '', '', 0, 0, 1, 1, '2015-12-23 16:34:55', 1, '2017-06-21 06:12:04'),
(431, 3, 'ACCT-200', 'Principles to Accounting', 3, '', 9, '', '', '', '', '', 0, 0, 1, 1, '2015-12-23 16:36:05', 1, '2017-06-21 06:12:14'),
(432, 1, 'MBL-201', 'Microbial Chemistry', 2, '', 3, '', '', '', '', '', 0, 0, 1, 1, '2015-12-23 16:36:54', 1, '2017-10-02 12:38:35'),
(433, 3, 'MATH – 200', 'Statistics for Business', 3, '', 9, '', '', '', '', '', 0, 0, 1, 1, '2015-12-23 16:37:50', 1, '2017-06-21 06:12:27'),
(434, 3, 'MBL-202', 'Microbial Metabolism', 4, '', 3, '', '', '', '', '', 0, 0, 1, 1, '2015-12-23 16:38:11', 1, '2017-06-21 06:12:42'),
(435, 1, 'MIS-403', 'Object Oriented Programming and Modeling ', 3, '<blockquote style="margin: 0 0 0 40px; border: none; padding: 0px;"><blockquote style="margin: 0 0 0 40px; border: none; padding: 0px;"><blockquote style="margin: 0 0 0 40px; border: none; padding: 0px;"><blockquote style="margin: 0 0 0 40px; border: none; padding: 0px;"><blockquote style="margin: 0 0 0 40px; border: none; padding: 0px;"><blockquote style="margin: 0 0 0 40px; border: none; padding: 0px;"><blockquote style="margin: 0 0 0 40px; border: none; padding: 0px;"><blockquote style="margin: 0 0 0 40px; border: none; padding: 0px;"><blockquote style="margin: 0 0 0 40px; border: none; padding: 0px;"><blockquote style="margin: 0 0 0 40px; border: none; padding: 0px;"><blockquote style="margin: 0 0 0 40px; border: none; padding: 0px;"><blockquote style="margin: 0 0 0 40px; border: none; padding: 0px;"><blockquote style="margin: 0 0 0 40px; border: none; padding: 0px;"><blockquote style="margin: 0 0 0 40px; border: none; padding: 0px;"><p><blockquote style="margin: 0 0 0 40px; border: none; padding: 0px;"><p>3<br></p></blockquote></p></blockquote></blockquote></blockquote></blockquote></blockquote></blockquote></blockquote></blockquote></blockquote></blockquote></blockquote></blockquote></blockquote></blockquote>', 8, '', '', '', '', '', 0, 0, 1, 1, '2015-12-23 16:39:10', 1, '2017-10-02 12:22:25'),
(436, 1, 'MBL-203', 'Basic Biochemistry', 4, '', 3, '', '', '', '', '', 0, 0, 1, 1, '2015-12-23 16:39:17', 1, '2017-10-02 12:22:34'),
(437, 1, 'MIS-403-L', 'Object Oriented Programming and Modeling  (Lab)', 1, '', 8, '', '', '', '', '', 0, 0, 1, 1, '2015-12-23 16:39:42', 1, '2017-10-02 12:22:46'),
(438, 1, 'MBL-204', 'Computer Application', 2, '', 3, '', '', '', '', '', 0, 0, 1, 1, '2015-12-23 16:40:08', 1, '2017-10-02 12:22:55'),
(439, 1, 'MRKT-300', 'Principles of Marketing', 3, '', 9, '', '', '', '', '', 0, 0, 1, 1, '2015-12-23 16:40:20', 1, '2017-10-02 12:38:51'),
(440, 1, 'FIN-340', 'Principles Finance', 3, '', 9, '', '', '', '', '', 0, 0, 1, 1, '2015-12-23 16:40:57', 1, '2017-10-02 12:23:14'),
(441, 1, 'MBL-205', 'Fundamental Chemistry (elective)', 4, '', 3, '', '', '', '', '', 0, 0, 1, 1, '2015-12-23 16:41:19', 1, '2017-10-02 12:23:23'),
(442, 1, 'MIS- 405', 'Operating Systems', 3, '', 8, '', '', '', '', '', 0, 0, 1, 1, '2015-12-23 16:41:43', 1, '2017-06-12 05:37:32'),
(443, 1, 'MBL-206', 'Viva-voce', 2, '', 3, '', '', '', '', '', 0, 0, 1, 1, '2015-12-23 16:41:59', 1, '2017-10-02 12:39:03'),
(444, 1, 'MIS- 405-L', 'Operating Systems (Lab)', 1, '', 8, '', '', '', '', '', 0, 0, 1, 1, '2015-12-23 16:42:13', 1, '2017-06-12 05:37:23'),
(445, 1, 'MIS -305', 'Enterprise Information Systems', 3, '', 8, '', '', '', '', '', 0, 0, 1, 1, '2015-12-23 16:42:46', 1, '2017-10-02 12:23:53'),
(446, 1, 'MBL-301', 'Bacteriology', 3, '', 3, '', '', '', '', '', 0, 0, 1, 1, '2015-12-23 16:42:55', 1, '2017-10-02 12:24:01'),
(447, 1, 'MIS -305-L', 'Enterprise Information Systems (Lab)', 3, '', 8, '', '', '', '', '', 0, 0, 1, 1, '2015-12-23 16:43:20', 1, '2017-10-02 12:24:08'),
(448, 1, 'MBL-302', 'Virology', 4, '', 3, '', '', '', '', '', 0, 0, 1, 1, '2015-12-23 16:43:25', 1, '2017-10-02 12:24:15'),
(449, 1, 'BUS -313', 'Business Communications', 3, '', 9, '', '', '', '', '', 0, 0, 1, 1, '2015-12-23 16:43:54', 1, '2017-10-02 12:26:50'),
(450, 1, 'MBL-303', 'Mycology', 4, '', 3, '', '', '', '', '', 0, 0, 1, 1, '2015-12-23 16:44:00', 1, '2017-10-02 12:24:34'),
(451, 1, 'MIS-406', 'Relational Database Management Systems', 3, '', 8, '', '', '', '', '', 0, 0, 1, 1, '2015-12-23 16:44:56', 1, '2017-10-02 12:26:58'),
(452, 1, 'MBL-304', 'Microbial and Molecular Genetics', 3, '', 3, '', '', '', '', '', 0, 0, 1, 1, '2015-12-23 16:45:04', 1, '2017-10-02 12:24:43'),
(453, 1, 'MBL-305', 'Practical', 2, '', 3, '', '', '', '', '', 0, 0, 1, 1, '2015-12-23 16:45:41', 1, '2017-10-02 12:27:07'),
(454, 24, 'MBL-306', 'Viva-voce', 2, '', 3, '', '', '', '', '', 0, 0, 1, 1, '2015-12-23 16:46:15', 31, '2016-02-14 07:08:41'),
(455, 27, 'MIS-406-L', 'Relational Database Management Systems (Lab)', 1, '', 8, '', '', '', '', '', 0, 0, 1, 1, '2015-12-23 16:47:11', 1, '2016-01-17 08:08:41'),
(456, 24, 'MBL-401', 'Immunology', 3, '', 3, '', '', '', '', '', 0, 0, 1, 1, '2015-12-23 16:47:12', 31, '2016-02-14 07:08:41'),
(457, 1, 'BUS-360', 'Business Research Methods', 3, '', 9, '', '', '', '', '', 0, 0, 1, 1, '2015-12-23 16:47:52', 1, '2017-10-02 12:25:03'),
(458, 1, 'MBL-402', 'Pharmaceutical Microbiology', 2, '', 3, '', '', '', '', '', 0, 0, 1, 1, '2015-12-23 16:48:14', 1, '2017-10-02 12:27:18'),
(459, 27, 'HRM-312', 'Human Resource Management', 3, '', 9, '', '', '', '', '', 0, 0, 1, 1, '2015-12-23 16:48:42', 1, '2016-01-17 08:08:41'),
(460, 25, 'MBL-402', 'Pharmaceutical Microbiology', 2, '', 3, '', '', '', '', '', 0, 0, 1, 1, '2015-12-23 16:49:30', 1, '2016-01-17 08:04:20'),
(461, 1, 'MIS-404', 'Networking and Operating Systems', 3, '', 8, '', '', '', '', '', 0, 0, 1, 1, '2015-12-23 16:49:53', 1, '2017-10-02 12:27:49'),
(462, 24, 'MBL-403', 'Enzymology', 2, '', 3, '', '', '', '', '', 0, 0, 1, 1, '2015-12-23 16:50:11', 31, '2016-02-14 07:08:41'),
(463, 1, 'MIS-404-L', 'Networking and Operating Systems (Lab)', 1, '', 8, '', '', '', '', '', 0, 0, 1, 1, '2015-12-23 16:50:25', 1, '2017-10-02 12:25:11'),
(464, 24, 'MBL-404', 'Food Microbiology', 3, '', 3, '', '', '', '', '', 0, 0, 1, 1, '2015-12-23 16:50:53', 31, '2016-02-14 07:08:41'),
(465, 24, 'MBL-405', 'Practical', 2, '', 3, '', '', '', '', '', 0, 0, 1, 1, '2015-12-23 16:51:21', 31, '2016-02-14 07:08:41'),
(466, 27, 'ITB-350', 'International Business', 3, '', 9, '', '', '', '', '', 0, 0, 1, 1, '2015-12-23 16:51:46', 1, '2016-01-17 08:08:41'),
(467, 24, 'MBL-406', 'Viva-voce', 2, '', 3, '', '', '', '', '', 0, 0, 1, 1, '2015-12-23 16:51:54', 31, '2016-02-14 07:08:41'),
(468, 1, 'MGMT-330', 'Operations Management', 3, '', 9, '', '', '', '', '', 0, 0, 1, 1, '2015-12-23 16:52:22', 1, '2017-10-02 12:25:27'),
(469, 24, 'MBL-501', 'Immunology-II', 4, '', 3, '', '', '', '', '', 0, 0, 1, 1, '2015-12-23 16:53:34', 31, '2016-02-14 07:08:41'),
(470, 27, 'MIS-409', 'Client Server Administration', 3, '', 8, '', '', '', '', '', 0, 0, 1, 1, '2015-12-23 16:53:55', 1, '2016-01-17 08:08:41'),
(471, 24, 'MBL-502', 'Agriculture Microbiology', 2, '', 3, '', '', '', '', '', 0, 0, 1, 1, '2015-12-23 16:54:27', 31, '2016-02-14 07:08:41'),
(472, 27, 'MIS-409-L', 'Client Server Administration (Lab)', 1, '', 8, '', '', '', '', '', 0, 0, 1, 1, '2015-12-23 16:54:30', 1, '2016-01-17 08:08:41'),
(473, 27, 'HRM-310', 'Organizational Behavior', 3, '', 9, '', '', '', '', '', 0, 0, 1, 1, '2015-12-23 16:55:01', 1, '2016-01-17 08:08:41'),
(474, 27, 'LS-311', 'Legal Environment of Business', 3, '<blockquote style="margin: 0 0 0 40px; border: none; padding: 0px;"><p><blockquote style="margin: 0 0 0 40px; border: none; padding: 0px;"><p><br></p></blockquote></p></blockquote>', 9, '', '', '', '', '', 0, 0, 1, 1, '2015-12-23 16:55:40', 1, '2016-01-17 08:08:41'),
(475, 24, 'MBL-503', 'Industrial Microbiology', 2, '', 3, '', '', '', '', '', 0, 0, 1, 1, '2015-12-23 16:55:57', 31, '2016-02-14 07:08:41'),
(476, 27, 'MIS-419', 'E-Commerce and Web Programming ', 3, '', 8, '', '', '', '', '', 0, 0, 1, 1, '2015-12-23 16:56:34', 1, '2016-01-17 08:08:42'),
(477, 24, 'MBL-504', 'Environmental Microbiology', 3, '', 3, '', '', '', '', '', 0, 0, 1, 1, '2015-12-23 16:56:58', 31, '2016-02-14 07:08:42'),
(478, 27, 'MIS-419-L', 'E-Commerce and Web Programming (Lab)', 1, '', 8, '', '', '', '', '', 0, 0, 1, 1, '2015-12-23 16:57:21', 1, '2016-01-17 08:08:42'),
(479, 24, 'MBL-505', 'Human Physiology', 3, '', 3, '', '', '', '', '', 0, 0, 1, 1, '2015-12-23 16:58:10', 31, '2016-02-14 07:08:42'),
(480, 24, 'MBL-506', 'Practical ', 2, '', 3, '', '', '', '', '', 0, 0, 1, 1, '2015-12-23 16:58:45', 31, '2016-02-14 07:08:42'),
(481, 24, 'MBL-507', 'Viva-voce', 2, '', 3, '', '', '', '', '', 0, 0, 1, 1, '2015-12-23 16:59:45', 31, '2016-02-14 07:08:42'),
(482, 1, 'BUS-498', 'Research Project/Internship (Documentation) ', 3, '', 11, '', '', '', '', '', 0, 0, 1, 1, '2015-12-23 17:00:39', 1, '2017-10-02 12:26:12'),
(483, 1, 'MBL-601', 'Biotechnology', 4, '', 3, '', '', '', '', '', 0, 0, 1, 1, '2015-12-23 17:00:48', 1, '2017-10-02 12:26:20'),
(484, 27, 'MGMT-440', 'Strategic Management', 3, '', 9, '', '', '', '', '', 0, 0, 1, 1, '2015-12-23 17:01:18', 1, '2016-01-17 08:08:42'),
(485, 1, 'MBL-602', 'Genetic Engineering', 2, '', 3, '', '', '', '', '', 0, 0, 1, 1, '2015-12-23 17:01:34', 1, '2017-10-02 12:26:26'),
(486, 1, 'MBL-603', 'Environmental Pollution and Bioremediation', 4, '', 3, '', '', '', '', '', 0, 0, 1, 1, '2015-12-23 17:02:43', 1, '2017-10-02 12:39:28'),
(487, 1, 'MBL-604', 'Microbiology of frozen Food', 2, '', 3, '', '', '', '', '', 0, 0, 1, 1, '2015-12-23 17:03:34', 1, '2017-10-02 12:39:50'),
(488, 1, 'MBL-605', 'Biostatistics', 4, '', 3, '', '', '', '', '', 0, 0, 1, 1, '2015-12-23 17:04:23', 1, '2017-10-02 12:40:08'),
(489, 1, 'BUS-499', 'Research Project/Internship (Project Work)', 1, '', 11, '', '', '', '', '', 0, 0, 1, 1, '2015-12-23 17:04:36', 1, '2017-10-02 12:40:22'),
(490, 1, 'MBL-606', 'Practical', 2, '', 3, '', '', '', '', '', 0, 0, 1, 1, '2015-12-23 17:05:04', 1, '2017-10-02 12:40:33'),
(491, 1, 'MIS-480', 'Accounting Information Systems', 3, '', 10, '', '', '', '', '', 0, 0, 1, 1, '2015-12-23 17:05:32', 1, '2017-10-02 12:40:45'),
(492, 24, 'MBL-607', 'Viva-voce', 2, '', 3, '', '', '', '', '', 0, 0, 1, 1, '2015-12-23 17:05:37', 31, '2016-02-14 07:08:42'),
(493, 1, 'MIS-490', 'Decision Support Systems', 3, '', 10, '', '', '', '', '', 0, 0, 1, 1, '2015-12-23 17:06:10', 1, '2017-10-02 12:40:58'),
(494, 24, 'MBL-701', 'Medical Microbiology and Zoonosis', 3, '', 3, '', '', '', '', '', 0, 0, 1, 1, '2015-12-23 17:06:59', 31, '2016-02-14 07:08:42'),
(495, 24, 'MBL-702', 'Fermentation Technology', 3, '', 3, '', '', '', '', '', 0, 0, 1, 1, '2015-12-23 17:08:11', 31, '2016-02-14 07:08:42'),
(496, 27, 'MIS-491', 'Rapid Application Development', 3, '', 10, '', '', '', '', '', 0, 0, 1, 1, '2015-12-23 17:09:12', 1, '2016-01-17 08:08:42'),
(497, 24, 'MBL-703', 'Quality Control of Food, Fish and Beverage', 2, '', 3, '', '', '', '', '', 0, 0, 1, 1, '2015-12-23 17:12:31', 31, '2016-02-14 07:08:42'),
(498, 1, 'MBL-704', 'problem based Learning-1(HIV,Hepatitis-B,C,STD etc)', 2, '', 3, '', '', '', '', '', 0, 0, 1, 1, '2015-12-23 17:13:33', 1, '2017-10-02 12:41:06'),
(499, 24, 'MBL-705', 'Industry Visit and Practical', 2, '', 3, '', '', '', '', '', 0, 0, 1, 1, '2015-12-23 17:16:32', 31, '2016-02-14 07:08:42'),
(500, 24, 'MBL-801', 'Analytical Microbiology', 4, '', 3, '', '', '', '', '', 0, 0, 1, 1, '2015-12-23 17:43:50', 31, '2016-02-14 07:08:42'),
(501, 24, 'MBL-802', 'Clinical and Medical Microbiology', 2, '', 3, '', '', '', '', '', 0, 0, 1, 1, '2015-12-23 17:45:15', 31, '2016-02-14 07:08:42'),
(502, 24, 'MBL-803', 'Clinical Pharmacology and Pharmacy', 2, '', 3, '', '', '', '', '', 0, 0, 1, 1, '2015-12-23 17:46:13', 31, '2016-02-14 07:08:42'),
(503, 24, 'MBL-804', 'Problem based Learning-2', 2, '', 3, '', '', '', '', '', 0, 0, 1, 1, '2015-12-23 17:47:10', 31, '2016-02-14 07:08:42'),
(504, 24, 'MBL-805', 'Research Project', 2, '', 3, '', '', '', '', '', 0, 0, 1, 1, '2015-12-23 17:48:56', 31, '2016-02-14 07:08:42'),
(505, 24, 'MBL-806', 'Practical and Visit to Diagnostic Laboratory', 2, '', 3, '', '', '', '', '', 0, 0, 1, 1, '2015-12-23 17:50:21', 31, '2016-02-14 07:08:43'),
(506, 24, 'MBL-807', 'Viva-voce', 2, '', 3, '', '', '', '', '', 0, 0, 1, 1, '2015-12-23 17:50:57', 31, '2016-02-14 07:08:43'),
(508, 28, 'ENG 111', 'Basic English Language Skills ', 3, '', 3, '', '', '', '', '', 0, 0, 1, 1, '2015-12-23 18:43:51', 31, '2016-02-14 09:19:41'),
(509, 28, 'ENG 112', 'Speaking and Listening', 3, '', 3, '', '', '', '', '', 0, 0, 1, 1, '2015-12-23 18:44:52', 31, '2016-02-14 09:19:41'),
(510, 28, 'ENG   113', 'Introduction to English Poetry', 3, '', 3, '', '', '', '', '', 0, 0, 1, 1, '2015-12-23 18:45:40', 31, '2016-02-14 09:19:41'),
(511, 28, 'ENG   114', 'Introduction to English Literature ', 3, '', 3, '', '', '', '', '', 0, 0, 1, 1, '2015-12-23 18:46:12', 31, '2016-02-14 09:19:41'),
(512, 28, 'ENG    131', 'English Language : Writing Skills', 3, '', 3, '', '', '', '', '', 0, 0, 1, 1, '2015-12-23 18:46:48', 31, '2016-02-14 09:19:41'),
(513, 28, 'ENG    132', 'Introduction to English Literature : Drama', 3, '', 3, '', '', '', '', '', 0, 0, 1, 1, '2015-12-23 18:47:20', 31, '2016-02-14 09:19:41'),
(514, 28, 'ENG    133', 'Bangladesh Studies', 3, '', 3, '', '', '', '', '', 0, 0, 1, 1, '2015-12-23 18:48:04', 31, '2016-02-14 09:19:41'),
(515, 28, 'ENG    134', 'English Language: Reading Skills', 3, '', 3, '', '', '', '', '', 0, 0, 1, 1, '2015-12-23 18:48:35', 31, '2016-02-14 09:19:41'),
(516, 28, 'ENG 135', 'History of English Literature', 3, '', 3, '', '', '', '', '', 0, 0, 1, 1, '2015-12-23 18:49:13', 31, '2016-02-14 09:19:41'),
(517, 28, 'ENG    211', 'Introduction to English Linguistics', 3, '', 3, '', '', '', '', '', 0, 0, 1, 1, '2015-12-23 18:51:32', 31, '2016-02-14 09:19:41'),
(518, 28, 'ENG    212', 'Introduction to English Literature : Non-Fiction', 3, '', 3, '', '', '', '', '', 0, 0, 1, 1, '2015-12-23 18:52:19', 31, '2016-02-14 09:19:41'),
(519, 25, 'CCT 1101', 'Computer & Communication Techniques', 2, '', 3, '', '', '', '', '', 0, 0, 1, 1, '2015-12-23 18:53:19', 1, '2016-01-17 08:04:20'),
(520, 28, 'ENG 213', 'Introduction to Economics', 3, '', 3, '', '', '', '', '', 0, 0, 1, 1, '2015-12-23 18:53:41', 31, '2016-02-14 09:19:41'),
(521, 25, 'BSM 1102', 'Biostatistics & Mathematics', 3, '', 3, '', '', '', '', '', 0, 0, 1, 1, '2015-12-23 18:53:56', 1, '2016-01-17 08:04:21'),
(522, 28, 'ENG    214', 'English Phonetics and Phonology', 3, '', 3, '', '', '', '', '', 0, 0, 1, 1, '2015-12-23 18:54:18', 31, '2016-02-14 09:19:41'),
(523, 25, 'ENG 1103', 'Communicative English', 2, '', 3, '', '', '', '', '', 0, 0, 1, 1, '2015-12-23 18:54:35', 1, '2016-01-17 08:04:21'),
(524, 28, 'ENG    231', 'English Language : Critical Reading', 3, '', 3, '', '', '', '', '', 0, 0, 1, 1, '2015-12-23 18:55:00', 31, '2016-02-14 09:19:41'),
(525, 25, 'BPH 1101', 'Pharmacognosy', 3, '', 3, '', '', '', '', '', 0, 0, 1, 1, '2015-12-23 18:55:10', 1, '2016-01-17 08:04:21'),
(526, 28, 'ENG    232', 'Romantic Literature (Poetry)', 3, '', 3, '', '', '', '', '', 0, 0, 1, 1, '2015-12-23 18:55:26', 31, '2016-02-14 09:19:42'),
(527, 25, 'BPH 1102', 'Inorganic Pharmacy- I', 3, '', 3, '', '', '', '', '', 0, 0, 1, 1, '2015-12-23 18:55:40', 1, '2016-01-17 08:04:21'),
(528, 28, 'ENG    233', 'Bengali Literature: five Selected texts of five Selected Authors', 3, '', 3, '', '', '', '', '', 0, 0, 1, 1, '2015-12-23 18:55:56', 31, '2016-02-14 09:19:42'),
(529, 25, 'BPH 1103', 'Pharmacognosy Practical', 1, '', 3, '', '', '', '', '', 0, 0, 1, 1, '2015-12-23 18:56:13', 1, '2016-01-17 08:04:21'),
(530, 28, 'ENG    234', 'Introduction to Western Philosophy', 3, '', 3, '', '', '', '', '', 0, 0, 1, 1, '2015-12-23 18:56:36', 31, '2016-02-14 09:19:42'),
(531, 25, 'BPH 1104', 'Inorganic Pharmacy-I Practical', 1, '', 3, '', '', '', '', '', 0, 0, 1, 1, '2015-12-23 18:56:43', 1, '2016-01-17 08:04:21'),
(532, 28, 'ENG    235', 'Computer Application and Technology', 3, '', 3, '', '', '', '', '', 0, 0, 1, 1, '2015-12-23 18:57:20', 31, '2016-02-14 09:19:42'),
(533, 25, 'BPH 1201', 'Inorganic Pharmacy-II', 3, '', 3, '', '', '', '', '', 0, 0, 1, 1, '2015-12-23 18:57:45', 1, '2016-01-17 08:04:21'),
(534, 25, 'BPH 1202', 'Physiology & Anatomy-I', 3, '', 3, '', '', '', '', '', 0, 0, 1, 1, '2015-12-23 18:58:13', 1, '2016-01-17 08:04:21'),
(535, 28, 'ENG    311', 'Sociolinguistics', 3, '', 3, '', '', '', '', '', 0, 0, 1, 1, '2015-12-23 18:58:28', 31, '2016-02-14 09:19:42'),
(536, 25, 'BPH 1203', 'Physical Pharmacy-I', 3, '', 3, '', '', '', '', '', 0, 0, 1, 1, '2015-12-23 18:58:45', 1, '2016-01-17 08:04:21'),
(537, 28, 'ENG    312', 'Seventeenth Century Literature', 3, '', 3, '', '', '', '', '', 0, 0, 1, 1, '2015-12-23 18:58:56', 31, '2016-02-14 09:19:42'),
(538, 25, 'BPH 1204', 'Pharmacognosy & Phytochemistry', 3, '', 3, '', '', '', '', '', 0, 0, 1, 1, '2015-12-23 18:59:19', 1, '2016-01-17 08:04:21'),
(539, 28, 'ENG    313', 'ENG    313', 3, '', 3, '', '', '', '', '', 0, 0, 1, 1, '2015-12-23 18:59:20', 31, '2016-02-14 09:19:42'),
(540, 25, 'BPH 1205', 'Harbal Medicines & Neutraceuticals', 3, '', 3, '', '', '', '', '', 0, 0, 1, 1, '2015-12-23 18:59:48', 1, '2016-01-17 08:04:21'),
(541, 28, 'ENG    314', 'Ethics and Culture', 3, '', 3, '', '', '', '', '', 0, 0, 1, 1, '2015-12-23 18:59:57', 31, '2016-02-14 09:19:42'),
(542, 25, 'BPH 1206', 'Inorganic Pharmacy-II Practical', 1, '', 3, '', '', '', '', '', 0, 0, 1, 1, '2015-12-23 19:00:19', 1, '2016-01-17 08:04:21'),
(543, 28, 'ENG    315', 'Classical Literature in Translation', 3, '', 3, '', '', '', '', '', 0, 0, 1, 1, '2015-12-23 19:00:25', 31, '2016-02-14 09:19:42'),
(544, 25, 'BPH 1207', 'Physiology & Anatomy-I Practical', 1, '', 3, '', '', '', '', '', 0, 0, 1, 1, '2015-12-23 19:00:50', 1, '2016-01-17 08:04:21'),
(545, 28, 'ENG    316', 'American Literature: Prose and Poetry', 3, '', 3, '', '', '', '', '', 0, 0, 1, 1, '2015-12-23 19:00:52', 31, '2016-02-14 09:19:42'),
(546, 25, 'BPH 1208', 'Physical Pharmacy-I Practical', 1, '', 3, '', '', '', '', '', 0, 0, 1, 1, '2015-12-23 19:01:19', 1, '2016-01-17 08:04:22'),
(547, 28, 'ENG    331', 'Shakespeare', 3, '', 3, '', '', '', '', '', 0, 0, 1, 1, '2015-12-23 19:01:26', 31, '2016-02-14 09:19:42'),
(548, 25, 'BPH 1209', 'Pharmacognosy & Phytochemistry Practical', 1, '', 3, '', '', '', '', '', 0, 0, 1, 1, '2015-12-23 19:01:52', 1, '2016-01-17 08:04:22'),
(549, 28, 'ENG    332', 'Victorian Prose', 3, '', 3, '', '', '', '', '', 0, 0, 1, 1, '2015-12-23 19:01:52', 31, '2016-02-14 09:19:42'),
(550, 28, 'ENG    333', 'Victorian Poetry', 3, '', 3, '', '', '', '', '', 0, 0, 1, 1, '2015-12-23 19:02:17', 31, '2016-02-14 09:19:42'),
(551, 25, 'BPH 1210', 'Oral Assessment-I', 1, '', 3, '', '', '', '', '', 0, 0, 1, 1, '2015-12-23 19:02:26', 1, '2016-01-17 08:04:22'),
(552, 28, 'ENG    334', 'English for the Media', 3, '', 3, '', '', '', '', '', 0, 0, 1, 1, '2015-12-23 19:02:40', 31, '2016-02-14 09:19:42'),
(553, 25, 'BPH 2101', 'Organic Pharmacy', 3, '', 3, '', '', '', '', '', 0, 0, 1, 1, '2015-12-23 19:02:57', 1, '2016-01-17 08:04:22'),
(554, 28, 'ENG    335', 'Eighteenth Century Literature', 3, '', 3, '', '', '', '', '', 0, 0, 1, 1, '2015-12-23 19:03:08', 31, '2016-02-14 09:19:42'),
(555, 25, 'BPH 2102', 'Physical Pharmacy-II', 3, '', 3, '', '', '', '', '', 0, 0, 1, 1, '2015-12-23 19:03:26', 1, '2016-01-17 08:04:22'),
(556, 28, 'ENG    336', 'Introduction to Bangladesh Economics', 3, '', 3, '', '', '', '', '', 0, 0, 1, 1, '2015-12-23 19:03:32', 31, '2016-02-14 09:19:42'),
(557, 25, 'BPH 2103', 'Pharmacology-I', 3, '', 3, '', '', '', '', '', 0, 0, 1, 1, '2015-12-23 19:03:56', 1, '2016-01-17 08:04:22'),
(558, 28, 'ENG    411', 'English for Professional Purposes', 3, '', 3, '', '', '', '', '', 0, 0, 1, 1, '2015-12-23 19:04:24', 31, '2016-02-14 09:19:42'),
(559, 25, 'BPH 2104', 'Physiology & Anatomy-II ', 3, '', 3, '', '', '', '', '', 0, 0, 1, 1, '2015-12-23 19:04:25', 1, '2016-01-17 08:04:22'),
(560, 28, 'ENG    412', 'Old and Middle English Literature', 3, '', 3, '', '', '', '', '', 0, 0, 0, 1, '2015-12-23 19:04:42', 1, '2015-12-28 01:11:52'),
(561, 25, 'BPH 2105', 'Pharmaceutics-I', 3, '', 3, '', '', '', '', '', 0, 0, 1, 1, '2015-12-23 19:05:03', 1, '2016-01-17 08:04:22'),
(562, 28, 'ENG    413', 'Psycholinguistics', 3, '', 3, '', '', '', '', '', 0, 0, 1, 1, '2015-12-23 19:05:14', 31, '2016-02-14 09:19:42'),
(563, 25, 'BPH 2106', 'Organic Pharmacy Practical', 1, '', 3, '', '', '', '', '', 0, 0, 1, 1, '2015-12-23 19:05:32', 1, '2016-01-17 08:04:22'),
(564, 28, 'ENG    414', 'American Literature: Novel and Drama', 3, '', 3, '', '', '', '', '', 0, 0, 1, 1, '2015-12-23 19:05:51', 31, '2016-02-14 09:19:42'),
(565, 25, 'BPH 2107', 'Physical Pharmacy-II Practical', 1, '', 3, '', '', '', '', '', 0, 0, 1, 1, '2015-12-23 19:06:02', 1, '2016-01-17 08:04:22'),
(566, 28, 'ENG    415', 'English Language: Advanced Writing', 3, '', 3, '', '', '', '', '', 0, 0, 1, 1, '2015-12-23 19:06:14', 31, '2016-02-14 09:19:42'),
(567, 25, 'BPH 2108', 'Pharmacology-I Practical', 1, '', 3, '', '', '', '', '', 0, 0, 1, 1, '2015-12-23 19:06:30', 1, '2016-01-17 08:04:22'),
(568, 28, 'ENG    416', 'Twentieth Century Poetry', 3, '', 3, '', '', '', '', '', 0, 0, 1, 1, '2015-12-23 19:06:39', 31, '2016-02-14 09:19:42'),
(569, 25, 'BPH 2109', 'Physiology & Anatomy-II Practical ', 1, '', 3, '', '', '', '', '', 0, 0, 1, 1, '2015-12-23 19:06:59', 1, '2016-01-17 08:04:22'),
(570, 28, 'ENG    431', 'Victorian Novel', 3, '', 3, '', '', '', '', '', 0, 0, 1, 1, '2015-12-23 19:07:18', 31, '2016-02-14 09:19:43'),
(571, 25, 'BPH 2201', 'Pharmaceutics-II', 3, '', 3, '', '', '', '', '', 0, 0, 1, 1, '2015-12-23 19:07:35', 1, '2016-01-17 08:04:22'),
(572, 28, 'ENG    432', 'Literary Criticism', 3, '', 3, '', '', '', '', '', 0, 0, 1, 1, '2015-12-23 19:07:47', 31, '2016-02-14 09:19:43'),
(573, 25, 'BPH 2202', 'Pharmacology-II', 3, '', 3, '', '', '', '', '', 0, 0, 1, 1, '2015-12-23 19:08:13', 1, '2016-01-17 08:04:22'),
(574, 28, 'ENG    433', 'Introduction to ELT', 3, '', 3, '', '', '', '', '', 0, 0, 1, 1, '2015-12-23 19:08:24', 31, '2016-02-14 09:19:43'),
(575, 25, 'BPH 2203', 'Bio-molecular Pharmacy', 3, '', 3, '', '', '', '', '', 0, 0, 1, 1, '2015-12-23 19:08:48', 1, '2016-01-17 08:04:23'),
(576, 28, 'ENG    434', 'Twentieth Century English Novel', 3, '', 3, '', '', '', '', '', 0, 0, 1, 1, '2015-12-23 19:08:55', 31, '2016-02-14 09:19:43'),
(577, 28, 'ENG    435', 'Contemporary Theories of Literature', 3, '', 3, '', '', '', '', '', 0, 0, 1, 1, '2015-12-23 19:09:19', 31, '2016-02-14 09:19:43'),
(578, 25, 'BPH 2204', 'Clinical Pathology', 3, '', 3, '', '', '', '', '', 0, 0, 1, 1, '2015-12-23 19:09:24', 1, '2016-01-17 08:04:23'),
(579, 28, 'ENG    436', 'Twentieth Century Drama', 3, '', 3, '', '', '', '', '', 0, 0, 1, 1, '2015-12-23 19:09:40', 31, '2016-02-14 09:19:43'),
(580, 25, 'BPH 2205', 'Pharmaceutical Microbiology', 3, '', 3, '', '', '', '', '', 0, 0, 1, 1, '2015-12-23 19:09:56', 1, '2016-01-17 08:04:23'),
(581, 25, 'BPH 2206', 'Pharmaceutics-II', 1, '', 3, '', '', '', '', '', 0, 0, 1, 1, '2015-12-23 19:10:27', 1, '2016-01-17 08:04:23'),
(582, 25, 'BPH 2207', 'Pharmacology-II', 1, '', 3, '', '', '', '', '', 0, 0, 1, 1, '2015-12-23 19:11:05', 1, '2016-01-17 08:04:23'),
(583, 25, 'BPH 2208', 'Pharmaceutical Microbiology Practical', 1, '', 3, '', '', '', '', '', 0, 0, 1, 1, '2015-12-23 19:11:38', 1, '2016-01-17 08:04:23'),
(584, 25, 'BPH 2209', 'Oral Assessment-II', 1, '', 3, '', '', '', '', '', 0, 0, 1, 1, '2015-12-23 19:13:15', 1, '2016-01-17 08:04:23'),
(585, 25, 'BPH 3101', 'Medicinal Chemistry-I', 3, '', 3, '', '', '', '', '', 0, 0, 1, 1, '2015-12-23 19:13:51', 1, '2016-01-17 08:04:23'),
(586, 25, 'BPH 3102', 'Pharmaceutical Technology-I', 3, '', 3, '', '', '', '', '', 0, 0, 1, 1, '2015-12-23 19:14:22', 1, '2016-01-17 08:04:23'),
(587, 25, 'BPH 3103', 'Bio-molecular Genetics', 3, '', 3, '', '', '', '', '', 0, 0, 1, 1, '2015-12-23 19:14:53', 1, '2016-01-17 08:04:23'),
(588, 25, 'BPH 3104', 'Pharmaceutical Analysis & Quality Control-I', 3, '', 3, '', '', '', '', '', 0, 0, 1, 1, '2015-12-23 19:15:27', 1, '2016-01-17 08:04:23'),
(589, 25, 'BPH 3105', 'Pharmacology-III', 3, '', 3, '', '', '', '', '', 0, 0, 1, 1, '2015-12-23 19:16:00', 1, '2016-01-17 08:04:23'),
(590, 25, 'BPH 3106', 'Hospital & Community Pharmacy ', 3, '', 3, '', '', '', '', '', 0, 0, 1, 1, '2015-12-23 19:16:30', 1, '2016-01-17 08:04:24'),
(591, 25, 'BPH 3107', 'Medicinal Chemistry-I', 1, '', 3, '', '', '', '', '', 0, 0, 1, 1, '2015-12-23 19:16:58', 1, '2016-01-17 08:04:24'),
(592, 25, 'BPH 3108', 'Pharmaceutical Technology-I Practical', 1, '', 3, '', '', '', '', '', 0, 0, 1, 1, '2015-12-23 19:17:30', 1, '2016-01-17 08:04:24'),
(593, 25, 'BPH 3201', 'Medicinal Chemistry-II', 3, '', 3, '', '', '', '', '', 0, 0, 1, 1, '2015-12-23 19:18:01', 1, '2016-01-17 08:04:24'),
(594, 25, 'BPH 3202', 'Pharmacoeconomics & Policy', 2, '', 3, '', '', '', '', '', 0, 0, 1, 1, '2015-12-23 19:18:28', 1, '2016-01-17 08:04:24'),
(595, 28, 'ENG   511', 'Phonetics and Phonology', 3, '', 3, '', '', '', '', '', 0, 0, 1, 1, '2015-12-23 19:18:32', 31, '2016-02-14 09:19:43'),
(596, 25, 'BPH 3203', 'Pharmaceutical Technology-II', 3, '', 3, '', '', '', '', '', 0, 0, 1, 1, '2015-12-23 19:19:01', 1, '2016-01-17 08:04:24'),
(597, 28, 'ENG   512', 'Morphology and Syntax', 3, '', 3, '', '', '', '', '', 0, 0, 1, 1, '2015-12-23 19:19:03', 31, '2016-02-14 09:19:43'),
(598, 28, 'ENG   513', 'Semantics', 3, '', 3, '', '', '', '', '', 0, 0, 1, 1, '2015-12-23 19:19:31', 31, '2016-02-14 09:19:43'),
(599, 25, 'BPH 3204', 'Pharmaceutical Biotechnology', 2, '', 3, '', '', '', '', '', 0, 0, 1, 1, '2015-12-23 19:19:33', 1, '2016-01-17 08:04:24'),
(600, 28, 'ENG   514', 'Approaches and Methods in ELT', 3, '', 3, '', '', '', '', '', 0, 0, 1, 1, '2015-12-23 19:19:58', 31, '2016-02-14 09:19:43'),
(601, 25, 'BPH 3205', 'Pharmaceutical Analysis & Quality Control-II', 3, '', 3, '', '', '', '', '', 0, 0, 1, 1, '2015-12-23 19:20:01', 1, '2016-01-17 08:04:24'),
(602, 28, 'ENG   515', 'Introduction to Linguistics', 3, '', 3, '', '', '', '', '', 0, 0, 1, 1, '2015-12-23 19:20:24', 31, '2016-02-14 09:19:43'),
(603, 25, 'BPH 3206', 'Biopharmaceutics & Pharmacokinetics-I', 3, '', 3, '', '', '', '', '', 0, 0, 1, 1, '2015-12-23 19:20:32', 1, '2016-01-17 08:04:24'),
(604, 28, 'ENG   516', 'Teaching the different skills and Areas of English Language', 3, '', 3, '', '', '', '', '', 0, 0, 1, 1, '2015-12-23 19:20:50', 31, '2016-02-14 09:19:43'),
(605, 25, 'BPH 3207', 'Medicinal Chemistry-II Practical', 1, '', 3, '', '', '', '', '', 0, 0, 1, 1, '2015-12-23 19:21:02', 1, '2016-01-17 08:04:24'),
(606, 28, 'ENG    521', 'Syllabus and Materials Design', 3, '', 3, '', '', '', '', '', 0, 0, 1, 1, '2015-12-23 19:21:17', 31, '2016-02-14 09:19:43'),
(607, 25, 'BPH 3208', 'Pharmaceutical Technology-II Practical', 1, '', 3, '', '', '', '', '', 0, 0, 1, 1, '2015-12-23 19:21:30', 1, '2016-01-17 08:04:24'),
(608, 28, 'ENG    522', 'Language Testing and Evaluation', 3, '', 3, '', '', '', '', '', 0, 0, 1, 1, '2015-12-23 19:21:52', 31, '2016-02-14 09:19:43'),
(609, 25, 'BPH 3209', 'Pharmaceutical Analysis & Quality Control-II Practical', 1, '', 3, '', '', '', '', '', 0, 0, 1, 1, '2015-12-23 19:21:59', 1, '2016-01-17 08:04:24'),
(610, 28, 'ENG    523', 'Research Methodology', 3, '', 3, '', '', '', '', '', 0, 0, 1, 1, '2015-12-23 19:22:12', 31, '2016-02-14 09:19:43'),
(611, 25, 'BPH 3210', 'Biopharmaceutics & Pharmacokinetics-I Practical', 1, '', 3, '', '', '', '', '', 0, 0, 1, 1, '2015-12-23 19:22:28', 1, '2016-01-17 08:04:25'),
(612, 28, 'ENG    524', 'Critical Discourse Analysis', 3, '', 3, '', '', '', '', '', 0, 0, 1, 1, '2015-12-23 19:22:39', 31, '2016-02-14 09:19:43'),
(613, 25, 'BPH 3211', 'Oral Assessment-III', 1, '', 3, '', '', '', '', '', 0, 0, 1, 1, '2015-12-23 19:23:05', 1, '2016-01-17 08:04:25'),
(614, 28, 'ENG    525', 'Sociolinguistics', 3, '', 3, '', '', '', '', '', 0, 0, 1, 1, '2015-12-23 19:23:08', 31, '2016-02-14 09:19:43'),
(615, 28, 'ENG    526', 'Thesis and Viva voce 	', 3, '', 3, '', '', '', '', '', 0, 0, 1, 1, '2015-12-23 19:23:33', 31, '2016-02-14 09:19:43'),
(616, 25, 'BPH 4101', 'Advanced Medicinal Chemistry', 3, '', 3, '', '', '', '', '', 0, 0, 1, 1, '2015-12-23 19:23:41', 1, '2016-01-17 08:04:25'),
(617, 25, 'BPH 4102', 'Clinical Pharmacy', 3, '', 3, '', '', '', '', '', 0, 0, 1, 1, '2015-12-23 19:24:10', 1, '2016-01-17 08:04:25'),
(618, 25, 'BPH 4103', 'Advance Pharmaceutical Analysis-I', 3, '', 3, '', '', '', '', '', 0, 0, 1, 1, '2015-12-23 19:24:41', 1, '2016-01-17 08:04:25'),
(619, 25, 'BPH 4104', 'Pharmaceutical Sales & Marketing', 3, '', 3, '', '', '', '', '', 0, 0, 1, 1, '2015-12-23 19:25:18', 1, '2016-01-17 08:04:25'),
(620, 25, 'BPH 4105', 'Pharmaceutical Engineering', 3, '', 3, '', '', '', '', '', 0, 0, 1, 1, '2015-12-23 19:25:50', 1, '2016-01-17 08:04:25'),
(621, 25, 'BPH 4106', 'Pharmaceutical Law & Ethics', 2, '', 3, '', '', '', '', '', 0, 0, 1, 1, '2015-12-23 19:26:18', 1, '2016-01-17 08:04:25'),
(622, 29, 'BLIS   101', 'Foundation of Library and Information Science', 4, '', 3, '', '', '', '', '', 0, 0, 1, 1, '2015-12-23 19:26:35', 1, '2016-01-17 08:14:45'),
(623, 25, 'BPH 4107', 'Clinical Pharmacy Practical', 1, '', 3, '', '', '', '', '', 0, 0, 1, 1, '2015-12-23 19:26:45', 1, '2016-01-17 08:04:25'),
(624, 25, 'BPH 4108', 'Project & Dissertation', 2, '', 3, '', '', '', '', '', 0, 0, 1, 1, '2015-12-23 19:27:13', 1, '2016-01-17 08:04:25'),
(625, 29, 'BLIS   102', 'Professional Communication: English Skill Development', 4, '', 3, '', '', '', '', '', 0, 0, 1, 1, '2015-12-23 19:27:29', 1, '2016-01-17 08:14:45'),
(626, 25, 'BPH 4201', 'Cosmetology', 3, '', 3, '', '', '', '', '', 0, 0, 1, 1, '2015-12-23 19:27:51', 1, '2016-01-17 08:04:25'),
(627, 29, 'BLIS   103', 'Library, Information and Communication Society', 4, '', 3, '', '', '', '', '', 0, 0, 1, 1, '2015-12-23 19:28:00', 1, '2016-01-17 08:14:45'),
(628, 25, 'BPH 4202', 'Pharmaceutical Technology-III', 3, '', 3, '', '', '', '', '', 0, 0, 1, 1, '2015-12-23 19:28:23', 1, '2016-01-17 08:04:25'),
(629, 29, 'BLIS   104', 'Library, Information and Communication Technologies', 4, '', 3, '', '', '', '', '', 0, 0, 1, 1, '2015-12-23 19:28:44', 1, '2016-01-17 08:14:45'),
(630, 25, 'BPH 4203', 'Advance Pharmaceutical Analysis-II', 3, '', 3, '', '', '', '', '', 0, 0, 1, 1, '2015-12-23 19:28:52', 1, '2016-01-17 08:04:25'),
(631, 29, 'BLIS   105', 'Organization of Information', 4, '', 3, '', '', '', '', '', 0, 0, 1, 1, '2015-12-23 19:29:19', 1, '2016-01-17 08:14:45'),
(632, 25, 'BPH 4204', 'Biopharmaceutics & Pharmacokinetics-II', 3, '', 3, '', '', '', '', '', 0, 0, 1, 1, '2015-12-23 19:29:22', 1, '2016-01-17 08:04:25'),
(633, 25, 'BPH 4205', 'Pharmaceutical Management', 2, '', 3, '', '', '', '', '', 0, 0, 1, 1, '2015-12-23 19:29:51', 1, '2016-01-17 08:04:25'),
(634, 29, 'BLIS   106', 'Information Sources and Services', 4, '', 3, '', '', '', '', '', 0, 0, 1, 1, '2015-12-23 19:29:51', 1, '2016-01-17 08:14:45'),
(635, 25, 'BPH 4206', 'Cosmetology Practical', 1, '', 3, '', '', '', '', '', 0, 0, 1, 1, '2015-12-23 19:30:20', 1, '2016-01-17 08:04:26'),
(636, 2, 'BLIS   107', 'Computer Applications (Practical)', 4, '', 3, '', '', '', '', '', 0, 0, 1, 1, '2015-12-23 19:30:41', 1, '2017-08-26 07:59:04'),
(637, 25, 'BPH 4207', 'Pharmaceutical Technology-III ', 1, '', 3, '', '', '', '', '', 0, 0, 1, 1, '2015-12-23 19:30:52', 1, '2016-01-17 08:04:26'),
(638, 29, 'Viva-1', 'Viva-voice ', 2, '', 3, '', '', '', '', '', 0, 0, 1, 1, '2015-12-23 19:31:40', 1, '2016-01-17 08:14:45'),
(639, 29, 'BLIS   201', 'Management of Library and Information Centres', 4, '', 3, '', '', '', '', '', 0, 0, 1, 1, '2015-12-23 19:32:23', 1, '2016-01-17 08:14:45'),
(640, 2, 'BPH 4208', 'Advance Pharmaceutical Analysis-II Practical', 1, '', 3, '', '', '', '', '', 0, 0, 1, 1, '2015-12-23 19:32:30', 1, '2017-08-26 07:58:53'),
(641, 29, 'BLIS   202', 'Information Resource Development', 4, '', 3, '', '', '', '', '', 0, 0, 1, 1, '2015-12-23 19:32:54', 1, '2016-01-17 08:14:45'),
(642, 25, 'BPH 4209', 'Oral Assessment-IV', 1, '', 3, '', '', '', '', '', 0, 0, 1, 1, '2015-12-23 19:33:07', 1, '2016-01-17 08:04:26'),
(643, 29, 'BLIS   203', 'Records and Archives Management', 4, '', 3, '', '', '', '', '', 0, 0, 1, 1, '2015-12-23 19:33:24', 1, '2016-01-17 08:14:46'),
(644, 2, 'BPH 4210', 'Professional Training (Industrial & Hospital)', 2, '', 3, '', '', '', '', '', 0, 0, 1, 1, '2015-12-23 19:33:47', 1, '2017-08-26 07:58:46'),
(645, 29, 'BLIS   204', 'Documentation and Information Retrieval', 4, '', 3, '', '', '', '', '', 0, 0, 1, 1, '2015-12-23 19:33:56', 1, '2016-01-17 08:14:46'),
(646, 29, 'BLIS   205', 'Hardware Maintenance and Trouble Shooting', 4, '', 3, '', '', '', '', '', 0, 0, 1, 1, '2015-12-23 19:36:18', 1, '2016-01-17 08:14:46'),
(647, 29, 'BLIS   206', 'Automation of Library and Information Centers', 4, '', 3, '', '', '', '', '', 0, 0, 1, 1, '2015-12-23 19:37:00', 1, '2016-01-17 08:14:46'),
(648, 23, 'BCBT-101', 'Basic Biochemistry', 3, '', 3, '', '', '', '', '', 0, 0, 1, 1, '2015-12-23 19:37:01', 1, '2016-01-17 07:58:46'),
(649, 29, 'BLIS   207', 'Writing, Editing and Publishing', 4, '', 3, '', '', '', '', '', 0, 0, 1, 1, '2015-12-23 19:37:44', 1, '2016-01-17 08:14:46'),
(650, 23, 'BCBT-102', 'Bio-organic Chemistry-I', 3, '', 3, '', '', '', '', '', 0, 0, 1, 1, '2015-12-23 19:38:46', 1, '2016-01-17 07:58:46'),
(651, 29, 'Viva-2', 'Viva-voice ', 2, '', 3, '', '', '', '', '', 0, 0, 1, 1, '2015-12-23 19:39:22', 1, '2016-01-17 08:14:46'),
(652, 23, 'BCBT-103', 'Biophysical Chemistry-I', 3, '', 3, '', '', '', '', '', 0, 0, 1, 1, '2015-12-23 19:40:15', 1, '2016-01-17 07:58:46'),
(653, 23, 'BCBT-104', 'Basic Biotechnology', 3, '', 3, '', '', '', '', '', 0, 0, 1, 1, '2015-12-23 19:41:24', 1, '2016-01-17 07:58:46'),
(654, 23, 'BCBT-105', 'Basic Microbiology', 3, '', 3, '', '', '', '', '', 0, 0, 1, 1, '2015-12-23 19:42:25', 1, '2016-01-17 07:58:46'),
(655, 23, 'BCBT-106', 'English Language', 2, '', 3, '', '', '', '', '', 0, 0, 1, 1, '2015-12-23 19:43:20', 1, '2016-01-17 07:58:46'),
(656, 23, 'BCBT-107', 'Practical', 2, '', 3, '', '', '', '', '', 0, 0, 1, 1, '2015-12-23 19:44:19', 1, '2016-01-17 07:58:46'),
(657, 23, 'BCBT-108', 'Viva-voce', 2, '', 3, '', '', '', '', '', 0, 0, 1, 1, '2015-12-23 19:45:22', 1, '2016-01-17 07:58:46'),
(658, 23, 'BCBT-109', 'Bio-organic Chemistry-II', 3, '', 3, '', '', '', '', '', 0, 0, 1, 1, '2015-12-28 16:49:47', 1, '2016-01-17 07:58:46'),
(659, 23, 'BCBT-110', 'Biophysical Chemistry-II', 3, '', 3, '', '', '', '', '', 0, 0, 1, 1, '2015-12-28 16:51:28', 1, '2016-01-17 07:58:46'),
(660, 23, 'BCBT-111', 'Enzymology-I', 3, '', 3, '', '', '', '', '', 0, 0, 1, 1, '2015-12-28 16:52:25', 1, '2016-01-17 07:58:47'),
(661, 23, 'BCBT-112', 'Human Physiology-I', 3, '', 3, '', '', '', '', '', 0, 0, 1, 1, '2015-12-28 16:53:33', 1, '2016-01-17 07:58:47'),
(662, 23, 'BCBT-113', 'Microbial Biotechnology', 3, '', 3, '', '', '', '', '', 0, 0, 1, 1, '2015-12-28 16:55:00', 1, '2016-01-17 07:58:47'),
(663, 23, 'BCBT-114', 'Computer Science', 2, '', 3, '', '', '', '', '', 0, 0, 1, 1, '2015-12-28 16:55:52', 1, '2016-01-17 07:58:47'),
(664, 23, 'BCBT-115', 'Practical', 2, '', 3, '', '', '', '', '', 0, 0, 1, 1, '2015-12-28 16:56:42', 1, '2016-01-17 07:58:47'),
(665, 23, 'BCBT-116', 'Viva-voce', 2, '', 3, '', '', '', '', '', 0, 0, 1, 1, '2015-12-28 16:57:24', 1, '2016-01-17 07:58:47'),
(666, 23, 'BCBT-117', 'Enzymology-II', 3, '', 3, '', '', '', '', '', 0, 0, 1, 1, '2015-12-28 16:58:33', 1, '2016-01-17 07:58:47'),
(667, 23, 'BCBT-118', 'Human Physiology-II', 3, '', 3, '', '', '', '', '', 0, 0, 1, 1, '2015-12-28 16:59:47', 1, '2016-01-17 07:58:47'),
(668, 23, 'BCBT-119', 'Biomolecules-I', 3, '', 3, '', '', '', '', '', 0, 0, 1, 1, '2015-12-28 17:00:59', 1, '2016-01-17 07:58:47'),
(669, 23, 'BCBT-120', 'Metabolism-I', 3, '', 3, '', '', '', '', '', 0, 0, 1, 1, '2015-12-28 17:05:50', 1, '2016-01-17 07:58:47'),
(670, 23, 'BCBT-121', 'Human Nutrition-I', 3, '', 3, '', '', '', '', '', 0, 0, 1, 1, '2015-12-28 17:06:48', 1, '2016-01-17 07:58:47'),
(671, 23, 'BCBT-122', 'Molecular Biology-I', 2, '', 3, '', '', '', '', '', 0, 0, 1, 1, '2015-12-28 17:07:48', 1, '2016-01-17 07:58:47'),
(672, 23, 'BCBT-123', 'Practical', 2, '', 3, '', '', '', '', '', 0, 0, 1, 1, '2015-12-28 17:08:37', 1, '2016-01-17 07:58:47'),
(673, 23, 'BCBT-124', 'Viva-voce', 2, '', 3, '', '', '', '', '', 0, 0, 1, 1, '2015-12-28 17:09:11', 1, '2016-01-17 07:58:47'),
(674, 23, 'BCBT-125', 'Biomolecules-II', 3, '', 3, '', '', '', '', '', 0, 0, 1, 1, '2015-12-28 17:19:00', 1, '2016-01-17 07:58:47'),
(675, 23, 'BCBT-126', 'Metabolism-II', 3, '', 3, '', '', '', '', '', 0, 0, 1, 1, '2015-12-28 17:20:05', 1, '2016-01-17 07:58:48'),
(676, 23, 'BCBT-127', 'Human Nutrition-II', 3, '', 3, '', '', '', '', '', 0, 0, 1, 1, '2015-12-28 17:20:49', 1, '2016-01-17 07:58:48'),
(677, 23, 'BCBT-128', 'Molecular Biology-II', 3, '', 3, '', '', '', '', '', 0, 0, 1, 1, '2015-12-28 17:21:54', 1, '2016-01-17 07:58:48'),
(678, 23, 'BCBT-129', 'Basic Immunology', 3, '', 3, '', '', '', '', '', 0, 0, 1, 1, '2015-12-28 17:22:57', 1, '2016-01-17 07:58:48'),
(679, 23, 'BCBT-130', 'Plant Biochemistry', 2, '', 3, '', '', '', '', '', 0, 0, 1, 1, '2015-12-28 17:23:57', 1, '2016-01-17 07:58:48'),
(680, 23, 'BCBT-131', 'Practical', 2, '', 3, '', '', '', '', '', 0, 0, 1, 1, '2015-12-28 17:24:45', 1, '2016-01-17 07:58:48'),
(681, 23, 'BCBT-132', 'Viva-voce', 2, '', 3, '', '', '', '', '', 0, 0, 1, 1, '2015-12-28 17:25:18', 1, '2016-01-17 07:58:48'),
(682, 23, 'BCBT-301', 'Metabolism-III', 3, '', 3, '', '', '', '', '', 0, 0, 1, 1, '2015-12-28 17:27:10', 1, '2016-01-17 07:58:48'),
(683, 23, 'BCBT-302', 'Bio-energetics', 3, '', 3, '', '', '', '', '', 0, 0, 1, 1, '2015-12-28 17:28:14', 1, '2016-01-17 07:58:48'),
(684, 23, 'BCBT-303', 'Pharmaceutical Biotechnology', 3, '', 3, '', '', '', '', '', 0, 0, 1, 1, '2015-12-28 17:29:34', 1, '2016-01-17 07:58:48'),
(685, 23, 'BCBT-304', 'Endocrinology', 3, '', 3, '', '', '', '', '', 0, 0, 1, 1, '2015-12-28 17:30:38', 1, '2016-01-17 07:58:48'),
(686, 23, 'BCBT-305', 'Plant Biotechnology', 3, '', 3, '', '', '', '', '', 0, 0, 1, 1, '2015-12-28 17:31:34', 1, '2016-01-17 07:58:48'),
(687, 23, 'BCBT-306', 'Food Biotechnology-I', 2, '', 3, '', '', '', '', '', 0, 0, 1, 1, '2015-12-28 17:32:35', 1, '2016-01-17 07:58:49');
INSERT INTO `aca_course` (`COURSE_ID`, `DEPT_ID`, `COURSE_CODE`, `COURSE_TITLE`, `CREDIT`, `COURSE_DESC`, `C_CAT_ID`, `BOOKS`, `TEACHING_METHOD`, `MISSION`, `VISION`, `OBJECTIVE`, `GLOBAL_FOR_INSTITUTE`, `GLOBAL_FOR_FACULTY`, `ACTIVE_STATUS`, `CREATED_BY`, `CREATE_DATE`, `UPDATED_BY`, `UPDATE_DATE`) VALUES
(688, 23, 'BCBT-307', 'Practical', 2, '', 3, '', '', '', '', '', 0, 0, 1, 1, '2015-12-28 17:33:24', 1, '2016-01-17 07:58:49'),
(689, 23, 'BCBT-308', 'Viva-voce', 2, '', 3, '', '', '', '', '', 0, 0, 1, 1, '2015-12-28 17:33:58', 1, '2016-01-17 07:58:49'),
(690, 23, 'BCBT-309', 'Food Biotechnology-II', 3, '', 3, '', '', '', '', '', 0, 0, 1, 1, '2015-12-28 17:34:58', 1, '2016-01-17 07:58:49'),
(691, 23, 'BCBT-310', 'Cell Biology-I', 3, '', 3, '', '', '', '', '', 0, 0, 1, 1, '2015-12-28 17:35:45', 1, '2016-01-17 07:58:49'),
(692, 23, 'BCBT-311', 'Clinical Biochemistry', 3, '', 3, '', '', '', '', '', 0, 0, 1, 1, '2015-12-28 17:36:45', 1, '2016-01-17 07:58:49'),
(693, 23, 'BCBT-312', 'Molecular Genetics', 3, '', 3, '', '', '', '', '', 0, 0, 1, 1, '2015-12-28 17:38:00', 1, '2016-01-17 07:58:49'),
(694, 23, 'BCBT-313', 'Analytical methods in Biotechnology', 3, '', 3, '', '', '', '', '', 0, 0, 1, 1, '2015-12-28 17:40:42', 1, '2016-01-17 07:58:49'),
(695, 23, 'BCBT-314', 'Agricultural Biotechnology', 2, '', 3, '', '', '', '', '', 0, 0, 1, 1, '2015-12-28 17:41:52', 1, '2016-01-17 07:58:49'),
(696, 23, 'BCBT-315', 'Practical', 2, '', 3, '', '', '', '', '', 0, 0, 1, 1, '2015-12-28 17:42:30', 1, '2016-01-17 07:58:49'),
(697, 23, 'BCBT-316', 'Viva-voce', 2, '', 3, '', '', '', '', '', 0, 0, 1, 1, '2015-12-28 17:43:13', 1, '2016-01-17 07:58:49'),
(698, 23, 'BCBT-401', 'Cell Biology-II', 3, '', 3, '', '', '', '', '', 0, 0, 1, 1, '2015-12-28 17:45:49', 1, '2016-01-17 07:58:49'),
(699, 23, 'BCBT-402', 'Immunogenetics', 3, '', 3, '', '', '', '', '', 0, 0, 1, 1, '2015-12-28 17:46:33', 1, '2016-01-17 07:58:50'),
(700, 23, 'BCBT-403', 'Virology', 3, '', 3, '', '', '', '', '', 0, 0, 1, 1, '2015-12-28 17:47:16', 1, '2016-01-17 07:58:50'),
(702, 23, 'BCBT-404', 'Recombinant DNA Technology', 3, '', 3, '', '', '', '', '', 0, 0, 1, 1, '2015-12-28 17:49:49', 1, '2016-01-17 07:58:50'),
(703, 23, 'BCBT-405', 'Genetic Engineering', 3, '', 3, '', '', '', '', '', 0, 0, 1, 1, '2015-12-28 17:50:56', 1, '2016-01-17 07:58:50'),
(704, 23, 'BCBT-406', 'Industrial Biotechnology', 2, '', 3, '', '', '', '', '', 0, 0, 1, 1, '2015-12-28 17:52:06', 1, '2016-01-17 07:58:50'),
(705, 23, 'BCBT-407', 'Practical', 2, '', 3, '', '', '', '', '', 0, 0, 1, 1, '2015-12-28 17:52:42', 1, '2016-01-17 07:58:50'),
(706, 23, 'BCBT-408', 'Viva-voce', 2, '', 3, '', '', '', '', '', 0, 0, 1, 1, '2015-12-28 17:53:16', 1, '2016-01-17 07:58:50'),
(707, 23, 'BCBT-409', 'Biotechnology of Microbial System', 3, '', 3, '', '', '', '', '', 0, 0, 1, 1, '2015-12-28 17:54:34', 1, '2016-01-17 07:58:50'),
(708, 23, 'BCBT-410', 'Genomics and Proteomics', 3, '', 3, '', '', '', '', '', 0, 0, 1, 1, '2015-12-28 17:55:55', 1, '2016-01-17 07:58:50'),
(709, 23, 'BCBT-411', 'Spectroscopy', 3, '', 3, '', '', '', '', '', 0, 0, 1, 1, '2015-12-28 17:56:46', 1, '2016-01-17 07:58:50'),
(710, 23, 'BCBT-412', 'Oncology', 3, '', 3, '', '', '', '', '', 0, 0, 1, 1, '2015-12-28 17:57:29', 1, '2016-01-17 07:58:50'),
(711, 23, 'BCBT-413', 'Biochemical Toxicology', 3, '', 3, '', '', '', '', '', 0, 0, 1, 1, '2015-12-28 17:58:22', 1, '2016-01-17 07:58:50'),
(712, 23, 'BCBT-414', 'Bioinformatics', 2, '', 3, '', '', '', '', '', 0, 0, 1, 1, '2015-12-28 17:59:32', 1, '2016-01-17 07:58:50'),
(713, 23, 'BCBT-415', 'Practical', 2, '', 3, '', '', '', '', '', 0, 0, 1, 1, '2015-12-28 18:00:14', 1, '2016-01-17 07:58:50'),
(715, 23, 'BCBT-416', 'Viva-voce', 2, '', 3, '', '', '', '', '', 0, 0, 1, 1, '2015-12-28 18:02:16', 1, '2016-01-17 07:58:50'),
(717, 29, 'MLIS-501', 'Advanced Classification (Practical)', 3, '', 3, '', '', '', '', '', 0, 0, 1, 1, '2015-12-28 18:22:15', 1, '2016-01-17 08:14:46'),
(718, 29, 'MLIS-502', 'Advanced Cataloguing (practical)', 3, '', 3, '', '', '', '', '', 0, 0, 1, 1, '2015-12-28 18:23:12', 1, '2016-01-17 08:14:46'),
(719, 29, 'MLIS-503', 'Digital Library System', 4, '', 3, '', '', '', '', '', 0, 0, 1, 1, '2015-12-28 18:23:51', 1, '2016-01-17 08:14:46'),
(720, 29, 'MLIS-504', 'Information Retrieval Techniques', 4, '', 3, '', '', '', '', '', 0, 0, 1, 1, '2015-12-28 18:24:28', 1, '2016-01-17 08:14:46'),
(721, 29, 'MLIS-505', 'Application of Internet in Library and Information Centers', 4, '', 3, '', '', '', '', '', 0, 0, 1, 1, '2015-12-28 18:25:06', 1, '2016-01-17 08:14:46'),
(722, 29, 'MLIS-506', 'Library Human Resource Management', 4, '', 3, '', '', '', '', '', 0, 0, 1, 1, '2015-12-28 18:25:53', 1, '2016-01-17 08:14:46'),
(723, 29, 'MLIS-507', 'Knowledge Management', 4, '', 3, '', '', '', '', '', 0, 0, 1, 1, '2015-12-28 18:26:30', 1, '2016-01-17 08:14:47'),
(724, 29, 'MLIS-508', 'Library Software Packages and Applications', 4, '', 3, '', '', '', '', '', 0, 0, 1, 1, '2015-12-28 18:27:08', 1, '2016-01-17 08:14:47'),
(725, 29, 'MLIS 509', 'Library Systems and Services, or Thesis of an approved research topic in LIS', 4, '', 3, '', '', '', '', '', 0, 0, 1, 1, '2015-12-28 18:27:40', 1, '2016-01-17 08:14:47'),
(727, 29, 'Viva-I', 'Viva-voce', 2, '', 3, '', '', '', '', '', 0, 0, 1, 1, '2015-12-28 18:33:37', 1, '2016-01-17 08:14:47'),
(728, 29, 'Paper-I', 'Introduction to Library and Information Science', 4, '', 3, '', '', '', '', '', 0, 0, 1, 1, '2015-12-28 18:36:13', 1, '2016-01-17 08:14:47'),
(729, 29, 'Paper-II', 'Information Sources and services', 4, '', 3, '', '', '', '', '', 0, 0, 1, 1, '2015-12-28 18:37:03', 1, '2016-01-17 08:14:47'),
(730, 29, 'Paper-III', 'Organization of Knowledge (Classification Theory)', 4, '', 3, '', '', '', '', '', 0, 0, 1, 1, '2015-12-28 18:37:44', 1, '2016-01-17 08:14:47'),
(731, 29, 'Paper-IV', 'Organization of Knowledge (Cataloguing Theory)', 4, '', 3, '', '', '', '', '', 0, 0, 1, 1, '2015-12-28 18:38:18', 1, '2016-01-17 08:14:47'),
(732, 29, 'Paper-V', 'Documentation and Information Retrieval', 4, '', 3, '', '', '', '', '', 0, 0, 1, 1, '2015-12-28 18:38:53', 1, '2016-01-17 08:14:47'),
(733, 29, 'Paper-VI', 'Records and Archives Management              ', 4, '', 3, '', '', '', '', '', 0, 0, 1, 1, '2015-12-28 18:39:48', 1, '2016-01-17 08:14:47'),
(734, 29, 'Paper-VII', 'Management of Libraries and Information Centers', 4, '', 3, '', '', '', '', '', 0, 0, 1, 1, '2015-12-28 18:40:20', 1, '2016-01-17 08:14:47'),
(735, 29, 'Paper-VIII', 'Application of ICT in Libraries and Information Centers', 4, '', 3, '', '', '', '', '', 0, 0, 1, 1, '2015-12-28 18:41:00', 1, '2016-01-17 08:14:47'),
(738, 29, 'Paper-IX', 'Organization of Knowledge (Classification Practical)', 3, '', 3, '', '', '', '', '', 0, 0, 1, 1, '2015-12-28 18:43:15', 1, '2016-01-17 08:14:47'),
(739, 29, 'Paper-X', 'Organization of Knowledge (Cataloguing Practical)', 3, '', 3, '', '', '', '', '', 0, 0, 1, 1, '2015-12-28 18:43:59', 1, '2016-01-17 08:14:47'),
(741, 18, 'BCE-101', 'Business and Communicative English-I', 3, '', 3, '', '', '', '', '', 0, 0, 1, 1, '2015-12-28 21:56:42', 31, '2017-05-11 12:40:39'),
(742, 18, 'BDS-111', 'Bangladesh Studies', 3, '', 3, '', '', '', '', '', 0, 0, 1, 1, '2015-12-28 21:57:20', 31, '2017-05-11 12:40:39'),
(743, 18, 'MATH-103', 'Mathematics-I', 3, '', 3, '', '', '', '', '', 0, 0, 1, 1, '2015-12-28 21:57:54', 1, '2016-01-10 10:26:08'),
(744, 18, 'PHY-107', 'Physics-I', 3, '', 3, '', '', '', '', '', 0, 0, 1, 1, '2015-12-28 21:58:29', 1, '2016-01-10 10:26:08'),
(745, 18, 'PHY-107-L', 'Physics-I (Lab)', 1, '', 3, '', '', '', '', '', 0, 0, 1, 1, '2015-12-28 21:59:08', 1, '2016-01-10 10:26:08'),
(746, 18, 'CHE-105', 'Chemistry-I', 3, '', 3, '', '', '', '', '', 0, 0, 1, 1, '2015-12-28 21:59:44', 1, '2016-01-10 10:26:08'),
(747, 18, 'CHE-105-L', 'Chemistry-I (Lab)', 1, '', 3, '', '', '', '', '', 0, 0, 1, 1, '2015-12-28 22:00:23', 1, '2016-01-10 10:26:08'),
(748, 18, 'TE-109', 'Polymer Science and Engineering', 3, '', 3, '', '', '', '', '', 0, 0, 1, 1, '2015-12-28 22:00:58', 1, '2016-01-10 10:26:08'),
(749, 18, 'BCE-102', 'Business and Communicative English-II', 3, '', 3, '', '', '', '', '', 0, 0, 1, 1, '2015-12-28 22:01:42', 1, '2016-01-10 10:26:08'),
(750, 18, 'MATH-104', 'Mathematics-II', 3, '', 3, '', '', '', '', '', 0, 0, 1, 1, '2015-12-28 22:02:37', 1, '2016-01-10 10:26:08'),
(751, 18, 'PHY-108', 'Physics-II', 3, '', 3, '', '', '', '', '', 0, 0, 1, 1, '2015-12-28 22:03:18', 1, '2016-01-10 10:26:08'),
(752, 18, 'PHY-108-L', 'Physics-II (Lab)', 1, '', 3, '', '', '', '', '', 0, 0, 1, 1, '2015-12-28 22:03:55', 1, '2016-01-10 10:26:09'),
(753, 18, 'CHE-106', 'Chemistry-II', 3, '', 3, '', '', '', '', '', 0, 0, 1, 1, '2015-12-28 22:04:32', 1, '2016-01-10 10:26:09'),
(754, 18, 'CHE-106-L', 'Chemistry-II (Lab)', 1, '', 3, '', '', '', '', '', 0, 0, 1, 1, '2015-12-28 22:05:06', 1, '2016-01-10 10:26:09'),
(755, 18, 'TE-112', 'Textile Fiber – Natural', 3, '', 3, '', '', '', '', '', 0, 0, 1, 1, '2015-12-28 22:05:43', 1, '2016-01-10 10:26:09'),
(756, 18, 'TE-110', 'Engineering Material', 3, '', 3, '', '', '', '', '', 0, 0, 1, 1, '2015-12-28 22:06:15', 1, '2016-01-10 10:26:09'),
(757, 18, 'TE-113', 'Engineering Drawing (Lab)', 2, '', 3, '', '', '', '', '', 0, 0, 1, 1, '2015-12-28 22:07:16', 1, '2016-01-10 10:26:09'),
(758, 18, 'TE-201', 'Yarn Manufacturing – I', 3, '', 3, '', '', '', '', '', 0, 0, 1, 1, '2015-12-28 22:16:25', 1, '2016-01-10 10:26:09'),
(759, 18, 'TE-201-L', 'Yarn Manufacturing – I (Lab)', 1, '', 3, '', '', '', '', '', 0, 0, 1, 1, '2015-12-28 22:16:58', 1, '2016-01-10 10:26:09'),
(760, 18, 'TE-202', 'Fabric Manufacturing – I', 3, '', 3, '', '', '', '', '', 0, 0, 1, 1, '2015-12-28 22:17:33', 1, '2016-01-10 10:26:09'),
(761, 18, 'TE-202-L', 'Fabric Manufacturing – I (Lab)', 1, '', 3, '', '', '', '', '', 0, 0, 1, 1, '2015-12-28 22:18:09', 1, '2016-01-10 10:26:09'),
(762, 18, 'TE-206', 'Textile Chemistry', 3, '', 3, '', '', '', '', '', 0, 0, 1, 1, '2015-12-28 22:18:43', 1, '2016-01-10 10:26:09'),
(763, 18, 'TE-212', 'Textile Fiber – Man Made', 3, '', 3, '', '', '', '', '', 0, 0, 1, 1, '2015-12-28 22:19:16', 1, '2016-01-10 10:26:09'),
(764, 18, 'STAT-208', 'Statistics', 3, '', 3, '', '', '', '', '', 0, 0, 1, 1, '2015-12-28 22:19:50', 1, '2016-01-10 10:26:10'),
(765, 18, 'EEE-209', 'Electrical and Electronic Engineering', 2, '', 3, '', '', '', '', '', 0, 0, 1, 1, '2015-12-28 22:20:26', 1, '2016-01-10 10:26:10'),
(766, 18, 'EEE-209-L', 'Electrical and Electronic Engineering (Lab)', 1, '', 3, '', '', '', '', '', 0, 0, 1, 1, '2015-12-28 22:21:00', 1, '2016-01-10 10:26:10'),
(767, 18, 'TE-211', 'Consumer Behavior in Fashion', 2, '', 3, '', '', '', '', '', 0, 0, 1, 1, '2015-12-28 22:21:30', 1, '2016-01-10 10:26:10'),
(768, 18, 'TE-203', 'Textile Wet Processing – I', 3, '', 3, '', '', '', '', '', 0, 0, 1, 1, '2015-12-28 22:23:13', 1, '2016-01-10 10:26:10'),
(769, 18, 'TE-203-L', 'Textile Wet Processing – I (Lab)', 1, '', 3, '', '', '', '', '', 0, 0, 1, 1, '2015-12-28 22:23:49', 1, '2016-01-10 10:26:10'),
(770, 18, 'TE-204', 'Apparel Manufacturing – I', 3, '', 3, '', '', '', '', '', 0, 0, 1, 1, '2015-12-28 22:24:22', 1, '2016-01-10 10:26:10'),
(771, 18, 'TE-204-L', 'Apparel Manufacturing – I (Lab)', 1, '', 3, '', '', '', '', '', 0, 0, 1, 1, '2015-12-28 22:24:55', 1, '2016-01-10 10:26:10'),
(772, 18, 'TE-205', 'Textile Testing & Quality Control – I', 2, '', 3, '', '', '', '', '', 0, 0, 1, 1, '2015-12-28 22:25:26', 1, '2016-01-10 10:26:10'),
(773, 18, 'TE-205-L', 'Textile Testing & Quality Control – I (Lab)', 1, '', 3, '', '', '', '', '', 0, 0, 1, 1, '2015-12-28 22:25:57', 1, '2016-01-10 10:26:10'),
(774, 18, 'TE-207', 'Textile Physics', 3, '', 3, '', '', '', '', '', 0, 0, 1, 1, '2015-12-28 22:26:27', 1, '2016-01-10 10:26:10'),
(775, 18, 'ME-210', 'Mechanical Engineering', 3, '', 3, '', '', '', '', '', 0, 0, 1, 1, '2015-12-28 22:27:00', 1, '2016-01-10 10:26:10'),
(776, 18, 'ME-210-L', 'Mechanical Engineering (Lab)', 1, '', 3, '', '', '', '', '', 0, 0, 1, 1, '2015-12-28 22:27:32', 1, '2016-01-10 10:26:11'),
(777, 18, 'ACM-213', 'Accounting & Cost Management', 3, '', 3, '', '', '', '', '', 0, 0, 1, 1, '2015-12-28 22:28:05', 1, '2016-01-10 10:26:11'),
(778, 18, 'TE-301', 'Yarn Manufacturing – II', 3, '', 3, '', '', '', '', '', 0, 0, 1, 1, '2015-12-28 22:28:40', 1, '2016-01-10 10:26:11'),
(779, 18, 'TE-301-L', 'Yarn Manufacturing – II (Lab)', 1, '', 3, '', '', '', '', '', 0, 0, 1, 1, '2015-12-28 22:29:10', 1, '2016-01-10 10:26:11'),
(780, 18, 'TE-302', 'Fabric Manufacturing – II', 3, '', 3, '', '', '', '', '', 0, 0, 1, 1, '2015-12-28 22:29:41', 1, '2016-01-10 10:26:11'),
(781, 18, 'TE-302-L', 'Fabric Manufacturing – II (Lab)', 1, '', 3, '', '', '', '', '', 0, 0, 1, 1, '2015-12-28 22:30:18', 1, '2016-01-10 10:26:11'),
(782, 18, 'TE-305', 'Textile Testing & Quality Control – II', 3, '', 3, '', '', '', '', '', 0, 0, 1, 1, '2015-12-28 22:30:57', 1, '2016-01-10 10:26:11'),
(783, 18, 'TE-305-L', 'Textile Testing & Quality Control – II (Lab)', 1, '', 3, '', '', '', '', '', 0, 0, 1, 1, '2015-12-28 22:31:29', 1, '2016-01-10 10:26:11'),
(784, 18, 'TE-306', 'Technical Textile', 3, '', 3, '', '', '', '', '', 0, 0, 1, 1, '2015-12-28 22:32:01', 1, '2016-01-10 10:26:11'),
(785, 18, 'TMD-310', 'Textile Machine Design & Dynamics', 3, '', 3, '', '', '', '', '', 0, 0, 1, 1, '2015-12-28 22:32:49', 1, '2016-01-10 10:26:11'),
(786, 18, 'TE-308', 'Industrial Management', 3, '', 3, '', '', '', '', '', 0, 0, 1, 1, '2015-12-28 22:33:40', 1, '2016-01-10 10:26:11'),
(787, 18, 'TE-303', 'Textile Wet Processing – II', 3, '', 3, '', '', '', '', '', 0, 0, 1, 1, '2015-12-28 22:34:13', 1, '2016-01-10 10:26:11'),
(788, 18, 'TE-303-L', 'Textile Wet Processing – II (Lab)', 1, '', 3, '', '', '', '', '', 0, 0, 1, 1, '2015-12-28 22:34:46', 1, '2016-01-10 10:26:11'),
(789, 18, 'TE-304', 'Apparel Manufacturing – II', 3, '', 3, '', '', '', '', '', 0, 0, 1, 1, '2015-12-28 22:35:17', 1, '2016-01-10 10:26:12'),
(790, 18, 'TE-304-L', 'Apparel Manufacturing – II (Lab)', 1, '', 3, '', '', '', '', '', 0, 0, 1, 1, '2015-12-28 22:35:50', 1, '2016-01-10 10:26:12'),
(791, 18, 'TE-312', 'Fabric Design & Analysis', 2, '', 3, '', '', '', '', '', 0, 0, 1, 1, '2015-12-28 22:36:21', 1, '2016-01-10 10:26:12'),
(792, 18, 'TE-312-L', 'Fabric Design & Analysis (Lab)', 1, '', 3, '', '', '', '', '', 0, 0, 1, 1, '2015-12-28 22:37:50', 1, '2016-01-10 10:26:12'),
(793, 18, 'TE-309', 'Production Planning & Control', 3, '', 3, '', '', '', '', '', 0, 0, 1, 1, '2015-12-28 22:38:27', 1, '2016-01-10 10:26:12'),
(794, 18, 'TE-307', 'Textile & Apparel Merchandising', 3, '', 3, '', '', '', '', '', 0, 0, 1, 1, '2015-12-28 22:38:59', 1, '2016-01-10 10:26:12'),
(795, 18, 'TE-311', 'Applications of Computer in Textile', 2, '', 3, '', '', '', '', '', 0, 0, 1, 1, '2015-12-28 22:39:29', 1, '2016-01-10 10:26:12'),
(796, 18, 'TE-313', 'Clothing Comfort', 2, '', 3, '', '', '', '', '', 0, 0, 1, 1, '2015-12-28 22:39:59', 1, '2016-01-10 10:26:12'),
(797, 18, 'TE-401', 'Yarn Manufacturing – III (optional)', 3, '', 3, '', '', '', '', '', 0, 0, 1, 1, '2015-12-28 22:42:10', 1, '2016-01-10 10:26:12'),
(798, 18, 'TE-402', 'Fabric Manufacturing – III (optional)', 3, '', 3, '', '', '', '', '', 0, 0, 1, 1, '2015-12-28 22:43:31', 1, '2016-01-10 10:26:12'),
(799, 18, 'TE-403', 'Textile Wet Processing – III (optional)', 3, '', 3, '', '', '', '', '', 0, 0, 1, 1, '2015-12-28 22:44:09', 1, '2016-01-10 10:26:12'),
(800, 18, 'TE-404', 'Apparel Manufacturing – III (optional)', 3, '', 3, '', '', '', '', '', 0, 0, 1, 1, '2015-12-28 22:44:41', 1, '2016-01-10 10:26:12'),
(801, 18, 'TE-401-L', 'Yarn Manufacturing – III (Lab) (optional)', 1, '', 3, '', '', '', '', '', 0, 0, 1, 1, '2015-12-28 22:45:15', 1, '2016-01-10 10:26:12'),
(802, 18, 'TE-402-L', 'Fabric Manufacturing – III (Lab) (optional)', 1, '', 3, '', '', '', '', '', 0, 0, 1, 1, '2015-12-28 22:45:51', 1, '2016-01-10 10:26:12'),
(803, 18, 'TE-403-L', 'Textile Wet Processing – III (Lab) (optional)/', 1, '', 3, '', '', '', '', '', 0, 0, 1, 1, '2015-12-28 22:46:29', 1, '2016-01-10 10:26:12'),
(804, 18, 'TE-404-L', 'Apparel Manufacturing – III (Lab) (optional)', 1, '', 3, '', '', '', '', '', 0, 0, 1, 1, '2015-12-28 22:46:59', 1, '2016-01-10 10:26:13'),
(805, 18, 'TE-411', 'Yarn Manufacturing – IV (optional)', 3, '', 3, '', '', '', '', '', 0, 0, 1, 1, '2015-12-28 22:47:37', 1, '2016-01-10 10:26:13'),
(806, 18, 'TE-412', 'Fabric Manufacturing – IV (optional)', 3, '', 3, '', '', '', '', '', 0, 0, 1, 1, '2015-12-28 22:48:07', 1, '2016-01-10 10:26:13'),
(807, 18, 'TE-413', 'Textile Wet Processing – IV (optional)/', 3, '', 3, '', '', '', '', '', 0, 0, 1, 1, '2015-12-28 22:48:37', 1, '2016-01-10 10:26:13'),
(808, 18, 'TE-414', 'Apparel Manufacturing – IV (optional)', 3, '', 3, '', '', '', '', '', 0, 0, 1, 1, '2015-12-28 22:49:07', 1, '2016-01-10 10:26:13'),
(809, 18, 'TE-411-L', 'Yarn Manufacturing – IV (Lab) (optional)', 1, '', 3, '', '', '', '', '', 0, 0, 1, 1, '2015-12-28 22:49:44', 1, '2016-01-10 10:26:13'),
(810, 18, 'TE-412-L', 'Fabric Manufacturing – IV (Lab) (optional)/', 1, '', 3, '', '', '', '', '', 0, 0, 1, 1, '2015-12-28 22:50:12', 1, '2016-01-10 10:26:13'),
(811, 18, 'TE-413-L', 'Textile Wet Processing – IV (Lab) (optional)', 1, '', 3, '', '', '', '', '', 0, 0, 1, 1, '2015-12-28 22:50:47', 1, '2016-01-10 10:26:13'),
(812, 18, 'TE-414-L', 'Apparel Manufacturing – IV (Lab) (optional)', 1, '', 3, '', '', '', '', '', 0, 0, 1, 1, '2015-12-28 22:51:19', 1, '2016-01-10 10:26:13'),
(813, 18, 'TE-405', 'Quality Management', 3, '', 3, '', '', '', '', '', 0, 0, 1, 1, '2015-12-28 22:51:49', 1, '2016-01-10 10:26:13'),
(814, 18, 'TE-410', 'Textile Mill Utilities', 3, '', 3, '', '', '', '', '', 0, 0, 1, 1, '2015-12-28 22:52:16', 1, '2016-01-10 10:26:13'),
(815, 18, 'IMTA-415', 'International Marketing of Textile and Apparel', 3, '', 3, '', '', '', '', '', 0, 0, 1, 1, '2015-12-28 22:52:47', 1, '2016-01-10 10:26:14'),
(816, 18, 'TE-417', 'Maintenance of Textiles Machinery', 2, '', 3, '', '', '', '', '', 0, 0, 1, 1, '2015-12-28 22:53:17', 1, '2016-01-10 10:26:14'),
(817, 18, 'TE-417-L', 'Maintenance of Textiles Machinery (Lab)', 1, '', 3, '', '', '', '', '', 0, 0, 1, 1, '2015-12-28 22:53:45', 1, '2016-01-10 10:26:14'),
(818, 18, 'TE-406', 'Specialized Yarn Production (optional)/', 3, '', 3, '', '', '', '', '', 0, 0, 1, 1, '2015-12-28 22:54:15', 1, '2016-01-10 10:26:14'),
(819, 18, 'TE-407', 'Specialized Fabric Production (optional)', 3, '', 3, '', '', '', '', '', 0, 0, 1, 1, '2015-12-28 22:54:46', 1, '2016-01-10 10:26:14'),
(820, 18, 'TE-408', 'Specialized Wet Processing (optional)/', 3, '', 3, '', '', '', '', '', 0, 0, 1, 1, '2015-12-28 22:55:14', 1, '2016-01-10 10:26:14'),
(821, 18, 'TE-409', 'Specialized Apparel Manufacturing (optional)', 3, '', 3, '', '', '', '', '', 0, 0, 1, 1, '2015-12-28 22:55:43', 1, '2016-01-10 10:26:14'),
(822, 18, 'TE-416', 'Environmental Science, Pollution Control and Waste Management', 3, '', 3, '', '', '', '', '', 0, 0, 1, 1, '2015-12-28 22:56:12', 1, '2016-01-10 10:26:14'),
(823, 3, 'TE-418', 'Project (Thesis)', 3, '', 3, '', '', '', '', '', 0, 0, 1, 1, '2015-12-28 22:56:44', 1, '2017-06-21 06:14:10'),
(824, 3, 'TE-419', 'Industrial Attachment', 3, '', 3, '', '', '', '', '', 0, 0, 1, 1, '2015-12-28 22:57:10', 1, '2017-06-21 06:14:17'),
(825, 3, 'TE-420', 'Comprehensive Viva', 2, '', 3, '', '', '', '', '', 0, 0, 1, 1, '2015-12-28 22:57:37', 1, '2017-06-21 06:14:24'),
(826, 3, 'PIS 489', 'Economics and Finance in Islam', 3, '', 3, '', '', '', '', '', 0, 0, 1, 1, '2016-01-10 11:02:09', 1, '2017-06-21 06:14:31'),
(827, 3, 'PIS 490', 'Computer Literacy', 3, '', 3, '', '', '', '', '', 0, 0, 1, 1, '2016-01-10 11:05:03', 1, '2017-06-21 06:14:40'),
(828, 3, 'PIS 491', 'Study of Al-Tafsir', 3, '', 3, '', '', '', '', '', 0, 0, 1, 1, '2016-01-10 11:16:28', 1, '2017-06-21 06:14:49'),
(829, 30, 'PIS 492', 'Biography of Prophet (sm.)', 3, '', 3, '', '', '', '', '', 0, 0, 1, 1, '2016-01-10 11:17:02', 1, '2016-01-17 08:15:19'),
(830, 3, 'PHY  111', 'Physics  ', 3, '', 3, '', '', '', '', '', 0, 0, 1, 1, '2016-01-31 10:06:34', 1, '2017-06-21 06:14:57'),
(831, 20, 'ENG 111', 'English Reading and Composition', 3, '', 3, '', '', '', '', '', 0, 0, 1, 1, '2016-01-31 10:08:34', 31, '2016-02-20 09:59:16'),
(832, 3, '102', 'GED Course', 3, '', 3, '', '', '', '', '', 0, 0, 1, 1, '2016-01-31 10:09:25', 1, '2017-06-21 06:15:11'),
(833, 3, 'MATH 111', 'Differential and Integral Calculus ', 3, '', 3, '', '', '', '', '', 0, 0, 1, 1, '2016-01-31 10:10:03', 1, '2017-06-21 06:15:24'),
(834, 3, 'CSE 111', 'Computer Programming  ', 3, '', 3, '', '', '', '', '', 0, 0, 1, 1, '2016-01-31 10:10:49', 1, '2017-06-21 06:15:30'),
(835, 19, 'CSE 112', 'Computer Programming  Lab', 1, '', 3, '', '', '', '', '', 0, 0, 1, 1, '2016-01-31 10:11:31', 31, '2016-02-24 11:58:48'),
(836, 3, 'EEE 121', 'Electrical Circuits I', 3, '', 3, '', '', '', '', '', 0, 0, 1, 1, '2016-01-31 10:12:16', 1, '2017-06-21 06:15:39'),
(837, 3, 'PHY 121', 'Physics II', 3, '', 3, '', '', '', '', '', 0, 0, 1, 1, '2016-01-31 10:12:56', 1, '2017-06-21 06:15:49'),
(838, 3, 'PHY 122', 'Physics Lab', 1, '', 3, '', '', '', '', '', 0, 0, 1, 1, '2016-01-31 10:13:33', 1, '2017-06-21 06:15:57'),
(839, 3, 'MATH 121  ', 'Ordinary and Partial Differential Equations ', 3, '', 3, '', '', '', '', '', 0, 0, 1, 1, '2016-01-31 10:14:11', 1, '2017-06-21 06:16:03'),
(840, 3, 'ENG 121', 'Advanced English Communication                             ', 3, '', 3, '', '', '', '', '', 0, 0, 1, 1, '2016-01-31 10:14:49', 1, '2017-06-21 06:16:09'),
(841, 3, 'CHEM 127', 'Chemistry ', 3, '', 3, '', '', '', '', '', 0, 0, 1, 1, '2016-01-31 10:15:26', 1, '2017-06-21 06:16:15'),
(842, 3, 'CHEM 128', 'Chemistry  Lab                                                                   ', 1, '', 3, '', '', '', '', '', 0, 0, 1, 1, '2016-01-31 10:16:04', 1, '2017-06-21 06:16:24'),
(843, 20, 'EEE 211', 'Electrical Circuits  II', 3, '', 3, '', '', '', '', '', 0, 0, 1, 1, '2016-01-31 10:16:44', NULL, NULL),
(844, 20, 'EEE 212', 'Electrical Circuits  Lab  ', 1, '', 3, '', '', '', '', '', 0, 0, 1, 1, '2016-01-31 10:17:21', NULL, NULL),
(845, 20, 'EEE 213', 'Electronics I ', 3, '', 3, '', '', '', '', '', 0, 0, 1, 1, '2016-01-31 10:17:58', NULL, NULL),
(846, 20, 'ME 111', 'Basic Mechanical Engineering                                                ', 3, '', 3, '', '', '', '', '', 0, 0, 1, 1, '2016-01-31 10:18:38', NULL, NULL),
(847, 2, 'MATH 211', 'Co-ordinate Geometry and Vector Analysis                         ', 3, '', 3, '', '', '', '', '', 0, 0, 1, 1, '2016-01-31 10:19:15', 1, '2017-08-26 07:58:26'),
(848, 20, 'EEE 215', 'Energy Conversion I                                                ', 3, '', 3, '', '', '', '', '', 0, 0, 1, 1, '2016-01-31 10:22:53', NULL, NULL),
(849, 20, 'EEE 222', 'Electronics II Lab  ', 1, '', 3, '', '', '', '', '', 0, 0, 1, 1, '2016-01-31 15:50:52', NULL, NULL),
(850, 2, 'EEE 223', 'Signals and Linear Systems                                             ', 3, '', 3, '', '', '', '', '', 0, 0, 1, 1, '2016-01-31 15:51:32', 1, '2017-08-26 07:58:35'),
(851, 20, 'MATH  221', 'Linear Algebra and Complex Variables                                  ', 3, '', 3, '', '', '', '', '', 0, 0, 1, 1, '2016-01-31 15:52:51', NULL, NULL),
(852, 20, 'EEE 225', 'Energy Conversion II                                                                                       ', 3, '', 3, '', '', '', '', '', 0, 0, 1, 1, '2016-01-31 15:53:39', NULL, NULL),
(853, 3, 'EEE 226', 'Lab   Energy Conversion Lab                                                     ', 1, '', 3, '', '', '', '', '', 0, 0, 1, 1, '2016-01-31 15:54:20', 1, '2017-06-21 06:05:15'),
(854, 3, 'EEE 313', 'Engineering Electromagnetics                 ', 3, '', 3, '', '', '', '', '', 0, 0, 1, 1, '2016-01-31 15:55:38', 1, '2017-06-21 06:05:23'),
(855, 3, 'EEE 315', 'Communication Systems                                         ', 3, '', 3, '', '', '', '', '', 0, 0, 1, 1, '2016-01-31 15:56:18', 1, '2017-06-21 06:05:46'),
(856, 3, 'EEE 316', 'Communication Systems  Lab                                         ', 1, '', 3, '', '', '', '', '', 0, 0, 1, 1, '2016-01-31 15:56:59', 1, '2017-06-21 06:05:54'),
(857, 3, 'EEE 311', 'Digital  Electronics', 3, '', 3, '', '', '', '', '', 0, 0, 1, 1, '2016-01-31 15:57:36', 1, '2017-06-21 06:06:02'),
(858, 3, 'EEE 312', 'Digital  Electronics lab', 1, '', 3, '', '', '', '', '', 0, 0, 1, 1, '2016-01-31 15:58:10', 1, '2017-06-21 06:06:14'),
(859, 20, 'MATH  311 ', 'Statistics and Probability                                           ', 3, '', 3, '', '', '', '', '', 0, 0, 1, 1, '2016-01-31 15:58:46', NULL, NULL),
(860, 20, '101', 'Advanced Core Course', 3, '', 3, '', '', '', '', '', 0, 0, 1, 1, '2016-01-31 15:59:18', 31, '2016-02-24 05:52:26'),
(861, 20, 'EEE 321', 'Microprocessor and Microcontroller                                ', 3, '', 3, '', '', '', '', '', 0, 0, 1, 1, '2016-01-31 16:00:02', NULL, NULL),
(862, 20, 'EEE 322', 'Microprocessor and Microcontroller  Lab                           ', 1, '', 3, '', '', '', '', '', 0, 0, 1, 1, '2016-01-31 16:00:35', NULL, NULL),
(863, 20, ' EEE 400', 'Thesis/Project', 3, '', 3, '', '', '', '', '', 0, 0, 1, 1, '2016-01-31 16:08:25', NULL, NULL),
(864, 20, 'EEE 400', 'Thesis/Project', 3, '', 3, '', '', '', '', '', 0, 0, 1, 1, '2016-01-31 16:11:10', NULL, NULL),
(865, 24, 'MBL-706', 'Viva-voce', 2, '', 3, '', '', '', '', '', 0, 0, 1, 31, '2016-02-13 18:23:25', NULL, NULL);

-- --------------------------------------------------------

--
-- Table structure for table `aca_course_category`
--

CREATE TABLE IF NOT EXISTS `aca_course_category` (
  `C_CAT_ID` tinyint(3) NOT NULL AUTO_INCREMENT,
  `CAT_NAME` varchar(100) COLLATE utf8_croatian_ci NOT NULL,
  `CAT_DESC` varchar(200) COLLATE utf8_croatian_ci NOT NULL,
  `CAT_COLOR` varchar(20) COLLATE utf8_croatian_ci NOT NULL,
  `SEQUENCE` tinyint(2) DEFAULT NULL,
  `ACTIVE_STATUS` tinyint(1) DEFAULT NULL,
  `CREATED_BY` int(11) DEFAULT NULL,
  `CREATE_DATE` timestamp NOT NULL DEFAULT CURRENT_TIMESTAMP,
  `UPDATED_BY` int(11) DEFAULT NULL,
  `UPDATE_DATE` datetime DEFAULT NULL,
  PRIMARY KEY (`C_CAT_ID`)
) ENGINE=InnoDB  DEFAULT CHARSET=utf8 COLLATE=utf8_croatian_ci AUTO_INCREMENT=12 ;

--
-- Dumping data for table `aca_course_category`
--

INSERT INTO `aca_course_category` (`C_CAT_ID`, `CAT_NAME`, `CAT_DESC`, `CAT_COLOR`, `SEQUENCE`, `ACTIVE_STATUS`, `CREATED_BY`, `CREATE_DATE`, `UPDATED_BY`, `UPDATE_DATE`) VALUES
(1, 'Core', 'Core', '#61FA6E', 1, 1, 1, '2015-10-11 13:00:00', NULL, NULL),
(2, 'GED', 'GED', '#f3f3f4', 2, 1, 1, '2015-10-12 01:47:55', NULL, NULL),
(3, 'Major', 'Major', '#fbe4e3', 3, 1, 1, '2015-10-12 03:11:23', NULL, NULL),
(4, 'Foundation', 'Foundation', '#3597ff', 4, 1, 1, '2015-10-12 03:11:37', NULL, NULL),
(5, 'IC', 'IC', '#ff0000', 5, 1, 1, '2015-12-20 14:42:35', NULL, NULL),
(6, 'BFC', 'BFC', '#0000ff', 6, 1, 1, '2015-12-20 14:43:52', NULL, NULL),
(7, 'BCC', 'BCC', '#ff0000', 7, 1, 1, '2015-12-23 09:07:07', NULL, NULL),
(8, 'MISCC', 'MISCC', '#ff0000', 8, 1, 1, '2015-12-23 09:07:24', NULL, NULL),
(9, 'CBC', 'CBC', '#ff0000', 9, 1, 1, '2015-12-23 09:08:11', NULL, NULL),
(10, 'EC', 'EC', '#004080', 10, 1, 1, '2015-12-23 09:08:36', NULL, NULL),
(11, 'Dissertation', 'Dissertation', '#ff0000', 11, 1, 1, '2015-12-23 10:03:20', NULL, NULL);

-- --------------------------------------------------------

--
-- Table structure for table `aca_course_offer`
--

CREATE TABLE IF NOT EXISTS `aca_course_offer` (
  `OFFERED_COURSE_ID` int(11) NOT NULL AUTO_INCREMENT,
  `OFFER_TYPE` char(1) CHARACTER SET latin1 DEFAULT NULL COMMENT 'O=OPEN, F=FIXED',
  `FACULTY_ID` smallint(6) NOT NULL,
  `DEPT_ID` int(11) NOT NULL,
  `PROGRAM_ID` int(11) NOT NULL,
  `COURSE_ID` int(11) NOT NULL,
  `DURATION` varchar(50) COLLATE utf8_croatian_ci DEFAULT NULL,
  `MIN_CR_LIMIT` tinyint(3) DEFAULT NULL,
  `ACTIVE_STATUS` tinyint(1) DEFAULT NULL,
  `CREATED_BY` int(11) DEFAULT NULL,
  `CREATE_DATE` timestamp NOT NULL DEFAULT CURRENT_TIMESTAMP,
  `UPDATED_BY` int(11) DEFAULT NULL,
  `UPDATE_DATE` datetime DEFAULT NULL,
  PRIMARY KEY (`OFFERED_COURSE_ID`),
  KEY `FK_CO_COURSE_ID` (`COURSE_ID`)
) ENGINE=InnoDB  DEFAULT CHARSET=utf8 COLLATE=utf8_croatian_ci AUTO_INCREMENT=139 ;

--
-- Dumping data for table `aca_course_offer`
--

INSERT INTO `aca_course_offer` (`OFFERED_COURSE_ID`, `OFFER_TYPE`, `FACULTY_ID`, `DEPT_ID`, `PROGRAM_ID`, `COURSE_ID`, `DURATION`, `MIN_CR_LIMIT`, `ACTIVE_STATUS`, `CREATED_BY`, `CREATE_DATE`, `UPDATED_BY`, `UPDATE_DATE`) VALUES
(1, 'F', 2, 10, 9, 33, '30', 0, 1, 1, '2017-06-21 06:09:33', NULL, NULL),
(2, 'F', 2, 10, 9, 203, '30', 0, 1, 1, '2017-06-21 06:09:33', NULL, NULL),
(3, 'F', 2, 10, 9, 290, '30', 0, 1, 1, '2017-06-21 06:09:33', NULL, NULL),
(4, 'F', 2, 10, 9, 296, '30', 0, 1, 1, '2017-06-21 06:09:33', NULL, NULL),
(5, 'F', 2, 10, 9, 311, '30', 0, 1, 1, '2017-06-21 06:09:33', NULL, NULL),
(6, 'F', 2, 10, 9, 312, '30', 0, 1, 1, '2017-06-21 06:09:33', NULL, NULL),
(7, 'F', 2, 10, 9, 319, '30', 0, 1, 1, '2017-06-21 06:09:33', NULL, NULL),
(8, 'F', 2, 10, 9, 320, '30', 0, 1, 1, '2017-06-21 06:09:33', NULL, NULL),
(9, 'F', 2, 10, 9, 334, '30', 0, 1, 1, '2017-06-21 06:09:33', NULL, NULL),
(10, 'F', 2, 10, 9, 339, '30', 0, 1, 1, '2017-06-21 06:09:33', NULL, NULL),
(11, 'F', 2, 10, 9, 340, '30', 0, 1, 1, '2017-06-21 06:09:33', NULL, NULL),
(12, 'F', 2, 10, 9, 351, '30', 0, 1, 1, '2017-06-21 06:09:33', NULL, NULL),
(13, 'F', 2, 10, 9, 353, '30', 0, 1, 1, '2017-06-21 06:09:33', NULL, NULL),
(14, 'F', 2, 10, 9, 359, '30', 0, 1, 1, '2017-06-21 06:09:33', NULL, NULL),
(15, 'F', 2, 10, 9, 360, '30', 0, 1, 1, '2017-06-21 06:09:33', NULL, NULL),
(16, 'F', 2, 10, 9, 361, '30', 0, 1, 1, '2017-06-21 06:09:33', NULL, NULL),
(17, 'F', 2, 10, 9, 363, '30', 0, 1, 1, '2017-06-21 06:09:33', NULL, NULL),
(18, 'F', 2, 10, 9, 364, '30', 0, 1, 1, '2017-06-21 06:09:33', NULL, NULL),
(19, 'F', 2, 10, 9, 366, '30', 0, 1, 1, '2017-06-21 06:09:33', NULL, NULL),
(20, 'F', 2, 10, 9, 367, '30', 0, 1, 1, '2017-06-21 06:09:33', NULL, NULL),
(21, 'F', 2, 10, 9, 368, '', 0, 1, 1, '2017-06-21 06:09:33', NULL, NULL),
(22, 'F', 2, 10, 9, 369, '', 0, 1, 1, '2017-06-21 06:09:33', NULL, NULL),
(23, 'F', 2, 10, 9, 370, '', 0, 1, 1, '2017-06-21 06:09:33', NULL, NULL),
(24, 'F', 2, 10, 9, 371, '', 0, 1, 1, '2017-06-21 06:09:33', NULL, NULL),
(25, 'F', 2, 10, 9, 372, '', 0, 1, 1, '2017-06-21 06:09:33', NULL, NULL),
(26, 'F', 2, 10, 9, 373, '', 0, 1, 1, '2017-06-21 06:09:33', NULL, NULL),
(27, 'F', 2, 10, 9, 374, '', 0, 1, 1, '2017-06-21 06:09:34', NULL, NULL),
(28, 'F', 2, 10, 9, 375, '', 0, 1, 1, '2017-06-21 06:09:34', NULL, NULL),
(29, 'F', 2, 10, 9, 376, '', 0, 1, 1, '2017-06-21 06:09:34', NULL, NULL),
(30, 'F', 2, 10, 9, 378, '', 0, 1, 1, '2017-06-21 06:09:34', NULL, NULL),
(31, 'F', 5, 3, 3, 365, '', 0, 1, 1, '2017-06-21 06:16:56', NULL, NULL),
(32, 'F', 5, 3, 3, 382, '', 0, 1, 1, '2017-06-21 06:16:56', NULL, NULL),
(33, 'F', 5, 3, 3, 384, '', 0, 1, 1, '2017-06-21 06:16:56', NULL, NULL),
(34, 'F', 5, 3, 3, 396, '', 0, 1, 1, '2017-06-21 06:16:56', NULL, NULL),
(35, 'F', 5, 3, 3, 398, '', 0, 1, 1, '2017-06-21 06:16:56', NULL, NULL),
(36, 'F', 5, 3, 3, 399, '', 0, 1, 1, '2017-06-21 06:16:57', NULL, NULL),
(37, 'F', 5, 3, 3, 400, '', 0, 1, 1, '2017-06-21 06:16:57', NULL, NULL),
(38, 'F', 5, 3, 3, 401, '', 0, 1, 1, '2017-06-21 06:16:57', NULL, NULL),
(39, 'F', 5, 3, 3, 403, '', 0, 1, 1, '2017-06-21 06:16:57', NULL, NULL),
(40, 'F', 5, 3, 3, 404, '', 0, 1, 1, '2017-06-21 06:16:57', NULL, NULL),
(41, 'F', 5, 3, 3, 405, '', 0, 1, 1, '2017-06-21 06:16:57', NULL, NULL),
(42, 'F', 5, 3, 3, 406, '', 0, 1, 1, '2017-06-21 06:16:57', NULL, NULL),
(43, 'F', 5, 3, 3, 408, '', 0, 1, 1, '2017-06-21 06:16:57', NULL, NULL),
(44, 'F', 5, 3, 3, 409, '', 0, 1, 1, '2017-06-21 06:16:57', NULL, NULL),
(45, 'F', 5, 3, 3, 410, '', 0, 1, 1, '2017-06-21 06:16:57', NULL, NULL),
(46, 'F', 5, 3, 3, 411, '', 0, 1, 1, '2017-06-21 06:16:57', NULL, NULL),
(47, 'F', 5, 3, 3, 412, '', 0, 1, 1, '2017-06-21 06:16:57', NULL, NULL),
(48, 'F', 5, 3, 3, 414, '', 0, 1, 1, '2017-06-21 06:16:57', NULL, NULL),
(49, 'F', 5, 3, 3, 419, '', 0, 1, 1, '2017-06-21 06:16:57', NULL, NULL),
(50, 'F', 5, 3, 3, 420, '', 0, 1, 1, '2017-06-21 06:16:57', NULL, NULL),
(51, 'F', 5, 3, 3, 421, '', 0, 1, 1, '2017-06-21 06:16:57', NULL, NULL),
(52, 'F', 5, 3, 3, 422, '', 0, 1, 1, '2017-06-21 06:16:57', NULL, NULL),
(53, 'F', 5, 3, 3, 426, '', 0, 1, 1, '2017-06-21 06:16:57', NULL, NULL),
(54, 'F', 5, 3, 3, 427, '', 0, 1, 1, '2017-06-21 06:16:57', NULL, NULL),
(55, 'F', 5, 3, 3, 428, '', 0, 1, 1, '2017-06-21 06:16:57', NULL, NULL),
(56, 'F', 5, 3, 3, 430, '', 0, 1, 1, '2017-06-21 06:16:57', NULL, NULL),
(57, 'F', 5, 3, 3, 431, '', 0, 1, 1, '2017-06-21 06:16:57', NULL, NULL),
(58, 'F', 5, 3, 3, 433, '', 0, 1, 1, '2017-06-21 06:16:57', NULL, NULL),
(59, 'F', 5, 3, 3, 434, '', 0, 1, 1, '2017-06-21 06:16:57', NULL, NULL),
(60, 'F', 5, 3, 3, 823, '', 0, 1, 1, '2017-06-21 06:16:57', NULL, NULL),
(61, 'F', 5, 3, 3, 824, '', 0, 1, 1, '2017-06-21 06:16:57', NULL, NULL),
(62, 'F', 5, 3, 3, 825, '', 0, 1, 1, '2017-06-21 06:16:57', NULL, NULL),
(63, 'F', 5, 3, 3, 826, '', 0, 1, 1, '2017-06-21 06:16:57', NULL, NULL),
(64, 'F', 5, 3, 3, 827, '', 0, 1, 1, '2017-06-21 06:16:57', NULL, NULL),
(65, 'F', 5, 3, 3, 828, '', 0, 1, 1, '2017-06-21 06:16:57', NULL, NULL),
(66, 'F', 5, 3, 3, 830, '', 0, 1, 1, '2017-06-21 06:16:57', NULL, NULL),
(67, 'F', 5, 3, 3, 832, '', 0, 1, 1, '2017-06-21 06:16:57', NULL, NULL),
(68, 'F', 5, 3, 3, 833, '', 0, 1, 1, '2017-06-21 06:16:57', NULL, NULL),
(69, 'F', 5, 3, 3, 834, '', 0, 1, 1, '2017-06-21 06:16:57', NULL, NULL),
(70, 'F', 5, 3, 3, 836, '', 0, 1, 1, '2017-06-21 06:16:57', NULL, NULL),
(71, 'F', 5, 3, 3, 837, '', 0, 1, 1, '2017-06-21 06:16:57', NULL, NULL),
(72, 'F', 5, 3, 3, 838, '', 0, 1, 1, '2017-06-21 06:16:57', NULL, NULL),
(73, 'F', 5, 3, 3, 839, '', 0, 1, 1, '2017-06-21 06:16:57', NULL, NULL),
(74, 'F', 5, 3, 3, 840, '', 0, 1, 1, '2017-06-21 06:16:57', NULL, NULL),
(75, 'F', 5, 3, 3, 841, '', 0, 1, 1, '2017-06-21 06:16:57', NULL, NULL),
(76, 'F', 5, 3, 3, 842, '', 0, 1, 1, '2017-06-21 06:16:57', NULL, NULL),
(77, 'F', 5, 3, 3, 853, '', 0, 1, 1, '2017-06-21 06:16:57', NULL, NULL),
(78, 'F', 5, 3, 3, 854, '', 0, 1, 1, '2017-06-21 06:16:58', NULL, NULL),
(79, 'F', 5, 3, 3, 855, '', 0, 1, 1, '2017-06-21 06:16:58', NULL, NULL),
(80, 'F', 5, 3, 3, 856, '', 0, 1, 1, '2017-06-21 06:16:58', NULL, NULL),
(81, 'F', 5, 2, 2, 386, '', 0, 1, 1, '2017-07-02 04:43:50', NULL, NULL),
(82, 'F', 5, 2, 2, 387, '', 0, 1, 1, '2017-07-02 04:43:50', NULL, NULL),
(83, 'F', 5, 2, 2, 388, '', 0, 1, 1, '2017-07-02 04:43:50', NULL, NULL),
(84, 'F', 5, 2, 2, 389, '', 0, 1, 1, '2017-07-02 04:43:50', NULL, NULL),
(85, 'F', 5, 2, 2, 390, '', 0, 1, 1, '2017-07-02 04:43:50', NULL, NULL),
(86, 'F', 5, 2, 2, 391, '', 0, 1, 1, '2017-07-02 04:43:50', NULL, NULL),
(87, 'F', 5, 2, 2, 392, '', 0, 1, 1, '2017-07-02 04:43:50', NULL, NULL),
(88, 'F', 5, 2, 2, 393, '', 0, 1, 1, '2017-07-02 04:43:50', NULL, NULL),
(89, 'F', 5, 2, 2, 394, '', 0, 1, 1, '2017-07-02 04:43:50', NULL, NULL),
(90, 'F', 5, 2, 2, 395, '', 0, 1, 1, '2017-07-02 04:43:50', NULL, NULL),
(92, 'F', 5, 1, 1, 415, '', 0, 1, 1, '2017-07-25 11:12:32', NULL, NULL),
(93, 'F', 5, 1, 1, 416, '', 0, 1, 1, '2017-07-25 11:12:32', NULL, NULL),
(94, 'F', 5, 1, 1, 417, '', 0, 1, 1, '2017-07-25 11:12:32', NULL, NULL),
(95, 'F', 5, 1, 1, 418, '', 0, 1, 1, '2017-07-25 11:12:32', NULL, NULL),
(96, 'F', 5, 1, 1, 423, '', 0, 1, 1, '2017-07-25 11:12:32', NULL, NULL),
(97, 'F', 5, 1, 1, 424, '', 0, 1, 1, '2017-07-25 11:12:32', NULL, NULL),
(98, 'F', 5, 1, 1, 425, '', 0, 1, 1, '2017-07-25 11:12:32', NULL, NULL),
(99, 'F', 5, 1, 1, 442, '', 0, 1, 1, '2017-07-25 11:12:32', NULL, NULL),
(100, 'F', 5, 1, 1, 444, '', 0, 1, 1, '2017-07-25 11:12:32', NULL, NULL),
(101, 'F', 5, 2, 2, 636, '', 0, 1, 1, '2017-08-26 05:57:44', NULL, NULL),
(102, 'F', 5, 2, 2, 640, '', 0, 1, 1, '2017-08-26 05:57:44', NULL, NULL),
(103, 'F', 5, 2, 2, 644, '', 0, 1, 1, '2017-08-26 05:57:44', NULL, NULL),
(104, 'F', 5, 2, 2, 847, '', 0, 1, 1, '2017-08-26 05:57:44', NULL, NULL),
(105, 'F', 5, 2, 2, 850, '', 0, 1, 1, '2017-08-26 05:57:44', NULL, NULL),
(106, 'F', 5, 1, 1, 413, '', 0, 1, 1, '2017-10-02 10:25:27', NULL, NULL),
(107, 'F', 5, 1, 1, 435, '', 0, 1, 1, '2017-10-02 10:25:27', NULL, NULL),
(108, 'F', 5, 1, 1, 436, '', 0, 1, 1, '2017-10-02 10:25:28', NULL, NULL),
(109, 'F', 5, 1, 1, 437, '', 0, 1, 1, '2017-10-02 10:25:28', NULL, NULL),
(110, 'F', 5, 1, 1, 438, '', 0, 1, 1, '2017-10-02 10:25:28', NULL, NULL),
(111, 'F', 5, 1, 1, 440, '', 0, 1, 1, '2017-10-02 10:25:28', NULL, NULL),
(112, 'F', 5, 1, 1, 441, '', 0, 1, 1, '2017-10-02 10:25:28', NULL, NULL),
(113, 'F', 5, 1, 1, 445, '', 0, 1, 1, '2017-10-02 10:25:28', NULL, NULL),
(114, 'F', 5, 1, 1, 446, '', 0, 1, 1, '2017-10-02 10:25:28', NULL, NULL),
(115, 'F', 5, 1, 1, 447, '', 0, 1, 1, '2017-10-02 10:25:28', NULL, NULL),
(116, 'F', 5, 1, 1, 448, '', 0, 1, 1, '2017-10-02 10:25:35', NULL, NULL),
(117, 'F', 5, 1, 1, 449, '', 0, 1, 1, '2017-10-02 10:25:36', NULL, NULL),
(118, 'F', 5, 1, 1, 450, '', 0, 1, 1, '2017-10-02 10:25:36', NULL, NULL),
(119, 'F', 5, 1, 1, 451, '', 0, 1, 1, '2017-10-02 10:25:36', NULL, NULL),
(120, 'F', 5, 1, 1, 452, '', 0, 1, 1, '2017-10-02 10:25:36', NULL, NULL),
(121, 'F', 5, 1, 1, 453, '', 0, 1, 1, '2017-10-02 10:25:36', NULL, NULL),
(122, 'F', 5, 1, 1, 457, '', 0, 1, 1, '2017-10-02 10:25:36', NULL, NULL),
(123, 'F', 5, 1, 1, 458, '', 0, 1, 1, '2017-10-02 10:25:36', NULL, NULL),
(124, 'F', 5, 1, 1, 461, '', 0, 1, 1, '2017-10-02 10:25:36', NULL, NULL),
(125, 'F', 5, 1, 1, 463, '', 0, 1, 1, '2017-10-02 10:25:36', NULL, NULL),
(126, 'F', 5, 1, 1, 468, '', 0, 1, 1, '2017-10-02 10:25:45', NULL, NULL),
(127, 'F', 5, 1, 1, 377, '', 0, 1, 1, '2017-10-02 10:39:25', NULL, NULL),
(128, 'F', 5, 1, 1, 380, '', 0, 1, 1, '2017-10-02 10:39:25', NULL, NULL),
(129, 'F', 5, 1, 1, 383, '', 0, 1, 1, '2017-10-02 10:39:26', NULL, NULL),
(130, 'F', 5, 1, 1, 385, '', 0, 1, 1, '2017-10-02 10:39:27', NULL, NULL),
(131, 'F', 5, 1, 1, 397, '', 0, 1, 1, '2017-10-02 10:39:27', NULL, NULL),
(132, 'F', 5, 1, 1, 402, '', 0, 1, 1, '2017-10-02 10:39:27', NULL, NULL),
(133, 'F', 5, 1, 1, 407, '', 0, 1, 1, '2017-10-02 10:39:27', NULL, NULL),
(134, 'F', 5, 1, 1, 429, '', 0, 1, 1, '2017-10-02 10:39:27', NULL, NULL),
(135, 'F', 5, 1, 1, 432, '', 0, 1, 1, '2017-10-02 10:39:27', NULL, NULL),
(136, 'F', 5, 1, 1, 439, '', 0, 1, 1, '2017-10-02 10:39:27', NULL, NULL),
(137, 'F', 5, 1, 1, 443, '', 0, 1, 1, '2017-10-02 10:39:28', NULL, NULL),
(138, 'F', 5, 1, 1, 482, '', 0, 1, 1, '2017-10-02 10:39:28', NULL, NULL);

-- --------------------------------------------------------

--
-- Table structure for table `aca_crs_prerequisite`
--

CREATE TABLE IF NOT EXISTS `aca_crs_prerequisite` (
  `CRS_PREREQUISITE_ID` int(11) NOT NULL AUTO_INCREMENT,
  `COURSE_ID` int(11) NOT NULL,
  `PRE_COURSE_ID` int(11) NOT NULL,
  `PROGRAM_ID` int(11) NOT NULL,
  `OFFER_TYPE` varchar(1) COLLATE utf8_croatian_ci DEFAULT NULL,
  `ACTIVE_STATUS` tinyint(1) DEFAULT NULL,
  `CREATED_BY` int(11) DEFAULT NULL,
  `CREATE_DATE` timestamp NOT NULL DEFAULT CURRENT_TIMESTAMP,
  `UPDATED_BY` int(11) DEFAULT NULL,
  `UPDATE_DATE` datetime DEFAULT NULL,
  PRIMARY KEY (`CRS_PREREQUISITE_ID`)
) ENGINE=InnoDB  DEFAULT CHARSET=utf8 COLLATE=utf8_croatian_ci AUTO_INCREMENT=6 ;

--
-- Dumping data for table `aca_crs_prerequisite`
--

INSERT INTO `aca_crs_prerequisite` (`CRS_PREREQUISITE_ID`, `COURSE_ID`, `PRE_COURSE_ID`, `PROGRAM_ID`, `OFFER_TYPE`, `ACTIVE_STATUS`, `CREATED_BY`, `CREATE_DATE`, `UPDATED_BY`, `UPDATE_DATE`) VALUES
(1, 203, 33, 9, 'F', NULL, 1, '2017-06-21 06:09:58', NULL, NULL),
(2, 290, 203, 9, 'F', NULL, 1, '2017-06-21 06:10:11', NULL, NULL),
(3, 319, 290, 9, 'F', NULL, 1, '2017-06-21 06:10:25', NULL, NULL),
(4, 395, 386, 2, 'F', NULL, 1, '2017-07-18 09:50:48', NULL, NULL),
(5, 417, 415, 1, 'F', NULL, 1, '2017-07-27 04:19:26', NULL, NULL);

-- --------------------------------------------------------

--
-- Table structure for table `aca_section`
--

CREATE TABLE IF NOT EXISTS `aca_section` (
  `SECTION_ID` bigint(14) NOT NULL AUTO_INCREMENT,
  `NAME` varchar(20) CHARACTER SET utf8 COLLATE utf8_croatian_ci NOT NULL,
  `DESC` varchar(100) CHARACTER SET utf8 COLLATE utf8_croatian_ci DEFAULT NULL,
  `ACTIVE_STATUS` tinyint(1) DEFAULT '0',
  `CREATED_BY` int(11) DEFAULT NULL,
  `CREATE_DATE` timestamp NOT NULL DEFAULT CURRENT_TIMESTAMP,
  `UPDATED_BY` int(11) DEFAULT NULL,
  `UPDATE_DATE` datetime DEFAULT NULL,
  PRIMARY KEY (`SECTION_ID`)
) ENGINE=InnoDB  DEFAULT CHARSET=latin1 AUTO_INCREMENT=3 ;

--
-- Dumping data for table `aca_section`
--

INSERT INTO `aca_section` (`SECTION_ID`, `NAME`, `DESC`, `ACTIVE_STATUS`, `CREATED_BY`, `CREATE_DATE`, `UPDATED_BY`, `UPDATE_DATE`) VALUES
(1, 'A', 'desc', 1, NULL, '2017-06-11 04:55:51', NULL, NULL),
(2, 'None', 'desc', 1, NULL, '2017-06-11 04:56:18', NULL, NULL);

-- --------------------------------------------------------

--
-- Table structure for table `aca_semester_course`
--

CREATE TABLE IF NOT EXISTS `aca_semester_course` (
  `SEM_COURSE_ID` int(11) NOT NULL AUTO_INCREMENT,
  `FACULTY_ID` smallint(6) NOT NULL,
  `DEPT_ID` int(11) NOT NULL,
  `PROGRAM_ID` int(11) NOT NULL,
  `SESSION_ID` int(11) NOT NULL,
  `SEMESTER_ID` int(11) DEFAULT NULL,
  `COURSE_ID` int(10) NOT NULL,
  `OFFERED_COURSE_ID` int(11) DEFAULT NULL,
  `SEQUENCE` int(11) DEFAULT NULL,
  `ACTIVE_STATUS` tinyint(1) DEFAULT NULL,
  `CREATED_BY` int(11) DEFAULT NULL,
  `CREATE_DATE` timestamp NOT NULL DEFAULT CURRENT_TIMESTAMP,
  `UPDATED_BY` int(11) DEFAULT NULL,
  `UPDATE_DATE` datetime DEFAULT NULL,
  PRIMARY KEY (`SEM_COURSE_ID`)
) ENGINE=InnoDB  DEFAULT CHARSET=utf8 COLLATE=utf8_croatian_ci AUTO_INCREMENT=312 ;

--
-- Dumping data for table `aca_semester_course`
--

INSERT INTO `aca_semester_course` (`SEM_COURSE_ID`, `FACULTY_ID`, `DEPT_ID`, `PROGRAM_ID`, `SESSION_ID`, `SEMESTER_ID`, `COURSE_ID`, `OFFERED_COURSE_ID`, `SEQUENCE`, `ACTIVE_STATUS`, `CREATED_BY`, `CREATE_DATE`, `UPDATED_BY`, `UPDATE_DATE`) VALUES
(1, 2, 10, 9, 7, 1, 33, 1, 1, 1, 1, '2017-06-21 06:11:42', NULL, NULL),
(2, 2, 10, 9, 7, 1, 203, 2, 2, 1, 1, '2017-06-21 06:11:42', NULL, NULL),
(3, 2, 10, 9, 7, 1, 290, 3, 3, 1, 1, '2017-06-21 06:11:43', NULL, NULL),
(4, 2, 10, 9, 7, 1, 296, 4, 4, 1, 1, '2017-06-21 06:11:46', NULL, NULL),
(5, 2, 10, 9, 7, 2, 311, 5, 1, 1, 1, '2017-06-21 06:11:51', NULL, NULL),
(6, 2, 10, 9, 7, 2, 319, 7, 2, 1, 1, '2017-06-21 06:11:53', NULL, NULL),
(7, 2, 10, 9, 7, 2, 320, 8, 3, 1, 1, '2017-06-21 06:11:54', NULL, NULL),
(8, 2, 10, 9, 7, 2, 312, 6, 4, 1, 1, '2017-06-21 06:12:00', NULL, NULL),
(9, 2, 10, 9, 7, 3, 334, 9, 1, 1, 1, '2017-06-21 06:12:04', NULL, NULL),
(10, 2, 10, 9, 7, 3, 339, 10, 2, 1, 1, '2017-06-21 06:12:05', NULL, NULL),
(11, 2, 10, 9, 7, 3, 340, 11, 3, 1, 1, '2017-06-21 06:12:06', NULL, NULL),
(12, 2, 10, 9, 7, 3, 351, 12, 4, 1, 1, '2017-06-21 06:12:07', NULL, NULL),
(13, 2, 10, 9, 7, 4, 353, 13, 1, 1, 1, '2017-06-21 06:12:10', NULL, NULL),
(14, 2, 10, 9, 7, 4, 359, 14, 2, 1, 1, '2017-06-21 06:12:11', NULL, NULL),
(15, 2, 10, 9, 7, 4, 360, 15, 3, 1, 1, '2017-06-21 06:12:11', NULL, NULL),
(16, 2, 10, 9, 7, 4, 361, 16, 4, 1, 1, '2017-06-21 06:12:12', NULL, NULL),
(17, 2, 10, 9, 7, 5, 363, 17, 1, 1, 1, '2017-06-21 06:12:15', NULL, NULL),
(18, 2, 10, 9, 7, 5, 364, 18, 2, 1, 1, '2017-06-21 06:12:17', NULL, NULL),
(19, 2, 10, 9, 7, 5, 366, 19, 3, 1, 1, '2017-06-21 06:12:17', NULL, NULL),
(20, 2, 10, 9, 7, 5, 367, 20, 4, 1, 1, '2017-06-21 06:12:18', NULL, NULL),
(21, 2, 10, 9, 7, 6, 368, 21, 1, 1, 1, '2017-06-21 06:12:22', NULL, NULL),
(22, 2, 10, 9, 7, 6, 369, 22, 2, 1, 1, '2017-06-21 06:12:23', NULL, NULL),
(23, 2, 10, 9, 7, 6, 370, 23, 3, 1, 1, '2017-06-21 06:12:24', NULL, NULL),
(24, 2, 10, 9, 7, 6, 371, 24, 4, 1, 1, '2017-06-21 06:12:25', NULL, NULL),
(25, 2, 10, 9, 7, 7, 372, 25, 1, 1, 1, '2017-06-21 06:12:28', NULL, NULL),
(26, 2, 10, 9, 7, 7, 373, 26, 2, 1, 1, '2017-06-21 06:12:30', NULL, NULL),
(27, 2, 10, 9, 7, 7, 374, 27, 3, 1, 1, '2017-06-21 06:12:30', NULL, NULL),
(28, 2, 10, 9, 7, 8, 375, 28, 1, 1, 1, '2017-06-21 06:12:34', NULL, NULL),
(29, 2, 10, 9, 7, 8, 376, 29, 2, 1, 1, '2017-06-21 06:12:35', NULL, NULL),
(30, 2, 10, 9, 7, 8, 378, 30, 3, 1, 1, '2017-06-21 06:12:35', NULL, NULL),
(31, 2, 10, 9, 1, 1, 33, 1, 1, 1, 1, '2017-06-21 06:14:22', NULL, NULL),
(32, 2, 10, 9, 1, 1, 203, 2, 2, 1, 1, '2017-06-21 06:14:22', NULL, NULL),
(33, 2, 10, 9, 1, 1, 290, 3, 3, 1, 1, '2017-06-21 06:14:22', NULL, NULL),
(34, 2, 10, 9, 1, 1, 296, 4, 4, 1, 1, '2017-06-21 06:14:22', NULL, NULL),
(35, 2, 10, 9, 1, 2, 311, 5, 1, 1, 1, '2017-06-21 06:14:22', NULL, NULL),
(36, 2, 10, 9, 1, 2, 319, 7, 2, 1, 1, '2017-06-21 06:14:22', NULL, NULL),
(37, 2, 10, 9, 1, 2, 320, 8, 3, 1, 1, '2017-06-21 06:14:22', NULL, NULL),
(38, 2, 10, 9, 1, 2, 312, 6, 4, 1, 1, '2017-06-21 06:14:22', NULL, NULL),
(39, 2, 10, 9, 1, 3, 334, 9, 1, 1, 1, '2017-06-21 06:14:22', NULL, NULL),
(40, 2, 10, 9, 1, 3, 339, 10, 2, 1, 1, '2017-06-21 06:14:22', NULL, NULL),
(41, 2, 10, 9, 1, 3, 340, 11, 3, 1, 1, '2017-06-21 06:14:22', NULL, NULL),
(42, 2, 10, 9, 1, 3, 351, 12, 4, 1, 1, '2017-06-21 06:14:22', NULL, NULL),
(43, 2, 10, 9, 1, 4, 353, 13, 1, 1, 1, '2017-06-21 06:14:22', NULL, NULL),
(44, 2, 10, 9, 1, 4, 359, 14, 2, 1, 1, '2017-06-21 06:14:22', NULL, NULL),
(45, 2, 10, 9, 1, 4, 360, 15, 3, 1, 1, '2017-06-21 06:14:22', NULL, NULL),
(46, 2, 10, 9, 1, 4, 361, 16, 4, 1, 1, '2017-06-21 06:14:22', NULL, NULL),
(47, 2, 10, 9, 1, 5, 363, 17, 1, 1, 1, '2017-06-21 06:14:22', NULL, NULL),
(48, 2, 10, 9, 1, 5, 364, 18, 2, 1, 1, '2017-06-21 06:14:22', NULL, NULL),
(49, 2, 10, 9, 1, 5, 366, 19, 3, 1, 1, '2017-06-21 06:14:22', NULL, NULL),
(50, 2, 10, 9, 1, 5, 367, 20, 4, 1, 1, '2017-06-21 06:14:22', NULL, NULL),
(51, 2, 10, 9, 1, 6, 368, 21, 1, 1, 1, '2017-06-21 06:14:22', NULL, NULL),
(52, 2, 10, 9, 1, 6, 369, 22, 2, 1, 1, '2017-06-21 06:14:22', NULL, NULL),
(53, 2, 10, 9, 1, 6, 370, 23, 3, 1, 1, '2017-06-21 06:14:22', NULL, NULL),
(54, 2, 10, 9, 1, 6, 371, 24, 4, 1, 1, '2017-06-21 06:14:23', NULL, NULL),
(55, 2, 10, 9, 1, 7, 372, 25, 1, 1, 1, '2017-06-21 06:14:23', NULL, NULL),
(56, 2, 10, 9, 1, 7, 373, 26, 2, 1, 1, '2017-06-21 06:14:23', NULL, NULL),
(57, 2, 10, 9, 1, 7, 374, 27, 3, 1, 1, '2017-06-21 06:14:23', NULL, NULL),
(58, 2, 10, 9, 1, 8, 375, 28, 1, 1, 1, '2017-06-21 06:14:23', NULL, NULL),
(59, 2, 10, 9, 1, 8, 376, 29, 2, 1, 1, '2017-06-21 06:14:23', NULL, NULL),
(60, 2, 10, 9, 1, 8, 378, 30, 3, 1, 1, '2017-06-21 06:14:23', NULL, NULL),
(61, 5, 3, 3, 7, 1, 365, 31, 1, 1, 1, '2017-06-21 06:58:11', NULL, NULL),
(62, 5, 3, 3, 7, 1, 382, 32, 2, 1, 1, '2017-06-21 06:58:12', NULL, NULL),
(63, 5, 3, 3, 7, 1, 384, 33, 3, 1, 1, '2017-06-21 06:58:12', NULL, NULL),
(64, 5, 3, 3, 7, 1, 396, 34, 4, 1, 1, '2017-06-21 06:58:13', NULL, NULL),
(65, 5, 3, 3, 7, 2, 398, 35, 1, 1, 1, '2017-06-21 06:58:16', NULL, NULL),
(66, 5, 3, 3, 7, 2, 399, 36, 2, 1, 1, '2017-06-21 06:58:18', NULL, NULL),
(67, 5, 3, 3, 7, 2, 400, 37, 3, 1, 1, '2017-06-21 06:58:19', NULL, NULL),
(68, 5, 3, 3, 7, 2, 401, 38, 4, 1, 1, '2017-06-21 06:58:19', NULL, NULL),
(69, 5, 3, 3, 7, 3, 403, 39, 1, 1, 1, '2017-06-21 06:58:24', NULL, NULL),
(70, 5, 3, 3, 7, 3, 404, 40, 2, 1, 1, '2017-06-21 06:58:24', NULL, NULL),
(71, 5, 3, 3, 7, 3, 405, 41, 3, 1, 1, '2017-06-21 06:58:25', NULL, NULL),
(72, 5, 3, 3, 7, 3, 406, 42, 4, 1, 1, '2017-06-21 06:58:26', NULL, NULL),
(73, 5, 3, 3, 7, 4, 408, 43, 1, 1, 1, '2017-06-21 06:58:30', NULL, NULL),
(74, 5, 3, 3, 7, 4, 409, 44, 2, 1, 1, '2017-06-21 06:58:30', NULL, NULL),
(75, 5, 3, 3, 7, 4, 410, 45, 3, 1, 1, '2017-06-21 06:58:31', NULL, NULL),
(76, 5, 3, 3, 7, 4, 411, 46, 4, 1, 1, '2017-06-21 06:58:33', NULL, NULL),
(77, 5, 3, 3, 7, 5, 412, 47, 1, 1, 1, '2017-06-21 06:58:37', NULL, NULL),
(78, 5, 3, 3, 7, 5, 414, 48, 2, 1, 1, '2017-06-21 06:58:38', NULL, NULL),
(79, 5, 3, 3, 7, 5, 419, 49, 3, 1, 1, '2017-06-21 06:58:38', NULL, NULL),
(80, 5, 3, 3, 7, 5, 420, 50, 4, 1, 1, '2017-06-21 06:58:39', NULL, NULL),
(83, 5, 3, 3, 7, 6, 421, 51, 1, 1, 1, '2017-06-21 06:58:51', NULL, NULL),
(84, 5, 3, 3, 7, 6, 422, 52, 2, 1, 1, '2017-06-21 06:58:52', NULL, NULL),
(85, 5, 3, 3, 7, 6, 426, 53, 3, 1, 1, '2017-06-21 06:58:53', NULL, NULL),
(86, 5, 3, 3, 7, 6, 427, 54, 4, 1, 1, '2017-06-21 06:58:53', NULL, NULL),
(87, 5, 3, 3, 7, 7, 428, 55, 1, 1, 1, '2017-06-21 06:58:57', NULL, NULL),
(88, 5, 3, 3, 7, 7, 430, 56, 2, 1, 1, '2017-06-21 06:58:58', NULL, NULL),
(89, 5, 3, 3, 7, 7, 431, 57, 3, 1, 1, '2017-06-21 06:59:00', NULL, NULL),
(90, 5, 3, 3, 7, 7, 433, 58, 4, 1, 1, '2017-06-21 06:59:00', NULL, NULL),
(91, 5, 3, 3, 7, 8, 434, 59, 1, 1, 1, '2017-06-21 06:59:04', NULL, NULL),
(92, 5, 3, 3, 7, 8, 823, 60, 2, 1, 1, '2017-06-21 06:59:05', NULL, NULL),
(93, 5, 3, 3, 7, 8, 824, 61, 3, 1, 1, '2017-06-21 06:59:05', NULL, NULL),
(94, 5, 3, 3, 7, 8, 825, 62, 4, 1, 1, '2017-06-21 06:59:06', NULL, NULL),
(95, 5, 3, 3, 1, 1, 365, 31, 1, 1, 1, '2017-06-21 06:59:29', NULL, NULL),
(96, 5, 3, 3, 1, 1, 382, 32, 2, 1, 1, '2017-06-21 06:59:29', NULL, NULL),
(97, 5, 3, 3, 1, 1, 384, 33, 3, 1, 1, '2017-06-21 06:59:29', NULL, NULL),
(98, 5, 3, 3, 1, 1, 396, 34, 4, 1, 1, '2017-06-21 06:59:29', NULL, NULL),
(99, 5, 3, 3, 1, 2, 398, 35, 1, 1, 1, '2017-06-21 06:59:29', NULL, NULL),
(100, 5, 3, 3, 1, 2, 399, 36, 2, 1, 1, '2017-06-21 06:59:29', NULL, NULL),
(101, 5, 3, 3, 1, 2, 400, 37, 3, 1, 1, '2017-06-21 06:59:29', NULL, NULL),
(102, 5, 3, 3, 1, 2, 401, 38, 4, 1, 1, '2017-06-21 06:59:29', NULL, NULL),
(103, 5, 3, 3, 1, 3, 403, 39, 1, 1, 1, '2017-06-21 06:59:29', NULL, NULL),
(104, 5, 3, 3, 1, 3, 404, 40, 2, 1, 1, '2017-06-21 06:59:29', NULL, NULL),
(105, 5, 3, 3, 1, 3, 405, 41, 3, 1, 1, '2017-06-21 06:59:30', NULL, NULL),
(106, 5, 3, 3, 1, 3, 406, 42, 4, 1, 1, '2017-06-21 06:59:30', NULL, NULL),
(107, 5, 3, 3, 1, 4, 408, 43, 1, 1, 1, '2017-06-21 06:59:30', NULL, NULL),
(108, 5, 3, 3, 1, 4, 409, 44, 2, 1, 1, '2017-06-21 06:59:30', NULL, NULL),
(109, 5, 3, 3, 1, 4, 410, 45, 3, 1, 1, '2017-06-21 06:59:30', NULL, NULL),
(110, 5, 3, 3, 1, 4, 411, 46, 4, 1, 1, '2017-06-21 06:59:30', NULL, NULL),
(111, 5, 3, 3, 1, 5, 412, 47, 1, 1, 1, '2017-06-21 06:59:30', NULL, NULL),
(112, 5, 3, 3, 1, 5, 414, 48, 2, 1, 1, '2017-06-21 06:59:30', NULL, NULL),
(113, 5, 3, 3, 1, 5, 419, 49, 3, 1, 1, '2017-06-21 06:59:30', NULL, NULL),
(114, 5, 3, 3, 1, 5, 420, 50, 4, 1, 1, '2017-06-21 06:59:30', NULL, NULL),
(115, 5, 3, 3, 1, 6, 421, 51, 1, 1, 1, '2017-06-21 06:59:30', NULL, NULL),
(116, 5, 3, 3, 1, 6, 422, 52, 2, 1, 1, '2017-06-21 06:59:30', NULL, NULL),
(117, 5, 3, 3, 1, 6, 426, 53, 3, 1, 1, '2017-06-21 06:59:30', NULL, NULL),
(118, 5, 3, 3, 1, 6, 427, 54, 4, 1, 1, '2017-06-21 06:59:30', NULL, NULL),
(119, 5, 3, 3, 1, 7, 428, 55, 1, 1, 1, '2017-06-21 06:59:30', NULL, NULL),
(120, 5, 3, 3, 1, 7, 430, 56, 2, 1, 1, '2017-06-21 06:59:30', NULL, NULL),
(121, 5, 3, 3, 1, 7, 431, 57, 3, 1, 1, '2017-06-21 06:59:30', NULL, NULL),
(122, 5, 3, 3, 1, 7, 433, 58, 4, 1, 1, '2017-06-21 06:59:30', NULL, NULL),
(123, 5, 3, 3, 1, 8, 434, 59, 1, 1, 1, '2017-06-21 06:59:30', NULL, NULL),
(124, 5, 3, 3, 1, 8, 823, 60, 2, 1, 1, '2017-06-21 06:59:30', NULL, NULL),
(125, 5, 3, 3, 1, 8, 824, 61, 3, 1, 1, '2017-06-21 06:59:30', NULL, NULL),
(126, 5, 3, 3, 1, 8, 825, 62, 4, 1, 1, '2017-06-21 06:59:30', NULL, NULL),
(127, 5, 2, 2, 7, 1, 386, 81, 1, 1, 1, '2017-07-02 04:44:21', NULL, NULL),
(128, 5, 2, 2, 7, 1, 387, 82, 2, 1, 1, '2017-07-02 04:44:22', NULL, NULL),
(129, 5, 2, 2, 7, 1, 388, 83, 3, 1, 1, '2017-07-02 04:44:23', NULL, NULL),
(130, 5, 2, 2, 7, 1, 389, 84, 4, 1, 1, '2017-07-02 04:44:23', NULL, NULL),
(131, 5, 2, 2, 7, 2, 390, 85, 1, 1, 1, '2017-07-02 04:44:27', NULL, NULL),
(132, 5, 2, 2, 7, 2, 391, 86, 2, 1, 1, '2017-07-02 04:44:28', NULL, NULL),
(133, 5, 2, 2, 7, 2, 392, 87, 3, 1, 1, '2017-07-02 04:44:28', NULL, NULL),
(134, 5, 2, 2, 7, 3, 393, 88, 1, 1, 1, '2017-07-02 04:44:33', NULL, NULL),
(135, 5, 2, 2, 7, 3, 394, 89, 2, 1, 1, '2017-07-02 04:44:33', NULL, NULL),
(136, 5, 2, 2, 7, 3, 395, 90, 3, 1, 1, '2017-07-02 04:44:35', NULL, NULL),
(137, 5, 3, 3, 8, 1, 365, 31, 1, 1, 1, '2017-07-10 11:08:26', NULL, NULL),
(138, 5, 3, 3, 8, 1, 382, 32, 2, 1, 1, '2017-07-10 11:08:26', NULL, NULL),
(139, 5, 3, 3, 8, 1, 384, 33, 3, 1, 1, '2017-07-10 11:08:26', NULL, NULL),
(140, 5, 3, 3, 8, 1, 396, 34, 4, 1, 1, '2017-07-10 11:08:26', NULL, NULL),
(141, 5, 3, 3, 8, 2, 398, 35, 1, 1, 1, '2017-07-10 11:08:26', NULL, NULL),
(142, 5, 3, 3, 8, 2, 399, 36, 2, 1, 1, '2017-07-10 11:08:26', NULL, NULL),
(143, 5, 3, 3, 8, 2, 400, 37, 3, 1, 1, '2017-07-10 11:08:26', NULL, NULL),
(144, 5, 3, 3, 8, 2, 401, 38, 4, 1, 1, '2017-07-10 11:08:26', NULL, NULL),
(145, 5, 3, 3, 8, 3, 403, 39, 1, 1, 1, '2017-07-10 11:08:26', NULL, NULL),
(146, 5, 3, 3, 8, 3, 404, 40, 2, 1, 1, '2017-07-10 11:08:26', NULL, NULL),
(147, 5, 3, 3, 8, 3, 405, 41, 3, 1, 1, '2017-07-10 11:08:26', NULL, NULL),
(148, 5, 3, 3, 8, 3, 406, 42, 4, 1, 1, '2017-07-10 11:08:26', NULL, NULL),
(149, 5, 3, 3, 8, 4, 408, 43, 1, 1, 1, '2017-07-10 11:08:26', NULL, NULL),
(150, 5, 3, 3, 8, 4, 409, 44, 2, 1, 1, '2017-07-10 11:08:26', NULL, NULL),
(151, 5, 3, 3, 8, 4, 410, 45, 3, 1, 1, '2017-07-10 11:08:26', NULL, NULL),
(152, 5, 3, 3, 8, 4, 411, 46, 4, 1, 1, '2017-07-10 11:08:26', NULL, NULL),
(153, 5, 3, 3, 8, 5, 412, 47, 1, 1, 1, '2017-07-10 11:08:26', NULL, NULL),
(154, 5, 3, 3, 8, 5, 414, 48, 2, 1, 1, '2017-07-10 11:08:26', NULL, NULL),
(155, 5, 3, 3, 8, 5, 419, 49, 3, 1, 1, '2017-07-10 11:08:26', NULL, NULL),
(156, 5, 3, 3, 8, 5, 420, 50, 4, 1, 1, '2017-07-10 11:08:26', NULL, NULL),
(157, 5, 3, 3, 8, 6, 421, 51, 1, 1, 1, '2017-07-10 11:08:26', NULL, NULL),
(158, 5, 3, 3, 8, 6, 422, 52, 2, 1, 1, '2017-07-10 11:08:26', NULL, NULL),
(159, 5, 3, 3, 8, 6, 426, 53, 3, 1, 1, '2017-07-10 11:08:26', NULL, NULL),
(160, 5, 3, 3, 8, 6, 427, 54, 4, 1, 1, '2017-07-10 11:08:27', NULL, NULL),
(161, 5, 3, 3, 8, 7, 428, 55, 1, 1, 1, '2017-07-10 11:08:27', NULL, NULL),
(162, 5, 3, 3, 8, 7, 430, 56, 2, 1, 1, '2017-07-10 11:08:27', NULL, NULL),
(163, 5, 3, 3, 8, 7, 431, 57, 3, 1, 1, '2017-07-10 11:08:27', NULL, NULL),
(164, 5, 3, 3, 8, 7, 433, 58, 4, 1, 1, '2017-07-10 11:08:27', NULL, NULL),
(165, 5, 3, 3, 8, 8, 434, 59, 1, 1, 1, '2017-07-10 11:08:27', NULL, NULL),
(166, 5, 3, 3, 8, 8, 823, 60, 2, 1, 1, '2017-07-10 11:08:27', NULL, NULL),
(167, 5, 3, 3, 8, 8, 824, 61, 3, 1, 1, '2017-07-10 11:08:27', NULL, NULL),
(168, 5, 3, 3, 8, 8, 825, 62, 4, 1, 1, '2017-07-10 11:08:27', NULL, NULL),
(169, 5, 2, 2, 6, 1, 386, 81, 1, 1, 1, '2017-07-20 08:20:18', NULL, NULL),
(170, 5, 2, 2, 6, 1, 387, 82, 2, 1, 1, '2017-07-20 08:20:18', NULL, NULL),
(171, 5, 2, 2, 6, 1, 388, 83, 3, 1, 1, '2017-07-20 08:20:18', NULL, NULL),
(172, 5, 2, 2, 6, 1, 389, 84, 4, 1, 1, '2017-07-20 08:20:18', NULL, NULL),
(173, 5, 2, 2, 6, 2, 390, 85, 1, 1, 1, '2017-07-20 08:20:18', NULL, NULL),
(174, 5, 2, 2, 6, 2, 391, 86, 2, 1, 1, '2017-07-20 08:20:18', NULL, NULL),
(175, 5, 2, 2, 6, 2, 392, 87, 3, 1, 1, '2017-07-20 08:20:18', NULL, NULL),
(176, 5, 2, 2, 6, 3, 393, 88, 1, 1, 1, '2017-07-20 08:20:18', NULL, NULL),
(177, 5, 2, 2, 6, 3, 394, 89, 2, 1, 1, '2017-07-20 08:20:18', NULL, NULL),
(178, 5, 2, 2, 6, 3, 395, 90, 3, 1, 1, '2017-07-20 08:20:18', NULL, NULL),
(179, 5, 3, 3, 6, 1, 365, 31, 1, 1, 1, '2017-07-22 08:20:46', NULL, NULL),
(180, 5, 3, 3, 6, 1, 382, 32, 2, 1, 1, '2017-07-22 08:20:46', NULL, NULL),
(181, 5, 3, 3, 6, 1, 384, 33, 3, 1, 1, '2017-07-22 08:20:46', NULL, NULL),
(182, 5, 3, 3, 6, 1, 396, 34, 4, 1, 1, '2017-07-22 08:20:46', NULL, NULL),
(183, 5, 3, 3, 6, 2, 398, 35, 1, 1, 1, '2017-07-22 08:20:46', NULL, NULL),
(184, 5, 3, 3, 6, 2, 399, 36, 2, 1, 1, '2017-07-22 08:20:46', NULL, NULL),
(185, 5, 3, 3, 6, 2, 400, 37, 3, 1, 1, '2017-07-22 08:20:46', NULL, NULL),
(186, 5, 3, 3, 6, 2, 401, 38, 4, 1, 1, '2017-07-22 08:20:46', NULL, NULL),
(187, 5, 3, 3, 6, 3, 403, 39, 1, 1, 1, '2017-07-22 08:20:46', NULL, NULL),
(188, 5, 3, 3, 6, 3, 404, 40, 2, 1, 1, '2017-07-22 08:20:46', NULL, NULL),
(189, 5, 3, 3, 6, 3, 405, 41, 3, 1, 1, '2017-07-22 08:20:46', NULL, NULL),
(190, 5, 3, 3, 6, 3, 406, 42, 4, 1, 1, '2017-07-22 08:20:46', NULL, NULL),
(191, 5, 3, 3, 6, 4, 408, 43, 1, 1, 1, '2017-07-22 08:20:46', NULL, NULL),
(192, 5, 3, 3, 6, 4, 409, 44, 2, 1, 1, '2017-07-22 08:20:46', NULL, NULL),
(193, 5, 3, 3, 6, 4, 410, 45, 3, 1, 1, '2017-07-22 08:20:46', NULL, NULL),
(194, 5, 3, 3, 6, 4, 411, 46, 4, 1, 1, '2017-07-22 08:20:46', NULL, NULL),
(195, 5, 3, 3, 6, 5, 412, 47, 1, 1, 1, '2017-07-22 08:20:46', NULL, NULL),
(196, 5, 3, 3, 6, 5, 414, 48, 2, 1, 1, '2017-07-22 08:20:46', NULL, NULL),
(197, 5, 3, 3, 6, 5, 419, 49, 3, 1, 1, '2017-07-22 08:20:46', NULL, NULL),
(198, 5, 3, 3, 6, 5, 420, 50, 4, 1, 1, '2017-07-22 08:20:46', NULL, NULL),
(199, 5, 3, 3, 6, 6, 421, 51, 1, 1, 1, '2017-07-22 08:20:46', NULL, NULL),
(200, 5, 3, 3, 6, 6, 422, 52, 2, 1, 1, '2017-07-22 08:20:46', NULL, NULL),
(201, 5, 3, 3, 6, 6, 426, 53, 3, 1, 1, '2017-07-22 08:20:46', NULL, NULL),
(202, 5, 3, 3, 6, 6, 427, 54, 4, 1, 1, '2017-07-22 08:20:46', NULL, NULL),
(203, 5, 3, 3, 6, 7, 428, 55, 1, 1, 1, '2017-07-22 08:20:46', NULL, NULL),
(204, 5, 3, 3, 6, 7, 430, 56, 2, 1, 1, '2017-07-22 08:20:46', NULL, NULL),
(205, 5, 3, 3, 6, 7, 431, 57, 3, 1, 1, '2017-07-22 08:20:46', NULL, NULL),
(206, 5, 3, 3, 6, 7, 433, 58, 4, 1, 1, '2017-07-22 08:20:46', NULL, NULL),
(207, 5, 3, 3, 6, 8, 434, 59, 1, 1, 1, '2017-07-22 08:20:46', NULL, NULL),
(208, 5, 3, 3, 6, 8, 823, 60, 2, 1, 1, '2017-07-22 08:20:46', NULL, NULL),
(209, 5, 3, 3, 6, 8, 824, 61, 3, 1, 1, '2017-07-22 08:20:46', NULL, NULL),
(210, 5, 3, 3, 6, 8, 825, 62, 4, 1, 1, '2017-07-22 08:20:46', NULL, NULL),
(211, 5, 1, 1, 6, 1, 413, 91, 1, 1, 1, '2017-07-25 11:13:08', NULL, NULL),
(212, 5, 1, 1, 6, 1, 415, 92, 2, 1, 1, '2017-07-25 11:13:10', NULL, NULL),
(213, 5, 1, 1, 6, 1, 416, 93, 3, 1, 1, '2017-07-25 11:13:11', NULL, NULL),
(214, 5, 1, 1, 6, 1, 417, 94, 4, 1, 1, '2017-07-25 11:13:11', NULL, NULL),
(215, 5, 1, 1, 6, 2, 418, 95, 1, 1, 1, '2017-07-25 11:13:16', NULL, NULL),
(216, 5, 1, 1, 6, 2, 423, 96, 2, 1, 1, '2017-07-25 11:13:17', NULL, NULL),
(217, 5, 1, 1, 6, 3, 424, 97, 1, 1, 1, '2017-07-25 11:13:20', NULL, NULL),
(218, 5, 1, 1, 6, 3, 425, 98, 2, 1, 1, '2017-07-25 11:13:21', NULL, NULL),
(219, 5, 1, 1, 6, 4, 442, 99, 1, 1, 1, '2017-07-25 11:13:24', NULL, NULL),
(220, 5, 1, 1, 6, 4, 444, 100, 2, 1, 1, '2017-07-25 11:13:25', NULL, NULL),
(225, 5, 1, 1, 3, 2, 418, 95, 1, 1, 1, '2017-07-26 10:16:25', NULL, NULL),
(226, 5, 1, 1, 3, 2, 423, 96, 2, 1, 1, '2017-07-26 10:16:25', NULL, NULL),
(227, 5, 1, 1, 3, 3, 424, 97, 1, 1, 1, '2017-07-26 10:16:25', NULL, NULL),
(228, 5, 1, 1, 3, 3, 425, 98, 2, 1, 1, '2017-07-26 10:16:25', NULL, NULL),
(229, 5, 1, 1, 3, 4, 442, 99, 1, 1, 1, '2017-07-26 10:16:25', NULL, NULL),
(230, 5, 1, 1, 3, 4, 444, 100, 2, 1, 1, '2017-07-26 10:16:25', NULL, NULL),
(232, 5, 3, 3, 5, 1, 382, 32, 2, 1, 1, '2017-08-12 12:03:51', NULL, NULL),
(233, 5, 3, 3, 5, 1, 384, 33, 3, 1, 1, '2017-08-12 12:03:51', NULL, NULL),
(234, 5, 3, 3, 5, 1, 396, 34, 4, 1, 1, '2017-08-12 12:03:51', NULL, NULL),
(235, 5, 3, 3, 5, 2, 398, 35, 1, 1, 1, '2017-08-12 12:03:51', NULL, NULL),
(236, 5, 3, 3, 5, 2, 399, 36, 2, 1, 1, '2017-08-12 12:03:51', NULL, NULL),
(237, 5, 3, 3, 5, 2, 400, 37, 3, 1, 1, '2017-08-12 12:03:51', NULL, NULL),
(238, 5, 3, 3, 5, 2, 401, 38, 4, 1, 1, '2017-08-12 12:03:51', NULL, NULL),
(239, 5, 3, 3, 5, 3, 403, 39, 1, 1, 1, '2017-08-12 12:03:51', NULL, NULL),
(240, 5, 3, 3, 5, 3, 404, 40, 2, 1, 1, '2017-08-12 12:03:51', NULL, NULL),
(241, 5, 3, 3, 5, 3, 405, 41, 3, 1, 1, '2017-08-12 12:03:51', NULL, NULL),
(242, 5, 3, 3, 5, 3, 406, 42, 4, 1, 1, '2017-08-12 12:03:51', NULL, NULL),
(243, 5, 3, 3, 5, 4, 408, 43, 1, 1, 1, '2017-08-12 12:03:51', NULL, NULL),
(244, 5, 3, 3, 5, 4, 409, 44, 2, 1, 1, '2017-08-12 12:03:51', NULL, NULL),
(245, 5, 3, 3, 5, 4, 410, 45, 3, 1, 1, '2017-08-12 12:03:51', NULL, NULL),
(246, 5, 3, 3, 5, 4, 411, 46, 4, 1, 1, '2017-08-12 12:03:51', NULL, NULL),
(247, 5, 3, 3, 5, 5, 412, 47, 1, 1, 1, '2017-08-12 12:03:51', NULL, NULL),
(248, 5, 3, 3, 5, 5, 414, 48, 2, 1, 1, '2017-08-12 12:03:51', NULL, NULL),
(249, 5, 3, 3, 5, 5, 419, 49, 3, 1, 1, '2017-08-12 12:03:51', NULL, NULL),
(250, 5, 3, 3, 5, 5, 420, 50, 4, 1, 1, '2017-08-12 12:03:51', NULL, NULL),
(251, 5, 3, 3, 5, 6, 421, 51, 1, 1, 1, '2017-08-12 12:03:51', NULL, NULL),
(252, 5, 3, 3, 5, 6, 422, 52, 2, 1, 1, '2017-08-12 12:03:51', NULL, NULL),
(253, 5, 3, 3, 5, 6, 426, 53, 3, 1, 1, '2017-08-12 12:03:51', NULL, NULL),
(254, 5, 3, 3, 5, 6, 427, 54, 4, 1, 1, '2017-08-12 12:03:51', NULL, NULL),
(255, 5, 3, 3, 5, 7, 428, 55, 1, 1, 1, '2017-08-12 12:03:51', NULL, NULL),
(256, 5, 3, 3, 5, 7, 430, 56, 2, 1, 1, '2017-08-12 12:03:51', NULL, NULL),
(257, 5, 3, 3, 5, 7, 431, 57, 3, 1, 1, '2017-08-12 12:03:51', NULL, NULL),
(258, 5, 3, 3, 5, 7, 433, 58, 4, 1, 1, '2017-08-12 12:03:52', NULL, NULL),
(259, 5, 3, 3, 5, 8, 434, 59, 1, 1, 1, '2017-08-12 12:03:52', NULL, NULL),
(260, 5, 3, 3, 5, 8, 823, 60, 2, 1, 1, '2017-08-12 12:03:52', NULL, NULL),
(261, 5, 3, 3, 5, 8, 824, 61, 3, 1, 1, '2017-08-12 12:03:52', NULL, NULL),
(262, 5, 3, 3, 5, 8, 825, 62, 4, 1, 1, '2017-08-12 12:03:52', NULL, NULL),
(264, 5, 1, 1, 6, 2, 435, 107, 3, 1, 1, '2017-10-02 10:26:48', NULL, NULL),
(265, 5, 1, 1, 6, 1, 436, 108, 5, 1, 1, '2017-10-02 10:27:23', NULL, NULL),
(266, 5, 1, 1, 6, 2, 445, 113, 4, 1, 1, '2017-10-02 10:27:37', NULL, NULL),
(267, 5, 1, 1, 6, 3, 438, 110, 3, 1, 1, '2017-10-02 10:27:55', NULL, NULL),
(268, 5, 1, 1, 6, 3, 440, 111, 4, 1, 1, '2017-10-02 10:27:56', NULL, NULL),
(269, 5, 1, 1, 6, 4, 451, 119, 3, 1, 1, '2017-10-02 10:28:20', NULL, NULL),
(270, 5, 1, 1, 6, 4, 452, 120, 4, 1, 1, '2017-10-02 10:28:20', NULL, NULL),
(271, 5, 1, 1, 6, 5, 437, 109, 1, 1, 1, '2017-10-02 10:28:48', NULL, NULL),
(272, 5, 1, 1, 6, 5, 441, 112, 2, 1, 1, '2017-10-02 10:28:50', NULL, NULL),
(273, 5, 1, 1, 6, 5, 446, 114, 3, 1, 1, '2017-10-02 10:28:51', NULL, NULL),
(274, 5, 1, 1, 6, 5, 447, 115, 4, 1, 1, '2017-10-02 10:28:51', NULL, NULL),
(275, 5, 1, 1, 6, 6, 448, 116, 1, 1, 1, '2017-10-02 10:28:55', NULL, NULL),
(276, 5, 1, 1, 6, 6, 449, 117, 2, 1, 1, '2017-10-02 10:28:56', NULL, NULL),
(277, 5, 1, 1, 6, 6, 450, 118, 3, 1, 1, '2017-10-02 10:28:56', NULL, NULL),
(278, 5, 1, 1, 6, 6, 453, 121, 4, 1, 1, '2017-10-02 10:28:57', NULL, NULL),
(279, 5, 1, 1, 6, 7, 457, 122, 1, 1, 1, '2017-10-02 10:29:03', NULL, NULL),
(280, 5, 1, 1, 6, 7, 458, 123, 2, 1, 1, '2017-10-02 10:29:04', NULL, NULL),
(281, 5, 1, 1, 6, 7, 461, 124, 3, 1, 1, '2017-10-02 10:29:05', NULL, NULL),
(282, 5, 1, 1, 6, 7, 463, 125, 4, 1, 1, '2017-10-02 10:29:06', NULL, NULL),
(283, 5, 1, 1, 5, 1, 413, 91, 1, 1, 1, '2017-10-10 06:25:01', NULL, NULL),
(284, 5, 1, 1, 5, 1, 415, 92, 2, 1, 1, '2017-10-10 06:25:01', NULL, NULL),
(285, 5, 1, 1, 5, 1, 416, 93, 3, 1, 1, '2017-10-10 06:25:01', NULL, NULL),
(286, 5, 1, 1, 5, 1, 417, 94, 4, 1, 1, '2017-10-10 06:25:01', NULL, NULL),
(287, 5, 1, 1, 5, 2, 418, 95, 1, 1, 1, '2017-10-10 06:25:01', NULL, NULL),
(288, 5, 1, 1, 5, 2, 423, 96, 2, 1, 1, '2017-10-10 06:25:01', NULL, NULL),
(289, 5, 1, 1, 5, 3, 424, 97, 1, 1, 1, '2017-10-10 06:25:01', NULL, NULL),
(290, 5, 1, 1, 5, 3, 425, 98, 2, 1, 1, '2017-10-10 06:25:01', NULL, NULL),
(291, 5, 1, 1, 5, 4, 442, 99, 1, 1, 1, '2017-10-10 06:25:01', NULL, NULL),
(292, 5, 1, 1, 5, 4, 444, 100, 2, 1, 1, '2017-10-10 06:25:01', NULL, NULL),
(293, 5, 1, 1, 5, 2, 435, 107, 3, 1, 1, '2017-10-10 06:25:01', NULL, NULL),
(294, 5, 1, 1, 5, 1, 436, 108, 5, 1, 1, '2017-10-10 06:25:01', NULL, NULL),
(295, 5, 1, 1, 5, 2, 445, 113, 4, 1, 1, '2017-10-10 06:25:01', NULL, NULL),
(296, 5, 1, 1, 5, 3, 438, 110, 3, 1, 1, '2017-10-10 06:25:01', NULL, NULL),
(297, 5, 1, 1, 5, 3, 440, 111, 4, 1, 1, '2017-10-10 06:25:01', NULL, NULL),
(298, 5, 1, 1, 5, 4, 451, 119, 3, 1, 1, '2017-10-10 06:25:01', NULL, NULL),
(299, 5, 1, 1, 5, 4, 452, 120, 4, 1, 1, '2017-10-10 06:25:01', NULL, NULL),
(300, 5, 1, 1, 5, 5, 437, 109, 1, 1, 1, '2017-10-10 06:25:01', NULL, NULL),
(301, 5, 1, 1, 5, 5, 441, 112, 2, 1, 1, '2017-10-10 06:25:01', NULL, NULL),
(302, 5, 1, 1, 5, 5, 446, 114, 3, 1, 1, '2017-10-10 06:25:01', NULL, NULL),
(303, 5, 1, 1, 5, 5, 447, 115, 4, 1, 1, '2017-10-10 06:25:01', NULL, NULL),
(304, 5, 1, 1, 5, 6, 448, 116, 1, 1, 1, '2017-10-10 06:25:01', NULL, NULL),
(305, 5, 1, 1, 5, 6, 449, 117, 2, 1, 1, '2017-10-10 06:25:01', NULL, NULL),
(306, 5, 1, 1, 5, 6, 450, 118, 3, 1, 1, '2017-10-10 06:25:01', NULL, NULL),
(307, 5, 1, 1, 5, 6, 453, 121, 4, 1, 1, '2017-10-10 06:25:01', NULL, NULL),
(308, 5, 1, 1, 5, 7, 457, 122, 1, 1, 1, '2017-10-10 06:25:01', NULL, NULL),
(309, 5, 1, 1, 5, 7, 458, 123, 2, 1, 1, '2017-10-10 06:25:01', NULL, NULL),
(310, 5, 1, 1, 5, 7, 461, 124, 3, 1, 1, '2017-10-10 06:25:01', NULL, NULL),
(311, 5, 1, 1, 5, 7, 463, 125, 4, 1, 1, '2017-10-10 06:25:01', NULL, NULL);

-- --------------------------------------------------------

--
-- Table structure for table `ac_academic_charge`
--

CREATE TABLE IF NOT EXISTS `ac_academic_charge` (
  `CHARGE_ID` smallint(6) NOT NULL AUTO_INCREMENT,
  `CHARGE_NAME` varchar(100) CHARACTER SET utf8 COLLATE utf8_croatian_ci DEFAULT NULL,
  `IS_APP_FEE` tinyint(1) DEFAULT '0',
  `IS_TUTOIN_FEE` tinyint(1) DEFAULT '0',
  `REDUNDENT` tinyint(1) DEFAULT '0',
  `ACTIVE_STATUS` tinyint(1) DEFAULT '1',
  `CREATED_BY` int(11) DEFAULT NULL,
  `CREATE_DATE` timestamp NOT NULL DEFAULT CURRENT_TIMESTAMP,
  `UPDATED_BY` int(11) DEFAULT NULL,
  `UPDATE_DATE` datetime DEFAULT NULL,
  PRIMARY KEY (`CHARGE_ID`)
) ENGINE=InnoDB  DEFAULT CHARSET=latin1 AUTO_INCREMENT=23 ;

--
-- Dumping data for table `ac_academic_charge`
--

INSERT INTO `ac_academic_charge` (`CHARGE_ID`, `CHARGE_NAME`, `IS_APP_FEE`, `IS_TUTOIN_FEE`, `REDUNDENT`, `ACTIVE_STATUS`, `CREATED_BY`, `CREATE_DATE`, `UPDATED_BY`, `UPDATE_DATE`) VALUES
(1, 'Admission', NULL, NULL, 0, 1, 1, '2017-07-23 11:10:08', NULL, NULL),
(8, 'Tuition Fee', NULL, NULL, 0, 1, 1, '2017-07-24 04:04:30', NULL, NULL),
(14, 'Computer Lab', NULL, NULL, 0, 1, 1, '2017-07-24 08:44:11', NULL, NULL),
(17, 'Language Lab', NULL, NULL, 0, 1, 1, '2017-07-24 09:11:58', NULL, NULL),
(19, 'Student Activity Fee', NULL, NULL, 0, 1, 1, '2017-07-24 10:04:03', NULL, NULL),
(20, 'Miscellaneous', NULL, NULL, 0, 1, 1, '2017-07-24 10:05:05', NULL, NULL),
(22, 'Development', NULL, NULL, 0, 1, 1, '2017-07-25 09:33:24', NULL, NULL);

-- --------------------------------------------------------

--
-- Table structure for table `adm_prgdesc`
--

CREATE TABLE IF NOT EXISTS `adm_prgdesc` (
  `APRGDESC_ID` int(11) NOT NULL AUTO_INCREMENT,
  `ADMPRG_TITLE` varchar(100) CHARACTER SET utf8 COLLATE utf8_croatian_ci NOT NULL,
  `ADMPRG_DESC` varchar(200) CHARACTER SET utf8 COLLATE utf8_croatian_ci NOT NULL,
  `YSESSION_ID` smallint(5) NOT NULL,
  `REG_PRG_SDT` datetime NOT NULL,
  `REG_PRG_EDT` datetime NOT NULL,
  `ACTIVE_STATUS` tinyint(1) DEFAULT '1',
  `CREATED_BY` int(11) DEFAULT NULL,
  `CREATE_DATE` timestamp NOT NULL DEFAULT CURRENT_TIMESTAMP,
  `UPDATED_BY` int(11) DEFAULT NULL,
  `UPDATE_DATE` datetime DEFAULT NULL,
  `DATE_TIME_STATUS` varchar(10) DEFAULT NULL,
  PRIMARY KEY (`APRGDESC_ID`)
) ENGINE=InnoDB  DEFAULT CHARSET=latin1 AUTO_INCREMENT=3 ;

--
-- Dumping data for table `adm_prgdesc`
--

INSERT INTO `adm_prgdesc` (`APRGDESC_ID`, `ADMPRG_TITLE`, `ADMPRG_DESC`, `YSESSION_ID`, `REG_PRG_SDT`, `REG_PRG_EDT`, `ACTIVE_STATUS`, `CREATED_BY`, `CREATE_DATE`, `UPDATED_BY`, `UPDATE_DATE`, `DATE_TIME_STATUS`) VALUES
(1, 'Fall - 2016', '', 1, '2017-06-21 00:00:00', '2017-07-31 00:00:00', 1, 15, '2017-06-21 05:58:11', NULL, NULL, 'NOTSAME'),
(2, 'Admission Session : Summer-2017', '<p>Admission Session : Summer-2017<br></p>', 6, '2017-07-11 00:00:00', '2017-10-31 00:00:00', 1, 1, '2017-07-11 11:03:07', NULL, NULL, 'SAME');

-- --------------------------------------------------------

--
-- Table structure for table `adm_program`
--

CREATE TABLE IF NOT EXISTS `adm_program` (
  `ADM_PRG_ID` bigint(20) NOT NULL AUTO_INCREMENT,
  `APRGDESC_ID` int(11) NOT NULL,
  `DEGREE_ID` int(11) DEFAULT NULL,
  `PROGRAM_ID` int(11) NOT NULL,
  `PRG_EXM_SDT` datetime DEFAULT NULL,
  `PRG_EXM_STM` time DEFAULT NULL,
  `PRG_EXM_ETM` time DEFAULT NULL,
  `ACTIVE_STATUS` tinyint(1) DEFAULT '1',
  `CREATED_BY` int(11) DEFAULT NULL,
  `CREATE_DATE` timestamp NOT NULL DEFAULT CURRENT_TIMESTAMP,
  `UPDATED_BY` int(11) DEFAULT NULL,
  `UPDATE_DATE` datetime DEFAULT NULL,
  PRIMARY KEY (`ADM_PRG_ID`)
) ENGINE=InnoDB  DEFAULT CHARSET=latin1 AUTO_INCREMENT=47 ;

--
-- Dumping data for table `adm_program`
--

INSERT INTO `adm_program` (`ADM_PRG_ID`, `APRGDESC_ID`, `DEGREE_ID`, `PROGRAM_ID`, `PRG_EXM_SDT`, `PRG_EXM_STM`, `PRG_EXM_ETM`, `ACTIVE_STATUS`, `CREATED_BY`, `CREATE_DATE`, `UPDATED_BY`, `UPDATE_DATE`) VALUES
(1, 1, 3, 1, '2017-06-30 00:00:00', '04:00:00', '05:00:00', 1, NULL, '2017-06-21 05:58:11', NULL, NULL),
(2, 1, 3, 2, '2017-06-30 00:00:00', '04:00:00', '05:00:00', 1, NULL, '2017-06-21 05:58:11', NULL, NULL),
(3, 1, 3, 3, '2017-06-30 00:00:00', '04:00:00', '05:00:00', 1, NULL, '2017-06-21 05:58:11', NULL, NULL),
(4, 1, 3, 4, '2017-06-30 00:00:00', '04:00:00', '05:00:00', 1, NULL, '2017-06-21 05:58:11', NULL, NULL),
(5, 1, 4, 5, '2017-06-30 00:00:00', '04:00:00', '05:00:00', 1, NULL, '2017-06-21 05:58:11', NULL, NULL),
(6, 1, 3, 6, '2017-06-30 00:00:00', '04:00:00', '05:00:00', 1, NULL, '2017-06-21 05:58:11', NULL, NULL),
(7, 1, 3, 7, '2017-06-30 00:00:00', '04:00:00', '05:00:00', 1, NULL, '2017-06-21 05:58:11', NULL, NULL),
(8, 1, 3, 8, '2017-06-30 00:00:00', '04:00:00', '05:00:00', 1, NULL, '2017-06-21 05:58:11', NULL, NULL),
(9, 1, 3, 9, '2017-06-30 00:00:00', '04:00:00', '05:00:00', 1, NULL, '2017-06-21 05:58:11', NULL, NULL),
(10, 1, 4, 10, '2017-06-30 00:00:00', '04:00:00', '05:00:00', 1, NULL, '2017-06-21 05:58:11', NULL, NULL),
(11, 1, 4, 11, '2017-06-30 00:00:00', '04:00:00', '05:00:00', 1, NULL, '2017-06-21 05:58:11', NULL, NULL),
(12, 1, 3, 12, '2017-06-30 00:00:00', '04:00:00', '05:00:00', 1, NULL, '2017-06-21 05:58:11', NULL, NULL),
(13, 1, 4, 13, '2017-06-30 00:00:00', '04:00:00', '05:00:00', 1, NULL, '2017-06-21 05:58:11', NULL, NULL),
(14, 1, 4, 14, '2017-06-30 00:00:00', '04:00:00', '05:00:00', 1, NULL, '2017-06-21 05:58:11', NULL, NULL),
(15, 1, 4, 15, '2017-06-30 00:00:00', '04:00:00', '05:00:00', 1, NULL, '2017-06-21 05:58:11', NULL, NULL),
(16, 1, 4, 16, '2017-06-30 00:00:00', '04:00:00', '05:00:00', 1, NULL, '2017-06-21 05:58:12', NULL, NULL),
(17, 1, 4, 17, '2017-06-30 00:00:00', '04:00:00', '05:00:00', 1, NULL, '2017-06-21 05:58:12', NULL, NULL),
(18, 1, 4, 18, '2017-06-30 00:00:00', '04:00:00', '05:00:00', 1, NULL, '2017-06-21 05:58:12', NULL, NULL),
(19, 1, 4, 19, '2017-06-30 00:00:00', '04:00:00', '05:00:00', 1, NULL, '2017-06-21 05:58:12', NULL, NULL),
(20, 1, 3, 20, '2017-06-30 00:00:00', '04:00:00', '05:00:00', 1, NULL, '2017-06-21 05:58:12', NULL, NULL),
(21, 1, 3, 21, '2017-06-30 00:00:00', '04:00:00', '05:00:00', 1, NULL, '2017-06-21 05:58:12', NULL, NULL),
(22, 1, 3, 22, '2017-06-30 00:00:00', '04:00:00', '05:00:00', 1, NULL, '2017-06-21 05:58:12', NULL, NULL),
(23, 1, 3, 23, '2017-06-30 00:00:00', '04:00:00', '05:00:00', 1, NULL, '2017-06-21 05:58:12', NULL, NULL),
(24, 2, 3, 1, '2017-07-11 00:00:00', '01:00:00', '02:00:00', 1, NULL, '2017-07-11 11:03:07', NULL, NULL),
(25, 2, 3, 2, '2017-07-11 00:00:00', '01:00:00', '02:00:00', 1, NULL, '2017-07-11 11:03:07', NULL, NULL),
(26, 2, 3, 3, '2017-07-11 00:00:00', '01:00:00', '02:00:00', 1, NULL, '2017-07-11 11:03:07', NULL, NULL),
(27, 2, 3, 4, '2017-07-11 00:00:00', '01:00:00', '02:00:00', 1, NULL, '2017-07-11 11:03:07', NULL, NULL),
(28, 2, 4, 5, '2017-07-11 00:00:00', '01:00:00', '02:00:00', 1, NULL, '2017-07-11 11:03:07', NULL, NULL),
(29, 2, 3, 6, '2017-07-11 00:00:00', '01:00:00', '02:00:00', 1, NULL, '2017-07-11 11:03:07', NULL, NULL),
(30, 2, 3, 7, '2017-07-11 00:00:00', '01:00:00', '02:00:00', 1, NULL, '2017-07-11 11:03:07', NULL, NULL),
(31, 2, 3, 8, '2017-07-11 00:00:00', '01:00:00', '02:00:00', 1, NULL, '2017-07-11 11:03:07', NULL, NULL),
(32, 2, 3, 9, '2017-07-11 00:00:00', '01:00:00', '02:00:00', 1, NULL, '2017-07-11 11:03:07', NULL, NULL),
(33, 2, 4, 10, '2017-07-11 00:00:00', '01:00:00', '02:00:00', 1, NULL, '2017-07-11 11:03:07', NULL, NULL),
(34, 2, 4, 11, '2017-07-11 00:00:00', '01:00:00', '02:00:00', 1, NULL, '2017-07-11 11:03:07', NULL, NULL),
(35, 2, 3, 12, '2017-07-11 00:00:00', '01:00:00', '02:00:00', 1, NULL, '2017-07-11 11:03:07', NULL, NULL),
(36, 2, 4, 13, '2017-07-11 00:00:00', '01:00:00', '02:00:00', 1, NULL, '2017-07-11 11:03:07', NULL, NULL),
(37, 2, 4, 14, '2017-07-11 00:00:00', '01:00:00', '02:00:00', 1, NULL, '2017-07-11 11:03:07', NULL, NULL),
(38, 2, 4, 15, '2017-07-11 00:00:00', '01:00:00', '02:00:00', 1, NULL, '2017-07-11 11:03:07', NULL, NULL),
(39, 2, 4, 16, '2017-07-11 00:00:00', '01:00:00', '02:00:00', 1, NULL, '2017-07-11 11:03:07', NULL, NULL),
(40, 2, 4, 17, '2017-07-11 00:00:00', '01:00:00', '02:00:00', 1, NULL, '2017-07-11 11:03:07', NULL, NULL),
(41, 2, 4, 18, '2017-07-11 00:00:00', '01:00:00', '02:00:00', 1, NULL, '2017-07-11 11:03:07', NULL, NULL),
(42, 2, 4, 19, '2017-07-11 00:00:00', '01:00:00', '02:00:00', 1, NULL, '2017-07-11 11:03:07', NULL, NULL),
(43, 2, 3, 20, '2017-07-11 00:00:00', '01:00:00', '02:00:00', 1, NULL, '2017-07-11 11:03:07', NULL, NULL),
(44, 2, 3, 21, '2017-07-11 00:00:00', '01:00:00', '02:00:00', 1, NULL, '2017-07-11 11:03:07', NULL, NULL),
(45, 2, 3, 22, '2017-07-11 00:00:00', '01:00:00', '02:00:00', 1, NULL, '2017-07-11 11:03:07', NULL, NULL),
(46, 2, 3, 23, '2017-07-11 00:00:00', '01:00:00', '02:00:00', 1, NULL, '2017-07-11 11:03:07', NULL, NULL);

-- --------------------------------------------------------

--
-- Table structure for table `adm_ysession`
--

CREATE TABLE IF NOT EXISTS `adm_ysession` (
  `YSESSION_ID` int(11) NOT NULL AUTO_INCREMENT,
  `SESSION_ID` tinyint(1) NOT NULL,
  `DINYEAR` varchar(10) NOT NULL,
  `IS_CURRENT` tinyint(1) NOT NULL DEFAULT '1',
  `TRIMESTER` tinyint(1) DEFAULT '1',
  `SEMESTER` tinyint(1) DEFAULT '1',
  `UD_SLNO` int(3) DEFAULT NULL,
  `CREATED_BY` bigint(14) NOT NULL,
  `CREATE_DATE` timestamp NOT NULL DEFAULT CURRENT_TIMESTAMP,
  `UPDATED_BY` bigint(14) DEFAULT NULL,
  `UPDATE_DATE` datetime DEFAULT NULL ON UPDATE CURRENT_TIMESTAMP,
  `ACTIVE_STATUS` tinyint(1) DEFAULT '1',
  PRIMARY KEY (`YSESSION_ID`)
) ENGINE=InnoDB  DEFAULT CHARSET=utf8 AUTO_INCREMENT=16 ;

--
-- Dumping data for table `adm_ysession`
--

INSERT INTO `adm_ysession` (`YSESSION_ID`, `SESSION_ID`, `DINYEAR`, `IS_CURRENT`, `TRIMESTER`, `SEMESTER`, `UD_SLNO`, `CREATED_BY`, `CREATE_DATE`, `UPDATED_BY`, `UPDATE_DATE`, `ACTIVE_STATUS`) VALUES
(1, 1, '2016', 0, 1, 0, 10, 1, '2017-05-14 06:02:53', 1, '2017-07-11 17:01:01', 1),
(2, 2, '2016', 0, 1, 0, 11, 1, '2017-05-14 06:02:57', 1, '2017-06-15 11:14:42', 1),
(3, 3, '2016', 0, 1, 0, 12, 1, '2017-05-14 06:03:02', 1, '2017-06-15 11:14:51', 1),
(4, 1, '2017', 0, 1, 0, 13, 1, '2017-05-14 06:03:10', 1, '2017-06-15 11:15:07', 1),
(5, 2, '2017', 0, 1, 0, 14, 1, '2017-05-14 06:03:13', 1, '2017-06-15 11:15:16', 1),
(6, 3, '2017', 1, 1, 0, 15, 1, '2017-05-14 06:03:17', 1, '2017-07-12 17:28:54', 1),
(7, 1, '2013', 0, 1, 0, 1, 1, '2017-06-14 04:40:55', 1, '2017-07-12 16:54:48', 1),
(8, 2, '2013', 0, 1, 0, 2, 1, '2017-06-14 04:41:01', 1, '2017-06-15 11:13:17', 1),
(9, 3, '2013', 0, 1, 0, 3, 1, '2017-06-14 04:41:08', 1, '2017-06-15 11:13:27', 1),
(10, 1, '2014', 0, 0, 1, 4, 1, '2017-06-14 04:42:42', 1, '2017-06-15 11:13:38', 1),
(11, 2, '2014', 0, 0, 1, 5, 1, '2017-06-14 04:42:48', 1, '2017-06-15 11:13:49', 1),
(12, 3, '2014', 0, 0, 1, 6, 1, '2017-06-14 04:42:51', 1, '2017-06-15 11:13:57', 1),
(13, 1, '2015', 0, 0, 1, 7, 1, '2017-06-14 04:42:57', 1, '2017-06-15 11:14:06', 1),
(14, 2, '2015', 0, 0, 1, 8, 1, '2017-06-14 04:43:00', 1, '2017-06-15 11:14:13', 1),
(15, 3, '2015', 0, 0, 1, 9, 1, '2017-06-14 04:43:04', 1, '2017-06-15 11:14:21', 1);

-- --------------------------------------------------------

--
-- Table structure for table `applicant_acadimicinfo`
--

CREATE TABLE IF NOT EXISTS `applicant_acadimicinfo` (
  `APP_AI_ID` bigint(14) NOT NULL AUTO_INCREMENT,
  `APPLICANT_ID` bigint(14) DEFAULT NULL,
  `EXAM_DEGREE_ID` bigint(4) DEFAULT NULL,
  `MAJOR_GROUP_ID` bigint(4) DEFAULT NULL,
  `INSTITUTION` varchar(100) CHARACTER SET utf8 COLLATE utf8_croatian_ci DEFAULT NULL,
  `BOARD` smallint(4) DEFAULT NULL,
  `RESULT_GRADE` double DEFAULT NULL,
  `RESULT_GRADE_WA` double DEFAULT NULL,
  `CGPA_MARKPCT` double DEFAULT NULL,
  `SCALE_MARKS` float(6,2) DEFAULT NULL,
  `PASSING_YEAR` smallint(4) DEFAULT NULL,
  `DURATION` smallint(4) DEFAULT NULL,
  `ACHIEVEMENT` varchar(200) CHARACTER SET utf8 COLLATE utf8_croatian_ci DEFAULT NULL,
  `ACTIVE_FLAG` tinyint(1) NOT NULL DEFAULT '1' COMMENT 'Record Status 1= Active, 0=Inactive',
  `CREATED_BY` bigint(14) DEFAULT NULL COMMENT 'Record Create User Id',
  `CREATE_DATE` timestamp NOT NULL DEFAULT CURRENT_TIMESTAMP COMMENT 'Record Inserted Date And Time',
  `UPDATED_BY` bigint(14) DEFAULT NULL COMMENT 'Record Updated User Id',
  `UPDATE_DATE` datetime DEFAULT NULL COMMENT 'Record Updated Date And Time',
  PRIMARY KEY (`APP_AI_ID`)
) ENGINE=InnoDB  DEFAULT CHARSET=utf8 AUTO_INCREMENT=25 ;

--
-- Dumping data for table `applicant_acadimicinfo`
--

INSERT INTO `applicant_acadimicinfo` (`APP_AI_ID`, `APPLICANT_ID`, `EXAM_DEGREE_ID`, `MAJOR_GROUP_ID`, `INSTITUTION`, `BOARD`, `RESULT_GRADE`, `RESULT_GRADE_WA`, `CGPA_MARKPCT`, `SCALE_MARKS`, `PASSING_YEAR`, `DURATION`, `ACHIEVEMENT`, `ACTIVE_FLAG`, `CREATED_BY`, `CREATE_DATE`, `UPDATED_BY`, `UPDATE_DATE`) VALUES
(1, 1, 27, 32, 'NGBHS', 21, 5, 5, NULL, NULL, 2014, NULL, NULL, 1, NULL, '2017-07-26 09:38:23', NULL, NULL),
(2, 1, 28, 32, 'NGBHS', 22, 3.6, 3, NULL, NULL, 2016, NULL, NULL, 1, NULL, '2017-07-26 09:38:23', NULL, NULL),
(3, 2, 27, 32, 'Dhaka', 21, 23, 22, NULL, NULL, 2013, NULL, NULL, 1, NULL, '2017-07-26 10:50:29', NULL, NULL),
(4, 2, 28, 32, 'ddddd', 21, 33, 32, NULL, NULL, 2016, NULL, NULL, 1, NULL, '2017-07-26 10:50:29', NULL, NULL),
(5, 3, 27, 32, 'NGBHS', 21, 3.5, 3, NULL, NULL, 2014, NULL, NULL, 1, NULL, '2017-07-29 09:53:02', NULL, NULL),
(6, 3, 28, 33, 'NGBHS', 22, 3.6, 3, NULL, NULL, 2016, NULL, NULL, 1, NULL, '2017-07-29 09:53:02', NULL, NULL),
(7, 4, 27, 32, 'NGBHS', 21, 3.5, 3, NULL, NULL, 2014, NULL, NULL, 1, NULL, '2017-07-29 10:10:03', NULL, NULL),
(8, 4, 28, 32, 'NGBHS', 22, 3.6, 3, NULL, NULL, 2016, NULL, NULL, 1, NULL, '2017-07-29 10:10:03', NULL, NULL),
(9, 5, 27, 32, 'Monipur High School', 21, 4, 4, NULL, NULL, 2002, NULL, NULL, 1, NULL, '2017-07-30 09:34:20', NULL, NULL),
(10, 5, 28, 33, 'Dhaka Commerce Collage', 21, 4.4, 4.4, NULL, NULL, 2004, NULL, NULL, 1, NULL, '2017-07-30 09:34:20', NULL, NULL),
(11, 6, 27, 32, 'Uttara Model School, Dhaka.', 21, 5, 5, NULL, NULL, 2010, NULL, NULL, 1, NULL, '2017-07-31 03:39:23', NULL, NULL),
(12, 6, 28, 32, 'Banglabazar School and College', 21, 5, 5, NULL, NULL, 2012, NULL, NULL, 1, NULL, '2017-07-31 03:39:23', NULL, NULL),
(13, 7, 27, 32, 'NGBHS', 21, 3.5, 3, NULL, NULL, 2014, NULL, NULL, 1, NULL, '2017-07-31 05:34:55', NULL, NULL),
(14, 7, 28, 32, 'NGBHS', 22, 3.6, 3, NULL, NULL, 2016, NULL, NULL, 1, NULL, '2017-07-31 05:34:55', NULL, NULL),
(15, 8, 27, 32, 'dh', 21, 3.5, 3, NULL, NULL, 2014, NULL, NULL, 1, NULL, '2017-08-08 08:29:15', NULL, NULL),
(16, 8, 28, 32, 'dk', 21, 4, 4, NULL, NULL, 2016, NULL, NULL, 1, NULL, '2017-08-08 08:29:15', NULL, NULL),
(17, 9, 27, 32, 'My School', 21, 5, 4.8, NULL, NULL, 2012, NULL, NULL, 1, NULL, '2017-08-10 09:21:39', NULL, NULL),
(18, 9, 27, 32, 'Govt. Bangla College', 21, 5, 5, NULL, NULL, 2014, NULL, NULL, 1, NULL, '2017-08-10 09:21:39', NULL, NULL),
(19, 10, 27, 32, 'Uttara Model School, Dhaka.', 22, 5, 5, NULL, NULL, 2010, NULL, NULL, 1, NULL, '2017-08-12 08:42:31', NULL, NULL),
(20, 10, 28, 33, 'Dhanmondi Boys College, Dhaka.', 22, 5, 4.5, NULL, NULL, 2012, NULL, NULL, 1, NULL, '2017-08-12 08:42:31', NULL, NULL),
(21, 11, 27, 33, 'NGBHS', 21, 3.5, 3, NULL, NULL, 2014, NULL, NULL, 1, NULL, '2017-09-11 07:00:24', NULL, NULL),
(22, 11, 28, 33, 'NGBHS', 198, 3.6, 3, NULL, NULL, 2016, NULL, NULL, 1, NULL, '2017-09-11 07:00:24', NULL, NULL),
(23, 12, 27, 32, 'NGBHS', 21, 4, 4, NULL, NULL, 2004, NULL, NULL, 1, NULL, '2017-09-13 11:29:18', NULL, NULL),
(24, 12, 28, 34, 'NGBHS', 22, 5, 5, NULL, NULL, 2006, NULL, NULL, 1, NULL, '2017-09-13 11:29:18', NULL, NULL);

-- --------------------------------------------------------

--
-- Table structure for table `applicant_adressinfo`
--

CREATE TABLE IF NOT EXISTS `applicant_adressinfo` (
  `APP_ADRESS_ID` bigint(14) NOT NULL AUTO_INCREMENT COMMENT 'Primary Key Of or_applicant_adress Table.',
  `APPLICANT_ID` bigint(14) NOT NULL COMMENT 'Foreign Key To STUDENT_ID Column Of students_info Table.',
  `ADRESS_TYPE` enum('PS','PR') NOT NULL COMMENT 'Adress Type, PS=Present , PR=Permanent',
  `SAS_PSORPR` enum('PS','PR') NOT NULL COMMENT 'Adress Same As, PS=Present , PR=Permanent',
  `HOUSE_NO_NAME` varchar(100) DEFAULT NULL COMMENT 'House No / Name',
  `ROAD_AVENO_NAME` varchar(100) DEFAULT NULL COMMENT 'Road / Ave No / Name',
  `VILLAGE_WARD` varchar(100) DEFAULT NULL COMMENT 'Villange / Ward  / Municipality',
  `UNION_ID` smallint(6) DEFAULT NULL COMMENT 'Foreign Key To UNION_ID Column Of sa_unions Table.',
  `THANA_ID` int(11) DEFAULT NULL COMMENT 'Foreign Key To THANA_ID Column Of sa_thanas Table.',
  `POST_OFFICE_ID` int(11) DEFAULT NULL COMMENT 'Foreign Key To POST_OFFICE_ID Column Of sa_post_offices Table.',
  `POLICE_STATION_ID` int(11) DEFAULT NULL COMMENT 'Foreign Key To POLICE_STATION_ID Column Of sa_police_station Table.',
  `DISTRICT_ID` int(11) DEFAULT NULL COMMENT 'Foreign Key To DISTRICT_ID Column Of sa_districts Table.',
  `DIVISION_ID` tinyint(2) DEFAULT NULL,
  `ACTIVE_FLAG` tinyint(1) NOT NULL DEFAULT '1' COMMENT 'Record Status 1= Active, 0=Inactive',
  `CREATED_BY` bigint(14) DEFAULT NULL COMMENT 'Record Create User Id',
  `CREATE_DATE` timestamp NOT NULL DEFAULT CURRENT_TIMESTAMP COMMENT 'Record Inserted Date And Time',
  `UPDATED_BY` bigint(14) DEFAULT NULL COMMENT 'Record Updated User Id',
  `UPDATE_DATE` datetime DEFAULT NULL COMMENT 'Record Updated Date And Time',
  PRIMARY KEY (`APP_ADRESS_ID`)
) ENGINE=InnoDB  DEFAULT CHARSET=utf8 AUTO_INCREMENT=13 ;

--
-- Dumping data for table `applicant_adressinfo`
--

INSERT INTO `applicant_adressinfo` (`APP_ADRESS_ID`, `APPLICANT_ID`, `ADRESS_TYPE`, `SAS_PSORPR`, `HOUSE_NO_NAME`, `ROAD_AVENO_NAME`, `VILLAGE_WARD`, `UNION_ID`, `THANA_ID`, `POST_OFFICE_ID`, `POLICE_STATION_ID`, `DISTRICT_ID`, `DIVISION_ID`, `ACTIVE_FLAG`, `CREATED_BY`, `CREATE_DATE`, `UPDATED_BY`, `UPDATE_DATE`) VALUES
(1, 1, 'PS', 'PS', NULL, NULL, '15', 144, 29, 1023, 29, 3, 1, 1, NULL, '2017-07-26 09:38:23', NULL, NULL),
(2, 2, 'PS', 'PS', NULL, NULL, 'hghgfg', 1947, 78, 375, 78, 13, 3, 1, NULL, '2017-07-26 10:50:29', NULL, NULL),
(3, 3, 'PS', 'PS', NULL, NULL, '878', 144, 29, 1023, 29, 3, 1, 1, NULL, '2017-07-29 09:53:02', NULL, NULL),
(4, 4, 'PS', 'PS', NULL, NULL, '200', 144, 29, 1023, 29, 3, 1, 1, NULL, '2017-07-29 10:10:03', NULL, NULL),
(5, 5, 'PS', 'PS', NULL, NULL, '25', 2716, 419, 42, 419, 13, 3, 1, NULL, '2017-07-30 09:34:20', NULL, NULL),
(6, 6, 'PS', 'PS', NULL, NULL, '56', 5776, 273, 1282, 273, 17, 8, 1, NULL, '2017-07-31 03:39:23', NULL, NULL),
(7, 7, 'PS', 'PS', NULL, NULL, '300', 144, 29, 1023, 29, 3, 1, 1, NULL, '2017-07-31 05:34:55', NULL, NULL),
(8, 8, 'PS', 'PS', NULL, NULL, '15', 144, 29, 1023, 29, 3, 1, 1, NULL, '2017-08-08 08:29:15', NULL, NULL),
(9, 9, 'PS', 'PS', NULL, NULL, '12', 182, 442, 0, 442, 4, 1, 1, NULL, '2017-08-10 09:21:39', NULL, NULL),
(10, 10, 'PS', 'PS', NULL, NULL, '12', 203, 36, 0, 36, 4, 1, 1, NULL, '2017-08-12 08:42:31', NULL, NULL),
(11, 11, 'PS', 'PS', NULL, NULL, '100', 144, 29, 1023, 29, 3, 1, 1, NULL, '2017-09-11 07:00:24', NULL, NULL),
(12, 12, 'PS', 'PS', NULL, NULL, '6999', 144, 29, 1023, 29, 3, 1, 1, NULL, '2017-09-13 11:29:18', NULL, NULL);

-- --------------------------------------------------------

--
-- Table structure for table `applicant_gurdianinfo`
--

CREATE TABLE IF NOT EXISTS `applicant_gurdianinfo` (
  `APP_PARENT_ID` bigint(14) NOT NULL AUTO_INCREMENT,
  `APPLICANT_ID` bigint(14) NOT NULL COMMENT 'Foreign Key To STUDENT_ID Column Of students_info Table.',
  `GURDIAN_NAME` varchar(100) DEFAULT NULL,
  `OCCUPATION` varchar(100) DEFAULT NULL,
  `GUARDIAN_TYPE` char(1) CHARACTER SET latin1 DEFAULT NULL,
  `WORKING_ORG` varchar(200) CHARACTER SET utf8 COLLATE utf8_croatian_ci DEFAULT NULL,
  `MOBILE_NO` varchar(15) CHARACTER SET utf8 COLLATE utf8_croatian_ci DEFAULT NULL,
  `EMAIL_ADRESS` varchar(50) CHARACTER SET utf8 COLLATE utf8_croatian_ci DEFAULT NULL,
  `PASSWORD` varchar(70) CHARACTER SET utf8 COLLATE utf8_croatian_ci DEFAULT NULL,
  `LOCAL_GUARDIAN_FG` tinyint(1) DEFAULT '0',
  `GUARDIAN_RELATION` int(11) DEFAULT NULL,
  `ORG_ID` int(11) DEFAULT '1',
  `ADDRESS` varchar(200) DEFAULT NULL,
  `ACTIVE_FLAG` tinyint(1) NOT NULL DEFAULT '1' COMMENT 'Record Status 1= Active, 0=Inactive',
  `CREATED_BY` bigint(14) DEFAULT NULL COMMENT 'Record Create User Id',
  `CREATE_DATE` timestamp NOT NULL DEFAULT CURRENT_TIMESTAMP COMMENT 'Record Inserted Date And Time',
  `UPDATED_BY` bigint(14) DEFAULT NULL COMMENT 'Record Updated User Id',
  `UPDATE_DATE` datetime DEFAULT NULL COMMENT 'Record Updated Date And Time',
  PRIMARY KEY (`APP_PARENT_ID`)
) ENGINE=InnoDB  DEFAULT CHARSET=utf8 AUTO_INCREMENT=25 ;

--
-- Dumping data for table `applicant_gurdianinfo`
--

INSERT INTO `applicant_gurdianinfo` (`APP_PARENT_ID`, `APPLICANT_ID`, `GURDIAN_NAME`, `OCCUPATION`, `GUARDIAN_TYPE`, `WORKING_ORG`, `MOBILE_NO`, `EMAIL_ADRESS`, `PASSWORD`, `LOCAL_GUARDIAN_FG`, `GUARDIAN_RELATION`, `ORG_ID`, `ADDRESS`, `ACTIVE_FLAG`, `CREATED_BY`, `CREATE_DATE`, `UPDATED_BY`, `UPDATE_DATE`) VALUES
(1, 1, 'FATHER NAME ', '9', 'F', '', '01722586936', 'father@gmail.com', NULL, 1, NULL, 1, NULL, 1, NULL, '2017-07-26 09:38:23', NULL, NULL),
(2, 1, 'MOTHER NAME', '10', 'M', '', '01722085398', 'mother@gmail.com', NULL, 0, NULL, 1, NULL, 1, NULL, '2017-07-26 09:38:23', NULL, NULL),
(3, 2, '454545455', '9', 'F', '', '', '', NULL, 1, NULL, 1, NULL, 1, NULL, '2017-07-26 10:50:29', NULL, NULL),
(4, 2, '454545445', '9', 'M', '', '', '', NULL, 0, NULL, 1, NULL, 1, NULL, '2017-07-26 10:50:29', NULL, NULL),
(5, 3, 'FATHER NAME ', '', 'F', '', '', '', NULL, 1, NULL, 1, NULL, 1, NULL, '2017-07-29 09:53:02', NULL, NULL),
(6, 3, 'MOTHER NAME', '', 'M', '', '', '', NULL, 0, NULL, 1, NULL, 1, NULL, '2017-07-29 09:53:02', NULL, NULL),
(7, 4, 'FATHER NAME ', '9', 'F', 'Dhaka', '01722586936', 'FAF@GAMIL.COM', NULL, 1, NULL, 1, NULL, 1, NULL, '2017-07-29 10:10:03', NULL, NULL),
(8, 4, 'MOTHER NAME', '10', 'M', 'Dhaka', '01722085398', 'MEA@GMAIL.COM', NULL, 0, NULL, 1, NULL, 1, NULL, '2017-07-29 10:10:03', NULL, NULL),
(9, 5, 'Fazlur Rahman', '192', 'F', '', '', '', NULL, 1, NULL, 1, NULL, 1, NULL, '2017-07-30 09:34:20', NULL, NULL),
(10, 5, 'Sultana Razia', '211', 'M', '', '', '', NULL, 0, NULL, 1, NULL, 1, NULL, '2017-07-30 09:34:20', NULL, NULL),
(11, 6, 'Father', '', 'F', '', '', '', NULL, 1, NULL, 1, NULL, 1, NULL, '2017-07-31 03:39:23', NULL, NULL),
(12, 6, 'My Mother', '', 'M', '', '', '', NULL, 0, NULL, 1, NULL, 1, NULL, '2017-07-31 03:39:23', NULL, NULL),
(13, 7, 'Father Name', '9', 'F', 'Dhaka', '01722586936', 'FAF@GAMIL.COM', NULL, 1, NULL, 1, NULL, 1, NULL, '2017-07-31 05:34:55', NULL, NULL),
(14, 7, 'Mother Name', '10', 'M', 'Dhaka', '01722085398', 'MEA@GMAIL.COM', NULL, 0, NULL, 1, NULL, 1, NULL, '2017-07-31 05:34:55', NULL, NULL),
(15, 8, 'Father name', '', 'F', '', '', '', NULL, 1, NULL, 1, NULL, 1, NULL, '2017-08-08 08:29:14', NULL, NULL),
(16, 8, 'Mother Name', '', 'M', '', '', '', NULL, 0, NULL, 1, NULL, 1, NULL, '2017-08-08 08:29:14', NULL, NULL),
(17, 9, 'My Father', '9', 'F', '', '', '', NULL, 1, NULL, 1, NULL, 1, NULL, '2017-08-10 09:21:39', NULL, NULL),
(18, 9, 'My Mother', '9', 'M', '', '', '', NULL, 0, NULL, 1, NULL, 1, NULL, '2017-08-10 09:21:39', NULL, NULL),
(19, 10, 'My Father', '', 'F', '', '', '', NULL, 1, NULL, 1, NULL, 1, NULL, '2017-08-12 08:42:31', NULL, NULL),
(20, 10, 'My Mother', '', 'M', '', '', '', NULL, 0, NULL, 1, NULL, 1, NULL, '2017-08-12 08:42:31', NULL, NULL),
(21, 11, 'FATHER NAME ', '9', 'F', 'Dhaka', '01722586936', 'FAF@GAMIL.COM', NULL, 1, NULL, 1, NULL, 1, NULL, '2017-09-11 07:00:24', NULL, NULL),
(22, 11, 'MOTHER NAME', '9', 'M', 'Dhaka', '01722085398', 'MEA@GMAIL.COM', NULL, 0, NULL, 1, NULL, 1, NULL, '2017-09-11 07:00:24', NULL, NULL),
(23, 12, 'Father name', '10', 'F', 'Dhaka', '01722085398', 'f@email.ocm', NULL, 1, NULL, 1, NULL, 1, NULL, '2017-09-13 11:29:18', NULL, NULL),
(24, 12, 'Mother name', '192', 'M', 'Dhaka', '01722085398', 'm@email.ocm', NULL, 0, NULL, 1, NULL, 1, NULL, '2017-09-13 11:29:18', NULL, NULL);

-- --------------------------------------------------------

--
-- Table structure for table `applicant_personal_info`
--

CREATE TABLE IF NOT EXISTS `applicant_personal_info` (
  `APPLICANT_ID` bigint(14) NOT NULL AUTO_INCREMENT,
  `ADM_ROLL_NO` varchar(50) NOT NULL,
  `ADM_SESSION_ID` int(11) NOT NULL,
  `ADM_PRG_ID` int(11) DEFAULT NULL,
  `DEGREE_ID` int(11) DEFAULT NULL,
  `FACULTY_ID` int(11) DEFAULT NULL,
  `DEPT_ID` int(11) DEFAULT NULL,
  `PROGRAM_ID` int(11) DEFAULT NULL,
  `FULL_NAME_EN` varchar(120) NOT NULL COMMENT 'Student Full Name In English',
  `FULL_NAME_BN` varchar(120) DEFAULT NULL COMMENT 'Student Full Name In Local Language (Bangla)',
  `PHOTO` varchar(30) DEFAULT NULL,
  `SIGNATURE_PHOTO` varchar(200) DEFAULT NULL,
  `GENDER` char(1) DEFAULT NULL,
  `MOBILE_NO` varchar(15) DEFAULT NULL COMMENT 'Student Mobile No',
  `NATIONALITY` varchar(100) DEFAULT NULL COMMENT 'Student Nationality',
  `NATIONAL_ID` bigint(17) DEFAULT NULL COMMENT 'Student Natioanl Id',
  `EMAIL_ADRESS` varchar(50) DEFAULT NULL COMMENT 'Student Email Adress.',
  `FATHER_NAME` varchar(120) DEFAULT NULL COMMENT 'Student Father''''s Name In English',
  `MOTHER_NAME` varchar(120) DEFAULT NULL COMMENT 'Student Mother''''s Name In English',
  `MARITAL_STATUS` bigint(4) DEFAULT NULL,
  `DATH_OF_BIRTH` datetime DEFAULT NULL COMMENT 'Student Date of Birth',
  `PLACE_OF_BIRTH` varchar(100) CHARACTER SET utf8 COLLATE utf8_croatian_ci DEFAULT NULL COMMENT 'Student Place of Birth',
  `BIRTH_CERTIFICATE` varchar(100) DEFAULT NULL,
  `HEIGHT_CM` varchar(10) DEFAULT NULL COMMENT 'Student Hight In Centimeter',
  `BLOOD_GROUP` varchar(3) DEFAULT NULL,
  `HEIGHT_FEET` varchar(5) DEFAULT NULL COMMENT 'Student Height in Feet',
  `HEIGHT_INCHES` tinyint(3) DEFAULT NULL COMMENT 'Student Height in Inches',
  `WEIGHT_KG` varchar(5) DEFAULT NULL COMMENT 'Student Weight In Kilogram',
  `WEIGHT_LBS` varchar(10) DEFAULT NULL COMMENT 'Student Weight In Pound',
  `RELIGION_ID` varchar(3) DEFAULT NULL COMMENT 'Student Religion',
  `PASSPORT_NO` varchar(20) DEFAULT NULL,
  `ACTIVE_STATUS` tinyint(1) NOT NULL DEFAULT '1',
  `CREATED_BY` int(11) DEFAULT NULL,
  `CREATE_DATE` timestamp NOT NULL DEFAULT CURRENT_TIMESTAMP,
  `UPDATED_BY` int(11) DEFAULT NULL,
  `UPDATE_DATE` datetime DEFAULT NULL,
  `ANNUAL_INCOME` varchar(20) DEFAULT NULL,
  `SCHOLARSHIP` varchar(5) DEFAULT NULL,
  `SCHOLARSHIP_DESC` text,
  `EXPELLED` varchar(20) DEFAULT NULL,
  `EXPELLED_DESC` text CHARACTER SET latin1,
  `ARRESTED` varchar(20) DEFAULT NULL,
  `ARRESTED_DESC` text CHARACTER SET latin1,
  `CONVICTED` varchar(20) DEFAULT NULL,
  `CONVICTED_DESC` text CHARACTER SET latin1,
  `APPLY_BEFORE` varchar(20) DEFAULT NULL,
  `APPLY_SEMESTER` varchar(20) DEFAULT NULL,
  `APPLY_YEAR` varchar(20) DEFAULT NULL,
  `SIBLING_EXIST` varchar(20) DEFAULT NULL,
  `SBLN_ROLL_NO` varchar(20) DEFAULT NULL,
  `TERMS_AND_CONDITION` varchar(11) DEFAULT NULL,
  `APPLICANT_USER_ID` int(11) DEFAULT NULL,
  `ELIGIBLE_BY_ADDMISSION_DEPT` int(11) DEFAULT NULL,
  `ELIGIBLE_BY_ADDMISSION_DEPT_STATUS` tinyint(1) DEFAULT NULL,
  `ELIGIBLE_ADDMISSION_DEPT_DT` date DEFAULT NULL,
  `ELIGIBLE_ADM_REMARKS` varchar(200) DEFAULT NULL,
  `ELIGIBLE_BY_DEPT_HEAD` int(11) DEFAULT NULL,
  `ELIGIBLE_BY_DEPT_HEAD_STATUS` tinyint(1) DEFAULT NULL,
  `ELIGIBLE_BY_DEPT_HEAD_DT` date DEFAULT NULL,
  `ELIGIBLE_DEPT_HEAD_REMARKS` varchar(200) DEFAULT NULL,
  `APPROVE_FOR_ADMIT` int(1) DEFAULT NULL,
  `APPROVE_DT` date DEFAULT NULL,
  `APPROVE_REMARKS` varchar(200) DEFAULT NULL,
  `APPROVE_BY` int(11) DEFAULT NULL,
  `ELIGIBLE_STU_FG` varchar(5) DEFAULT '0' COMMENT '1=eligible applicant to student,0=applicant',
  PRIMARY KEY (`APPLICANT_ID`)
) ENGINE=InnoDB  DEFAULT CHARSET=utf8 AUTO_INCREMENT=13 ;

--
-- Dumping data for table `applicant_personal_info`
--

INSERT INTO `applicant_personal_info` (`APPLICANT_ID`, `ADM_ROLL_NO`, `ADM_SESSION_ID`, `ADM_PRG_ID`, `DEGREE_ID`, `FACULTY_ID`, `DEPT_ID`, `PROGRAM_ID`, `FULL_NAME_EN`, `FULL_NAME_BN`, `PHOTO`, `SIGNATURE_PHOTO`, `GENDER`, `MOBILE_NO`, `NATIONALITY`, `NATIONAL_ID`, `EMAIL_ADRESS`, `FATHER_NAME`, `MOTHER_NAME`, `MARITAL_STATUS`, `DATH_OF_BIRTH`, `PLACE_OF_BIRTH`, `BIRTH_CERTIFICATE`, `HEIGHT_CM`, `BLOOD_GROUP`, `HEIGHT_FEET`, `HEIGHT_INCHES`, `WEIGHT_KG`, `WEIGHT_LBS`, `RELIGION_ID`, `PASSPORT_NO`, `ACTIVE_STATUS`, `CREATED_BY`, `CREATE_DATE`, `UPDATED_BY`, `UPDATE_DATE`, `ANNUAL_INCOME`, `SCHOLARSHIP`, `SCHOLARSHIP_DESC`, `EXPELLED`, `EXPELLED_DESC`, `ARRESTED`, `ARRESTED_DESC`, `CONVICTED`, `CONVICTED_DESC`, `APPLY_BEFORE`, `APPLY_SEMESTER`, `APPLY_YEAR`, `SIBLING_EXIST`, `SBLN_ROLL_NO`, `TERMS_AND_CONDITION`, `APPLICANT_USER_ID`, `ELIGIBLE_BY_ADDMISSION_DEPT`, `ELIGIBLE_BY_ADDMISSION_DEPT_STATUS`, `ELIGIBLE_ADDMISSION_DEPT_DT`, `ELIGIBLE_ADM_REMARKS`, `ELIGIBLE_BY_DEPT_HEAD`, `ELIGIBLE_BY_DEPT_HEAD_STATUS`, `ELIGIBLE_BY_DEPT_HEAD_DT`, `ELIGIBLE_DEPT_HEAD_REMARKS`, `APPROVE_FOR_ADMIT`, `APPROVE_DT`, `APPROVE_REMARKS`, `APPROVE_BY`, `ELIGIBLE_STU_FG`) VALUES
(1, '170650101001', 6, 24, 3, 5, 1, 1, 'Md. Rakib Mostofa', 'রাকিব', 'photo_170650101001.jpg', 'signature_170650101001.png', 'M', '01722085398', '15', 1234567891234, 'rakibronicse@gmail.com', 'FATHER NAME ', 'MOTHER NAME', 11, '1989-07-04 00:00:00', 'Natore', '1234567891234', '185.93', '101', '6.1', NULL, '88', '194.01', '1', NULL, 1, NULL, '2017-07-26 09:38:23', NULL, NULL, '5000000', 'NO', '', 'NO', '', 'NO', '', 'NO', '', 'NO', '', '', 'NO', '', NULL, 1, 15, 1, '2017-07-26', 'ok', 18, 1, '2017-07-26', 'ok', 1, '2017-07-26', 'Ok', 15, '1'),
(2, '170650202001', 6, 25, 3, 5, 2, 2, 'Anika Tabassum', 'আনিকা তাবাসসুম', 'photo_170650202001.jpg', 'signature_170650202001.png', 'F', '01265898889', '15', 1234567891234567, 'akhi@atilimited.net', '454545455', '454545445', 11, '1982-07-21 00:00:00', 'Dhaka', '5959595555959595', '213.36', '101', '7', NULL, '55', '121.25', '1', NULL, 1, NULL, '2017-07-26 10:50:29', NULL, NULL, '1500000', 'NO', '', 'NO', '', 'NO', '', 'NO', '', 'NO', '', '', 'NO', '', NULL, 3, 15, 1, '2017-07-26', 'ok', 16, 1, '2017-07-26', 'ok', 1, '2017-07-26', 'ok', 15, '1'),
(3, '170650101002', 6, 24, 3, 5, 1, 1, 'Md. Abdul Habib', 'হাহিব', 'photo_170650101002.jpg', 'signature_170650101002.jpg', 'M', '01722085398', '15', 0, 'rakib@atilimited.net', 'FATHER NAME ', 'MOTHER NAME', 11, '1997-07-09 00:00:00', 'Natore', '', '', '', '', NULL, '', '', '1', NULL, 1, NULL, '2017-07-29 09:53:02', NULL, NULL, '100000', 'NO', '', 'NO', '', 'NO', '', 'NO', '', 'NO', '', '', 'NO', '', NULL, 7, 1, 1, '2017-11-07', '', NULL, NULL, NULL, NULL, NULL, NULL, NULL, NULL, '0'),
(4, '170650101003', 6, 24, 3, 5, 1, 1, 'Md. Atikur Rahman', 'আতিকুর রহমান', 'photo_170650101003.jpg', 'signature_170650101003.jpg', 'M', '01722085398', '15', 1234567891234, 'atiqur@atilimited.net', 'FATHER NAME ', 'MOTHER NAME', 11, '1990-07-05 00:00:00', 'Natore', '1234567891234', '185.93', '102', '6.1', NULL, '98', '216.05', '1', NULL, 1, NULL, '2017-07-29 10:10:03', NULL, NULL, '3000000', 'NO', '', 'NO', '', 'NO', '', 'NO', '', 'NO', '', '', 'NO', '', NULL, 8, 15, 1, '2017-07-29', 'ok\n', 18, 1, '2017-07-29', 'Ok by dept head', 1, '2017-07-29', 'ok', 15, '1'),
(5, '170650101004', 6, 24, 3, 5, 1, 1, 'Atiqur Rahman', 'নাম ( বাংলা ) ', 'photo_170650101004.jpg', 'signature_170650101004.jpg', 'M', '01622084287', '15', 1254789587454, 'atik.atilimited@gmail.com', 'Fazlur Rahman', 'Sultana Razia', 11, '1986-12-16 00:00:00', 'Dhaka', '1254789587454', '181.36', '144', '5.95', NULL, '65', '143.30', '1', NULL, 1, NULL, '2017-07-30 09:34:20', NULL, NULL, '1000000', 'NO', '', 'NO', '', 'NO', '', 'NO', '', 'NO', '', '', 'NO', '', NULL, 9, NULL, NULL, NULL, NULL, NULL, NULL, NULL, NULL, NULL, NULL, NULL, NULL, '0'),
(6, '170650303001', 6, 26, 3, 5, 3, 3, 'Abhi', 'অভিজিৎ', 'photo_170650303001.jpg', 'signature_170650303001.png', 'M', '01719000870', '15', 12345678945615555, 'abhi.m.abhijit@gmail.com', 'Father', 'My Mother', 11, '2017-07-18 00:00:00', 'Dhaka', '12345678974451212', '179.83', '101', '5.9', NULL, '65', '143.30', '2', NULL, 1, NULL, '2017-07-31 03:39:23', NULL, NULL, '8500000', 'NO', '', 'NO', '', 'NO', '', 'NO', '', 'NO', '', '', 'NO', '', NULL, 10, 15, 1, '2017-07-31', 'ok', 14, 1, '2017-07-31', 'ok', 1, '2017-07-31', 'ok for Admit Card', 15, '0'),
(7, '170650101005', 6, 24, 3, 5, 1, 1, 'Md. Rakib Mostofa', 'মোঃ রাকিব মস্তফা', 'photo_170650101005.jpg', 'signature_170650101005.jpg', 'M', '01722085398', '15', 54644464546466545, 'rakibronicse@gmail.com', 'Father Name', 'Mother Name', 12, '1996-07-24 00:00:00', 'Natore', '54644464546466545', '185.93', '102', '6.1', NULL, '98', '216.05', '1', NULL, 1, NULL, '2017-07-31 05:34:55', NULL, NULL, '100000', 'NO', '', 'NO', '', 'NO', '', 'NO', '', 'NO', '', '', 'NO', '', NULL, 14, 15, 1, '2017-07-31', 'Please check academic result.', 18, 1, '2017-07-31', 'Done', 1, '2017-07-31', 'ok', 15, '1'),
(8, '170650101006', 6, 24, 3, 5, 1, 1, 'Nurulla', 'নাম', 'photo_170650101006.png', 'signature_170650101006.jpg', 'M', '01722085398', '15', 0, 'nurullah@atilimited.net', 'Father name', 'Mother Name', 11, '1983-08-11 00:00:00', 'Dhaka', '', '', '', '', NULL, '', '', '1', NULL, 1, NULL, '2017-08-08 08:29:14', NULL, NULL, '5000000', 'NO', '', 'NO', '', 'NO', '', 'NO', '', 'NO', '', '', 'NO', '', NULL, 15, 15, 1, '2017-08-08', 'ok', 18, 1, '2017-08-08', 'ok', 1, '2017-08-08', 'ok', 15, '1'),
(9, '170650303002', 6, 26, 3, 5, 3, 3, 'Masud Rana', 'মাসুদ', 'photo_170650303002.png', 'signature_170650303002.png', 'M', '01718475412', '15', 0, 'masud@gmail.com', 'My Father', 'My Mother', 11, '2017-08-16 00:00:00', 'Dhaka', '', '', '14', '', NULL, '', '', '1', NULL, 1, NULL, '2017-08-10 09:21:39', NULL, NULL, '8500000', 'NO', '', 'NO', '', 'NO', '', 'NO', '', 'NO', '', '', 'NO', '', NULL, 17, 15, 1, '2017-08-10', 'All okay', 14, 1, '2017-08-10', 'ok', 1, '2017-08-10', 'ok for Admi t Card', 15, '1'),
(10, '170650303003', 6, 26, 3, 5, 3, 3, 'Shakil', 'এরশাদ', 'photo_170650303003.jpg', 'signature_170650303003.png', 'M', '01548545215', '15', 0, 'shakil@gmail.com', 'My Father', 'My Mother', 11, '2017-08-10 00:00:00', 'Dhaka', '', '', '101', '', NULL, '', '', '1', NULL, 1, NULL, '2017-08-12 08:42:31', NULL, NULL, '750000', 'NO', '', 'NO', '', 'NO', '', 'NO', '', 'NO', '', '', 'NO', '', NULL, 18, 15, 1, '2017-08-12', 'ok', 14, 1, '2017-08-12', 'ok', 1, '2017-08-12', 'ok', 15, '1'),
(11, '170650101007', 6, 24, 3, 5, 1, 1, 'Md. Sourav', 'সউরাভ', 'photo_170650101007.jpg', 'signature_170650101007.jpg', 'M', '01722085369', '15', 2369587412589, 'sourav@atilimited.net', 'FATHER NAME ', 'MOTHER NAME', 11, '1996-09-01 00:00:00', 'Dhaka', '2369587412589', '152.40', '14', '5', NULL, '66', '145.50', '1', NULL, 1, NULL, '2017-09-11 07:00:23', NULL, NULL, '100000', 'NO', '', 'NO', '', 'NO', '', 'NO', '', 'NO', '', '', 'NO', '', NULL, 20, 15, 1, '2017-09-11', 'ok', 18, 1, '2017-09-11', 'ok', 1, '2017-09-11', 'ok', 15, '1'),
(12, '170650101008', 6, 24, 3, 5, 1, 1, 'Avi', 'ূহকপ', 'photo_170650101008.jpg', 'signature_170650101008.jpg', 'M', '01722085398', '15', 3692581473692, 'avi@gmail.com', 'Father name', 'Mother name', 11, '1982-09-02 00:00:00', 'Dhaka', '3692581473692', '182.88', '14', '6', NULL, '66', '145.50', '1', NULL, 1, NULL, '2017-09-13 11:29:18', NULL, NULL, '10000000', 'NO', '', 'NO', '', 'NO', '', 'NO', '', 'NO', '', '', 'NO', '', NULL, 21, 15, 1, '2017-09-13', 'ok', 18, 1, '2017-09-13', 'ok', 1, '2017-09-13', 'ok', 15, '1');

-- --------------------------------------------------------

--
-- Table structure for table `applicant_user`
--

CREATE TABLE IF NOT EXISTS `applicant_user` (
  `APPLICANT_USER_ID` int(11) NOT NULL AUTO_INCREMENT,
  `DEGREE_ID` int(11) DEFAULT NULL,
  `FACULTY_ID` int(11) DEFAULT NULL,
  `DEPT_ID` int(11) DEFAULT NULL,
  `PROGRAM_ID` int(11) DEFAULT NULL,
  `FULL_NAME` varchar(100) NOT NULL,
  `GENDER` varchar(20) DEFAULT NULL,
  `MOBILE` varchar(20) DEFAULT NULL,
  `EMAIL` varchar(200) DEFAULT NULL,
  `PASSWORD` varchar(250) DEFAULT NULL,
  `BIRTH_DT` date DEFAULT NULL,
  `CREATE_DT` timestamp NULL DEFAULT NULL,
  `ACT_FG` int(1) DEFAULT '1',
  `FF_COM_STATUS` int(1) DEFAULT '0' COMMENT 'form fillup complete status 1 = complete 0=incomplete',
  `ADM_PRG_ID` int(11) DEFAULT NULL,
  PRIMARY KEY (`APPLICANT_USER_ID`)
) ENGINE=InnoDB  DEFAULT CHARSET=utf8 AUTO_INCREMENT=22 ;

--
-- Dumping data for table `applicant_user`
--

INSERT INTO `applicant_user` (`APPLICANT_USER_ID`, `DEGREE_ID`, `FACULTY_ID`, `DEPT_ID`, `PROGRAM_ID`, `FULL_NAME`, `GENDER`, `MOBILE`, `EMAIL`, `PASSWORD`, `BIRTH_DT`, `CREATE_DT`, `ACT_FG`, `FF_COM_STATUS`, `ADM_PRG_ID`) VALUES
(1, 3, 5, 1, 1, 'Md. Rakib Mostofa', 'M', '01722085398', 'rakibrondfdficse@gmail.com', '864321', '1989-07-04', NULL, 1, 1, 24),
(2, 3, 5, 2, 2, 'Anika Tabassum', 'M', '01233345222', 'amuna@atilimited.net', '978248', '1981-07-21', NULL, 1, 0, 25),
(3, 3, 5, 2, 2, 'Anika Tabassum', 'F', '01265898889', 'akhi@atilimited.net', '171935', '1982-07-21', NULL, 1, 1, 25),
(4, 3, 5, 3, 3, 'Abhijit M. Abhi', 'M', '01719000870', 'abhi.mmmmm.abhijit@gmail.com', '242783', '2017-07-19', NULL, 1, 0, 26),
(6, 3, 5, 3, 3, 'Abhi', 'M', '01715485425', 'abhijit@atilimited.net', '609756', '2017-07-28', NULL, 1, 0, 26),
(7, 3, 5, 1, 1, 'Md. Abdul Habib', 'M', '01722085398', 'rakib4@atilimited.net', '482995', '1997-07-09', NULL, 1, 1, 24),
(8, 3, 5, 1, 1, 'Md. Atikur Rahman', 'M', '01722085398', 'atiqur@atilimited.net', '187282', '1990-07-05', NULL, 1, 1, 24),
(9, 3, 5, 1, 1, 'Atiqur Rahman', 'M', '01622084287', 'atik.atilimited@gmail.com', '449446', '1986-12-16', NULL, 1, 1, 24),
(10, 3, 5, 3, 3, 'Abhi', 'M', '01719000870', 'abhi.m.abhijit@gmail.com', '372324', '2017-07-18', NULL, 1, 1, 26),
(11, 3, 5, 1, 1, 'Md. Rakib Mostofa', 'M', '01722085398', 'rakib@atilimited.net', '418358', '1995-07-11', NULL, 1, 0, 24),
(12, 3, 5, 1, 1, 'Md. Rakib Mostofa', 'M', '01722085398', 'rakibronicsfgfdge@gmail.com', '428694', '1994-07-01', NULL, 1, 0, 24),
(13, 3, 5, 2, 2, 'Md. Rakib Mostofa', 'M', '01722085398', 'rakibrddonicse@gmail.com', '676136', '1995-07-06', NULL, 1, 0, 25),
(14, 3, 5, 1, 1, 'Md. Rakib Mostofa', 'M', '01722085398', 'rakibronicse@gmail.com', '346197', '1996-07-24', NULL, 1, 1, 24),
(15, 3, 5, 1, 1, 'Nurulla', 'M', '01722085398', 'nurullah@atilimited.net', '845738', '1983-08-11', NULL, 1, 1, 24),
(16, 3, 5, 2, 2, 'A. K. M. Nurul Hoque', 'M', '01927680643', 'hoquenurullah@gmail.com', '666280', '1991-06-16', NULL, 1, 0, 25),
(17, 3, 5, 3, 3, 'Masud Rana', 'M', '01718475412', 'masud@gmail.com', '939605', '2017-08-16', NULL, 1, 1, 26),
(18, 3, 5, 3, 3, 'Shakil', 'M', '01548545215', 'shakil@gmail.com', '605071', '2017-08-10', NULL, 1, 1, 26),
(19, 3, 5, 3, 3, 'Salam', 'M', '01719509523', 'salam@gmail.com', '665425', '1984-08-09', NULL, 1, 0, 26),
(20, 3, 5, 1, 1, 'Md. Sourav', 'M', '01722085369', 'sourav@atilimited.net', '280985', '1996-09-01', NULL, 1, 1, 24),
(21, 3, 5, 1, 1, 'Avi', 'M', '01722085398', 'avi@gmail.com', '123456', '1982-09-02', NULL, 1, 1, 24);

-- --------------------------------------------------------

--
-- Table structure for table `app_policy`
--

CREATE TABLE IF NOT EXISTS `app_policy` (
  `POLICY_ID` int(10) NOT NULL AUTO_INCREMENT,
  `POLICY_NAME` varchar(100) NOT NULL,
  `POLICY_VALUE` varchar(100) DEFAULT NULL,
  `POLICY_FLAG` tinyint(1) NOT NULL,
  `POLICY_DESC` text NOT NULL,
  `VALUE_FLAG` tinyint(1) DEFAULT '0',
  `CHANGEAVLE` tinyint(1) DEFAULT '0',
  `ACTIVE_FLAG` tinyint(1) NOT NULL DEFAULT '1' COMMENT 'Record Status 1= Active, 0=Inactive',
  `UPDATED_BY` bigint(14) DEFAULT NULL COMMENT 'Record Updated User Id',
  `UPDATE_DATE` datetime DEFAULT NULL COMMENT 'Record Updated Date And Time',
  PRIMARY KEY (`POLICY_ID`)
) ENGINE=InnoDB DEFAULT CHARSET=latin1 AUTO_INCREMENT=1 ;

-- --------------------------------------------------------

--
-- Table structure for table `ati_modules`
--

CREATE TABLE IF NOT EXISTS `ati_modules` (
  `MODULE_ID` int(11) NOT NULL AUTO_INCREMENT,
  `MODULE_NAME` varchar(70) NOT NULL,
  `MODULE_NAME_BN` varchar(500) DEFAULT NULL,
  `CATEGORY` varchar(60) NOT NULL,
  `SL_NO` tinyint(2) NOT NULL,
  `MODULE_ICON` varchar(50) DEFAULT NULL,
  `ACTIVE_STATUS` tinyint(1) DEFAULT '1',
  `ENTERED_BY` int(10) DEFAULT NULL,
  `ENTRY_TIMESTAMP` timestamp NOT NULL DEFAULT CURRENT_TIMESTAMP,
  `UPDATE_BY` int(10) DEFAULT NULL,
  `UPDATED_TIMESTAMP` datetime DEFAULT NULL ON UPDATE CURRENT_TIMESTAMP,
  PRIMARY KEY (`MODULE_ID`)
) ENGINE=InnoDB  DEFAULT CHARSET=utf8 AUTO_INCREMENT=58 ;

--
-- Dumping data for table `ati_modules`
--

INSERT INTO `ati_modules` (`MODULE_ID`, `MODULE_NAME`, `MODULE_NAME_BN`, `CATEGORY`, `SL_NO`, `MODULE_ICON`, `ACTIVE_STATUS`, `ENTERED_BY`, `ENTRY_TIMESTAMP`, `UPDATE_BY`, `UPDATED_TIMESTAMP`) VALUES
(24, 'Setup', '', '', 1, 'fa fa-wrench', 1, 1, '2015-09-07 03:49:41', 1, '2017-09-24 16:36:23'),
(27, 'Admission', '', '', 5, 'fa fa-mortar-board (alias)', 1, 1, '2015-09-17 03:23:39', 31, '2017-03-18 15:25:44'),
(29, 'Address Setup', '', '', 3, 'fa fa-location-arrow', 1, 1, '2015-10-18 00:17:57', 1, '2017-07-11 16:36:23'),
(44, 'Academic Setup', '', '', 2, 'fa fa-cog', 1, 31, '2016-01-27 03:52:26', 31, '2017-03-18 15:25:05'),
(48, 'Applicant', '', '', 4, 'fa fa-users', 1, 31, '2016-02-03 05:50:43', 31, '2017-03-18 15:25:38'),
(49, 'HR', '', '', 6, 'fa fa-users', 1, 31, '2017-04-30 04:43:59', 1, '2017-05-11 15:10:29'),
(50, 'Academic Course', '', '', 7, 'fa fa-book', 1, 1, '2017-05-11 09:09:40', 1, '2017-07-11 16:27:19'),
(51, 'E-Registration', '', '', 4, 'fa fa-recycle', 1, 1, '2017-05-27 09:24:22', 1, '2017-07-11 16:33:28'),
(52, 'Finance', '', '', 8, 'fa fa-dollar', 1, 1, '2017-07-23 09:52:46', 1, '2017-07-23 15:53:29'),
(53, 'Exam Setup', '', '', 9, 'fa fa-navicon', 1, 1, '2017-07-25 03:58:55', 1, '2017-08-28 11:50:58'),
(54, 'Result Processing', '', '', 10, 'fa fa-book', 1, 1, '2017-08-28 05:54:02', 1, '2017-08-28 12:10:38'),
(55, 'Exam Report', '', '', 11, 'fa fa-book', 1, 1, '2017-08-28 06:02:12', 1, '2017-08-28 12:10:43'),
(56, 'Others', '', '', 12, '', 1, 1, '2017-09-20 06:31:40', 1, '2017-09-21 09:53:38'),
(57, 'Inventory', '', '', 121, 'fa fa-navicon', 1, 1, '2017-11-21 10:44:10', 1, '2017-11-21 16:44:39');

-- --------------------------------------------------------

--
-- Table structure for table `ati_module_links`
--

CREATE TABLE IF NOT EXISTS `ati_module_links` (
  `LINK_ID` int(11) NOT NULL AUTO_INCREMENT,
  `LINK_NAME` varchar(60) NOT NULL,
  `LINK_NAME_BN` varchar(500) DEFAULT NULL,
  `ATI_MLINK_PAGES` varchar(10) DEFAULT NULL,
  `MODULE_ID` int(2) DEFAULT NULL,
  `URL_URI` varchar(200) DEFAULT NULL,
  `LINK_DESC` varchar(100) DEFAULT NULL,
  `SL_NO` tinyint(2) NOT NULL,
  `CREATE` tinyint(1) DEFAULT '0',
  `READ` tinyint(1) DEFAULT '0',
  `UPDATE` tinyint(1) DEFAULT '0',
  `DELETE` tinyint(1) DEFAULT '0',
  `STATUS` tinyint(4) DEFAULT NULL,
  `ACTIVE_STATUS` tinyint(1) DEFAULT '1',
  `ENTERED_BY` int(10) DEFAULT NULL,
  `ENTRY_TIMESTAMP` timestamp NOT NULL DEFAULT CURRENT_TIMESTAMP,
  `UPDATE_BY` int(10) DEFAULT NULL,
  `UPDATED_TIMESTAMP` datetime DEFAULT NULL ON UPDATE CURRENT_TIMESTAMP,
  PRIMARY KEY (`LINK_ID`)
) ENGINE=InnoDB  DEFAULT CHARSET=utf8 AUTO_INCREMENT=183 ;

--
-- Dumping data for table `ati_module_links`
--

INSERT INTO `ati_module_links` (`LINK_ID`, `LINK_NAME`, `LINK_NAME_BN`, `ATI_MLINK_PAGES`, `MODULE_ID`, `URL_URI`, `LINK_DESC`, `SL_NO`, `CREATE`, `READ`, `UPDATE`, `DELETE`, `STATUS`, `ACTIVE_STATUS`, `ENTERED_BY`, `ENTRY_TIMESTAMP`, `UPDATE_BY`, `UPDATED_TIMESTAMP`) VALUES
(10, 'User', NULL, 'I,V,U,D,S', 24, 'admin/users', NULL, 0, 1, 1, 1, 1, 1, 1, 1, '2015-09-08 02:50:52', NULL, NULL),
(25, 'Base Setup', NULL, 'I,V,U,D,S', 24, 'lookUp/index', NULL, 0, 1, 1, 1, 1, 1, 1, 1, '2015-09-18 21:41:52', NULL, NULL),
(26, 'Existing Student Registration', NULL, 'I,V,U,D,S', 27, 'admission/registration', NULL, 0, 1, 1, 1, 1, 1, 1, 1, '2015-09-19 03:32:34', NULL, NULL),
(43, 'Division', NULL, 'I,V,U,D,S', 29, 'setup/division', NULL, 0, 1, 1, 1, 1, 1, 1, 1, '2015-10-18 00:19:32', NULL, '2015-10-18 12:22:12'),
(44, 'District', NULL, 'I,V,U,D,S', 29, 'setup/district', NULL, 0, 1, 1, 1, 1, 1, 1, 1, '2015-10-18 00:22:57', NULL, NULL),
(45, 'Thana', NULL, 'I,V,U,D,S', 29, 'setup/thana', NULL, 0, 1, 1, 1, 1, 1, 1, 1, '2015-10-18 00:23:55', NULL, NULL),
(47, 'Union', NULL, 'I,V,U,D,S', 29, 'setup/union', NULL, 0, 1, 1, 1, 1, 1, 1, 1, '2015-10-18 00:26:27', NULL, NULL),
(80, 'Users', NULL, 'I,V,U,D,S', 24, 'admin/userList', NULL, 0, 1, 1, 1, 1, 1, 1, 31, '2015-12-21 22:46:44', 31, '2016-02-29 14:43:10'),
(99, 'Faculty', NULL, 'I,V,U,D,S', 44, 'setup/faculty', NULL, 2, 1, 1, 1, 1, 1, 1, 31, '2016-01-27 03:54:12', 1, '2017-07-19 12:36:54'),
(100, 'Department', NULL, 'I,V,U,D,S', 44, 'setup/department', NULL, 3, 1, 1, 1, 1, 1, 1, 31, '2016-01-27 03:56:26', 1, '2017-07-19 12:37:04'),
(101, 'Programs', NULL, 'I,V,U,D,S', 44, 'setup/program', NULL, 4, 1, 1, 1, 1, 1, 1, 31, '2016-01-27 03:58:13', 1, '2017-07-19 12:37:13'),
(102, 'Degree', NULL, 'I,V,U,D,S', 44, 'setup/degree', NULL, 1, 1, 1, 1, 1, 1, 1, 31, '2016-01-27 04:00:00', 1, '2017-07-19 12:36:44'),
(103, 'Session Name', NULL, 'I,V,U,D,S', 44, 'setup/session', NULL, 5, 1, 1, 1, 1, 1, 1, 31, '2016-01-27 04:02:25', 1, '2017-07-19 12:37:20'),
(105, 'Session Year', NULL, 'I,V,U,D,S', 44, 'setup/yearSetup', NULL, 6, 1, 1, 1, 1, 1, 1, 31, '2016-01-27 04:40:48', 1, '2017-07-19 12:37:32'),
(106, 'Admission Session', NULL, 'I,V,U,D,S', 44, 'setup/admSession', NULL, 7, 1, 1, 1, 1, 1, 1, 31, '2016-01-27 04:42:51', 1, '2017-07-19 12:37:43'),
(107, 'Batch', NULL, 'I,V,U,D,S', 24, 'setup/batch', NULL, 0, 1, 1, 1, 1, 1, 1, 31, '2016-01-27 04:46:17', 1, '2017-06-11 08:49:48'),
(116, 'Exam Marks', NULL, 'I,V,U,D,S', 41, 'coe/addMarkingPolicy', NULL, 0, 1, 1, 1, 1, 1, 1, 31, '2016-01-31 00:36:32', NULL, NULL),
(124, 'Applicant Approval', NULL, 'I,V,U,D,S', 48, 'admin/newApplicantList', NULL, 1, 1, 1, 1, 1, 1, 1, 31, '2016-02-08 23:31:23', 1, '2017-07-19 12:33:02'),
(125, 'Dept. Head Approval', NULL, 'I,V,U,D,S', 48, 'admin/deptApplicantList', NULL, 0, 1, 1, 1, 1, 1, 1, 31, '2016-02-08 23:31:51', 1, '2017-07-19 12:35:45'),
(126, 'Admit Card Approval', NULL, 'I,V,U,D,S', 48, 'admin/applicant_list_admit_card', NULL, 2, 1, 1, 1, 1, 1, 1, 31, '2016-02-08 23:32:21', 1, '2017-07-19 12:33:16'),
(127, 'Admission Period', NULL, 'I,V,U,D,S', 27, 'setup/admissionInfo', NULL, 0, 1, 1, 1, 1, 1, 1, 31, '2016-02-23 03:12:32', NULL, NULL),
(128, 'Academic Session', NULL, 'I,V,U,D,S', 44, 'setup/examSession', NULL, 8, 1, 1, 1, 1, 1, 1, 31, '2017-04-25 09:34:18', 1, '2017-08-19 15:17:49'),
(129, 'Employee', NULL, 'I,V,U,D,S', 49, 'employee/employee', NULL, 0, 1, 1, 1, 1, 1, 1, 31, '2017-04-30 04:45:27', 31, '2017-04-30 10:47:08'),
(130, 'Course List', NULL, 'I,V,U,D,S', 50, 'course/index', NULL, 1, 1, 1, 1, 1, 1, 1, 1, '2017-05-11 09:11:59', 1, '2017-08-03 14:24:47'),
(131, 'Course Assign', NULL, 'I,V,U,D,S', 50, 'course/courseOffer', NULL, 2, 1, 1, 1, 1, 1, 1, 1, '2017-05-13 08:54:46', 1, '2017-08-03 14:25:00'),
(132, 'Designation', NULL, 'I,V,U,D,S', 24, 'setup/designation', NULL, 0, 1, 1, 1, 1, 1, 1, 1, '2017-05-17 11:48:00', NULL, NULL),
(133, 'Upload Existing Students', NULL, 'I,V,U,D,S', 51, 'Eregistration/importStudent', NULL, 0, 1, 1, 1, 1, 1, 1, 1, '2017-05-27 09:26:19', NULL, NULL),
(134, 'Upload Student List', NULL, 'I,V,U,D,S', 51, 'Eregistration/existingStudentList', NULL, 0, 1, 1, 1, 1, 1, 1, 1, '2017-05-27 11:27:36', NULL, NULL),
(135, 'Course Offer', NULL, 'I,V,U,D,S', 50, 'Course/semesterCourse', NULL, 3, 1, 1, 1, 1, 1, 1, 1, '2017-06-06 05:10:00', 1, '2017-08-03 14:25:15'),
(136, 'Course Enrollment', NULL, 'I,V,U,D,S', 51, 'Teacher/courseEnrollment', NULL, 1, 1, 1, 1, 1, 1, 1, 1, '2017-06-07 04:00:56', 1, '2017-08-03 14:25:24'),
(138, 'Admitted Student', NULL, 'I,V,U,D,S', 48, 'admin/admissionStudent', NULL, 3, 1, 1, 1, 1, 1, 1, 1, '2017-06-08 06:57:29', 1, '2017-07-29 15:58:14'),
(139, 'Batch Mapping', NULL, 'I,V,U,D,S', 24, 'Setup/batchMap', NULL, 0, 1, 1, 1, 1, 1, 1, 1, '2017-06-11 03:28:11', NULL, NULL),
(140, 'Chart Of Account', NULL, 'I,V,U,D,S', 52, 'finance/chartOfAccount', NULL, 1, 1, 1, 1, 1, 1, 1, 1, '2017-07-23 09:55:05', 1, '2017-10-09 16:08:16'),
(141, 'Grade Policy', NULL, 'I,V,U,D,S', 53, 'exam/policy', NULL, 1, 1, 1, 1, 1, 1, 1, 1, '2017-07-25 04:01:39', NULL, NULL),
(142, 'Charge Rate', NULL, 'I,V,U,D,S', 52, 'finance/financeRate', NULL, 2, 1, 1, 1, 1, 1, 1, 1, '2017-07-26 03:54:27', 1, '2017-07-26 12:45:43'),
(143, 'Grade Setup', NULL, 'I,V,U,D,S', 53, 'exam/grade', NULL, 2, 1, 1, 1, 1, 1, 1, 1, '2017-07-26 08:10:54', 1, '2017-07-26 14:19:59'),
(144, 'Exam Type', NULL, 'I,V,U,D,S', 53, 'exam/examType', NULL, 3, 1, 1, 1, 1, 1, 1, 1, '2017-07-27 08:36:54', NULL, NULL),
(145, 'Mark Entry', NULL, 'I,V,U,D,S', 53, 'exam/grading', NULL, 4, 1, 1, 1, 1, 1, 1, 1, '2017-07-29 04:20:14', 1, '2017-07-31 13:47:30'),
(146, 'Bill', NULL, 'I,V,U,D', 52, 'finance/payment', NULL, 3, 1, 1, 1, 1, 0, 1, 1, '2017-07-29 05:55:20', 1, '2017-07-30 10:38:35'),
(148, 'Empoyee Card', NULL, 'I,V,U,D,S', 49, 'employee/employeeCardList', NULL, 2, 1, 1, 1, 1, 1, 1, 1, '2017-07-31 13:01:13', NULL, NULL),
(149, 'Exam Application', NULL, 'I,V,U,D,S', 53, 'exam/examApplication', NULL, 6, 1, 1, 1, 1, 1, 1, 1, '2017-08-01 10:13:58', 1, '2017-08-01 16:15:53'),
(150, 'Grade Sheet Setup', NULL, 'I,V,U,D,S', 53, 'exam/gradeSheet', NULL, 5, 1, 1, 1, 1, 1, 1, 1, '2017-08-02 09:34:07', 1, '2017-08-27 10:04:16'),
(151, 'Course Mapping', NULL, 'I,V,U,D,S', 50, 'course/courseMap', NULL, 4, 1, 1, 1, 1, 1, 1, 1, '2017-08-03 08:23:24', 1, '2017-08-03 14:27:11'),
(152, 'Manual Course Enrollment', NULL, 'I,V,U,D,S', 51, 'teacher/manualCourseEnrollment', NULL, 2, 1, 1, 1, 1, 1, 1, 1, '2017-08-06 08:17:22', NULL, NULL),
(153, 'Grade Sheet', NULL, 'I,V,U,D,S', 54, 'exam/gradeSheetIndex', NULL, 2, 1, 1, 1, 1, 1, 1, 1, '2017-08-07 03:43:57', 1, '2017-08-28 11:59:01'),
(154, 'Admission Payment', NULL, 'I,V,U,D,S', 52, 'finance/admissionPayment', NULL, 4, 1, 1, 1, 1, 1, 0, 1, '2017-08-08 10:14:41', 1, '2017-08-27 19:23:02'),
(156, 'Marks Review', NULL, 'I,V,U,D,S', 54, 'exam/reviewGradeSheetIndex', NULL, 1, 1, 1, 1, 1, 1, 1, 1, '2017-08-09 06:07:50', 1, '2017-08-28 11:58:33'),
(157, 'Organization', NULL, 'I,V,U,D,S', 24, 'setup/orgIndex', NULL, 6, 1, 1, 1, 1, 1, 1, 1, '2017-08-10 08:29:39', NULL, NULL),
(158, 'Academic Transcript', NULL, 'I,V,U,D,S', 55, 'exam/academicTranscriptIndex', NULL, 1, 1, 1, 1, 1, 1, 1, 1, '2017-08-13 09:24:08', 1, '2017-08-28 12:06:22'),
(159, 'Previous Marks Entry', NULL, 'I,V,U,D,S', 54, 'exam/previousMarksIndex', NULL, 3, 1, 1, 1, 1, 1, 1, 1, '2017-08-21 04:29:30', 1, '2017-08-28 12:00:56'),
(160, 'Final Exam Transcript', NULL, 'I,V,U,D,S', 55, 'exam/finalExamTranscriptIndex', NULL, 2, 1, 1, 1, 1, 1, 1, 1, '2017-08-23 06:17:54', 1, '2017-08-28 12:07:51'),
(161, 'Existing Student payment', NULL, 'I,V,U,D,S', 52, 'admin/existing_students', NULL, 0, 1, 1, 1, 1, 1, 0, 1, '2017-08-23 09:07:48', 1, '2017-08-27 19:21:57'),
(162, 'Campus', NULL, 'I,V,U,D,S', 24, 'setup/campus', NULL, 7, 1, 1, 1, 1, 1, 1, 1, '2017-08-26 10:12:28', NULL, NULL),
(163, 'Applicant Payment', NULL, 'I,V,U,D,S', 52, 'payment/getAllApplicant', NULL, 0, 1, 1, 1, 1, 1, 1, 1, '2017-08-27 09:36:31', NULL, NULL),
(164, 'Check Eligibilitty', NULL, 'I,V,U,D,S', 53, 'exam/examEligibility', NULL, 9, 1, 1, 1, 1, 1, 1, 1, '2017-08-28 09:03:04', 1, '2017-08-28 15:05:06'),
(165, 'Building', NULL, 'I,V,U,D', 24, 'setup/building', NULL, 8, 1, 1, 1, 1, 0, 1, 1, '2017-09-07 04:44:48', 1, '2017-09-09 10:00:40'),
(166, 'Room', NULL, 'I,V,U,D,S', 24, 'setup/room', NULL, 9, 1, 1, 1, 1, 1, 1, 1, '2017-09-09 04:00:27', NULL, NULL),
(167, 'Class Schedule', NULL, 'I,V,U,D,S', 50, 'course/classSchedule', NULL, 5, 1, 1, 1, 1, 1, 1, 1, '2017-09-17 04:11:42', NULL, NULL),
(168, 'Create Blog', NULL, 'I,V,U,D,S', 56, 'teacher/blogList', NULL, 1, 1, 1, 1, 1, 1, 1, 1, '2017-09-20 06:32:32', NULL, NULL),
(169, 'Blog Worklist', NULL, 'I,V,U,D,S', 56, 'teacher/bolgWorkList', NULL, 1, 1, 1, 1, 1, 1, 1, 1, '2017-09-20 08:24:07', NULL, NULL),
(170, 'Notice', NULL, 'I,V,U,D,S', 56, 'setup/notice', NULL, 3, 1, 1, 1, 1, 1, 1, 1, '2017-09-21 03:55:43', NULL, NULL),
(171, 'Notice Board', NULL, 'I,V,U,D,S', 56, 'teacher/noticeBoard', NULL, 4, 1, 1, 1, 1, 1, 1, 1, '2017-09-21 06:25:40', NULL, NULL),
(172, 'Event', NULL, 'I,V,U,D,S', 56, 'calendar/index', NULL, 5, 1, 1, 1, 1, 1, 1, 1, '2017-09-23 10:06:15', NULL, NULL),
(173, 'Resident Application', NULL, 'I,V,U,D,S', 56, 'teacher/residentAppAprv', NULL, 6, 1, 1, 1, 1, 1, 1, 1, '2017-09-27 11:29:34', NULL, NULL),
(174, 'Resident Provost Permission', NULL, 'I,V,U,D,S', 56, 'teacher/residentAppAprvForProvost', NULL, 7, 1, 1, 1, 1, 1, 1, 1, '2017-09-28 05:57:56', NULL, NULL),
(175, 'Seat Mapping', NULL, 'I,V,U,D,S', 56, 'admin/seatMapping', NULL, 5, 1, 1, 1, 1, 1, 1, 1, '2017-10-02 06:01:20', 1, '2017-10-02 12:03:17'),
(176, 'Resident Bill Generate', NULL, 'I,V,U,D,S', 52, 'finance/residentBill', NULL, 5, 1, 1, 1, 1, 1, 1, 1, '2017-11-08 08:26:59', NULL, NULL),
(177, 'Academic Bill Genarate', NULL, 'I,V,U,D,S', 52, 'finance/academicBill', NULL, 6, 1, 1, 1, 1, 1, 1, 1, '2017-11-09 09:52:20', 1, '2017-11-09 15:53:03'),
(178, 'Leave', NULL, 'I,V,U,D,S', 49, 'teacher/leave', NULL, 3, 1, 1, 1, 1, 1, 1, 1, '2017-11-19 09:09:12', NULL, NULL),
(179, 'Leave Request', NULL, 'I,V,U,D,S', 49, 'teacher/getLeaveRequest', NULL, 4, 1, 1, 1, 1, 1, 1, 1, '2017-11-20 08:32:02', 1, '2017-11-20 14:33:15'),
(180, 'Unit', NULL, 'I,V,U,D,S', 57, 'inventory/unit', NULL, 1, 1, 1, 1, 1, 1, 1, 1, '2017-11-21 10:45:15', NULL, NULL),
(181, 'Supplier', NULL, 'I,V,U,D,S', 57, 'inventory/supplier', NULL, 2, 1, 1, 1, 1, 1, 1, 1, '2017-11-22 09:12:14', NULL, NULL),
(182, 'Item', NULL, 'I,V,U,D,S', 57, 'inventory/item', NULL, 3, 1, 1, 1, 1, 1, 1, 1, '2017-11-23 09:01:25', NULL, NULL);

-- --------------------------------------------------------

--
-- Table structure for table `blog_post`
--

CREATE TABLE IF NOT EXISTS `blog_post` (
  `POST_ID` bigint(20) NOT NULL AUTO_INCREMENT,
  `POST_TITLE` varchar(350) DEFAULT NULL,
  `POST_CONTENT` text,
  `POST_BANNER` varchar(100) DEFAULT NULL,
  `PUBLISH_DT` datetime DEFAULT NULL,
  `APPROVE_BY_ADMIN` int(11) DEFAULT '0' COMMENT '1=published,2=review ,3=reject,4=pending',
  `REMARKS` text,
  `ACTIVE_STATUS` tinyint(1) DEFAULT '1',
  `ENTERED_BY` int(10) DEFAULT NULL,
  `ENTRY_TIMESTAMP` timestamp NOT NULL DEFAULT CURRENT_TIMESTAMP,
  `UPDATE_BY` int(10) DEFAULT NULL,
  `UPDATED_TIMESTAMP` datetime DEFAULT NULL,
  PRIMARY KEY (`POST_ID`),
  KEY `FK_BLOG_AUTHOR` (`ENTERED_BY`)
) ENGINE=InnoDB  DEFAULT CHARSET=latin1 AUTO_INCREMENT=9 ;

--
-- Dumping data for table `blog_post`
--

INSERT INTO `blog_post` (`POST_ID`, `POST_TITLE`, `POST_CONTENT`, `POST_BANNER`, `PUBLISH_DT`, `APPROVE_BY_ADMIN`, `REMARKS`, `ACTIVE_STATUS`, `ENTERED_BY`, `ENTRY_TIMESTAMP`, `UPDATE_BY`, `UPDATED_TIMESTAMP`) VALUES
(1, 'test', '<p><p>Alex Trebek''s fun TV quiz game. Woven silk pyjamas exchanged for blue quartz. Brawny gods just zebra, and my wolves quack! Blowzy red vixens fight for a quick.</p><p>On the other hand, we denounce with righteous indignation and dislike men who are so beguiled and demoralized by the.</p><br></p>', 'Chrysanthemum.jpg', '2017-09-20 00:00:00', 1, '', 1, 18, '2017-09-20 06:12:29', NULL, NULL),
(2, 'This is blog title ', '<p><p>Alex Trebek''s fun TV quiz game. Woven silk pyjamas exchanged for blue quartz. Brawny gods just zebra, and my wolves quack! Blowzy red vixens fight for a quick.</p><p>On the other hand, we denounce with righteous indignation and dislike men who are so beguiled and demoralized by the.</p><br></p>', 'Chrysanthemum.jpg', '2017-09-20 00:00:00', 1, '', 1, 18, '2017-09-20 06:18:35', NULL, NULL),
(3, ' This is blog title ', '<p><p>Alex Trebek''s fun TV quiz game. Woven silk pyjamas exchanged for blue quartz. Brawny gods just zebra, and my wolves quack! Blowzy red vixens fight for a quick.</p><p>On the other hand, we denounce with righteous indignation and dislike men who are so beguiled and demoralized by the.</p><br></p>', 'Desert.jpg', NULL, 1, '', 1, 18, '2017-09-20 09:11:14', NULL, NULL),
(4, 'Blog Title', '<p><p>Alex Trebek''s fun TV quiz game. Woven silk pyjamas exchanged for blue quartz. Brawny gods just zebra, and my wolves quack! Blowzy red vixens fight for a quick.</p><p>On the other hand, we denounce with righteous indignation and dislike men who are so beguiled and demoralized by the.</p><br></p>', 'Chrysanthemum.jpg', NULL, 1, '', 1, 18, '2017-09-20 09:12:12', NULL, NULL),
(5, 'This is blog title', '<p><p>Alex Trebek''s fun TV quiz game. Woven silk pyjamas exchanged for blue quartz. Brawny gods just zebra, and my wolves quack! Blowzy red vixens fight for a quick.</p><p>On the other hand, we denounce with righteous indignation and dislike men who are so beguiled and demoralized by the.</p><br></p>', 'Jellyfish.jpg', NULL, 1, '', 1, 18, '2017-09-20 09:12:31', NULL, NULL),
(6, 'Blog Title', 'Two driven jocks help fax my big quiz. Quick, Baz, get my woven flax jodhpurs! "Now fax quiz Jack!" my brave ghost pled. Five quacking zephyrs jolt my wax bed. Flummoxed by job, kvetching W. zaps Iraq. Cozy sphinx waves quart jug of bad milk. A very bad quack might jinx zippy fowls. Few quips galvanized the mock jury box. Quick brown dogs jump over the lazy fox. The jay, pig, fox, zebra, and my wolves quack! Blowzy red vixens fight for a quick jump. Joaquin Phoenix was gazed by MTV for luck. A wizard’s job is to vex chumps quickly in fog. Watch "Jeopardy!", Alex Trebek''s fun TV quiz game. Woven silk pyjamas exchanged for blue quartz. Brawny gods just<p><br></p>', 'Jellyfish1.jpg', NULL, 1, '', 1, 18, '2017-09-20 09:23:24', NULL, NULL),
(7, 'This is blog title', '<p>Two driven jocks help fax my big quiz. Quick, Baz, get my woven flax jodhpurs! "Now fax quiz Jack!" my brave ghost pled. Five quacking zephyrs jolt my wax bed. Flummoxed by job, kvetching W. zaps Iraq. Cozy sphinx waves quart jug of bad milk. A very bad quack might jinx zippy fowls. Few quips galvanized the mock jury box. Quick brown dogs jump over the lazy fox. The jay, pig, fox, zebra, and my wolves quack! Blowzy red vixens fight for a quick jump. Joaquin Phoenix was gazed by MTV for luck. A wizard’s job is to vex chumps quickly in fog. Watch "Jeopardy!", Alex Trebek''s fun TV quiz game. Woven silk pyjamas exchanged for blue quartz. Brawny gods just<br></p>', 'Koala.jpg', NULL, 1, '', 1, 18, '2017-09-20 09:23:36', NULL, NULL),
(8, 'This is blog title', '<p>Two driven jocks help fax my big quiz. Quick, Baz, get my woven flax jodhpurs! "Now fax quiz Jack!" my brave ghost pled. Five quacking zephyrs jolt my wax bed. Flummoxed by job, kvetching W. zaps Iraq. Cozy sphinx waves quart jug of bad milk. A very bad quack might jinx zippy fowls. Few quips galvanized the mock jury box. Quick brown dogs jump over the lazy fox. The jay, pig, fox, zebra, and my wolves quack! Blowzy red vixens fight for a quick jump. Joaquin Phoenix was gazed by MTV for luck. A wizard’s job is to vex chumps quickly in fog. Watch "Jeopardy!", Alex Trebek''s fun TV quiz game. Woven silk pyjamas exchanged for blue quartz. Brawny gods just<br></p>', 'Lighthouse.jpg', NULL, 1, '', 1, 18, '2017-09-20 09:23:46', NULL, NULL);

-- --------------------------------------------------------

--
-- Table structure for table `blog_post_comment`
--

CREATE TABLE IF NOT EXISTS `blog_post_comment` (
  `POST_CMT_ID` bigint(20) NOT NULL AUTO_INCREMENT,
  `POST_ID` bigint(20) NOT NULL,
  `REPLY_CMT_ID` bigint(20) DEFAULT NULL,
  `CMT_COMMENT` text,
  `COMMENT_BY` int(11) NOT NULL,
  `COMMENT_DT` datetime DEFAULT NULL,
  `ACTIVE_STATUS` tinyint(1) DEFAULT '1',
  `ENTERED_BY` int(10) DEFAULT NULL,
  `ENTRY_TIMESTAMP` timestamp NOT NULL DEFAULT CURRENT_TIMESTAMP,
  `UPDATE_BY` int(10) DEFAULT NULL,
  `UPDATED_TIMESTAMP` datetime DEFAULT NULL,
  PRIMARY KEY (`POST_CMT_ID`),
  KEY `FK_POST_ID` (`POST_ID`)
) ENGINE=InnoDB DEFAULT CHARSET=latin1 AUTO_INCREMENT=1 ;

-- --------------------------------------------------------

--
-- Table structure for table `blog_tag`
--

CREATE TABLE IF NOT EXISTS `blog_tag` (
  `TAG_ID` bigint(20) NOT NULL AUTO_INCREMENT,
  `POST_ID` bigint(20) NOT NULL,
  `POST_TAGS` varchar(150) DEFAULT NULL,
  PRIMARY KEY (`TAG_ID`),
  KEY `FK_TAG_POST_ID` (`POST_ID`)
) ENGINE=InnoDB  DEFAULT CHARSET=utf8 AUTO_INCREMENT=22 ;

--
-- Dumping data for table `blog_tag`
--

INSERT INTO `blog_tag` (`TAG_ID`, `POST_ID`, `POST_TAGS`) VALUES
(14, 1, 'C'),
(15, 2, 'C'),
(16, 3, 'C++'),
(17, 4, 'JAVA'),
(18, 5, 'C'),
(19, 6, 'C'),
(20, 7, 'C'),
(21, 8, 'C');

-- --------------------------------------------------------

--
-- Table structure for table `bm_paymentmst`
--

CREATE TABLE IF NOT EXISTS `bm_paymentmst` (
  `TRX_TRAN_NO` bigint(14) NOT NULL DEFAULT '0',
  `TRX_TRAN_DT` date DEFAULT NULL,
  `TRAN_AMT` double DEFAULT NULL,
  `VOUCHER_NO` bigint(14) DEFAULT NULL,
  `TRX_CODE_NO` varchar(10) CHARACTER SET utf8 COLLATE utf8_croatian_ci DEFAULT NULL,
  `COLLECTED_BY` varchar(16) CHARACTER SET utf8 COLLATE utf8_croatian_ci DEFAULT NULL,
  `TCANCEL_FG` varchar(1) CHARACTER SET utf8 COLLATE utf8_croatian_ci DEFAULT NULL,
  `REMARKS` varchar(200) CHARACTER SET utf8 COLLATE utf8_croatian_ci DEFAULT NULL,
  `ORG_ID` int(11) NOT NULL DEFAULT '1',
  `CREATED_BY` varchar(16) CHARACTER SET utf8 COLLATE utf8_croatian_ci DEFAULT NULL,
  `ENTRY_TIMESTAMP` timestamp NOT NULL DEFAULT CURRENT_TIMESTAMP,
  `UPDATED_BY` varchar(16) CHARACTER SET utf8 COLLATE utf8_croatian_ci DEFAULT NULL,
  `UPDATE_TIMESTAMP` date DEFAULT NULL,
  PRIMARY KEY (`TRX_TRAN_NO`)
) ENGINE=InnoDB DEFAULT CHARSET=latin1;

--
-- Dumping data for table `bm_paymentmst`
--

INSERT INTO `bm_paymentmst` (`TRX_TRAN_NO`, `TRX_TRAN_DT`, `TRAN_AMT`, `VOUCHER_NO`, `TRX_CODE_NO`, `COLLECTED_BY`, `TCANCEL_FG`, `REMARKS`, `ORG_ID`, `CREATED_BY`, `ENTRY_TIMESTAMP`, `UPDATED_BY`, `UPDATE_TIMESTAMP`) VALUES
(17000000000006, '2017-09-09', 24100, NULL, 'PM', '1', NULL, 'Payment', 1, '1', '2017-09-09 04:51:18', NULL, NULL),
(17000000000007, '2017-09-09', 20000, NULL, 'PM', '1', NULL, '', 1, '1', '2017-09-09 04:54:38', NULL, NULL);

-- --------------------------------------------------------

--
-- Table structure for table `bm_paymodeamt`
--

CREATE TABLE IF NOT EXISTS `bm_paymodeamt` (
  `MR_TRAN_NO` bigint(14) NOT NULL DEFAULT '0',
  `MR_TRAN_DT` date NOT NULL,
  `TRX_TRAN_NO` bigint(14) NOT NULL,
  `MR_TRAN_AMT` double NOT NULL,
  `VOUCHER_NO` bigint(14) NOT NULL,
  `PAYMENT_MODE` varchar(2) COLLATE utf8_croatian_ci NOT NULL,
  `TRX_CODE_NO` varchar(10) COLLATE utf8_croatian_ci NOT NULL,
  `MRCANCEL_FG` varchar(1) COLLATE utf8_croatian_ci DEFAULT NULL,
  `REMARKS` varchar(200) COLLATE utf8_croatian_ci DEFAULT NULL,
  `ORG_ID` int(11) NOT NULL,
  `CREATED_BY` varchar(16) COLLATE utf8_croatian_ci DEFAULT NULL,
  `ENTRY_TIMESTAMP` timestamp NOT NULL DEFAULT CURRENT_TIMESTAMP,
  `UPDATED_BY` varchar(16) COLLATE utf8_croatian_ci DEFAULT NULL,
  `UPDATE_TIMESTAMP` date DEFAULT NULL,
  PRIMARY KEY (`MR_TRAN_NO`)
) ENGINE=InnoDB DEFAULT CHARSET=utf8 COLLATE=utf8_croatian_ci;

--
-- Dumping data for table `bm_paymodeamt`
--

INSERT INTO `bm_paymodeamt` (`MR_TRAN_NO`, `MR_TRAN_DT`, `TRX_TRAN_NO`, `MR_TRAN_AMT`, `VOUCHER_NO`, `PAYMENT_MODE`, `TRX_CODE_NO`, `MRCANCEL_FG`, `REMARKS`, `ORG_ID`, `CREATED_BY`, `ENTRY_TIMESTAMP`, `UPDATED_BY`, `UPDATE_TIMESTAMP`) VALUES
(17000000000006, '2017-09-09', 17000000000006, 24100, 17000000000006, 'CS', 'PM', NULL, 'Payment', 1, '1', '2017-09-09 04:51:18', NULL, NULL),
(17000000000007, '2017-09-09', 17000000000007, 20000, 17000000000007, 'CS', 'PM', NULL, '', 1, '1', '2017-09-09 04:54:38', NULL, NULL);

-- --------------------------------------------------------

--
-- Table structure for table `bm_trxcode_info`
--

CREATE TABLE IF NOT EXISTS `bm_trxcode_info` (
  `TRX_CODE_NO` varchar(10) CHARACTER SET utf8 COLLATE utf8_croatian_ci NOT NULL DEFAULT '',
  `NARRATION` varchar(30) CHARACTER SET utf8 COLLATE utf8_croatian_ci NOT NULL,
  `CRDR_TAG` varchar(2) CHARACTER SET utf8 COLLATE utf8_croatian_ci DEFAULT NULL,
  `REG_NO` bigint(14) DEFAULT NULL,
  PRIMARY KEY (`TRX_CODE_NO`)
) ENGINE=InnoDB DEFAULT CHARSET=latin1;

--
-- Dumping data for table `bm_trxcode_info`
--

INSERT INTO `bm_trxcode_info` (`TRX_CODE_NO`, `NARRATION`, `CRDR_TAG`, `REG_NO`) VALUES
('DC', 'Discount', 'CR', NULL),
('DR', 'Discount Return', 'CR', NULL),
('GR', 'Gross Return', 'DR', NULL),
('GS', 'Gross Sales', 'CR', NULL),
('PM', 'Payment', 'DR', NULL),
('RF', 'Refund', 'CR', NULL),
('VA', 'VAT', 'CR', NULL),
('VR', 'VAT Return', 'DR', NULL);

-- --------------------------------------------------------

--
-- Table structure for table `bm_vn_ledgers`
--

CREATE TABLE IF NOT EXISTS `bm_vn_ledgers` (
  `VLEDGER_NO` bigint(14) NOT NULL DEFAULT '0',
  `VLEDGER_DT` date DEFAULT NULL,
  `TRX_CODE_NO` varchar(10) COLLATE utf8_croatian_ci DEFAULT NULL,
  `TRX_TRAN_NO` bigint(14) DEFAULT NULL,
  `MR_TRAN_NO` bigint(14) DEFAULT NULL,
  `VOUCHER_NO` bigint(14) DEFAULT NULL,
  `APPROVAL_NO` bigint(14) DEFAULT NULL,
  `CR_AMT` double DEFAULT NULL,
  `DR_AMT` double DEFAULT NULL,
  `PITEM_TQTY` int(11) DEFAULT NULL,
  `CASH_POINT` int(11) DEFAULT NULL,
  `SHIFT_NO` varchar(5) COLLATE utf8_croatian_ci DEFAULT NULL,
  `SHIFT_NAME` varchar(20) COLLATE utf8_croatian_ci DEFAULT NULL,
  `START_TIME` date DEFAULT NULL,
  `END_TIME` date DEFAULT NULL,
  `LCANCEL_FG` varchar(1) COLLATE utf8_croatian_ci DEFAULT NULL,
  `REMARKS` varchar(200) COLLATE utf8_croatian_ci DEFAULT NULL,
  `ORG_ID` int(11) NOT NULL DEFAULT '1',
  `CREATED_BY` int(11) DEFAULT NULL,
  `CREATE_DATE` timestamp NOT NULL DEFAULT CURRENT_TIMESTAMP,
  `UPDATED_BY` int(11) DEFAULT NULL,
  `UPDATE_DATE` datetime DEFAULT NULL,
  PRIMARY KEY (`VLEDGER_NO`)
) ENGINE=InnoDB DEFAULT CHARSET=utf8 COLLATE=utf8_croatian_ci;

--
-- Dumping data for table `bm_vn_ledgers`
--

INSERT INTO `bm_vn_ledgers` (`VLEDGER_NO`, `VLEDGER_DT`, `TRX_CODE_NO`, `TRX_TRAN_NO`, `MR_TRAN_NO`, `VOUCHER_NO`, `APPROVAL_NO`, `CR_AMT`, `DR_AMT`, `PITEM_TQTY`, `CASH_POINT`, `SHIFT_NO`, `SHIFT_NAME`, `START_TIME`, `END_TIME`, `LCANCEL_FG`, `REMARKS`, `ORG_ID`, `CREATED_BY`, `CREATE_DATE`, `UPDATED_BY`, `UPDATE_DATE`) VALUES
(17000000000014, '2017-09-09', 'GS', 17000000000009, NULL, 17000000000006, NULL, 20000, NULL, 1, NULL, NULL, NULL, NULL, NULL, NULL, NULL, 1, NULL, '2017-09-09 04:51:18', NULL, NULL),
(17000000000015, '2017-09-09', 'GS', 17000000000010, NULL, 17000000000006, NULL, 3000, NULL, 1, NULL, NULL, NULL, NULL, NULL, NULL, NULL, 1, NULL, '2017-09-09 04:51:18', NULL, NULL),
(17000000000016, '2017-09-09', 'GS', 17000000000011, NULL, 17000000000006, NULL, 1000, NULL, 1, NULL, NULL, NULL, NULL, NULL, NULL, NULL, 1, NULL, '2017-09-09 04:51:18', NULL, NULL),
(17000000000017, '2017-09-09', 'GS', 17000000000012, NULL, 17000000000006, NULL, 100, NULL, 1, NULL, NULL, NULL, NULL, NULL, NULL, NULL, 1, NULL, '2017-09-09 04:51:18', NULL, NULL),
(17000000000018, '2017-09-09', 'PM', 17000000000006, NULL, 17000000000006, NULL, NULL, 24100, 0, NULL, NULL, NULL, NULL, NULL, NULL, NULL, 1, NULL, '2017-09-09 04:51:18', NULL, NULL),
(17000000000019, '2017-09-09', 'GS', 17000000000013, NULL, 17000000000007, NULL, 20000, NULL, 1, NULL, NULL, NULL, NULL, NULL, NULL, NULL, 1, NULL, '2017-09-09 04:54:38', NULL, NULL),
(17000000000020, '2017-09-09', 'GS', 17000000000014, NULL, 17000000000007, NULL, 3000, NULL, 1, NULL, NULL, NULL, NULL, NULL, NULL, NULL, 1, NULL, '2017-09-09 04:54:38', NULL, NULL),
(17000000000021, '2017-09-09', 'PM', 17000000000007, NULL, 17000000000007, NULL, NULL, 20000, 0, NULL, NULL, NULL, NULL, NULL, NULL, NULL, 1, NULL, '2017-09-09 04:54:38', NULL, NULL);

-- --------------------------------------------------------

--
-- Stand-in structure for view `building_floor`
--
CREATE TABLE IF NOT EXISTS `building_floor` (
`FLOOR_ID` int(4)
,`FLOOR_NAME` varchar(250)
,`ACTIVE_FLAG` int(1)
,`FLOOR_SL_NO` int(4)
);
-- --------------------------------------------------------

--
-- Table structure for table `class_schedule`
--

CREATE TABLE IF NOT EXISTS `class_schedule` (
  `SCHEDULE_ID` int(11) NOT NULL AUTO_INCREMENT,
  `ROOM_ID` int(11) DEFAULT NULL,
  `SESSION_ID` int(11) DEFAULT NULL,
  `PROGRAM_ID` int(11) DEFAULT NULL,
  `BATCH_ID` int(11) DEFAULT NULL,
  `SECTION_ID` int(11) DEFAULT NULL,
  `TEACHER_ID` int(11) DEFAULT NULL,
  `COURSE_ID` int(11) DEFAULT NULL,
  `DAY` varchar(11) DEFAULT NULL,
  `START_TIME` time NOT NULL,
  `END_TIME` time NOT NULL,
  `ACTIVE_STATUS` tinyint(1) DEFAULT '1',
  `CREATED_BY` int(10) DEFAULT NULL,
  `CREATED_DT` timestamp NOT NULL DEFAULT CURRENT_TIMESTAMP,
  `UPDATE_BY` int(10) DEFAULT NULL,
  `UPDATED_DT` datetime DEFAULT NULL,
  PRIMARY KEY (`SCHEDULE_ID`)
) ENGINE=InnoDB  DEFAULT CHARSET=latin1 AUTO_INCREMENT=5 ;

--
-- Dumping data for table `class_schedule`
--

INSERT INTO `class_schedule` (`SCHEDULE_ID`, `ROOM_ID`, `SESSION_ID`, `PROGRAM_ID`, `BATCH_ID`, `SECTION_ID`, `TEACHER_ID`, `COURSE_ID`, `DAY`, `START_TIME`, `END_TIME`, `ACTIVE_STATUS`, `CREATED_BY`, `CREATED_DT`, `UPDATE_BY`, `UPDATED_DT`) VALUES
(1, NULL, 6, 1, 2, 1, 8, 105, 'SAT', '12:00:00', '01:00:00', 1, NULL, '2017-09-17 06:42:11', NULL, NULL),
(2, 105, 6, 1, 2, 1, 8, 415, 'SAT', '01:00:00', '02:00:00', 1, NULL, '2017-09-17 06:44:01', NULL, NULL),
(3, 105, 6, 1, 2, 1, 8, 416, 'MON', '10:00:00', '11:00:00', 1, NULL, '2017-09-17 09:59:59', NULL, NULL),
(4, 1002, 6, 1, 2, 1, 8, 417, 'THU', '09:00:00', '10:00:00', 1, NULL, '2017-09-17 10:42:30', NULL, NULL);

-- --------------------------------------------------------

--
-- Table structure for table `country`
--

CREATE TABLE IF NOT EXISTS `country` (
  `id` int(11) NOT NULL AUTO_INCREMENT,
  `name` varchar(50) COLLATE utf8_croatian_ci DEFAULT NULL,
  `nationality` varchar(50) COLLATE utf8_croatian_ci DEFAULT NULL,
  PRIMARY KEY (`id`)
) ENGINE=InnoDB  DEFAULT CHARSET=utf8 COLLATE=utf8_croatian_ci AUTO_INCREMENT=194 ;

--
-- Dumping data for table `country`
--

INSERT INTO `country` (`id`, `name`, `nationality`) VALUES
(2, 'Afghanistan', 'Afghan'),
(3, 'Albania', 'Albanian'),
(4, 'Algeria', 'Algerian'),
(5, 'Andorra', 'Andorran'),
(6, 'Angola', 'Angolan'),
(7, 'Antigua and Barbuda', 'Antiguans, Barbudans'),
(8, 'Argentina', 'Argentinean'),
(9, 'Armenia', 'Armenian'),
(10, 'Australia', 'Australian'),
(11, 'Austria', 'Austrian'),
(12, 'Azerbaijan', 'Azerbaijani'),
(13, 'The Bahamas', 'Bahamian'),
(14, 'Bahrain', 'Bahraini'),
(15, 'Bangladesh', 'Bangladeshi'),
(16, 'Barbados', 'Barbadian'),
(17, 'Belarus', 'Belarusian'),
(18, 'Belgium', 'Belgian'),
(19, 'Belize', 'Belizean'),
(20, 'Benin', 'Beninese'),
(21, 'Bhutan', 'Bhutanese'),
(22, 'Bolivia', 'Bolivian'),
(23, 'Bosnia and Herzegovina', 'Bosnian, Herzegovinian'),
(24, 'Botswana', 'Motswana (singular), Batswana (plural)'),
(25, 'Brazil', 'Brazilian'),
(26, 'Brunei', 'Bruneian'),
(27, 'Bulgaria', 'Bulgarian'),
(28, 'Burkina Faso', 'Burkinabe'),
(29, 'Burundi', 'Burundian'),
(30, 'Cambodia', 'Cambodian'),
(31, 'Cameroon', 'Cameroonian'),
(32, 'Canada', 'Canadian'),
(33, 'Cape Verde', 'Cape Verdian'),
(34, 'Central African Republic', 'Central African'),
(35, 'Chad', 'Chadian'),
(36, 'Chile', 'Chilean'),
(37, 'China', 'Chinese'),
(38, 'Colombia', 'Colombian'),
(39, 'Comoros', 'Comoran'),
(40, 'Congo, Republic of the', 'Congolese'),
(41, 'Congo, Democratic Republic of the', 'Congolese'),
(42, 'Costa Rica', 'Costa Rican'),
(43, 'Cote d''Ivoire', 'Ivorian'),
(44, 'Croatia', 'Croatian'),
(45, 'Cuba', 'Cuban'),
(46, 'Cyprus', 'Cypriot'),
(47, 'Czech Republic', 'Czech'),
(48, 'Denmark', 'Danish'),
(49, 'Djibouti', 'Djibouti'),
(50, 'Dominica', 'Dominican'),
(51, 'Dominican Republic', 'Dominican'),
(52, 'East Timor', 'East Timorese'),
(53, 'Ecuador', 'Ecuadorean'),
(54, 'Egypt', 'Egyptian'),
(55, 'El Salvador', 'Salvadoran'),
(56, 'Equatorial Guinea', 'Equatorial Guinean'),
(57, 'Eritrea', 'Eritrean'),
(58, 'Estonia', 'Estonian'),
(59, 'Ethiopia', 'Ethiopian'),
(60, 'Fiji', 'Fijian'),
(61, 'Finland', 'Finnish'),
(62, 'France', 'French'),
(63, 'Gabon', 'Gabonese'),
(64, 'The Gambia', 'Gambian'),
(65, 'Georgia', 'Georgian'),
(66, 'Germany', 'German'),
(67, 'Ghana', 'Ghanaian'),
(68, 'Greece', 'Greek'),
(69, 'Grenada', 'Grenadian'),
(70, 'Guatemala', 'Guatemalan'),
(71, 'Guinea', 'Guinean'),
(72, 'Guinea-Bissau', 'Guinea-Bissauan'),
(73, 'Guyana', 'Guyanese'),
(74, 'Haiti', 'Haitian'),
(75, 'Honduras', 'Honduran'),
(76, 'Hungary', 'Hungarian'),
(77, 'Iceland', 'Icelander'),
(78, 'India', 'Indian'),
(79, 'Indonesia', 'Indonesian'),
(80, 'Iran', 'Iranian'),
(81, 'Iraq', 'Iraqi'),
(82, 'Ireland', 'Irish'),
(83, 'Israel', 'Israeli'),
(84, 'Italy', 'Italian'),
(85, 'Jamaica', 'Jamaican'),
(86, 'Japan', 'Japanese'),
(87, 'Jordan', 'Jordanian'),
(88, 'Kazakhstan', 'Kazakhstani'),
(89, 'Kenya', 'Kenyan'),
(90, 'Kiribati', 'I-Kiribati'),
(91, 'Korea, North', 'North Korean'),
(92, 'Korea, South', 'South Korean'),
(93, 'Kuwait', 'Kuwaiti'),
(94, 'Kyrgyz Republic', 'Kirghiz'),
(95, 'Laos', 'Laotian'),
(96, 'Latvia', 'Latvian'),
(97, 'Lebanon', 'Lebanese'),
(98, 'Lesotho', 'Mosotho'),
(99, 'Liberia', 'Liberian'),
(100, 'Libya', 'Libyan'),
(101, 'Liechtenstein', 'Liechtensteiner'),
(102, 'Lithuania', 'Lithuanian'),
(103, 'Luxembourg', 'Luxembourger'),
(104, 'Macedonia', 'Macedonian'),
(105, 'Madagascar', 'Malagasy'),
(106, 'Malawi', 'Malawian'),
(107, 'Malaysia', 'Malaysian'),
(108, 'Maldives', 'Maldivan'),
(109, 'Mali', 'Malian'),
(110, 'Malta', 'Maltese'),
(111, 'Marshall Islands', 'Marshallese'),
(112, 'Mauritania', 'Mauritanian'),
(113, 'Mauritius', 'Mauritian'),
(114, 'Mexico', 'Mexican'),
(115, 'Federated States of Micronesia', 'Micronesian'),
(116, 'Moldova', 'Moldovan'),
(117, 'Monaco', 'Monegasque'),
(118, 'Mongolia', 'Mongolian'),
(119, 'Morocco', 'Moroccan'),
(120, 'Mozambique', 'Mozambican'),
(121, 'Myanmar (Burma)', 'Burmese'),
(122, 'Namibia', 'Namibian'),
(123, 'Nauru', 'Nauruan'),
(124, 'Nepal', 'Nepalese'),
(125, 'Netherlands', 'Dutch'),
(126, 'New Zealand', 'New Zealander'),
(127, 'Nicaragua', 'Nicaraguan'),
(128, 'Niger', 'Nigerien'),
(129, 'Nigeria', 'Nigerian'),
(130, 'Norway', 'Norwegian'),
(131, 'Oman', 'Omani'),
(132, 'Pakistan', 'Pakistani'),
(133, 'Palau', 'Palauan'),
(134, 'Panama', 'Panamanian'),
(135, 'Papua New Guinea', 'Papua New Guinean'),
(136, 'Paraguay', 'Paraguayan'),
(137, 'Peru', 'Peruvian'),
(138, 'Philippines', 'Filipino'),
(139, 'Poland', 'Polish'),
(140, 'Portugal', 'Portuguese'),
(141, 'Qatar', 'Qatari'),
(142, 'Romania', 'Romanian'),
(143, 'Russia', 'Russian'),
(144, 'Rwanda', 'Rwandan'),
(145, 'Saint Kitts and Nevis', 'Kittian and Nevisian'),
(146, 'Saint Lucia', 'Saint Lucian'),
(147, 'Samoa', 'Samoan'),
(148, 'San Marino', 'Sammarinese'),
(149, 'Sao Tome and Principe', 'Sao Tomean'),
(150, 'Saudi Arabia', 'Saudi Arabian'),
(151, 'Senegal', 'Senegalese'),
(152, 'Serbia and Montenegro', 'Serbian'),
(153, 'Seychelles', 'Seychellois'),
(154, 'Sierra Leone', 'Sierra Leonean'),
(155, 'Singapore', 'Singaporean'),
(156, 'Slovakia', 'Slovak'),
(157, 'Slovenia', 'Slovene'),
(158, 'Solomon Islands', 'Solomon Islander'),
(159, 'Somalia', 'Somali'),
(160, 'South Africa', 'South African'),
(161, 'Spain', 'Spanish'),
(162, 'Sri Lanka', 'Sri Lankan'),
(163, 'Sudan', 'Sudanese'),
(164, 'Suriname', 'Surinamer'),
(165, 'Swaziland', 'Swazi'),
(166, 'Sweden', 'Swedish'),
(167, 'Switzerland', 'Swiss'),
(168, 'Syria', 'Syrian'),
(169, 'Taiwan', 'Taiwanese'),
(170, 'Tajikistan', 'Tadzhik'),
(171, 'Tanzania', 'Tanzanian'),
(172, 'Thailand', 'Thai'),
(173, 'Togo', 'Togolese'),
(174, 'Tonga', 'Tongan'),
(175, 'Trinidad and Tobago', 'Trinidadian'),
(176, 'Tunisia', 'Tunisian'),
(177, 'Turkey', 'Turkish'),
(178, 'Turkmenistan', 'Turkmen'),
(179, 'Tuvalu', 'Tuvaluan'),
(180, 'Uganda', 'Ugandan'),
(181, 'Ukraine', 'Ukrainian'),
(182, 'United Arab Emirates', 'Emirian'),
(183, 'United Kingdom', 'British'),
(184, 'United States', 'American'),
(185, 'Uruguay', 'Uruguayan'),
(186, 'Uzbekistan', 'Uzbekistani'),
(187, 'Vanuatu', 'Ni-Vanuatu'),
(188, 'Vatican City (Holy See)', 'none'),
(189, 'Venezuela', 'Venezuelan'),
(190, 'Vietnam', 'Vietnamese'),
(191, 'Yemen', 'Yemeni'),
(192, 'Zambia', 'Zambian'),
(193, 'Zimbabwe', 'Zimbabwean');

-- --------------------------------------------------------

--
-- Table structure for table `event`
--

CREATE TABLE IF NOT EXISTS `event` (
  `EVENT_ID` bigint(14) NOT NULL AUTO_INCREMENT,
  `E_TYPE_ID` smallint(6) unsigned NOT NULL,
  `E_TITLE` varchar(200) NOT NULL,
  `E_DESC` text CHARACTER SET latin1 NOT NULL,
  `ATTACHMENT` varchar(100) DEFAULT NULL,
  `START_DT` date NOT NULL,
  `END_DT` date NOT NULL,
  `START_TIME` time DEFAULT NULL,
  `END_TIME` time DEFAULT NULL,
  `IS_CANCELED` tinyint(1) DEFAULT '0',
  `ACTIVE_STATUS` tinyint(1) DEFAULT '0',
  `CREATED_BY` int(11) DEFAULT NULL,
  `CREATE_DATE` timestamp NOT NULL DEFAULT CURRENT_TIMESTAMP,
  `UPDATED_BY` int(11) DEFAULT NULL,
  `UPDATE_DATE` datetime DEFAULT NULL,
  PRIMARY KEY (`EVENT_ID`)
) ENGINE=InnoDB DEFAULT CHARSET=utf8 AUTO_INCREMENT=1 ;

-- --------------------------------------------------------

--
-- Table structure for table `events`
--

CREATE TABLE IF NOT EXISTS `events` (
  `id` int(11) NOT NULL AUTO_INCREMENT,
  `title` varchar(255) NOT NULL,
  `description` text NOT NULL,
  `color` varchar(7) NOT NULL DEFAULT '#3a87ad',
  `start` datetime NOT NULL,
  `end` datetime DEFAULT NULL,
  `allDay` varchar(50) NOT NULL DEFAULT 'true',
  PRIMARY KEY (`id`)
) ENGINE=InnoDB  DEFAULT CHARSET=latin1 AUTO_INCREMENT=7 ;

--
-- Dumping data for table `events`
--

INSERT INTO `events` (`id`, `title`, `description`, `color`, `start`, `end`, `allDay`) VALUES
(1, 'Annual Debate', 'The move on Saturday came two day before an independence referendum in Iraq''s semi-autonomous Kurdish region - a vote denounced by Ankara as a "mistake" and a threat to its security and regional stability.', '#229e3d', '2017-10-02 00:00:00', '2017-10-03 00:00:00', 'true'),
(2, 'KYAU Eid-ul-Fitr holiday schedules', 'KYAU Eid-ul-Fitr holiday schedules', '#cc2db2', '2017-10-13 00:00:00', '2017-10-14 00:00:00', 'true'),
(3, 'Khwaja Yunus Ali University (KYAU) will remain closed on 12th May, 2017 on the occasion of SHAB-E-BARAT.', 'Khwaja Yunus Ali University (KYAU) will remain closed on 12th May, 2017 on the occasion of SHAB-E-BARAT.', '#44c741', '2017-10-20 00:00:00', '2017-10-21 00:00:00', 'true'),
(4, 'The University shall remain closed on Monday 24 April, 2017 on account of Shab e-Meraj.', 'The University shall remain closed on Monday 24 April, 2017 on account of Shab e-Meraj.', '#cc962d', '2017-10-24 00:00:00', '2017-10-25 00:00:00', 'true'),
(5, 'Final Sports', 'This final sport held for department of cse and EEE', '#2db9cc', '2017-10-15 00:00:00', '2017-10-16 00:00:00', 'true'),
(6, 'The University shall remain closed on Monday 24 April, 2017 on account of Shab e-Meraj.', 'The University shall remain closed on Monday 24 April, 2017 on account of Shab e-Meraj.', '#3a87ad', '2017-10-10 00:00:00', '2017-10-11 00:00:00', 'true');

-- --------------------------------------------------------

--
-- Table structure for table `event_type`
--

CREATE TABLE IF NOT EXISTS `event_type` (
  `E_TYPE_ID` int(11) unsigned NOT NULL AUTO_INCREMENT,
  `E_TYPE_NAME` varchar(100) NOT NULL,
  `E_DESC` varchar(200) DEFAULT NULL,
  `IS_CLASS` tinyint(1) DEFAULT '0',
  `ACTIVE_STATUS` tinyint(1) DEFAULT '0',
  `CREATED_BY` int(11) DEFAULT NULL,
  `CREATE_DATE` timestamp NOT NULL DEFAULT CURRENT_TIMESTAMP,
  `UPDATED_BY` int(11) DEFAULT NULL,
  `UPDATE_DATE` datetime DEFAULT NULL,
  PRIMARY KEY (`E_TYPE_ID`)
) ENGINE=InnoDB DEFAULT CHARSET=utf8 AUTO_INCREMENT=1 ;

-- --------------------------------------------------------

--
-- Table structure for table `exam_application`
--

CREATE TABLE IF NOT EXISTS `exam_application` (
  `EX_APP_ID` int(11) NOT NULL AUTO_INCREMENT,
  `EXAM_APP_TITLE` varchar(200) DEFAULT NULL,
  `EXAM_ID` int(11) NOT NULL,
  `SESSION_ID` int(11) NOT NULL,
  `START_DT` date DEFAULT NULL,
  `END_DT` date DEFAULT NULL,
  `CREATED_BY` int(11) DEFAULT NULL,
  `CREATE_DATE` timestamp NOT NULL DEFAULT CURRENT_TIMESTAMP,
  `UPDATED_BY` int(11) DEFAULT NULL,
  `UPDATE_DATE` datetime DEFAULT NULL,
  `ACTIVE_STATUS` tinyint(1) DEFAULT NULL,
  PRIMARY KEY (`EX_APP_ID`)
) ENGINE=InnoDB  DEFAULT CHARSET=latin1 AUTO_INCREMENT=2 ;

--
-- Dumping data for table `exam_application`
--

INSERT INTO `exam_application` (`EX_APP_ID`, `EXAM_APP_TITLE`, `EXAM_ID`, `SESSION_ID`, `START_DT`, `END_DT`, `CREATED_BY`, `CREATE_DATE`, `UPDATED_BY`, `UPDATE_DATE`, `ACTIVE_STATUS`) VALUES
(1, 'Mid Term Examination summer 2017', 2, 6, '2017-09-07', '2017-09-30', 19, '2017-09-07 09:21:25', NULL, NULL, 1);

-- --------------------------------------------------------

--
-- Table structure for table `exam_eligible`
--

CREATE TABLE IF NOT EXISTS `exam_eligible` (
  `EX_ELIGIBLE_ID` int(11) NOT NULL AUTO_INCREMENT,
  `EX_APP_ID` int(11) NOT NULL,
  `SESSION_ID` int(11) NOT NULL,
  `DEPT_ID` int(11) DEFAULT NULL,
  `PROGRAM_ID` int(11) NOT NULL,
  `STUDENT_ID` int(11) NOT NULL,
  `CREATED_BY` int(11) DEFAULT NULL,
  `CREATE_DATE` timestamp NOT NULL DEFAULT CURRENT_TIMESTAMP,
  `UPDATED_BY` int(11) DEFAULT NULL,
  `UPDATE_DATE` datetime DEFAULT NULL,
  `ACTIVE_STATUS` tinyint(1) DEFAULT NULL,
  PRIMARY KEY (`EX_ELIGIBLE_ID`)
) ENGINE=InnoDB  DEFAULT CHARSET=latin1 AUTO_INCREMENT=7 ;

--
-- Dumping data for table `exam_eligible`
--

INSERT INTO `exam_eligible` (`EX_ELIGIBLE_ID`, `EX_APP_ID`, `SESSION_ID`, `DEPT_ID`, `PROGRAM_ID`, `STUDENT_ID`, `CREATED_BY`, `CREATE_DATE`, `UPDATED_BY`, `UPDATE_DATE`, `ACTIVE_STATUS`) VALUES
(1, 1, 0, 1, 1, 2, NULL, '2017-09-07 09:21:46', NULL, NULL, NULL),
(2, 1, 0, 1, 1, 7, NULL, '2017-09-07 09:21:47', NULL, NULL, NULL),
(3, 1, 0, 1, 1, 8, NULL, '2017-09-07 09:25:22', NULL, NULL, NULL),
(4, 1, 0, 1, 1, 273, NULL, '2017-09-07 09:25:29', NULL, NULL, NULL),
(5, 1, 0, 1, 1, 9, NULL, '2017-09-07 10:05:11', NULL, NULL, NULL),
(6, 1, 0, 1, 1, 10, NULL, '2017-09-07 10:05:11', NULL, NULL, NULL);

-- --------------------------------------------------------

--
-- Table structure for table `exam_grade`
--

CREATE TABLE IF NOT EXISTS `exam_grade` (
  `GR_ID` int(11) NOT NULL AUTO_INCREMENT,
  `GR_POLICY_ID` int(11) DEFAULT NULL,
  `GR_LETTER` char(2) CHARACTER SET utf8 COLLATE utf8_croatian_ci NOT NULL,
  `GR_MARKS_FROM` double NOT NULL,
  `GR_MARKS_TO` double NOT NULL,
  `GRADE_POINT` double NOT NULL,
  `ACTIVE_STATUS` tinyint(1) DEFAULT NULL,
  `CREATED_BY` int(11) DEFAULT NULL,
  `CREATE_DATE` timestamp NOT NULL DEFAULT CURRENT_TIMESTAMP,
  `UPDATED_BY` int(11) DEFAULT NULL,
  `UPDATE_DATE` datetime DEFAULT NULL,
  PRIMARY KEY (`GR_ID`)
) ENGINE=InnoDB  DEFAULT CHARSET=latin1 AUTO_INCREMENT=22 ;

--
-- Dumping data for table `exam_grade`
--

INSERT INTO `exam_grade` (`GR_ID`, `GR_POLICY_ID`, `GR_LETTER`, `GR_MARKS_FROM`, `GR_MARKS_TO`, `GRADE_POINT`, `ACTIVE_STATUS`, `CREATED_BY`, `CREATE_DATE`, `UPDATED_BY`, `UPDATE_DATE`) VALUES
(10, 14, 'A+', 80, 100, 4, 1, 1, '2017-08-01 10:06:55', NULL, NULL),
(11, 14, 'A', 75, 79, 3.75, 1, 1, '2017-08-01 10:07:42', NULL, NULL),
(12, 14, 'A-', 70, 74, 3.5, 1, 1, '2017-08-01 10:08:06', NULL, NULL),
(13, 14, 'B+', 65, 69, 3.25, 1, 1, '2017-08-01 10:08:31', NULL, NULL),
(14, 14, 'B', 60, 64, 3, 1, 1, '2017-08-01 10:08:51', NULL, NULL),
(15, 14, 'B-', 55, 59, 2.75, 1, 1, '2017-08-01 10:09:15', NULL, NULL),
(16, 14, 'C+', 50, 54, 2.5, 1, 1, '2017-08-01 10:09:34', NULL, NULL),
(17, 14, 'C', 45, 49, 2.25, 1, 1, '2017-08-01 10:09:59', NULL, NULL),
(18, 14, 'D', 40, 44, 2, 1, 1, '2017-08-01 10:10:24', NULL, NULL),
(19, 14, 'F', 0, 39, 0, 1, 1, '2017-08-01 10:11:03', NULL, NULL),
(20, 14, 'I', 0, 0, 0, 1, 1, '2017-08-01 10:11:21', NULL, NULL),
(21, 14, 'W', 0, 0, 0, 1, 1, '2017-08-01 10:11:27', NULL, NULL);

-- --------------------------------------------------------

--
-- Table structure for table `exam_grade_policy`
--

CREATE TABLE IF NOT EXISTS `exam_grade_policy` (
  `GR_POLICY_ID` tinyint(3) NOT NULL AUTO_INCREMENT,
  `GR_POLICY_NAME` varchar(35) CHARACTER SET utf8 COLLATE utf8_croatian_ci NOT NULL,
  `GR_POLICY_DESC` text CHARACTER SET utf8 COLLATE utf8_croatian_ci,
  `START_DATE` datetime NOT NULL,
  `END_DATE` datetime NOT NULL,
  `ACTIVE_STATUS` tinyint(1) DEFAULT NULL,
  `CREATED_BY` int(11) DEFAULT NULL,
  `CREATE_DATE` timestamp NOT NULL DEFAULT CURRENT_TIMESTAMP,
  `UPDATED_BY` int(11) DEFAULT NULL,
  `UPDATE_DATE` datetime DEFAULT NULL,
  PRIMARY KEY (`GR_POLICY_ID`)
) ENGINE=InnoDB  DEFAULT CHARSET=latin1 AUTO_INCREMENT=18 ;

--
-- Dumping data for table `exam_grade_policy`
--

INSERT INTO `exam_grade_policy` (`GR_POLICY_ID`, `GR_POLICY_NAME`, `GR_POLICY_DESC`, `START_DATE`, `END_DATE`, `ACTIVE_STATUS`, `CREATED_BY`, `CREATE_DATE`, `UPDATED_BY`, `UPDATE_DATE`) VALUES
(14, 'Summer 2017', 'Summer 2017 Grading Policy', '2017-08-13 00:00:00', '2017-08-26 00:00:00', 1, 1, '2017-08-06 04:38:10', NULL, NULL),
(17, 'eresr', 'serser', '2017-11-29 00:00:00', '2017-11-29 00:00:00', NULL, 1, '2017-11-20 06:48:14', NULL, NULL);

-- --------------------------------------------------------

--
-- Table structure for table `exam_grade_sheet`
--

CREATE TABLE IF NOT EXISTS `exam_grade_sheet` (
  `EXAM_GRADE_SHEET_ID` int(11) NOT NULL AUTO_INCREMENT,
  `DEPT_ID` int(11) DEFAULT NULL,
  `PROGRAM_ID` int(11) NOT NULL,
  `EXAM_MARKS_TYPE_ID` int(11) NOT NULL,
  `MARKS_PER` varchar(5) NOT NULL,
  `SL_NO` int(11) DEFAULT NULL,
  `START_DT` date DEFAULT NULL,
  `END_DT` date DEFAULT NULL,
  `ACTIVE_STATUS` tinyint(1) DEFAULT NULL,
  `CREATED_BY` int(11) DEFAULT NULL,
  `CREATE_DATE` timestamp NOT NULL DEFAULT CURRENT_TIMESTAMP,
  `UPDATED_BY` int(11) DEFAULT NULL,
  `UPDATE_DATE` datetime DEFAULT NULL,
  PRIMARY KEY (`EXAM_GRADE_SHEET_ID`)
) ENGINE=InnoDB  DEFAULT CHARSET=latin1 AUTO_INCREMENT=50 ;

--
-- Dumping data for table `exam_grade_sheet`
--

INSERT INTO `exam_grade_sheet` (`EXAM_GRADE_SHEET_ID`, `DEPT_ID`, `PROGRAM_ID`, `EXAM_MARKS_TYPE_ID`, `MARKS_PER`, `SL_NO`, `START_DT`, `END_DT`, `ACTIVE_STATUS`, `CREATED_BY`, `CREATE_DATE`, `UPDATED_BY`, `UPDATE_DATE`) VALUES
(26, 4, 0, 2, '10', NULL, '2017-08-14', '2017-08-18', 1, 1, '2017-08-03 08:32:22', NULL, NULL),
(27, 4, 0, 3, '10', NULL, '2017-08-14', '2017-08-18', 1, 1, '2017-08-03 08:32:22', NULL, NULL),
(28, 4, 0, 5, '10', NULL, '2017-08-14', '2017-08-18', 1, 1, '2017-08-03 08:32:22', NULL, NULL),
(29, 4, 0, 6, '10', NULL, '2017-08-14', '2017-08-18', 1, 1, '2017-08-03 08:32:22', NULL, NULL),
(30, 4, 0, 7, '10', NULL, '2017-08-14', '2017-08-18', 1, 1, '2017-08-03 08:32:22', NULL, NULL),
(31, 4, 0, 9, '10', NULL, '2017-08-14', '2017-08-18', 1, 1, '2017-08-03 08:32:22', NULL, NULL),
(32, 1, 0, 1, '25', 1, '2017-08-06', '2017-10-27', 1, 1, '2017-08-05 09:31:13', NULL, NULL),
(33, 1, 0, 2, '25', 2, '2017-08-06', '2017-10-27', 1, 1, '2017-08-05 09:31:13', NULL, NULL),
(35, 1, 0, 3, '50', 3, '2017-08-06', '2017-10-27', 1, 1, '2017-08-05 09:31:13', NULL, NULL),
(36, 2, 0, 1, '10', NULL, '2017-08-08', '2017-10-28', 1, 1, '2017-08-08 05:30:23', NULL, NULL),
(37, 2, 0, 2, '30', NULL, '2017-08-08', '2017-10-28', 1, 1, '2017-08-08 05:30:23', NULL, NULL),
(38, 2, 0, 3, '30', NULL, '2017-08-08', '2017-10-28', 1, 1, '2017-08-08 05:30:24', NULL, NULL),
(39, 2, 0, 5, '10', NULL, '2017-08-08', '2017-10-28', 1, 1, '2017-08-08 05:30:24', NULL, NULL),
(40, 2, 0, 6, '10', NULL, '2017-08-08', '2017-10-28', 1, 1, '2017-08-08 05:30:24', NULL, NULL),
(41, 2, 0, 7, '5', NULL, '2017-08-08', '2017-10-28', 1, 1, '2017-08-08 05:30:24', NULL, NULL),
(42, 2, 0, 9, '5', NULL, '2017-08-08', '2017-10-28', 1, 1, '2017-08-08 05:30:24', NULL, NULL),
(43, 3, 0, 1, '10', NULL, '2017-08-10', '2017-08-31', 1, 1, '2017-08-10 09:47:42', NULL, NULL),
(44, 3, 0, 2, '10', NULL, '2017-08-10', '2017-08-31', 1, 1, '2017-08-10 09:47:42', NULL, NULL),
(45, 3, 0, 3, '30', NULL, '2017-08-10', '2017-08-31', 1, 1, '2017-08-10 09:47:42', NULL, NULL),
(46, 3, 0, 5, '30', NULL, '2017-08-10', '2017-08-31', 1, 1, '2017-08-10 09:47:42', NULL, NULL),
(47, 3, 0, 6, '10', NULL, '2017-08-10', '2017-08-31', 1, 1, '2017-08-10 09:47:42', NULL, NULL),
(48, 3, 0, 7, '5', NULL, '2017-08-10', '2017-08-31', 1, 1, '2017-08-10 09:47:42', NULL, NULL),
(49, 3, 0, 9, '5', NULL, '2017-08-10', '2017-08-31', 1, 1, '2017-08-10 09:47:42', NULL, NULL);

-- --------------------------------------------------------

--
-- Table structure for table `exam_marks_type`
--

CREATE TABLE IF NOT EXISTS `exam_marks_type` (
  `EXAM_MARKS_TYPE_ID` int(11) NOT NULL AUTO_INCREMENT,
  `MARKS_TITLE` varchar(200) NOT NULL,
  `EX_DESC` text NOT NULL,
  `ACTIVE_STATUS` tinyint(1) DEFAULT NULL,
  `CREATED_BY` int(11) DEFAULT NULL,
  `CREATE_DATE` timestamp NOT NULL DEFAULT CURRENT_TIMESTAMP,
  `UPDATED_BY` int(11) DEFAULT NULL,
  `UPDATE_DATE` datetime DEFAULT NULL,
  PRIMARY KEY (`EXAM_MARKS_TYPE_ID`)
) ENGINE=InnoDB  DEFAULT CHARSET=latin1 AUTO_INCREMENT=10 ;

--
-- Dumping data for table `exam_marks_type`
--

INSERT INTO `exam_marks_type` (`EXAM_MARKS_TYPE_ID`, `MARKS_TITLE`, `EX_DESC`, `ACTIVE_STATUS`, `CREATED_BY`, `CREATE_DATE`, `UPDATED_BY`, `UPDATE_DATE`) VALUES
(1, 'Class Test', 'Class Test Description', 1, 1, '2017-07-27 09:53:56', NULL, NULL),
(2, 'Mid Term', 'Mid Term Description', 1, 1, '2017-07-27 10:03:00', NULL, NULL),
(3, 'Final Term', 'Final Term Description', 1, 1, '2017-07-27 10:03:23', NULL, NULL),
(5, 'Quiz 01', 'Quiz 01 Description', 1, 1, '2017-07-27 10:53:05', NULL, NULL),
(6, 'Quiz 02', 'Quiz 01 Description', 1, 1, '2017-07-27 10:56:59', NULL, NULL),
(7, 'Attendance', 'Class Attendance', 1, 1, '2017-07-29 05:49:48', NULL, NULL),
(9, 'Assignment', 'Assignment', 1, 1, '2017-08-02 06:36:19', NULL, NULL);

-- --------------------------------------------------------

--
-- Table structure for table `exam_student_marks`
--

CREATE TABLE IF NOT EXISTS `exam_student_marks` (
  `EX_MARKS_ID` int(11) NOT NULL AUTO_INCREMENT,
  `MARKS_TYPE_ID` int(11) NOT NULL,
  `COURSE_ID` int(11) NOT NULL,
  `COURSE_FOR` varchar(20) DEFAULT NULL,
  `STUDENT_ID` bigint(14) NOT NULL,
  `ALLOCATION_MARKS` double DEFAULT NULL COMMENT 'Total allocation marks',
  `OBTAIN_MARKS` double DEFAULT NULL,
  `MARKS` double NOT NULL COMMENT 'Obtain Marks Percentage',
  `GRACE_MARKS` double DEFAULT NULL COMMENT 'Grace marks',
  `GRACE_MARKS_PER` double DEFAULT NULL,
  `SESSION_ID` int(11) NOT NULL,
  `FACULTY_ID` int(11) NOT NULL,
  `DEPT_ID` int(11) NOT NULL,
  `PROGRAM_ID` int(11) NOT NULL,
  `BATCH_ID` int(11) NOT NULL,
  `SECTION_ID` int(11) NOT NULL,
  `REVIEW_STATUS` int(1) DEFAULT '0',
  `REVIEW_BY` int(11) DEFAULT NULL,
  `REMARKS` varchar(200) DEFAULT NULL,
  `ACTIVE_STATUS` tinyint(1) DEFAULT NULL,
  `CREATED_BY` int(11) DEFAULT NULL,
  `CREATE_DATE` timestamp NOT NULL DEFAULT CURRENT_TIMESTAMP,
  `UPDATED_BY` int(11) DEFAULT NULL,
  `UPDATE_DATE` datetime DEFAULT NULL,
  PRIMARY KEY (`EX_MARKS_ID`)
) ENGINE=InnoDB  DEFAULT CHARSET=latin1 AUTO_INCREMENT=110 ;

--
-- Dumping data for table `exam_student_marks`
--

INSERT INTO `exam_student_marks` (`EX_MARKS_ID`, `MARKS_TYPE_ID`, `COURSE_ID`, `COURSE_FOR`, `STUDENT_ID`, `ALLOCATION_MARKS`, `OBTAIN_MARKS`, `MARKS`, `GRACE_MARKS`, `GRACE_MARKS_PER`, `SESSION_ID`, `FACULTY_ID`, `DEPT_ID`, `PROGRAM_ID`, `BATCH_ID`, `SECTION_ID`, `REVIEW_STATUS`, `REVIEW_BY`, `REMARKS`, `ACTIVE_STATUS`, `CREATED_BY`, `CREATE_DATE`, `UPDATED_BY`, `UPDATE_DATE`) VALUES
(1, 1, 386, 'F', 256, NULL, NULL, 3, NULL, NULL, 6, 0, 2, 2, 2, 1, 1, 19, '', NULL, 6, '2017-08-08 11:45:28', NULL, NULL),
(2, 1, 386, 'F', 264, NULL, NULL, 4, NULL, NULL, 6, 0, 2, 2, 2, 1, 1, 19, 'Good', NULL, 6, '2017-08-08 11:45:28', NULL, NULL),
(3, 2, 386, 'F', 264, NULL, NULL, 25, NULL, NULL, 6, 0, 2, 2, 2, 1, 1, 19, 'Dull', NULL, 6, '2017-08-09 04:02:32', NULL, NULL),
(4, 1, 386, 'F', 260, NULL, NULL, 8, NULL, NULL, 6, 0, 2, 2, 2, 1, 1, 19, 'Excellent', NULL, 19, '2017-08-09 04:26:56', NULL, NULL),
(6, 1, 386, 'F', 266, NULL, NULL, 6, NULL, NULL, 6, 0, 2, 2, 2, 1, 0, 0, 'Good', NULL, 6, '2017-08-09 04:26:56', NULL, NULL),
(7, 1, 386, 'F', 17, NULL, NULL, 9, NULL, NULL, 6, 0, 2, 2, 2, 1, 1, 19, 'Average', NULL, 6, '2017-08-09 04:26:56', NULL, NULL),
(8, 2, 386, 'F', 260, NULL, NULL, 28, NULL, NULL, 6, 0, 2, 2, 2, 1, 1, 19, '', NULL, 19, '2017-08-09 04:51:53', NULL, NULL),
(9, 2, 386, 'F', 256, NULL, NULL, 28, NULL, NULL, 6, 0, 2, 2, 2, 1, 0, NULL, '', NULL, 19, '2017-08-09 04:51:53', NULL, NULL),
(10, 2, 386, 'F', 270, NULL, NULL, 25, NULL, NULL, 6, 0, 2, 2, 2, 1, 1, 19, '', NULL, 6, '2017-08-09 04:51:54', NULL, NULL),
(11, 2, 386, 'F', 266, NULL, NULL, 20, NULL, NULL, 6, 0, 2, 2, 2, 1, 0, NULL, '', NULL, 6, '2017-08-09 04:51:54', NULL, NULL),
(12, 2, 386, 'F', 17, NULL, NULL, 18, NULL, NULL, 6, 0, 2, 2, 2, 1, 1, 19, '', NULL, 19, '2017-08-09 04:51:54', NULL, NULL),
(13, 3, 386, 'F', 260, NULL, NULL, 19, NULL, NULL, 6, 0, 2, 2, 2, 1, 1, 19, '', NULL, 19, '2017-08-09 04:52:12', NULL, NULL),
(14, 3, 386, 'F', 256, NULL, NULL, 25, NULL, NULL, 6, 0, 2, 2, 2, 1, 0, NULL, '', NULL, 19, '2017-08-09 04:52:12', NULL, NULL),
(15, 3, 386, 'F', 264, NULL, NULL, 25, NULL, NULL, 6, 0, 2, 2, 2, 1, 1, 19, '', NULL, 6, '2017-08-09 04:52:12', NULL, NULL),
(16, 3, 386, 'F', 270, NULL, NULL, 30, NULL, NULL, 6, 0, 2, 2, 2, 1, 1, 19, '', NULL, 6, '2017-08-09 04:52:12', NULL, NULL),
(17, 3, 386, 'F', 266, NULL, NULL, 30, NULL, NULL, 6, 0, 2, 2, 2, 1, 0, NULL, '', NULL, 6, '2017-08-09 04:52:12', NULL, NULL),
(18, 3, 386, 'F', 17, NULL, NULL, 24, NULL, NULL, 6, 0, 2, 2, 2, 1, 1, 19, '', NULL, 19, '2017-08-09 04:52:12', NULL, NULL),
(19, 5, 386, 'F', 260, NULL, NULL, 10, NULL, NULL, 6, 0, 2, 2, 2, 1, 1, 19, '', NULL, 19, '2017-08-09 04:52:40', NULL, NULL),
(20, 5, 386, 'F', 256, NULL, NULL, 10, NULL, NULL, 6, 0, 2, 2, 2, 1, 0, NULL, '', NULL, 19, '2017-08-09 04:52:40', NULL, NULL),
(21, 5, 386, 'F', 264, NULL, NULL, 9, NULL, NULL, 6, 0, 2, 2, 2, 1, 1, 19, '', NULL, 6, '2017-08-09 04:52:40', NULL, NULL),
(22, 5, 386, 'F', 270, NULL, NULL, 9, NULL, NULL, 6, 0, 2, 2, 2, 1, 1, 19, '', NULL, 6, '2017-08-09 04:52:40', NULL, NULL),
(23, 5, 386, 'F', 266, NULL, NULL, 9, NULL, NULL, 6, 0, 2, 2, 2, 1, 0, NULL, '', NULL, 6, '2017-08-09 04:52:40', NULL, NULL),
(24, 5, 386, 'F', 17, NULL, NULL, 9, NULL, NULL, 6, 0, 2, 2, 2, 1, 1, 19, '', NULL, 19, '2017-08-09 04:52:40', NULL, NULL),
(25, 7, 386, 'F', 260, NULL, NULL, 5, NULL, NULL, 6, 0, 2, 2, 2, 1, 1, 19, '', NULL, 19, '2017-08-09 04:52:58', NULL, NULL),
(26, 7, 386, 'F', 256, NULL, NULL, 5, NULL, NULL, 6, 0, 2, 2, 2, 1, 0, NULL, '', NULL, 19, '2017-08-09 04:52:58', NULL, NULL),
(27, 7, 386, 'F', 264, NULL, NULL, 4, NULL, NULL, 6, 0, 2, 2, 2, 1, 1, 19, '', NULL, 6, '2017-08-09 04:52:58', NULL, NULL),
(28, 7, 386, 'F', 270, NULL, NULL, 4, NULL, NULL, 6, 0, 2, 2, 2, 1, 1, 19, '', NULL, 6, '2017-08-09 04:52:58', NULL, NULL),
(29, 7, 386, 'F', 266, NULL, NULL, 4, NULL, NULL, 6, 0, 2, 2, 2, 1, 0, NULL, '', NULL, 6, '2017-08-09 04:52:58', NULL, NULL),
(30, 7, 386, 'F', 17, NULL, NULL, 5, NULL, NULL, 6, 0, 2, 2, 2, 1, 1, 19, '', NULL, 19, '2017-08-09 04:52:58', NULL, NULL),
(31, 9, 386, 'F', 260, NULL, NULL, 5, NULL, NULL, 6, 0, 2, 2, 2, 1, 1, 19, '', NULL, 19, '2017-08-09 04:53:15', NULL, NULL),
(32, 9, 386, 'F', 256, NULL, NULL, 4, NULL, NULL, 6, 0, 2, 2, 2, 1, 0, NULL, '', NULL, 6, '2017-08-09 04:53:15', NULL, NULL),
(33, 9, 386, 'F', 264, NULL, NULL, 2, NULL, NULL, 6, 0, 2, 2, 2, 1, 1, 19, '', NULL, 6, '2017-08-09 04:53:15', NULL, NULL),
(34, 9, 386, 'F', 270, NULL, NULL, 4, NULL, NULL, 6, 0, 2, 2, 2, 1, 1, 19, '', NULL, 6, '2017-08-09 04:53:15', NULL, NULL),
(35, 9, 386, 'F', 266, NULL, NULL, 4, NULL, NULL, 6, 0, 2, 2, 2, 1, 0, NULL, '', NULL, 6, '2017-08-09 04:53:15', NULL, NULL),
(36, 9, 386, 'F', 17, NULL, NULL, 5, NULL, NULL, 6, 0, 2, 2, 2, 1, 1, 19, '', NULL, 19, '2017-08-09 04:53:15', NULL, NULL),
(37, 6, 386, 'F', 260, NULL, NULL, 5, NULL, NULL, 6, 0, 2, 2, 2, 1, 1, 19, '', NULL, 19, '2017-08-09 04:55:40', NULL, NULL),
(38, 6, 386, 'F', 256, NULL, NULL, 3, NULL, NULL, 6, 0, 2, 2, 2, 1, 0, NULL, '', NULL, 19, '2017-08-09 04:55:40', NULL, NULL),
(39, 6, 386, 'F', 264, NULL, NULL, 5, NULL, NULL, 6, 0, 2, 2, 2, 1, 1, 19, '', NULL, 6, '2017-08-09 04:55:40', NULL, NULL),
(40, 6, 386, 'F', 270, NULL, NULL, 3, NULL, NULL, 6, 0, 2, 2, 2, 1, 1, 19, '', NULL, 6, '2017-08-09 04:55:40', NULL, NULL),
(41, 6, 386, 'F', 266, NULL, NULL, 1, NULL, NULL, 6, 0, 2, 2, 2, 1, 0, NULL, '', NULL, 6, '2017-08-09 04:55:40', NULL, NULL),
(42, 6, 386, 'F', 17, NULL, NULL, 2, NULL, NULL, 6, 0, 2, 2, 2, 1, 1, 19, '', NULL, 19, '2017-08-09 04:55:40', NULL, NULL),
(43, 1, 388, 'F', 260, NULL, NULL, 10, NULL, NULL, 6, 0, 2, 2, 2, 1, 0, NULL, '', NULL, 6, '2017-08-10 04:37:19', NULL, NULL),
(44, 1, 365, 'F', 274, NULL, NULL, 8, NULL, NULL, 6, 0, 3, 3, 2, 1, 0, NULL, '', NULL, 4, '2017-08-10 09:48:17', NULL, NULL),
(45, 1, 365, 'F', 275, NULL, NULL, 10, NULL, NULL, 6, 0, 3, 3, 2, 1, 0, NULL, '', NULL, 4, '2017-08-12 09:29:12', NULL, NULL),
(46, 1, 386, 'F', 270, NULL, NULL, 5, NULL, NULL, 6, 0, 2, 2, 2, 1, 1, 19, '', NULL, 6, '2017-08-13 08:25:11', NULL, NULL),
(48, 1, 389, 'F', 256, NULL, NULL, 10, NULL, NULL, 6, 0, 2, 2, 2, 1, 1, 19, '', NULL, 6, '2017-08-13 10:06:13', NULL, NULL),
(49, 1, 389, 'F', 255, NULL, NULL, 10, NULL, NULL, 6, 0, 2, 2, 2, 1, 0, NULL, '', NULL, 6, '2017-08-13 10:06:13', NULL, NULL),
(50, 1, 389, 'F', 264, NULL, NULL, 10, NULL, NULL, 6, 0, 2, 2, 2, 1, 1, 19, '', NULL, 6, '2017-08-13 10:06:13', NULL, NULL),
(51, 1, 389, 'F', 266, NULL, NULL, 10, NULL, NULL, 6, 0, 2, 2, 2, 1, 0, NULL, '', NULL, 6, '2017-08-13 10:06:13', NULL, NULL),
(52, 1, 389, 'F', 17, NULL, NULL, 10, NULL, NULL, 6, 0, 2, 2, 2, 1, 0, NULL, '', NULL, 6, '2017-08-13 10:06:13', NULL, NULL),
(54, 2, 389, 'F', 256, NULL, NULL, 30, NULL, NULL, 6, 0, 2, 2, 2, 1, 1, 19, '', NULL, 6, '2017-08-13 10:06:34', NULL, NULL),
(55, 2, 389, 'F', 255, NULL, NULL, 30, NULL, NULL, 6, 0, 2, 2, 2, 1, 0, NULL, '', NULL, 6, '2017-08-13 10:06:34', NULL, NULL),
(56, 2, 389, 'F', 264, NULL, NULL, 30, NULL, NULL, 6, 0, 2, 2, 2, 1, 1, 19, '', NULL, 6, '2017-08-13 10:06:34', NULL, NULL),
(57, 2, 389, 'F', 266, NULL, NULL, 30, NULL, NULL, 6, 0, 2, 2, 2, 1, 0, NULL, '', NULL, 6, '2017-08-13 10:06:34', NULL, NULL),
(58, 2, 389, 'F', 17, NULL, NULL, 30, NULL, NULL, 6, 0, 2, 2, 2, 1, 0, NULL, '', NULL, 6, '2017-08-13 10:06:34', NULL, NULL),
(60, 3, 389, 'F', 256, NULL, NULL, 25, NULL, NULL, 6, 0, 2, 2, 2, 1, 1, 19, '', NULL, 6, '2017-08-13 10:06:53', NULL, NULL),
(61, 3, 389, 'F', 255, NULL, NULL, 25, NULL, NULL, 6, 0, 2, 2, 2, 1, 0, NULL, '', NULL, 6, '2017-08-13 10:06:53', NULL, NULL),
(62, 3, 389, 'F', 264, NULL, NULL, 25, NULL, NULL, 6, 0, 2, 2, 2, 1, 1, 19, '', NULL, 6, '2017-08-13 10:06:53', NULL, NULL),
(63, 3, 389, 'F', 266, NULL, NULL, 25, NULL, NULL, 6, 0, 2, 2, 2, 1, 0, NULL, '', NULL, 6, '2017-08-13 10:06:53', NULL, NULL),
(64, 3, 389, 'F', 17, NULL, NULL, 25, NULL, NULL, 6, 0, 2, 2, 2, 1, 0, NULL, '', NULL, 6, '2017-08-13 10:06:53', NULL, NULL),
(66, 5, 389, 'F', 256, NULL, NULL, 6, NULL, NULL, 6, 0, 2, 2, 2, 1, 1, 19, '', NULL, 6, '2017-08-13 10:07:10', NULL, NULL),
(67, 5, 389, 'F', 255, NULL, NULL, 4, NULL, NULL, 6, 0, 2, 2, 2, 1, 0, NULL, '', NULL, 6, '2017-08-13 10:07:10', NULL, NULL),
(68, 5, 389, 'F', 264, NULL, NULL, 3, NULL, NULL, 6, 0, 2, 2, 2, 1, 1, 19, '', NULL, 6, '2017-08-13 10:07:10', NULL, NULL),
(69, 5, 389, 'F', 266, NULL, NULL, 2, NULL, NULL, 6, 0, 2, 2, 2, 1, 0, NULL, '', NULL, 6, '2017-08-13 10:07:10', NULL, NULL),
(70, 5, 389, 'F', 17, NULL, NULL, 1, NULL, NULL, 6, 0, 2, 2, 2, 1, 0, NULL, '', NULL, 6, '2017-08-13 10:07:10', NULL, NULL),
(71, 1, 389, 'F', 260, NULL, NULL, 10, NULL, NULL, 6, 0, 2, 2, 2, 1, 0, NULL, '', NULL, 6, '2017-08-13 10:19:16', NULL, NULL),
(72, 2, 389, 'F', 260, NULL, NULL, 30, NULL, NULL, 6, 0, 2, 2, 2, 1, 0, NULL, '', NULL, 6, '2017-08-13 11:29:29', NULL, NULL),
(73, 3, 389, 'F', 260, NULL, NULL, 25, NULL, NULL, 6, 0, 2, 2, 2, 1, 0, NULL, '', NULL, 6, '2017-08-13 11:29:44', NULL, NULL),
(74, 5, 389, 'F', 260, NULL, NULL, 4, NULL, NULL, 6, 0, 2, 2, 2, 1, 0, NULL, '', NULL, 6, '2017-08-13 11:30:01', NULL, NULL),
(75, 6, 389, 'F', 260, NULL, NULL, 4, NULL, NULL, 6, 0, 2, 2, 2, 1, 0, NULL, '', NULL, 6, '2017-08-13 11:30:14', NULL, NULL),
(76, 6, 389, 'F', 256, NULL, NULL, 5, NULL, NULL, 6, 0, 2, 2, 2, 1, 1, 19, '', NULL, 6, '2017-08-13 11:30:14', NULL, NULL),
(77, 6, 389, 'F', 255, NULL, NULL, 5, NULL, NULL, 6, 0, 2, 2, 2, 1, 0, NULL, '', NULL, 6, '2017-08-13 11:30:14', NULL, NULL),
(78, 6, 389, 'F', 264, NULL, NULL, 2, NULL, NULL, 6, 0, 2, 2, 2, 1, 1, 19, '', NULL, 6, '2017-08-13 11:30:14', NULL, NULL),
(79, 6, 389, 'F', 266, NULL, NULL, 1, NULL, NULL, 6, 0, 2, 2, 2, 1, 0, NULL, '', NULL, 6, '2017-08-13 11:30:14', NULL, NULL),
(80, 6, 389, 'F', 17, NULL, NULL, 9, NULL, NULL, 6, 0, 2, 2, 2, 1, 0, NULL, '', NULL, 6, '2017-08-13 11:30:14', NULL, NULL),
(81, 7, 389, 'F', 260, NULL, NULL, 5, NULL, NULL, 6, 0, 2, 2, 2, 1, 0, NULL, '', NULL, 6, '2017-08-13 11:30:24', NULL, NULL),
(82, 7, 389, 'F', 256, NULL, NULL, 5, NULL, NULL, 6, 0, 2, 2, 2, 1, 1, 19, '', NULL, 6, '2017-08-13 11:30:24', NULL, NULL),
(83, 7, 389, 'F', 255, NULL, NULL, 4, NULL, NULL, 6, 0, 2, 2, 2, 1, 0, NULL, '', NULL, 6, '2017-08-13 11:30:24', NULL, NULL),
(84, 7, 389, 'F', 264, NULL, NULL, 2, NULL, NULL, 6, 0, 2, 2, 2, 1, 1, 19, '', NULL, 6, '2017-08-13 11:30:24', NULL, NULL),
(85, 7, 389, 'F', 266, NULL, NULL, 3, NULL, NULL, 6, 0, 2, 2, 2, 1, 0, NULL, '', NULL, 6, '2017-08-13 11:30:24', NULL, NULL),
(86, 7, 389, 'F', 17, NULL, NULL, 1, NULL, NULL, 6, 0, 2, 2, 2, 1, 0, NULL, '', NULL, 6, '2017-08-13 11:30:24', NULL, NULL),
(87, 9, 389, 'F', 260, NULL, NULL, 1, NULL, NULL, 6, 0, 2, 2, 2, 1, 0, NULL, '', NULL, 6, '2017-08-13 11:30:51', NULL, NULL),
(88, 9, 389, 'F', 256, NULL, NULL, 2, NULL, NULL, 6, 0, 2, 2, 2, 1, 1, 19, '', NULL, 6, '2017-08-13 11:30:51', NULL, NULL),
(89, 9, 389, 'F', 255, NULL, NULL, 1, NULL, NULL, 6, 0, 2, 2, 2, 1, 0, NULL, '', NULL, 6, '2017-08-13 11:30:51', NULL, NULL),
(90, 9, 389, 'F', 264, NULL, NULL, 2, NULL, NULL, 6, 0, 2, 2, 2, 1, 1, 19, '', NULL, 6, '2017-08-13 11:30:51', NULL, NULL),
(91, 9, 389, 'F', 266, NULL, NULL, 1, NULL, NULL, 6, 0, 2, 2, 2, 1, 0, NULL, '', NULL, 6, '2017-08-13 11:30:51', NULL, NULL),
(92, 9, 389, 'F', 17, NULL, NULL, 1, NULL, NULL, 6, 0, 2, 2, 2, 1, 0, NULL, '', NULL, 6, '2017-08-13 11:30:51', NULL, NULL),
(93, 9, 387, 'F', 264, NULL, NULL, 5, NULL, NULL, 6, 0, 2, 2, 2, 1, 1, 19, '', NULL, 19, '2017-08-16 09:20:55', NULL, NULL),
(94, 1, 387, 'F', 264, NULL, NULL, 8, NULL, NULL, 6, 0, 2, 2, 2, 1, 1, 19, '', NULL, 19, '2017-08-16 09:21:06', NULL, NULL),
(95, 2, 387, 'F', 264, NULL, NULL, 25, NULL, NULL, 6, 0, 2, 2, 2, 1, 1, 19, '', NULL, 19, '2017-08-16 09:21:14', NULL, NULL),
(96, 3, 387, 'F', 264, NULL, NULL, 24, NULL, NULL, 6, 0, 2, 2, 2, 1, 1, 19, '', NULL, 19, '2017-08-16 09:21:22', NULL, NULL),
(97, 5, 387, 'F', 264, NULL, NULL, 7, NULL, NULL, 6, 0, 2, 2, 2, 1, 1, 19, '', NULL, 19, '2017-08-16 09:21:29', NULL, NULL),
(98, 6, 387, 'F', 264, NULL, NULL, 8, NULL, NULL, 6, 0, 2, 2, 2, 1, 1, 19, '', NULL, 19, '2017-08-16 09:21:37', NULL, NULL),
(99, 7, 387, 'F', 264, NULL, NULL, 4, NULL, NULL, 6, 0, 2, 2, 2, 1, 1, 19, '', NULL, 19, '2017-08-16 09:21:44', NULL, NULL),
(100, 1, 415, 'F', 267, 30, 25, 21, 5, 4, 6, 0, 1, 1, 2, 1, 1, 19, 'none', NULL, 19, '2017-08-27 10:15:47', NULL, NULL),
(101, 1, 415, 'F', 269, 30, 20, 17, 0, 0, 6, 0, 1, 1, 2, 1, 1, 19, 'bad', NULL, 19, '2017-08-27 10:31:25', NULL, NULL),
(102, 2, 415, 'F', 267, 50, 40, 20, 2, 1, 6, 0, 1, 1, 2, 1, 1, 19, '', NULL, 19, '2017-08-27 11:31:47', NULL, NULL),
(103, 3, 415, 'F', 267, 50, 45, 45, 0, 0, 6, 0, 1, 1, 2, 1, 1, 19, 'Good', NULL, 8, '2017-08-28 03:58:04', NULL, NULL),
(104, 1, 415, 'F', 18, 30, 25, 21, 2, 2, 6, 0, 1, 1, 2, 1, 1, 19, '', NULL, 8, '2017-08-28 04:32:54', NULL, NULL),
(105, 2, 415, 'F', 18, 30, 27, 23, 1, 1, 6, 0, 1, 1, 2, 1, 1, 19, '', NULL, 8, '2017-08-28 04:33:17', NULL, NULL),
(106, 3, 415, 'F', 18, 60, 45, 38, 5, 4, 6, 0, 1, 1, 2, 1, 1, 19, '', NULL, 8, '2017-08-28 04:33:36', NULL, NULL),
(107, 1, 416, 'F', 277, 50, 25, 13, 2, 1, 6, 0, 1, 1, 2, 1, 0, NULL, '', NULL, 8, '2017-10-02 11:16:11', NULL, NULL),
(108, 1, 415, 'F', 277, 30, 20, 17, 0, 0, 6, 0, 1, 1, 2, 1, 0, NULL, 'k', NULL, 8, '2017-10-05 06:54:22', NULL, NULL),
(109, 1, 415, 'F', 273, 40, 20, 13, 0, 0, 6, 0, 1, 1, 2, 1, 0, NULL, '', NULL, 8, '2017-11-25 05:59:45', NULL, NULL);

-- --------------------------------------------------------

--
-- Table structure for table `exam_tabulation_sheet`
--

CREATE TABLE IF NOT EXISTS `exam_tabulation_sheet` (
  `EX_TABULATION_SHEET_ID` int(11) NOT NULL AUTO_INCREMENT,
  `COURSE_ID` int(11) NOT NULL,
  `MARKS` int(11) NOT NULL,
  `TOTAL_GRACE_MARKS` double DEFAULT NULL,
  `GRADE_POINT` double NOT NULL,
  `GRADE_LETTER` varchar(11) NOT NULL,
  `CREDIT_EARNED` double DEFAULT NULL,
  `POINTS_SEQURED` double DEFAULT NULL,
  `COURSE_FOR` varchar(20) DEFAULT NULL,
  `STUDENT_ID` bigint(14) NOT NULL,
  `SESSION_ID` int(11) NOT NULL,
  `FACULTY_ID` int(11) NOT NULL,
  `DEPT_ID` int(11) NOT NULL,
  `PROGRAM_ID` int(11) NOT NULL,
  `BATCH_ID` int(11) NOT NULL,
  `SECTION_ID` int(11) NOT NULL,
  `REMARKS` varchar(200) DEFAULT NULL,
  `ACTIVE_STATUS` tinyint(1) DEFAULT NULL,
  `CREATED_BY` int(11) DEFAULT NULL,
  `CREATE_DATE` timestamp NOT NULL DEFAULT CURRENT_TIMESTAMP,
  `UPDATED_BY` int(11) DEFAULT NULL,
  `UPDATE_DATE` datetime DEFAULT NULL,
  PRIMARY KEY (`EX_TABULATION_SHEET_ID`)
) ENGINE=InnoDB  DEFAULT CHARSET=latin1 AUTO_INCREMENT=178 ;

--
-- Dumping data for table `exam_tabulation_sheet`
--

INSERT INTO `exam_tabulation_sheet` (`EX_TABULATION_SHEET_ID`, `COURSE_ID`, `MARKS`, `TOTAL_GRACE_MARKS`, `GRADE_POINT`, `GRADE_LETTER`, `CREDIT_EARNED`, `POINTS_SEQURED`, `COURSE_FOR`, `STUDENT_ID`, `SESSION_ID`, `FACULTY_ID`, `DEPT_ID`, `PROGRAM_ID`, `BATCH_ID`, `SECTION_ID`, `REMARKS`, `ACTIVE_STATUS`, `CREATED_BY`, `CREATE_DATE`, `UPDATED_BY`, `UPDATE_DATE`) VALUES
(42, 386, 85, NULL, 4, 'A+', 3, 12, 'R', 17, 6, 5, 2, 2, 2, 1, '', NULL, 0, '2017-08-13 06:06:41', NULL, NULL),
(43, 386, 82, NULL, 4, 'A+', 3, 12, 'R', 256, 6, 5, 2, 2, 2, 1, 'done', NULL, NULL, '2017-08-13 06:09:23', NULL, NULL),
(44, 386, 78, NULL, 3.75, 'A', 3, 11.25, 'I', 264, 6, 5, 2, 2, 2, 1, 'ok', NULL, NULL, '2017-08-13 06:10:24', NULL, NULL),
(45, 386, 84, NULL, 4, 'A+', 3, 12, 'F', 270, 6, 5, 2, 2, 2, 1, 'reviewed', NULL, NULL, '2017-08-13 08:28:20', NULL, NULL),
(46, 389, 83, NULL, 4, 'A+', 3, 12, 'R', 256, 6, 5, 2, 2, 2, 1, 'ok', NULL, NULL, '2017-08-16 08:02:28', NULL, NULL),
(47, 389, 74, NULL, 3.5, 'A-', 3, 10.5, 'R', 264, 6, 5, 2, 2, 2, 1, 'all okay', NULL, NULL, '2017-08-16 08:02:40', NULL, NULL),
(48, 387, 81, NULL, 4, 'A+', 3, 12, 'R', 264, 6, 5, 2, 2, 2, 1, 'okay', NULL, NULL, '2017-08-16 09:25:04', NULL, NULL),
(49, 386, 80, NULL, 4, 'A+', 3, 12, 'F', 260, 6, 5, 2, 2, 2, 1, 'ok all', NULL, NULL, '2017-08-19 03:24:33', NULL, NULL),
(50, 390, 85, NULL, 4, 'A+', 3, 12, 'F', 264, 7, 5, 2, 2, 2, 1, 'ok', NULL, NULL, '2017-08-19 09:47:32', NULL, NULL),
(51, 391, 85, NULL, 4, 'A+', 3, 12, 'F', 264, 7, 5, 2, 2, 2, 1, 'ok', NULL, NULL, '2017-08-19 09:54:02', NULL, NULL),
(52, 392, 75, NULL, 3.75, 'A', 3, 11.25, 'F', 264, 8, 5, 2, 2, 2, 1, 'ok', NULL, NULL, '2017-08-19 18:00:00', NULL, NULL),
(53, 393, 88, NULL, 4, 'A+', 3, 12, 'F', 264, 8, 5, 2, 2, 2, 1, 'ok', NULL, NULL, '2017-08-19 18:00:00', NULL, NULL),
(54, 394, 82, NULL, 4, 'A+', 3, 12, 'F', 264, 9, 5, 2, 2, 2, 1, 'ok', NULL, NULL, '2017-08-19 18:00:00', NULL, NULL),
(119, 394, 95, NULL, 4, 'A+', 3, 12, 'R', 5, 15, 5, 2, 2, 2, 1, '', NULL, 0, '2017-08-22 06:39:52', NULL, NULL),
(120, 394, 78, NULL, 3.75, 'A', 3, 11.25, 'F', 6, 15, 5, 2, 2, 2, 1, '', NULL, 0, '2017-08-22 06:39:52', NULL, NULL),
(121, 394, 48, NULL, 2.25, 'C', 3, 6.75, 'F', 16, 15, 5, 2, 2, 2, 1, '', NULL, 0, '2017-08-22 06:39:52', NULL, NULL),
(122, 394, 77, NULL, 3.75, 'A', 3, 11.25, 'I', 17, 6, 5, 2, 2, 2, 1, '', NULL, 0, '2017-08-22 06:39:52', NULL, NULL),
(123, 394, 85, NULL, 4, 'A+', 3, 12, 'F', 59, 15, 5, 2, 2, 2, 1, '', NULL, 0, '2017-08-22 06:39:52', NULL, NULL),
(124, 365, 88, NULL, 4, 'A+', 2, 8, 'R', 11, 6, 5, 3, 3, 2, 1, '', NULL, 0, '2017-08-23 10:38:52', NULL, NULL),
(125, 389, 64, NULL, 3, 'B', 3, 9, 'F', 5, 4, 5, 2, 2, 2, 1, '', NULL, 0, '2017-08-23 10:52:40', NULL, NULL),
(126, 386, 88, NULL, 4, 'A+', 3, 12, 'I', 16, 6, 5, 2, 2, 2, 1, '', NULL, 0, '2017-08-24 10:36:12', NULL, NULL),
(127, 386, 84, NULL, 4, 'A+', 3, 12, 'I', 5, 6, 5, 2, 2, 2, 1, '', NULL, 0, '2017-08-24 11:25:09', NULL, NULL),
(128, 389, 47, NULL, 2.25, 'C', 3, 6.75, 'F', 6, 6, 5, 2, 2, 2, 1, '', NULL, 0, '2017-08-26 04:51:53', NULL, NULL),
(129, 389, 56, NULL, 2.75, 'B-', 3, 8.25, 'F', 16, 6, 5, 2, 2, 2, 1, '', NULL, 0, '2017-08-26 04:51:53', NULL, NULL),
(130, 389, 78, NULL, 3.75, 'A', 3, 11.25, 'F', 17, 6, 5, 2, 2, 2, 1, '', NULL, 0, '2017-08-26 04:51:53', NULL, NULL),
(131, 389, 87, NULL, 4, 'A+', 3, 12, 'F', 59, 6, 5, 2, 2, 2, 1, '', NULL, 0, '2017-08-26 04:51:53', NULL, NULL),
(132, 389, 100, NULL, 4, 'A+', 3, 12, 'F', 5, 6, 5, 2, 2, 2, 1, '', NULL, 0, '2017-08-26 05:27:29', NULL, NULL),
(133, 386, 48, NULL, 2.25, 'C', 3, 6.75, 'R', 6, 6, 5, 2, 2, 2, 1, '', NULL, 0, '2017-08-26 05:29:20', NULL, NULL),
(134, 386, 55, NULL, 2.75, 'B-', 3, 8.25, 'F', 59, 6, 5, 2, 2, 2, 1, '', NULL, 0, '2017-08-26 05:35:19', NULL, NULL),
(135, 850, 72, NULL, 3.5, 'A-', 3, 10.5, 'F', 154, 7, 5, 2, 2, 4, 1, '', NULL, 0, '2017-08-26 06:11:26', NULL, NULL),
(136, 850, 70, NULL, 3.5, 'A-', 3, 10.5, 'F', 155, 7, 5, 2, 2, 4, 1, '', NULL, 0, '2017-08-26 06:11:26', NULL, NULL),
(137, 850, 72, NULL, 3.5, 'A-', 3, 10.5, 'F', 156, 7, 5, 2, 2, 4, 1, '', NULL, 0, '2017-08-26 06:11:26', NULL, NULL),
(138, 850, 70, NULL, 3.5, 'A-', 3, 10.5, 'F', 157, 7, 5, 2, 2, 4, 1, '', NULL, 0, '2017-08-26 06:11:26', NULL, NULL),
(139, 850, 75, NULL, 3.75, 'A', 3, 11.25, 'F', 158, 7, 5, 2, 2, 4, 1, '', NULL, 0, '2017-08-26 06:11:26', NULL, NULL),
(140, 847, 50, NULL, 2.5, 'C+', 3, 7.5, 'F', 154, 7, 5, 2, 2, 4, 1, '', NULL, 0, '2017-08-26 06:11:59', NULL, NULL),
(141, 847, 88, NULL, 4, 'A+', 3, 12, 'F', 155, 7, 5, 2, 2, 4, 1, '', NULL, 0, '2017-08-26 06:11:59', NULL, NULL),
(142, 847, 95, NULL, 4, 'A+', 3, 12, 'F', 156, 7, 5, 2, 2, 4, 1, '', NULL, 0, '2017-08-26 06:11:59', NULL, NULL),
(143, 847, 77, NULL, 3.75, 'A', 3, 11.25, 'F', 157, 7, 5, 2, 2, 4, 1, '', NULL, 0, '2017-08-26 06:11:59', NULL, NULL),
(144, 847, 65, NULL, 3.25, 'B+', 3, 9.75, 'F', 158, 7, 5, 2, 2, 4, 1, '', NULL, 0, '2017-08-26 06:11:59', NULL, NULL),
(145, 644, 77, NULL, 3.75, 'A', 2, 7.5, 'F', 154, 7, 5, 2, 2, 4, 1, '', NULL, 0, '2017-08-26 06:42:48', NULL, NULL),
(146, 644, 65, NULL, 3.25, 'B+', 2, 6.5, 'F', 155, 7, 5, 2, 2, 4, 1, '', NULL, 0, '2017-08-26 06:42:48', NULL, NULL),
(147, 644, 15, NULL, 0, 'F', 2, 0, 'F', 156, 7, 5, 2, 2, 4, 1, '', NULL, 0, '2017-08-26 06:42:48', NULL, NULL),
(148, 644, 77, NULL, 3.75, 'A', 2, 7.5, 'F', 157, 7, 5, 2, 2, 4, 1, '', NULL, 0, '2017-08-26 06:42:48', NULL, NULL),
(149, 644, 95, NULL, 4, 'A+', 2, 8, 'F', 158, 7, 5, 2, 2, 4, 1, '', NULL, 0, '2017-08-26 06:42:48', NULL, NULL),
(150, 640, 77, NULL, 3.75, 'A', 1, 3.75, 'F', 154, 7, 5, 2, 2, 4, 1, '', NULL, 0, '2017-08-26 06:43:05', NULL, NULL),
(151, 640, 89, NULL, 4, 'A+', 1, 4, 'F', 155, 7, 5, 2, 2, 4, 1, '', NULL, 0, '2017-08-26 06:43:05', NULL, NULL),
(152, 640, 58, NULL, 2.75, 'B-', 1, 2.75, 'F', 156, 7, 5, 2, 2, 4, 1, '', NULL, 0, '2017-08-26 06:43:05', NULL, NULL),
(153, 640, 84, NULL, 4, 'A+', 1, 4, 'F', 157, 7, 5, 2, 2, 4, 1, '', NULL, 0, '2017-08-26 06:43:05', NULL, NULL),
(154, 640, 89, NULL, 4, 'A+', 1, 4, 'F', 158, 7, 5, 2, 2, 4, 1, '', NULL, 0, '2017-08-26 06:43:05', NULL, NULL),
(155, 636, 78, NULL, 3.75, 'A', 4, 15, 'F', 154, 15, 5, 2, 2, 4, 1, '', NULL, 0, '2017-08-26 06:44:55', NULL, NULL),
(156, 636, 88, NULL, 4, 'A+', 4, 16, 'F', 155, 15, 5, 2, 2, 4, 1, '', NULL, 0, '2017-08-26 06:44:55', NULL, NULL),
(157, 636, 89, NULL, 4, 'A+', 4, 16, 'F', 156, 15, 5, 2, 2, 4, 1, '', NULL, 0, '2017-08-26 06:44:55', NULL, NULL),
(158, 636, 85, NULL, 4, 'A+', 4, 16, 'F', 157, 15, 5, 2, 2, 4, 1, '', NULL, 0, '2017-08-26 06:44:55', NULL, NULL),
(159, 636, 98, NULL, 4, 'A+', 4, 16, 'F', 158, 15, 5, 2, 2, 4, 1, '', NULL, 0, '2017-08-26 06:44:55', NULL, NULL),
(160, 395, 44, NULL, 2, 'D', 3, 6, 'F', 154, 15, 5, 2, 2, 4, 1, '', NULL, 0, '2017-08-26 06:45:10', NULL, NULL),
(161, 395, 56, NULL, 2.75, 'B-', 3, 8.25, 'F', 155, 15, 5, 2, 2, 4, 1, '', NULL, 0, '2017-08-26 06:45:10', NULL, NULL),
(162, 395, 88, NULL, 4, 'A+', 3, 12, 'F', 156, 15, 5, 2, 2, 4, 1, '', NULL, 0, '2017-08-26 06:45:10', NULL, NULL),
(163, 395, 84, NULL, 4, 'A+', 3, 12, 'F', 157, 15, 5, 2, 2, 4, 1, '', NULL, 0, '2017-08-26 06:45:10', NULL, NULL),
(164, 395, 91, NULL, 4, 'A+', 3, 12, 'F', 158, 15, 5, 2, 2, 4, 1, '', NULL, 0, '2017-08-26 06:45:10', NULL, NULL),
(165, 394, 55, NULL, 2.75, 'B-', 3, 8.25, 'F', 154, 15, 5, 2, 2, 4, 1, '', NULL, 0, '2017-08-26 06:45:24', NULL, NULL),
(166, 394, 44, NULL, 2, 'D', 3, 6, 'F', 155, 15, 5, 2, 2, 4, 1, '', NULL, 0, '2017-08-26 06:45:24', NULL, NULL),
(167, 394, 66, NULL, 3.25, 'B+', 3, 9.75, 'F', 156, 15, 5, 2, 2, 4, 1, '', NULL, 0, '2017-08-26 06:45:24', NULL, NULL),
(168, 394, 77, NULL, 3.75, 'A', 3, 11.25, 'F', 157, 15, 5, 2, 2, 4, 1, '', NULL, 0, '2017-08-26 06:45:24', NULL, NULL),
(169, 394, 88, NULL, 4, 'A+', 3, 12, 'F', 158, 15, 5, 2, 2, 4, 1, '', NULL, 0, '2017-08-26 06:45:24', NULL, NULL),
(170, 393, 44, NULL, 2, 'D', 3, 6, 'F', 154, 15, 5, 2, 2, 4, 1, '', NULL, 0, '2017-08-26 06:45:44', NULL, NULL),
(171, 393, 20, NULL, 0, 'F', 3, 0, 'F', 155, 15, 5, 2, 2, 4, 1, '', NULL, 0, '2017-08-26 06:45:44', NULL, NULL),
(172, 393, 56, NULL, 2.75, 'B-', 3, 8.25, 'F', 156, 15, 5, 2, 2, 4, 1, '', NULL, 0, '2017-08-26 06:45:44', NULL, NULL),
(173, 393, 87, NULL, 4, 'A+', 3, 12, 'F', 157, 15, 5, 2, 2, 4, 1, '', NULL, 0, '2017-08-26 06:45:44', NULL, NULL),
(174, 393, 45, NULL, 2.25, 'C', 3, 6.75, 'F', 158, 15, 5, 2, 2, 4, 1, '', NULL, 0, '2017-08-26 06:45:44', NULL, NULL),
(176, 415, 17, 0, 0, 'F', 3, 0, 'F', 269, 6, 5, 1, 1, 2, 1, 'ok', NULL, NULL, '2017-08-28 04:30:27', NULL, NULL),
(177, 415, 82, 7, 4, 'A+', 3, 12, 'F', 18, 6, 5, 1, 1, 2, 1, 'Good Result', NULL, NULL, '2017-08-28 04:38:10', NULL, NULL);

-- --------------------------------------------------------

--
-- Table structure for table `extra_activity_type`
--

CREATE TABLE IF NOT EXISTS `extra_activity_type` (
  `ACTIVITY_TYPE_ID` int(11) NOT NULL AUTO_INCREMENT,
  `ACTIVITY_NAME` varchar(200) CHARACTER SET utf8 COLLATE utf8_croatian_ci NOT NULL,
  `DESCRIPTION` varchar(200) CHARACTER SET utf8 COLLATE utf8_croatian_ci NOT NULL,
  `ACTIVE_STATUS` tinyint(1) DEFAULT NULL,
  `CREATED_BY` int(11) DEFAULT NULL,
  `CREATE_DATE` timestamp NOT NULL DEFAULT CURRENT_TIMESTAMP,
  `UPDATED_BY` int(11) DEFAULT NULL,
  `UPDATE_DATE` datetime DEFAULT NULL,
  PRIMARY KEY (`ACTIVITY_TYPE_ID`)
) ENGINE=InnoDB DEFAULT CHARSET=utf8 AUTO_INCREMENT=1 ;

-- --------------------------------------------------------

--
-- Table structure for table `fn_academic_charge_rate`
--

CREATE TABLE IF NOT EXISTS `fn_academic_charge_rate` (
  `RATE_ID` int(11) NOT NULL AUTO_INCREMENT,
  `AC_NO` int(11) NOT NULL COMMENT 'ACCOUNT HEAD ID',
  `AMOUNT` float NOT NULL,
  `PROGRAM_ID` int(11) NOT NULL,
  `SESSION_ID` int(11) NOT NULL,
  `ACTIVE_STATUS` tinyint(1) DEFAULT '0',
  `CREATED_BY` int(11) DEFAULT NULL,
  `CREATE_DATE` timestamp NOT NULL DEFAULT CURRENT_TIMESTAMP,
  `UPDATED_BY` int(11) DEFAULT NULL,
  `UPDATE_DATE` datetime DEFAULT NULL,
  `PAYMENT_INTERVAL_ID` int(11) DEFAULT NULL,
  PRIMARY KEY (`RATE_ID`)
) ENGINE=InnoDB  DEFAULT CHARSET=latin1 AUTO_INCREMENT=7 ;

--
-- Dumping data for table `fn_academic_charge_rate`
--

INSERT INTO `fn_academic_charge_rate` (`RATE_ID`, `AC_NO`, `AMOUNT`, `PROGRAM_ID`, `SESSION_ID`, `ACTIVE_STATUS`, `CREATED_BY`, `CREATE_DATE`, `UPDATED_BY`, `UPDATE_DATE`, `PAYMENT_INTERVAL_ID`) VALUES
(1, 4, 1000, 1, 6, 1, 1, '2017-10-16 09:49:09', NULL, NULL, NULL),
(2, 5, 500, 1, 6, 1, 1, '2017-10-16 09:49:09', NULL, NULL, NULL),
(3, 6, 500, 1, 6, 1, 1, '2017-10-16 09:49:09', NULL, NULL, NULL),
(4, 4, 2000, 2, 6, 1, 1, '2017-10-16 09:49:45', NULL, NULL, NULL),
(5, 5, 1000, 2, 6, 1, 1, '2017-10-16 09:49:45', NULL, NULL, NULL),
(6, 6, 1000, 2, 6, 1, 1, '2017-10-16 09:49:45', NULL, NULL, NULL);

-- --------------------------------------------------------

--
-- Table structure for table `fn_acctype`
--

CREATE TABLE IF NOT EXISTS `fn_acctype` (
  `AC_TYPE_NO` int(11) NOT NULL AUTO_INCREMENT,
  `AC_TYPE` varchar(50) DEFAULT NULL,
  `COMPANY_NO` varchar(50) DEFAULT NULL,
  `CREATED_BY` int(11) DEFAULT NULL,
  `CREATE_DATE` timestamp NOT NULL DEFAULT CURRENT_TIMESTAMP,
  `UPDATED_BY` int(11) DEFAULT NULL,
  `UPDATE_DATE` datetime DEFAULT NULL,
  PRIMARY KEY (`AC_TYPE_NO`)
) ENGINE=InnoDB  DEFAULT CHARSET=latin1 AUTO_INCREMENT=8 ;

--
-- Dumping data for table `fn_acctype`
--

INSERT INTO `fn_acctype` (`AC_TYPE_NO`, `AC_TYPE`, `COMPANY_NO`, `CREATED_BY`, `CREATE_DATE`, `UPDATED_BY`, `UPDATE_DATE`) VALUES
(1, 'CAPITAL', NULL, NULL, '2017-10-05 09:38:43', NULL, NULL),
(2, 'INCOME', NULL, NULL, '2017-10-05 09:38:56', NULL, NULL),
(3, 'EXPENSE', NULL, NULL, '2017-10-05 09:39:06', NULL, NULL),
(4, 'CURRENT ASSET', NULL, NULL, '2017-10-05 09:39:19', NULL, NULL),
(5, 'FIXED ASSET', NULL, NULL, '2017-10-05 09:39:37', NULL, NULL),
(6, 'CURRENT LIABILITY', NULL, NULL, '2017-10-05 09:39:50', NULL, NULL),
(7, 'LIABILITY', NULL, NULL, '2017-10-05 09:39:55', NULL, NULL);

-- --------------------------------------------------------

--
-- Table structure for table `fn_achead`
--

CREATE TABLE IF NOT EXISTS `fn_achead` (
  `AC_NO` int(11) NOT NULL AUTO_INCREMENT,
  `AC_NO_UD` varchar(20) DEFAULT NULL,
  `AC_NAME` varchar(50) DEFAULT NULL,
  `AC_TYPE_NO` int(20) DEFAULT NULL,
  `PARANT_AC_NO` int(20) DEFAULT '0',
  `TRANS_FLAG` varchar(1) DEFAULT NULL,
  `OPENING_BALANCE` int(11) DEFAULT NULL,
  `ACTIVE_STATUS` tinyint(1) DEFAULT '1',
  `ENTERED_BY` varchar(16) DEFAULT NULL,
  `ENTRY_TIMESTAMP` date DEFAULT NULL,
  `UPDATED_BY` varchar(16) DEFAULT NULL,
  `UPDATE_TIMESTAMP` date DEFAULT NULL,
  PRIMARY KEY (`AC_NO`)
) ENGINE=InnoDB  DEFAULT CHARSET=latin1 AUTO_INCREMENT=11 ;

--
-- Dumping data for table `fn_achead`
--

INSERT INTO `fn_achead` (`AC_NO`, `AC_NO_UD`, `AC_NAME`, `AC_TYPE_NO`, `PARANT_AC_NO`, `TRANS_FLAG`, `OPENING_BALANCE`, `ACTIVE_STATUS`, `ENTERED_BY`, `ENTRY_TIMESTAMP`, `UPDATED_BY`, `UPDATE_TIMESTAMP`) VALUES
(1, '', 'Academic Income', 2, 0, '0', NULL, 1, '1', NULL, NULL, NULL),
(2, '101', 'Admission Form Fee', 2, 1, '1', NULL, 1, '1', NULL, NULL, NULL),
(3, '102', 'Admission Fee', 2, 1, '1', NULL, 1, '1', NULL, NULL, NULL),
(4, '103', 'Tuition Fee', 2, 1, '1', NULL, 1, '1', NULL, NULL, NULL),
(5, '104', 'Lab Fee', 2, 1, '1', NULL, 1, '1', NULL, NULL, NULL),
(6, '12121', 'Library Fee', 2, 1, '1', NULL, 1, '1', NULL, NULL, NULL),
(7, '77', 'Electricity Bill', 2, 1, NULL, NULL, 1, NULL, NULL, NULL, NULL),
(8, '23', 'Hostel Fee', 2, 1, '1', NULL, 1, '1', NULL, NULL, NULL),
(9, '232', 'Electric Bill', 2, 1, '1', NULL, 1, '1', NULL, NULL, NULL),
(10, '56', 'Water Bill', 2, 1, '1', NULL, 1, '1', NULL, NULL, NULL);

-- --------------------------------------------------------

--
-- Table structure for table `fn_billing_chd`
--

CREATE TABLE IF NOT EXISTS `fn_billing_chd` (
  `BILLING_CHD_ID` bigint(14) NOT NULL AUTO_INCREMENT,
  `BILLING_MST_ID` bigint(14) DEFAULT NULL,
  `AC_NO` int(11) NOT NULL,
  `RATE_ID` int(11) NOT NULL,
  `RATE_AMT` double DEFAULT NULL,
  `TOTAL_BILL` double DEFAULT NULL,
  `DISC_AMT` double DEFAULT NULL,
  `VAT_AMT` double DEFAULT NULL,
  `BILL_AMT` double DEFAULT NULL,
  `BILLING_MONTH` varchar(20) DEFAULT NULL,
  `REMARKS` varchar(200) CHARACTER SET utf8 COLLATE utf8_croatian_ci DEFAULT NULL,
  `ORG_ID` int(11) NOT NULL,
  `CREATED_BY` int(11) DEFAULT NULL,
  `CREATE_DATE` timestamp NOT NULL DEFAULT CURRENT_TIMESTAMP,
  `UPDATED_BY` int(11) DEFAULT NULL,
  `UPDATE_DATE` datetime DEFAULT NULL,
  PRIMARY KEY (`BILLING_CHD_ID`)
) ENGINE=InnoDB  DEFAULT CHARSET=latin1 AUTO_INCREMENT=16 ;

--
-- Dumping data for table `fn_billing_chd`
--

INSERT INTO `fn_billing_chd` (`BILLING_CHD_ID`, `BILLING_MST_ID`, `AC_NO`, `RATE_ID`, `RATE_AMT`, `TOTAL_BILL`, `DISC_AMT`, `VAT_AMT`, `BILL_AMT`, `BILLING_MONTH`, `REMARKS`, `ORG_ID`, `CREATED_BY`, `CREATE_DATE`, `UPDATED_BY`, `UPDATE_DATE`) VALUES
(1, 1, 4, 1, 1000, 11000, 0, NULL, 11000, NULL, NULL, 0, 1, '2017-11-11 09:16:32', NULL, NULL),
(2, 1, 5, 2, 500, 500, 0, NULL, 500, NULL, NULL, 0, 1, '2017-11-11 09:16:32', NULL, NULL),
(3, 1, 6, 3, 500, 500, 0, NULL, 500, NULL, NULL, 0, 1, '2017-11-11 09:16:32', NULL, NULL),
(4, 2, 4, 1, 1000, 11000, 0, NULL, 11000, NULL, NULL, 0, 1, '2017-11-11 09:16:32', NULL, NULL),
(5, 2, 5, 2, 500, 500, 0, NULL, 500, NULL, NULL, 0, 1, '2017-11-11 09:16:32', NULL, NULL),
(6, 2, 6, 3, 500, 500, 0, NULL, 500, NULL, NULL, 0, 1, '2017-11-11 09:16:32', NULL, NULL),
(7, 3, 4, 1, 1000, 11000, 8800, NULL, 2200, NULL, NULL, 0, 1, '2017-11-11 09:16:32', NULL, NULL),
(8, 3, 5, 2, 500, 500, 0, NULL, 500, NULL, NULL, 0, 1, '2017-11-11 09:16:32', NULL, NULL),
(9, 3, 6, 3, 500, 500, 0, NULL, 500, NULL, NULL, 0, 1, '2017-11-11 09:16:32', NULL, NULL),
(10, 4, 8, 0, NULL, 100, NULL, NULL, 100, '11-2017', NULL, 0, 1, '2017-11-11 09:18:40', NULL, NULL),
(11, 4, 9, 0, NULL, 200, NULL, NULL, 200, '11-2017', NULL, 0, 1, '2017-11-11 09:18:40', NULL, NULL),
(12, 4, 10, 0, NULL, 300, NULL, NULL, 300, '11-2017', NULL, 0, 1, '2017-11-11 09:18:40', NULL, NULL),
(13, 5, 8, 0, NULL, 100, NULL, NULL, 100, '11-2017', NULL, 0, 1, '2017-11-11 09:18:40', NULL, NULL),
(14, 5, 9, 0, NULL, 200, NULL, NULL, 200, '11-2017', NULL, 0, 1, '2017-11-11 09:18:40', NULL, NULL),
(15, 5, 10, 0, NULL, 300, NULL, NULL, 300, '11-2017', NULL, 0, 1, '2017-11-11 09:18:40', NULL, NULL);

-- --------------------------------------------------------

--
-- Table structure for table `fn_billing_mst`
--

CREATE TABLE IF NOT EXISTS `fn_billing_mst` (
  `BILLING_MST_ID` bigint(14) NOT NULL AUTO_INCREMENT,
  `BILLING_DT` date DEFAULT NULL,
  `STUDENT_ID` bigint(14) DEFAULT NULL,
  `APPLICANT_ID` bigint(14) DEFAULT NULL,
  `FACULTY_ID` smallint(6) NOT NULL,
  `DEPT_ID` int(11) NOT NULL,
  `PROGRAM_ID` int(11) NOT NULL,
  `SESSION_ID` int(11) NOT NULL,
  `SEMESTER_ID` int(11) DEFAULT NULL,
  `ORG_ID` int(11) NOT NULL,
  `BILL_CANCEN_FG` varchar(1) CHARACTER SET utf8 COLLATE utf8_croatian_ci DEFAULT NULL,
  `REMARKS` varchar(200) CHARACTER SET utf8 COLLATE utf8_croatian_ci DEFAULT NULL,
  `CREATED_BY` int(11) DEFAULT NULL,
  `CREATE_DATE` timestamp NOT NULL DEFAULT CURRENT_TIMESTAMP,
  `UPDATED_BY` int(11) DEFAULT NULL,
  `UPDATE_DATE` datetime DEFAULT NULL,
  PRIMARY KEY (`BILLING_MST_ID`)
) ENGINE=InnoDB  DEFAULT CHARSET=latin1 AUTO_INCREMENT=6 ;

--
-- Dumping data for table `fn_billing_mst`
--

INSERT INTO `fn_billing_mst` (`BILLING_MST_ID`, `BILLING_DT`, `STUDENT_ID`, `APPLICANT_ID`, `FACULTY_ID`, `DEPT_ID`, `PROGRAM_ID`, `SESSION_ID`, `SEMESTER_ID`, `ORG_ID`, `BILL_CANCEN_FG`, `REMARKS`, `CREATED_BY`, `CREATE_DATE`, `UPDATED_BY`, `UPDATE_DATE`) VALUES
(1, '2017-11-11', 269, NULL, 5, 1, 1, 6, 1, 0, NULL, NULL, NULL, '2017-11-11 09:16:32', NULL, NULL),
(2, '2017-11-11', 273, NULL, 5, 1, 1, 6, 1, 0, NULL, NULL, NULL, '2017-11-11 09:16:32', NULL, NULL),
(3, '2017-11-11', 18, NULL, 5, 1, 1, 6, 1, 0, NULL, NULL, NULL, '2017-11-11 09:16:32', NULL, NULL),
(4, '2017-11-11', 234, NULL, 2, 10, 9, 6, 1, 0, NULL, NULL, NULL, '2017-11-11 09:18:40', NULL, NULL),
(5, '2017-11-11', 269, NULL, 5, 1, 1, 6, 1, 0, NULL, NULL, NULL, '2017-11-11 09:18:40', NULL, NULL);

-- --------------------------------------------------------

--
-- Table structure for table `fn_payment_interval`
--

CREATE TABLE IF NOT EXISTS `fn_payment_interval` (
  `PAYMENT_INTERVAL_ID` int(11) NOT NULL AUTO_INCREMENT,
  `PAYMENT_INTERVAL_NAME` varchar(20) DEFAULT NULL,
  PRIMARY KEY (`PAYMENT_INTERVAL_ID`)
) ENGINE=InnoDB  DEFAULT CHARSET=latin1 AUTO_INCREMENT=5 ;

--
-- Dumping data for table `fn_payment_interval`
--

INSERT INTO `fn_payment_interval` (`PAYMENT_INTERVAL_ID`, `PAYMENT_INTERVAL_NAME`) VALUES
(1, 'Yearly'),
(2, 'Monthly'),
(3, 'Sermister Wise'),
(4, 'Programme Wise');

-- --------------------------------------------------------

--
-- Table structure for table `fn_voucherchd`
--

CREATE TABLE IF NOT EXISTS `fn_voucherchd` (
  `TRX_TRAN_NO` bigint(14) NOT NULL DEFAULT '0',
  `VOUCHER_NO` bigint(14) DEFAULT NULL,
  `BILLING_CHD_ID` int(11) NOT NULL,
  `AC_NO` int(11) NOT NULL,
  `PAID_AMT` double DEFAULT NULL,
  `REMARKS` varchar(200) COLLATE utf8_croatian_ci DEFAULT NULL,
  `ORG_ID` int(11) NOT NULL,
  `CREATED_BY` int(11) DEFAULT NULL,
  `CREATE_DATE` timestamp NOT NULL DEFAULT CURRENT_TIMESTAMP,
  `UPDATED_BY` int(11) DEFAULT NULL,
  `UPDATE_DATE` datetime DEFAULT NULL,
  PRIMARY KEY (`TRX_TRAN_NO`)
) ENGINE=InnoDB DEFAULT CHARSET=utf8 COLLATE=utf8_croatian_ci;

--
-- Dumping data for table `fn_voucherchd`
--

INSERT INTO `fn_voucherchd` (`TRX_TRAN_NO`, `VOUCHER_NO`, `BILLING_CHD_ID`, `AC_NO`, `PAID_AMT`, `REMARKS`, `ORG_ID`, `CREATED_BY`, `CREATE_DATE`, `UPDATED_BY`, `UPDATE_DATE`) VALUES
(17000000000144, 17000000000052, 7, 4, 2000, NULL, 0, NULL, '2017-11-25 09:03:13', NULL, NULL),
(17000000000145, 17000000000052, 8, 5, 300, NULL, 0, NULL, '2017-11-25 09:03:13', NULL, NULL),
(17000000000146, 17000000000052, 9, 6, 200, NULL, 0, NULL, '2017-11-25 09:03:13', NULL, NULL),
(17000000000147, 17000000000053, 7, 4, 100, NULL, 0, NULL, '2017-11-25 09:03:27', NULL, NULL),
(17000000000148, 17000000000053, 8, 5, 150, NULL, 0, NULL, '2017-11-25 09:03:27', NULL, NULL),
(17000000000149, 17000000000053, 9, 6, 300, NULL, 0, NULL, '2017-11-25 09:03:27', NULL, NULL),
(17000000000150, 17000000000054, 7, 4, 100, NULL, 0, NULL, '2017-11-25 09:03:41', NULL, NULL),
(17000000000151, 17000000000054, 8, 5, 50, NULL, 0, NULL, '2017-11-25 09:03:41', NULL, NULL),
(17000000000152, 17000000000054, 9, 6, 0, NULL, 0, NULL, '2017-11-25 09:03:41', NULL, NULL);

-- --------------------------------------------------------

--
-- Table structure for table `fn_vouchermst`
--

CREATE TABLE IF NOT EXISTS `fn_vouchermst` (
  `VOUCHER_NO` bigint(14) NOT NULL DEFAULT '0',
  `VOUCHER_DT` date DEFAULT NULL,
  `STUDENT_ID` bigint(14) DEFAULT NULL,
  `APPLICANT_ID` bigint(14) DEFAULT NULL,
  `ROLL_NO` varchar(20) COLLATE utf8_croatian_ci DEFAULT NULL,
  `FACULTY_ID` smallint(6) NOT NULL,
  `DEPT_ID` int(11) NOT NULL,
  `PROGRAM_ID` int(11) NOT NULL,
  `SESSION_ID` int(11) NOT NULL,
  `SEMESTER_ID` int(11) DEFAULT NULL,
  `STU_SEMINFO_ID` int(11) DEFAULT NULL,
  `ORG_ID` int(11) NOT NULL,
  `VCANCEL_FG` varchar(1) COLLATE utf8_croatian_ci DEFAULT NULL,
  `REMARKS` varchar(200) COLLATE utf8_croatian_ci DEFAULT NULL,
  `CREATED_BY` int(11) DEFAULT NULL,
  `CREATE_DATE` timestamp NOT NULL DEFAULT CURRENT_TIMESTAMP,
  `UPDATED_BY` int(11) DEFAULT NULL,
  `UPDATE_DATE` datetime DEFAULT NULL,
  PRIMARY KEY (`VOUCHER_NO`)
) ENGINE=InnoDB DEFAULT CHARSET=utf8 COLLATE=utf8_croatian_ci;

--
-- Dumping data for table `fn_vouchermst`
--

INSERT INTO `fn_vouchermst` (`VOUCHER_NO`, `VOUCHER_DT`, `STUDENT_ID`, `APPLICANT_ID`, `ROLL_NO`, `FACULTY_ID`, `DEPT_ID`, `PROGRAM_ID`, `SESSION_ID`, `SEMESTER_ID`, `STU_SEMINFO_ID`, `ORG_ID`, `VCANCEL_FG`, `REMARKS`, `CREATED_BY`, `CREATE_DATE`, `UPDATED_BY`, `UPDATE_DATE`) VALUES
(17000000000052, '2017-11-25', 18, NULL, '2015103010005', 5, 1, 1, 0, NULL, NULL, 0, NULL, NULL, NULL, '2017-11-25 09:03:13', NULL, NULL),
(17000000000053, '2017-11-25', 18, NULL, '2015103010005', 5, 1, 1, 0, NULL, NULL, 0, NULL, NULL, NULL, '2017-11-25 09:03:27', NULL, NULL),
(17000000000054, '2017-11-25', 18, NULL, '2015103010005', 5, 1, 1, 0, NULL, NULL, 0, NULL, NULL, NULL, '2017-11-25 09:03:41', NULL, NULL);

-- --------------------------------------------------------

--
-- Table structure for table `hr_desig`
--

CREATE TABLE IF NOT EXISTS `hr_desig` (
  `DESIG_ID` int(10) NOT NULL AUTO_INCREMENT,
  `DESIGNATION` varchar(100) CHARACTER SET utf8 COLLATE utf8_croatian_ci DEFAULT NULL,
  `ACTIVE_STATUS` tinyint(1) DEFAULT '1',
  `CREATED_BY` int(11) DEFAULT NULL,
  `CREATE_DATE` timestamp NOT NULL DEFAULT CURRENT_TIMESTAMP,
  `UPDATED_BY` int(11) DEFAULT NULL,
  `UPDATE_DATE` datetime DEFAULT NULL,
  PRIMARY KEY (`DESIG_ID`),
  KEY `DESIG_ID` (`DESIG_ID`),
  KEY `DESIG_ID_2` (`DESIG_ID`)
) ENGINE=InnoDB  DEFAULT CHARSET=latin1 AUTO_INCREMENT=5 ;

--
-- Dumping data for table `hr_desig`
--

INSERT INTO `hr_desig` (`DESIG_ID`, `DESIGNATION`, `ACTIVE_STATUS`, `CREATED_BY`, `CREATE_DATE`, `UPDATED_BY`, `UPDATE_DATE`) VALUES
(1, 'Programmer', 1, 8, '2017-05-16 18:00:00', NULL, '2017-05-17 00:00:00'),
(2, 'Professor', 1, 1, '2017-05-17 11:55:48', NULL, NULL),
(3, 'Asst. Derector Adm.', 1, 1, '2017-05-23 10:48:34', NULL, NULL),
(4, 'Asst. Controller', 1, 1, '2017-08-09 05:41:49', NULL, NULL);

-- --------------------------------------------------------

--
-- Table structure for table `hr_edeptdesi`
--

CREATE TABLE IF NOT EXISTS `hr_edeptdesi` (
  `EDEPTDESI_ID` int(10) NOT NULL AUTO_INCREMENT,
  `EMP_ID` int(11) NOT NULL,
  `DEPT_ID` tinyint(3) NOT NULL,
  `DESIG_ID` int(10) NOT NULL,
  `DEFAULT_FG` tinyint(1) DEFAULT '0',
  `ACTIVE_STATUS` tinyint(1) DEFAULT '1',
  `CREATED_BY` int(11) DEFAULT NULL,
  `CREATE_DATE` timestamp NOT NULL DEFAULT CURRENT_TIMESTAMP,
  `UPDATED_BY` int(11) DEFAULT NULL,
  `UPDATE_DATE` datetime DEFAULT NULL,
  PRIMARY KEY (`EDEPTDESI_ID`)
) ENGINE=InnoDB  DEFAULT CHARSET=latin1 AUTO_INCREMENT=12 ;

--
-- Dumping data for table `hr_edeptdesi`
--

INSERT INTO `hr_edeptdesi` (`EDEPTDESI_ID`, `EMP_ID`, `DEPT_ID`, `DESIG_ID`, `DEFAULT_FG`, `ACTIVE_STATUS`, `CREATED_BY`, `CREATE_DATE`, `UPDATED_BY`, `UPDATE_DATE`) VALUES
(3, 3, 10, 2, 1, 1, NULL, '2017-06-21 04:14:46', NULL, NULL),
(4, 4, 3, 2, 1, 1, NULL, '2017-06-21 04:17:26', NULL, NULL),
(5, 5, 17, 3, 1, 1, NULL, '2017-06-21 04:39:51', NULL, NULL),
(6, 6, 2, 2, 1, 1, NULL, '2017-07-02 04:34:08', NULL, NULL),
(7, 7, 6, 2, 1, 1, NULL, '2017-07-10 10:14:56', NULL, NULL),
(8, 8, 1, 2, 1, 1, NULL, '2017-07-20 10:16:07', NULL, NULL),
(9, 9, 12, 2, 1, 1, NULL, '2017-07-20 10:51:45', NULL, NULL),
(10, 10, 18, 4, 1, 1, NULL, '2017-08-09 05:43:44', NULL, NULL),
(11, 11, 15, 2, 1, 1, NULL, '2017-08-23 10:56:28', NULL, NULL);

-- --------------------------------------------------------

--
-- Table structure for table `hr_emp`
--

CREATE TABLE IF NOT EXISTS `hr_emp` (
  `EMP_ID` int(11) NOT NULL AUTO_INCREMENT,
  `FULL_ENAME` varchar(150) CHARACTER SET utf8 COLLATE utf8_croatian_ci NOT NULL,
  `FULL_BNAME` varchar(100) CHARACTER SET utf8 COLLATE utf8_croatian_ci DEFAULT NULL,
  `SHORT_NAME` varchar(11) DEFAULT NULL,
  `EMP_TYPE` varchar(20) DEFAULT NULL COMMENT 'T="Teacher",S="Stuff"',
  `DEPT_ID` int(11) DEFAULT NULL,
  `DESIG_ID` smallint(5) DEFAULT NULL,
  `ORG_ID` int(11) NOT NULL DEFAULT '1',
  `EMAIL` varchar(100) CHARACTER SET utf8 COLLATE utf8_croatian_ci DEFAULT NULL,
  `MOBILE` varchar(20) CHARACTER SET utf8 COLLATE utf8_croatian_ci DEFAULT NULL,
  `EMP_IMG` varchar(100) NOT NULL,
  `EMP_SIG` varchar(100) NOT NULL,
  `DOB` datetime DEFAULT NULL,
  `AGE` varchar(100) CHARACTER SET utf8 COLLATE utf8_croatian_ci DEFAULT NULL,
  `BLOOD_GROUP` varchar(10) CHARACTER SET utf8 COLLATE utf8_croatian_ci DEFAULT NULL,
  `HIRE_DATE` date NOT NULL,
  `TERMINATION_DATE` date DEFAULT NULL,
  `FATHER_NAME` varchar(100) CHARACTER SET utf8 COLLATE utf8_croatian_ci DEFAULT NULL,
  `MOTHER_NAME` varchar(100) CHARACTER SET utf8 COLLATE utf8_croatian_ci DEFAULT NULL,
  `MARITAL_STATUS` int(11) NOT NULL,
  `SPOUSE_NAME` varchar(100) CHARACTER SET utf8 COLLATE utf8_croatian_ci DEFAULT NULL,
  `RELIGION` varchar(10) CHARACTER SET utf8 COLLATE utf8_croatian_ci NOT NULL,
  `NATIONALITY` varchar(25) CHARACTER SET utf8 COLLATE utf8_croatian_ci NOT NULL,
  `NATIONAL_ID` bigint(17) DEFAULT NULL,
  `PLACE_OF_BIRTH` varchar(100) CHARACTER SET utf8 COLLATE utf8_croatian_ci DEFAULT NULL,
  `PASSPORT_NO` varchar(20) CHARACTER SET utf8 COLLATE utf8_croatian_ci DEFAULT NULL,
  `BIOMETRIC_ID` varchar(20) CHARACTER SET utf8 COLLATE utf8_croatian_ci DEFAULT NULL,
  `WEIGHT_KG` varchar(10) CHARACTER SET utf8 COLLATE utf8_croatian_ci DEFAULT NULL,
  `WEIGHT_LBS` varchar(10) CHARACTER SET utf8 COLLATE utf8_croatian_ci DEFAULT NULL,
  `HEIGHT_FEET` varchar(10) CHARACTER SET utf8 COLLATE utf8_croatian_ci DEFAULT NULL,
  `HEIGHT_CM` varchar(10) CHARACTER SET utf8 COLLATE utf8_croatian_ci DEFAULT NULL,
  `COLOR_OF_EYES` varchar(100) CHARACTER SET utf8 COLLATE utf8_croatian_ci DEFAULT NULL COMMENT 'Teacher Eyes Color',
  `IDENTIFY_MARK` varchar(100) CHARACTER SET utf8 COLLATE utf8_croatian_ci DEFAULT NULL,
  `JOIN_DATE` date DEFAULT NULL,
  `ACTIVE_STATUS` tinyint(1) NOT NULL DEFAULT '1',
  `CREATED_BY` bigint(14) NOT NULL,
  `CREATE_DATE` timestamp NOT NULL DEFAULT CURRENT_TIMESTAMP,
  `UPDATED_BY` bigint(14) DEFAULT NULL,
  `UPDATE_DATE` datetime DEFAULT NULL ON UPDATE CURRENT_TIMESTAMP,
  PRIMARY KEY (`EMP_ID`)
) ENGINE=InnoDB  DEFAULT CHARSET=latin1 AUTO_INCREMENT=12 ;

--
-- Dumping data for table `hr_emp`
--

INSERT INTO `hr_emp` (`EMP_ID`, `FULL_ENAME`, `FULL_BNAME`, `SHORT_NAME`, `EMP_TYPE`, `DEPT_ID`, `DESIG_ID`, `ORG_ID`, `EMAIL`, `MOBILE`, `EMP_IMG`, `EMP_SIG`, `DOB`, `AGE`, `BLOOD_GROUP`, `HIRE_DATE`, `TERMINATION_DATE`, `FATHER_NAME`, `MOTHER_NAME`, `MARITAL_STATUS`, `SPOUSE_NAME`, `RELIGION`, `NATIONALITY`, `NATIONAL_ID`, `PLACE_OF_BIRTH`, `PASSPORT_NO`, `BIOMETRIC_ID`, `WEIGHT_KG`, `WEIGHT_LBS`, `HEIGHT_FEET`, `HEIGHT_CM`, `COLOR_OF_EYES`, `IDENTIFY_MARK`, `JOIN_DATE`, `ACTIVE_STATUS`, `CREATED_BY`, `CREATE_DATE`, `UPDATED_BY`, `UPDATE_DATE`) VALUES
(3, 'Md. Rakib Mostofa', 'মোঃ রাকিব মস্তফা', 'MRM', 'T', NULL, NULL, 1, 'rakibronicse@gmail.com', '01722085398', 'rakib_photo.jpg', 'signature.jpg', '2017-06-07 00:00:00', NULL, '104', '2017-08-03', NULL, 'FATHER NAME ', 'MOTHER NAME', 12, NULL, '1', '15', 963258741369, 'Natore', NULL, NULL, '99', '', '5', '', NULL, NULL, NULL, 1, 0, '2017-06-21 04:14:46', NULL, '2017-09-17 15:07:25'),
(4, 'Emdad', 'এমদাদ', 'EM', 'T', NULL, NULL, 1, 'abhi.m.abhijit@gmail.com', '01722085398', 'photo_00033.jpg', 'rakib_sign.jpg', '2017-06-01 00:00:00', NULL, '101', '2017-07-12', NULL, 'FATHER NAME ', 'MOTHER NAME', 11, NULL, '1', '15', 963258741258, 'Dhaka', NULL, NULL, '55', '', '5', '', NULL, NULL, NULL, 1, 0, '2017-06-21 04:17:26', NULL, '2017-09-17 15:07:29'),
(5, 'Nurulla', 'নরল্লা', 'NU', 'S', NULL, NULL, 1, 'rakibro2nicse@gmail.com', '01722085398', 'photo_00008.jpg', 'rsz_screenshot_1.jpg', '2017-06-01 00:00:00', NULL, '14', '2017-08-03', NULL, 'FATHER NAME ', 'MOTHER NAME', 12, NULL, '1', '15', 963258741258, ' Dhaka', NULL, NULL, '66', '', '6', '', NULL, NULL, NULL, 1, 0, '2017-06-21 04:39:51', NULL, '2017-09-17 15:07:32'),
(6, 'Shabnam Akhi', '', 'SA', 'T', NULL, NULL, 1, 'akhi@atilimited.net', '01722085398', 'photo_00015.jpg', '', '2017-07-02 00:00:00', NULL, '', '2017-07-11', NULL, 'Demo', 'Demo', 0, NULL, '', '15', 0, ' ', NULL, NULL, '', '', '', '', NULL, NULL, NULL, 1, 0, '2017-07-02 04:34:08', NULL, '2017-09-17 15:07:35'),
(7, 'Reazul', '', 'RE', 'T', NULL, NULL, 1, 'reazulislam651@gmail.com', '01918934651', 'shovon.jpg', 'rsz_chrysanthemum.jpg', '2017-07-10 00:00:00', NULL, '', '2017-08-03', NULL, 'Hamid', 'sultana', 0, NULL, '', '15', 0, ' ', NULL, NULL, '', '', '', '', NULL, NULL, NULL, 1, 0, '2017-07-10 10:14:56', NULL, '2017-09-17 15:07:39'),
(8, 'Foysal Ahmed', 'নাম ', 'FA', 'T', NULL, NULL, 1, 'reazulislam651@gmail.com', '01722085398', 'photo_00010.jpg', 'rsz_signature_160150303008.jpg', '2017-07-20 00:00:00', NULL, '', '2017-06-28', NULL, 'Father name', '', 0, NULL, '', '15', 0, ' ', NULL, NULL, '', '', '', '', NULL, NULL, NULL, 1, 0, '2017-07-20 10:16:07', NULL, '2017-09-17 15:07:21'),
(9, 'Super Admin', 'সুপার', NULL, 'S', NULL, NULL, 1, 'reazulislam651@gmail.com', '01722085398', 'photo_00005.jpg', 'sign05.png', '2017-07-20 00:00:00', NULL, '', '2017-07-31', NULL, 'Father Name', 'Mother Name', 0, NULL, '', '15', 0, ' ', NULL, NULL, '', '', '', '', NULL, NULL, NULL, 1, 0, '2017-07-20 10:51:45', NULL, '2017-08-03 14:33:05'),
(10, 'Siddiqur', 'সিদ্দিকুর', 'SI', NULL, NULL, NULL, 1, 'siddiqur@gmail.com', '01548547542', 'photo_00024.jpg', 'sign05.png', '2017-08-23 00:00:00', NULL, '', '2017-09-17', NULL, 'My Father', 'My Mother', 11, NULL, '1', '15', 0, 'Dhaka', NULL, NULL, '75', '', '5.5', '', NULL, NULL, NULL, 1, 0, '2017-08-09 05:43:44', NULL, '2017-09-17 15:07:54'),
(11, 'Siam Ahmed', 'সিয়াম', 'SA', NULL, NULL, NULL, 1, 'siam@yahoo.com', '01718475412', 'photo_00016.jpg', 'sign05.png', '2017-08-17 00:00:00', NULL, '14', '2017-09-17', NULL, 'My Father', 'My Mother', 11, NULL, '1', '11', 0, ' Dhaka', NULL, NULL, '48', '', '5.6', '', NULL, NULL, NULL, 1, 0, '2017-08-23 10:56:28', NULL, '2017-09-17 15:08:09');

-- --------------------------------------------------------

--
-- Table structure for table `hr_leave`
--

CREATE TABLE IF NOT EXISTS `hr_leave` (
  `LEAVE_ID` int(10) NOT NULL AUTO_INCREMENT,
  `EMP_ID` int(11) NOT NULL,
  `DEPT_ID` tinyint(3) NOT NULL,
  `DESIG_ID` int(10) DEFAULT NULL,
  `LEAVE_FORM` date DEFAULT NULL,
  `LEAVE_TO` date DEFAULT NULL,
  `LEAVE_REASON` varchar(300) NOT NULL,
  `EMR_CONTACT` varchar(15) NOT NULL,
  `ADDRESS_DURING_LEAVE` varchar(150) NOT NULL,
  `ACTIVE_STATUS` tinyint(1) DEFAULT '1',
  `APROVED_STATUS` tinyint(1) DEFAULT NULL,
  `APROVED_BY` tinyint(1) DEFAULT NULL,
  `APPROVED_REMARKS` varchar(100) DEFAULT NULL,
  `CREATED_BY` int(11) DEFAULT NULL,
  `CREATE_DATE` timestamp NOT NULL DEFAULT CURRENT_TIMESTAMP,
  `UPDATED_BY` int(11) DEFAULT NULL,
  `UPDATE_DATE` datetime DEFAULT NULL,
  PRIMARY KEY (`LEAVE_ID`)
) ENGINE=InnoDB  DEFAULT CHARSET=latin1 AUTO_INCREMENT=25 ;

--
-- Dumping data for table `hr_leave`
--

INSERT INTO `hr_leave` (`LEAVE_ID`, `EMP_ID`, `DEPT_ID`, `DESIG_ID`, `LEAVE_FORM`, `LEAVE_TO`, `LEAVE_REASON`, `EMR_CONTACT`, `ADDRESS_DURING_LEAVE`, `ACTIVE_STATUS`, `APROVED_STATUS`, `APROVED_BY`, `APPROVED_REMARKS`, `CREATED_BY`, `CREATE_DATE`, `UPDATED_BY`, `UPDATE_DATE`) VALUES
(22, 8, 1, 2, '2017-11-27', '2017-11-28', 'Have to go Home Town', '01552145852', 'Uttara, Dhaka.', 1, 1, 9, 'Go and Enjoy', 18, '2017-11-21 08:18:28', 9, NULL),
(24, 8, 1, 2, '2017-11-29', '2017-12-01', 'Familly Issue', '01722085398', 'Dhaka', 1, 1, 9, 'Ok approved', 18, '2017-11-21 09:15:08', 9, NULL);

-- --------------------------------------------------------

--
-- Table structure for table `ins_degree`
--

CREATE TABLE IF NOT EXISTS `ins_degree` (
  `DEGREE_ID` tinyint(6) NOT NULL AUTO_INCREMENT,
  `DEGREE_NAME` varchar(80) COLLATE utf8_croatian_ci NOT NULL,
  `ACTIVE_STATUS` tinyint(1) DEFAULT '1',
  `CREATED_BY` bigint(14) NOT NULL,
  `CREATE_DATE` timestamp NOT NULL DEFAULT CURRENT_TIMESTAMP,
  `UPDATED_BY` bigint(14) DEFAULT NULL,
  `UPDATE_DATE` datetime DEFAULT NULL ON UPDATE CURRENT_TIMESTAMP,
  `CADM_STATUS` tinyint(1) DEFAULT '0',
  `PROSPECTUS` varchar(300) COLLATE utf8_croatian_ci DEFAULT NULL,
  `BROCHURE` varchar(300) COLLATE utf8_croatian_ci DEFAULT NULL,
  PRIMARY KEY (`DEGREE_ID`)
) ENGINE=InnoDB  DEFAULT CHARSET=utf8 COLLATE=utf8_croatian_ci AUTO_INCREMENT=6 ;

--
-- Dumping data for table `ins_degree`
--

INSERT INTO `ins_degree` (`DEGREE_ID`, `DEGREE_NAME`, `ACTIVE_STATUS`, `CREATED_BY`, `CREATE_DATE`, `UPDATED_BY`, `UPDATE_DATE`, `CADM_STATUS`, `PROSPECTUS`, `BROCHURE`) VALUES
(3, 'Undergraduate', 1, 1, '2017-04-23 04:12:06', NULL, '2017-09-24 16:36:54', 0, NULL, NULL),
(4, 'Postgraduate', 1, 1, '2017-04-23 09:25:56', NULL, '2017-06-14 14:49:03', 0, NULL, NULL),
(5, 'Diploma', 1, 1, '2017-04-23 09:26:04', NULL, '2017-11-25 10:11:47', 0, NULL, NULL);

-- --------------------------------------------------------

--
-- Table structure for table `ins_dept`
--

CREATE TABLE IF NOT EXISTS `ins_dept` (
  `DEPT_ID` int(11) NOT NULL AUTO_INCREMENT,
  `DEPT_ABBR` varchar(10) COLLATE utf8_croatian_ci NOT NULL,
  `DEPT_NAME` varchar(200) COLLATE utf8_croatian_ci NOT NULL,
  `UFOR_ACM` tinyint(1) DEFAULT '1' COMMENT 'use for academic',
  `UD_SLNO` tinyint(3) NOT NULL,
  `ACTIVE_STATUS` smallint(1) DEFAULT '1',
  `CREATED_BY` bigint(14) NOT NULL,
  `CREATE_DATE` timestamp NOT NULL DEFAULT CURRENT_TIMESTAMP,
  `UPDATED_BY` bigint(14) DEFAULT NULL,
  `UPDATE_DATE` datetime DEFAULT NULL ON UPDATE CURRENT_TIMESTAMP,
  PRIMARY KEY (`DEPT_ID`)
) ENGINE=InnoDB  DEFAULT CHARSET=utf8 COLLATE=utf8_croatian_ci AUTO_INCREMENT=19 ;

--
-- Dumping data for table `ins_dept`
--

INSERT INTO `ins_dept` (`DEPT_ID`, `DEPT_ABBR`, `DEPT_NAME`, `UFOR_ACM`, `UD_SLNO`, `ACTIVE_STATUS`, `CREATED_BY`, `CREATE_DATE`, `UPDATED_BY`, `UPDATE_DATE`) VALUES
(1, 'TE', 'Textile Engineering', 1, 1, 1, 1, '2017-06-14 08:29:45', NULL, '2017-06-15 10:22:38'),
(2, 'CSE', 'Computer Science & Engineering', 1, 2, 1, 1, '2017-06-14 08:30:00', NULL, '2017-06-15 10:22:50'),
(3, 'EEE', 'Electrical & Electronics Engineering ', 1, 3, 1, 1, '2017-06-14 08:30:16', NULL, '2017-06-15 10:22:57'),
(4, 'ETE', 'Electronics & Telecommunication Engineering', 1, 4, 1, 1, '2017-06-14 08:30:31', NULL, '2017-06-15 10:27:09'),
(5, 'MME', 'Mechatronics and Micro-Mechatronics Engineering', 1, 5, 1, 1, '2017-06-14 08:31:32', NULL, '2017-06-15 10:27:15'),
(6, 'MP', ' Medical Physics', 1, 6, 1, 1, '2017-06-14 08:31:52', NULL, '2017-06-15 10:27:23'),
(7, 'BB', 'Biochemistry and Biotechnology ', 1, 7, 1, 1, '2017-06-14 08:32:44', NULL, '2017-06-15 10:27:29'),
(8, 'M', 'Microbiology', 1, 8, 1, 1, '2017-06-14 08:33:10', NULL, '2017-06-15 10:27:37'),
(9, 'P', 'Pharmacy', 1, 9, 1, 1, '2017-06-14 08:33:26', NULL, '2017-06-15 10:27:39'),
(10, 'BA', 'Business Administrator', 1, 10, 1, 1, '2017-06-14 08:34:06', NULL, '2017-06-15 10:27:41'),
(11, 'MIS', 'Management Information System', 1, 11, 1, 1, '2017-06-14 08:34:38', NULL, '2017-06-15 10:27:43'),
(12, 'E', 'English', 1, 12, 1, 1, '2017-06-14 08:34:59', NULL, '2017-06-15 10:27:45'),
(13, 'LIS', 'Library and Information Science', 1, 13, 1, 1, '2017-06-14 08:35:29', NULL, '2017-06-15 10:27:47'),
(14, 'IS', 'Islamic Studies', 1, 14, 1, 1, '2017-06-14 08:35:55', NULL, '2017-06-15 10:27:49'),
(15, 'L', 'Law', 1, 15, 1, 1, '2017-06-14 08:36:06', NULL, '2017-06-15 10:27:52'),
(17, 'ADM', 'Admission', 0, 16, 1, 1, '2017-06-21 04:38:04', NULL, NULL),
(18, 'COE', 'Controller of Examination', 0, 1, 1, 1, '2017-08-09 05:35:59', NULL, NULL);

-- --------------------------------------------------------

--
-- Table structure for table `ins_faculty`
--

CREATE TABLE IF NOT EXISTS `ins_faculty` (
  `FACULTY_ID` smallint(6) NOT NULL AUTO_INCREMENT,
  `FACULTY_NAME` varchar(150) COLLATE utf8_croatian_ci DEFAULT NULL,
  `ACTIVE_STATUS` tinyint(1) DEFAULT '1',
  `CREATED_BY` bigint(14) NOT NULL,
  `CREATE_DATE` timestamp NOT NULL DEFAULT CURRENT_TIMESTAMP,
  `UPDATED_BY` bigint(14) DEFAULT NULL,
  `UPDATE_DATE` datetime DEFAULT NULL ON UPDATE CURRENT_TIMESTAMP,
  `UD_SLNO` tinyint(1) NOT NULL COMMENT 'user define serial no',
  `START_DT` date NOT NULL,
  PRIMARY KEY (`FACULTY_ID`)
) ENGINE=InnoDB  DEFAULT CHARSET=utf8 COLLATE=utf8_croatian_ci AUTO_INCREMENT=7 ;

--
-- Dumping data for table `ins_faculty`
--

INSERT INTO `ins_faculty` (`FACULTY_ID`, `FACULTY_NAME`, `ACTIVE_STATUS`, `CREATED_BY`, `CREATE_DATE`, `UPDATED_BY`, `UPDATE_DATE`, `UD_SLNO`, `START_DT`) VALUES
(1, 'School of Bio-Medical Science', 1, 1, '2017-04-23 08:08:00', NULL, '2017-07-18 15:03:46', 1, '0000-00-00'),
(2, 'School of Business Administration', 1, 1, '2017-04-23 08:08:09', NULL, '2017-06-15 10:07:17', 2, '0000-00-00'),
(3, 'School of Human Science', 1, 1, '2017-04-23 08:08:18', NULL, '2017-06-15 10:07:27', 3, '0000-00-00'),
(4, 'School of Law', 1, 1, '2017-04-23 09:27:02', NULL, '2017-06-15 10:08:11', 4, '0000-00-00'),
(5, 'School of Science & Engineering', 1, 1, '2017-04-23 09:27:13', NULL, '2017-06-15 10:08:19', 5, '0000-00-00'),
(6, 'School of Social Science', 0, 1, '2017-06-14 09:24:16', NULL, '2017-11-25 10:22:18', 6, '0000-00-00');

-- --------------------------------------------------------

--
-- Table structure for table `ins_fac_dept`
--

CREATE TABLE IF NOT EXISTS `ins_fac_dept` (
  `FAC_DEPT_ID` smallint(6) NOT NULL AUTO_INCREMENT,
  `FACULTY_ID` smallint(6) NOT NULL,
  `DEPT_ID` int(11) NOT NULL,
  `CREATED_BY` bigint(14) NOT NULL,
  `CREATE_DATE` timestamp NOT NULL DEFAULT CURRENT_TIMESTAMP,
  `UPDATED_BY` bigint(14) DEFAULT NULL,
  `UPDATE_DATE` datetime DEFAULT NULL ON UPDATE CURRENT_TIMESTAMP,
  PRIMARY KEY (`FAC_DEPT_ID`)
) ENGINE=InnoDB  DEFAULT CHARSET=latin1 AUTO_INCREMENT=17 ;

--
-- Dumping data for table `ins_fac_dept`
--

INSERT INTO `ins_fac_dept` (`FAC_DEPT_ID`, `FACULTY_ID`, `DEPT_ID`, `CREATED_BY`, `CREATE_DATE`, `UPDATED_BY`, `UPDATE_DATE`) VALUES
(1, 5, 1, 0, '2017-06-14 08:29:45', NULL, '2017-06-15 10:31:05'),
(2, 5, 2, 0, '2017-06-14 08:30:00', NULL, '2017-06-15 10:31:13'),
(3, 5, 3, 0, '2017-06-14 08:30:16', NULL, '2017-06-15 10:31:23'),
(4, 5, 4, 0, '2017-06-14 08:30:31', NULL, '2017-06-15 10:31:34'),
(5, 5, 5, 0, '2017-06-14 08:31:32', NULL, '2017-06-15 10:33:54'),
(6, 5, 6, 0, '2017-06-14 08:31:52', NULL, '2017-06-15 10:33:43'),
(7, 1, 7, 0, '2017-06-14 08:32:44', NULL, '2017-06-15 10:33:33'),
(8, 1, 8, 0, '2017-06-14 08:33:10', NULL, '2017-06-15 10:33:27'),
(9, 1, 9, 0, '2017-06-14 08:33:26', NULL, '2017-06-15 10:33:19'),
(10, 2, 10, 0, '2017-06-14 08:34:06', NULL, '2017-06-15 10:33:04'),
(11, 2, 11, 0, '2017-06-14 08:34:38', NULL, '2017-06-15 10:32:52'),
(12, 3, 12, 0, '2017-06-14 08:34:59', NULL, '2017-06-15 10:32:37'),
(13, 3, 13, 0, '2017-06-14 08:35:29', NULL, '2017-06-15 10:32:29'),
(14, 3, 14, 0, '2017-06-14 08:35:55', NULL, '2017-06-15 10:32:19'),
(15, 4, 15, 0, '2017-06-14 08:36:06', NULL, '2017-06-15 10:31:56'),
(16, 1, 16, 0, '2017-06-15 04:16:19', NULL, NULL);

-- --------------------------------------------------------

--
-- Table structure for table `ins_program`
--

CREATE TABLE IF NOT EXISTS `ins_program` (
  `PROGRAM_ID` int(11) NOT NULL AUTO_INCREMENT,
  `PROGRAM_NAME` varchar(150) COLLATE utf8_croatian_ci DEFAULT NULL,
  `PROGRAM_SHORT_NAME` varchar(20) COLLATE utf8_croatian_ci DEFAULT NULL,
  `DEGREE_ID` int(11) DEFAULT NULL,
  `FACULTY_ID` smallint(6) DEFAULT NULL,
  `DEPT_ID` int(11) NOT NULL,
  `SESSION_TYPE` varchar(1) COLLATE utf8_croatian_ci NOT NULL,
  `TOTAL_SESSION` int(11) NOT NULL,
  `DURATION` tinyint(1) NOT NULL,
  `ACTIVE_STATUS` tinyint(1) DEFAULT '1',
  `CREATED_BY` bigint(14) NOT NULL,
  `CREATE_DATE` timestamp NOT NULL DEFAULT CURRENT_TIMESTAMP,
  `UPDATED_BY` bigint(14) DEFAULT NULL,
  `UPDATE_DATE` datetime DEFAULT NULL ON UPDATE CURRENT_TIMESTAMP,
  `UD_SLNO` smallint(3) NOT NULL COMMENT 'user define serial no',
  PRIMARY KEY (`PROGRAM_ID`)
) ENGINE=InnoDB  DEFAULT CHARSET=utf8 COLLATE=utf8_croatian_ci AUTO_INCREMENT=24 ;

--
-- Dumping data for table `ins_program`
--

INSERT INTO `ins_program` (`PROGRAM_ID`, `PROGRAM_NAME`, `PROGRAM_SHORT_NAME`, `DEGREE_ID`, `FACULTY_ID`, `DEPT_ID`, `SESSION_TYPE`, `TOTAL_SESSION`, `DURATION`, `ACTIVE_STATUS`, `CREATED_BY`, `CREATE_DATE`, `UPDATED_BY`, `UPDATE_DATE`, `UD_SLNO`) VALUES
(1, 'B.Sc. in Textile Engineering', 'Bsc in TE', 3, 5, 1, '', 8, 0, 1, 1, '2017-06-14 08:37:59', NULL, '2017-07-30 16:52:25', 1),
(2, 'B.Sc. in Computer Science & Engineering', 'Bsc in CSE', 3, 5, 2, '', 8, 0, 1, 1, '2017-06-14 08:38:21', NULL, '2017-07-30 16:52:32', 2),
(3, 'B.Sc. in Electrical & Electronics Engineering ', 'Bsc in EEE', 3, 5, 3, '', 8, 0, 1, 1, '2017-06-14 08:39:00', NULL, '2017-07-30 16:52:37', 3),
(4, 'B.Sc. in Electronics & Telecommunication Engineering', 'Bsc in ETE', 3, 5, 4, '', 8, 0, 1, 1, '2017-06-14 08:39:18', NULL, '2017-07-30 16:52:45', 4),
(5, 'M.S. in Medical Physics', 'Bsc in MP', 4, 5, 6, '', 8, 0, 1, 1, '2017-06-14 08:40:03', NULL, '2017-07-30 16:52:51', 0),
(6, 'B.Sc. in Biochemistry and Biotechnology', 'Bsc in BB', 3, 1, 7, '', 8, 0, 1, 1, '2017-06-14 08:40:27', NULL, '2017-07-30 16:53:01', 1),
(7, 'B.Sc. in Microbiology', NULL, 3, 1, 8, '', 8, 0, 1, 1, '2017-06-14 08:40:44', NULL, '2017-06-15 10:41:38', 2),
(8, 'B.Sc. in Pharmacy ', NULL, 3, 1, 9, '', 8, 0, 1, 1, '2017-06-14 08:40:57', NULL, '2017-06-15 10:41:51', 3),
(9, 'Bachelor of Business Administration', NULL, 3, 2, 10, '', 8, 0, 1, 1, '2017-06-14 08:41:34', NULL, '2017-06-15 10:42:15', 1),
(10, 'Master of Business Administration', NULL, 4, 2, 10, '', 8, 0, 1, 1, '2017-06-14 08:41:56', NULL, '2017-06-15 10:44:48', 0),
(11, 'Executive Masters of Business Administration', NULL, 4, 2, 10, '', 8, 0, 1, 1, '2017-06-14 08:42:27', NULL, '2017-06-15 10:45:19', 0),
(12, 'Bachelor of Management Information Systems', NULL, 3, 2, 11, '', 8, 0, 1, 1, '2017-06-14 08:43:31', NULL, '2017-07-23 11:56:49', 2),
(13, 'Master of Arts in English ', NULL, 4, 3, 12, '', 8, 0, 1, 1, '2017-06-14 08:45:02', NULL, '2017-06-15 10:46:20', 0),
(14, 'Master of Library & Information Science', NULL, 4, 3, 13, '', 8, 0, 1, 1, '2017-06-14 08:45:36', NULL, '2017-06-15 10:46:37', 0),
(15, 'Master of Arts in Islamic Studies', NULL, 4, 3, 14, '', 8, 0, 1, 1, '2017-06-14 08:46:40', NULL, '2017-06-15 10:46:51', 0),
(16, 'Master of Law', NULL, 4, 5, 15, '', 8, 0, 1, 1, '2017-06-14 08:47:12', NULL, NULL, 0),
(17, 'Postgraduate Diploma in library and Information Science', NULL, 4, 3, 13, '', 8, 0, 1, 1, '2017-06-14 08:49:54', NULL, '2017-06-15 10:47:17', 0),
(18, 'Master of Arts Islamic Studies', NULL, 4, 3, 14, '', 8, 0, 1, 1, '2017-06-14 08:51:05', NULL, '2017-06-15 10:47:34', 0),
(19, 'M.Sc. Mechatronic and Micro-Mechatronics Engineering', NULL, 4, 5, 5, '', 8, 0, 1, 1, '2017-06-14 08:52:32', NULL, '2017-06-15 10:48:03', 0),
(20, 'B.A Hons in English', NULL, 3, 3, 12, '', 8, 0, 1, 1, '2017-06-14 08:53:24', NULL, '2017-06-15 10:42:53', 1),
(21, 'Bachelor of Library and Information Science', NULL, 3, 3, 13, '', 8, 0, 1, 1, '2017-06-14 08:54:14', NULL, '2017-06-15 10:43:19', 2),
(22, 'B.A  Hons in Islamic Studies ', NULL, 3, 3, 14, '', 8, 0, 1, 1, '2017-06-14 08:55:24', NULL, '2017-06-15 10:43:36', 3),
(23, 'Bachelor of Law', NULL, 3, 4, 15, '', 8, 0, 1, 1, '2017-06-14 08:56:32', NULL, '2017-06-15 10:43:49', 1);

-- --------------------------------------------------------

--
-- Table structure for table `ins_sduration`
--

CREATE TABLE IF NOT EXISTS `ins_sduration` (
  `SDURATION_ID` bigint(14) NOT NULL AUTO_INCREMENT,
  `SESSION_ID` tinyint(1) NOT NULL,
  `SESSION_TYPE` varchar(1) NOT NULL,
  `START_DT` date NOT NULL,
  `END_DT` date NOT NULL,
  `CREATED_BY` bigint(14) NOT NULL,
  `CREATE_DATE` timestamp NOT NULL DEFAULT CURRENT_TIMESTAMP,
  `UPDATED_BY` bigint(14) DEFAULT NULL,
  `UPDATE_DATE` datetime DEFAULT NULL ON UPDATE CURRENT_TIMESTAMP,
  `ACTIVE_STATUS` tinyint(1) DEFAULT '1',
  PRIMARY KEY (`SDURATION_ID`)
) ENGINE=InnoDB DEFAULT CHARSET=utf8 AUTO_INCREMENT=1 ;

-- --------------------------------------------------------

--
-- Table structure for table `ins_session`
--

CREATE TABLE IF NOT EXISTS `ins_session` (
  `SESSION_ID` tinyint(1) NOT NULL AUTO_INCREMENT,
  `SESSION_NAME` varchar(35) COLLATE utf8_croatian_ci DEFAULT NULL,
  `SEMESTER` tinyint(1) DEFAULT '1',
  `TRIMESTER` tinyint(1) DEFAULT '1',
  `ACTIVE_STATUS` tinyint(1) DEFAULT '1',
  `CREATED_BY` bigint(14) NOT NULL,
  `CREATE_DATE` timestamp NOT NULL DEFAULT CURRENT_TIMESTAMP,
  `UPDATED_BY` bigint(14) DEFAULT NULL,
  `UPDATE_DATE` datetime DEFAULT NULL ON UPDATE CURRENT_TIMESTAMP,
  `UD_SLNO` tinyint(1) DEFAULT NULL,
  PRIMARY KEY (`SESSION_ID`)
) ENGINE=InnoDB  DEFAULT CHARSET=utf8 COLLATE=utf8_croatian_ci AUTO_INCREMENT=4 ;

--
-- Dumping data for table `ins_session`
--

INSERT INTO `ins_session` (`SESSION_ID`, `SESSION_NAME`, `SEMESTER`, `TRIMESTER`, `ACTIVE_STATUS`, `CREATED_BY`, `CREATE_DATE`, `UPDATED_BY`, `UPDATE_DATE`, `UD_SLNO`) VALUES
(1, 'Fall', 1, 1, 1, 1, '2017-04-24 05:56:46', NULL, '2017-06-20 10:06:19', 1),
(2, 'Spring', 1, 1, 1, 1, '2017-04-24 05:56:54', NULL, '2017-06-20 10:06:35', 2),
(3, 'Summer', 1, 1, 1, 1, '2017-04-24 05:57:01', NULL, '2017-06-20 10:08:39', 3);

-- --------------------------------------------------------

--
-- Table structure for table `ins_years`
--

CREATE TABLE IF NOT EXISTS `ins_years` (
  `YEAR_ID` bigint(14) NOT NULL AUTO_INCREMENT,
  `YEAR_TITLE` varchar(200) NOT NULL,
  `YEAR_DESC` text CHARACTER SET latin1,
  `START_DT` date NOT NULL,
  `END_DT` date NOT NULL,
  `CREATED_BY` bigint(14) NOT NULL,
  `CREATE_DATE` timestamp NOT NULL DEFAULT CURRENT_TIMESTAMP,
  `UPDATED_BY` bigint(14) DEFAULT NULL,
  `UPDATE_DATE` datetime DEFAULT NULL ON UPDATE CURRENT_TIMESTAMP,
  `DINYEAR` smallint(4) NOT NULL,
  `ACTIVE_STATUS` tinyint(1) DEFAULT '1',
  PRIMARY KEY (`YEAR_ID`)
) ENGINE=InnoDB  DEFAULT CHARSET=utf8 AUTO_INCREMENT=8 ;

--
-- Dumping data for table `ins_years`
--

INSERT INTO `ins_years` (`YEAR_ID`, `YEAR_TITLE`, `YEAR_DESC`, `START_DT`, `END_DT`, `CREATED_BY`, `CREATE_DATE`, `UPDATED_BY`, `UPDATE_DATE`, `DINYEAR`, `ACTIVE_STATUS`) VALUES
(1, '2013', '<p>fg</p>', '2013-01-01', '2013-12-31', 0, '2017-04-24 09:14:19', NULL, '2017-05-14 11:59:38', 0, 1),
(2, '2014', '<p><br></p>', '2014-01-01', '2014-12-31', 0, '2017-04-24 09:22:53', NULL, '2017-05-14 12:00:09', 0, 1),
(4, '2015', '', '2015-01-01', '2015-12-31', 0, '2017-05-14 05:48:51', NULL, '2017-05-14 12:00:53', 0, 1),
(5, '2016', '', '2016-01-01', '2016-12-31', 0, '2017-05-14 05:49:26', NULL, '2017-05-14 12:00:26', 0, 1),
(6, '2017', '<p>Current year</p>', '2017-01-01', '2017-12-31', 0, '2017-05-14 05:58:12', NULL, NULL, 0, 1),
(7, '2018', '', '2017-01-06', '1970-01-01', 0, '2017-06-01 06:16:19', NULL, '2017-06-14 10:39:14', 0, 1);

-- --------------------------------------------------------

--
-- Table structure for table `ins_ysession`
--

CREATE TABLE IF NOT EXISTS `ins_ysession` (
  `YSESSION_ID` smallint(5) NOT NULL AUTO_INCREMENT,
  `SESSION_ID` int(11) NOT NULL,
  `DINYEAR` varchar(10) NOT NULL,
  `IS_CURRENT` tinyint(1) NOT NULL DEFAULT '1',
  `TRIMESTER` tinyint(1) DEFAULT '1',
  `SEMESTER` tinyint(1) DEFAULT '1',
  `UD_SLNO` int(3) DEFAULT NULL,
  `CREATED_BY` bigint(14) NOT NULL,
  `CREATE_DATE` timestamp NOT NULL DEFAULT CURRENT_TIMESTAMP,
  `UPDATED_BY` bigint(14) DEFAULT NULL,
  `UPDATE_DATE` datetime DEFAULT NULL ON UPDATE CURRENT_TIMESTAMP,
  `ACTIVE_STATUS` tinyint(1) DEFAULT '1',
  PRIMARY KEY (`YSESSION_ID`)
) ENGINE=InnoDB  DEFAULT CHARSET=utf8 AUTO_INCREMENT=16 ;

--
-- Dumping data for table `ins_ysession`
--

INSERT INTO `ins_ysession` (`YSESSION_ID`, `SESSION_ID`, `DINYEAR`, `IS_CURRENT`, `TRIMESTER`, `SEMESTER`, `UD_SLNO`, `CREATED_BY`, `CREATE_DATE`, `UPDATED_BY`, `UPDATE_DATE`, `ACTIVE_STATUS`) VALUES
(1, 1, '2016', 0, 1, 0, 10, 1, '2017-05-14 06:04:30', NULL, '2017-06-15 11:17:04', 1),
(2, 2, '2016', 0, 1, 0, 11, 1, '2017-05-14 06:04:34', NULL, '2017-06-15 11:17:07', 1),
(3, 3, '2016', 0, 1, 0, 12, 1, '2017-05-14 06:04:38', NULL, '2017-06-15 11:17:10', 1),
(4, 1, '2017', 0, 1, 0, 13, 1, '2017-05-14 06:04:46', NULL, '2017-06-15 11:17:12', 1),
(5, 2, '2017', 0, 1, 0, 14, 1, '2017-05-14 06:04:49', 1, '2017-10-10 15:31:02', 1),
(6, 3, '2017', 1, 1, 0, 15, 1, '2017-05-14 06:04:52', 1, '2017-10-10 15:31:02', 1),
(7, 3, '2015', 0, 1, 0, 1, 1, '2017-05-15 04:03:47', 1, '2017-07-11 17:01:21', 1),
(8, 1, '2013', 0, 1, 0, 2, 1, '2017-06-14 05:02:05', NULL, '2017-06-15 11:17:33', 1),
(9, 2, '2013', 0, 1, 0, 3, 1, '2017-06-14 05:02:09', NULL, '2017-06-15 11:17:35', 1),
(10, 3, '2013', 0, 1, 0, 4, 1, '2017-06-14 05:02:13', NULL, '2017-06-15 11:17:37', 1),
(11, 3, '2014', 0, 1, 0, 5, 1, '2017-06-14 05:02:16', NULL, '2017-06-15 11:17:38', 1),
(12, 2, '2014', 0, 1, 0, 6, 1, '2017-06-14 05:02:19', NULL, '2017-06-15 11:17:41', 1),
(13, 1, '2014', 0, 1, 0, 7, 1, '2017-06-14 05:02:22', NULL, '2017-06-15 11:17:43', 1),
(14, 1, '2015', 0, 1, 0, 8, 1, '2017-06-14 05:02:26', NULL, '2017-06-15 11:17:45', 1),
(15, 2, '2015', 0, 1, 0, 9, 1, '2017-06-14 05:02:30', NULL, '2017-06-15 11:17:50', 1);

-- --------------------------------------------------------

--
-- Table structure for table `inv_item`
--

CREATE TABLE IF NOT EXISTS `inv_item` (
  `ITEM_ID` int(11) NOT NULL AUTO_INCREMENT,
  `ITEM_NAME` varchar(150) DEFAULT NULL,
  `ITEM_CODE` varchar(20) DEFAULT NULL,
  `DESC` varchar(100) DEFAULT NULL,
  `ITEM_CAT_ID` int(11) DEFAULT NULL,
  `UNIT_ID` int(11) DEFAULT NULL,
  `ACTIVE_STATUS` tinyint(1) NOT NULL DEFAULT '1',
  `CREATED_BY` bigint(14) NOT NULL,
  `CREATE_DATE` timestamp NOT NULL DEFAULT CURRENT_TIMESTAMP,
  `UPDATED_BY` bigint(14) DEFAULT NULL,
  `UPDATE_DATE` datetime DEFAULT NULL ON UPDATE CURRENT_TIMESTAMP,
  PRIMARY KEY (`ITEM_ID`)
) ENGINE=InnoDB  DEFAULT CHARSET=latin1 AUTO_INCREMENT=13 ;

--
-- Dumping data for table `inv_item`
--

INSERT INTO `inv_item` (`ITEM_ID`, `ITEM_NAME`, `ITEM_CODE`, `DESC`, `ITEM_CAT_ID`, `UNIT_ID`, `ACTIVE_STATUS`, `CREATED_BY`, `CREATE_DATE`, `UPDATED_BY`, `UPDATE_DATE`) VALUES
(1, 'chair', '0057', 'buy', 1, 4, 1, 1, '2017-11-22 11:03:48', 1, '2017-11-23 16:41:13'),
(10, 'Fridge test', '005', 'sell', 2, 9, 1, 1, '2017-11-23 09:27:33', 1, '2017-11-25 12:50:36'),
(12, 'Water', '007', 'buy', 1, 11, 1, 1, '2017-11-25 06:49:57', 1, '2017-11-25 12:51:52');

-- --------------------------------------------------------

--
-- Table structure for table `inv_item_category`
--

CREATE TABLE IF NOT EXISTS `inv_item_category` (
  `ITEM_CAT_ID` int(11) NOT NULL AUTO_INCREMENT,
  `PARENT_ITEM_CAT_ID` int(11) DEFAULT NULL,
  `CATEGORY_NAME` varchar(100) DEFAULT NULL,
  `DESC` varchar(100) DEFAULT NULL,
  `ACTIVE_STATUS` tinyint(1) NOT NULL DEFAULT '1',
  `CREATED_BY` bigint(14) NOT NULL,
  `CREATE_DATE` timestamp NOT NULL DEFAULT CURRENT_TIMESTAMP,
  `UPDATED_BY` bigint(14) DEFAULT NULL,
  `UPDATE_DATE` datetime DEFAULT NULL ON UPDATE CURRENT_TIMESTAMP,
  PRIMARY KEY (`ITEM_CAT_ID`)
) ENGINE=InnoDB  DEFAULT CHARSET=latin1 AUTO_INCREMENT=3 ;

--
-- Dumping data for table `inv_item_category`
--

INSERT INTO `inv_item_category` (`ITEM_CAT_ID`, `PARENT_ITEM_CAT_ID`, `CATEGORY_NAME`, `DESC`, `ACTIVE_STATUS`, `CREATED_BY`, `CREATE_DATE`, `UPDATED_BY`, `UPDATE_DATE`) VALUES
(1, 0, 'Category', 'desc', 1, 0, '2017-11-22 09:09:09', NULL, NULL),
(2, 0, 'Category 2', 'desc', 1, 0, '2017-01-22 18:00:00', NULL, '2017-11-23 14:21:31');

-- --------------------------------------------------------

--
-- Table structure for table `inv_requisitions`
--

CREATE TABLE IF NOT EXISTS `inv_requisitions` (
  `REQUISITION_ID` int(11) NOT NULL AUTO_INCREMENT,
  `ITEM_ID` int(11) DEFAULT NULL,
  `UNIT_ID` int(11) DEFAULT NULL,
  `REQUIREMENT` varchar(11) DEFAULT NULL,
  `DEKIVERED_QTY` varchar(11) DEFAULT NULL,
  `REMARK` varchar(100) DEFAULT NULL,
  `DEPT_HEAD_APPROVE_STATUS` tinyint(1) NOT NULL DEFAULT '0',
  `REG_HEAD_APPROVE_STATUS` tinyint(1) NOT NULL DEFAULT '0',
  `ACTIVE_STATUS` tinyint(1) NOT NULL DEFAULT '1',
  `RECEIVE_BY` bigint(14) NOT NULL,
  `CREATED_BY` bigint(14) NOT NULL,
  `CREATE_DATE` timestamp NOT NULL DEFAULT CURRENT_TIMESTAMP,
  `UPDATED_BY` bigint(14) DEFAULT NULL,
  `UPDATE_DATE` datetime DEFAULT NULL ON UPDATE CURRENT_TIMESTAMP,
  PRIMARY KEY (`REQUISITION_ID`)
) ENGINE=InnoDB DEFAULT CHARSET=latin1 AUTO_INCREMENT=1 ;

-- --------------------------------------------------------

--
-- Table structure for table `inv_supplier`
--

CREATE TABLE IF NOT EXISTS `inv_supplier` (
  `SUPPLIER_ID` int(11) NOT NULL AUTO_INCREMENT,
  `FULL_ENAME` varchar(150) CHARACTER SET utf8 COLLATE utf8_croatian_ci NOT NULL,
  `FULL_BNAME` varchar(100) CHARACTER SET utf8 COLLATE utf8_croatian_ci DEFAULT NULL,
  `SHORT_NAME` varchar(11) DEFAULT NULL,
  `EMAIL` varchar(100) CHARACTER SET utf8 COLLATE utf8_croatian_ci DEFAULT NULL,
  `MOBILE` varchar(20) CHARACTER SET utf8 COLLATE utf8_croatian_ci DEFAULT NULL,
  `SUP_IMG` varchar(100) NOT NULL,
  `NATIONALITY` varchar(25) CHARACTER SET utf8 COLLATE utf8_croatian_ci NOT NULL,
  `NATIONAL_ID` bigint(17) DEFAULT NULL,
  `PASSPORT_NO` varchar(20) CHARACTER SET utf8 COLLATE utf8_croatian_ci DEFAULT NULL,
  `BUSINESS_TYPE` varchar(20) DEFAULT NULL,
  `ORG_NAME` varchar(100) DEFAULT NULL,
  `ORG_EMAIL` varchar(100) CHARACTER SET utf8 COLLATE utf8_croatian_ci DEFAULT NULL,
  `ORG_MOBILE` varchar(20) CHARACTER SET utf8 COLLATE utf8_croatian_ci DEFAULT NULL,
  `ORG_WEB` varchar(100) CHARACTER SET utf8 COLLATE utf8_croatian_ci DEFAULT NULL,
  `ORG_ADDRESS` text,
  `ACTIVE_STATUS` tinyint(1) NOT NULL DEFAULT '1',
  `CREATED_BY` bigint(14) NOT NULL,
  `CREATE_DATE` timestamp NOT NULL DEFAULT CURRENT_TIMESTAMP,
  `UPDATED_BY` bigint(14) DEFAULT NULL,
  `UPDATE_DATE` datetime DEFAULT NULL ON UPDATE CURRENT_TIMESTAMP,
  PRIMARY KEY (`SUPPLIER_ID`)
) ENGINE=InnoDB  DEFAULT CHARSET=latin1 AUTO_INCREMENT=9 ;

--
-- Dumping data for table `inv_supplier`
--

INSERT INTO `inv_supplier` (`SUPPLIER_ID`, `FULL_ENAME`, `FULL_BNAME`, `SHORT_NAME`, `EMAIL`, `MOBILE`, `SUP_IMG`, `NATIONALITY`, `NATIONAL_ID`, `PASSPORT_NO`, `BUSINESS_TYPE`, `ORG_NAME`, `ORG_EMAIL`, `ORG_MOBILE`, `ORG_WEB`, `ORG_ADDRESS`, `ACTIVE_STATUS`, `CREATED_BY`, `CREATE_DATE`, `UPDATED_BY`, `UPDATE_DATE`) VALUES
(5, 'Md. Bappa Rahman', 'নাম ( বাংলা )', 'BS', 'bsmmu@email.com', '01722085398', '', 'bangladeshi ', 1234567891234, '1258963471258', 'Education', 'BSMMU', 'bsmmu@gmail.com', '017220853698', 'www.kyau.com.bd', 'dfdf@gmail.com', 1, 1, '2017-11-22 09:16:11', 1, '2017-11-23 16:44:58');

-- --------------------------------------------------------

--
-- Table structure for table `inv_unit`
--

CREATE TABLE IF NOT EXISTS `inv_unit` (
  `UNIT_ID` int(11) NOT NULL AUTO_INCREMENT,
  `UNIT_NAME` varchar(150) DEFAULT NULL,
  `DESC` varchar(100) DEFAULT NULL,
  `ACTIVE_STATUS` tinyint(1) NOT NULL DEFAULT '1',
  `CREATED_BY` bigint(14) NOT NULL,
  `CREATE_DATE` timestamp NOT NULL DEFAULT CURRENT_TIMESTAMP,
  `UPDATED_BY` bigint(14) DEFAULT NULL,
  `UPDATE_DATE` datetime DEFAULT NULL ON UPDATE CURRENT_TIMESTAMP,
  PRIMARY KEY (`UNIT_ID`)
) ENGINE=InnoDB  DEFAULT CHARSET=latin1 AUTO_INCREMENT=17 ;

--
-- Dumping data for table `inv_unit`
--

INSERT INTO `inv_unit` (`UNIT_ID`, `UNIT_NAME`, `DESC`, `ACTIVE_STATUS`, `CREATED_BY`, `CREATE_DATE`, `UPDATED_BY`, `UPDATE_DATE`) VALUES
(3, 'CM', 'Substract.', 1, 1, '2017-11-21 09:37:02', 1, '2017-11-25 10:08:52'),
(4, 'GM', 'add', 1, 1, '2017-11-21 09:42:29', NULL, '2017-11-23 16:41:00'),
(9, 'KG', 'KG', 1, 1, '2017-11-21 10:42:09', NULL, '2017-11-23 16:41:02'),
(11, 'MG', 'Division ', 1, 1, '2017-11-23 08:10:47', 1, '2017-11-23 16:41:04');

-- --------------------------------------------------------

--
-- Table structure for table `m00_lkpdata`
--

CREATE TABLE IF NOT EXISTS `m00_lkpdata` (
  `LKP_ID` int(4) NOT NULL AUTO_INCREMENT,
  `GRP_ID` int(6) NOT NULL,
  `LKP_NAME` varchar(250) NOT NULL,
  `ABBR` varchar(10) NOT NULL,
  `SYS_CODE` varchar(10) NOT NULL,
  `DSCP` text NOT NULL,
  `RMKS` varchar(60) NOT NULL,
  `ACT_FG` int(1) NOT NULL DEFAULT '1',
  `CRE_DT` timestamp NOT NULL DEFAULT CURRENT_TIMESTAMP ON UPDATE CURRENT_TIMESTAMP,
  `CRE_BY` int(11) NOT NULL,
  `UPD_DT` timestamp NOT NULL DEFAULT '0000-00-00 00:00:00',
  `UPD_BY` int(11) NOT NULL,
  `SL_NO` int(4) NOT NULL,
  `ORG_ID` int(2) NOT NULL,
  `WAIVER_TYPE_ID` int(2) NOT NULL,
  `NUMB_LKP` tinyint(4) DEFAULT NULL,
  `CHAR_LKP` char(2) CHARACTER SET latin1 DEFAULT NULL COMMENT '"C" VALUE IS USED TO VEW DROPDOWN WHILE CREATE USER',
  PRIMARY KEY (`LKP_ID`)
) ENGINE=InnoDB  DEFAULT CHARSET=utf8 AUTO_INCREMENT=353 ;

--
-- Dumping data for table `m00_lkpdata`
--

INSERT INTO `m00_lkpdata` (`LKP_ID`, `GRP_ID`, `LKP_NAME`, `ABBR`, `SYS_CODE`, `DSCP`, `RMKS`, `ACT_FG`, `CRE_DT`, `CRE_BY`, `UPD_DT`, `UPD_BY`, `SL_NO`, `ORG_ID`, `WAIVER_TYPE_ID`, `NUMB_LKP`, `CHAR_LKP`) VALUES
(1, 3, 'Islam', '', '', '', '', 1, '2017-04-22 09:39:40', 0, '2015-09-05 23:44:23', 0, 0, 0, 0, 1, NULL),
(2, 3, 'Hinduism', '', '', '', '', 1, '2017-03-04 04:21:24', 0, '2015-09-05 23:44:23', 0, 0, 0, 0, 2, NULL),
(3, 3, 'Christianity', '', '', '', '', 1, '2015-09-12 21:45:59', 0, '2015-09-05 23:44:23', 0, 0, 0, 0, 3, NULL),
(4, 1, 'Male', '', '', '', '', 1, '2017-03-02 05:19:08', 0, '2015-09-05 23:44:23', 0, 0, 0, 0, NULL, NULL),
(5, 1, 'Female', '', '', '', '', 1, '2015-09-19 16:33:19', 0, '2015-09-05 23:44:23', 0, 0, 0, 0, NULL, NULL),
(8, 2, 'Excelent ', '', '', '', '', 1, '2017-03-03 22:23:02', 0, '2015-09-05 23:44:23', 0, 0, 0, 0, NULL, NULL),
(9, 21, 'Doctor', '', '', '', '', 1, '2015-09-05 23:44:23', 0, '2015-09-05 23:44:23', 0, 0, 0, 0, NULL, NULL),
(10, 21, 'Business Man', '', '', '', '', 1, '2015-09-05 23:44:23', 0, '2015-09-05 23:44:23', 0, 0, 0, 0, NULL, NULL),
(11, 8, 'Single', '', '', '', '', 1, '2015-09-16 18:01:29', 0, '2015-09-05 23:44:23', 0, 0, 0, 0, 1, NULL),
(12, 8, 'Married', '', '', '', '', 1, '2015-09-12 23:33:25', 0, '2015-09-05 23:44:23', 0, 0, 0, 0, 2, NULL),
(14, 4, 'O -', '', '', '', '', 1, '2017-03-02 03:32:25', 0, '2015-09-05 23:44:23', 0, 0, 0, 0, NULL, NULL),
(15, 11, 'Adult', '', '', '', '', 1, '2015-09-16 18:31:41', 0, '2015-09-05 23:44:23', 0, 0, 0, 0, NULL, NULL),
(16, 11, 'Child', '', '', '', '', 1, '2015-09-05 23:44:23', 0, '2015-09-05 23:44:23', 0, 0, 0, 0, NULL, NULL),
(17, 11, 'Senior', '', '', '', '', 1, '2015-09-05 23:44:23', 0, '2015-09-05 23:44:23', 0, 0, 0, 0, NULL, NULL),
(18, 10, 'Days', '', '', '', '', 1, '2015-09-12 23:33:42', 0, '2015-09-05 23:44:23', 0, 0, 0, 0, 0, NULL),
(19, 10, 'Months', '', '', '', '', 1, '2015-09-05 23:44:23', 0, '2015-09-05 23:44:23', 0, 0, 0, 0, NULL, NULL),
(20, 10, 'Years', '', '', '', '', 1, '2015-09-05 23:44:23', 0, '2015-09-05 23:44:23', 0, 0, 0, 0, NULL, NULL),
(21, 24, 'Dhaka', '', '', '', '', 1, '2015-09-05 23:44:23', 0, '2015-09-05 23:44:23', 0, 1, 0, 0, NULL, NULL),
(22, 24, 'Rajshahi', '', '', '', '', 1, '2015-09-05 23:44:23', 0, '2015-09-05 23:44:23', 0, 3, 0, 0, NULL, NULL),
(23, 24, 'Sylhet', '', '', '', '', 1, '2015-09-13 22:51:04', 0, '2015-09-05 23:44:23', 0, 2, 0, 0, NULL, NULL),
(24, 19, 'B. Sc. in Computer Science & Engineering', '', '', '', '', 1, '2015-09-05 23:44:23', 0, '2015-09-05 23:44:23', 0, 1, 0, 0, NULL, NULL),
(25, 15, 'Computer Science & Engineering', '', '', '', '', 1, '2015-09-05 23:44:23', 0, '2015-09-05 23:44:23', 0, 1, 0, 0, NULL, NULL),
(26, 15, 'Electrical & Electronics Engineering', '', '', '', '', 1, '2015-09-05 23:44:23', 0, '2015-09-05 23:44:23', 0, 2, 0, 0, NULL, NULL),
(27, 13, 'S.S.C', '', '', '', '', 1, '2015-09-16 18:17:14', 0, '2015-09-05 23:44:23', 0, 1, 0, 0, 3, NULL),
(28, 13, 'H.S.C', '', '', '', '', 1, '2015-09-05 23:44:23', 0, '2015-09-05 23:44:23', 0, 2, 0, 0, NULL, NULL),
(29, 18, 'School of Bio-medical Science ', '', '', '', '', 1, '2015-09-05 23:44:23', 0, '2015-09-05 23:44:23', 0, 1, 0, 0, NULL, NULL),
(30, 18, 'School of Business Studies', '', '', '', '', 1, '2015-09-05 23:44:23', 0, '2015-09-05 23:44:23', 0, 2, 0, 0, NULL, NULL),
(31, 18, 'School of Science and Engineering ', '', '', '', '', 1, '2015-09-05 23:44:23', 0, '2015-09-05 23:44:23', 0, 3, 0, 0, NULL, NULL),
(32, 25, 'Science', '', '', '', '', 1, '2015-09-05 23:44:23', 0, '2015-09-05 23:44:23', 0, 1, 0, 0, NULL, NULL),
(33, 25, 'Commerce', '', '', '', '', 1, '2015-09-05 23:44:23', 0, '2015-09-05 23:44:23', 0, 2, 0, 0, NULL, NULL),
(34, 25, 'Humanities', '', '', '', '', 1, '2015-09-13 23:14:04', 0, '2015-09-05 23:44:23', 0, 3, 0, 0, NULL, NULL),
(35, 23, 'Dhaka College', '', '', '', '', 1, '2015-03-03 01:47:44', 0, '2015-09-05 23:44:23', 0, 1, 0, 0, NULL, NULL),
(36, 23, 'Dhaka University', '', '', '', '', 1, '2015-09-05 23:44:23', 0, '2015-09-05 23:44:23', 0, 2, 0, 0, NULL, NULL),
(37, 23, 'Uttara High School', '', '', '', '', 1, '2015-09-16 18:20:16', 0, '2015-09-05 23:44:23', 0, 3, 0, 0, NULL, NULL),
(38, 12, 'Primary', '', '', '', '', 1, '2015-09-16 18:01:37', 0, '2015-09-05 23:44:23', 0, 1, 0, 0, 1, NULL),
(39, 12, 'Junior Secondary', '', '', '', '', 1, '2015-09-12 22:36:52', 0, '2015-09-05 23:44:23', 0, 2, 0, 0, 2, NULL),
(40, 26, 'MIT', '', '', '', '', 1, '2015-03-15 22:59:13', 0, '2015-09-05 23:44:23', 0, 1, 0, 0, NULL, NULL),
(41, 26, 'Harvard University', '', '', '', '', 1, '2015-09-05 23:44:23', 0, '2015-09-05 23:44:23', 0, 2, 0, 0, NULL, NULL),
(42, 26, 'State University', '', '', '', '', 1, '2015-09-16 18:20:30', 0, '2015-09-05 23:44:23', 0, 3, 0, 0, NULL, NULL),
(46, 28, 'Parents', '', '', '', '', 1, '2015-09-05 23:44:23', 0, '2015-09-05 23:44:23', 0, 1, 0, 0, NULL, NULL),
(47, 28, 'Guardian', '', '', '', '', 1, '2015-09-05 23:44:23', 0, '2015-09-05 23:44:23', 0, 2, 0, 0, NULL, NULL),
(48, 28, 'Scholarship', '', '', '', '', 1, '2015-09-05 23:44:23', 0, '2015-09-05 23:44:23', 0, 3, 0, 0, NULL, NULL),
(49, 28, 'Self', '', '', '', '', 1, '2015-09-16 18:20:34', 0, '2015-09-05 23:44:23', 0, 4, 0, 0, NULL, NULL),
(50, 17, 'Fresher', '', '', '', '', 1, '2015-02-27 22:38:17', 0, '2015-09-05 23:44:23', 0, 1, 0, 0, NULL, NULL),
(51, 17, 'Transfer', '', '', '', '', 1, '2015-09-16 18:19:58', 0, '2015-09-05 23:44:23', 0, 2, 0, 0, NULL, NULL),
(52, 14, 'Architectural Engineering', '', '', '', '', 1, '2015-09-05 23:44:23', 0, '2015-09-05 23:44:23', 0, 1, 0, 0, NULL, NULL),
(53, 14, 'Computer Information Systems', '', '', '', '', 1, '2015-09-05 23:44:23', 0, '2015-09-05 23:44:23', 0, 2, 0, 0, NULL, NULL),
(54, 14, 'Information Systems', '', '', '', '', 1, '2015-09-05 23:44:23', 0, '2015-09-05 23:44:23', 0, 3, 0, 0, NULL, NULL),
(55, 19, 'B.Sc. in Electrical and Electronic Engineering', '', '', '', '', 1, '2015-09-05 23:44:23', 0, '2015-09-05 23:44:23', 0, 2, 0, 0, NULL, NULL),
(56, 19, 'Bachelor of Business Administration', '', '', '', '', 1, '2015-09-05 23:44:23', 0, '2015-09-05 23:44:23', 0, 3, 0, 0, NULL, NULL),
(57, 19, 'B. Sc. in Physics', '', '', '', '', 1, '2015-09-05 23:44:24', 0, '2015-09-05 23:44:24', 0, 4, 0, 0, NULL, NULL),
(58, 14, 'Biomedical Engineering', '', '', '', '', 1, '2015-09-05 23:44:24', 0, '2015-09-05 23:44:24', 0, 4, 0, 0, NULL, NULL),
(59, 14, 'Chemical Engineering', '', '', '', '', 1, '2015-09-05 23:44:24', 0, '2015-09-05 23:44:24', 0, 5, 0, 0, NULL, NULL),
(60, 14, 'Economics', '', '', '', '', 1, '2015-09-05 23:44:24', 0, '2015-09-05 23:44:24', 0, 6, 0, 0, NULL, NULL),
(61, 14, 'Management', '', '', '', '', 1, '2015-09-05 23:44:24', 0, '2015-09-05 23:44:24', 0, 7, 0, 0, NULL, NULL),
(62, 14, 'Pharmacy', '', '', '', '', 1, '2015-09-05 23:44:24', 0, '2015-09-05 23:44:24', 0, 8, 0, 0, NULL, NULL),
(63, 3, 'Buddhism', '', '', '', '', 1, '2015-09-16 18:01:22', 0, '2015-09-05 23:44:24', 0, 0, 0, 0, 4, NULL),
(65, 14, 'descreate math', '', '', '', '', 1, '2015-09-05 23:44:24', 0, '2015-09-05 23:44:24', 0, 9, 0, 0, NULL, NULL),
(66, 29, 'B.sc', '', '', '', '', 1, '2015-09-05 23:44:24', 0, '2015-09-05 23:44:24', 0, 9, 0, 0, NULL, NULL),
(67, 29, 'M.sc', '', '', '', '', 1, '2015-09-16 18:20:38', 0, '2015-09-05 23:44:24', 0, 9, 0, 0, NULL, NULL),
(68, 18, 'School of Humen Science ', '', '', '', '', 1, '2015-09-05 23:44:24', 0, '2015-09-05 23:44:24', 0, 4, 0, 0, NULL, NULL),
(69, 18, 'School of Law', '', '', '', '', 1, '2015-09-16 18:20:02', 0, '2015-09-05 23:44:24', 0, 5, 0, 0, NULL, NULL),
(70, 15, 'Electronics & Telecommunication Engineering', '', '', '', '', 1, '2015-09-05 23:44:24', 0, '2015-09-05 23:44:24', 0, 3, 0, 0, NULL, NULL),
(71, 15, 'Medical Physics', '', '', '', '', 1, '2015-09-05 23:44:24', 0, '2015-09-05 23:44:24', 0, 4, 0, 0, NULL, NULL),
(72, 15, 'Textile Engineering', '', '', '', '', 1, '2015-09-05 23:44:24', 0, '2015-09-05 23:44:24', 0, 5, 0, 0, NULL, NULL),
(73, 15, 'Biochemistry and Biotechnology', '', '', '', '', 1, '2015-09-05 23:44:24', 0, '2015-09-05 23:44:24', 0, 6, 0, 0, NULL, NULL),
(74, 15, 'Microbiology', '', '', '', '', 1, '2015-09-05 23:44:24', 0, '2015-09-05 23:44:24', 0, 7, 0, 0, NULL, NULL),
(75, 15, 'Pharmacy', '', '', '', '', 1, '2015-09-05 23:44:24', 0, '2015-09-05 23:44:24', 0, 8, 0, 0, NULL, NULL),
(76, 15, 'Business Administration', '', '', '', '', 1, '2015-09-16 18:19:46', 0, '2015-09-05 23:44:24', 0, 9, 0, 0, NULL, NULL),
(77, 15, 'Management Information Systems', '', '', '', '', 1, '2015-09-05 23:44:24', 0, '2015-09-05 23:44:24', 0, 10, 0, 0, NULL, NULL),
(78, 19, 'B.Sc. in Microbiology', '', '', '', '', 1, '2015-09-05 23:44:24', 0, '2015-09-05 23:44:24', 0, 5, 0, 0, NULL, NULL),
(79, 19, 'Bachelor of Management Information Systems (MIS)', '', '', '', '', 1, '2015-09-05 23:44:24', 0, '2015-09-05 23:44:24', 0, 6, 0, 0, NULL, NULL),
(80, 19, 'B.Sc. in Biochemistry and Biotechnology', '', '', '', '', 1, '2015-09-05 23:44:24', 0, '2015-09-05 23:44:24', 0, 7, 0, 0, NULL, NULL),
(81, 19, 'B.Sc. in Pharmacy', '', '', '', '', 1, '2015-09-16 18:20:06', 0, '2015-09-05 23:44:24', 0, 8, 0, 0, NULL, NULL),
(82, 19, 'B.Sc. in Textile Engineering', '', '', '', '', 1, '2015-09-05 23:44:24', 0, '2015-09-05 23:44:24', 0, 9, 0, 0, NULL, NULL),
(83, 19, 'Bachelor of Library & Information Science', '', '', '', '', 1, '2015-09-05 23:44:24', 0, '2015-09-05 23:44:24', 0, 10, 0, 0, NULL, NULL),
(84, 14, 'Chemistry', '', '', '', '', 1, '2015-09-05 23:44:24', 0, '2015-09-05 23:44:24', 0, 10, 0, 0, NULL, NULL),
(85, 14, 'Inorganic Quantitative Analysis	', '', '', '', '', 1, '2015-09-05 23:44:24', 0, '2015-09-05 23:44:24', 0, 11, 0, 0, NULL, NULL),
(86, 14, 'Introduction to Computer Systems', '', '', '', '', 1, '2015-09-05 23:44:24', 0, '2015-09-05 23:44:24', 0, 12, 0, 0, NULL, NULL),
(87, 14, 'Discrete Mathematics', '', '', '', '', 1, '2015-09-16 18:19:40', 0, '2015-09-05 23:44:24', 0, 13, 0, 0, NULL, NULL),
(88, 14, 'Structured Programming Language', '', '', '', '', 1, '2015-09-05 23:44:24', 0, '2015-09-05 23:44:24', 0, 14, 0, 0, NULL, NULL),
(89, 19, 'M.Sc. in Computer Science and Eng.', '', '', '', '', 1, '2015-09-14 15:38:01', 0, '2015-09-05 23:44:24', 0, 11, 0, 0, NULL, NULL),
(90, 16, '1st Semester', '', '1', '', '', 1, '2017-05-27 10:11:06', 0, '2015-09-05 23:44:24', 0, 1, 0, 0, 1, NULL),
(91, 16, '2nd Semester', '', '2', '', '', 1, '2017-05-27 10:11:08', 0, '2015-09-05 23:44:24', 0, 2, 0, 0, 2, NULL),
(92, 16, '3rd Semester', '', '3', '', '', 1, '2017-05-27 10:11:10', 0, '2015-09-05 23:44:24', 0, 3, 0, 0, 3, NULL),
(93, 31, 'Freedom Fighter', '', '', '', '', 1, '2015-09-30 22:14:23', 0, '2015-09-05 23:44:24', 0, 0, 0, 0, NULL, NULL),
(94, 31, 'Female', '', '', '', '', 1, '2015-03-07 20:10:44', 0, '2015-09-05 23:44:24', 0, 0, 0, 0, NULL, NULL),
(95, 31, 'Family Member', '', '', '', '', 1, '2015-09-16 18:20:45', 0, '2015-09-05 23:44:24', 0, 0, 0, 0, NULL, NULL),
(98, 16, '4th semester', '', '4', '', '', 1, '2017-05-27 10:11:12', 0, '2015-09-05 23:44:24', 0, 4, 0, 0, 4, NULL),
(99, 16, '5th semester', '', '5', '', '', 1, '2017-05-27 10:11:13', 0, '2015-09-05 23:44:24', 0, 5, 0, 0, 5, NULL),
(101, 4, 'A +', '', '', '', '', 1, '2015-04-04 18:21:56', 0, '2015-09-05 23:44:24', 0, 0, 0, 0, NULL, NULL),
(102, 4, 'AB+', '', '', '', '', 1, '2016-02-21 23:45:48', 0, '2015-09-05 23:44:24', 0, 0, 0, 0, NULL, NULL),
(103, 36, 'rakib', '', '', '', '', 1, '2015-03-02 21:00:23', 0, '2015-09-05 23:44:24', 0, 0, 0, 0, NULL, NULL),
(104, 4, 'B +', '', '', '', '', 1, '2015-04-04 18:22:01', 0, '2015-09-05 23:44:24', 0, 0, 0, 0, NULL, NULL),
(105, 10, 'Weeks', '', '', '', '', 1, '2015-09-16 18:19:22', 0, '2015-09-05 23:44:24', 0, 0, 0, 0, NULL, NULL),
(144, 4, 'O +', '', '', '', '', 1, '2015-04-04 18:21:39', 0, '2015-09-05 23:44:24', 0, 0, 0, 0, NULL, NULL),
(147, 38, 'General ', '', '', '', '', 1, '2015-03-03 17:20:17', 0, '2015-09-05 23:44:24', 0, 0, 0, 0, NULL, NULL),
(148, 38, 'Business Studies', '', '', '', '', 1, '2015-03-03 17:20:41', 0, '2015-09-05 23:44:24', 0, 0, 0, 0, NULL, NULL),
(149, 38, 'Computer Science', '', '', '', '', 1, '2015-03-04 22:44:43', 0, '2015-09-05 23:44:24', 0, 0, 0, 0, NULL, NULL),
(150, 16, '6th semester', '', '6', '', '', 1, '2017-05-27 10:11:15', 0, '2015-09-05 23:44:24', 0, 6, 0, 0, 6, NULL),
(151, 16, '7th semester', '', '7', '', '', 1, '2017-05-27 10:11:17', 0, '2015-09-05 23:44:24', 0, 7, 0, 0, 7, NULL),
(152, 16, '8th semester', '', '8', '', '', 1, '2017-05-27 10:11:19', 0, '2015-09-05 23:44:24', 0, 8, 0, 0, 8, NULL),
(153, 16, '9th semester', '', '9', '', '', 1, '2017-05-27 10:11:20', 0, '2015-09-05 23:44:24', 0, 9, 0, 0, 9, NULL),
(154, 16, '10th semester', '', '10', '', '', 1, '2017-05-27 10:11:22', 0, '2015-09-05 23:44:24', 0, 10, 0, 0, 10, NULL),
(155, 16, '11th semester', '', '11', '', '', 1, '2017-05-27 10:11:24', 0, '2015-09-05 23:44:24', 0, 11, 0, 0, 11, NULL),
(156, 16, '12th semester', '', '12', '', '', 1, '2017-05-27 10:11:27', 0, '2015-09-05 23:44:24', 0, 12, 0, 0, 12, NULL),
(157, 8, 'Divorced', '', '', '', '', 1, '2015-09-12 23:33:28', 0, '2015-09-05 23:44:24', 0, 0, 0, 0, 3, NULL),
(158, 2, 'Poor', '', '', '', '', 1, '2017-03-03 22:23:04', 0, '2015-09-05 23:44:24', 0, 0, 0, 0, NULL, NULL),
(171, 31, 'Genarel ', '', '', '', '', 1, '2015-03-06 19:00:59', 0, '2015-09-05 23:44:25', 0, 0, 0, 0, NULL, NULL),
(172, 38, 'Law', '', '', '', '', 1, '2015-09-16 18:20:50', 0, '2015-09-05 23:44:25', 0, 0, 0, 0, NULL, NULL),
(177, 13, 'B.sc', '', '', '', '', 1, '2015-04-04 18:10:14', 0, '2015-09-05 23:44:25', 0, 0, 0, 0, NULL, NULL),
(178, 13, 'Dakhil', '', '', '', '', 1, '2015-04-04 18:11:22', 0, '2015-09-05 23:44:25', 0, 0, 0, 0, NULL, NULL),
(179, 13, 'Alim', '', '', '', '', 1, '2015-04-04 18:11:48', 0, '2015-09-05 23:44:25', 0, 0, 0, 0, NULL, NULL),
(180, 13, 'Fazil ', '', '', '', '', 1, '2015-04-04 18:11:57', 0, '2015-09-05 23:44:25', 0, 0, 0, 0, NULL, NULL),
(181, 13, 'O - Label', '', '', '', '', 1, '2015-09-16 18:19:35', 0, '2015-09-05 23:44:25', 0, 0, 0, 0, NULL, NULL),
(182, 13, 'A - Label', '', '', '', '', 1, '2015-04-04 18:14:58', 0, '2015-09-05 23:44:25', 0, 0, 0, 0, NULL, NULL),
(183, 40, 'Father', '', '', '', '', 1, '2015-04-04 18:16:26', 0, '2015-09-05 23:44:25', 0, 0, 0, 0, NULL, NULL),
(184, 40, 'Mother', '', '', '', '', 1, '2015-04-04 18:18:31', 0, '2015-09-05 23:44:25', 0, 0, 0, 0, NULL, NULL),
(185, 40, 'Uncle', '', '', '', '', 1, '2015-04-04 18:18:39', 0, '2015-09-05 23:44:25', 0, 0, 0, 0, NULL, NULL),
(186, 40, 'Siblings', '', '', '', '', 1, '2015-04-04 18:18:52', 0, '2015-09-05 23:44:25', 0, 0, 0, 0, NULL, NULL),
(187, 40, 'Aunty', '', '', '', '', 1, '2015-04-04 18:19:03', 0, '2015-09-05 23:44:25', 0, 0, 0, 0, NULL, NULL),
(188, 40, 'Cousin', '', '', '', '', 1, '2015-09-16 18:21:00', 0, '2015-09-05 23:44:25', 0, 0, 0, 0, NULL, NULL),
(189, 40, 'Grand Father ', '', '', '', '', 1, '2015-04-04 18:20:04', 0, '2015-09-05 23:44:25', 0, 0, 0, 0, NULL, NULL),
(190, 40, 'Grand Mother', '', '', '', '', 1, '2015-04-04 18:20:14', 0, '2015-09-05 23:44:25', 0, 0, 0, 0, NULL, NULL),
(191, 4, 'AB -', '', '', '', '', 1, '2015-04-04 18:21:48', 0, '2015-09-05 23:44:25', 0, 0, 0, 0, NULL, NULL),
(192, 21, 'Public Service Holder', '', '', '', '', 1, '2015-04-04 18:23:55', 0, '2015-09-05 23:44:25', 0, 0, 0, 0, NULL, NULL),
(193, 21, 'Banker', '', '', '', '', 1, '2015-04-04 18:24:03', 0, '2015-09-05 23:44:25', 0, 0, 0, 0, NULL, NULL),
(194, 21, 'Police', '', '', '', '', 1, '2015-04-04 18:24:12', 0, '2015-09-05 23:44:25', 0, 0, 0, 0, NULL, NULL),
(195, 21, 'Private Job Holder', '', '', '', '', 1, '2015-04-04 18:24:24', 0, '2015-09-05 23:44:25', 0, 0, 0, 0, NULL, NULL),
(196, 21, 'Engineer', '', '', '', '', 1, '2015-04-04 18:24:40', 0, '2015-09-05 23:44:25', 0, 0, 0, 0, NULL, NULL),
(197, 24, 'Chittagong', '', '', '', '', 1, '2015-04-04 18:25:25', 0, '2015-09-05 23:44:25', 0, 0, 0, 0, NULL, NULL),
(198, 24, 'Khulna', '', '', '', '', 1, '2015-04-04 18:25:34', 0, '2015-09-05 23:44:25', 0, 0, 0, 0, NULL, NULL),
(199, 24, 'Barisal', '', '', '', '', 1, '2015-09-13 22:53:13', 0, '2015-09-05 23:44:25', 0, 0, 0, 0, NULL, NULL),
(200, 24, 'Rangpur', '', '', '', '', 1, '2015-09-16 18:20:21', 0, '2015-09-05 23:44:25', 0, 0, 0, 0, NULL, NULL),
(202, 41, 'CORE', '', '', '', '', 1, '2015-08-01 21:04:43', 0, '2015-09-05 23:44:25', 0, 0, 0, 0, NULL, NULL),
(203, 41, 'GED', '', '', '', '', 1, '2015-08-01 21:04:35', 0, '2015-09-05 23:44:25', 0, 0, 0, 0, NULL, NULL),
(204, 41, 'FC', '', '', '', '', 1, '2015-08-01 15:19:38', 0, '2015-09-05 23:44:25', 0, 0, 0, 0, NULL, NULL),
(205, 41, 'BFC', '', '', '', '', 1, '2015-09-16 18:21:05', 0, '2015-09-05 23:44:25', 0, 0, 0, 0, NULL, NULL),
(206, 41, 'Foundation', '', '', '', '', 1, '2015-08-17 22:58:40', 0, '2015-09-05 23:44:25', 0, 0, 0, 0, NULL, NULL),
(207, 1, 'Others', '', '', '', '', 1, '2015-09-16 18:05:48', 0, '0000-00-00 00:00:00', 0, 0, 0, 0, NULL, NULL),
(208, 2, 'Bad', '', '', '', '', 1, '2017-03-03 22:23:06', 0, '0000-00-00 00:00:00', 0, 0, 0, 0, NULL, NULL),
(209, 21, 'Farmer ', '', '', '', '', 1, '2015-09-12 21:10:10', 0, '0000-00-00 00:00:00', 0, 0, 0, 0, NULL, NULL),
(210, 21, 'Teacher ', '', '', '', '', 1, '2015-09-12 21:27:08', 0, '0000-00-00 00:00:00', 0, 0, 0, 0, NULL, NULL),
(211, 21, 'Housewife', '', '', '', '', 1, '2015-09-16 18:20:10', 0, '0000-00-00 00:00:00', 0, 0, 0, 0, NULL, NULL),
(212, 3, 'Others', '', '', '', '', 1, '2015-09-13 23:31:29', 0, '0000-00-00 00:00:00', 0, 0, 0, 0, NULL, NULL),
(236, 4, 'A -', '', '', '', '', 1, '2015-09-13 22:13:21', 0, '0000-00-00 00:00:00', 0, 0, 0, 0, NULL, NULL),
(237, 4, 'B -', '', '', '', '', 1, '2015-09-16 18:19:13', 0, '0000-00-00 00:00:00', 0, 0, 0, 0, NULL, NULL),
(238, 8, 'Widowed  ', '', '', '', '', 1, '2015-09-16 18:19:17', 0, '0000-00-00 00:00:00', 0, 0, 0, 0, NULL, NULL),
(239, 24, 'Comilla', '', '', '', '', 1, '2015-09-13 22:52:56', 0, '0000-00-00 00:00:00', 0, 0, 0, 0, NULL, NULL),
(240, 24, 'Jessore', '', '', '', '', 1, '2015-09-13 22:53:33', 0, '0000-00-00 00:00:00', 0, 0, 0, 0, NULL, NULL),
(241, 24, 'Dinajpur', '', '', '', '', 1, '2015-09-13 22:53:48', 0, '0000-00-00 00:00:00', 0, 0, 0, 0, NULL, NULL),
(242, 24, 'Madrasah', '', '', '', '', 1, '2015-09-13 22:54:02', 0, '0000-00-00 00:00:00', 0, 0, 0, 0, NULL, NULL),
(243, 24, 'Technical', '', '', '', '', 1, '2015-09-13 22:54:28', 0, '0000-00-00 00:00:00', 0, 0, 0, 0, NULL, NULL),
(244, 24, 'Others', '', '', '', '', 1, '2015-09-13 22:54:42', 0, '0000-00-00 00:00:00', 0, 0, 0, 0, NULL, NULL),
(245, 21, 'Others', '', '', '', '', 1, '2015-09-13 23:02:26', 0, '0000-00-00 00:00:00', 0, 0, 0, 0, NULL, NULL),
(246, 40, 'Brother ', '', '', '', '', 1, '2015-09-13 23:17:05', 0, '0000-00-00 00:00:00', 0, 0, 0, 0, NULL, NULL),
(247, 40, 'Sister', '', '', '', '', 1, '2015-09-13 23:17:20', 0, '0000-00-00 00:00:00', 0, 0, 0, 0, NULL, NULL),
(248, 40, 'Others', '', '', '', '', 1, '2015-09-13 23:19:22', 0, '0000-00-00 00:00:00', 0, 0, 0, 0, NULL, NULL),
(249, 13, 'Others', '', '', '', '', 1, '2015-09-13 23:22:51', 0, '0000-00-00 00:00:00', 0, 0, 0, 0, NULL, NULL),
(250, 56, 'Caffeine', '', '', '', '', 1, '2015-09-14 15:38:26', 0, '0000-00-00 00:00:00', 0, 0, 0, 0, NULL, NULL),
(251, 56, 'Tobacco', '', '', '', '', 1, '2015-09-16 18:21:10', 0, '0000-00-00 00:00:00', 0, 0, 0, 0, NULL, NULL),
(252, 56, 'Alcohol', '', '', '', '', 1, '2015-09-13 23:27:42', 0, '0000-00-00 00:00:00', 0, 0, 0, 0, NULL, NULL),
(253, 56, 'Recreational/Street drugs ', '', '', '', '', 1, '2015-09-13 23:28:02', 0, '0000-00-00 00:00:00', 0, 0, 0, 0, NULL, NULL),
(254, 12, 'Secondary', '', '', '', '', 1, '2015-09-13 23:35:03', 0, '0000-00-00 00:00:00', 0, 0, 0, 0, NULL, NULL),
(255, 12, 'Higher Secondary ', '', '', '', '', 1, '2015-09-16 18:19:31', 0, '0000-00-00 00:00:00', 0, 0, 0, 0, NULL, NULL),
(256, 25, 'Others', '', '', '', '', 1, '2015-09-16 18:20:26', 0, '0000-00-00 00:00:00', 0, 0, 0, 0, NULL, NULL),
(257, 57, 'Test', '', '', '', '', 1, '2015-09-16 18:21:15', 0, '0000-00-00 00:00:00', 0, 0, 0, 0, NULL, NULL),
(267, 58, 'Other', '', '', '', '', 1, '2015-09-18 17:14:58', 0, '0000-00-00 00:00:00', 0, 0, 0, 0, NULL, NULL),
(275, 62, 'Academic Event', '', '', '', '', 1, '2015-09-21 17:34:17', 0, '0000-00-00 00:00:00', 0, 0, 0, 0, NULL, NULL),
(276, 62, 'Text Book Event', '', '', '', '', 1, '2015-09-21 17:34:30', 0, '0000-00-00 00:00:00', 0, 0, 0, 0, NULL, NULL),
(277, 63, 'PDF', '', '', '', '', 1, '2015-10-11 16:58:11', 0, '0000-00-00 00:00:00', 0, 0, 0, 0, NULL, NULL),
(278, 63, 'MS Word', '', '', '', '', 1, '2015-10-11 16:58:33', 0, '0000-00-00 00:00:00', 0, 0, 0, 0, NULL, NULL),
(279, 63, 'Video', '', '', '', '', 1, '2015-10-11 16:59:08', 0, '0000-00-00 00:00:00', 0, 0, 0, 0, NULL, NULL),
(280, 63, 'Audio', '', '', '', '', 1, '2015-10-11 16:59:17', 0, '0000-00-00 00:00:00', 0, 0, 0, 0, NULL, NULL),
(281, 64, '0', '', '', '', '', 1, '2015-10-25 22:50:05', 0, '0000-00-00 00:00:00', 0, 0, 0, 0, NULL, NULL),
(282, 65, 'Associate Professor', '', '', '', '', 1, '2015-11-10 16:42:12', 0, '0000-00-00 00:00:00', 0, 0, 0, 0, NULL, NULL),
(283, 65, 'Assistant Professor', '', '', '', '', 1, '2015-11-10 16:42:23', 0, '0000-00-00 00:00:00', 0, 0, 0, 0, NULL, NULL),
(284, 65, 'Professor', '', '', '', '', 1, '2015-11-10 16:42:31', 0, '0000-00-00 00:00:00', 0, 0, 0, 0, NULL, NULL),
(285, 66, 'Teaching', '', '', '', '', 1, '2015-11-22 16:39:30', 0, '0000-00-00 00:00:00', 0, 0, 0, 0, NULL, NULL),
(286, 66, 'Industrial', '', '', '', '', 1, '2015-11-22 16:39:41', 0, '0000-00-00 00:00:00', 0, 0, 0, 0, NULL, NULL),
(287, 66, 'Research', '', '', '', '', 1, '2015-11-22 16:39:55', 0, '0000-00-00 00:00:00', 0, 0, 0, 0, NULL, NULL),
(288, 67, 'Teaching', '', '', '', '', 1, '2015-11-22 16:41:15', 0, '0000-00-00 00:00:00', 0, 0, 0, 0, NULL, NULL),
(289, 67, 'Reasearch', '', '', '', '', 1, '2015-11-22 16:41:25', 0, '0000-00-00 00:00:00', 0, 0, 0, 0, NULL, NULL),
(290, 68, 'Faculties', '', '', '', '', 1, '2016-03-11 21:15:58', 0, '2016-03-11 06:00:00', 0, 0, 0, 0, NULL, 'c'),
(291, 68, 'Staff', '', '', '', '', 1, '2016-03-11 21:16:04', 0, '2016-03-11 06:00:00', 0, 0, 0, 0, NULL, 'c'),
(292, 68, 'Guest teacher', '', '', '', '', 1, '2016-03-11 21:16:11', 0, '2016-03-11 06:00:00', 0, 0, 0, 0, NULL, 'c'),
(293, 69, 'Class Test', '', '', '', '', 1, '2016-01-27 21:55:59', 0, '0000-00-00 00:00:00', 0, 0, 0, 0, NULL, NULL),
(294, 69, 'Mid Term', '', '', '', '', 1, '2016-01-27 21:56:09', 0, '0000-00-00 00:00:00', 0, 0, 0, 0, NULL, NULL),
(295, 69, 'Final', '', '', '', '', 1, '2016-01-27 21:56:23', 0, '0000-00-00 00:00:00', 0, 0, 0, 0, NULL, NULL),
(296, 69, 'Class Test & Quiz', '', '', '', '', 1, '2016-01-29 18:44:45', 0, '0000-00-00 00:00:00', 0, 0, 0, 0, NULL, NULL),
(297, 70, 'Bank', '', '', '', '', 1, '2016-02-10 20:19:17', 0, '0000-00-00 00:00:00', 0, 0, 0, 0, NULL, NULL),
(298, 70, 'Bank Cheque', '', '', '', '', 1, '2016-02-10 20:19:52', 0, '0000-00-00 00:00:00', 0, 0, 0, 0, NULL, NULL),
(299, 70, 'Pay Order', '', '', '', '', 1, '2016-02-10 20:20:14', 0, '0000-00-00 00:00:00', 0, 0, 0, 0, NULL, NULL),
(300, 68, 'Student', '', '', '', '', 1, '2017-03-02 00:43:36', 0, '0000-00-00 00:00:00', 0, 0, 0, 0, NULL, 'c'),
(301, 65, 'Principle', '', '', '', '', 1, '2016-03-30 22:26:36', 0, '0000-00-00 00:00:00', 0, 0, 0, 0, NULL, NULL),
(302, 65, 'Lecturer', '', '', '', '', 1, '2016-03-30 22:26:49', 0, '0000-00-00 00:00:00', 0, 0, 0, 0, NULL, NULL),
(303, 65, 'VC', '', '', '', '', 1, '2016-03-30 22:27:04', 0, '0000-00-00 00:00:00', 0, 0, 0, 0, NULL, NULL),
(304, 65, 'PRO-VC', '', '', '', '', 1, '2016-03-30 22:27:23', 0, '0000-00-00 00:00:00', 0, 0, 0, 0, NULL, NULL),
(305, 65, 'Pion', '', '', '', '', 1, '2016-03-30 22:27:48', 0, '0000-00-00 00:00:00', 0, 0, 0, 0, NULL, NULL),
(306, 65, 'Lab Assistance', '', '', '', '', 1, '2016-03-30 22:28:08', 0, '0000-00-00 00:00:00', 0, 0, 0, 0, NULL, NULL),
(308, 68, 'Test', '', '', '', '', 1, '2017-03-02 00:40:28', 0, '0000-00-00 00:00:00', 0, 0, 0, 0, NULL, NULL),
(310, 41, 'other', '', '', '', '', 1, '2017-03-04 03:32:23', 0, '0000-00-00 00:00:00', 0, 0, 0, 0, NULL, NULL),
(311, 72, 'Academic Campus', '', '', '', '', 1, '2017-08-26 10:49:15', 0, '0000-00-00 00:00:00', 0, 0, 0, 0, NULL, NULL),
(312, 72, 'Administration Campus', '', '', '', '', 1, '2017-08-26 10:49:28', 0, '0000-00-00 00:00:00', 0, 0, 0, 0, NULL, NULL),
(314, 74, 'Building I', '', '', '', '', 1, '2017-09-07 08:25:37', 0, '0000-00-00 00:00:00', 0, 0, 0, 0, NULL, NULL),
(315, 74, 'Building II', '', '', '', '', 1, '2017-09-07 08:25:42', 0, '0000-00-00 00:00:00', 0, 0, 0, 0, NULL, NULL),
(316, 75, '1st Floor', '', '', '', '', 1, '2017-10-25 04:19:06', 0, '0000-00-00 00:00:00', 0, 1, 0, 0, NULL, NULL),
(317, 75, '2nd Floor', '', '', '', '', 1, '2017-10-25 04:19:06', 0, '0000-00-00 00:00:00', 0, 2, 0, 0, NULL, NULL),
(318, 75, '3rd Floor', '', '', '', '', 1, '2017-10-25 04:19:06', 0, '0000-00-00 00:00:00', 0, 3, 0, 0, NULL, NULL),
(319, 75, '4th Floor', '', '', '', '', 1, '2017-10-25 04:19:06', 0, '0000-00-00 00:00:00', 0, 4, 0, 0, NULL, NULL),
(320, 75, '5th Floor', '', '', '', '', 1, '2017-10-25 04:19:06', 0, '0000-00-00 00:00:00', 0, 5, 0, 0, NULL, NULL),
(321, 75, '6th Floor', '', '', '', '', 1, '2017-10-25 04:19:06', 0, '0000-00-00 00:00:00', 0, 6, 0, 0, NULL, NULL),
(322, 75, '7th Floor', '', '', '', '', 1, '2017-10-25 04:19:06', 0, '0000-00-00 00:00:00', 0, 7, 0, 0, NULL, NULL),
(323, 75, '8th Floor', '', '', '', '', 1, '2017-10-25 04:19:06', 0, '0000-00-00 00:00:00', 0, 8, 0, 0, NULL, NULL),
(324, 75, '9th Floor', '', '', '', '', 1, '2017-10-25 04:19:06', 0, '0000-00-00 00:00:00', 0, 9, 0, 0, NULL, NULL),
(325, 75, '10th Floor', '', '', '', '', 1, '2017-10-25 04:19:06', 0, '0000-00-00 00:00:00', 0, 10, 0, 0, NULL, NULL),
(326, 76, 'Class Room', '', '', '', '', 1, '2017-09-09 06:28:06', 0, '0000-00-00 00:00:00', 0, 0, 0, 0, NULL, NULL),
(327, 76, 'Lab', '', '', '', '', 1, '2017-09-09 06:28:20', 0, '0000-00-00 00:00:00', 0, 0, 0, 0, NULL, NULL),
(328, 76, 'Admin', '', '', '', '', 1, '2017-09-09 06:28:29', 0, '0000-00-00 00:00:00', 0, 0, 0, 0, NULL, NULL),
(329, 76, 'Rest Room', '', '', '', '', 1, '2017-09-09 06:28:41', 0, '0000-00-00 00:00:00', 0, 0, 0, 0, NULL, NULL),
(330, 76, 'Study Room', '', '', '', '', 1, '2017-09-09 06:28:53', 0, '0000-00-00 00:00:00', 0, 0, 0, 0, NULL, NULL),
(331, 76, 'Library', '', '', '', '', 1, '2017-09-09 06:29:00', 0, '0000-00-00 00:00:00', 0, 0, 0, 0, NULL, NULL),
(332, 76, 'Conference Room', '', '', '', '', 1, '2017-09-09 06:29:17', 0, '0000-00-00 00:00:00', 0, 0, 0, 0, NULL, NULL),
(333, 77, 'Saturday', 'SAT', '', '', '', 1, '2017-09-17 03:54:14', 0, '2017-09-16 18:00:00', 0, 0, 0, 0, NULL, NULL),
(334, 77, 'Sunday', 'SUN', '', '', '', 1, '2017-09-17 03:54:55', 0, '0000-00-00 00:00:00', 0, 0, 0, 0, NULL, NULL),
(335, 77, 'Monday', 'MON', '', '', '', 1, '2017-09-17 03:55:12', 0, '2017-09-16 18:00:00', 0, 0, 0, 0, NULL, NULL),
(336, 77, 'Tuesday', 'TUE', '', '', '', 1, '2017-09-17 03:56:34', 0, '2017-09-16 18:00:00', 0, 0, 0, 0, NULL, NULL),
(337, 77, 'Wednesday', 'WED', '', '', '', 1, '2017-09-17 03:56:41', 0, '2017-09-16 18:00:00', 0, 0, 0, 0, NULL, NULL),
(338, 77, 'Thrusday', 'THU', '', '', '', 1, '2017-09-17 03:56:49', 0, '2017-09-16 18:00:00', 0, 0, 0, 0, NULL, NULL),
(339, 77, 'Friday', 'FRI', '', '', '', 1, '2017-09-17 03:57:02', 0, '2017-09-16 18:00:00', 0, 0, 0, 0, NULL, NULL),
(340, 78, ' “Accommodation” means such room or apartment in the Student', '', '', '', '', 1, '2017-09-26 05:59:37', 0, '0000-00-00 00:00:00', 0, 0, 0, 0, NULL, NULL),
(341, 78, '“Contents” means the fixtures, fittings, appliances, furnitu', '', '', '', '', 1, '2017-09-26 05:59:49', 0, '0000-00-00 00:00:00', 0, 0, 0, 0, NULL, NULL),
(342, 78, '“House keys” includes door keys, cabinet keys, mailbox keys,', '', '', '', '', 1, '2017-09-26 05:59:57', 0, '0000-00-00 00:00:00', 0, 0, 0, 0, NULL, NULL),
(343, 78, '“Housing Offer” means the letter of offer issued by the Offi', '', '', '', '', 1, '2017-09-26 06:00:09', 0, '0000-00-00 00:00:00', 0, 0, 0, 0, NULL, NULL),
(344, 78, '“License Fees” means the prevailing fees established by the ', '', '', '', '', 1, '2017-09-26 06:00:18', 0, '0000-00-00 00:00:00', 0, 0, 0, 0, NULL, NULL),
(345, 78, '“Office” means the Office of Housing and Office of Student L', '', '', '', '', 1, '2017-09-26 06:00:32', 0, '0000-00-00 00:00:00', 0, 0, 0, 0, NULL, NULL),
(346, 78, '“Resident” refers to the occupier granted the right to occup', '', '', '', '', 1, '2017-09-26 06:00:43', 0, '0000-00-00 00:00:00', 0, 0, 0, 0, NULL, NULL),
(347, 74, 'Resident', '', '', '', '', 1, '2017-10-02 05:44:10', 0, '0000-00-00 00:00:00', 0, 0, 0, 0, NULL, NULL),
(348, 76, 'Resident', '', '', '', '', 1, '2017-10-02 05:45:36', 0, '0000-00-00 00:00:00', 0, 0, 0, 0, NULL, NULL),
(349, 79, 'Seat-1', 'S1', '', '', '', 1, '2017-10-25 04:22:13', 0, '2017-10-01 18:00:00', 0, 1, 0, 0, NULL, NULL),
(350, 79, 'Seat-2', 'S2', '', '', '', 1, '2017-10-25 04:22:13', 0, '2017-10-01 18:00:00', 0, 2, 0, 0, NULL, NULL),
(351, 79, 'Seat-3', 'S3', '', '', '', 1, '2017-10-25 04:22:13', 0, '2017-10-01 18:00:00', 0, 3, 0, 0, NULL, NULL),
(352, 79, 'Seat-4', 'S4', '', '', '', 1, '2017-10-25 04:22:13', 0, '2017-10-01 18:00:00', 0, 4, 0, 0, NULL, NULL);

-- --------------------------------------------------------

--
-- Table structure for table `m00_lkpgrp`
--

CREATE TABLE IF NOT EXISTS `m00_lkpgrp` (
  `GRP_ID` int(6) NOT NULL AUTO_INCREMENT,
  `GRP_NAME` varchar(60) NOT NULL,
  `ABBR` varchar(10) NOT NULL,
  `SYS_FG` int(1) NOT NULL,
  `SYSCODE_FG` int(1) NOT NULL,
  `SEL_FG` int(1) NOT NULL,
  `UPD_FG` int(1) NOT NULL,
  `DEL_FG` int(1) NOT NULL,
  `RMKS` varchar(60) NOT NULL,
  `ACT_FG` tinyint(1) NOT NULL DEFAULT '1',
  `CRE_DT` timestamp NOT NULL DEFAULT CURRENT_TIMESTAMP ON UPDATE CURRENT_TIMESTAMP,
  `CRE_BY` int(11) NOT NULL,
  `UPD_DT` timestamp NOT NULL DEFAULT CURRENT_TIMESTAMP ON UPDATE CURRENT_TIMESTAMP,
  `UPD_BY` int(11) NOT NULL,
  `ORG_ID` int(2) NOT NULL,
  `GRP_LEVEL` int(2) NOT NULL,
  `WAIVER` int(2) NOT NULL,
  `USE_CORN` char(1) CHARACTER SET latin1 DEFAULT NULL,
  PRIMARY KEY (`GRP_ID`)
) ENGINE=InnoDB  DEFAULT CHARSET=utf8 AUTO_INCREMENT=80 ;

--
-- Dumping data for table `m00_lkpgrp`
--

INSERT INTO `m00_lkpgrp` (`GRP_ID`, `GRP_NAME`, `ABBR`, `SYS_FG`, `SYSCODE_FG`, `SEL_FG`, `UPD_FG`, `DEL_FG`, `RMKS`, `ACT_FG`, `CRE_DT`, `CRE_BY`, `UPD_DT`, `UPD_BY`, `ORG_ID`, `GRP_LEVEL`, `WAIVER`, `USE_CORN`) VALUES
(3, 'Religion', '', 0, 0, 0, 0, 1, '', 1, '2015-01-20 18:28:50', 0, '2015-01-20 18:28:50', 0, 1, 3, 0, NULL),
(4, 'Blood Group', '', 0, 0, 0, 0, 1, '', 1, '2015-01-20 22:38:17', 0, '2015-01-20 22:38:17', 0, 1, 3, 0, NULL),
(8, 'Marital Status', '', 0, 0, 0, 0, 1, '', 1, '2015-01-20 21:37:33', 0, '2015-01-20 21:37:33', 0, 1, 3, 0, NULL),
(10, 'Time Unit', '', 0, 0, 0, 0, 1, '', 1, '2015-01-20 23:22:01', 0, '2015-01-20 23:22:01', 0, 1, 3, 0, NULL),
(11, 'Age Group', '', 0, 0, 0, 0, 1, '', 1, '2015-01-20 23:02:50', 0, '2015-01-20 23:02:50', 0, 1, 3, 0, NULL),
(12, 'Level of Education', '', 0, 0, 0, 0, 0, '', 1, '2015-01-21 23:08:59', 0, '2015-01-21 23:08:59', 0, 1, 0, 0, NULL),
(13, 'Education Degree', '', 1, 1, 1, 1, 0, '', 1, '2015-01-21 18:37:46', 0, '2015-01-21 18:37:46', 0, 1, 0, 0, NULL),
(14, 'Subject', '', 0, 0, 0, 0, 1, '', 1, '2015-01-23 17:21:32', 0, '2015-01-23 17:21:32', 0, 1, 0, 0, NULL),
(15, 'Department', '', 1, 1, 1, 1, 1, '', 1, '2015-01-21 18:05:51', 0, '2015-01-21 18:05:51', 0, 1, 0, 0, NULL),
(16, 'Semester', '', 0, 0, 0, 0, 1, '', 1, '2015-01-23 16:03:15', 0, '2015-01-23 16:03:15', 0, 1, 0, 0, NULL),
(17, 'Student Type', '', 0, 0, 0, 0, 1, '', 1, '2015-01-23 16:57:49', 0, '2015-01-23 16:57:49', 0, 1, 0, 0, NULL),
(18, 'Faculty', '', 1, 1, 1, 1, 1, '', 1, '2015-01-21 15:26:59', 0, '2015-01-21 15:26:59', 0, 1, 0, 0, NULL),
(19, 'Course', '', 1, 1, 1, 1, 1, '', 1, '2015-01-21 16:46:41', 0, '2015-01-21 16:46:41', 0, 1, 0, 0, NULL),
(21, 'Occupation', '', 0, 0, 0, 0, 1, '', 1, '2015-01-20 21:17:28', 0, '2015-01-20 21:17:28', 0, 1, 0, 0, NULL),
(23, 'Institute Type', '', 0, 0, 0, 0, 0, '', 1, '2015-01-21 22:30:36', 0, '2015-01-21 22:30:36', 0, 1, 0, 0, NULL),
(24, 'Board University', '', 1, 1, 1, 1, 1, '', 1, '2015-01-21 19:06:50', 0, '2015-01-21 19:06:50', 0, 1, 3, 0, NULL),
(25, 'Education Group', '', 0, 0, 0, 0, 1, '', 1, '2015-01-21 21:37:29', 0, '2015-01-21 21:37:29', 0, 1, 0, 0, NULL),
(26, 'Previous Institute', '', 0, 0, 0, 0, 1, '', 1, '2015-01-23 15:43:07', 0, '2015-01-23 15:43:07', 0, 1, 0, 0, NULL),
(28, 'Student''s Source of Financing', '', 0, 0, 0, 0, 1, '', 1, '2015-01-23 16:29:05', 0, '2015-01-23 16:29:05', 0, 1, 0, 0, NULL),
(29, 'Degree', '', 0, 0, 0, 0, 1, '', 1, '2015-01-23 16:29:05', 0, '2015-01-23 16:29:05', 0, 1, 0, 0, NULL),
(30, 'Curent Semester', '', 0, 0, 0, 0, 0, '', 1, '2015-09-05 23:43:42', 0, '2015-09-05 23:43:42', 0, 0, 0, 0, NULL),
(31, 'Waiver', '', 0, 0, 0, 0, 0, '', 1, '2015-09-30 22:15:17', 0, '2015-09-30 22:15:17', 0, 0, 0, 0, NULL),
(38, 'Subject Category', '', 0, 0, 0, 0, 0, '', 1, '2015-03-02 21:16:18', 0, '2015-03-02 21:16:18', 0, 0, 0, 0, NULL),
(40, 'Relation', '', 0, 0, 0, 0, 0, '', 1, '2015-04-04 18:16:14', 0, '2015-04-04 18:16:14', 0, 0, 0, 0, NULL),
(41, 'Program Part', '', 0, 0, 0, 0, 0, '', 1, '2015-08-01 15:19:05', 0, '2015-08-01 15:19:05', 0, 0, 0, 0, NULL),
(56, 'Substances', '', 0, 0, 0, 0, 0, '', 1, '2015-09-13 22:24:48', 0, '2015-09-13 22:24:48', 0, 0, 0, 0, NULL),
(62, 'Event Type', '', 0, 0, 0, 0, 0, '', 1, '2015-09-21 17:32:57', 0, '2015-09-21 17:32:57', 0, 0, 0, 0, NULL),
(63, 'Course Content Type', '', 0, 0, 0, 0, 0, '', 1, '2015-10-11 17:00:14', 0, '2015-10-11 17:00:14', 0, 0, 0, 0, NULL),
(64, 'Calendar Start Date', '', 0, 0, 0, 0, 0, '', 1, '2015-10-17 15:45:03', 0, '2015-10-17 15:45:03', 0, 0, 0, 0, NULL),
(65, 'Designation', '', 0, 0, 0, 0, 0, '', 1, '2015-11-10 16:41:02', 0, '2015-11-10 16:41:02', 0, 0, 0, 0, NULL),
(66, 'Teacher Experience Type', '', 0, 0, 0, 0, 0, '', 1, '2015-11-22 16:38:39', 0, '2015-11-22 16:38:39', 0, 0, 0, 0, NULL),
(67, 'Teacher Interest', '', 0, 0, 0, 0, 0, '', 1, '2015-11-22 16:40:27', 0, '2015-11-22 16:40:27', 0, 0, 0, 0, NULL),
(68, 'Application User Type', '', 0, 0, 0, 0, 0, '', 1, '2015-12-11 18:18:52', 0, '2015-12-11 18:18:52', 0, 0, 0, 0, NULL),
(69, 'Marking Type', '', 0, 0, 0, 0, 0, '', 1, '2016-01-27 21:55:34', 0, '2016-01-27 21:55:34', 0, 0, 0, 0, NULL),
(70, 'Payment Type', '', 0, 0, 0, 0, 0, '', 1, '2016-02-10 20:19:02', 0, '2016-02-10 20:19:02', 0, 0, 0, 0, NULL),
(71, 'Language Proficiency Level ', '', 0, 0, 0, 0, 0, '', 1, '2017-03-03 22:27:05', 0, '2017-03-03 22:27:05', 0, 0, 0, 0, NULL),
(72, 'Campus Type', '', 0, 0, 0, 0, 0, '', 1, '2017-08-26 10:48:43', 0, '2017-08-26 10:48:43', 0, 0, 0, 0, NULL),
(74, 'Building Type', '', 0, 0, 0, 0, 0, '', 1, '2017-09-07 08:25:14', 0, '2017-09-07 08:25:14', 0, 0, 0, 0, NULL),
(75, 'Floor', '', 0, 0, 0, 0, 0, '', 1, '2017-09-09 04:38:41', 0, '2017-09-09 04:38:41', 0, 0, 0, 0, NULL),
(76, 'Room Type', '', 0, 0, 0, 0, 0, '', 1, '2017-09-09 06:27:42', 0, '2017-09-09 06:27:42', 0, 0, 0, 0, NULL),
(77, 'Weeks', '', 0, 0, 0, 0, 0, '', 1, '2017-09-17 03:51:31', 0, '2017-09-17 03:51:31', 0, 0, 0, 0, NULL),
(78, 'Hostel Terms and Condition', '', 0, 0, 0, 0, 0, '', 1, '2017-09-26 05:59:22', 0, '2017-09-26 05:59:22', 0, 0, 0, 0, NULL),
(79, 'Seat No.', '', 0, 0, 0, 0, 0, '', 1, '2017-10-02 06:10:30', 0, '2017-10-02 06:10:30', 0, 0, 0, 0, NULL);

-- --------------------------------------------------------

--
-- Table structure for table `notice`
--

CREATE TABLE IF NOT EXISTS `notice` (
  `NOTICE_ID` bigint(14) NOT NULL AUTO_INCREMENT,
  `N_TITLE` varchar(300) COLLATE utf8_croatian_ci DEFAULT NULL,
  `N_DESC` text COLLATE utf8_croatian_ci,
  `N_ATTACHMENT` varchar(100) COLLATE utf8_croatian_ci DEFAULT NULL,
  `START_DATE` date DEFAULT NULL,
  `END_DATE` date DEFAULT NULL,
  `ACTIVE_STATUS` int(1) DEFAULT NULL,
  `CREATED_BY` int(11) DEFAULT NULL,
  `CREATE_DATE` timestamp NOT NULL DEFAULT CURRENT_TIMESTAMP,
  `UPDATED_BY` int(11) DEFAULT NULL,
  `UPDATE_DATE` datetime DEFAULT NULL,
  PRIMARY KEY (`NOTICE_ID`)
) ENGINE=InnoDB  DEFAULT CHARSET=utf8 COLLATE=utf8_croatian_ci AUTO_INCREMENT=30 ;

--
-- Dumping data for table `notice`
--

INSERT INTO `notice` (`NOTICE_ID`, `N_TITLE`, `N_DESC`, `N_ATTACHMENT`, `START_DATE`, `END_DATE`, `ACTIVE_STATUS`, `CREATED_BY`, `CREATE_DATE`, `UPDATED_BY`, `UPDATE_DATE`) VALUES
(25, 'Notice Title', '<p>Notice description updated</p>\r\n ', 'Chrysanthemum1.jpg', '2017-09-01', '2017-09-30', 1, NULL, '2017-11-06 18:00:00', NULL, NULL),
(26, 'Annual Program', '<p>English. Many desktop publishing packages and web page editors now use Lorem Ipsum as their default model text, and a search for ''lorem ipsum'' will uncover many web<br></p> ', 'Jellyfish.jpg', '2017-09-01', '2017-09-05', 1, NULL, '2017-11-06 18:00:00', NULL, NULL),
(27, 'Semester final exam', '<p>English. Many desktop publishing packages and web page editors now use Lorem Ipsum as their default model text, and a search for ''lorem ipsum'' will uncover many web<br></p>', '', '2017-09-14', '2017-09-28', 1, NULL, '2017-09-20 18:00:00', NULL, NULL),
(28, 'Exam Postpond ', '<p>English. Many desktop publishing packages and web page editors now use Lorem Ipsum as their default model text, and a search for ''lorem ipsum'' will uncover many web<br></p>', '', '2017-09-23', '2017-09-24', 1, NULL, '2017-09-20 18:00:00', NULL, NULL),
(29, 'Mid Exam', '<p>English. Many desktop publishing packages and web page editors now use Lorem Ipsum as their default model text, and a search for ''lorem ipsum'' will uncover many web<br></p>', '', '2017-09-01', '2017-09-27', 1, NULL, '2017-09-20 18:00:00', NULL, NULL);

-- --------------------------------------------------------

--
-- Table structure for table `organogam`
--

CREATE TABLE IF NOT EXISTS `organogam` (
  `ID` int(11) NOT NULL AUTO_INCREMENT,
  `PARENT_ID` int(11) DEFAULT NULL,
  `NAME` varchar(20) CHARACTER SET utf8 COLLATE utf8_croatian_ci DEFAULT NULL,
  `TITLE` varchar(100) CHARACTER SET utf8 COLLATE utf8_croatian_ci DEFAULT NULL,
  PRIMARY KEY (`ID`)
) ENGINE=InnoDB  DEFAULT CHARSET=latin1 AUTO_INCREMENT=4 ;

--
-- Dumping data for table `organogam`
--

INSERT INTO `organogam` (`ID`, `PARENT_ID`, `NAME`, `TITLE`) VALUES
(2, NULL, 'test', 'test'),
(3, 2, 'sohel', 'dfdf');

-- --------------------------------------------------------

--
-- Table structure for table `resident_application`
--

CREATE TABLE IF NOT EXISTS `resident_application` (
  `APP_ID` int(11) NOT NULL AUTO_INCREMENT,
  `APPLICATION_TYPE` varchar(11) DEFAULT NULL COMMENT 'A=''''ALOCATION'''',C="CANCELLATION"',
  `APPLICANT_ID` int(11) DEFAULT NULL,
  `APPLICANT_TYPE` varchar(11) DEFAULT NULL COMMENT 'S="STUDENT",E="EMPLOYEE"',
  `APPLICANT_DT` date DEFAULT NULL,
  `REASON_OF_ALLOCATION` varchar(100) DEFAULT NULL,
  `APPROVE_BY_DEPT_HEAD` int(11) DEFAULT NULL,
  `APPROVE_BY_DEPT_HEAD_STATUS` int(11) DEFAULT NULL,
  `REMARK_DEPT_HEAD` varchar(100) DEFAULT NULL,
  `APPROVE_PROVOST` int(11) DEFAULT NULL,
  `APPROVE_PROVOST_STATUS` int(1) DEFAULT NULL,
  `REMARK_PROVOST` varchar(100) DEFAULT NULL,
  `REMARK_HOUSE_TUTOR` varchar(100) DEFAULT NULL,
  `ROOM_NO` int(11) DEFAULT NULL,
  `TERMS` int(1) DEFAULT NULL,
  `ACTIVE_STATUS` tinyint(1) NOT NULL DEFAULT '1',
  `CREATED_BY` bigint(14) NOT NULL,
  `CREATE_DATE` timestamp NOT NULL DEFAULT CURRENT_TIMESTAMP,
  `UPDATED_BY` bigint(14) DEFAULT NULL,
  `UPDATE_DATE` datetime DEFAULT NULL ON UPDATE CURRENT_TIMESTAMP,
  PRIMARY KEY (`APP_ID`)
) ENGINE=InnoDB  DEFAULT CHARSET=latin1 AUTO_INCREMENT=4 ;

--
-- Dumping data for table `resident_application`
--

INSERT INTO `resident_application` (`APP_ID`, `APPLICATION_TYPE`, `APPLICANT_ID`, `APPLICANT_TYPE`, `APPLICANT_DT`, `REASON_OF_ALLOCATION`, `APPROVE_BY_DEPT_HEAD`, `APPROVE_BY_DEPT_HEAD_STATUS`, `REMARK_DEPT_HEAD`, `APPROVE_PROVOST`, `APPROVE_PROVOST_STATUS`, `REMARK_PROVOST`, `REMARK_HOUSE_TUTOR`, `ROOM_NO`, `TERMS`, `ACTIVE_STATUS`, `CREATED_BY`, `CREATE_DATE`, `UPDATED_BY`, `UPDATE_DATE`) VALUES
(1, 'A', 234, 'S', '2017-09-26', ' Finance', 18, 1, ' ok', 18, 1, ' fgf', NULL, NULL, 1, 1, 0, '2017-09-26 09:09:09', NULL, '2017-09-28 12:24:35'),
(2, 'C', 234, 'S', '2017-09-26', ' Finance', NULL, NULL, NULL, NULL, NULL, NULL, NULL, NULL, 1, 1, 0, '2017-09-26 09:09:24', NULL, NULL),
(3, 'A', 269, 'S', '2017-10-31', 'For hostel seat', 18, 1, ' OK', 18, 1, ' ok', NULL, NULL, 1, 1, 0, '2017-10-31 09:03:36', NULL, '2017-10-31 15:04:19');

-- --------------------------------------------------------

--
-- Table structure for table `resident_furniture`
--

CREATE TABLE IF NOT EXISTS `resident_furniture` (
  `FURNITURE_ID` int(11) NOT NULL AUTO_INCREMENT,
  `FUNRNITURE_NAME` varchar(255) DEFAULT NULL,
  `DESC` varchar(255) DEFAULT NULL,
  `CREATED_BY` int(11) DEFAULT NULL,
  `CREATED_DATE` date DEFAULT NULL,
  `UPDATED_BY` int(11) DEFAULT NULL,
  `UPDATED_DATE` date DEFAULT NULL,
  PRIMARY KEY (`FURNITURE_ID`)
) ENGINE=InnoDB  DEFAULT CHARSET=latin1 AUTO_INCREMENT=6 ;

--
-- Dumping data for table `resident_furniture`
--

INSERT INTO `resident_furniture` (`FURNITURE_ID`, `FUNRNITURE_NAME`, `DESC`, `CREATED_BY`, `CREATED_DATE`, `UPDATED_BY`, `UPDATED_DATE`) VALUES
(1, 'Fan', 'Ceiling Fan ', NULL, NULL, NULL, NULL),
(2, 'Tube Light', 'Tube Light', NULL, NULL, NULL, NULL),
(3, 'Bed', 'Bed', NULL, NULL, NULL, NULL),
(4, 'Table', 'Table', NULL, NULL, NULL, NULL),
(5, 'Chair', 'Chair', NULL, NULL, NULL, NULL);

-- --------------------------------------------------------

--
-- Stand-in structure for view `resident_seat`
--
CREATE TABLE IF NOT EXISTS `resident_seat` (
`SEAT_ID` int(4)
,`SEAT_NAME` varchar(250)
,`ACTIVE_FLAG` int(1)
,`SEAT_NO` int(4)
);
-- --------------------------------------------------------

--
-- Table structure for table `resident_seat_allocation`
--

CREATE TABLE IF NOT EXISTS `resident_seat_allocation` (
  `ALLOCATION_ID` int(11) NOT NULL AUTO_INCREMENT,
  `SEAT_MAPPING_ID` int(11) DEFAULT NULL,
  `APPLICANT_ID` int(11) DEFAULT NULL,
  `APPLICANT_TYPE` int(11) DEFAULT NULL,
  `ALLOCATION_START_DT` date DEFAULT NULL,
  `ALLOCATION_END_DT` date DEFAULT NULL,
  `REMARK` varchar(100) DEFAULT NULL,
  `FURNITURE` varchar(100) DEFAULT NULL,
  `ACTIVE_STATUS` tinyint(1) NOT NULL DEFAULT '1',
  `CREATED_BY` bigint(14) NOT NULL,
  `CREATE_DATE` timestamp NOT NULL DEFAULT CURRENT_TIMESTAMP,
  `UPDATED_BY` bigint(14) DEFAULT NULL,
  `UPDATE_DATE` datetime DEFAULT NULL ON UPDATE CURRENT_TIMESTAMP,
  PRIMARY KEY (`ALLOCATION_ID`)
) ENGINE=InnoDB  DEFAULT CHARSET=latin1 AUTO_INCREMENT=4 ;

--
-- Dumping data for table `resident_seat_allocation`
--

INSERT INTO `resident_seat_allocation` (`ALLOCATION_ID`, `SEAT_MAPPING_ID`, `APPLICANT_ID`, `APPLICANT_TYPE`, `ALLOCATION_START_DT`, `ALLOCATION_END_DT`, `REMARK`, `FURNITURE`, `ACTIVE_STATUS`, `CREATED_BY`, `CREATE_DATE`, `UPDATED_BY`, `UPDATE_DATE`) VALUES
(1, 1, 234, NULL, '2017-10-31', '2018-01-01', 'test', NULL, 1, 0, '2017-10-31 04:09:57', NULL, NULL),
(3, 3, 269, NULL, '2017-10-31', '2018-03-01', 'Ok', NULL, 1, 1, '2017-10-31 10:56:44', NULL, NULL);

-- --------------------------------------------------------

--
-- Table structure for table `resident_seat_mapping`
--

CREATE TABLE IF NOT EXISTS `resident_seat_mapping` (
  `SEAT_MAPPING_ID` int(11) NOT NULL AUTO_INCREMENT,
  `BUILDING_ID` int(11) DEFAULT NULL,
  `ROOM_ID` int(11) DEFAULT NULL,
  `FLOOR_ID` int(11) DEFAULT NULL,
  `SEAT_NO` int(11) DEFAULT NULL,
  `BOOKED_STATUS` tinyint(1) NOT NULL DEFAULT '1',
  `ACTIVE_STATUS` tinyint(1) NOT NULL DEFAULT '1',
  `CREATED_BY` bigint(14) NOT NULL,
  `CREATE_DATE` timestamp NOT NULL DEFAULT CURRENT_TIMESTAMP,
  `UPDATED_BY` bigint(14) DEFAULT NULL,
  `UPDATE_DATE` datetime DEFAULT NULL ON UPDATE CURRENT_TIMESTAMP,
  PRIMARY KEY (`SEAT_MAPPING_ID`)
) ENGINE=InnoDB  DEFAULT CHARSET=latin1 AUTO_INCREMENT=23 ;

--
-- Dumping data for table `resident_seat_mapping`
--

INSERT INTO `resident_seat_mapping` (`SEAT_MAPPING_ID`, `BUILDING_ID`, `ROOM_ID`, `FLOOR_ID`, `SEAT_NO`, `BOOKED_STATUS`, `ACTIVE_STATUS`, `CREATED_BY`, `CREATE_DATE`, `UPDATED_BY`, `UPDATE_DATE`) VALUES
(1, 7, 1, 1, 1, 1, 1, 1, '2017-10-25 04:54:50', NULL, '2017-10-31 10:09:57'),
(2, 7, 1, 1, 2, 0, 1, 1, '2017-10-25 04:54:50', NULL, '2017-10-31 16:39:48'),
(3, 7, 1, 1, 3, 1, 1, 1, '2017-10-25 04:54:50', NULL, '2017-10-31 16:56:44'),
(4, 7, 1, 1, 4, 0, 1, 1, '2017-10-25 04:54:50', NULL, '2017-10-30 12:22:10'),
(5, 7, 2, 1, 1, 0, 1, 1, '2017-10-25 04:54:55', NULL, '2017-10-30 12:22:10'),
(6, 7, 2, 1, 2, 0, 1, 1, '2017-10-25 04:54:55', NULL, NULL),
(7, 7, 2, 1, 3, 0, 1, 1, '2017-10-25 04:54:55', NULL, '2017-10-30 12:22:10'),
(8, 7, 2, 1, 4, 0, 1, 1, '2017-10-25 04:54:55', NULL, '2017-10-30 12:22:10'),
(9, 7, 3, 1, 1, 0, 1, 1, '2017-10-25 04:54:59', NULL, NULL),
(10, 7, 3, 1, 2, 0, 1, 1, '2017-10-25 04:54:59', NULL, NULL),
(11, 7, 3, 1, 3, 0, 1, 1, '2017-10-25 04:54:59', NULL, NULL),
(12, 7, 3, 1, 4, 0, 1, 1, '2017-10-25 04:54:59', NULL, NULL),
(13, 7, 4, 2, 1, 0, 1, 1, '2017-10-25 06:31:27', NULL, NULL),
(14, 7, 4, 2, 2, 0, 1, 1, '2017-10-25 06:31:27', NULL, NULL),
(15, 7, 4, 2, 3, 0, 1, 1, '2017-10-25 06:31:27', NULL, NULL),
(16, 7, 4, 2, 4, 0, 1, 1, '2017-10-25 06:31:27', NULL, NULL),
(17, 7, 5, 2, 1, 0, 1, 1, '2017-10-25 06:31:31', NULL, NULL),
(18, 7, 5, 2, 2, 0, 1, 1, '2017-10-25 06:31:31', NULL, NULL),
(19, 7, 5, 2, 3, 0, 1, 1, '2017-10-25 06:31:31', NULL, NULL),
(20, 7, 5, 2, 4, 0, 1, 1, '2017-10-25 06:31:31', NULL, NULL),
(21, 7, 9, 3, 1, 0, 1, 1, '2017-10-25 06:32:11', NULL, NULL),
(22, 7, 9, 3, 2, 0, 1, 1, '2017-10-25 06:32:11', NULL, NULL);

-- --------------------------------------------------------

--
-- Stand-in structure for view `sav_semester`
--
CREATE TABLE IF NOT EXISTS `sav_semester` (
`SEMESTER_ID` int(4)
,`SEMESTER_NAME` varchar(250)
,`ACTIVE_FLAG` int(1)
,`SL_NO` int(4)
);
-- --------------------------------------------------------

--
-- Table structure for table `sa_building`
--

CREATE TABLE IF NOT EXISTS `sa_building` (
  `BUILDING_ID` int(11) NOT NULL AUTO_INCREMENT,
  `CAMPUS_ID` int(11) DEFAULT NULL,
  `BUILDING_NAME` varchar(100) NOT NULL,
  `DESC` text,
  `BUILDING_TYPE` int(11) NOT NULL,
  `ACTIVE_STATUS` tinyint(1) DEFAULT '1',
  `CREATED_BY` int(10) DEFAULT NULL,
  `CREATED_DT` timestamp NOT NULL DEFAULT CURRENT_TIMESTAMP,
  `UPDATE_BY` int(10) DEFAULT NULL,
  `UPDATED_DT` datetime DEFAULT NULL,
  PRIMARY KEY (`BUILDING_ID`)
) ENGINE=InnoDB  DEFAULT CHARSET=latin1 AUTO_INCREMENT=8 ;

--
-- Dumping data for table `sa_building`
--

INSERT INTO `sa_building` (`BUILDING_ID`, `CAMPUS_ID`, `BUILDING_NAME`, `DESC`, `BUILDING_TYPE`, `ACTIVE_STATUS`, `CREATED_BY`, `CREATED_DT`, `UPDATE_BY`, `UPDATED_DT`) VALUES
(3, 5, 'Blue Strar 222', 'Building Description ALL', 315, 1, 1, '2017-09-07 09:19:22', NULL, NULL),
(6, 6, 'Main Building T', 'Main Building Description', 315, 1, 1, '2017-09-09 03:17:30', NULL, NULL),
(7, 5, 'Male Hostel', 'Male Hostel', 347, 1, 1, '2017-10-02 05:44:44', NULL, NULL);

-- --------------------------------------------------------

--
-- Table structure for table `sa_campus`
--

CREATE TABLE IF NOT EXISTS `sa_campus` (
  `CAMPUS_ID` int(11) NOT NULL AUTO_INCREMENT,
  `CAMPUS_NAME` varchar(100) NOT NULL,
  `CAMPUS_DESC` text,
  `CAMPUS_TYPE` int(11) NOT NULL,
  `ACTIVE_STATUS` tinyint(1) DEFAULT '1',
  `CREATED_BY` int(10) DEFAULT NULL,
  `CREATED_DT` timestamp NOT NULL DEFAULT CURRENT_TIMESTAMP,
  `UPDATE_BY` int(10) DEFAULT NULL,
  `UPDATED_DT` datetime DEFAULT NULL,
  `ORG_ID` int(11) NOT NULL,
  PRIMARY KEY (`CAMPUS_ID`)
) ENGINE=InnoDB  DEFAULT CHARSET=latin1 AUTO_INCREMENT=11 ;

--
-- Dumping data for table `sa_campus`
--

INSERT INTO `sa_campus` (`CAMPUS_ID`, `CAMPUS_NAME`, `CAMPUS_DESC`, `CAMPUS_TYPE`, `ACTIVE_STATUS`, `CREATED_BY`, `CREATED_DT`, `UPDATE_BY`, `UPDATED_DT`, `ORG_ID`) VALUES
(5, 'Admin Campus', 'Admin Campus Description', 312, 1, 1, '2017-08-27 03:52:39', NULL, NULL, 1),
(6, 'EEE Campus', 'EEE Campus Description', 312, 0, 1, '2017-08-27 03:54:00', NULL, NULL, 1),
(7, 'CSE Campus', 'CSE Campus Description', 311, 1, 1, '2017-08-27 04:29:55', NULL, NULL, 1),
(8, 'Textitle Campus 01', 'Textile Campus Description', 311, 1, 1, '2017-08-27 04:30:55', NULL, NULL, 1),
(9, 'Biochemistry Campus', 'Biochemistry Campus Description', 311, 1, 1, '2017-08-27 04:32:45', NULL, NULL, 1),
(10, 'Chemistrry Building', 'Chemistry Building Description', 311, 1, 1, '2017-08-28 09:58:58', NULL, NULL, 1);

-- --------------------------------------------------------

--
-- Table structure for table `sa_country`
--

CREATE TABLE IF NOT EXISTS `sa_country` (
  `ID` int(11) NOT NULL AUTO_INCREMENT,
  `ISO` char(2) COLLATE utf8_croatian_ci NOT NULL,
  `NAME` varchar(80) COLLATE utf8_croatian_ci NOT NULL,
  `NICENAME` varchar(80) COLLATE utf8_croatian_ci NOT NULL,
  `ISO3` char(3) COLLATE utf8_croatian_ci DEFAULT NULL,
  `NUMCODE` smallint(6) DEFAULT NULL,
  `PHONECODE` int(5) NOT NULL,
  PRIMARY KEY (`ID`)
) ENGINE=InnoDB  DEFAULT CHARSET=utf8 COLLATE=utf8_croatian_ci AUTO_INCREMENT=240 ;

--
-- Dumping data for table `sa_country`
--

INSERT INTO `sa_country` (`ID`, `ISO`, `NAME`, `NICENAME`, `ISO3`, `NUMCODE`, `PHONECODE`) VALUES
(1, 'AF', 'AFGHANISTAN', 'Afghanistan', 'AFG', 4, 93),
(2, 'AL', 'ALBANIA', 'Albania', 'ALB', 8, 355),
(3, 'DZ', 'ALGERIA', 'Algeria', 'DZA', 12, 213),
(4, 'AS', 'AMERICAN SAMOA', 'American Samoa', 'ASM', 16, 1684),
(5, 'AD', 'ANDORRA', 'Andorra', 'AND', 20, 376),
(6, 'AO', 'ANGOLA', 'Angola', 'AGO', 24, 244),
(7, 'AI', 'ANGUILLA', 'Anguilla', 'AIA', 660, 1264),
(8, 'AQ', 'ANTARCTICA', 'Antarctica', NULL, NULL, 0),
(9, 'AG', 'ANTIGUA AND BARBUDA', 'Antigua and Barbuda', 'ATG', 28, 1268),
(10, 'AR', 'ARGENTINA', 'Argentina', 'ARG', 32, 54),
(11, 'AM', 'ARMENIA', 'Armenia', 'ARM', 51, 374),
(12, 'AW', 'ARUBA', 'Aruba', 'ABW', 533, 297),
(13, 'AU', 'AUSTRALIA', 'Australia', 'AUS', 36, 61),
(14, 'AT', 'AUSTRIA', 'Austria', 'AUT', 40, 43),
(15, 'AZ', 'AZERBAIJAN', 'Azerbaijan', 'AZE', 31, 994),
(16, 'BS', 'BAHAMAS', 'Bahamas', 'BHS', 44, 1242),
(17, 'BH', 'BAHRAIN', 'Bahrain', 'BHR', 48, 973),
(18, 'BD', 'BANGLADESH', 'Bangladesh', 'BGD', 50, 880),
(19, 'BB', 'BARBADOS', 'Barbados', 'BRB', 52, 1246),
(20, 'BY', 'BELARUS', 'Belarus', 'BLR', 112, 375),
(21, 'BE', 'BELGIUM', 'Belgium', 'BEL', 56, 32),
(22, 'BZ', 'BELIZE', 'Belize', 'BLZ', 84, 501),
(23, 'BJ', 'BENIN', 'Benin', 'BEN', 204, 229),
(24, 'BM', 'BERMUDA', 'Bermuda', 'BMU', 60, 1441),
(25, 'BT', 'BHUTAN', 'Bhutan', 'BTN', 64, 975),
(26, 'BO', 'BOLIVIA', 'Bolivia', 'BOL', 68, 591),
(27, 'BA', 'BOSNIA AND HERZEGOVINA', 'Bosnia and Herzegovina', 'BIH', 70, 387),
(28, 'BW', 'BOTSWANA', 'Botswana', 'BWA', 72, 267),
(29, 'BV', 'BOUVET ISLAND', 'Bouvet Island', NULL, NULL, 0),
(30, 'BR', 'BRAZIL', 'Brazil', 'BRA', 76, 55),
(31, 'IO', 'BRITISH INDIAN OCEAN TERRITORY', 'British Indian Ocean Territory', NULL, NULL, 246),
(32, 'BN', 'BRUNEI DARUSSALAM', 'Brunei Darussalam', 'BRN', 96, 673),
(33, 'BG', 'BULGARIA', 'Bulgaria', 'BGR', 100, 359),
(34, 'BF', 'BURKINA FASO', 'Burkina Faso', 'BFA', 854, 226),
(35, 'BI', 'BURUNDI', 'Burundi', 'BDI', 108, 257),
(36, 'KH', 'CAMBODIA', 'Cambodia', 'KHM', 116, 855),
(37, 'CM', 'CAMEROON', 'Cameroon', 'CMR', 120, 237),
(38, 'CA', 'CANADA', 'Canada', 'CAN', 124, 1),
(39, 'CV', 'CAPE VERDE', 'Cape Verde', 'CPV', 132, 238),
(40, 'KY', 'CAYMAN ISLANDS', 'Cayman Islands', 'CYM', 136, 1345),
(41, 'CF', 'CENTRAL AFRICAN REPUBLIC', 'Central African Republic', 'CAF', 140, 236),
(42, 'TD', 'CHAD', 'Chad', 'TCD', 148, 235),
(43, 'CL', 'CHILE', 'Chile', 'CHL', 152, 56),
(44, 'CN', 'CHINA', 'China', 'CHN', 156, 86),
(45, 'CX', 'CHRISTMAS ISLAND', 'Christmas Island', NULL, NULL, 61),
(46, 'CC', 'COCOS (KEELING) ISLANDS', 'Cocos (Keeling) Islands', NULL, NULL, 672),
(47, 'CO', 'COLOMBIA', 'Colombia', 'COL', 170, 57),
(48, 'KM', 'COMOROS', 'Comoros', 'COM', 174, 269),
(49, 'CG', 'CONGO', 'Congo', 'COG', 178, 242),
(50, 'CD', 'CONGO, THE DEMOCRATIC REPUBLIC OF THE', 'Congo, the Democratic Republic of the', 'COD', 180, 242),
(51, 'CK', 'COOK ISLANDS', 'Cook Islands', 'COK', 184, 682),
(52, 'CR', 'COSTA RICA', 'Costa Rica', 'CRI', 188, 506),
(53, 'CI', 'COTE D''IVOIRE', 'Cote D''Ivoire', 'CIV', 384, 225),
(54, 'HR', 'CROATIA', 'Croatia', 'HRV', 191, 385),
(55, 'CU', 'CUBA', 'Cuba', 'CUB', 192, 53),
(56, 'CY', 'CYPRUS', 'Cyprus', 'CYP', 196, 357),
(57, 'CZ', 'CZECH REPUBLIC', 'Czech Republic', 'CZE', 203, 420),
(58, 'DK', 'DENMARK', 'Denmark', 'DNK', 208, 45),
(59, 'DJ', 'DJIBOUTI', 'Djibouti', 'DJI', 262, 253),
(60, 'DM', 'DOMINICA', 'Dominica', 'DMA', 212, 1767),
(61, 'DO', 'DOMINICAN REPUBLIC', 'Dominican Republic', 'DOM', 214, 1809),
(62, 'EC', 'ECUADOR', 'Ecuador', 'ECU', 218, 593),
(63, 'EG', 'EGYPT', 'Egypt', 'EGY', 818, 20),
(64, 'SV', 'EL SALVADOR', 'El Salvador', 'SLV', 222, 503),
(65, 'GQ', 'EQUATORIAL GUINEA', 'Equatorial Guinea', 'GNQ', 226, 240),
(66, 'ER', 'ERITREA', 'Eritrea', 'ERI', 232, 291),
(67, 'EE', 'ESTONIA', 'Estonia', 'EST', 233, 372),
(68, 'ET', 'ETHIOPIA', 'Ethiopia', 'ETH', 231, 251),
(69, 'FK', 'FALKLAND ISLANDS (MALVINAS)', 'Falkland Islands (Malvinas)', 'FLK', 238, 500),
(70, 'FO', 'FAROE ISLANDS', 'Faroe Islands', 'FRO', 234, 298),
(71, 'FJ', 'FIJI', 'Fiji', 'FJI', 242, 679),
(72, 'FI', 'FINLAND', 'Finland', 'FIN', 246, 358),
(73, 'FR', 'FRANCE', 'France', 'FRA', 250, 33),
(74, 'GF', 'FRENCH GUIANA', 'French Guiana', 'GUF', 254, 594),
(75, 'PF', 'FRENCH POLYNESIA', 'French Polynesia', 'PYF', 258, 689),
(76, 'TF', 'FRENCH SOUTHERN TERRITORIES', 'French Southern Territories', NULL, NULL, 0),
(77, 'GA', 'GABON', 'Gabon', 'GAB', 266, 241),
(78, 'GM', 'GAMBIA', 'Gambia', 'GMB', 270, 220),
(79, 'GE', 'GEORGIA', 'Georgia', 'GEO', 268, 995),
(80, 'DE', 'GERMANY', 'Germany', 'DEU', 276, 49),
(81, 'GH', 'GHANA', 'Ghana', 'GHA', 288, 233),
(82, 'GI', 'GIBRALTAR', 'Gibraltar', 'GIB', 292, 350),
(83, 'GR', 'GREECE', 'Greece', 'GRC', 300, 30),
(84, 'GL', 'GREENLAND', 'Greenland', 'GRL', 304, 299),
(85, 'GD', 'GRENADA', 'Grenada', 'GRD', 308, 1473),
(86, 'GP', 'GUADELOUPE', 'Guadeloupe', 'GLP', 312, 590),
(87, 'GU', 'GUAM', 'Guam', 'GUM', 316, 1671),
(88, 'GT', 'GUATEMALA', 'Guatemala', 'GTM', 320, 502),
(89, 'GN', 'GUINEA', 'Guinea', 'GIN', 324, 224),
(90, 'GW', 'GUINEA-BISSAU', 'Guinea-Bissau', 'GNB', 624, 245),
(91, 'GY', 'GUYANA', 'Guyana', 'GUY', 328, 592),
(92, 'HT', 'HAITI', 'Haiti', 'HTI', 332, 509),
(93, 'HM', 'HEARD ISLAND AND MCDONALD ISLANDS', 'Heard Island and Mcdonald Islands', NULL, NULL, 0),
(94, 'VA', 'HOLY SEE (VATICAN CITY STATE)', 'Holy See (Vatican City State)', 'VAT', 336, 39),
(95, 'HN', 'HONDURAS', 'Honduras', 'HND', 340, 504),
(96, 'HK', 'HONG KONG', 'Hong Kong', 'HKG', 344, 852),
(97, 'HU', 'HUNGARY', 'Hungary', 'HUN', 348, 36),
(98, 'IS', 'ICELAND', 'Iceland', 'ISL', 352, 354),
(99, 'IN', 'INDIA', 'India', 'IND', 356, 91),
(100, 'ID', 'INDONESIA', 'Indonesia', 'IDN', 360, 62),
(101, 'IR', 'IRAN, ISLAMIC REPUBLIC OF', 'Iran, Islamic Republic of', 'IRN', 364, 98),
(102, 'IQ', 'IRAQ', 'Iraq', 'IRQ', 368, 964),
(103, 'IE', 'IRELAND', 'Ireland', 'IRL', 372, 353),
(104, 'IL', 'ISRAEL', 'Israel', 'ISR', 376, 972),
(105, 'IT', 'ITALY', 'Italy', 'ITA', 380, 39),
(106, 'JM', 'JAMAICA', 'Jamaica', 'JAM', 388, 1876),
(107, 'JP', 'JAPAN', 'Japan', 'JPN', 392, 81),
(108, 'JO', 'JORDAN', 'Jordan', 'JOR', 400, 962),
(109, 'KZ', 'KAZAKHSTAN', 'Kazakhstan', 'KAZ', 398, 7),
(110, 'KE', 'KENYA', 'Kenya', 'KEN', 404, 254),
(111, 'KI', 'KIRIBATI', 'Kiribati', 'KIR', 296, 686),
(112, 'KP', 'KOREA, DEMOCRATIC PEOPLE''S REPUBLIC OF', 'Korea, Democratic People''s Republic of', 'PRK', 408, 850),
(113, 'KR', 'KOREA, REPUBLIC OF', 'Korea, Republic of', 'KOR', 410, 82),
(114, 'KW', 'KUWAIT', 'Kuwait', 'KWT', 414, 965),
(115, 'KG', 'KYRGYZSTAN', 'Kyrgyzstan', 'KGZ', 417, 996),
(116, 'LA', 'LAO PEOPLE''S DEMOCRATIC REPUBLIC', 'Lao People''s Democratic Republic', 'LAO', 418, 856),
(117, 'LV', 'LATVIA', 'Latvia', 'LVA', 428, 371),
(118, 'LB', 'LEBANON', 'Lebanon', 'LBN', 422, 961),
(119, 'LS', 'LESOTHO', 'Lesotho', 'LSO', 426, 266),
(120, 'LR', 'LIBERIA', 'Liberia', 'LBR', 430, 231),
(121, 'LY', 'LIBYAN ARAB JAMAHIRIYA', 'Libyan Arab Jamahiriya', 'LBY', 434, 218),
(122, 'LI', 'LIECHTENSTEIN', 'Liechtenstein', 'LIE', 438, 423),
(123, 'LT', 'LITHUANIA', 'Lithuania', 'LTU', 440, 370),
(124, 'LU', 'LUXEMBOURG', 'Luxembourg', 'LUX', 442, 352),
(125, 'MO', 'MACAO', 'Macao', 'MAC', 446, 853),
(126, 'MK', 'MACEDONIA, THE FORMER YUGOSLAV REPUBLIC OF', 'Macedonia, the Former Yugoslav Republic of', 'MKD', 807, 389),
(127, 'MG', 'MADAGASCAR', 'Madagascar', 'MDG', 450, 261),
(128, 'MW', 'MALAWI', 'Malawi', 'MWI', 454, 265),
(129, 'MY', 'MALAYSIA', 'Malaysia', 'MYS', 458, 60),
(130, 'MV', 'MALDIVES', 'Maldives', 'MDV', 462, 960),
(131, 'ML', 'MALI', 'Mali', 'MLI', 466, 223),
(132, 'MT', 'MALTA', 'Malta', 'MLT', 470, 356),
(133, 'MH', 'MARSHALL ISLANDS', 'Marshall Islands', 'MHL', 584, 692),
(134, 'MQ', 'MARTINIQUE', 'Martinique', 'MTQ', 474, 596),
(135, 'MR', 'MAURITANIA', 'Mauritania', 'MRT', 478, 222),
(136, 'MU', 'MAURITIUS', 'Mauritius', 'MUS', 480, 230),
(137, 'YT', 'MAYOTTE', 'Mayotte', NULL, NULL, 269),
(138, 'MX', 'MEXICO', 'Mexico', 'MEX', 484, 52),
(139, 'FM', 'MICRONESIA, FEDERATED STATES OF', 'Micronesia, Federated States of', 'FSM', 583, 691),
(140, 'MD', 'MOLDOVA, REPUBLIC OF', 'Moldova, Republic of', 'MDA', 498, 373),
(141, 'MC', 'MONACO', 'Monaco', 'MCO', 492, 377),
(142, 'MN', 'MONGOLIA', 'Mongolia', 'MNG', 496, 976),
(143, 'MS', 'MONTSERRAT', 'Montserrat', 'MSR', 500, 1664),
(144, 'MA', 'MOROCCO', 'Morocco', 'MAR', 504, 212),
(145, 'MZ', 'MOZAMBIQUE', 'Mozambique', 'MOZ', 508, 258),
(146, 'MM', 'MYANMAR', 'Myanmar', 'MMR', 104, 95),
(147, 'NA', 'NAMIBIA', 'Namibia', 'NAM', 516, 264),
(148, 'NR', 'NAURU', 'Nauru', 'NRU', 520, 674),
(149, 'NP', 'NEPAL', 'Nepal', 'NPL', 524, 977),
(150, 'NL', 'NETHERLANDS', 'Netherlands', 'NLD', 528, 31),
(151, 'AN', 'NETHERLANDS ANTILLES', 'Netherlands Antilles', 'ANT', 530, 599),
(152, 'NC', 'NEW CALEDONIA', 'New Caledonia', 'NCL', 540, 687),
(153, 'NZ', 'NEW ZEALAND', 'New Zealand', 'NZL', 554, 64),
(154, 'NI', 'NICARAGUA', 'Nicaragua', 'NIC', 558, 505),
(155, 'NE', 'NIGER', 'Niger', 'NER', 562, 227),
(156, 'NG', 'NIGERIA', 'Nigeria', 'NGA', 566, 234),
(157, 'NU', 'NIUE', 'Niue', 'NIU', 570, 683),
(158, 'NF', 'NORFOLK ISLAND', 'Norfolk Island', 'NFK', 574, 672),
(159, 'MP', 'NORTHERN MARIANA ISLANDS', 'Northern Mariana Islands', 'MNP', 580, 1670),
(160, 'NO', 'NORWAY', 'Norway', 'NOR', 578, 47),
(161, 'OM', 'OMAN', 'Oman', 'OMN', 512, 968),
(162, 'PK', 'PAKISTAN', 'Pakistan', 'PAK', 586, 92),
(163, 'PW', 'PALAU', 'Palau', 'PLW', 585, 680),
(164, 'PS', 'PALESTINIAN TERRITORY, OCCUPIED', 'Palestinian Territory, Occupied', NULL, NULL, 970),
(165, 'PA', 'PANAMA', 'Panama', 'PAN', 591, 507),
(166, 'PG', 'PAPUA NEW GUINEA', 'Papua New Guinea', 'PNG', 598, 675),
(167, 'PY', 'PARAGUAY', 'Paraguay', 'PRY', 600, 595),
(168, 'PE', 'PERU', 'Peru', 'PER', 604, 51),
(169, 'PH', 'PHILIPPINES', 'Philippines', 'PHL', 608, 63),
(170, 'PN', 'PITCAIRN', 'Pitcairn', 'PCN', 612, 0),
(171, 'PL', 'POLAND', 'Poland', 'POL', 616, 48),
(172, 'PT', 'PORTUGAL', 'Portugal', 'PRT', 620, 351),
(173, 'PR', 'PUERTO RICO', 'Puerto Rico', 'PRI', 630, 1787),
(174, 'QA', 'QATAR', 'Qatar', 'QAT', 634, 974),
(175, 'RE', 'REUNION', 'Reunion', 'REU', 638, 262),
(176, 'RO', 'ROMANIA', 'Romania', 'ROM', 642, 40),
(177, 'RU', 'RUSSIAN FEDERATION', 'Russian Federation', 'RUS', 643, 70),
(178, 'RW', 'RWANDA', 'Rwanda', 'RWA', 646, 250),
(179, 'SH', 'SAINT HELENA', 'Saint Helena', 'SHN', 654, 290),
(180, 'KN', 'SAINT KITTS AND NEVIS', 'Saint Kitts and Nevis', 'KNA', 659, 1869),
(181, 'LC', 'SAINT LUCIA', 'Saint Lucia', 'LCA', 662, 1758),
(182, 'PM', 'SAINT PIERRE AND MIQUELON', 'Saint Pierre and Miquelon', 'SPM', 666, 508),
(183, 'VC', 'SAINT VINCENT AND THE GRENADINES', 'Saint Vincent and the Grenadines', 'VCT', 670, 1784),
(184, 'WS', 'SAMOA', 'Samoa', 'WSM', 882, 684),
(185, 'SM', 'SAN MARINO', 'San Marino', 'SMR', 674, 378),
(186, 'ST', 'SAO TOME AND PRINCIPE', 'Sao Tome and Principe', 'STP', 678, 239),
(187, 'SA', 'SAUDI ARABIA', 'Saudi Arabia', 'SAU', 682, 966),
(188, 'SN', 'SENEGAL', 'Senegal', 'SEN', 686, 221),
(189, 'CS', 'SERBIA AND MONTENEGRO', 'Serbia and Montenegro', NULL, NULL, 381),
(190, 'SC', 'SEYCHELLES', 'Seychelles', 'SYC', 690, 248),
(191, 'SL', 'SIERRA LEONE', 'Sierra Leone', 'SLE', 694, 232),
(192, 'SG', 'SINGAPORE', 'Singapore', 'SGP', 702, 65),
(193, 'SK', 'SLOVAKIA', 'Slovakia', 'SVK', 703, 421),
(194, 'SI', 'SLOVENIA', 'Slovenia', 'SVN', 705, 386),
(195, 'SB', 'SOLOMON ISLANDS', 'Solomon Islands', 'SLB', 90, 677),
(196, 'SO', 'SOMALIA', 'Somalia', 'SOM', 706, 252),
(197, 'ZA', 'SOUTH AFRICA', 'South Africa', 'ZAF', 710, 27),
(198, 'GS', 'SOUTH GEORGIA AND THE SOUTH SANDWICH ISLANDS', 'South Georgia and the South Sandwich Islands', NULL, NULL, 0),
(199, 'ES', 'SPAIN', 'Spain', 'ESP', 724, 34),
(200, 'LK', 'SRI LANKA', 'Sri Lanka', 'LKA', 144, 94),
(201, 'SD', 'SUDAN', 'Sudan', 'SDN', 736, 249),
(202, 'SR', 'SURINAME', 'Suriname', 'SUR', 740, 597),
(203, 'SJ', 'SVALBARD AND JAN MAYEN', 'Svalbard and Jan Mayen', 'SJM', 744, 47),
(204, 'SZ', 'SWAZILAND', 'Swaziland', 'SWZ', 748, 268),
(205, 'SE', 'SWEDEN', 'Sweden', 'SWE', 752, 46),
(206, 'CH', 'SWITZERLAND', 'Switzerland', 'CHE', 756, 41),
(207, 'SY', 'SYRIAN ARAB REPUBLIC', 'Syrian Arab Republic', 'SYR', 760, 963),
(208, 'TW', 'TAIWAN, PROVINCE OF CHINA', 'Taiwan, Province of China', 'TWN', 158, 886),
(209, 'TJ', 'TAJIKISTAN', 'Tajikistan', 'TJK', 762, 992),
(210, 'TZ', 'TANZANIA, UNITED REPUBLIC OF', 'Tanzania, United Republic of', 'TZA', 834, 255),
(211, 'TH', 'THAILAND', 'Thailand', 'THA', 764, 66),
(212, 'TL', 'TIMOR-LESTE', 'Timor-Leste', NULL, NULL, 670),
(213, 'TG', 'TOGO', 'Togo', 'TGO', 768, 228),
(214, 'TK', 'TOKELAU', 'Tokelau', 'TKL', 772, 690),
(215, 'TO', 'TONGA', 'Tonga', 'TON', 776, 676),
(216, 'TT', 'TRINIDAD AND TOBAGO', 'Trinidad and Tobago', 'TTO', 780, 1868),
(217, 'TN', 'TUNISIA', 'Tunisia', 'TUN', 788, 216),
(218, 'TR', 'TURKEY', 'Turkey', 'TUR', 792, 90),
(219, 'TM', 'TURKMENISTAN', 'Turkmenistan', 'TKM', 795, 7370),
(220, 'TC', 'TURKS AND CAICOS ISLANDS', 'Turks and Caicos Islands', 'TCA', 796, 1649),
(221, 'TV', 'TUVALU', 'Tuvalu', 'TUV', 798, 688),
(222, 'UG', 'UGANDA', 'Uganda', 'UGA', 800, 256),
(223, 'UA', 'UKRAINE', 'Ukraine', 'UKR', 804, 380),
(224, 'AE', 'UNITED ARAB EMIRATES', 'United Arab Emirates', 'ARE', 784, 971),
(225, 'GB', 'UNITED KINGDOM', 'United Kingdom', 'GBR', 826, 44),
(226, 'US', 'UNITED STATES', 'United States', 'USA', 840, 1),
(227, 'UM', 'UNITED STATES MINOR OUTLYING ISLANDS', 'United States Minor Outlying Islands', NULL, NULL, 1),
(228, 'UY', 'URUGUAY', 'Uruguay', 'URY', 858, 598),
(229, 'UZ', 'UZBEKISTAN', 'Uzbekistan', 'UZB', 860, 998),
(230, 'VU', 'VANUATU', 'Vanuatu', 'VUT', 548, 678),
(231, 'VE', 'VENEZUELA', 'Venezuela', 'VEN', 862, 58),
(232, 'VN', 'VIET NAM', 'Viet Nam', 'VNM', 704, 84),
(233, 'VG', 'VIRGIN ISLANDS, BRITISH', 'Virgin Islands, British', 'VGB', 92, 1284),
(234, 'VI', 'VIRGIN ISLANDS, U.S.', 'Virgin Islands, U.s.', 'VIR', 850, 1340),
(235, 'WF', 'WALLIS AND FUTUNA', 'Wallis and Futuna', 'WLF', 876, 681),
(236, 'EH', 'WESTERN SAHARA', 'Western Sahara', 'ESH', 732, 212),
(237, 'YE', 'YEMEN', 'Yemen', 'YEM', 887, 967),
(238, 'ZM', 'ZAMBIA', 'Zambia', 'ZMB', 894, 260),
(239, 'ZW', 'ZIMBABWE', 'Zimbabwe', 'ZWE', 716, 263);

-- --------------------------------------------------------

--
-- Table structure for table `sa_districts`
--

CREATE TABLE IF NOT EXISTS `sa_districts` (
  `DISTRICT_ID` int(8) NOT NULL AUTO_INCREMENT COMMENT 'Primary Key of sa_districts Table.',
  `DIVISION_ID` tinyint(2) DEFAULT NULL COMMENT 'Devision Id , Foreign Key To DIVISION_ID Column Of sa_divisions Table.',
  `DISTRICT_ENAME` varchar(100) COLLATE utf8_croatian_ci DEFAULT NULL COMMENT 'District Name In English.',
  `DISTRICT_LNAME` varchar(120) COLLATE utf8_croatian_ci DEFAULT NULL COMMENT 'District Name In Local Language.',
  `UD_DISTRICT_CODE` varchar(6) COLLATE utf8_croatian_ci DEFAULT NULL COMMENT 'User Define District Code.',
  `ORDER_SL` tinyint(2) DEFAULT '0' COMMENT 'Ascending Serial No.',
  `ACTIVE_FLAG` tinyint(1) NOT NULL DEFAULT '1' COMMENT 'Record Status 1= Active, 0=Inactive',
  `CREATED_BY` bigint(14) DEFAULT NULL COMMENT 'Record Create User Id',
  `CREATE_DATE` timestamp NOT NULL DEFAULT CURRENT_TIMESTAMP COMMENT 'Record Inserted Date And Time',
  `UPDATED_BY` bigint(14) DEFAULT NULL COMMENT 'Record Updated User Id',
  `UPDATE_DATE` datetime DEFAULT NULL COMMENT 'Record Updated Date And Time',
  `TAREA_STATUS` varchar(1) COLLATE utf8_croatian_ci DEFAULT NULL COMMENT 'Thanas Or Upazilla Area Status, T=Thana, U=Upazilla, B=Both',
  PRIMARY KEY (`DISTRICT_ID`),
  KEY `FK01_DIVISION_ID` (`DIVISION_ID`)
) ENGINE=InnoDB  DEFAULT CHARSET=utf8 COLLATE=utf8_croatian_ci AUTO_INCREMENT=87 ;

--
-- Dumping data for table `sa_districts`
--

INSERT INTO `sa_districts` (`DISTRICT_ID`, `DIVISION_ID`, `DISTRICT_ENAME`, `DISTRICT_LNAME`, `UD_DISTRICT_CODE`, `ORDER_SL`, `ACTIVE_FLAG`, `CREATED_BY`, `CREATE_DATE`, `UPDATED_BY`, `UPDATE_DATE`, `TAREA_STATUS`) VALUES
(1, 4, 'BAGERHAT', NULL, '0401', 0, 1, NULL, '2015-05-19 21:19:57', 31, '2016-01-21 05:45:36', 'U'),
(2, 2, 'BANDARBAN', NULL, '0203', 0, 1, NULL, '2015-05-19 21:19:57', NULL, '2015-05-24 21:05:16', 'U'),
(3, 1, 'BARGUNA', NULL, '0104', 0, 1, NULL, '2015-05-19 21:19:57', NULL, '2015-05-24 21:05:16', 'U'),
(4, 1, 'BARISAL', NULL, '0106', 0, 1, NULL, '2015-05-19 21:19:57', NULL, '2015-05-24 21:06:02', 'B'),
(5, 1, 'BHOLA', NULL, '0109', 0, 1, NULL, '2015-05-19 21:19:57', NULL, '2015-05-24 21:05:16', 'U'),
(6, 5, 'BOGRA', NULL, '0510', 0, 1, NULL, '2015-05-19 21:19:57', NULL, '2015-05-24 21:05:16', 'U'),
(7, 2, 'BRAHAMANBARIA', NULL, '0212', 0, 1, NULL, '2015-05-19 21:19:57', NULL, '2015-05-24 21:05:16', 'U'),
(8, 2, 'CHANDPUR', NULL, '0213', 0, 1, NULL, '2015-05-19 21:19:57', NULL, '2015-05-24 21:05:16', 'U'),
(9, 2, 'CHITTAGONG                ', NULL, '0215', 0, 1, NULL, '2015-05-19 21:19:57', NULL, '2015-05-24 21:06:02', 'B'),
(10, 4, 'CHUADANGA', NULL, '0418', 0, 1, NULL, '2015-05-19 21:19:57', NULL, '2015-05-24 21:05:16', 'U'),
(11, 2, 'COMILLA', NULL, '0219', 0, 1, NULL, '2015-05-19 21:19:57', NULL, '2015-05-24 21:05:16', 'U'),
(12, 2, 'COX''S BAZAR', NULL, '0222', 0, 1, NULL, '2015-05-19 21:19:57', NULL, '2015-05-24 21:05:16', 'U'),
(13, 3, 'DHAKA', NULL, '0326', 0, 1, NULL, '2015-05-19 21:19:57', NULL, '2015-05-24 21:06:02', 'B'),
(14, 8, 'DINAJPUR', NULL, '0527', 0, 1, NULL, '2015-05-19 21:19:57', NULL, '2015-05-24 21:05:16', 'U'),
(15, 3, 'FARIDPUR', NULL, '0329', 0, 1, NULL, '2015-05-19 21:19:57', NULL, '2015-05-24 21:05:16', 'U'),
(16, 2, 'FENI', NULL, '0230', 0, 1, NULL, '2015-05-19 21:19:57', NULL, '2015-05-24 21:05:16', 'U'),
(17, 8, 'GAIBANDHA', NULL, '0532', 0, 1, NULL, '2015-05-19 21:19:57', NULL, '2015-05-24 21:05:16', 'U'),
(18, 3, 'GAZIPUR', NULL, '0333', 0, 1, NULL, '2015-05-19 21:19:57', NULL, '2015-05-24 21:05:16', 'U'),
(19, 3, 'GOPALGANJ', NULL, '0335', 0, 1, NULL, '2015-05-19 21:19:57', NULL, '2015-05-24 21:05:16', 'U'),
(20, 6, 'HABIGANJ', NULL, '0636', 0, 1, NULL, '2015-05-19 21:19:57', NULL, '2015-05-24 21:05:16', 'U'),
(21, 5, 'JOYPURHAT', NULL, '0538', 0, 1, NULL, '2015-05-19 21:19:57', NULL, '2015-05-24 21:05:16', 'U'),
(22, 3, 'JAMALPUR', NULL, '0339', 0, 1, NULL, '2015-05-19 21:19:57', NULL, '2015-05-24 21:05:16', 'U'),
(23, 4, 'JESSORE', NULL, '0441', 0, 1, NULL, '2015-05-19 21:19:57', NULL, '2015-05-24 21:06:02', 'B'),
(24, 1, 'JHALOKATI', NULL, '0142', 0, 1, NULL, '2015-05-19 21:19:57', NULL, '2015-05-24 21:05:16', 'U'),
(25, 4, 'JHENAIDAH', NULL, '0444', 0, 1, NULL, '2015-05-19 21:19:57', NULL, '2015-05-24 21:05:16', 'U'),
(26, 2, 'KHAGRACHHARI', NULL, '0246', 0, 1, NULL, '2015-05-19 21:19:57', NULL, '2015-05-24 21:05:16', 'U'),
(27, 4, 'KHULNA', NULL, '0447', 0, 1, NULL, '2015-05-19 21:19:57', NULL, '2015-05-24 21:06:02', 'B'),
(28, 3, 'KISHOREGANJ', NULL, '0348', 0, 1, NULL, '2015-05-19 21:19:57', NULL, '2015-05-24 21:05:16', 'U'),
(29, 8, 'KURIGRAM', NULL, '0549', 0, 1, NULL, '2015-05-19 21:19:57', NULL, '2015-05-24 21:05:16', 'U'),
(30, 4, 'KUSHTIA', NULL, '0450', 0, 1, NULL, '2015-05-19 21:19:57', NULL, '2015-05-24 21:06:02', 'B'),
(31, 2, 'LAKSHMIPUR', NULL, '0251', 0, 1, NULL, '2015-05-19 21:19:57', NULL, '2015-05-24 21:05:16', 'U'),
(32, 8, 'LALMONIRHAT', NULL, '0552', 0, 1, NULL, '2015-05-19 21:19:57', NULL, '2015-05-24 21:05:16', 'U'),
(33, 3, 'MADARIPUR', NULL, '0354', 0, 1, NULL, '2015-05-19 21:19:57', NULL, '2015-05-24 21:05:16', 'U'),
(34, 4, 'MAGURA', NULL, '0455', 0, 1, NULL, '2015-05-19 21:19:57', NULL, '2015-05-24 21:06:02', 'B'),
(35, 3, 'MANIKGANJ', NULL, '0356', 0, 1, NULL, '2015-05-19 21:19:57', NULL, '2015-05-24 21:05:16', 'U'),
(36, 4, 'MEHERPUR', NULL, '0457', 0, 1, NULL, '2015-05-19 21:19:57', NULL, '2015-05-24 21:05:16', 'U'),
(37, 6, 'MAULVIBAZAR', NULL, '0658', 0, 1, NULL, '2015-05-19 21:19:57', NULL, '2015-05-24 21:05:16', 'U'),
(38, 3, 'MUNSHIGANJ', NULL, '0359', 0, 1, NULL, '2015-05-19 21:19:57', NULL, '2015-05-24 21:05:16', 'U'),
(39, 3, 'MYMENSINGH', NULL, '0361', 0, 1, NULL, '2015-05-19 21:19:57', NULL, '2015-05-24 21:05:16', 'U'),
(40, 5, 'NAOGAON', NULL, '0564', 0, 1, NULL, '2015-05-19 21:19:57', NULL, '2015-05-24 21:05:16', 'U'),
(41, 4, 'NORAIL', NULL, '0465', 0, 1, NULL, '2015-05-19 21:19:57', NULL, '2015-05-24 21:05:16', 'U'),
(42, 3, 'NARAYANGANJ', NULL, '0367', 0, 1, NULL, '2015-05-19 21:19:57', NULL, '2015-05-24 21:05:16', 'U'),
(43, 3, 'NARSINGDI', NULL, '0368', 0, 1, NULL, '2015-05-19 21:19:57', NULL, '2015-05-24 21:05:16', 'U'),
(44, 5, 'NATORE', NULL, '0569', 0, 1, NULL, '2015-05-19 21:19:57', NULL, '2015-05-24 21:05:16', 'U'),
(45, 5, 'NAWABGANJ', NULL, '0570', 0, 1, NULL, '2015-05-19 21:19:57', NULL, '2015-05-24 21:05:16', 'U'),
(46, 3, 'NETRAKONA', NULL, '0372', 0, 1, NULL, '2015-05-19 21:19:57', NULL, '2015-05-24 21:05:16', 'U'),
(47, 8, 'NILPHAMARI', NULL, '0573', 0, 1, NULL, '2015-05-19 21:19:57', NULL, '2015-05-24 21:05:16', 'U'),
(48, 2, 'NOAKHALI', NULL, '0275', 0, 1, NULL, '2015-05-19 21:19:57', NULL, '2015-05-24 21:05:16', 'U'),
(49, 5, 'PABNA', NULL, '0576', 0, 1, NULL, '2015-05-19 21:19:57', NULL, '2015-05-24 21:05:16', 'U'),
(50, 8, 'PANCHAGARH', NULL, '0577', 0, 1, NULL, '2015-05-19 21:19:57', NULL, '2015-05-24 21:05:16', 'U'),
(51, 1, 'PATUAKHALI', NULL, '0178', 0, 1, NULL, '2015-05-19 21:19:57', NULL, '2015-05-24 21:05:16', 'U'),
(52, 1, 'PIROJPUR', NULL, '0179', 0, 1, NULL, '2015-05-19 21:19:57', NULL, '2015-05-24 21:05:16', 'U'),
(53, 5, 'RAJSHAHI', NULL, '0581', 0, 1, NULL, '2015-05-19 21:19:57', NULL, '2015-05-24 21:06:02', 'B'),
(54, 3, 'RAJBARI', NULL, '0382', 0, 1, NULL, '2015-05-19 21:19:57', NULL, '2015-05-24 21:05:16', 'U'),
(55, 2, 'RANGAMATI', NULL, '0284', 0, 1, NULL, '2015-05-19 21:19:57', NULL, '2015-05-24 21:05:16', 'U'),
(56, 8, 'RANGPUR', NULL, '0585', 0, 1, NULL, '2015-05-19 21:19:57', NULL, '2015-05-24 21:05:16', 'U'),
(57, 3, 'SHARIATPUR', NULL, '0386', 0, 1, NULL, '2015-05-19 21:19:57', NULL, '2015-05-24 21:05:16', 'U'),
(58, 4, 'SATKHIRA', NULL, '0487', 0, 1, NULL, '2015-05-19 21:19:57', NULL, '2015-05-24 21:05:16', 'U'),
(59, 5, 'SIRAJGANJ', NULL, '0588', 0, 1, NULL, '2015-05-19 21:19:57', NULL, '2015-05-24 21:05:16', 'U'),
(60, 3, 'SHERPUR', NULL, '0389', 0, 1, NULL, '2015-05-19 21:19:57', NULL, '2015-05-24 21:05:16', 'U'),
(61, 6, 'SUNAMGANJ', NULL, '0690', 0, 1, NULL, '2015-05-19 21:19:57', NULL, '2015-05-24 21:05:16', 'U'),
(62, 6, 'SYLHET', NULL, '0691', 0, 1, NULL, '2015-05-19 21:19:57', NULL, '2015-05-24 21:06:02', 'B'),
(63, 3, 'TANGAIL', NULL, '0393', 0, 1, NULL, '2015-05-19 21:19:57', NULL, '2015-05-24 21:05:16', 'U'),
(64, 8, 'THAKURGAON', NULL, '0594', 0, 1, NULL, '2015-05-19 21:19:57', 1, '2015-10-12 11:41:09', 'U'),
(85, 13, 'District Name ', NULL, NULL, 0, 1, 1, '2015-10-14 23:30:52', NULL, NULL, NULL),
(86, 5, 'Chapinawabganj', NULL, NULL, 0, 1, 1, '2015-11-29 02:51:06', NULL, NULL, NULL);

-- --------------------------------------------------------

--
-- Table structure for table `sa_divisions`
--

CREATE TABLE IF NOT EXISTS `sa_divisions` (
  `DIVISION_ID` tinyint(2) NOT NULL AUTO_INCREMENT COMMENT 'Primary Key Of sa_divisions Table.',
  `DIVISION_ENAME` varchar(50) COLLATE utf8_croatian_ci NOT NULL COMMENT 'Devision Name In English.',
  `DIVISION_LNAME` varchar(100) COLLATE utf8_croatian_ci DEFAULT NULL COMMENT 'Devision Name In Local Language.',
  `ORDER_SL` tinyint(3) DEFAULT '0' COMMENT 'Ascending Serial No.',
  `UD_DIVISION_CODE` varchar(2) COLLATE utf8_croatian_ci NOT NULL COMMENT 'User Define Devision Code.',
  `ACTIVE_FLAG` tinyint(1) NOT NULL DEFAULT '1' COMMENT 'Record Status 1= Active, 0=Inactive',
  `CREATED_BY` bigint(14) DEFAULT NULL COMMENT 'Record Create User Id',
  `CREATE_DATE` timestamp NOT NULL DEFAULT CURRENT_TIMESTAMP COMMENT 'Record Inserted Date And Time',
  `UPDATED_BY` bigint(14) DEFAULT NULL COMMENT 'Record Updated User Id',
  `UPDATE_DATE` datetime DEFAULT NULL COMMENT 'Record Updated Date And Time',
  `COUNTRY_ID` tinyint(3) DEFAULT NULL COMMENT 'Foreign Key To COUNTRY_ID Column Of sa_countrys Table.',
  PRIMARY KEY (`DIVISION_ID`)
) ENGINE=InnoDB  DEFAULT CHARSET=utf8 COLLATE=utf8_croatian_ci AUTO_INCREMENT=14 ;

--
-- Dumping data for table `sa_divisions`
--

INSERT INTO `sa_divisions` (`DIVISION_ID`, `DIVISION_ENAME`, `DIVISION_LNAME`, `ORDER_SL`, `UD_DIVISION_CODE`, `ACTIVE_FLAG`, `CREATED_BY`, `CREATE_DATE`, `UPDATED_BY`, `UPDATE_DATE`, `COUNTRY_ID`) VALUES
(1, 'BARISAL', NULL, 0, '01', 1, 1, '2015-05-19 21:22:37', NULL, '2015-09-13 10:39:43', NULL),
(2, 'CHITTAGONG', NULL, 0, '02', 1, NULL, '2015-05-19 21:22:37', NULL, '2015-09-13 10:39:43', NULL),
(3, 'DHAKA', NULL, 0, '03', 1, NULL, '2015-05-19 21:22:37', NULL, '2015-09-13 10:39:43', NULL),
(4, 'KHULNA', NULL, 0, '04', 1, NULL, '2015-05-19 21:22:37', NULL, '2015-09-13 10:39:43', NULL),
(5, 'RAJSHAHI', NULL, 0, '05', 1, NULL, '2015-05-19 21:22:37', NULL, '2015-09-13 10:39:43', NULL),
(6, 'SYLHET', NULL, 0, '06', 1, NULL, '2015-05-19 21:22:37', NULL, '2015-09-13 10:39:43', NULL),
(8, 'RANGPUR', NULL, 0, '07', 1, NULL, '2015-05-19 21:22:37', NULL, '2015-09-13 10:39:43', NULL),
(13, 'MATMANSING', NULL, 0, '', 1, 1, '2015-10-14 23:29:24', NULL, NULL, NULL);

-- --------------------------------------------------------

--
-- Table structure for table `sa_organizations`
--

CREATE TABLE IF NOT EXISTS `sa_organizations` (
  `ORG_ID` int(11) NOT NULL AUTO_INCREMENT,
  `ORG_NAME` varchar(100) NOT NULL,
  `ORG_TYPE` int(11) NOT NULL,
  `SLOGAN` varchar(200) DEFAULT NULL,
  `ABBR` varchar(8) DEFAULT NULL,
  `DSCP` text,
  `REG_NO` varchar(40) DEFAULT NULL,
  `REG_DT` date DEFAULT NULL,
  `ESTB_DT` date DEFAULT NULL,
  `REG_ADDR1` varchar(160) DEFAULT NULL,
  `REG_ADDR2` varchar(160) DEFAULT NULL,
  `BUSI_ADDR1` varchar(160) DEFAULT NULL,
  `BUSI_ADDR2` varchar(160) DEFAULT NULL,
  `ZIP_CODE` varchar(8) DEFAULT NULL,
  `TEL` varchar(80) DEFAULT NULL,
  `PHONE` varchar(80) DEFAULT NULL,
  `FAX` varchar(80) DEFAULT NULL,
  `EMAIL` varchar(40) DEFAULT NULL,
  `WEBSITE` varchar(40) DEFAULT NULL,
  `LOGO` varchar(100) DEFAULT NULL,
  `TIN` varchar(30) DEFAULT NULL,
  `STATUS` tinyint(1) DEFAULT '1',
  `ENTERED_BY` int(10) DEFAULT NULL,
  `ENTRY_TIMESTAMP` timestamp NOT NULL DEFAULT CURRENT_TIMESTAMP,
  `UPDATE_BY` int(10) DEFAULT NULL,
  `UPDATED_TIMESTAMP` datetime DEFAULT NULL,
  PRIMARY KEY (`ORG_ID`)
) ENGINE=InnoDB  DEFAULT CHARSET=utf8 AUTO_INCREMENT=3 ;

--
-- Dumping data for table `sa_organizations`
--

INSERT INTO `sa_organizations` (`ORG_ID`, `ORG_NAME`, `ORG_TYPE`, `SLOGAN`, `ABBR`, `DSCP`, `REG_NO`, `REG_DT`, `ESTB_DT`, `REG_ADDR1`, `REG_ADDR2`, `BUSI_ADDR1`, `BUSI_ADDR2`, `ZIP_CODE`, `TEL`, `PHONE`, `FAX`, `EMAIL`, `WEBSITE`, `LOGO`, `TIN`, `STATUS`, `ENTERED_BY`, `ENTRY_TIMESTAMP`, `UPDATE_BY`, `UPDATED_TIMESTAMP`) VALUES
(1, 'Khawaja Yunus Ali University', 1, NULL, 'KYAU', NULL, NULL, NULL, NULL, NULL, NULL, NULL, NULL, NULL, NULL, '01722085398', NULL, 'info@kyau.edu.bd', NULL, 'kyau_web.png', NULL, 1, 1, '2015-05-11 12:00:00', NULL, NULL),
(2, 'ABC', 0, '', 'ABC', '', '', NULL, NULL, NULL, NULL, NULL, NULL, NULL, NULL, '', NULL, '', '', 'Chrysanthemum.png', NULL, 1, NULL, '2017-09-18 04:33:13', NULL, NULL);

-- --------------------------------------------------------

--
-- Table structure for table `sa_org_mlinks`
--

CREATE TABLE IF NOT EXISTS `sa_org_mlinks` (
  `SA_MLINKS_ID` int(11) NOT NULL AUTO_INCREMENT,
  `SA_MLINK_NAME` varchar(60) DEFAULT NULL,
  `SA_MLINK_PAGES` varchar(10) DEFAULT NULL,
  `SA_MODULE_ID` int(11) DEFAULT NULL,
  `ORG_ID` int(11) DEFAULT NULL,
  `LINK_ID` int(7) DEFAULT NULL,
  `URL_URI` varchar(200) DEFAULT NULL,
  `CREATE` tinyint(1) DEFAULT '0',
  `READ` tinyint(1) DEFAULT '0',
  `UPDATE` tinyint(1) DEFAULT '0',
  `DELETE` tinyint(1) DEFAULT '0',
  `STATUS` tinyint(4) DEFAULT NULL,
  `ACTIVE_STATUS` tinyint(1) DEFAULT '1',
  `ENTERED_BY` int(10) DEFAULT NULL,
  `ENTRY_TIMESTAMP` timestamp NOT NULL DEFAULT CURRENT_TIMESTAMP,
  `UPDATE_BY` int(10) DEFAULT NULL,
  `UPDATED_TIMESTAMP` datetime DEFAULT NULL ON UPDATE CURRENT_TIMESTAMP,
  PRIMARY KEY (`SA_MLINKS_ID`),
  KEY `FK02_ORG_ID` (`ORG_ID`),
  KEY `FK01_SA_MODULE_ID` (`SA_MODULE_ID`)
) ENGINE=InnoDB  DEFAULT CHARSET=utf8 AUTO_INCREMENT=193 ;

--
-- Dumping data for table `sa_org_mlinks`
--

INSERT INTO `sa_org_mlinks` (`SA_MLINKS_ID`, `SA_MLINK_NAME`, `SA_MLINK_PAGES`, `SA_MODULE_ID`, `ORG_ID`, `LINK_ID`, `URL_URI`, `CREATE`, `READ`, `UPDATE`, `DELETE`, `STATUS`, `ACTIVE_STATUS`, `ENTERED_BY`, `ENTRY_TIMESTAMP`, `UPDATE_BY`, `UPDATED_TIMESTAMP`) VALUES
(5, NULL, NULL, 9, 1, 7, NULL, 1, 1, 1, 1, 1, 1, 1, '2015-09-07 23:43:50', 1, '2015-09-08 07:43:50'),
(6, NULL, NULL, 10, 1, 8, NULL, 1, 1, 1, 1, 1, 1, 1, '2015-09-07 23:43:54', 1, '2015-09-08 07:43:55'),
(7, NULL, NULL, 10, 1, 9, NULL, 1, 1, 1, 1, 1, 1, 1, '2015-09-07 23:43:58', 1, '2015-09-08 07:43:59'),
(8, NULL, NULL, 9, 1, 10, NULL, 1, 1, 1, 1, 1, 1, 1, '2015-09-08 02:51:42', 1, '2017-07-12 13:42:17'),
(9, NULL, NULL, 9, 1, 12, NULL, 1, 1, 1, 1, 1, 1, 1, '2015-09-09 00:16:38', 1, '2015-09-09 08:16:38'),
(10, NULL, NULL, 9, 1, 13, NULL, 1, 1, 1, 1, 1, 1, 1, '2015-09-09 00:16:42', 1, '2015-09-09 08:16:44'),
(11, NULL, NULL, 9, 1, 14, NULL, 1, 1, 1, 1, 1, 1, 1, '2015-09-09 00:16:42', 1, '2015-09-09 08:16:45'),
(12, NULL, NULL, 9, 1, 19, NULL, 1, 1, 1, 1, 1, 1, 1, '2015-09-09 00:22:39', 1, '2015-09-09 08:22:34'),
(13, NULL, NULL, 10, 1, 20, NULL, 1, 1, 1, 1, 1, 1, 1, '2015-09-12 22:04:05', 1, '2015-09-13 06:04:04'),
(14, NULL, NULL, 20, 1, 24, NULL, 1, 1, 1, 1, 1, 1, 1, '2015-09-17 03:26:06', 1, '2015-10-01 15:46:20'),
(15, NULL, NULL, 9, 1, 25, NULL, 1, 1, 1, 1, 1, 1, 1, '2015-09-18 21:46:53', 1, '2015-09-19 05:46:55'),
(16, NULL, NULL, 20, 1, 26, NULL, 1, 1, 1, 1, 1, 1, 1, '2015-09-19 03:33:14', 1, '2015-10-01 15:46:24'),
(17, NULL, NULL, 20, 1, 27, NULL, 1, 1, 1, 1, 1, 1, 1, '2015-09-19 03:33:18', 1, '2015-10-01 15:46:29'),
(18, NULL, NULL, 19, 1, 28, NULL, 1, 1, 1, 1, 1, 1, 1, '2015-09-21 05:11:54', 1, '2015-10-01 15:47:13'),
(20, NULL, NULL, 19, 1, 29, NULL, 1, 1, 1, 1, 1, 1, 1, '2015-09-21 23:26:26', 1, '2015-10-01 15:47:20'),
(21, NULL, NULL, 9, 1, 30, NULL, 1, 1, 1, 1, 1, 1, 1, '2015-09-21 23:47:11', 1, '2015-09-22 07:47:12'),
(23, NULL, NULL, 9, 1, 31, NULL, 1, 1, 1, 1, 1, 1, 1, '2015-10-01 03:44:35', 1, '2015-10-01 11:44:40'),
(24, NULL, NULL, 9, 1, 32, NULL, 1, 1, 1, 1, 1, 1, 1, '2015-10-03 22:22:01', 1, '2015-10-04 06:22:05'),
(27, NULL, NULL, 9, 1, 36, NULL, 1, 1, 1, 1, 1, 1, 1, '2015-10-06 23:48:29', 1, '2015-10-07 07:48:25'),
(28, NULL, NULL, 9, 1, 37, NULL, 1, 1, 1, 1, 1, 1, 1, '2015-10-06 23:49:29', 1, '2015-10-07 07:49:25'),
(30, NULL, NULL, 9, 1, 38, NULL, 1, 1, 1, 1, 1, 1, 1, '2015-10-07 04:20:21', 1, '2015-10-07 12:20:16'),
(31, NULL, NULL, 9, 1, 39, NULL, 1, 1, 1, 1, 1, 1, 1, '2015-10-07 22:00:16', 1, '2015-10-08 06:00:09'),
(32, NULL, NULL, 9, 1, 40, NULL, 1, 1, 1, 1, 1, 1, 1, '2015-10-11 23:48:37', 1, '2015-10-12 07:48:41'),
(33, NULL, NULL, 9, 1, 41, NULL, 1, 1, 1, 1, 1, 1, 1, '2015-10-12 00:06:10', 1, '2015-10-12 08:06:14'),
(34, NULL, NULL, 9, 1, 42, NULL, 1, 1, 1, 1, 1, 1, 1, '2015-10-12 00:09:00', 1, '2015-10-12 08:09:05'),
(35, NULL, NULL, 21, 1, 43, NULL, 1, 1, 1, 1, 1, 1, 1, '2015-10-18 00:20:02', 1, '2015-10-18 08:20:00'),
(36, NULL, NULL, 21, 1, 44, NULL, 1, 1, 1, 1, 1, 1, 1, '2015-10-18 00:23:08', 1, '2015-10-18 08:23:06'),
(37, NULL, NULL, 21, 1, 45, NULL, 1, 1, 1, 1, 1, 1, 1, '2015-10-18 00:24:07', 1, '2015-10-18 08:24:06'),
(38, NULL, NULL, 21, 1, 46, NULL, 1, 1, 1, 1, 1, 1, 1, '2015-10-18 00:25:20', 1, '2015-10-18 08:25:18'),
(39, NULL, NULL, 21, 1, 47, NULL, 1, 1, 1, 1, 1, 1, 1, '2015-10-18 00:26:38', 1, '2015-10-18 08:26:35'),
(40, NULL, NULL, 9, 1, 48, NULL, 1, 1, 1, 1, 1, 1, 1, '2015-10-18 02:16:04', 1, '2015-10-18 10:16:03'),
(41, NULL, NULL, 10, 1, 49, NULL, 1, 1, 1, 1, 1, 1, 1, '2015-10-19 02:11:07', 1, '2015-10-19 10:11:09'),
(42, NULL, NULL, 10, 1, 50, NULL, 1, 1, 1, 1, 1, 1, 1, '2015-10-19 02:12:48', 1, '2015-10-19 10:12:50'),
(43, NULL, NULL, 9, 1, 51, NULL, 1, 1, 1, 1, 1, 1, 1, '2015-10-20 21:52:54', 1, '2015-10-21 05:52:51'),
(44, NULL, NULL, 10, 1, 52, NULL, 1, 1, 1, 1, 1, 1, 1, '2015-10-25 00:22:58', 1, '2015-10-25 07:23:01'),
(45, NULL, NULL, 9, 1, 53, NULL, 2, 2, 2, 2, 2, 1, 1, '2015-10-26 23:52:02', 1, '2015-10-27 09:32:18'),
(46, NULL, NULL, 10, 1, 54, NULL, 1, 1, 1, 1, 1, 1, 1, '2015-10-27 00:55:47', 1, '2015-10-27 07:55:44'),
(47, NULL, NULL, 10, 1, 55, NULL, 1, 1, 1, 1, 1, 1, 1, '2015-10-27 23:57:45', 1, '2015-10-28 06:57:41'),
(48, NULL, NULL, 10, 1, 56, NULL, 1, 1, 1, 1, 1, 1, 1, '2015-11-01 21:33:53', 1, '2015-11-02 04:33:52'),
(49, NULL, NULL, 10, 1, 57, NULL, 1, 1, 1, 1, 1, 1, 1, '2015-11-02 03:33:28', 1, '2015-11-02 10:33:30'),
(50, NULL, NULL, 9, 1, 58, NULL, 1, 1, 1, 1, 1, 1, 1, '2015-11-03 03:24:44', 1, '2015-11-03 10:24:41'),
(51, NULL, NULL, 20, 1, 59, NULL, 1, 1, 1, 1, 1, 1, 1, '2015-11-08 02:43:42', 1, '2015-11-08 09:43:44'),
(52, NULL, NULL, 20, 1, 60, NULL, 1, 1, 1, 1, 1, 1, 1, '2015-11-08 02:45:27', 1, '2015-11-08 09:45:32'),
(53, NULL, NULL, 22, 1, 61, NULL, 1, 1, 1, 1, 1, 1, 1, '2015-11-09 23:40:55', 1, '2015-11-10 06:40:58'),
(54, NULL, NULL, 9, 1, 62, NULL, 1, 1, 1, 1, 1, 1, 1, '2015-11-19 02:26:40', 1, '2015-11-19 09:26:30'),
(55, NULL, NULL, 23, 1, 63, NULL, 1, 1, 1, 1, 1, 1, 1, '2015-11-23 01:05:59', 1, '2015-11-23 08:06:03'),
(56, NULL, NULL, 9, 1, 64, NULL, 1, 1, 1, 1, 1, 1, 1, '2015-12-01 22:34:18', 1, '2015-12-02 05:34:13'),
(57, NULL, NULL, 10, 1, 65, NULL, 1, 1, 1, 1, 1, 1, 1, '2015-12-03 00:35:08', 1, '2015-12-03 07:35:00'),
(58, NULL, NULL, 22, 1, 66, NULL, 1, 1, 1, 1, 1, 1, 31, '2015-12-08 23:41:10', 31, '2015-12-09 06:41:05'),
(59, NULL, NULL, 24, 1, 67, NULL, 1, 1, 1, 1, 1, 1, 31, '2015-12-09 02:11:49', 31, '2015-12-09 09:11:43'),
(60, NULL, NULL, 22, 1, 68, NULL, 1, 1, 1, 1, 1, 1, 31, '2015-12-09 05:11:23', 31, '2015-12-09 12:11:17'),
(61, NULL, NULL, 9, 1, 70, NULL, 1, 1, 1, 1, 1, 1, 31, '2015-12-13 23:58:36', 31, '2015-12-14 06:58:41'),
(62, NULL, NULL, 9, 1, 71, NULL, 1, 1, 1, 1, 1, 1, 31, '2015-12-14 22:14:33', 31, '2015-12-15 05:14:34'),
(63, NULL, NULL, 9, 1, 72, NULL, 1, 1, 1, 1, 1, 1, 31, '2015-12-14 22:17:49', 31, '2015-12-15 05:17:49'),
(64, NULL, NULL, 25, 1, 73, NULL, 1, 1, 1, 1, 1, 1, 31, '2015-12-15 00:30:45', 31, '2015-12-15 07:30:47'),
(65, NULL, NULL, 9, 1, 74, NULL, 1, 1, 1, 1, 1, 1, 31, '2015-12-16 22:06:33', 31, '2015-12-17 05:06:26'),
(66, NULL, NULL, 27, 1, 74, NULL, 1, 1, 1, 1, 1, 1, 31, '2015-12-18 23:48:46', 31, '2015-12-19 09:37:53'),
(67, NULL, NULL, 27, 1, 75, NULL, 1, 1, 1, 1, 1, 1, 31, '2015-12-19 02:35:41', 31, '2015-12-19 09:35:24'),
(68, NULL, NULL, 9, 1, 76, NULL, 1, 1, 1, 1, 1, 1, 31, '2015-12-19 06:02:27', 31, '2015-12-19 13:02:14'),
(69, NULL, NULL, 28, 1, 77, NULL, 1, 1, 1, 1, 1, 1, 31, '2015-12-20 04:19:57', 31, '2015-12-20 11:19:56'),
(70, NULL, NULL, 28, 1, 78, NULL, 1, 1, 1, 1, 1, 1, 31, '2015-12-20 04:22:15', 31, '2015-12-20 11:22:13'),
(71, NULL, NULL, 28, 1, 79, NULL, 1, 1, 1, 1, 1, 1, 31, '2015-12-20 04:37:31', 31, '2015-12-20 11:37:29'),
(72, NULL, NULL, 9, 1, 80, NULL, 1, 1, 1, 1, 1, 1, 31, '2015-12-21 22:47:06', 31, '2015-12-22 05:47:06'),
(73, NULL, NULL, 30, 1, 81, NULL, 1, 1, 1, 1, 1, 1, 31, '2015-12-21 23:02:43', 31, '2015-12-22 06:02:43'),
(74, NULL, NULL, 29, 1, 82, NULL, 1, 1, 1, 1, 1, 1, 31, '2015-12-21 23:38:08', 31, '2015-12-22 06:38:08'),
(75, NULL, NULL, 28, 1, 83, NULL, 1, 1, 1, 1, 1, 1, 31, '2015-12-22 02:42:30', 31, '2015-12-22 09:42:29'),
(76, NULL, NULL, 31, 1, 84, NULL, 1, 1, 1, 1, 1, 1, 31, '2015-12-23 23:28:20', 31, '2015-12-24 06:28:12'),
(77, NULL, NULL, 33, 1, 85, NULL, 1, 1, 1, 1, 1, 1, 31, '2015-12-27 23:48:56', 31, '2015-12-28 06:48:37'),
(78, NULL, NULL, 33, 1, 86, NULL, 1, 1, 1, 1, 1, 1, 31, '2015-12-28 06:03:50', 31, '2015-12-28 13:03:30'),
(79, NULL, NULL, 33, 1, 87, NULL, 1, 1, 1, 1, 1, 1, 31, '2015-12-29 03:01:34', 31, '2015-12-29 10:01:09'),
(80, NULL, NULL, 33, 1, 88, NULL, 1, 1, 1, 1, 1, 1, 31, '2015-12-30 23:23:55', 31, '2015-12-31 06:23:22'),
(81, NULL, NULL, 33, 1, 89, NULL, 1, 1, 1, 1, 1, 1, 31, '2016-01-03 22:26:59', 31, '2016-01-04 05:26:59'),
(82, NULL, NULL, 34, 1, 90, NULL, 1, 1, 1, 1, 1, 1, 31, '2016-01-08 23:49:52', 31, '2016-01-09 06:49:32'),
(83, NULL, NULL, 22, 1, 69, NULL, 2, 2, 0, 0, 0, 1, 1, '2016-01-11 05:11:29', 31, '2016-01-20 06:50:24'),
(84, NULL, NULL, 33, 1, 92, NULL, 1, 1, 1, 1, 1, 1, 31, '2016-01-19 02:27:27', 31, '2016-01-19 09:27:11'),
(85, NULL, NULL, 9, 1, 93, NULL, 1, 1, 1, 1, 1, 1, 31, '2016-01-20 03:47:01', 31, '2016-01-20 10:46:41'),
(86, NULL, NULL, 9, 1, 94, NULL, 1, 1, 1, 1, 1, 1, 31, '2016-01-20 23:47:45', 31, '2016-01-21 06:47:22'),
(87, NULL, NULL, 9, 1, 95, NULL, 1, 1, 1, 1, 1, 1, 31, '2016-01-23 00:12:57', 31, '2016-01-23 07:12:28'),
(88, NULL, NULL, 9, 1, 96, NULL, 1, 1, 1, 1, 1, 1, 31, '2016-01-25 03:29:29', 31, '2016-01-25 10:29:31'),
(89, NULL, NULL, 9, 1, 97, NULL, 1, 1, 1, 1, 1, 1, 31, '2016-01-25 22:37:03', 31, '2016-01-26 05:37:02'),
(90, NULL, NULL, 33, 1, 98, NULL, 1, 1, 1, 1, 1, 1, 31, '2016-01-27 00:27:30', 31, '2016-01-27 07:27:27'),
(91, NULL, NULL, 36, 1, 99, NULL, 1, 1, 1, 1, 1, 1, 31, '2016-01-27 03:54:29', 31, '2016-01-27 10:54:28'),
(92, NULL, NULL, 36, 1, 100, NULL, 1, 1, 1, 1, 1, 1, 31, '2016-01-27 03:56:39', 31, '2016-01-27 10:56:35'),
(93, NULL, NULL, 36, 1, 101, NULL, 1, 1, 1, 1, 1, 1, 31, '2016-01-27 03:58:24', 31, '2016-01-27 10:58:20'),
(94, NULL, NULL, 36, 1, 102, NULL, 1, 1, 1, 1, 1, 1, 31, '2016-01-27 04:00:21', 31, '2016-01-27 11:00:16'),
(95, NULL, NULL, 36, 1, 103, NULL, 1, 1, 1, 1, 1, 1, 31, '2016-01-27 04:02:41', 31, '2016-01-27 11:02:36'),
(96, NULL, NULL, 25, 1, 104, NULL, 1, 1, 1, 1, 1, 1, 31, '2016-01-27 04:04:20', 31, '2016-01-27 11:04:15'),
(97, NULL, NULL, 36, 1, 105, NULL, 1, 1, 1, 1, 1, 1, 31, '2016-01-27 04:40:55', 31, '2016-01-27 11:40:51'),
(98, NULL, NULL, 36, 1, 106, NULL, 1, 1, 1, 1, 1, 1, 31, '2016-01-27 04:43:10', 31, '2016-01-27 11:43:06'),
(99, NULL, NULL, 36, 1, 107, NULL, 1, 1, 1, 1, 1, 1, 31, '2016-01-27 04:46:29', 1, '2017-05-25 08:34:50'),
(100, NULL, NULL, 28, 1, 108, NULL, 2, 2, 2, 2, 2, 1, 31, '2016-01-27 21:45:25', 31, '2016-06-14 06:39:34'),
(101, NULL, NULL, 37, 1, 109, NULL, 1, 1, 1, 1, 1, 1, 31, '2016-01-27 21:50:57', 31, '2016-01-28 04:50:50'),
(102, NULL, NULL, 37, 1, 110, NULL, 1, 1, 1, 1, 1, 1, 31, '2016-01-27 21:52:32', 31, '2016-01-28 04:52:24'),
(103, NULL, NULL, 37, 1, 111, NULL, 1, 1, 1, 1, 1, 1, 31, '2016-01-27 21:54:01', 31, '2016-01-28 04:53:53'),
(104, NULL, NULL, 37, 1, 112, NULL, 1, 1, 1, 1, 1, 1, 31, '2016-01-27 21:55:20', 31, '2016-01-28 04:55:14'),
(105, NULL, NULL, 37, 1, 113, NULL, 1, 1, 1, 1, 1, 1, 31, '2016-01-27 21:57:46', 31, '2016-01-28 04:57:38'),
(106, NULL, NULL, 37, 1, 114, NULL, 1, 1, 1, 1, 1, 1, 31, '2016-01-27 21:59:39', 31, '2016-01-28 04:59:31'),
(107, NULL, NULL, 33, 1, 116, NULL, 1, 1, 1, 1, 1, 1, 31, '2016-01-31 00:36:53', 31, '2016-01-31 07:36:34'),
(108, NULL, NULL, 38, 1, 117, NULL, 1, 1, 1, 1, 1, 1, 31, '2016-02-02 05:06:43', 31, '2016-02-02 12:06:42'),
(109, NULL, NULL, 39, 1, 120, NULL, 1, 1, 1, 1, 1, 1, 31, '2016-02-03 05:51:39', 31, '2016-02-03 12:51:32'),
(110, NULL, NULL, 33, 1, 121, NULL, 1, 1, 1, 1, 1, 1, 31, '2016-02-03 23:39:04', 31, '2016-02-04 06:38:37'),
(111, NULL, NULL, 40, 1, 122, NULL, 1, 1, 1, 1, 1, 1, 31, '2016-02-08 23:33:26', 31, '2016-02-09 06:33:20'),
(112, NULL, NULL, 40, 1, 123, NULL, 1, 1, 1, 1, 1, 1, 31, '2016-02-08 23:33:31', 31, '2016-02-09 06:33:24'),
(113, NULL, NULL, 39, 1, 126, NULL, 1, 1, 1, 1, 1, 1, 31, '2016-02-08 23:33:34', 31, '2016-02-09 06:34:50'),
(114, NULL, NULL, 39, 1, 125, NULL, 1, 1, 1, 1, 1, 1, 31, '2016-02-08 23:33:36', 31, '2016-02-09 06:33:41'),
(115, NULL, NULL, 39, 1, 124, NULL, 1, 1, 1, 1, 1, 1, 31, '2016-02-08 23:33:36', 31, '2016-02-09 06:33:40'),
(116, NULL, NULL, 20, 1, 127, NULL, 1, 1, 1, 1, 1, 1, 31, '2016-02-23 03:12:52', 31, '2016-02-23 10:12:07'),
(117, NULL, NULL, 23, 1, 128, NULL, 1, 1, 1, 1, 1, 1, 31, '2016-02-23 03:18:15', 31, '2016-02-23 10:17:31'),
(118, NULL, NULL, 41, 1, 129, NULL, 1, 1, 1, 1, 1, 1, 31, '2016-02-23 03:38:58', 31, '2016-02-23 10:38:13'),
(119, NULL, NULL, 41, 1, 130, NULL, 1, 1, 1, 1, 1, 1, 31, '2016-02-23 03:39:02', 31, '2016-02-23 10:38:17'),
(120, NULL, NULL, 42, 1, 131, NULL, 1, 1, 1, 1, 1, 1, 31, '2016-02-24 00:34:45', 31, '2016-02-24 07:33:57'),
(121, NULL, NULL, 41, 1, 132, NULL, 1, 1, 1, 1, 1, 1, 31, '2016-03-08 22:33:11', 31, '2016-03-09 05:32:51'),
(122, NULL, NULL, 34, 1, 133, NULL, 1, 1, 1, 1, 1, 1, 31, '2016-03-16 00:20:40', 31, '2016-03-16 07:19:39'),
(123, NULL, NULL, 22, 1, 134, NULL, 1, 1, 1, 1, 1, 1, 31, '2016-03-27 23:57:47', 31, '2016-03-28 07:56:05'),
(124, NULL, NULL, 43, 1, 135, NULL, 1, 1, 1, 1, 1, 1, 31, '2016-03-31 02:27:14', 31, '2016-03-31 10:25:20'),
(125, NULL, NULL, 43, 1, 136, NULL, 1, 1, 1, 1, 1, 1, 31, '2016-03-31 02:39:03', 31, '2016-03-31 10:37:07'),
(126, NULL, NULL, 43, 1, 137, NULL, 1, 1, 1, 1, 1, 1, 31, '2016-03-31 02:46:02', 31, '2016-03-31 10:44:07'),
(127, NULL, NULL, 43, 1, 138, NULL, 1, 1, 1, 1, 1, 1, 31, '2016-04-03 00:07:55', 31, '2016-04-03 08:05:51'),
(128, NULL, NULL, 36, 1, 128, NULL, 1, 1, 1, 1, 1, 1, 31, '2017-04-25 09:36:35', 31, '2017-04-25 11:36:17'),
(129, NULL, NULL, 45, 1, 129, NULL, 1, 1, 1, 1, 1, 1, 31, '2017-04-30 04:51:15', 31, '2017-04-30 06:51:55'),
(130, NULL, NULL, 46, 1, 130, NULL, 1, 1, 1, 1, 1, 1, 1, '2017-05-11 09:12:33', 1, '2017-05-11 11:12:31'),
(131, NULL, NULL, 46, 1, 131, NULL, 1, 1, 1, 1, 1, 1, 1, '2017-05-13 08:55:09', 1, '2017-05-13 10:55:00'),
(132, NULL, NULL, 9, 1, 132, NULL, 1, 1, 1, 1, 1, 1, 1, '2017-05-17 11:48:39', 1, '2017-05-17 13:48:38'),
(133, NULL, NULL, 47, 1, 133, NULL, 1, 1, 1, 1, 1, 1, 1, '2017-05-27 09:26:37', 1, '2017-05-27 11:26:37'),
(134, NULL, NULL, 47, 1, 134, NULL, 1, 1, 1, 1, 1, 1, 1, '2017-05-27 11:28:40', 1, '2017-05-27 11:28:49'),
(135, NULL, NULL, 46, 1, 135, NULL, 1, 1, 1, 1, 1, 1, 1, '2017-06-06 05:10:36', 1, '2017-06-06 07:10:35'),
(136, NULL, NULL, 47, 1, 136, NULL, 1, 1, 1, 1, 1, 1, 1, '2017-06-07 04:01:35', 1, '2017-06-11 10:10:15'),
(137, NULL, NULL, 46, 1, 137, NULL, 1, 1, 1, 1, 1, 1, 1, '2017-06-07 09:28:35', 1, '2017-06-07 11:28:32'),
(138, NULL, NULL, 39, 1, 138, NULL, 1, 1, 1, 1, 1, 1, 1, '2017-06-08 06:58:13', 1, '2017-06-08 06:58:20'),
(139, NULL, NULL, 9, 1, 107, NULL, 1, 1, 1, 1, 1, 1, 1, '2017-06-11 02:50:09', 1, '2017-06-11 04:49:54'),
(140, NULL, NULL, 9, 1, 139, NULL, 1, 1, 1, 1, 1, 1, 1, '2017-06-11 03:28:42', 1, '2017-06-11 05:28:27'),
(141, NULL, NULL, 48, 1, 136, NULL, 1, 1, 1, 1, 1, 1, 1, '2017-06-13 06:35:45', 1, '2017-06-13 08:35:38'),
(142, NULL, NULL, 48, 1, 133, NULL, 1, 1, 1, 1, 1, 1, 1, '2017-06-13 06:35:46', 1, '2017-06-13 08:35:36'),
(143, NULL, NULL, 48, 1, 134, NULL, 1, 1, 1, 1, 1, 1, 1, '2017-06-13 06:35:47', 1, '2017-06-13 08:35:37'),
(144, NULL, NULL, 9, 1, 140, NULL, 2, 2, 2, 2, 0, 1, 1, '2017-07-12 08:28:15', 1, '2017-07-12 10:29:53'),
(145, NULL, NULL, 49, 1, 140, NULL, 1, 1, 1, 1, 1, 1, 1, '2017-07-23 09:55:59', 1, '2017-07-23 09:57:07'),
(146, NULL, NULL, 50, 1, 141, NULL, 1, 1, 1, 1, 1, 1, 1, '2017-07-25 04:01:58', 1, '2017-07-25 04:03:06'),
(147, NULL, NULL, 49, 1, 142, NULL, 1, 1, 1, 1, 1, 1, 1, '2017-07-26 03:58:40', 1, '2017-07-26 05:59:41'),
(148, NULL, NULL, 50, 1, 143, NULL, 1, 1, 1, 1, 1, 1, 1, '2017-07-26 08:11:09', 1, '2017-07-26 08:12:19'),
(149, NULL, NULL, 50, 1, 144, NULL, 1, 1, 1, 1, 1, 1, 1, '2017-07-27 08:37:51', 1, '2017-07-27 08:39:03'),
(150, NULL, NULL, 50, 1, 145, NULL, 1, 1, 1, 1, 1, 1, 1, '2017-07-29 04:20:44', 1, '2017-07-29 04:21:58'),
(151, NULL, NULL, 49, 1, 146, NULL, 1, 1, 1, 1, 1, 1, 1, '2017-07-29 05:55:38', 1, '2017-07-29 07:56:35'),
(152, NULL, NULL, 50, 1, 147, NULL, 1, 1, 1, 1, 1, 1, 1, '2017-07-31 10:24:26', 1, '2017-07-31 10:25:43'),
(153, NULL, NULL, 45, 1, 148, NULL, 1, 1, 1, 1, 1, 1, 1, '2017-07-31 13:01:55', 1, '2017-07-31 15:02:51'),
(154, NULL, NULL, 50, 1, 149, NULL, 1, 1, 1, 1, 1, 1, 1, '2017-08-01 10:14:37', 1, '2017-08-01 10:15:58'),
(155, NULL, NULL, 50, 1, 150, NULL, 1, 1, 1, 1, 1, 1, 1, '2017-08-02 09:34:20', 1, '2017-08-02 09:35:41'),
(156, NULL, NULL, 46, 1, 151, NULL, 1, 1, 1, 1, 1, 1, 1, '2017-08-03 08:23:36', 1, '2017-08-03 10:24:26'),
(157, NULL, NULL, 48, 1, 152, NULL, 1, 1, 1, 1, 1, 1, 1, '2017-08-06 08:18:03', 1, '2017-08-06 08:19:27'),
(158, NULL, NULL, 50, 1, 153, NULL, 1, 1, 1, 1, 1, 1, 1, '2017-08-07 03:44:23', 1, '2017-08-07 05:45:50'),
(159, NULL, NULL, 49, 1, 154, NULL, 1, 1, 1, 1, 1, 1, 1, '2017-08-08 10:16:02', 1, '2017-08-08 12:17:22'),
(160, NULL, NULL, 51, 1, 155, NULL, 1, 1, 1, 1, 1, 1, 1, '2017-08-09 06:02:08', 1, '2017-08-09 06:05:38'),
(161, NULL, NULL, 50, 1, 156, NULL, 1, 1, 1, 1, 1, 1, 1, '2017-08-09 06:08:04', 1, '2017-08-09 08:09:23'),
(162, NULL, NULL, 9, 1, 157, NULL, 1, 1, 1, 1, 1, 1, 1, '2017-08-10 08:29:57', 1, '2017-08-10 10:31:19'),
(163, NULL, NULL, 50, 1, 158, NULL, 1, 1, 1, 1, 1, 1, 1, '2017-08-13 09:24:25', 1, '2017-08-13 09:25:59'),
(164, NULL, NULL, 50, 1, 159, NULL, 1, 1, 1, 1, 1, 1, 1, '2017-08-21 04:29:45', 1, '2017-08-21 04:31:31'),
(165, NULL, NULL, 50, 1, 160, NULL, 1, 1, 1, 1, 1, 1, 1, '2017-08-23 06:18:08', 1, '2017-08-23 06:19:53'),
(166, NULL, NULL, 49, 1, 161, NULL, 1, 1, 1, 1, 1, 1, 1, '2017-08-23 09:08:06', 1, '2017-08-23 11:09:49'),
(167, NULL, NULL, 9, 1, 162, NULL, 1, 1, 1, 1, 1, 1, 1, '2017-08-26 10:12:50', 1, '2017-08-26 10:14:42'),
(168, NULL, NULL, 49, 1, 163, NULL, 1, 1, 1, 1, 1, 1, 1, '2017-08-27 09:36:56', 1, '2017-08-27 11:38:48'),
(169, NULL, NULL, 51, 1, 156, NULL, 1, 1, 1, 1, 1, 1, 1, '2017-08-28 05:57:04', 1, '2017-08-28 05:59:03'),
(170, NULL, NULL, 51, 1, 153, NULL, 1, 1, 1, 1, 1, 1, 1, '2017-08-28 05:59:26', 1, '2017-08-28 06:01:23'),
(171, NULL, NULL, 51, 1, 159, NULL, 1, 1, 1, 1, 1, 1, 1, '2017-08-28 06:01:05', 1, '2017-08-28 06:03:02'),
(172, NULL, NULL, 52, 1, 158, NULL, 1, 1, 1, 1, 1, 1, 1, '2017-08-28 06:06:55', 1, '2017-08-28 06:08:52'),
(173, NULL, NULL, 52, 1, 160, NULL, 1, 1, 1, 1, 1, 1, 1, '2017-08-28 06:08:00', 1, '2017-08-28 06:09:57'),
(174, NULL, NULL, 50, 1, 164, NULL, 1, 1, 1, 1, 1, 1, 1, '2017-08-28 09:03:17', 1, '2017-08-28 11:05:13'),
(175, NULL, NULL, 9, 1, 165, NULL, 1, 1, 1, 1, 1, 1, 1, '2017-09-07 04:45:12', 1, '2017-09-07 04:47:18'),
(176, NULL, NULL, 9, 1, 166, NULL, 1, 1, 1, 1, 1, 1, 1, '2017-09-09 04:01:38', 1, '2017-09-09 04:03:47'),
(177, NULL, NULL, 46, 1, 167, NULL, 1, 1, 1, 1, 1, 1, 1, '2017-09-17 04:11:58', 1, '2017-09-17 06:13:57'),
(178, NULL, NULL, 53, 1, 168, NULL, 1, 1, 1, 1, 1, 1, 1, '2017-09-20 06:32:46', 1, '2017-09-20 08:35:04'),
(179, NULL, NULL, 53, 1, 169, NULL, 1, 1, 1, 1, 1, 1, 1, '2017-09-20 08:24:16', 1, '2017-09-20 10:26:33'),
(180, NULL, NULL, 53, 1, 170, NULL, 1, 1, 1, 1, 1, 1, 1, '2017-09-21 03:55:54', 1, '2017-09-21 05:58:14'),
(181, NULL, NULL, 53, 1, 171, NULL, 1, 1, 1, 1, 1, 1, 1, '2017-09-21 06:25:49', 1, '2017-09-21 08:28:08'),
(182, NULL, NULL, 53, 1, 172, NULL, 1, 1, 1, 1, 1, 1, 1, '2017-09-23 10:06:24', 1, '2017-09-23 12:08:42'),
(183, NULL, NULL, 53, 1, 173, NULL, 1, 1, 1, 1, 1, 1, 1, '2017-09-27 11:29:45', 1, '2017-09-27 13:32:13'),
(184, NULL, NULL, 53, 1, 174, NULL, 1, 1, 1, 1, 1, 1, 1, '2017-09-28 05:58:08', 1, '2017-09-28 08:00:31'),
(185, NULL, NULL, 53, 1, 175, NULL, 1, 1, 1, 1, 1, 1, 1, '2017-10-02 06:02:30', 1, '2017-10-02 06:05:12'),
(186, NULL, NULL, 49, 1, 176, NULL, 1, 1, 1, 1, 1, 1, 1, '2017-11-08 08:27:22', 1, '2017-11-08 09:30:48'),
(187, NULL, NULL, 49, 1, 177, NULL, 1, 1, 1, 1, 1, 1, 1, '2017-11-09 09:53:12', 1, '2017-11-09 10:56:44'),
(188, NULL, NULL, 45, 1, 178, NULL, 1, 1, 1, 1, 1, 1, 1, '2017-11-19 09:09:37', 1, '2017-11-19 10:09:41'),
(189, NULL, NULL, 45, 1, 179, NULL, 1, 1, 1, 1, 1, 1, 1, '2017-11-20 08:32:13', 1, '2017-11-20 09:32:17'),
(190, NULL, NULL, 54, 1, 180, NULL, 1, 1, 1, 1, 1, 1, 1, '2017-11-21 10:45:39', 1, '2017-11-21 11:45:43'),
(191, NULL, NULL, 54, 1, 181, NULL, 1, 1, 1, 1, 1, 1, 1, '2017-11-22 09:12:32', 1, '2017-11-22 10:12:35'),
(192, NULL, NULL, 54, 1, 182, NULL, 1, 1, 1, 1, 1, 1, 1, '2017-11-23 09:02:40', 1, '2017-11-23 10:02:44');

-- --------------------------------------------------------

--
-- Table structure for table `sa_org_modules`
--

CREATE TABLE IF NOT EXISTS `sa_org_modules` (
  `SA_MODULE_ID` smallint(5) NOT NULL AUTO_INCREMENT,
  `SA_MODULE_NAME` varchar(70) NOT NULL,
  `ORG_ID` int(11) NOT NULL,
  `DEFAULT_FLAG` tinyint(1) DEFAULT '1',
  `MODULE_IDS` varchar(70) NOT NULL,
  `ACTIVE_STATUS` tinyint(1) DEFAULT '1',
  `ENTERED_BY` int(10) DEFAULT NULL,
  `ENTRY_TIMESTAMP` timestamp NOT NULL DEFAULT CURRENT_TIMESTAMP,
  `UPDATE_BY` int(10) DEFAULT NULL,
  `UPDATED_TIMESTAMP` datetime NOT NULL ON UPDATE CURRENT_TIMESTAMP,
  PRIMARY KEY (`SA_MODULE_ID`)
) ENGINE=InnoDB  DEFAULT CHARSET=utf8 AUTO_INCREMENT=55 ;

--
-- Dumping data for table `sa_org_modules`
--

INSERT INTO `sa_org_modules` (`SA_MODULE_ID`, `SA_MODULE_NAME`, `ORG_ID`, `DEFAULT_FLAG`, `MODULE_IDS`, `ACTIVE_STATUS`, `ENTERED_BY`, `ENTRY_TIMESTAMP`, `UPDATE_BY`, `UPDATED_TIMESTAMP`) VALUES
(9, 'Setup', 1, 1, '24', 1, NULL, '2015-09-07 04:07:51', NULL, '0000-00-00 00:00:00'),
(20, 'Admission', 1, 1, '27', 1, NULL, '2015-10-01 03:14:57', NULL, '0000-00-00 00:00:00'),
(21, 'Address Setup', 1, 1, '29', 1, NULL, '2015-10-18 00:19:55', NULL, '0000-00-00 00:00:00'),
(36, 'Academic Setup', 1, 1, '44', 1, NULL, '2016-01-27 03:52:38', NULL, '0000-00-00 00:00:00'),
(39, 'Applicant', 1, 1, '48', 1, NULL, '2016-02-03 05:51:31', NULL, '0000-00-00 00:00:00'),
(45, 'HR', 1, 1, '49', 1, NULL, '2017-04-30 04:50:30', NULL, '0000-00-00 00:00:00'),
(46, 'Academic Course', 1, 1, '50', 1, NULL, '2017-05-11 09:10:56', NULL, '0000-00-00 00:00:00'),
(48, 'E-Registration', 1, 1, '51', 1, NULL, '2017-06-13 05:20:21', NULL, '0000-00-00 00:00:00'),
(49, 'Finance', 1, 1, '52', 1, NULL, '2017-07-23 09:53:53', NULL, '0000-00-00 00:00:00'),
(50, 'Exam Setup', 1, 1, '53', 1, NULL, '2017-07-25 03:59:42', NULL, '2017-08-28 11:52:14'),
(51, 'Result Processing', 1, 1, '54', 1, NULL, '2017-08-28 05:56:20', NULL, '0000-00-00 00:00:00'),
(52, 'Exam Report', 1, 1, '55', 1, NULL, '2017-08-28 06:06:48', NULL, '0000-00-00 00:00:00'),
(53, 'Others', 1, 1, '56', 1, NULL, '2017-09-20 06:32:41', NULL, '2017-09-21 00:00:00'),
(54, 'Inventory', 1, 1, '57', 1, NULL, '2017-11-21 10:45:33', NULL, '0000-00-00 00:00:00');

-- --------------------------------------------------------

--
-- Table structure for table `sa_police_station`
--

CREATE TABLE IF NOT EXISTS `sa_police_station` (
  `POLICE_STATION_ID` int(8) NOT NULL AUTO_INCREMENT COMMENT 'Primary Key Of sa_police_station Table.',
  `THANA_ID` int(8) DEFAULT NULL COMMENT 'Foreign Key To THANA_ID Column Of sa_thanas Table.',
  `UD_PS_CODE` varchar(8) COLLATE utf8_croatian_ci DEFAULT NULL COMMENT 'User Define Police Station Code.',
  `PS_ENAME` varchar(100) COLLATE utf8_croatian_ci DEFAULT NULL COMMENT 'Police Station English Name.',
  `PS_LNAME` varchar(120) COLLATE utf8_croatian_ci DEFAULT NULL COMMENT 'Police Station Local Name.',
  `ORDER_SL` smallint(4) DEFAULT NULL COMMENT 'Ascending Serial No.',
  `ACTIVE_FLAG` tinyint(1) NOT NULL DEFAULT '1' COMMENT 'Record Status 1= Active, 0=Inactive',
  `CREATED_BY` bigint(14) DEFAULT NULL COMMENT 'Record Create User Id',
  `CREATE_DATE` timestamp NOT NULL DEFAULT CURRENT_TIMESTAMP COMMENT 'Record Inserted Date And Time',
  `UPDATED_BY` bigint(14) DEFAULT NULL COMMENT 'Record Updated User Id',
  `UPDATE_DATE` datetime DEFAULT NULL COMMENT 'Record Updated Date And Time',
  PRIMARY KEY (`POLICE_STATION_ID`),
  KEY `FK03_THANA_ID` (`THANA_ID`)
) ENGINE=InnoDB  DEFAULT CHARSET=utf8 COLLATE=utf8_croatian_ci AUTO_INCREMENT=542 ;

--
-- Dumping data for table `sa_police_station`
--

INSERT INTO `sa_police_station` (`POLICE_STATION_ID`, `THANA_ID`, `UD_PS_CODE`, `PS_ENAME`, `PS_LNAME`, `ORDER_SL`, `ACTIVE_FLAG`, `CREATED_BY`, `CREATE_DATE`, `UPDATED_BY`, `UPDATE_DATE`) VALUES
(1, 1, '022249', 'MAHESHKHALI', NULL, NULL, 1, NULL, '2015-05-19 21:26:05', NULL, '2015-09-13 10:40:58'),
(2, 2, '022256', 'PEKUA', NULL, NULL, 1, NULL, '2015-05-19 21:26:05', NULL, '2015-09-13 10:40:58'),
(3, 3, '022266', 'RAMU', NULL, NULL, 1, NULL, '2015-05-19 21:26:05', NULL, '2015-09-13 10:40:58'),
(4, 4, '022290', 'TEKNAF', NULL, NULL, 1, NULL, '2015-05-19 21:26:05', NULL, '2015-09-13 10:40:59'),
(5, 5, '022294', 'UKHIA UPAZILA', NULL, NULL, 1, NULL, '2015-05-19 21:26:05', NULL, '2015-09-13 10:40:59'),
(6, 6, '023014', 'CHHAGALNAIYA', NULL, NULL, 1, NULL, '2015-05-19 21:26:05', NULL, '2015-09-13 10:40:59'),
(7, 7, '023025', 'DAGANBHUIYAN', NULL, NULL, 1, NULL, '2015-05-19 21:26:05', NULL, '2015-09-13 10:40:59'),
(14, 14, '032985', 'SHALTHA', NULL, NULL, 1, NULL, '2015-05-19 21:26:05', NULL, '2015-09-13 10:40:59'),
(15, 15, '027536', 'HATIYA', NULL, NULL, 1, NULL, '2015-05-19 21:26:05', NULL, '2015-09-13 10:40:59'),
(16, 16, '032962', 'NAGARKANDA', NULL, NULL, 1, NULL, '2015-05-19 21:26:05', NULL, '2015-09-13 10:40:59'),
(17, 17, '034827', 'HOSSAINPUR', NULL, NULL, 1, NULL, '2015-05-19 21:26:05', NULL, '2015-09-13 10:40:59'),
(18, 18, '035944', 'LOHAJANG', NULL, NULL, 1, NULL, '2015-05-19 21:26:05', NULL, '2015-09-13 10:40:59'),
(19, 19, '036758', 'NARAYANGANJ SADAR', NULL, NULL, 1, NULL, '2015-05-19 21:26:05', NULL, '2015-09-13 10:40:59'),
(20, 20, '038967', 'NAKLA', NULL, NULL, 1, NULL, '2015-05-19 21:26:05', NULL, '2015-09-13 10:40:59'),
(21, 21, '052738', 'FULBARI', NULL, NULL, 1, NULL, '2015-05-19 21:26:05', NULL, '2015-09-13 10:40:59'),
(22, 22, '053874', 'PANCHBIBI', NULL, NULL, 1, NULL, '2015-05-19 21:26:05', NULL, '2015-09-13 10:40:59'),
(23, 23, '056469', 'NIAMATPUR', NULL, NULL, 1, NULL, '2015-05-19 21:26:05', NULL, '2015-09-13 10:40:59'),
(24, 24, '057605', 'ATGHARIA', NULL, NULL, 1, NULL, '2015-05-19 21:26:05', NULL, '2015-09-13 10:40:59'),
(25, 25, '058542', 'KAUNIA', NULL, NULL, 1, NULL, '2015-05-19 21:26:05', NULL, '2015-09-13 10:40:59'),
(26, 26, '059494', 'THAKURGAON SADAR', NULL, NULL, 1, NULL, '2015-05-19 21:26:05', NULL, '2015-09-13 10:40:59'),
(27, 27, '069117', 'BEANI BAZAR', NULL, NULL, 1, NULL, '2015-05-19 21:26:05', NULL, '2015-09-13 10:40:59'),
(28, 28, '032604', 'BADDA', NULL, NULL, 1, NULL, '2015-05-19 21:26:05', NULL, '2015-09-13 10:40:59'),
(29, 29, '010428', 'BARGUNA SADAR', NULL, NULL, 1, NULL, '2015-05-19 21:26:05', NULL, '2015-09-13 10:40:59'),
(30, 30, '017852', 'DASHMINA', NULL, NULL, 1, NULL, '2015-05-19 21:26:05', NULL, '2015-09-13 10:40:59'),
(31, 31, '027521', 'COMPANIGANJ', NULL, NULL, 1, NULL, '2015-05-19 21:26:05', NULL, '2015-09-13 10:40:59'),
(32, 32, '038614', 'BHEDARGANJ', NULL, NULL, 1, NULL, '2015-05-19 21:26:05', NULL, '2015-09-13 10:40:59'),
(33, 33, '045595', 'SREEPUR', NULL, NULL, 1, NULL, '2015-05-19 21:26:05', NULL, '2015-09-13 10:40:59'),
(34, 34, '056485', 'RANINAGAR', NULL, NULL, 1, NULL, '2015-05-19 21:26:05', NULL, '2015-09-13 10:40:59'),
(35, 35, '063668', 'LAKHAI', NULL, NULL, 1, NULL, '2015-05-19 21:26:05', NULL, '2015-09-13 10:40:59'),
(36, 36, '010607', 'BAKERGANJ', NULL, NULL, 1, NULL, '2015-05-19 21:26:05', NULL, '2015-09-13 10:40:59'),
(37, 37, '069050', 'JAMALGANJ', NULL, NULL, 1, NULL, '2015-05-19 21:26:05', NULL, '2015-09-13 10:40:59'),
(38, 38, '032918', 'BOALMARI', NULL, NULL, 1, NULL, '2015-05-19 21:26:05', NULL, '2015-09-13 10:40:59'),
(39, 39, '036124', 'HALUAGHAT', NULL, NULL, 1, NULL, '2015-05-19 21:26:05', NULL, '2015-09-13 10:40:59'),
(40, 40, '044109', 'BAGHER PARA', NULL, NULL, 1, NULL, '2015-05-19 21:26:05', NULL, '2015-09-13 10:40:59'),
(41, 41, '041831', 'DAMURHUDA', NULL, NULL, 1, NULL, '2015-05-19 21:26:05', NULL, '2015-09-13 10:40:59'),
(42, 42, '032665', 'PALTAN', NULL, NULL, 1, NULL, '2015-05-19 21:26:05', NULL, '2015-09-13 10:40:59'),
(43, 43, '032663', 'NEW MARKET', NULL, NULL, 1, NULL, '2015-05-19 21:26:05', NULL, '2015-09-13 10:40:59'),
(44, 44, '023029', 'FENI SADAR', NULL, NULL, 1, NULL, '2015-05-19 21:26:05', NULL, '2015-09-13 10:40:59'),
(45, 45, '023041', 'FULGAZI', NULL, NULL, 1, NULL, '2015-05-19 21:26:05', NULL, '2015-09-13 10:40:59'),
(46, 46, '023051', 'PARSHURAM', NULL, NULL, 1, NULL, '2015-05-19 21:26:05', NULL, '2015-09-13 10:40:59'),
(47, 47, '023094', 'SONAGAZI', NULL, NULL, 1, NULL, '2015-05-19 21:26:05', NULL, '2015-09-13 10:40:59'),
(48, 48, '024643', 'DIGHINALA', NULL, NULL, 1, NULL, '2015-05-19 21:26:05', NULL, '2015-09-13 10:40:59'),
(49, 49, '024649', 'KHAGRACHHARI SADAR', NULL, NULL, 1, NULL, '2015-05-19 21:26:05', NULL, '2015-09-13 10:40:59'),
(50, 50, '024661', 'LAKSHMICHHARI', NULL, NULL, 1, NULL, '2015-05-19 21:26:05', NULL, '2015-09-13 10:40:59'),
(51, 51, '024665', 'MAHALCHHARI', NULL, NULL, 1, NULL, '2015-05-19 21:26:05', NULL, '2015-09-13 10:40:59'),
(52, 52, '024667', 'MANIKCHHARI', NULL, NULL, 1, NULL, '2015-05-19 21:26:05', NULL, '2015-09-13 10:40:59'),
(53, 53, '024670', 'MATIRANGA', NULL, NULL, 1, NULL, '2015-05-19 21:26:05', NULL, '2015-09-13 10:40:59'),
(54, 54, '024677', 'PANCHHARI', NULL, NULL, 1, NULL, '2015-05-19 21:26:05', NULL, '2015-09-13 10:40:59'),
(55, 55, '024680', 'RAMGARH', NULL, NULL, 1, NULL, '2015-05-19 21:26:05', NULL, '2015-09-13 10:40:59'),
(56, 56, '025133', 'KAMALNAGAR', NULL, NULL, 1, NULL, '2015-05-19 21:26:05', NULL, '2015-09-13 10:41:00'),
(57, 57, '025143', 'LAKSHMIPUR SADAR', NULL, NULL, 1, NULL, '2015-05-19 21:26:05', NULL, '2015-09-13 10:41:00'),
(58, 58, '025158', 'ROYPUR', NULL, NULL, 1, NULL, '2015-05-19 21:26:05', NULL, '2015-09-13 10:41:00'),
(59, 59, '025165', 'RAMGANJ', NULL, NULL, 1, NULL, '2015-05-19 21:26:05', NULL, '2015-09-13 10:41:00'),
(60, 60, '025173', 'RAMGATI', NULL, NULL, 1, NULL, '2015-05-19 21:26:05', NULL, '2015-09-13 10:41:00'),
(61, 61, '027507', 'BEGUMGANJ', NULL, NULL, 1, NULL, '2015-05-19 21:26:05', NULL, '2015-09-13 10:41:00'),
(62, 62, '027510', 'CHATKHIL', NULL, NULL, 1, NULL, '2015-05-19 21:26:05', NULL, '2015-09-13 10:41:00'),
(63, 63, '027547', 'KABIRHAT', NULL, NULL, 1, NULL, '2015-05-19 21:26:05', NULL, '2015-09-13 10:41:00'),
(64, 64, '027580', 'SENBAGH', NULL, NULL, 1, NULL, '2015-05-19 21:26:05', NULL, '2015-09-13 10:41:00'),
(65, 65, '027583', 'SONAIMURI', NULL, NULL, 1, NULL, '2015-05-19 21:26:05', NULL, '2015-09-13 10:41:00'),
(66, 66, '027585', 'SUBARNACHAR', NULL, NULL, 1, NULL, '2015-05-19 21:26:05', NULL, '2015-09-13 10:41:00'),
(67, 67, '027587', 'NOAKHALI SADAR', NULL, NULL, 1, NULL, '2015-05-19 21:26:05', NULL, '2015-09-13 10:41:00'),
(68, 68, '032666', 'RAMNA', NULL, NULL, 1, NULL, '2015-05-19 21:26:05', NULL, '2015-09-13 10:41:00'),
(69, 69, '032668', 'SABUJBAGH', NULL, NULL, 1, NULL, '2015-05-19 21:26:05', NULL, '2015-09-13 10:41:00'),
(70, 70, '032672', 'SAVAR', NULL, NULL, 1, NULL, '2015-05-19 21:26:05', NULL, '2015-09-13 10:41:00'),
(71, 71, '032674', 'SHAH ALI', NULL, NULL, 1, NULL, '2015-05-19 21:26:05', NULL, '2015-09-13 10:41:00'),
(72, 72, '032675', 'SHAHBAGH', NULL, NULL, 1, NULL, '2015-05-19 21:26:05', NULL, '2015-09-13 10:41:00'),
(73, 73, '032676', 'SHYAMPUR', NULL, NULL, 1, NULL, '2015-05-19 21:26:05', NULL, '2015-09-13 10:41:00'),
(74, 74, '032688', 'SUTRAPUR', NULL, NULL, 1, NULL, '2015-05-19 21:26:05', NULL, '2015-09-13 10:41:00'),
(75, 75, '032690', 'TEJGAON', NULL, NULL, 1, NULL, '2015-05-19 21:26:05', NULL, '2015-09-13 10:41:00'),
(76, 76, '032692', 'TEJGAON IND. AREA', NULL, NULL, 1, NULL, '2015-05-19 21:26:05', NULL, '2015-09-13 10:41:00'),
(77, 77, '032693', 'TURAG', NULL, NULL, 1, NULL, '2015-05-19 21:26:05', NULL, '2015-09-13 10:41:00'),
(78, 78, '032695', 'UTTARA', NULL, NULL, 1, NULL, '2015-05-19 21:26:05', NULL, '2015-09-13 10:41:00'),
(79, 79, '032696', 'UTTAR KHAN', NULL, NULL, 1, NULL, '2015-05-19 21:26:05', NULL, '2015-09-13 10:41:00'),
(80, 80, '032903', 'ALFADANGA', NULL, NULL, 1, NULL, '2015-05-19 21:26:05', NULL, '2015-09-13 10:41:00'),
(81, 81, '032910', 'BHANGA', NULL, NULL, 1, NULL, '2015-05-19 21:26:05', NULL, '2015-09-13 10:41:00'),
(82, 82, '032921', 'CHAR BHADRASAN', NULL, NULL, 1, NULL, '2015-05-19 21:26:05', NULL, '2015-09-13 10:41:00'),
(83, 83, '032947', 'FARIDPUR SADAR', NULL, NULL, 1, NULL, '2015-05-19 21:26:05', NULL, '2015-09-13 10:41:00'),
(84, 84, '032956', 'MADHUKHALI', NULL, NULL, 1, NULL, '2015-05-19 21:26:05', NULL, '2015-09-13 10:41:00'),
(85, 85, '032984', 'SADARPUR', NULL, NULL, 1, NULL, '2015-05-19 21:26:05', NULL, '2015-09-13 10:41:00'),
(86, 86, '033330', 'GAZIPUR SADAR', NULL, NULL, 1, NULL, '2015-05-19 21:26:05', NULL, '2015-09-13 10:41:00'),
(87, 87, '033332', 'KALIAKAIR', NULL, NULL, 1, NULL, '2015-05-19 21:26:05', NULL, '2015-09-13 10:41:00'),
(88, 88, '033334', 'KALIGANJ', NULL, NULL, 1, NULL, '2015-05-19 21:26:05', NULL, '2015-09-13 10:41:00'),
(89, 89, '033336', 'KAPASIA', NULL, NULL, 1, NULL, '2015-05-19 21:26:05', NULL, '2015-09-13 10:41:00'),
(90, 90, '033386', 'SREEPUR', NULL, NULL, 1, NULL, '2015-05-19 21:26:05', NULL, '2015-09-13 10:41:00'),
(91, 91, '033532', 'GOPALGANJ SADAR', NULL, NULL, 1, NULL, '2015-05-19 21:26:05', NULL, '2015-09-13 10:41:00'),
(92, 92, '033543', 'KASHIANI', NULL, NULL, 1, NULL, '2015-05-19 21:26:05', NULL, '2015-09-13 10:41:00'),
(93, 93, '033551', 'KOTALIPARA', NULL, NULL, 1, NULL, '2015-05-19 21:26:05', NULL, '2015-09-13 10:41:00'),
(94, 94, '033558', 'MUKSUDPUR', NULL, NULL, 1, NULL, '2015-05-19 21:26:05', NULL, '2015-09-13 10:41:00'),
(95, 95, '033591', 'TUNGIPARA', NULL, NULL, 1, NULL, '2015-05-19 21:26:05', NULL, '2015-09-13 10:41:00'),
(96, 96, '033907', 'BAKSHIGANJ', NULL, NULL, 1, NULL, '2015-05-19 21:26:05', NULL, '2015-09-13 10:41:00'),
(97, 97, '033915', 'DEWANGANJ', NULL, NULL, 1, NULL, '2015-05-19 21:26:05', NULL, '2015-09-13 10:41:00'),
(98, 98, '033929', 'ISLAMPUR', NULL, NULL, 1, NULL, '2015-05-19 21:26:05', NULL, '2015-09-13 10:41:00'),
(99, 99, '033936', 'JAMALPUR SADAR', NULL, NULL, 1, NULL, '2015-05-19 21:26:05', NULL, '2015-09-13 10:41:00'),
(100, 100, '033958', 'MADARGANJ', NULL, NULL, 1, NULL, '2015-05-19 21:26:05', NULL, '2015-09-13 10:41:01'),
(101, 101, '033961', 'MELANDAHA', NULL, NULL, 1, NULL, '2015-05-19 21:26:05', NULL, '2015-09-13 10:41:01'),
(102, 102, '033985', 'SARISHABARI UPAZILA', NULL, NULL, 1, NULL, '2015-05-19 21:26:05', NULL, '2015-09-13 10:41:01'),
(103, 103, '034802', 'AUSTAGRAM', NULL, NULL, 1, NULL, '2015-05-19 21:26:05', NULL, '2015-09-13 10:41:01'),
(104, 104, '034806', 'BAJITPUR', NULL, NULL, 1, NULL, '2015-05-19 21:26:05', NULL, '2015-09-13 10:41:01'),
(105, 105, '034811', 'BHAIRAB', NULL, NULL, 1, NULL, '2015-05-19 21:26:05', NULL, '2015-09-13 10:41:01'),
(106, 106, '034833', 'ITNA', NULL, NULL, 1, NULL, '2015-05-19 21:26:05', NULL, '2015-09-13 10:41:01'),
(107, 107, '034842', 'KARIMGANJ', NULL, NULL, 1, NULL, '2015-05-19 21:26:05', NULL, '2015-09-13 10:41:01'),
(108, 108, '034845', 'KATIADI', NULL, NULL, 1, NULL, '2015-05-19 21:26:05', NULL, '2015-09-13 10:41:01'),
(109, 109, '034849', 'KISHOREGANJ SADAR', NULL, NULL, 1, NULL, '2015-05-19 21:26:05', NULL, '2015-09-13 10:41:01'),
(110, 110, '034854', 'KULIAR CHAR', NULL, NULL, 1, NULL, '2015-05-19 21:26:05', NULL, '2015-09-13 10:41:01'),
(111, 111, '034859', 'MITHAMAIN', NULL, NULL, 1, NULL, '2015-05-19 21:26:05', NULL, '2015-09-13 10:41:01'),
(112, 112, '034876', 'NIKLI', NULL, NULL, 1, NULL, '2015-05-19 21:26:05', NULL, '2015-09-13 10:41:01'),
(113, 113, '034879', 'PAKUNDIA', NULL, NULL, 1, NULL, '2015-05-19 21:26:05', NULL, '2015-09-13 10:41:01'),
(114, 114, '034892', 'TARAIL', NULL, NULL, 1, NULL, '2015-05-19 21:26:05', NULL, '2015-09-13 10:41:01'),
(115, 115, '035440', 'KALKINI', NULL, NULL, 1, NULL, '2015-05-19 21:26:05', NULL, '2015-09-13 10:41:01'),
(116, 116, '035454', 'MADARIPUR SADAR', NULL, NULL, 1, NULL, '2015-05-19 21:26:05', NULL, '2015-09-13 10:41:01'),
(117, 117, '035480', 'RAJOIR', NULL, NULL, 1, NULL, '2015-05-19 21:26:05', NULL, '2015-09-13 10:41:01'),
(118, 118, '035487', 'SHIB CHAR', NULL, NULL, 1, NULL, '2015-05-19 21:26:05', NULL, '2015-09-13 10:41:01'),
(119, 119, '035610', 'DAULATPUR', NULL, NULL, 1, NULL, '2015-05-19 21:26:05', NULL, '2015-09-13 10:41:01'),
(120, 120, '035622', 'GHIOR', NULL, NULL, 1, NULL, '2015-05-19 21:26:05', NULL, '2015-09-13 10:41:01'),
(121, 121, '035628', 'HARIRAMPUR', NULL, NULL, 1, NULL, '2015-05-19 21:26:05', NULL, '2015-09-13 10:41:01'),
(122, 122, '035646', 'MANIKGANJ SADAR', NULL, NULL, 1, NULL, '2015-05-19 21:26:05', NULL, '2015-09-13 10:41:01'),
(123, 123, '035670', 'SATURIA', NULL, NULL, 1, NULL, '2015-05-19 21:26:05', NULL, '2015-09-13 10:41:01'),
(124, 124, '035678', 'SHIBALAYA', NULL, NULL, 1, NULL, '2015-05-19 21:26:05', NULL, '2015-09-13 10:41:01'),
(125, 125, '035682', 'SINGAIR', NULL, NULL, 1, NULL, '2015-05-19 21:26:05', NULL, '2015-09-13 10:41:01'),
(126, 126, '035924', 'GAZARIA', NULL, NULL, 1, NULL, '2015-05-19 21:26:05', NULL, '2015-09-13 10:41:01'),
(127, 127, '035956', 'MUNSHIGANJ SADAR', NULL, NULL, 1, NULL, '2015-05-19 21:26:05', NULL, '2015-09-13 10:41:01'),
(128, 128, '035974', 'SERAJDIKHAN', NULL, NULL, 1, NULL, '2015-05-19 21:26:05', NULL, '2015-09-13 10:41:01'),
(129, 129, '035984', 'SREENAGAR', NULL, NULL, 1, NULL, '2015-05-19 21:26:05', NULL, '2015-09-13 10:41:01'),
(130, 130, '035994', 'TONGIBARI', NULL, NULL, 1, NULL, '2015-05-19 21:26:05', NULL, '2015-09-13 10:41:01'),
(131, 131, '036113', 'BHALUKA', NULL, NULL, 1, NULL, '2015-05-19 21:26:05', NULL, '2015-09-13 10:41:01'),
(132, 132, '036116', 'DHOBAURA', NULL, NULL, 1, NULL, '2015-05-19 21:26:05', NULL, '2015-09-13 10:41:01'),
(133, 133, '036120', 'FULBARIA', NULL, NULL, 1, NULL, '2015-05-19 21:26:05', NULL, '2015-09-13 10:41:01'),
(134, 134, '036122', 'GAFFARGAON', NULL, NULL, 1, NULL, '2015-05-19 21:26:05', NULL, '2015-09-13 10:41:01'),
(135, 135, '036123', 'GAURIPUR', NULL, NULL, 1, NULL, '2015-05-19 21:26:05', NULL, '2015-09-13 10:41:01'),
(136, 136, '036131', 'ISHWARGANJ', NULL, NULL, 1, NULL, '2015-05-19 21:26:05', NULL, '2015-09-13 10:41:01'),
(137, 137, '036152', 'MYMENSINGH SADAR', NULL, NULL, 1, NULL, '2015-05-19 21:26:05', NULL, '2015-09-13 10:41:01'),
(138, 138, '036165', 'MUKTAGACHHA', NULL, NULL, 1, NULL, '2015-05-19 21:26:05', NULL, '2015-09-13 10:41:01'),
(139, 139, '036172', 'NANDAIL', NULL, NULL, 1, NULL, '2015-05-19 21:26:05', NULL, '2015-09-13 10:41:01'),
(140, 140, '036181', 'PHULPUR', NULL, NULL, 1, NULL, '2015-05-19 21:26:05', NULL, '2015-09-13 10:41:01'),
(141, 141, '036194', 'TRISHAL', NULL, NULL, 1, NULL, '2015-05-19 21:26:05', NULL, '2015-09-13 10:41:01'),
(142, 142, '036702', 'ARAIHAZAR', NULL, NULL, 1, NULL, '2015-05-19 21:26:05', NULL, '2015-09-13 10:41:01'),
(143, 143, '036704', 'SONARGAON', NULL, NULL, 1, NULL, '2015-05-19 21:26:05', NULL, '2015-09-13 10:41:01'),
(144, 144, '036706', 'BANDAR', NULL, NULL, 1, NULL, '2015-05-19 21:26:05', NULL, '2015-09-13 10:41:01'),
(145, 145, '036768', 'RUPGANJ', NULL, NULL, 1, NULL, '2015-05-19 21:26:05', NULL, '2015-09-13 10:41:01'),
(146, 146, '036807', 'BELABO', NULL, NULL, 1, NULL, '2015-05-19 21:26:05', NULL, '2015-09-13 10:41:02'),
(147, 147, '036852', 'MANOHARDI', NULL, NULL, 1, NULL, '2015-05-19 21:26:05', NULL, '2015-09-13 10:41:02'),
(148, 148, '036860', 'NARSINGDI SADAR', NULL, NULL, 1, NULL, '2015-05-19 21:26:05', NULL, '2015-09-13 10:41:02'),
(149, 149, '036863', 'PALASH', NULL, NULL, 1, NULL, '2015-05-19 21:26:05', NULL, '2015-09-13 10:41:02'),
(150, 150, '036864', 'ROYPURA', NULL, NULL, 1, NULL, '2015-05-19 21:26:05', NULL, '2015-09-13 10:41:02'),
(151, 151, '036876', 'SHIBPUR', NULL, NULL, 1, NULL, '2015-05-19 21:26:05', NULL, '2015-09-13 10:41:02'),
(152, 152, '037204', 'ATPARA', NULL, NULL, 1, NULL, '2015-05-19 21:26:05', NULL, '2015-09-13 10:41:02'),
(153, 153, '037209', 'BARHATTA', NULL, NULL, 1, NULL, '2015-05-19 21:26:05', NULL, '2015-09-13 10:41:02'),
(154, 154, '037218', 'DURGAPUR', NULL, NULL, 1, NULL, '2015-05-19 21:26:05', NULL, '2015-09-13 10:41:02'),
(155, 155, '037238', 'KHALIAJURI', NULL, NULL, 1, NULL, '2015-05-19 21:26:05', NULL, '2015-09-13 10:41:02'),
(156, 156, '037240', 'KALMAKANDA', NULL, NULL, 1, NULL, '2015-05-19 21:26:05', NULL, '2015-09-13 10:41:02'),
(157, 157, '037247', 'KENDUA', NULL, NULL, 1, NULL, '2015-05-19 21:26:05', NULL, '2015-09-13 10:41:02'),
(158, 158, '037256', 'MADAN', NULL, NULL, 1, NULL, '2015-05-19 21:26:05', NULL, '2015-09-13 10:41:02'),
(159, 159, '037263', 'MOHANGANJ', NULL, NULL, 1, NULL, '2015-05-19 21:26:05', NULL, '2015-09-13 10:41:02'),
(160, 160, '037274', 'NETROKONA SADAR', NULL, NULL, 1, NULL, '2015-05-19 21:26:05', NULL, '2015-09-13 10:41:02'),
(161, 161, '037283', 'PURBADHALA', NULL, NULL, 1, NULL, '2015-05-19 21:26:05', NULL, '2015-09-13 10:41:02'),
(162, 162, '038207', 'BALIAKANDI', NULL, NULL, 1, NULL, '2015-05-19 21:26:05', NULL, '2015-09-13 10:41:02'),
(163, 163, '038229', 'GOALANDA', NULL, NULL, 1, NULL, '2015-05-19 21:26:05', NULL, '2015-09-13 10:41:02'),
(164, 164, '038273', 'PANGSHA', NULL, NULL, 1, NULL, '2015-05-19 21:26:05', NULL, '2015-09-13 10:41:02'),
(165, 165, '038276', 'RAJBARI SADAR', NULL, NULL, 1, NULL, '2015-05-19 21:26:05', NULL, '2015-09-13 10:41:02'),
(166, 166, '038625', 'DAMUDYA', NULL, NULL, 1, NULL, '2015-05-19 21:26:05', NULL, '2015-09-13 10:41:02'),
(167, 167, '038636', 'GOSAIRHAT', NULL, NULL, 1, NULL, '2015-05-19 21:26:05', NULL, '2015-09-13 10:41:02'),
(168, 168, '038665', 'NARIA', NULL, NULL, 1, NULL, '2015-05-19 21:26:05', NULL, '2015-09-13 10:41:02'),
(169, 169, '038669', 'SHARIATPUR SADAR', NULL, NULL, 1, NULL, '2015-05-19 21:26:05', NULL, '2015-09-13 10:41:02'),
(170, 170, '038694', 'ZANJIRA', NULL, NULL, 1, NULL, '2015-05-19 21:26:05', NULL, '2015-09-13 10:41:02'),
(171, 171, '038937', 'JHENAIGATI', NULL, NULL, 1, NULL, '2015-05-19 21:26:05', NULL, '2015-09-13 10:41:02'),
(172, 172, '038970', 'NALITABARI', NULL, NULL, 1, NULL, '2015-05-19 21:26:05', NULL, '2015-09-13 10:41:02'),
(173, 173, '038988', 'SHERPUR SADAR', NULL, NULL, 1, NULL, '2015-05-19 21:26:05', NULL, '2015-09-13 10:41:02'),
(174, 174, '038990', 'SREEBARDI', NULL, NULL, 1, NULL, '2015-05-19 21:26:05', NULL, '2015-09-13 10:41:02'),
(175, 175, '039309', 'BASAIL', NULL, NULL, 1, NULL, '2015-05-19 21:26:05', NULL, '2015-09-13 10:41:02'),
(176, 176, '039319', 'BHUAPUR', NULL, NULL, 1, NULL, '2015-05-19 21:26:05', NULL, '2015-09-13 10:41:02'),
(177, 177, '039323', 'DELDUAR', NULL, NULL, 1, NULL, '2015-05-19 21:26:05', NULL, '2015-09-13 10:41:02'),
(178, 178, '039325', 'DHANBARI', NULL, NULL, 1, NULL, '2015-05-19 21:26:05', NULL, '2015-09-13 10:41:02'),
(179, 179, '039328', 'GHATAIL', NULL, NULL, 1, NULL, '2015-05-19 21:26:05', NULL, '2015-09-13 10:41:02'),
(180, 180, '039338', 'GOPALPUR', NULL, NULL, 1, NULL, '2015-05-19 21:26:05', NULL, '2015-09-13 10:41:02'),
(181, 181, '039347', 'KALIHATI', NULL, NULL, 1, NULL, '2015-05-19 21:26:05', NULL, '2015-09-13 10:41:02'),
(182, 182, '039357', 'MADHUPUR', NULL, NULL, 1, NULL, '2015-05-19 21:26:05', NULL, '2015-09-13 10:41:02'),
(183, 183, '039366', 'MIRZAPUR', NULL, NULL, 1, NULL, '2015-05-19 21:26:05', NULL, '2015-09-13 10:41:02'),
(184, 184, '039376', 'NAGARPUR', NULL, NULL, 1, NULL, '2015-05-19 21:26:05', NULL, '2015-09-13 10:41:02'),
(185, 185, '039385', 'SAKHIPUR', NULL, NULL, 1, NULL, '2015-05-19 21:26:05', NULL, '2015-09-13 10:41:02'),
(186, 186, '039395', 'TANGAIL SADAR', NULL, NULL, 1, NULL, '2015-05-19 21:26:05', NULL, '2015-09-13 10:41:02'),
(187, 187, '040108', 'BAGERHAT SADAR', NULL, NULL, 1, NULL, '2015-05-19 21:26:05', NULL, '2015-09-13 10:41:02'),
(188, 188, '040114', 'CHITALMARI', NULL, NULL, 1, NULL, '2015-05-19 21:26:05', NULL, '2015-09-13 10:41:02'),
(189, 189, '040134', 'FAKIRHAT', NULL, NULL, 1, NULL, '2015-05-19 21:26:05', NULL, '2015-09-13 10:41:02'),
(190, 190, '040138', 'KACHUA', NULL, NULL, 1, NULL, '2015-05-19 21:26:05', NULL, '2015-09-13 10:41:02'),
(191, 191, '040156', 'MOLLAHAT', NULL, NULL, 1, NULL, '2015-05-19 21:26:05', NULL, '2015-09-13 10:41:02'),
(192, 192, '040158', 'MONGLA', NULL, NULL, 1, NULL, '2015-05-19 21:26:05', NULL, '2015-09-13 10:41:02'),
(193, 193, '040160', 'MORRELGANJ', NULL, NULL, 1, NULL, '2015-05-19 21:26:05', NULL, '2015-09-13 10:41:03'),
(194, 194, '040173', 'RAMPAL', NULL, NULL, 1, NULL, '2015-05-19 21:26:05', NULL, '2015-09-13 10:41:03'),
(195, 195, '040177', 'SARANKHOLA', NULL, NULL, 1, NULL, '2015-05-19 21:26:05', NULL, '2015-09-13 10:41:03'),
(196, 196, '041807', 'ALAMDANGA', NULL, NULL, 1, NULL, '2015-05-19 21:26:05', NULL, '2015-09-13 10:41:03'),
(197, 197, '041823', 'CHUADANGA SADAR', NULL, NULL, 1, NULL, '2015-05-19 21:26:05', NULL, '2015-09-13 10:41:03'),
(198, 198, '041855', 'JIBAN NAGAR', NULL, NULL, 1, NULL, '2015-05-19 21:26:05', NULL, '2015-09-13 10:41:03'),
(199, 199, '044104', 'ABHAYNAGAR', NULL, NULL, 1, NULL, '2015-05-19 21:26:05', NULL, '2015-09-13 10:41:03'),
(200, 200, '044111', 'CHAUGACHHA', NULL, NULL, 1, NULL, '2015-05-19 21:26:05', NULL, '2015-09-13 10:41:03'),
(201, 201, '044123', 'JHIKARGACHHA', NULL, NULL, 1, NULL, '2015-05-19 21:26:05', NULL, '2015-09-13 10:41:03'),
(202, 202, '044138', 'KESHABPUR', NULL, NULL, 1, NULL, '2015-05-19 21:26:05', NULL, '2015-09-13 10:41:03'),
(203, 203, '044147', 'KOTWALI', NULL, NULL, 1, NULL, '2015-05-19 21:26:05', NULL, '2015-09-13 10:41:03'),
(204, 204, '044161', 'MANIRAMPUR', NULL, NULL, 1, NULL, '2015-05-19 21:26:05', NULL, '2015-09-13 10:41:03'),
(205, 205, '044190', 'SHARSHA', NULL, NULL, 1, NULL, '2015-05-19 21:26:05', NULL, '2015-09-13 10:41:03'),
(206, 206, '044414', 'HARINAKUNDA', NULL, NULL, 1, NULL, '2015-05-19 21:26:05', NULL, '2015-09-13 10:41:03'),
(207, 207, '044419', 'JHENAIDAH SADAR', NULL, NULL, 1, NULL, '2015-05-19 21:26:05', NULL, '2015-09-13 10:41:03'),
(208, 208, '044433', 'KALIGANJ', NULL, NULL, 1, NULL, '2015-05-19 21:26:05', NULL, '2015-09-13 10:41:03'),
(209, 209, '044442', 'KOTCHANDPUR', NULL, NULL, 1, NULL, '2015-05-19 21:26:05', NULL, '2015-09-13 10:41:03'),
(210, 210, '044471', 'MAHESHPUR', NULL, NULL, 1, NULL, '2015-05-19 21:26:05', NULL, '2015-09-13 10:41:03'),
(211, 211, '044480', 'SHAILKUPA', NULL, NULL, 1, NULL, '2015-05-19 21:26:05', NULL, '2015-09-13 10:41:03'),
(212, 212, '044712', 'BATIAGHATA', NULL, NULL, 1, NULL, '2015-05-19 21:26:05', NULL, '2015-09-13 10:41:03'),
(213, 213, '044717', 'DACOPE', NULL, NULL, 1, NULL, '2015-05-19 21:26:05', NULL, '2015-09-13 10:41:03'),
(214, 214, '044721', 'DAULATPUR', NULL, NULL, 1, NULL, '2015-05-19 21:26:05', NULL, '2015-09-13 10:41:03'),
(215, 215, '044730', 'DUMURIA', NULL, NULL, 1, NULL, '2015-05-19 21:26:05', NULL, '2015-09-13 10:41:03'),
(216, 216, '044740', 'DIGHALIA', NULL, NULL, 1, NULL, '2015-05-19 21:26:05', NULL, '2015-09-13 10:41:03'),
(217, 217, '044745', 'KHALISHPUR', NULL, NULL, 1, NULL, '2015-05-19 21:26:05', NULL, '2015-09-13 10:41:03'),
(218, 218, '044748', 'KHAN JAHAN ALI', NULL, NULL, 1, NULL, '2015-05-19 21:26:05', NULL, '2015-09-13 10:41:03'),
(219, 219, '044751', 'KHULNA SADAR', NULL, NULL, 1, NULL, '2015-05-19 21:26:05', NULL, '2015-09-13 10:41:03'),
(220, 220, '044753', 'KOYRA', NULL, NULL, 1, NULL, '2015-05-19 21:26:05', NULL, '2015-09-13 10:41:03'),
(221, 221, '044764', 'PAIKGACHHA', NULL, NULL, 1, NULL, '2015-05-19 21:26:05', NULL, '2015-09-13 10:41:03'),
(222, 222, '044769', 'PHULTALA', NULL, NULL, 1, NULL, '2015-05-19 21:26:05', NULL, '2015-09-13 10:41:03'),
(223, 223, '044775', 'RUPSA', NULL, NULL, 1, NULL, '2015-05-19 21:26:05', NULL, '2015-09-13 10:41:03'),
(224, 224, '044785', 'SONADANGA', NULL, NULL, 1, NULL, '2015-05-19 21:26:05', NULL, '2015-09-13 10:41:03'),
(225, 225, '044794', 'TEROKHADA', NULL, NULL, 1, NULL, '2015-05-19 21:26:05', NULL, '2015-09-13 10:41:03'),
(226, 226, '045015', 'BHERAMARA', NULL, NULL, 1, NULL, '2015-05-19 21:26:05', NULL, '2015-09-13 10:41:03'),
(227, 227, '045039', 'DAULATPUR', NULL, NULL, 1, NULL, '2015-05-19 21:26:05', NULL, '2015-09-13 10:41:03'),
(228, 228, '045063', 'KHOKSA', NULL, NULL, 1, NULL, '2015-05-19 21:26:05', NULL, '2015-09-13 10:41:03'),
(229, 229, '045071', 'KUMARKHALI', NULL, NULL, 1, NULL, '2015-05-19 21:26:05', NULL, '2015-09-13 10:41:03'),
(230, 230, '045079', 'KUSHTIA SADAR', NULL, NULL, 1, NULL, '2015-05-19 21:26:05', NULL, '2015-09-13 10:41:03'),
(231, 231, '045094', 'MIRPUR', NULL, NULL, 1, NULL, '2015-05-19 21:26:05', NULL, '2015-09-13 10:41:03'),
(232, 232, '045557', 'MAGURA SADAR', NULL, NULL, 1, NULL, '2015-05-19 21:26:05', NULL, '2015-09-13 10:41:03'),
(233, 233, '045566', 'MOHAMMADPUR', NULL, NULL, 1, NULL, '2015-05-19 21:26:05', NULL, '2015-09-13 10:41:03'),
(234, 234, '045585', 'SHALIKHA', NULL, NULL, 1, NULL, '2015-05-19 21:26:05', NULL, '2015-09-13 10:41:03'),
(235, 235, '045747', 'GANGNI', NULL, NULL, 1, NULL, '2015-05-19 21:26:05', NULL, '2015-09-13 10:41:03'),
(236, 236, '045760', 'MUJIB NAGAR', NULL, NULL, 1, NULL, '2015-05-19 21:26:05', NULL, '2015-09-13 10:41:03'),
(237, 237, '045787', 'MEHERPUR SADAR', NULL, NULL, 1, NULL, '2015-05-19 21:26:05', NULL, '2015-09-13 10:41:04'),
(238, 238, '046528', 'KALIA', NULL, NULL, 1, NULL, '2015-05-19 21:26:05', NULL, '2015-09-13 10:41:04'),
(239, 239, '046552', 'LOHAGARA', NULL, NULL, 1, NULL, '2015-05-19 21:26:05', NULL, '2015-09-13 10:41:04'),
(240, 240, '046576', 'NARAIL SADAR', NULL, NULL, 1, NULL, '2015-05-19 21:26:05', NULL, '2015-09-13 10:41:04'),
(241, 241, '048704', 'ASSASUNI', NULL, NULL, 1, NULL, '2015-05-19 21:26:05', NULL, '2015-09-13 10:41:04'),
(242, 242, '048725', 'DEBHATA', NULL, NULL, 1, NULL, '2015-05-19 21:26:05', NULL, '2015-09-13 10:41:04'),
(243, 243, '048743', 'KALAROA', NULL, NULL, 1, NULL, '2015-05-19 21:26:05', NULL, '2015-09-13 10:41:04'),
(244, 244, '048747', 'KALIGANJ', NULL, NULL, 1, NULL, '2015-05-19 21:26:05', NULL, '2015-09-13 10:41:04'),
(245, 245, '048782', 'SATKHIRA SADAR', NULL, NULL, 1, NULL, '2015-05-19 21:26:05', NULL, '2015-09-13 10:41:04'),
(246, 246, '048786', 'SHYAMNAGAR', NULL, NULL, 1, NULL, '2015-05-19 21:26:05', NULL, '2015-09-13 10:41:04'),
(247, 247, '048790', 'TALA', NULL, NULL, 1, NULL, '2015-05-19 21:26:05', NULL, '2015-09-13 10:41:04'),
(248, 248, '051006', 'ADAMDIGHI', NULL, NULL, 1, NULL, '2015-05-19 21:26:05', NULL, '2015-09-13 10:41:04'),
(249, 249, '051020', 'BOGRA SADAR', NULL, NULL, 1, NULL, '2015-05-19 21:26:05', NULL, '2015-09-13 10:41:04'),
(250, 250, '051027', 'DHUNAT', NULL, NULL, 1, NULL, '2015-05-19 21:26:05', NULL, '2015-09-13 10:41:04'),
(251, 251, '051033', 'DHUPCHANCHIA', NULL, NULL, 1, NULL, '2015-05-19 21:26:05', NULL, '2015-09-13 10:41:04'),
(252, 252, '051040', 'GABTALI', NULL, NULL, 1, NULL, '2015-05-19 21:26:05', NULL, '2015-09-13 10:41:04'),
(253, 253, '051054', 'KAHALOO', NULL, NULL, 1, NULL, '2015-05-19 21:26:05', NULL, '2015-09-13 10:41:04'),
(254, 254, '051067', 'NANDIGRAM', NULL, NULL, 1, NULL, '2015-05-19 21:26:05', NULL, '2015-09-13 10:41:04'),
(255, 255, '051081', 'SARIAKANDI', NULL, NULL, 1, NULL, '2015-05-19 21:26:05', NULL, '2015-09-13 10:41:04'),
(256, 256, '051085', 'SHAJAHANPUR', NULL, NULL, 1, NULL, '2015-05-19 21:26:05', NULL, '2015-09-13 10:41:04'),
(257, 257, '051088', 'SHERPUR', NULL, NULL, 1, NULL, '2015-05-19 21:26:05', NULL, '2015-09-13 10:41:04'),
(258, 258, '051094', 'SHIBGANJ', NULL, NULL, 1, NULL, '2015-05-19 21:26:05', NULL, '2015-09-13 10:41:04'),
(259, 259, '051095', 'SONATOLA', NULL, NULL, 1, NULL, '2015-05-19 21:26:05', NULL, '2015-09-13 10:41:04'),
(260, 260, '052710', 'BIRAMPUR', NULL, NULL, 1, NULL, '2015-05-19 21:26:05', NULL, '2015-09-13 10:41:04'),
(261, 261, '052712', 'BIRGANJ', NULL, NULL, 1, NULL, '2015-05-19 21:26:05', NULL, '2015-09-13 10:41:04'),
(262, 262, '052717', 'BIRAL', NULL, NULL, 1, NULL, '2015-05-19 21:26:05', NULL, '2015-09-13 10:41:04'),
(263, 263, '052721', 'BOCHAGANJ', NULL, NULL, 1, NULL, '2015-05-19 21:26:05', NULL, '2015-09-13 10:41:04'),
(264, 264, '052730', 'CHIRIRBANDAR', NULL, NULL, 1, NULL, '2015-05-19 21:26:05', NULL, '2015-09-13 10:41:04'),
(265, 265, '052743', 'GHORAGHAT', NULL, NULL, 1, NULL, '2015-05-19 21:26:05', NULL, '2015-09-13 10:41:04'),
(266, 266, '052747', 'HAKIMPUR', NULL, NULL, 1, NULL, '2015-05-19 21:26:05', NULL, '2015-09-13 10:41:04'),
(267, 267, '052756', 'KAHAROLE', NULL, NULL, 1, NULL, '2015-05-19 21:26:05', NULL, '2015-09-13 10:41:04'),
(268, 268, '052760', 'KHANSAMA', NULL, NULL, 1, NULL, '2015-05-19 21:26:05', NULL, '2015-09-13 10:41:04'),
(269, 269, '052764', 'DINAJPUR SADAR', NULL, NULL, 1, NULL, '2015-05-19 21:26:05', NULL, '2015-09-13 10:41:04'),
(270, 270, '052769', 'NAWABGANJ', NULL, NULL, 1, NULL, '2015-05-19 21:26:05', NULL, '2015-09-13 10:41:04'),
(271, 271, '052777', 'PARBATIPUR', NULL, NULL, 1, NULL, '2015-05-19 21:26:05', NULL, '2015-09-13 10:41:04'),
(272, 272, '053221', 'FULCHHARI', NULL, NULL, 1, NULL, '2015-05-19 21:26:05', NULL, '2015-09-13 10:41:04'),
(273, 273, '053224', 'GAIBANDHA SADAR', NULL, NULL, 1, NULL, '2015-05-19 21:26:05', NULL, '2015-09-13 10:41:04'),
(274, 274, '053230', 'GOBINDAGANJ', NULL, NULL, 1, NULL, '2015-05-19 21:26:05', NULL, '2015-09-13 10:41:04'),
(275, 275, '053267', 'PALASHBARI', NULL, NULL, 1, NULL, '2015-05-19 21:26:05', NULL, '2015-09-13 10:41:04'),
(276, 276, '053282', 'SADULLAPUR', NULL, NULL, 1, NULL, '2015-05-19 21:26:05', NULL, '2015-09-13 10:41:04'),
(277, 277, '053288', 'SAGHATA', NULL, NULL, 1, NULL, '2015-05-19 21:26:05', NULL, '2015-09-13 10:41:04'),
(278, 278, '053291', 'SUNDARGANJ', NULL, NULL, 1, NULL, '2015-05-19 21:26:05', NULL, '2015-09-13 10:41:04'),
(279, 279, '053813', 'AKKELPUR', NULL, NULL, 1, NULL, '2015-05-19 21:26:05', NULL, '2015-09-13 10:41:04'),
(280, 280, '053847', 'JOYPURHAT SADAR', NULL, NULL, 1, NULL, '2015-05-19 21:26:05', NULL, '2015-09-13 10:41:04'),
(281, 281, '053858', 'KALAI', NULL, NULL, 1, NULL, '2015-05-19 21:26:05', NULL, '2015-09-13 10:41:04'),
(282, 282, '053861', 'KHETLAL', NULL, NULL, 1, NULL, '2015-05-19 21:26:05', NULL, '2015-09-13 10:41:04'),
(283, 283, '054906', 'BHURUNGAMARI', NULL, NULL, 1, NULL, '2015-05-19 21:26:05', NULL, '2015-09-13 10:41:04'),
(284, 284, '054908', 'CHAR RAJIBPUR', NULL, NULL, 1, NULL, '2015-05-19 21:26:05', NULL, '2015-09-13 10:41:05'),
(285, 285, '054909', 'CHILMARI', NULL, NULL, 1, NULL, '2015-05-19 21:26:05', NULL, '2015-09-13 10:41:05'),
(286, 286, '054918', 'PHULBARI', NULL, NULL, 1, NULL, '2015-05-19 21:26:05', NULL, '2015-09-13 10:41:05'),
(287, 287, '054952', 'KURIGRAM SADAR', NULL, NULL, 1, NULL, '2015-05-19 21:26:05', NULL, '2015-09-13 10:41:05'),
(288, 288, '054961', 'NAGESHWARI', NULL, NULL, 1, NULL, '2015-05-19 21:26:05', NULL, '2015-09-13 10:41:05'),
(289, 289, '054977', 'RAJARHAT', NULL, NULL, 1, NULL, '2015-05-19 21:26:05', NULL, '2015-09-13 10:41:05'),
(290, 290, '054979', 'RAUMARI', NULL, NULL, 1, NULL, '2015-05-19 21:26:05', NULL, '2015-09-13 10:41:05'),
(291, 291, '054994', 'ULIPUR', NULL, NULL, 1, NULL, '2015-05-19 21:26:05', NULL, '2015-09-13 10:41:05'),
(292, 292, '055202', 'ADITMARI', NULL, NULL, 1, NULL, '2015-05-19 21:26:05', NULL, '2015-09-13 10:41:05'),
(293, 293, '055233', 'HATIBANDHA', NULL, NULL, 1, NULL, '2015-05-19 21:26:05', NULL, '2015-09-13 10:41:05'),
(294, 294, '055239', 'KALIGANJ', NULL, NULL, 1, NULL, '2015-05-19 21:26:05', NULL, '2015-09-13 10:41:05'),
(295, 295, '055255', 'LALMONIRHAT SADAR', NULL, NULL, 1, NULL, '2015-05-19 21:26:05', NULL, '2015-09-13 10:41:05'),
(296, 296, '055270', 'PATGRAM', NULL, NULL, 1, NULL, '2015-05-19 21:26:05', NULL, '2015-09-13 10:41:05'),
(297, 297, '056403', 'ATRAI', NULL, NULL, 1, NULL, '2015-05-19 21:26:05', NULL, '2015-09-13 10:41:05'),
(298, 298, '056406', 'BADALGACHHI', NULL, NULL, 1, NULL, '2015-05-19 21:26:05', NULL, '2015-09-13 10:41:05'),
(299, 299, '056428', 'DHAMOIRHAT', NULL, NULL, 1, NULL, '2015-05-19 21:26:05', NULL, '2015-09-13 10:41:05'),
(300, 300, '056447', 'MANDA', NULL, NULL, 1, NULL, '2015-05-19 21:26:05', NULL, '2015-09-13 10:41:05'),
(301, 301, '056450', 'MAHADEBPUR', NULL, NULL, 1, NULL, '2015-05-19 21:26:05', NULL, '2015-09-13 10:41:05'),
(302, 302, '056460', 'NAOGAON SADAR', NULL, NULL, 1, NULL, '2015-05-19 21:26:05', NULL, '2015-09-13 10:41:05'),
(303, 303, '056475', 'PATNITALA', NULL, NULL, 1, NULL, '2015-05-19 21:26:05', NULL, '2015-09-13 10:41:05'),
(304, 304, '056479', 'PORSHA', NULL, NULL, 1, NULL, '2015-05-19 21:26:05', NULL, '2015-09-13 10:41:05'),
(305, 305, '056486', 'SAPAHAR', NULL, NULL, 1, NULL, '2015-05-19 21:26:05', NULL, '2015-09-13 10:41:05'),
(306, 306, '056909', 'BAGATIPARA', NULL, NULL, 1, NULL, '2015-05-19 21:26:05', NULL, '2015-09-13 10:41:05'),
(307, 307, '056915', 'BARAIGRAM', NULL, NULL, 1, NULL, '2015-05-19 21:26:05', NULL, '2015-09-13 10:41:05'),
(308, 308, '056941', 'GURUDASPUR', NULL, NULL, 1, NULL, '2015-05-19 21:26:05', NULL, '2015-09-13 10:41:05'),
(309, 309, '056944', 'LALPUR', NULL, NULL, 1, NULL, '2015-05-19 21:26:05', NULL, '2015-09-13 10:41:05'),
(310, 310, '056963', 'NATORE SADAR', NULL, NULL, 1, NULL, '2015-05-19 21:26:05', NULL, '2015-09-13 10:41:05'),
(311, 311, '056991', 'SINGRA', NULL, NULL, 1, NULL, '2015-05-19 21:26:05', NULL, '2015-09-13 10:41:05'),
(312, 312, '057018', 'BHOLAHAT', NULL, NULL, 1, NULL, '2015-05-19 21:26:05', NULL, '2015-09-13 10:41:05'),
(313, 313, '057037', 'GOMASTAPUR', NULL, NULL, 1, NULL, '2015-05-19 21:26:05', NULL, '2015-09-13 10:41:05'),
(314, 314, '057056', 'NACHOLE', NULL, NULL, 1, NULL, '2015-05-19 21:26:05', NULL, '2015-09-13 10:41:05'),
(315, 315, '057066', 'CHAPAI NABABGANJ SADAR', NULL, NULL, 1, NULL, '2015-05-19 21:26:05', NULL, '2015-09-13 10:41:05'),
(316, 316, '057088', 'SHIBGANJ', NULL, NULL, 1, NULL, '2015-05-19 21:26:05', NULL, '2015-09-13 10:41:05'),
(317, 317, '057312', 'DIMLA UPAZILA', NULL, NULL, 1, NULL, '2015-05-19 21:26:05', NULL, '2015-09-13 10:41:05'),
(318, 318, '057315', 'DOMAR UPAZILA', NULL, NULL, 1, NULL, '2015-05-19 21:26:05', NULL, '2015-09-13 10:41:05'),
(319, 319, '057336', 'JALDHAKA UPAZILA', NULL, NULL, 1, NULL, '2015-05-19 21:26:05', NULL, '2015-09-13 10:41:05'),
(320, 320, '057345', 'KISHOREGANJ UPAZILA', NULL, NULL, 1, NULL, '2015-05-19 21:26:05', NULL, '2015-09-13 10:41:05'),
(321, 321, '057364', 'NILPHAMARI SADAR UPAZ', NULL, NULL, 1, NULL, '2015-05-19 21:26:05', NULL, '2015-09-13 10:41:05'),
(322, 322, '057385', 'SAIDPUR UPAZILA', NULL, NULL, 1, NULL, '2015-05-19 21:26:05', NULL, '2015-09-13 10:41:05'),
(323, 323, '057616', 'BERA', NULL, NULL, 1, NULL, '2015-05-19 21:26:05', NULL, '2015-09-13 10:41:05'),
(324, 324, '057619', 'BHANGURA', NULL, NULL, 1, NULL, '2015-05-19 21:26:05', NULL, '2015-09-13 10:41:05'),
(325, 325, '057622', 'CHATMOHAR', NULL, NULL, 1, NULL, '2015-05-19 21:26:05', NULL, '2015-09-13 10:41:05'),
(326, 326, '057633', 'FARIDPUR', NULL, NULL, 1, NULL, '2015-05-19 21:26:05', NULL, '2015-09-13 10:41:05'),
(327, 327, '057639', 'ISHWARDI', NULL, NULL, 1, NULL, '2015-05-19 21:26:05', NULL, '2015-09-13 10:41:05'),
(328, 328, '057655', 'PABNA SADAR', NULL, NULL, 1, NULL, '2015-05-19 21:26:05', NULL, '2015-09-13 10:41:05'),
(329, 329, '057672', 'SANTHIA', NULL, NULL, 1, NULL, '2015-05-19 21:26:05', NULL, '2015-09-13 10:41:06'),
(330, 330, '057683', 'SUJANAGAR', NULL, NULL, 1, NULL, '2015-05-19 21:26:05', NULL, '2015-09-13 10:41:06'),
(331, 331, '057704', 'ATWARI', NULL, NULL, 1, NULL, '2015-05-19 21:26:05', NULL, '2015-09-13 10:41:06'),
(332, 332, '057725', 'BODA', NULL, NULL, 1, NULL, '2015-05-19 21:26:05', NULL, '2015-09-13 10:41:06'),
(333, 333, '057734', 'DEBIGANJ', NULL, NULL, 1, NULL, '2015-05-19 21:26:05', NULL, '2015-09-13 10:41:06'),
(334, 334, '057773', 'PANCHAGARH SADAR', NULL, NULL, 1, NULL, '2015-05-19 21:26:05', NULL, '2015-09-13 10:41:06'),
(335, 335, '057790', 'TENTULIA', NULL, NULL, 1, NULL, '2015-05-19 21:26:05', NULL, '2015-09-13 10:41:06'),
(336, 336, '058110', 'BAGHA', NULL, NULL, 1, NULL, '2015-05-19 21:26:05', NULL, '2015-09-13 10:41:06'),
(337, 337, '058112', 'BAGHMARA', NULL, NULL, 1, NULL, '2015-05-19 21:26:05', NULL, '2015-09-13 10:41:06'),
(338, 338, '058122', 'BOALIA', NULL, NULL, 1, NULL, '2015-05-19 21:26:05', NULL, '2015-09-13 10:41:06'),
(339, 339, '058125', 'CHARGHAT', NULL, NULL, 1, NULL, '2015-05-19 21:26:05', NULL, '2015-09-13 10:41:06'),
(340, 340, '058131', 'DURGAPUR', NULL, NULL, 1, NULL, '2015-05-19 21:26:05', NULL, '2015-09-13 10:41:06'),
(341, 341, '058134', 'GODAGARI', NULL, NULL, 1, NULL, '2015-05-19 21:26:05', NULL, '2015-09-13 10:41:06'),
(342, 342, '058140', 'MATIHAR', NULL, NULL, 1, NULL, '2015-05-19 21:26:05', NULL, '2015-09-13 10:41:06'),
(343, 343, '058153', 'MOHANPUR', NULL, NULL, 1, NULL, '2015-05-19 21:26:05', NULL, '2015-09-13 10:41:06'),
(344, 344, '058172', 'PABA', NULL, NULL, 1, NULL, '2015-05-19 21:26:05', NULL, '2015-09-13 10:41:06'),
(345, 345, '058182', 'PUTHIA', NULL, NULL, 1, NULL, '2015-05-19 21:26:05', NULL, '2015-09-13 10:41:06'),
(346, 346, '058185', 'RAJPARA', NULL, NULL, 1, NULL, '2015-05-19 21:26:05', NULL, '2015-09-13 10:41:06'),
(347, 347, '058190', 'SHAH MAKHDUM', NULL, NULL, 1, NULL, '2015-05-19 21:26:05', NULL, '2015-09-13 10:41:06'),
(348, 348, '058194', 'TANORE', NULL, NULL, 1, NULL, '2015-05-19 21:26:05', NULL, '2015-09-13 10:41:06'),
(349, 349, '058503', 'BADARGANJ', NULL, NULL, 1, NULL, '2015-05-19 21:26:05', NULL, '2015-09-13 10:41:06'),
(350, 350, '058527', 'GANGACHARA', NULL, NULL, 1, NULL, '2015-05-19 21:26:05', NULL, '2015-09-13 10:41:06'),
(351, 351, '058549', 'RANGPUR SADAR', NULL, NULL, 1, NULL, '2015-05-19 21:26:05', NULL, '2015-09-13 10:41:06'),
(352, 352, '058558', 'MITHA PUKUR', NULL, NULL, 1, NULL, '2015-05-19 21:26:05', NULL, '2015-09-13 10:41:06'),
(353, 353, '058573', 'PIRGACHHA', NULL, NULL, 1, NULL, '2015-05-19 21:26:05', NULL, '2015-09-13 10:41:06'),
(354, 354, '058576', 'PIRGANJ', NULL, NULL, 1, NULL, '2015-05-19 21:26:05', NULL, '2015-09-13 10:41:06'),
(355, 355, '058592', 'TARAGANJ', NULL, NULL, 1, NULL, '2015-05-19 21:26:05', NULL, '2015-09-13 10:41:06'),
(356, 356, '058811', 'BELKUCHI', NULL, NULL, 1, NULL, '2015-05-19 21:26:05', NULL, '2015-09-13 10:41:06'),
(357, 357, '058827', 'CHAUHALI', NULL, NULL, 1, NULL, '2015-05-19 21:26:05', NULL, '2015-09-13 10:41:06'),
(358, 358, '058844', 'KAMARKHANDA', NULL, NULL, 1, NULL, '2015-05-19 21:26:05', NULL, '2015-09-13 10:41:06'),
(359, 359, '058850', 'KAZIPUR', NULL, NULL, 1, NULL, '2015-05-19 21:26:05', NULL, '2015-09-13 10:41:06'),
(360, 360, '058861', 'ROYGANJ', NULL, NULL, 1, NULL, '2015-05-19 21:26:05', NULL, '2015-09-13 10:41:06'),
(361, 361, '058867', 'SHAHJADPUR', NULL, NULL, 1, NULL, '2015-05-19 21:26:05', NULL, '2015-09-13 10:41:06'),
(362, 362, '058878', 'SIRAJGANJ SADAR', NULL, NULL, 1, NULL, '2015-05-19 21:26:05', NULL, '2015-09-13 10:41:06'),
(363, 363, '058889', 'TARASH', NULL, NULL, 1, NULL, '2015-05-19 21:26:05', NULL, '2015-09-13 10:41:06'),
(364, 364, '058894', 'ULLAH PARA', NULL, NULL, 1, NULL, '2015-05-19 21:26:05', NULL, '2015-09-13 10:41:06'),
(365, 365, '059408', 'BALIADANGI', NULL, NULL, 1, NULL, '2015-05-19 21:26:05', NULL, '2015-09-13 10:41:06'),
(366, 366, '059451', 'HARIPUR', NULL, NULL, 1, NULL, '2015-05-19 21:26:05', NULL, '2015-09-13 10:41:06'),
(367, 367, '059482', 'PIRGANJ', NULL, NULL, 1, NULL, '2015-05-19 21:26:05', NULL, '2015-09-13 10:41:06'),
(368, 368, '059486', 'RANISANKAIL', NULL, NULL, 1, NULL, '2015-05-19 21:26:05', NULL, '2015-09-13 10:41:06'),
(369, 369, '063602', 'AJMIRIGANJ', NULL, NULL, 1, NULL, '2015-05-19 21:26:05', NULL, '2015-09-13 10:41:06'),
(370, 370, '063605', 'BAHUBAL', NULL, NULL, 1, NULL, '2015-05-19 21:26:05', NULL, '2015-09-13 10:41:06'),
(371, 371, '063611', 'BANIACHONG', NULL, NULL, 1, NULL, '2015-05-19 21:26:05', NULL, '2015-09-13 10:41:06'),
(372, 372, '063626', 'CHUNARUGHAT', NULL, NULL, 1, NULL, '2015-05-19 21:26:05', NULL, '2015-09-13 10:41:06'),
(373, 373, '063644', 'HABIGANJ SADAR', NULL, NULL, 1, NULL, '2015-05-19 21:26:05', NULL, '2015-09-13 10:41:06'),
(374, 374, '063671', 'MADHABPUR', NULL, NULL, 1, NULL, '2015-05-19 21:26:05', NULL, '2015-09-13 10:41:07'),
(375, 375, '063677', 'NABIGANJ', NULL, NULL, 1, NULL, '2015-05-19 21:26:05', NULL, '2015-09-13 10:41:07'),
(376, 376, '065814', 'BARLEKHA', NULL, NULL, 1, NULL, '2015-05-19 21:26:05', NULL, '2015-09-13 10:41:07'),
(377, 377, '065835', 'JURI', NULL, NULL, 1, NULL, '2015-05-19 21:26:05', NULL, '2015-09-13 10:41:07'),
(378, 378, '065856', 'KAMALGANJ', NULL, NULL, 1, NULL, '2015-05-19 21:26:05', NULL, '2015-09-13 10:41:07'),
(379, 379, '065865', 'KULAURA', NULL, NULL, 1, NULL, '2015-05-19 21:26:05', NULL, '2015-09-13 10:41:07'),
(380, 380, '065874', 'MAULVIBAZAR SADAR', NULL, NULL, 1, NULL, '2015-05-19 21:26:05', NULL, '2015-09-13 10:41:07'),
(381, 381, '065880', 'RAJNAGAR', NULL, NULL, 1, NULL, '2015-05-19 21:26:05', NULL, '2015-09-13 10:41:07'),
(382, 382, '065883', 'SREEMANGAL', NULL, NULL, 1, NULL, '2015-05-19 21:26:05', NULL, '2015-09-13 10:41:07'),
(383, 383, '069018', 'BISHWAMBARPUR', NULL, NULL, 1, NULL, '2015-05-19 21:26:05', NULL, '2015-09-13 10:41:07'),
(384, 384, '069023', 'CHHATAK', NULL, NULL, 1, NULL, '2015-05-19 21:26:05', NULL, '2015-09-13 10:41:07'),
(385, 385, '069027', 'DAKSHIN SUNAMGANJ', NULL, NULL, 1, NULL, '2015-05-19 21:26:05', NULL, '2015-09-13 10:41:07'),
(386, 386, '069029', 'DERAI', NULL, NULL, 1, NULL, '2015-05-19 21:26:05', NULL, '2015-09-13 10:41:07'),
(387, 387, '069032', 'DHARAMPASHA', NULL, NULL, 1, NULL, '2015-05-19 21:26:05', NULL, '2015-09-13 10:41:07'),
(388, 388, '069033', 'DOWARABAZAR', NULL, NULL, 1, NULL, '2015-05-19 21:26:05', NULL, '2015-09-13 10:41:07'),
(389, 389, '069047', 'JAGANNATHPUR', NULL, NULL, 1, NULL, '2015-05-19 21:26:05', NULL, '2015-09-13 10:41:07'),
(390, 390, '069086', 'SULLA', NULL, NULL, 1, NULL, '2015-05-19 21:26:05', NULL, '2015-09-13 10:41:07'),
(391, 391, '069089', 'SUNAMGANJ SADAR', NULL, NULL, 1, NULL, '2015-05-19 21:26:05', NULL, '2015-09-13 10:41:07'),
(392, 392, '069092', 'TAHIRPUR', NULL, NULL, 1, NULL, '2015-05-19 21:26:05', NULL, '2015-09-13 10:41:07'),
(393, 393, '069108', 'BALAGANJ', NULL, NULL, 1, NULL, '2015-05-19 21:26:05', NULL, '2015-09-13 10:41:07'),
(394, 394, '069120', 'BISHWANATH', NULL, NULL, 1, NULL, '2015-05-19 21:26:05', NULL, '2015-09-13 10:41:07'),
(395, 395, '069127', 'COMPANIGANJ', NULL, NULL, 1, NULL, '2015-05-19 21:26:05', NULL, '2015-09-13 10:41:07'),
(396, 396, '069131', 'DAKSHIN SURMA', NULL, NULL, 1, NULL, '2015-05-19 21:26:05', NULL, '2015-09-13 10:41:07'),
(397, 397, '069135', 'FENCHUGANJ', NULL, NULL, 1, NULL, '2015-05-19 21:26:05', NULL, '2015-09-13 10:41:07'),
(398, 398, '069138', 'GOLAPGANJ', NULL, NULL, 1, NULL, '2015-05-19 21:26:05', NULL, '2015-09-13 10:41:07'),
(399, 399, '069141', 'GOWAINGHAT', NULL, NULL, 1, NULL, '2015-05-19 21:26:05', NULL, '2015-09-13 10:41:07'),
(400, 400, '069153', 'JAINTIAPUR', NULL, NULL, 1, NULL, '2015-05-19 21:26:05', NULL, '2015-09-13 10:41:07'),
(401, 401, '069159', 'KANAIGHAT', NULL, NULL, 1, NULL, '2015-05-19 21:26:05', NULL, '2015-09-13 10:41:07'),
(402, 402, '069162', 'SYLHET SADAR', NULL, NULL, 1, NULL, '2015-05-19 21:26:05', NULL, '2015-09-13 10:41:07'),
(403, 403, '069194', 'ZAKIGANJ', NULL, NULL, 1, NULL, '2015-05-19 21:26:05', NULL, '2015-09-13 10:41:07'),
(404, 404, '033387', 'TONGI', NULL, NULL, 1, NULL, '2015-05-19 21:26:05', NULL, '2015-09-13 10:41:07'),
(405, 405, '028407', 'BAGHAICHHARI', NULL, NULL, 1, NULL, '2015-05-19 21:26:05', NULL, '2015-09-13 10:41:07'),
(406, 406, '028421', 'BARKAL UPAZILA', NULL, NULL, 1, NULL, '2015-05-19 21:26:05', NULL, '2015-09-13 10:41:07'),
(407, 407, '028425', 'KAWKHALI (BETBUNIA)', NULL, NULL, 1, NULL, '2015-05-19 21:26:05', NULL, '2015-09-13 10:41:07'),
(408, 408, '028429', 'BELAI CHHARI  UPAZI', NULL, NULL, 1, NULL, '2015-05-19 21:26:05', NULL, '2015-09-13 10:41:07'),
(409, 409, '028436', 'KAPTAI  UPAZILA', NULL, NULL, 1, NULL, '2015-05-19 21:26:05', NULL, '2015-09-13 10:41:07'),
(410, 410, '028447', 'JURAI CHHARI UPAZIL', NULL, NULL, 1, NULL, '2015-05-19 21:26:05', NULL, '2015-09-13 10:41:07'),
(411, 411, '028458', 'LANGADU  UPAZILA', NULL, NULL, 1, NULL, '2015-05-19 21:26:05', NULL, '2015-09-13 10:41:07'),
(412, 412, '028475', 'NANIARCHAR  UPAZILA', NULL, NULL, 1, NULL, '2015-05-19 21:26:05', NULL, '2015-09-13 10:41:07'),
(413, 413, '028478', 'RAJASTHALI  UPAZILA', NULL, NULL, 1, NULL, '2015-05-19 21:26:05', NULL, '2015-09-13 10:41:07'),
(414, 414, '028487', 'RANGAMATI SADAR  UP', NULL, NULL, 1, NULL, '2015-05-19 21:26:05', NULL, '2015-09-13 10:41:07'),
(415, 415, '032602', 'ADABOR', NULL, NULL, 1, NULL, '2015-05-19 21:26:05', NULL, '2015-09-13 10:41:07'),
(416, 416, '032606', 'BIMAN BANDAR', NULL, NULL, 1, NULL, '2015-05-19 21:26:05', NULL, '2015-09-13 10:41:07'),
(417, 417, '032608', 'CANTONMENT', NULL, NULL, 1, NULL, '2015-05-19 21:26:05', NULL, '2015-09-13 10:41:07'),
(418, 418, '032610', 'DAKSHINKHAN', NULL, NULL, 1, NULL, '2015-05-19 21:26:05', NULL, '2015-09-13 10:41:07'),
(419, 419, '032612', 'DEMRA', NULL, NULL, 1, NULL, '2015-05-19 21:26:05', NULL, '2015-09-13 10:41:07'),
(420, 420, '032614', 'DHAMRAI', NULL, NULL, 1, NULL, '2015-05-19 21:26:05', NULL, '2015-09-13 10:41:07'),
(421, 421, '032616', 'DHANMONDI', NULL, NULL, 1, NULL, '2015-05-19 21:26:05', NULL, '2015-09-13 10:41:08'),
(422, 422, '032618', 'DOHAR', NULL, NULL, 1, NULL, '2015-05-19 21:26:05', NULL, '2015-09-13 10:41:08'),
(423, 423, '032626', 'GULSHAN', NULL, NULL, 1, NULL, '2015-05-19 21:26:05', NULL, '2015-09-13 10:41:08'),
(424, 424, '032628', 'HAZARIBAGH', NULL, NULL, 1, NULL, '2015-05-19 21:26:05', NULL, '2015-09-13 10:41:08'),
(425, 425, '032629', 'JATRABARI', NULL, NULL, 1, NULL, '2015-05-19 21:26:05', NULL, '2015-09-13 10:41:08'),
(426, 426, '032630', 'KAFRUL', NULL, NULL, 1, NULL, '2015-05-19 21:26:05', NULL, '2015-09-13 10:41:08'),
(427, 427, '032634', 'KAMRANGIR CHAR', NULL, NULL, 1, NULL, '2015-05-19 21:26:05', NULL, '2015-09-13 10:41:08'),
(428, 428, '032636', 'KHILGAON', NULL, NULL, 1, NULL, '2015-05-19 21:26:05', NULL, '2015-09-13 10:41:08'),
(429, 429, '032637', 'KHILKHET', NULL, NULL, 1, NULL, '2015-05-19 21:26:05', NULL, '2015-09-13 10:41:08'),
(430, 430, '032638', 'KERANIGANJ', NULL, NULL, 1, NULL, '2015-05-19 21:26:05', NULL, '2015-09-13 10:41:08'),
(431, 431, '032640', 'KOTWALI', NULL, NULL, 1, NULL, '2015-05-19 21:26:05', NULL, '2015-09-13 10:41:08'),
(432, 432, '032642', 'LALBAGH', NULL, NULL, 1, NULL, '2015-05-19 21:26:05', NULL, '2015-09-13 10:41:08'),
(433, 433, '032648', 'MIRPUR', NULL, NULL, 1, NULL, '2015-05-19 21:26:05', NULL, '2015-09-13 10:41:08'),
(434, 434, '032650', 'MOHAMMADPUR', NULL, NULL, 1, NULL, '2015-05-19 21:26:05', NULL, '2015-09-13 10:41:08'),
(435, 435, '032654', 'MOTIJHEEL', NULL, NULL, 1, NULL, '2015-05-19 21:26:05', NULL, '2015-09-13 10:41:08'),
(436, 436, '032662', 'NAWABGANJ', NULL, NULL, 1, NULL, '2015-05-19 21:26:05', NULL, '2015-09-13 10:41:08'),
(437, 437, '032664', 'PALLABI', NULL, NULL, 1, NULL, '2015-05-19 21:26:05', NULL, '2015-09-13 10:41:08'),
(438, 438, '010409', 'AMTALI', NULL, NULL, 1, NULL, '2015-05-19 21:26:05', NULL, '2015-09-13 10:41:08'),
(439, 439, '010419', 'BAMNA', NULL, NULL, 1, NULL, '2015-05-19 21:26:05', NULL, '2015-09-13 10:41:08'),
(440, 440, '010447', 'BETAGI', NULL, NULL, 1, NULL, '2015-05-19 21:26:05', NULL, '2015-09-13 10:41:08'),
(441, 441, '010485', 'PATHARGHATA', NULL, NULL, 1, NULL, '2015-05-19 21:26:05', NULL, '2015-09-13 10:41:08'),
(442, 442, '010602', 'AGAILJHARA', NULL, NULL, 1, NULL, '2015-05-19 21:26:05', NULL, '2015-09-13 10:41:08'),
(443, 443, '010603', 'BABUGANJ', NULL, NULL, 1, NULL, '2015-05-19 21:26:05', NULL, '2015-09-13 10:41:08'),
(444, 444, '010610', 'BANARI PARA', NULL, NULL, 1, NULL, '2015-05-19 21:26:05', NULL, '2015-09-13 10:41:08'),
(445, 445, '010632', 'GAURNADI', NULL, NULL, 1, NULL, '2015-05-19 21:26:05', NULL, '2015-09-13 10:41:08'),
(446, 446, '010636', 'HIZLA', NULL, NULL, 1, NULL, '2015-05-19 21:26:05', NULL, '2015-09-13 10:41:08'),
(447, 447, '010651', 'BARISAL SADAR (KOTWALI)', NULL, NULL, 1, NULL, '2015-05-19 21:26:05', NULL, '2015-09-13 10:41:08'),
(448, 448, '010662', 'MHENDIGANJ', NULL, NULL, 1, NULL, '2015-05-19 21:26:05', NULL, '2015-09-13 10:41:08'),
(449, 449, '010669', 'MULADI', NULL, NULL, 1, NULL, '2015-05-19 21:26:05', NULL, '2015-09-13 10:41:08'),
(450, 450, '010694', 'WAZIRPUR', NULL, NULL, 1, NULL, '2015-05-19 21:26:05', NULL, '2015-09-13 10:41:08'),
(451, 451, '010918', 'BHOLA SADAR', NULL, NULL, 1, NULL, '2015-05-19 21:26:05', NULL, '2015-09-13 10:41:08'),
(452, 452, '010921', 'BURHANUDDIN', NULL, NULL, 1, NULL, '2015-05-19 21:26:05', NULL, '2015-09-13 10:41:08'),
(453, 453, '010925', 'CHAR FASSON', NULL, NULL, 1, NULL, '2015-05-19 21:26:05', NULL, '2015-09-13 10:41:08'),
(454, 454, '010929', 'DAULAT KHAN', NULL, NULL, 1, NULL, '2015-05-19 21:26:05', NULL, '2015-09-13 10:41:08'),
(455, 455, '010954', 'LALMOHAN', NULL, NULL, 1, NULL, '2015-05-19 21:26:05', NULL, '2015-09-13 10:41:08'),
(456, 456, '010965', 'MANPURA', NULL, NULL, 1, NULL, '2015-05-19 21:26:05', NULL, '2015-09-13 10:41:08'),
(457, 457, '010991', 'TAZUMUDDIN', NULL, NULL, 1, NULL, '2015-05-19 21:26:05', NULL, '2015-09-13 10:41:08'),
(458, 458, '014240', 'JHALOKATI SADAR', NULL, NULL, 1, NULL, '2015-05-19 21:26:05', NULL, '2015-09-13 10:41:08'),
(459, 459, '014243', 'KANTHALIA', NULL, NULL, 1, NULL, '2015-05-19 21:26:05', NULL, '2015-09-13 10:41:08'),
(460, 460, '014273', 'NALCHITY', NULL, NULL, 1, NULL, '2015-05-19 21:26:05', NULL, '2015-09-13 10:41:08'),
(461, 461, '014284', 'RAJAPUR', NULL, NULL, 1, NULL, '2015-05-19 21:26:05', NULL, '2015-09-13 10:41:08'),
(462, 462, '017838', 'BAUPHAL', NULL, NULL, 1, NULL, '2015-05-19 21:26:05', NULL, '2015-09-13 10:41:08'),
(463, 463, '017855', 'DUMKI UPAZILA', NULL, NULL, 1, NULL, '2015-05-19 21:26:05', NULL, '2015-09-13 10:41:08'),
(464, 464, '017857', 'GALACHIPA', NULL, NULL, 1, NULL, '2015-05-19 21:26:05', NULL, '2015-09-13 10:41:08'),
(465, 465, '017866', 'KALA PARA', NULL, NULL, 1, NULL, '2015-05-19 21:26:05', NULL, '2015-09-13 10:41:08'),
(466, 466, '017876', 'MIRZAGANJ UPAZILA', NULL, NULL, 1, NULL, '2015-05-19 21:26:05', NULL, '2015-09-13 10:41:08'),
(467, 467, '017895', 'PATUAKHALI SADAR', NULL, NULL, 1, NULL, '2015-05-19 21:26:05', NULL, '2015-09-13 10:41:09'),
(468, 468, '017914', 'BHANDARIA', NULL, NULL, 1, NULL, '2015-05-19 21:26:05', NULL, '2015-09-13 10:41:09'),
(469, 469, '017947', 'KAWKHALI', NULL, NULL, 1, NULL, '2015-05-19 21:26:05', NULL, '2015-09-13 10:41:09'),
(470, 470, '017958', 'MATHBARIA', NULL, NULL, 1, NULL, '2015-05-19 21:26:05', NULL, '2015-09-13 10:41:09'),
(471, 471, '017976', 'NAZIRPUR UPAZILA', NULL, NULL, 1, NULL, '2015-05-19 21:26:05', NULL, '2015-09-13 10:41:09'),
(472, 472, '017980', 'PIROJPUR SADAR', NULL, NULL, 1, NULL, '2015-05-19 21:26:05', NULL, '2015-09-13 10:41:09'),
(473, 473, '017987', 'NESARABAD (SWARUPKATI)', NULL, NULL, 1, NULL, '2015-05-19 21:26:05', NULL, '2015-09-13 10:41:09'),
(474, 474, '017990', 'ZIANAGAR', NULL, NULL, 1, NULL, '2015-05-19 21:26:05', NULL, '2015-09-13 10:41:09'),
(475, 475, '020304', 'ALIKADAM', NULL, NULL, 1, NULL, '2015-05-19 21:26:05', NULL, '2015-09-13 10:41:09');
INSERT INTO `sa_police_station` (`POLICE_STATION_ID`, `THANA_ID`, `UD_PS_CODE`, `PS_ENAME`, `PS_LNAME`, `ORDER_SL`, `ACTIVE_FLAG`, `CREATED_BY`, `CREATE_DATE`, `UPDATED_BY`, `UPDATE_DATE`) VALUES
(476, 476, '020314', 'BANDARBAN SADAR', NULL, NULL, 1, NULL, '2015-05-19 21:26:05', NULL, '2015-09-13 10:41:09'),
(477, 477, '020351', 'LAMA', NULL, NULL, 1, NULL, '2015-05-19 21:26:05', NULL, '2015-09-13 10:41:09'),
(478, 478, '020373', 'NAIKHONGCHHARI', NULL, NULL, 1, NULL, '2015-05-19 21:26:05', NULL, '2015-09-13 10:41:09'),
(479, 479, '020389', 'ROWANGCHHARI', NULL, NULL, 1, NULL, '2015-05-19 21:26:05', NULL, '2015-09-13 10:41:09'),
(480, 480, '020391', 'RUMA', NULL, NULL, 1, NULL, '2015-05-19 21:26:05', NULL, '2015-09-13 10:41:09'),
(481, 481, '020395', 'THANCHI', NULL, NULL, 1, NULL, '2015-05-19 21:26:05', NULL, '2015-09-13 10:41:09'),
(482, 482, '021202', 'AKHAURA', NULL, NULL, 1, NULL, '2015-05-19 21:26:05', NULL, '2015-09-13 10:41:09'),
(483, 483, '021204', 'BANCHHARAMPUR', NULL, NULL, 1, NULL, '2015-05-19 21:26:05', NULL, '2015-09-13 10:41:09'),
(484, 484, '021213', 'BRAHMANBARIA SADAR', NULL, NULL, 1, NULL, '2015-05-19 21:26:05', NULL, '2015-09-13 10:41:09'),
(485, 485, '021233', 'ASHUGANJ', NULL, NULL, 1, NULL, '2015-05-19 21:26:05', NULL, '2015-09-13 10:41:09'),
(486, 486, '021263', 'KASBA', NULL, NULL, 1, NULL, '2015-05-19 21:26:05', NULL, '2015-09-13 10:41:09'),
(487, 487, '021285', 'NABINAGAR', NULL, NULL, 1, NULL, '2015-05-19 21:26:05', NULL, '2015-09-13 10:41:09'),
(488, 488, '021290', 'NASIRNAGAR', NULL, NULL, 1, NULL, '2015-05-19 21:26:05', NULL, '2015-09-13 10:41:09'),
(489, 489, '021294', 'SARAIL', NULL, NULL, 1, NULL, '2015-05-19 21:26:05', NULL, '2015-09-13 10:41:09'),
(490, 490, '021322', 'CHANDPUR SADAR', NULL, NULL, 1, NULL, '2015-05-19 21:26:05', NULL, '2015-09-13 10:41:09'),
(491, 491, '021345', 'FARIDGANJ', NULL, NULL, 1, NULL, '2015-05-19 21:26:05', NULL, '2015-09-13 10:41:09'),
(492, 492, '021347', 'HAIM CHAR', NULL, NULL, 1, NULL, '2015-05-19 21:26:05', NULL, '2015-09-13 10:41:09'),
(493, 493, '021349', 'HAJIGANJ', NULL, NULL, 1, NULL, '2015-05-19 21:26:05', NULL, '2015-09-13 10:41:09'),
(494, 494, '021358', 'KACHUA', NULL, NULL, 1, NULL, '2015-05-19 21:26:05', NULL, '2015-09-13 10:41:09'),
(495, 495, '021376', 'MATLAB DAKSHIN', NULL, NULL, 1, NULL, '2015-05-19 21:26:05', NULL, '2015-09-13 10:41:09'),
(496, 496, '021379', 'MATLAB UTTAR', NULL, NULL, 1, NULL, '2015-05-19 21:26:05', NULL, '2015-09-13 10:41:09'),
(497, 497, '021395', 'SHAHRASTI', NULL, NULL, 1, NULL, '2015-05-19 21:26:05', NULL, '2015-09-13 10:41:09'),
(498, 498, '021504', 'ANOWARA', NULL, NULL, 1, NULL, '2015-05-19 21:26:05', NULL, '2015-09-13 10:41:09'),
(499, 499, '021506', 'BAYEJID BOSTAMI', NULL, NULL, 1, NULL, '2015-05-19 21:26:05', NULL, '2015-09-13 10:41:09'),
(500, 500, '021508', 'BANSHKHALI', NULL, NULL, 1, NULL, '2015-05-19 21:26:05', NULL, '2015-09-13 10:41:09'),
(501, 501, '021510', 'BAKALIA', NULL, NULL, 1, NULL, '2015-05-19 21:26:05', NULL, '2015-09-13 10:41:09'),
(502, 502, '021512', 'BOALKHALI', NULL, NULL, 1, NULL, '2015-05-19 21:26:05', NULL, '2015-09-13 10:41:09'),
(503, 503, '021518', 'CHANDANAISH', NULL, NULL, 1, NULL, '2015-05-19 21:26:05', NULL, '2015-09-13 10:41:10'),
(504, 504, '021519', 'CHANDGAON', NULL, NULL, 1, NULL, '2015-05-19 21:26:05', NULL, '2015-09-13 10:41:10'),
(505, 505, '021520', 'CHITTAGONG PORT', NULL, NULL, 1, NULL, '2015-05-19 21:26:05', NULL, '2015-09-13 10:41:10'),
(506, 506, '021528', 'DOUBLE MOORING', NULL, NULL, 1, NULL, '2015-05-19 21:26:05', NULL, '2015-09-13 10:41:10'),
(507, 507, '021533', 'FATIKCHHARI', NULL, NULL, 1, NULL, '2015-05-19 21:26:05', NULL, '2015-09-13 10:41:10'),
(508, 508, '021535', 'HALISHAHAR', NULL, NULL, 1, NULL, '2015-05-19 21:26:05', NULL, '2015-09-13 10:41:10'),
(509, 509, '021537', 'HATHAZARI', NULL, NULL, 1, NULL, '2015-05-19 21:26:05', NULL, '2015-09-13 10:41:10'),
(510, 510, '021541', 'KOTWALI', NULL, NULL, 1, NULL, '2015-05-19 21:26:05', NULL, '2015-09-13 10:41:10'),
(511, 511, '021543', 'KHULSHI', NULL, NULL, 1, NULL, '2015-05-19 21:26:05', NULL, '2015-09-13 10:41:10'),
(512, 512, '021547', 'LOHAGARA', NULL, NULL, 1, NULL, '2015-05-19 21:26:05', NULL, '2015-09-13 10:41:10'),
(513, 513, '021553', 'MIRSHARAI', NULL, NULL, 1, NULL, '2015-05-19 21:26:05', NULL, '2015-09-13 10:41:10'),
(514, 514, '021555', 'PAHARTALI', NULL, NULL, 1, NULL, '2015-05-19 21:26:05', NULL, '2015-09-13 10:41:10'),
(515, 515, '021557', 'PANCHLAISH', NULL, NULL, 1, NULL, '2015-05-19 21:26:05', NULL, '2015-09-13 10:41:10'),
(516, 516, '021561', 'PATIYA', NULL, NULL, 1, NULL, '2015-05-19 21:26:05', NULL, '2015-09-13 10:41:10'),
(517, 517, '021565', 'PATENGA', NULL, NULL, 1, NULL, '2015-05-19 21:26:05', NULL, '2015-09-13 10:41:10'),
(518, 518, '021570', 'RANGUNIA', NULL, NULL, 1, NULL, '2015-05-19 21:26:05', NULL, '2015-09-13 10:41:10'),
(519, 519, '021574', 'RAOZAN', NULL, NULL, 1, NULL, '2015-05-19 21:26:05', NULL, '2015-09-13 10:41:10'),
(520, 520, '021578', 'SANDWIP', NULL, NULL, 1, NULL, '2015-05-19 21:26:05', NULL, '2015-09-13 10:41:10'),
(521, 521, '021582', 'SATKANIA', NULL, NULL, 1, NULL, '2015-05-19 21:26:05', NULL, '2015-09-13 10:41:10'),
(522, 522, '021586', 'SITAKUNDA', NULL, NULL, 1, NULL, '2015-05-19 21:26:05', NULL, '2015-09-13 10:41:10'),
(523, 523, '021909', 'BARURA', NULL, NULL, 1, NULL, '2015-05-19 21:26:05', NULL, '2015-09-13 10:41:10'),
(524, 524, '021915', 'BRAHMAN PARA', NULL, NULL, 1, NULL, '2015-05-19 21:26:05', NULL, '2015-09-13 10:41:10'),
(525, 525, '021918', 'BURICHANG', NULL, NULL, 1, NULL, '2015-05-19 21:26:05', NULL, '2015-09-13 10:41:10'),
(526, 526, '021927', 'CHANDINA', NULL, NULL, 1, NULL, '2015-05-19 21:26:05', NULL, '2015-09-13 10:41:10'),
(527, 527, '021931', 'CHAUDDAGRAM', NULL, NULL, 1, NULL, '2015-05-19 21:26:05', NULL, '2015-09-13 10:41:10'),
(528, 528, '021933', 'COMILLA SADAR DAKSHIN', NULL, NULL, 1, NULL, '2015-05-19 21:26:05', NULL, '2015-09-13 10:41:10'),
(529, 529, '021936', 'DAUDKANDI', NULL, NULL, 1, NULL, '2015-05-19 21:26:05', NULL, '2015-09-13 10:41:10'),
(530, 530, '021940', 'DEBIDWAR', NULL, NULL, 1, NULL, '2015-05-19 21:26:05', NULL, '2015-09-13 10:41:10'),
(531, 531, '021954', 'HOMNA', NULL, NULL, 1, NULL, '2015-05-19 21:26:05', NULL, '2015-09-13 10:41:10'),
(532, 532, '021967', 'COMILLA ADARSHA SADAR', NULL, NULL, 1, NULL, '2015-05-19 21:26:05', NULL, '2015-09-13 10:41:10'),
(533, 533, '021972', 'LAKSAM', NULL, NULL, 1, NULL, '2015-05-19 21:26:05', NULL, '2015-09-13 10:41:10'),
(534, 534, '021974', 'MANOHARGANJ', NULL, NULL, 1, NULL, '2015-05-19 21:26:05', NULL, '2015-09-13 10:41:10'),
(535, 535, '021975', 'MEGHNA', NULL, NULL, 1, NULL, '2015-05-19 21:26:05', NULL, '2015-09-13 10:41:10'),
(536, 536, '021981', 'MURADNAGAR', NULL, NULL, 1, NULL, '2015-05-19 21:26:05', NULL, '2015-09-13 10:41:10'),
(537, 537, '021987', 'NANGALKOT', NULL, NULL, 1, NULL, '2015-05-19 21:26:05', NULL, '2015-09-13 10:41:10'),
(538, 538, '021994', 'TITAS', NULL, NULL, 1, NULL, '2015-05-19 21:26:05', NULL, '2015-09-13 10:41:10'),
(539, 539, '022216', 'CHAKARIA', NULL, NULL, 1, NULL, '2015-05-19 21:26:05', NULL, '2015-09-13 10:41:10'),
(540, 540, '022224', 'COX''S BAZAR SADAR', NULL, NULL, 1, NULL, '2015-05-19 21:26:05', NULL, '2015-09-13 10:41:10'),
(541, 541, '022245', 'KUTUBDIA', NULL, NULL, 1, NULL, '2015-05-19 21:26:05', NULL, '2015-09-13 10:41:10');

-- --------------------------------------------------------

--
-- Table structure for table `sa_postoffices`
--

CREATE TABLE IF NOT EXISTS `sa_postoffices` (
  `POST_OFFICE_ID` smallint(6) NOT NULL AUTO_INCREMENT,
  `POST_OFFICE_ENAME` varchar(100) COLLATE utf8_croatian_ci NOT NULL COMMENT 'Post Office Name In English.',
  `POST_CODE` smallint(5) NOT NULL COMMENT 'Post Code.',
  `THANA_ID` smallint(4) NOT NULL COMMENT 'Foreign Key To THANA_ID Column Of sa_thanas Table.',
  `THANA_NAME` varchar(300) COLLATE utf8_croatian_ci DEFAULT NULL,
  `ORDER_SL` smallint(5) DEFAULT NULL COMMENT 'Ascending Serial No.',
  `UD_POFFICE_ID` int(8) DEFAULT NULL COMMENT 'User Define Post Office Id.',
  `ACTIVE_FLAG` tinyint(1) DEFAULT '0' COMMENT 'Record Status 1= Active, 0=Inactive',
  `CREATED_BY` bigint(14) DEFAULT NULL COMMENT 'Record Create User Id',
  `CREATE_DATE` timestamp NOT NULL DEFAULT CURRENT_TIMESTAMP COMMENT 'Record Inserted Date And Time',
  `UPDATED_BY` bigint(14) DEFAULT NULL COMMENT 'Record Updated User Id',
  `UPDATE_DATE` datetime DEFAULT NULL COMMENT 'Record Updated Date And Time',
  PRIMARY KEY (`POST_OFFICE_ID`)
) ENGINE=InnoDB  DEFAULT CHARSET=utf8 COLLATE=utf8_croatian_ci AUTO_INCREMENT=1245 ;

--
-- Dumping data for table `sa_postoffices`
--

INSERT INTO `sa_postoffices` (`POST_OFFICE_ID`, `POST_OFFICE_ENAME`, `POST_CODE`, `THANA_ID`, `THANA_NAME`, `ORDER_SL`, `UD_POFFICE_ID`, `ACTIVE_FLAG`, `CREATED_BY`, `CREATE_DATE`, `UPDATED_BY`, `UPDATE_DATE`) VALUES
(1, 'Bagerhat Sadar', 9300, 187, NULL, NULL, NULL, NULL, 1, '2015-11-22 23:23:40', NULL, NULL),
(2, 'P.C College', 9301, 187, NULL, NULL, NULL, NULL, 1, '2015-11-22 23:24:37', NULL, NULL),
(3, 'Rangdia', 9302, 187, NULL, NULL, NULL, NULL, 1, '2015-11-22 23:29:19', NULL, NULL),
(4, 'Chalna Ankorage', 9350, 542, NULL, NULL, NULL, NULL, 1, '2015-11-22 23:31:50', NULL, NULL),
(5, 'Mongla Port', 9351, 542, NULL, NULL, NULL, NULL, 1, '2015-11-22 23:32:10', NULL, NULL),
(6, 'Barabaria', 9361, 188, NULL, NULL, NULL, NULL, 1, '2015-11-22 23:32:46', NULL, NULL),
(7, 'Chitalmari', 9360, 188, NULL, NULL, NULL, NULL, 1, '2015-11-22 23:33:18', NULL, NULL),
(8, 'Bhanganpar Bazar', 9372, 189, NULL, NULL, NULL, NULL, 1, '2015-11-22 23:33:48', NULL, NULL),
(9, 'Fakirhat', 9370, 189, NULL, NULL, NULL, NULL, 1, '2015-11-22 23:34:12', NULL, NULL),
(10, 'Mansa', 9371, 189, NULL, NULL, NULL, NULL, 1, '2015-11-22 23:34:22', NULL, NULL),
(11, 'Kachua', 9310, 190, NULL, NULL, NULL, NULL, 1, '2015-11-22 23:34:45', NULL, NULL),
(12, 'Sonarkola', 9311, 190, NULL, NULL, NULL, NULL, 1, '2015-11-22 23:35:06', NULL, NULL),
(13, 'Charkulia', 9383, 191, NULL, NULL, NULL, NULL, 1, '2015-11-22 23:35:30', NULL, NULL),
(14, 'Dariala', 9382, 191, NULL, NULL, NULL, NULL, 1, '2015-11-22 23:35:40', NULL, NULL),
(15, 'Kahalpur', 9381, 191, NULL, NULL, NULL, NULL, 1, '2015-11-22 23:35:50', NULL, NULL),
(16, 'Mollahat', 9380, 191, NULL, NULL, NULL, NULL, 1, '2015-11-22 23:35:58', NULL, NULL),
(17, 'Nagarkandi', 9384, 191, NULL, NULL, NULL, NULL, 1, '2015-11-22 23:36:09', NULL, NULL),
(18, 'Pak Gangni', 9385, 191, NULL, NULL, NULL, NULL, 1, '2015-11-22 23:36:22', NULL, NULL),
(19, 'Morelganj', 9320, 193, NULL, NULL, NULL, NULL, 1, '2015-11-22 23:36:51', NULL, NULL),
(20, 'Sannasi Bazar', 9321, 193, NULL, NULL, NULL, NULL, 1, '2015-11-22 23:37:02', NULL, NULL),
(21, 'Telisatee', 9322, 193, NULL, NULL, NULL, NULL, 1, '2015-11-22 23:37:11', NULL, NULL),
(22, 'Foylahat', 9341, 194, NULL, NULL, NULL, NULL, 1, '2015-11-22 23:37:29', NULL, NULL),
(23, 'Gourambha', 9343, 194, NULL, NULL, NULL, NULL, 1, '2015-11-22 23:37:40', NULL, NULL),
(24, 'Rampal', 9340, 194, NULL, NULL, NULL, NULL, 1, '2015-11-22 23:37:53', NULL, NULL),
(25, 'Sonatunia', 9342, 194, NULL, NULL, NULL, NULL, 1, '2015-11-22 23:38:02', NULL, NULL),
(26, 'Rayenda', 9330, 543, NULL, NULL, NULL, NULL, 1, '2015-11-22 23:38:51', NULL, NULL),
(27, 'Alamdanga', 7210, 196, NULL, NULL, NULL, NULL, 1, '2015-11-22 23:40:02', NULL, NULL),
(28, 'Hardi', 7211, 196, NULL, NULL, NULL, NULL, 1, '2015-11-22 23:40:20', NULL, NULL),
(29, 'Chuadanga Sadar', 7200, 197, NULL, NULL, NULL, NULL, 1, '2015-11-22 23:43:28', NULL, NULL),
(30, 'Munshiganj', 7201, 197, NULL, NULL, NULL, NULL, 1, '2015-11-22 23:43:42', NULL, NULL),
(31, 'Andulbaria', 7222, 41, NULL, NULL, NULL, NULL, 1, '2015-11-22 23:44:48', NULL, NULL),
(32, 'Damurhuda', 7220, 41, NULL, NULL, NULL, NULL, 1, '2015-11-22 23:45:01', NULL, NULL),
(33, 'Darshana', 7221, 41, NULL, NULL, NULL, NULL, 1, '2015-11-22 23:45:11', NULL, NULL),
(34, 'Doulatganj', 7230, 544, NULL, NULL, NULL, NULL, 1, '2015-11-22 23:46:08', NULL, NULL),
(35, 'Bagharpara', 7470, 40, NULL, NULL, NULL, NULL, 1, '2015-11-22 23:46:36', NULL, NULL),
(36, 'Gouranagar', 7471, 40, NULL, NULL, NULL, NULL, 1, '2015-11-22 23:46:52', NULL, NULL),
(37, 'Chougachha', 7410, 200, NULL, NULL, NULL, NULL, 1, '2015-11-22 23:47:20', NULL, NULL),
(38, 'Basundia', 7406, 545, NULL, NULL, NULL, NULL, 1, '2015-11-22 23:48:18', NULL, NULL),
(39, 'Chanchra', 7402, 545, NULL, NULL, NULL, NULL, 1, '2015-11-22 23:48:30', NULL, NULL),
(40, 'Churamankathi', 7407, 545, NULL, NULL, NULL, NULL, 1, '2015-11-22 23:48:43', NULL, NULL),
(41, 'Jessore Airbach', 7404, 545, NULL, NULL, NULL, NULL, 1, '2015-11-22 23:49:03', NULL, NULL),
(42, 'Jessore canttonment', 7403, 545, NULL, NULL, NULL, NULL, 1, '2015-11-22 23:49:17', NULL, NULL),
(43, 'Jessore Sadar', 7400, 545, NULL, NULL, NULL, NULL, 1, '2015-11-22 23:49:27', NULL, NULL),
(44, 'Jessore Upa-Shahar', 7401, 545, NULL, NULL, NULL, NULL, 1, '2015-11-22 23:49:36', NULL, NULL),
(45, 'Rupdia', 7405, 545, NULL, NULL, NULL, NULL, 1, '2015-11-22 23:49:47', NULL, NULL),
(46, 'Jhikargachha', 7420, 201, NULL, NULL, NULL, NULL, 1, '2015-11-22 23:50:11', NULL, NULL),
(47, 'Keshobpur', 7450, 202, NULL, NULL, NULL, NULL, 1, '2015-11-22 23:50:27', NULL, NULL),
(48, 'Monirampur', 7440, 204, NULL, NULL, NULL, NULL, 1, '2015-11-22 23:50:48', NULL, NULL),
(49, 'Bhugilhat', 7462, 546, NULL, NULL, NULL, NULL, 1, '2015-11-22 23:51:41', NULL, NULL),
(50, 'Noapara', 7460, 546, NULL, NULL, NULL, NULL, 1, '2015-11-22 23:51:51', NULL, NULL),
(51, 'Rajghat', 7461, 546, NULL, NULL, NULL, NULL, 1, '2015-11-22 23:52:03', NULL, NULL),
(52, 'Bag Achra', 7433, 205, NULL, NULL, NULL, NULL, 1, '2015-11-22 23:52:27', NULL, NULL),
(53, 'Benapole', 7431, 205, NULL, NULL, NULL, NULL, 1, '2015-11-22 23:52:45', NULL, NULL),
(54, 'Jadabpur', 7432, 205, NULL, NULL, NULL, NULL, 1, '2015-11-22 23:52:59', NULL, NULL),
(55, 'Sarsa', 7430, 205, NULL, NULL, NULL, NULL, 1, '2015-11-22 23:53:15', NULL, NULL),
(56, 'Harinakundu', 7310, 206, NULL, NULL, NULL, NULL, 1, '2015-11-22 23:55:29', NULL, NULL),
(57, 'Jinaidaha Cadet College', 7301, 207, NULL, NULL, NULL, NULL, 1, '2015-11-22 23:56:00', NULL, NULL),
(58, 'Jinaidaha Sadar', 7300, 207, NULL, NULL, NULL, NULL, 1, '2015-11-22 23:56:15', NULL, NULL),
(59, 'Kotchandpur', 7330, 209, NULL, NULL, NULL, NULL, 1, '2015-11-22 23:56:39', NULL, NULL),
(60, 'Maheshpur', 7340, 210, NULL, NULL, NULL, NULL, 1, '2015-11-22 23:56:59', NULL, NULL),
(61, 'Hatbar Bazar', 7351, 547, NULL, NULL, NULL, NULL, 1, '2015-11-22 23:58:13', NULL, NULL),
(62, 'Naldanga', 7350, 547, NULL, NULL, NULL, NULL, 1, '2015-11-22 23:58:27', NULL, NULL),
(63, 'Kumiradaha', 7321, 211, NULL, NULL, NULL, NULL, 1, '2015-11-22 23:58:53', NULL, NULL),
(64, 'Shailakupa', 7320, 211, NULL, NULL, NULL, NULL, 1, '2015-11-22 23:59:05', NULL, NULL),
(65, 'Alaipur', 9240, 548, NULL, NULL, NULL, NULL, 1, '2015-11-23 00:00:37', NULL, NULL),
(66, 'Belphulia', 9242, 548, NULL, NULL, NULL, NULL, 1, '2015-11-23 00:00:50', NULL, NULL),
(67, 'Rupsha', 9241, 548, NULL, NULL, NULL, NULL, 1, '2015-11-23 00:01:02', NULL, NULL),
(68, 'Batiaghat', 9260, 212, NULL, NULL, NULL, NULL, 1, '2015-11-23 00:01:19', NULL, NULL),
(69, 'Surkalee', 9261, 212, NULL, NULL, NULL, NULL, 1, '2015-11-23 00:01:32', NULL, NULL),
(70, 'Bajua', 9272, 549, NULL, NULL, NULL, NULL, 1, '2015-11-23 00:02:28', NULL, NULL),
(71, 'Chalna Bazar', 9270, 549, NULL, NULL, NULL, NULL, 1, '2015-11-23 00:02:39', NULL, NULL),
(72, 'Dakup', 9271, 549, NULL, NULL, NULL, NULL, 1, '2015-11-23 00:02:49', NULL, NULL),
(73, 'Nalian', 9273, 549, NULL, NULL, NULL, NULL, 1, '2015-11-23 00:02:59', NULL, NULL),
(74, 'Chandni Mahal', 9221, 216, NULL, NULL, NULL, NULL, 1, '2015-11-23 00:03:18', NULL, NULL),
(75, 'Digalia', 9220, 216, NULL, NULL, NULL, NULL, 1, '2015-11-23 00:03:31', NULL, NULL),
(76, 'Gazirhat', 9224, 216, NULL, NULL, NULL, NULL, 1, '2015-11-23 00:03:42', NULL, NULL),
(77, 'Ghoshghati', 9223, 216, NULL, NULL, NULL, NULL, 1, '2015-11-23 00:04:42', NULL, NULL),
(78, 'Senhati', 9222, 216, NULL, NULL, NULL, NULL, 1, '2015-11-23 00:04:53', NULL, NULL),
(79, 'Atra Shilpa Area', 9207, 219, NULL, NULL, NULL, NULL, 1, '2015-11-23 00:05:15', NULL, NULL),
(80, 'BIT Khulna', 9203, 219, NULL, NULL, NULL, NULL, 1, '2015-11-23 00:05:31', NULL, NULL),
(81, 'Doulatpur', 9202, 219, NULL, NULL, NULL, NULL, 1, '2015-11-23 00:05:41', NULL, NULL),
(82, 'Jahanabad Canttonmen', 9205, 219, NULL, NULL, NULL, NULL, 1, '2015-11-23 00:05:52', NULL, NULL),
(83, 'Khula Sadar', 9100, 219, NULL, NULL, NULL, NULL, 1, '2015-11-23 00:06:05', NULL, NULL),
(84, 'Khulna G.P.O', 9000, 219, NULL, NULL, NULL, NULL, 1, '2015-11-23 00:06:24', NULL, NULL),
(85, 'Khulna Shipyard', 9201, 219, NULL, NULL, NULL, NULL, 1, '2015-11-23 00:07:08', NULL, NULL),
(86, 'Khulna University', 9208, 219, NULL, NULL, NULL, NULL, 1, '2015-11-23 00:07:18', NULL, NULL),
(87, 'Siramani', 9204, 219, NULL, NULL, NULL, NULL, 1, '2015-11-23 00:07:30', NULL, NULL),
(88, 'Sonali Jute Mills', 9206, 219, NULL, NULL, NULL, NULL, 1, '2015-11-23 00:07:41', NULL, NULL),
(89, 'Amadee', 9291, 550, NULL, NULL, NULL, NULL, 1, '2015-11-23 00:08:46', NULL, NULL),
(90, 'Madinabad', 9290, 550, NULL, NULL, NULL, NULL, 1, '2015-11-23 00:08:59', NULL, NULL),
(91, 'Chandkhali', 9284, 221, NULL, NULL, NULL, NULL, 1, '2015-11-23 00:09:16', NULL, NULL),
(92, 'Garaikhali', 9285, 221, NULL, NULL, NULL, NULL, 1, '2015-11-23 00:09:26', NULL, NULL),
(93, 'Godaipur', 9281, 221, NULL, NULL, NULL, NULL, 1, '2015-11-23 00:09:36', NULL, NULL),
(94, 'Kapilmoni', 9282, 221, NULL, NULL, NULL, NULL, 1, '2015-11-23 00:09:48', NULL, NULL),
(95, 'Katipara', 9283, 221, NULL, NULL, NULL, NULL, 1, '2015-11-23 00:10:01', NULL, NULL),
(96, 'Paikgachha', 9280, 221, NULL, NULL, NULL, NULL, 1, '2015-11-23 00:10:13', NULL, NULL),
(97, 'Phultala', 9210, 222, NULL, NULL, NULL, NULL, 1, '2015-11-23 00:10:29', NULL, NULL),
(98, 'Chuknagar', 9252, 551, NULL, NULL, NULL, NULL, 1, '2015-11-23 00:11:15', NULL, NULL),
(99, 'Ghonabanda', 9251, 551, NULL, NULL, NULL, NULL, 1, '2015-11-23 00:11:26', NULL, NULL),
(100, 'Sajiara', 9250, 551, NULL, NULL, NULL, NULL, 1, '2015-11-23 00:11:50', NULL, NULL),
(101, 'Shahapur', 9253, 551, NULL, NULL, NULL, NULL, 1, '2015-11-23 00:12:02', NULL, NULL),
(102, 'Pak Barasat', 9231, 225, NULL, NULL, NULL, NULL, 1, '2015-11-23 00:12:23', NULL, NULL),
(103, 'Terakhada', 9230, 225, NULL, NULL, NULL, NULL, 1, '2015-11-23 00:12:58', NULL, NULL),
(104, 'Allardarga', 7042, 226, NULL, NULL, NULL, NULL, 1, '2015-11-23 00:15:52', NULL, NULL),
(105, 'Bheramara', 7040, 226, NULL, NULL, NULL, NULL, 1, '2015-11-23 00:16:06', NULL, NULL),
(106, 'Ganges Bheramara', 7041, 226, NULL, NULL, NULL, NULL, 1, '2015-11-23 00:16:22', NULL, NULL),
(107, 'Janipur', 7020, 552, NULL, NULL, NULL, NULL, 1, '2015-11-23 00:17:10', NULL, NULL),
(108, 'Khoksa', 7021, 552, NULL, NULL, NULL, NULL, 1, '2015-11-23 00:17:22', NULL, NULL),
(109, 'Kumarkhali', 7010, 229, NULL, NULL, NULL, NULL, 1, '2015-11-23 00:17:44', NULL, NULL),
(110, 'Panti', 7011, 229, NULL, NULL, NULL, NULL, 1, '2015-11-23 00:17:57', NULL, NULL),
(111, 'Islami University', 7003, 230, NULL, NULL, NULL, NULL, 1, '2015-11-23 00:18:18', NULL, NULL),
(112, 'Jagati', 7002, 230, NULL, NULL, NULL, NULL, 1, '2015-11-23 00:18:26', NULL, NULL),
(113, 'Kushtia Mohini', 7001, 230, NULL, NULL, NULL, NULL, 1, '2015-11-23 00:18:38', NULL, NULL),
(114, 'Kustia Sadar', 7000, 230, NULL, NULL, NULL, NULL, 1, '2015-11-23 00:18:48', NULL, NULL),
(115, 'Amla Sadarpur', 7032, 231, NULL, NULL, NULL, NULL, 1, '2015-11-23 00:19:22', NULL, NULL),
(116, 'Mirpur', 7030, 231, NULL, NULL, NULL, NULL, 1, '2015-11-23 00:19:38', NULL, NULL),
(117, 'Poradaha', 7031, 231, NULL, NULL, NULL, NULL, 1, '2015-11-23 00:19:50', NULL, NULL),
(118, 'Khasmathurapur', 7052, 553, NULL, NULL, NULL, NULL, 1, '2015-11-23 00:20:38', NULL, NULL),
(119, 'Rafayetpur', 7050, 553, NULL, NULL, NULL, NULL, 1, '2015-11-23 00:20:51', NULL, NULL),
(120, 'Taragunia', 7051, 553, NULL, NULL, NULL, NULL, 1, '2015-11-23 00:21:07', NULL, NULL),
(121, 'Arpara', 7620, 554, NULL, NULL, NULL, NULL, 1, '2015-11-23 00:21:53', NULL, NULL),
(122, 'Magura Sadar', 7600, 232, NULL, NULL, NULL, NULL, 1, '2015-11-23 00:22:10', NULL, NULL),
(123, 'Binodpur', 7631, 233, NULL, NULL, NULL, NULL, 1, '2015-11-23 00:22:27', NULL, NULL),
(124, 'Mohammadpur', 7630, 233, NULL, NULL, NULL, NULL, 1, '2015-11-23 00:22:37', NULL, NULL),
(125, 'Nahata', 7632, 233, NULL, NULL, NULL, NULL, 1, '2015-11-23 00:23:00', NULL, NULL),
(126, 'Langalbadh', 7611, 33, NULL, NULL, NULL, NULL, 1, '2015-11-23 00:23:25', NULL, NULL),
(127, 'Nachol', 7612, 33, NULL, NULL, NULL, NULL, 1, '2015-11-23 00:23:34', NULL, NULL),
(128, 'Shripur', 7610, 33, NULL, NULL, NULL, NULL, 1, '2015-11-23 00:23:45', NULL, NULL),
(129, 'Gangni', 7110, 235, NULL, NULL, NULL, NULL, 1, '2015-11-23 00:24:21', NULL, NULL),
(130, 'Amjhupi', 7101, 237, NULL, NULL, NULL, NULL, 1, '2015-11-23 00:24:43', NULL, NULL),
(131, 'Meherpur Sadar', 7100, 237, NULL, NULL, NULL, NULL, 1, '2015-11-23 00:25:26', NULL, NULL),
(132, 'Mujib Nagar Complex', 7102, 237, NULL, NULL, NULL, NULL, 1, '2015-11-23 00:25:41', NULL, NULL),
(133, 'Kalia', 7520, 238, NULL, NULL, NULL, NULL, 1, '2015-11-23 00:26:10', NULL, NULL),
(134, 'Baradia', 7514, 555, NULL, NULL, NULL, NULL, 1, '2015-11-23 00:26:59', NULL, NULL),
(135, 'Itna', 7512, 555, NULL, NULL, NULL, NULL, 1, '2015-11-23 00:27:17', NULL, NULL),
(136, 'Laxmipasha', 7510, 555, NULL, NULL, NULL, NULL, 1, '2015-11-23 00:27:26', NULL, NULL),
(137, 'Lohagora', 7511, 555, NULL, NULL, NULL, NULL, 1, '2015-11-23 00:27:40', NULL, NULL),
(138, 'Naldi', 7513, 555, NULL, NULL, NULL, NULL, 1, '2015-11-23 00:27:49', NULL, NULL),
(139, 'Mohajan', 7521, 556, NULL, NULL, NULL, NULL, 1, '2015-11-23 00:28:23', NULL, NULL),
(140, 'Narail Sadar', 7500, 240, NULL, NULL, NULL, NULL, 1, '2015-11-23 00:28:50', NULL, NULL),
(141, 'Ratanganj', 7501, 240, NULL, NULL, NULL, NULL, 1, '2015-11-23 00:29:01', NULL, NULL),
(142, 'Ashashuni', 9460, 241, NULL, NULL, NULL, NULL, 1, '2015-11-23 00:29:32', NULL, NULL),
(143, 'Baradal', 9461, 241, NULL, NULL, NULL, NULL, 1, '2015-11-23 00:29:43', NULL, NULL),
(144, 'Debbhata', 9430, 242, NULL, NULL, NULL, NULL, 1, '2015-11-23 00:30:01', NULL, NULL),
(145, 'Gurugram', 9431, 242, NULL, NULL, NULL, NULL, 1, '2015-11-23 00:30:11', NULL, NULL),
(146, 'Chandanpur', 9415, 243, NULL, NULL, NULL, NULL, 1, '2015-11-23 00:30:36', NULL, NULL),
(147, 'Hamidpur', 9413, 243, NULL, NULL, NULL, NULL, 1, '2015-11-23 00:30:47', NULL, NULL),
(148, 'Jhaudanga', 9412, 243, NULL, NULL, NULL, NULL, 1, '2015-11-23 00:30:56', NULL, NULL),
(149, 'kalaroa', 9410, 243, NULL, NULL, NULL, NULL, 1, '2015-11-23 00:31:08', NULL, NULL),
(150, 'Khordo', 9414, 243, NULL, NULL, NULL, NULL, 1, '2015-11-23 00:31:19', NULL, NULL),
(151, 'Murarikati', 9411, 243, NULL, NULL, NULL, NULL, 1, '2015-11-23 00:31:32', NULL, NULL),
(152, 'Kaliganj UPO', 9440, 244, NULL, NULL, NULL, NULL, 1, '2015-11-23 00:31:47', NULL, NULL),
(153, 'Nalta Mubaroknagar', 9441, 244, NULL, NULL, NULL, NULL, 1, '2015-11-23 00:32:01', NULL, NULL),
(154, 'Ratanpur', 9442, 244, NULL, NULL, NULL, NULL, 1, '2015-11-23 00:32:12', NULL, NULL),
(155, 'Buri Goalini', 9453, 557, NULL, NULL, NULL, NULL, 1, '2015-11-23 00:32:52', NULL, NULL),
(156, 'Gabura', 9454, 557, NULL, NULL, NULL, NULL, 1, '2015-11-23 00:33:01', NULL, NULL),
(157, 'Habinagar', 9455, 557, NULL, NULL, NULL, NULL, 1, '2015-11-23 00:33:13', NULL, NULL),
(158, 'Nakipur', 9450, 557, NULL, NULL, NULL, NULL, 1, '2015-11-23 00:33:21', NULL, NULL),
(159, 'Naobeki', 9452, 557, NULL, NULL, NULL, NULL, 1, '2015-11-23 00:33:32', NULL, NULL),
(160, 'Noornagar', 9451, 557, NULL, NULL, NULL, NULL, 1, '2015-11-23 00:33:48', NULL, NULL),
(161, 'Budhhat', 9403, 245, NULL, NULL, NULL, NULL, 1, '2015-11-23 00:34:04', NULL, NULL),
(162, 'Gunakar kati', 9402, 245, NULL, NULL, NULL, NULL, 1, '2015-11-23 00:34:13', NULL, NULL),
(163, 'Satkhira Islamia Acc', 9401, 245, NULL, NULL, NULL, NULL, 1, '2015-11-23 00:34:24', NULL, NULL),
(164, 'Satkhira Sadar', 9400, 245, NULL, NULL, NULL, NULL, 1, '2015-11-23 00:34:45', NULL, NULL),
(165, 'Patkelghata', 9421, 247, NULL, NULL, NULL, NULL, 1, '2015-11-23 00:35:10', NULL, NULL),
(166, 'Taala', 9420, 247, NULL, NULL, NULL, NULL, 1, '2015-11-23 00:35:21', NULL, NULL),
(167, 'Demra', 1360, 419, NULL, NULL, NULL, NULL, 1, '2015-11-23 00:36:58', NULL, NULL),
(168, 'Matuail', 1362, 419, NULL, NULL, NULL, NULL, 1, '2015-11-23 00:37:10', NULL, NULL),
(169, 'Sarulia', 1361, 419, NULL, NULL, NULL, NULL, 1, '2015-11-23 00:37:19', NULL, NULL),
(170, 'Dhaka Cantonment TSO', 1206, 417, NULL, NULL, NULL, NULL, 1, '2015-11-23 00:37:52', NULL, NULL),
(171, 'Dhamrai', 1350, 420, NULL, NULL, NULL, NULL, 1, '2015-11-23 00:38:37', NULL, NULL),
(172, 'Kamalpur', 1351, 420, NULL, NULL, NULL, NULL, 1, '2015-11-23 00:38:49', NULL, NULL),
(173, 'Jigatala TSO', 1209, 421, NULL, NULL, NULL, NULL, 1, '2015-11-23 00:39:08', NULL, NULL),
(174, 'Banani TSO', 1213, 423, NULL, NULL, NULL, NULL, 1, '2015-11-23 00:39:31', NULL, NULL),
(175, 'Gulshan Model Town', 1212, 423, NULL, NULL, NULL, NULL, 1, '2015-11-23 00:39:42', NULL, NULL),
(176, 'Dhania TSO', 1232, 425, NULL, NULL, NULL, NULL, 1, '2015-11-23 00:40:00', NULL, NULL),
(177, 'Joypara', 1330, 558, NULL, NULL, NULL, NULL, 1, '2015-11-23 00:40:51', NULL, NULL),
(178, 'Narisha', 1332, 558, NULL, NULL, NULL, NULL, 1, '2015-11-23 00:41:02', NULL, NULL),
(179, 'Palamganj', 1331, 558, NULL, NULL, NULL, NULL, 1, '2015-11-23 00:41:12', NULL, NULL),
(180, 'Ati', 1312, 430, NULL, NULL, NULL, NULL, 1, '2015-11-23 00:41:30', NULL, NULL),
(181, 'Dhaka Jute Mills', 1311, 430, NULL, NULL, NULL, NULL, 1, '2015-11-23 00:41:40', NULL, NULL),
(182, 'Kalatia', 1313, 430, NULL, NULL, NULL, NULL, 1, '2015-11-23 00:41:50', NULL, NULL),
(183, 'Keraniganj', 1310, 430, NULL, NULL, NULL, NULL, 1, '2015-11-23 00:41:59', NULL, NULL),
(184, 'Khilgaon TSO', 1219, 428, NULL, NULL, NULL, NULL, 1, '2015-11-23 00:43:04', NULL, NULL),
(185, 'KhilkhetTSO', 1229, 429, NULL, NULL, NULL, NULL, 1, '2015-11-23 00:43:21', NULL, NULL),
(186, 'Posta TSO', 1211, 432, NULL, NULL, NULL, NULL, 1, '2015-11-23 00:43:37', NULL, NULL),
(187, 'Mirpur TSO', 1216, 433, NULL, NULL, NULL, NULL, 1, '2015-11-23 00:43:50', NULL, NULL),
(188, 'Mohammadpur Housing', 1207, 434, NULL, NULL, NULL, NULL, 1, '2015-11-23 00:44:01', NULL, NULL),
(189, 'Sangsad BhabanTSO', 1225, 434, NULL, NULL, NULL, NULL, 1, '2015-11-23 00:44:14', NULL, NULL),
(190, 'BangabhabanTSO', 1222, 435, NULL, NULL, NULL, NULL, 1, '2015-11-23 00:44:37', NULL, NULL),
(191, 'DilkushaTSO', 1223, 435, NULL, NULL, NULL, NULL, 1, '2015-11-23 00:44:50', NULL, NULL),
(192, 'Agla', 1323, 436, NULL, NULL, NULL, NULL, 1, '2015-11-23 00:45:12', NULL, NULL),
(193, 'Churain', 1325, 436, NULL, NULL, NULL, NULL, 1, '2015-11-23 02:12:30', NULL, NULL),
(194, 'Daudpur', 1322, 436, NULL, NULL, NULL, NULL, 1, '2015-11-23 02:12:47', NULL, NULL),
(195, 'Hasnabad', 1321, 436, NULL, NULL, NULL, NULL, 1, '2015-11-23 02:12:58', NULL, NULL),
(196, 'Khalpar', 1324, 436, NULL, NULL, NULL, NULL, 1, '2015-11-23 02:13:12', NULL, NULL),
(197, 'Nawabganj', 1320, 436, NULL, NULL, NULL, NULL, 1, '2015-11-23 02:13:21', NULL, NULL),
(198, 'New Market TSO', 1205, 43, NULL, NULL, NULL, NULL, 1, '2015-11-23 02:13:56', NULL, NULL),
(199, 'Dhaka GPO', 1000, 42, NULL, NULL, NULL, NULL, 1, '2015-11-23 02:14:19', NULL, NULL),
(200, 'Shantinagr TSO', 1217, 68, NULL, NULL, NULL, NULL, 1, '2015-11-23 02:14:36', NULL, NULL),
(201, 'Basabo TSO', 1214, 69, NULL, NULL, NULL, NULL, 1, '2015-11-23 02:14:49', NULL, NULL),
(202, 'Amin Bazar', 1348, 70, NULL, NULL, NULL, NULL, 1, '2015-11-23 02:15:07', NULL, NULL),
(203, 'Dairy Farm', 1341, 70, NULL, NULL, NULL, NULL, 1, '2015-11-23 02:15:16', NULL, NULL),
(204, 'EPZ', 1349, 70, NULL, NULL, NULL, NULL, 1, '2015-11-23 02:15:28', NULL, NULL),
(205, 'Jahangirnagar Univer', 1342, 70, NULL, NULL, NULL, NULL, 1, '2015-11-23 02:15:37', NULL, NULL),
(206, 'Kashem Cotton Mills', 1346, 70, NULL, NULL, NULL, NULL, 1, '2015-11-23 02:15:49', NULL, NULL),
(207, 'Rajphulbaria', 1347, 70, NULL, NULL, NULL, NULL, 1, '2015-11-23 02:16:01', NULL, NULL),
(208, 'Savar', 1340, 70, NULL, NULL, NULL, NULL, 1, '2015-11-23 02:16:33', NULL, NULL),
(209, 'Savar Canttonment', 1344, 70, NULL, NULL, NULL, NULL, 1, '2015-11-23 02:16:42', NULL, NULL),
(210, 'Saver P.A.T.C', 1343, 70, NULL, NULL, NULL, NULL, 1, '2015-11-23 02:16:51', NULL, NULL),
(211, 'Shimulia', 1345, 70, NULL, NULL, NULL, NULL, 1, '2015-11-23 02:17:01', NULL, NULL),
(212, 'Dhaka Sadar HO', 1100, 74, NULL, NULL, NULL, NULL, 1, '2015-11-23 02:17:22', NULL, NULL),
(213, 'Gendaria TSO', 1204, 74, NULL, NULL, NULL, NULL, 1, '2015-11-23 02:17:35', NULL, NULL),
(214, 'Wari TSO', 1203, 74, NULL, NULL, NULL, NULL, 1, '2015-11-23 02:17:45', NULL, NULL),
(215, 'Tejgaon TSO', 1215, 75, NULL, NULL, NULL, NULL, 1, '2015-11-23 02:18:01', NULL, NULL),
(216, 'Dhaka Politechnic', 1208, 76, NULL, NULL, NULL, NULL, 1, '2015-11-23 02:18:34', NULL, NULL),
(217, 'Uttara Model TwonTSO', 1230, 78, NULL, NULL, NULL, NULL, 1, '2015-11-23 02:18:51', NULL, NULL),
(218, 'Alfadanga', 7870, 80, NULL, NULL, NULL, NULL, 1, '2015-11-23 02:19:19', NULL, NULL),
(219, 'Bhanga', 7830, 81, NULL, NULL, NULL, NULL, 1, '2015-11-23 02:19:36', NULL, NULL),
(220, 'Boalmari', 7860, 38, NULL, NULL, NULL, NULL, 1, '2015-11-23 02:19:49', NULL, NULL),
(221, 'Rupatpat', 7861, 38, NULL, NULL, NULL, NULL, 1, '2015-11-23 02:20:02', NULL, NULL),
(222, 'Charbadrashan', 7810, 82, NULL, NULL, NULL, NULL, 1, '2015-11-23 02:20:13', NULL, NULL),
(223, 'Ambikapur', 7802, 83, NULL, NULL, NULL, NULL, 1, '2015-11-23 02:20:27', NULL, NULL),
(224, 'Baitulaman Politecni', 7803, 83, NULL, NULL, NULL, NULL, 1, '2015-11-23 02:20:36', NULL, NULL),
(225, 'Faridpur Sadar', 7800, 83, NULL, NULL, NULL, NULL, 1, '2015-11-23 02:20:53', NULL, NULL),
(226, 'Kanaipur', 7801, 83, NULL, NULL, NULL, NULL, 1, '2015-11-23 02:21:05', NULL, NULL),
(227, 'Kamarkali', 7851, 84, NULL, NULL, NULL, NULL, 1, '2015-11-23 02:21:19', NULL, NULL),
(228, 'Madukhali', 7850, 84, NULL, NULL, NULL, NULL, 1, '2015-11-23 02:21:30', NULL, NULL),
(229, 'Nagarkanda', 7840, 16, NULL, NULL, NULL, NULL, 1, '2015-11-23 02:21:46', NULL, NULL),
(230, 'Talma', 7841, 16, NULL, NULL, NULL, NULL, 1, '2015-11-23 02:21:58', NULL, NULL),
(231, 'Bishwa jaker Manjil', 7822, 85, NULL, NULL, NULL, NULL, 1, '2015-11-23 02:22:17', NULL, NULL),
(232, 'Hat Krishapur', 7821, 85, NULL, NULL, NULL, NULL, 1, '2015-11-23 02:22:29', NULL, NULL),
(233, 'Sadarpur', 7820, 85, NULL, NULL, NULL, NULL, 1, '2015-11-23 02:22:41', NULL, NULL),
(234, 'Shriangan', 7804, 559, NULL, NULL, NULL, NULL, 1, '2015-11-23 02:23:28', NULL, NULL),
(235, 'B.O.F', 1703, 86, NULL, NULL, NULL, NULL, 1, '2015-11-23 02:23:44', NULL, NULL),
(236, 'B.R.R', 1701, 86, NULL, NULL, NULL, NULL, 1, '2015-11-23 02:23:54', NULL, NULL),
(237, 'Chandna', 1702, 86, NULL, NULL, NULL, NULL, 1, '2015-11-23 02:24:03', NULL, NULL),
(238, 'Gazipur Sadar', 1700, 86, NULL, NULL, NULL, NULL, 1, '2015-11-23 02:24:12', NULL, NULL),
(239, 'National University', 1704, 86, NULL, NULL, NULL, NULL, 1, '2015-11-23 02:24:21', NULL, NULL),
(240, 'Kaliakaar', 1705, 87, NULL, NULL, NULL, NULL, 1, '2015-11-23 02:24:31', NULL, NULL),
(241, 'Safipur', 1751, 87, NULL, NULL, NULL, NULL, 1, '2015-11-23 02:24:43', NULL, NULL),
(242, 'Kaliganj', 1720, 88, NULL, NULL, NULL, NULL, 1, '2015-11-23 02:24:58', NULL, NULL),
(243, 'Pubail', 1721, 88, NULL, NULL, NULL, NULL, 1, '2015-11-23 02:25:07', NULL, NULL),
(244, 'Santanpara', 1722, 88, NULL, NULL, NULL, NULL, 1, '2015-11-23 02:25:18', NULL, NULL),
(245, 'Vaoal Jamalpur', 1723, 88, NULL, NULL, NULL, NULL, 1, '2015-11-23 02:25:28', NULL, NULL),
(246, 'kapashia', 1730, 89, NULL, NULL, NULL, NULL, 1, '2015-11-23 02:25:48', NULL, NULL),
(247, 'Ershad Nagar', 1712, 560, NULL, NULL, NULL, NULL, 1, '2015-11-23 02:26:31', NULL, NULL),
(248, 'Monnunagar', 1710, 560, NULL, NULL, NULL, NULL, 1, '2015-11-23 02:26:41', NULL, NULL),
(249, 'Nishat Nagar', 1711, 560, NULL, NULL, NULL, 1, 1, '2015-11-23 02:26:55', NULL, NULL),
(250, 'Barmi', 1743, 90, NULL, NULL, NULL, 1, 1, '2015-11-23 02:27:17', NULL, NULL),
(251, 'Bashamur', 1747, 90, NULL, NULL, NULL, 1, 1, '2015-11-23 02:27:26', NULL, NULL),
(252, 'Boubi', 1748, 90, NULL, NULL, NULL, 1, 1, '2015-11-23 02:27:34', NULL, NULL),
(253, 'Kawraid', 1745, 90, NULL, NULL, NULL, 1, 1, '2015-11-23 02:27:43', NULL, NULL),
(254, 'Satkhamair', 1744, 90, NULL, NULL, NULL, 1, 1, '2015-11-23 02:27:54', NULL, NULL),
(255, 'Sreepur', 1740, 90, NULL, NULL, NULL, 1, 1, '2015-11-23 02:28:07', NULL, NULL),
(256, 'Rajendrapur', 1741, 90, NULL, NULL, NULL, 1, 1, '2015-11-23 02:28:32', NULL, NULL),
(257, 'Rajendrapur Canttome', 1742, 90, NULL, NULL, NULL, 1, 1, '2015-11-23 02:28:41', NULL, NULL),
(258, 'Barfa', 8102, 91, NULL, NULL, NULL, 1, 1, '2015-11-23 02:29:04', NULL, NULL),
(259, 'Chandradighalia', 8013, 91, NULL, NULL, NULL, 1, 1, '2015-11-23 02:29:18', NULL, NULL),
(260, 'Gopalganj Sadar', 8100, 91, NULL, NULL, NULL, 1, 1, '2015-11-23 02:29:29', NULL, NULL),
(261, 'Ulpur', 8101, 91, NULL, NULL, NULL, 1, 1, '2015-11-23 02:29:41', NULL, NULL),
(262, 'Jonapur', 8133, 92, NULL, NULL, NULL, 1, 1, '2015-11-23 02:31:00', NULL, NULL),
(263, 'Kashiani', 8130, 92, NULL, NULL, NULL, 1, 1, '2015-11-23 02:31:12', NULL, NULL),
(264, 'Ramdia College', 8131, 92, NULL, NULL, NULL, 1, 1, '2015-11-23 02:31:22', NULL, NULL),
(265, 'Ratoil', 8132, 92, NULL, NULL, NULL, 1, 1, '2015-11-23 02:31:34', NULL, NULL),
(266, 'Kotalipara', 8110, 93, NULL, NULL, NULL, 1, 1, '2015-11-23 02:32:05', NULL, NULL),
(267, 'Batkiamari', 8141, 94, NULL, NULL, NULL, 1, 1, '2015-11-23 02:32:20', NULL, NULL),
(268, 'Khandarpara', 8142, 94, NULL, NULL, NULL, 1, 1, '2015-11-23 02:32:32', NULL, NULL),
(269, 'Maksudpur', 8140, 94, NULL, NULL, NULL, 1, 1, '2015-11-23 02:32:41', NULL, NULL),
(270, 'Patgati', 8121, 95, NULL, NULL, NULL, 1, 1, '2015-11-23 02:32:59', NULL, NULL),
(271, 'Tungipara', 8120, 95, NULL, NULL, NULL, 1, 1, '2015-11-23 02:33:08', NULL, NULL),
(272, 'Dewangonj', 2030, 97, NULL, NULL, NULL, 1, 1, '2015-11-23 02:33:34', NULL, NULL),
(273, 'Dewangonj S. Mills', 2031, 97, NULL, NULL, NULL, 1, 1, '2015-11-23 02:33:43', NULL, NULL),
(274, 'Durmoot', 2021, 98, NULL, NULL, NULL, 1, 1, '2015-11-23 02:34:01', NULL, NULL),
(275, 'Gilabari', 2022, 98, NULL, NULL, NULL, 1, 1, '2015-11-23 02:34:12', NULL, NULL),
(276, 'Islampur', 2020, 98, NULL, NULL, NULL, 1, 1, '2015-11-23 02:34:23', NULL, NULL),
(277, 'Jamalpur', 2000, 99, NULL, NULL, NULL, 1, 1, '2015-11-23 02:34:47', NULL, NULL),
(278, 'Nandina', 2001, 99, NULL, NULL, NULL, 1, 1, '2015-11-23 02:35:01', NULL, NULL),
(279, 'Narundi', 2002, 99, NULL, NULL, NULL, 1, 1, '2015-11-23 02:35:10', NULL, NULL),
(280, 'Mahmoodpur', 2013, 101, NULL, NULL, NULL, 1, 1, '2015-11-23 02:35:43', NULL, NULL),
(281, 'Malancha', 2012, 101, NULL, NULL, NULL, 1, 1, '2015-11-23 02:35:52', NULL, NULL),
(282, 'Malandah', 2010, 101, NULL, NULL, NULL, 1, 1, '2015-11-23 02:36:10', NULL, NULL),
(283, 'Balijhuri', 2041, 100, NULL, NULL, NULL, 1, 1, '2015-11-23 02:36:34', NULL, NULL),
(284, 'Mathargonj', 2040, 100, NULL, NULL, NULL, 1, 1, '2015-11-23 02:36:46', NULL, NULL),
(285, 'Bausee', 2052, 102, NULL, NULL, NULL, 1, 1, '2015-11-23 02:37:03', NULL, NULL),
(286, 'Gunerbari', 2051, 102, NULL, NULL, NULL, 1, 1, '2015-11-23 02:37:10', NULL, NULL),
(287, 'Jagannath Ghat', 2053, 102, NULL, NULL, NULL, 1, 1, '2015-11-23 02:37:21', NULL, NULL),
(288, 'Jamuna Sar Karkhana', 2055, 102, NULL, NULL, NULL, 1, 1, '2015-11-23 02:37:34', NULL, NULL),
(289, 'Pingna', 2054, 102, NULL, NULL, NULL, 1, 1, '2015-11-23 02:37:55', NULL, NULL),
(290, 'Shorishabari', 2050, 102, NULL, NULL, NULL, 1, 1, '2015-11-23 02:38:32', NULL, NULL),
(291, 'Bajitpur', 2336, 104, NULL, NULL, NULL, 1, 1, '2015-11-23 02:55:30', NULL, NULL),
(292, 'Laksmipur', 2338, 104, NULL, NULL, NULL, 1, 1, '2015-11-23 02:55:47', NULL, NULL),
(293, 'Sararchar', 2337, 104, NULL, NULL, NULL, 1, 1, '2015-11-23 02:56:00', NULL, NULL),
(294, 'Bhairab', 2350, 105, NULL, NULL, NULL, 1, 1, '2015-11-23 02:56:19', NULL, NULL),
(295, 'Hossenpur', 2320, 17, NULL, NULL, NULL, 1, 1, '2015-11-23 02:56:39', NULL, NULL),
(296, 'Karimganj', 2310, 107, NULL, NULL, NULL, 1, 1, '2015-11-23 02:57:06', NULL, NULL),
(297, 'Gochhihata', 2331, 108, NULL, NULL, NULL, 1, 1, '2015-11-23 02:57:23', NULL, NULL),
(298, 'Katiadi', 2330, 108, NULL, NULL, NULL, 1, 1, '2015-11-23 02:57:31', NULL, NULL),
(299, 'Kishoreganj S.Mills', 2301, 109, NULL, NULL, NULL, 1, 1, '2015-11-23 02:57:45', NULL, NULL),
(300, 'Kishoreganj Sadar', 2300, 109, NULL, NULL, NULL, 1, 1, '2015-11-23 02:57:55', NULL, NULL),
(301, 'Maizhati', 2302, 109, NULL, NULL, NULL, 1, 1, '2015-11-23 02:58:08', NULL, NULL),
(302, 'Nilganj', 2303, 109, NULL, NULL, NULL, 1, 1, '2015-11-23 02:58:37', NULL, NULL),
(303, 'Chhoysuti', 2341, 110, NULL, NULL, NULL, 1, 1, '2015-11-23 03:12:07', NULL, NULL),
(304, 'Kuliarchar', 2340, 110, NULL, NULL, NULL, 1, 1, '2015-11-23 03:12:16', NULL, NULL),
(305, 'Abdullahpur', 2371, 111, NULL, NULL, NULL, 1, 1, '2015-11-23 03:12:43', NULL, NULL),
(306, 'MIthamoin', 2370, 111, NULL, NULL, NULL, 1, 1, '2015-11-23 03:12:52', NULL, NULL),
(307, 'Nikli', 2360, 112, NULL, NULL, NULL, 1, 1, '2015-11-23 03:13:59', NULL, NULL),
(308, 'Ostagram', 2380, 103, NULL, NULL, NULL, 1, 1, '2015-11-23 03:14:15', NULL, NULL),
(309, 'Pakundia', 2326, 113, NULL, NULL, NULL, 1, 1, '2015-11-23 03:14:29', NULL, NULL),
(310, 'Tarial', 2316, 114, NULL, NULL, NULL, 1, 1, '2015-11-23 03:14:42', NULL, NULL),
(311, 'Bahadurpur', 7932, 561, NULL, NULL, NULL, 1, 1, '2015-11-23 03:16:01', NULL, NULL),
(312, 'Barhamganj', 7930, 561, NULL, NULL, NULL, 1, 1, '2015-11-23 03:16:12', NULL, NULL),
(313, 'Nilaksmibandar', 7931, 561, NULL, NULL, NULL, 1, 1, '2015-11-23 03:16:22', NULL, NULL),
(314, 'Umedpur', 7933, 561, NULL, NULL, NULL, 1, 1, '2015-11-23 03:16:32', NULL, NULL),
(315, 'Kalkini', 7920, 115, NULL, NULL, NULL, 1, 1, '2015-11-23 03:16:46', NULL, NULL),
(316, 'Sahabrampur', 7921, 115, NULL, NULL, NULL, 1, 1, '2015-11-23 03:17:01', NULL, NULL),
(317, 'Charmugria', 7901, 116, NULL, NULL, NULL, 1, 1, '2015-11-23 03:17:21', NULL, NULL),
(318, 'Habiganj', 7903, 116, NULL, NULL, NULL, 1, 1, '2015-11-23 03:17:29', NULL, NULL),
(319, 'Kulpaddi', 7902, 116, NULL, NULL, NULL, 1, 1, '2015-11-23 03:17:38', NULL, NULL),
(320, 'Madaripur Sadar', 7900, 116, NULL, NULL, NULL, 1, 1, '2015-11-23 03:17:54', NULL, NULL),
(321, 'Mustafapur', 7904, 116, NULL, NULL, NULL, 1, 1, '2015-11-23 03:18:05', NULL, NULL),
(322, 'Khalia', 7911, 117, NULL, NULL, NULL, 1, 1, '2015-11-23 03:18:17', NULL, NULL),
(323, 'Rajoir', 7910, 117, NULL, NULL, NULL, 1, 1, '2015-11-23 03:18:25', NULL, NULL),
(324, 'Gheor', 1840, 120, NULL, NULL, NULL, 1, 1, '2015-11-23 03:19:50', NULL, NULL),
(325, 'Jhitka', 1831, 563, NULL, NULL, NULL, 1, 1, '2015-11-23 03:20:41', NULL, NULL),
(326, 'Lechhraganj', 1830, 563, NULL, NULL, NULL, 1, 1, '2015-11-23 03:20:51', NULL, NULL),
(327, 'Barangail', 1804, 122, NULL, NULL, NULL, 1, 1, '2015-11-23 03:21:06', NULL, NULL),
(328, 'Gorpara', 1802, 122, NULL, NULL, NULL, 1, 1, '2015-11-23 03:21:21', NULL, NULL),
(329, 'Mahadebpur', 1803, 122, NULL, NULL, NULL, 1, 1, '2015-11-23 03:21:31', NULL, NULL),
(330, 'Manikganj Bazar', 1801, 122, NULL, NULL, NULL, 1, 1, '2015-11-23 03:21:42', NULL, NULL),
(331, 'Manikganj Sadar', 1800, 122, NULL, NULL, NULL, 1, 1, '2015-11-23 03:21:51', NULL, NULL),
(332, 'Baliati', 1811, 123, NULL, NULL, NULL, 1, 1, '2015-11-23 03:22:07', NULL, NULL),
(333, 'Saturia', 1810, 123, NULL, NULL, NULL, 1, 1, '2015-11-23 03:22:18', NULL, NULL),
(334, 'Aricha', 1851, 124, NULL, NULL, NULL, 1, 1, '2015-11-23 03:22:37', NULL, NULL),
(335, 'Shibaloy', 1850, 124, NULL, NULL, NULL, 1, 1, '2015-11-23 03:41:13', NULL, NULL),
(336, 'Tewta', 1852, 124, NULL, NULL, NULL, 1, 1, '2015-11-23 03:41:27', NULL, NULL),
(337, 'Uthli', 1853, 124, NULL, NULL, NULL, 1, 1, '2015-11-23 03:41:41', NULL, NULL),
(338, 'Baira', 1821, 125, NULL, NULL, NULL, 1, 1, '2015-11-23 03:42:15', NULL, NULL),
(339, 'joymantop', 1822, 125, NULL, NULL, NULL, 1, 1, '2015-11-23 03:42:27', NULL, NULL),
(340, 'Singair', 1820, 125, NULL, NULL, NULL, 1, 1, '2015-11-23 03:42:45', NULL, NULL),
(341, 'Gajaria', 1510, 126, NULL, NULL, NULL, 1, 1, '2015-11-23 03:43:20', NULL, NULL),
(342, 'Hossendi', 1511, 126, NULL, NULL, NULL, 1, 1, '2015-11-23 03:43:36', NULL, NULL),
(343, 'Rasulpur', 1512, 126, NULL, NULL, NULL, 1, 1, '2015-11-23 03:43:51', NULL, NULL),
(344, 'Gouragonj', 1334, 18, NULL, NULL, NULL, 1, 1, '2015-11-23 03:44:08', NULL, NULL),
(345, 'Haldia SO', 1532, 18, NULL, NULL, NULL, 1, 1, '2015-11-23 03:44:30', NULL, NULL),
(346, 'Haridia', 1333, 18, NULL, NULL, NULL, 1, 1, '2015-11-23 03:44:43', NULL, NULL),
(347, 'Haridia DESO', 1533, 18, NULL, NULL, NULL, 1, 1, '2015-11-23 03:44:55', NULL, NULL),
(348, 'Korhati', 1531, 18, NULL, NULL, NULL, 1, 1, '2015-11-23 03:45:05', NULL, NULL),
(349, 'Lohajang', 1530, 18, NULL, NULL, NULL, 1, 1, '2015-11-23 03:45:19', NULL, NULL),
(350, 'Madini Mandal', 1335, 18, NULL, NULL, NULL, 1, 1, '2015-11-23 03:45:37', NULL, NULL),
(351, 'Medini Mandal EDSO', 1535, 18, NULL, NULL, NULL, 1, 1, '2015-11-23 03:45:53', NULL, NULL),
(352, 'Kathakhali', 1503, 127, NULL, NULL, NULL, 1, 1, '2015-11-23 03:46:04', NULL, NULL),
(353, 'Mirkadim', 1502, 127, NULL, NULL, NULL, 1, 1, '2015-11-23 03:46:13', NULL, NULL),
(354, 'Munshiganj Sadar', 1500, 127, NULL, NULL, NULL, 1, 1, '2015-11-23 03:46:22', NULL, NULL),
(355, 'Rikabibazar', 1501, 127, NULL, NULL, NULL, 1, 1, '2015-11-23 03:46:33', NULL, NULL),
(356, 'Ichapur', 1542, 128, NULL, NULL, NULL, 1, 1, '2015-11-23 03:46:53', NULL, NULL),
(357, 'Kola', 1541, 128, NULL, NULL, NULL, 1, 1, '2015-11-23 03:47:04', NULL, NULL),
(358, 'Malkha Nagar', 1543, 128, NULL, NULL, NULL, 1, 1, '2015-11-23 03:47:17', NULL, NULL),
(359, 'Shekher Nagar', 1544, 128, NULL, NULL, NULL, 1, 1, '2015-11-23 03:47:29', NULL, NULL),
(360, 'Sirajdikhan', 1540, 128, NULL, NULL, NULL, 1, 1, '2015-11-23 03:47:38', NULL, NULL),
(361, 'Baghra', 1557, 129, NULL, NULL, NULL, 1, 1, '2015-11-23 03:47:53', NULL, NULL),
(362, 'Barikhal', 1551, 129, NULL, NULL, NULL, 1, 1, '2015-11-23 03:48:01', NULL, NULL),
(363, 'Bhaggyakul', 1558, 129, NULL, NULL, NULL, 1, 1, '2015-11-23 03:48:12', NULL, NULL),
(364, 'Hashara', 1553, 129, NULL, NULL, NULL, 1, 1, '2015-11-23 03:48:22', NULL, NULL),
(365, 'Kolapara', 1554, 129, NULL, NULL, NULL, 1, 1, '2015-11-23 03:48:31', NULL, NULL),
(366, 'Kumarbhog', 1555, 129, NULL, NULL, NULL, 1, 1, '2015-11-23 03:48:43', NULL, NULL),
(367, 'Mazpara', 1552, 129, NULL, NULL, NULL, 1, 1, '2015-11-23 03:48:54', NULL, NULL),
(368, 'Srinagar', 1550, 129, NULL, NULL, NULL, 1, 1, '2015-11-23 03:49:04', NULL, NULL),
(369, 'Vaggyakul SO', 1556, 129, NULL, NULL, NULL, 1, 1, '2015-11-23 03:49:19', NULL, NULL),
(370, 'Bajrajugini', 1523, 130, NULL, NULL, NULL, 1, 1, '2015-11-23 03:49:37', NULL, NULL),
(371, 'Baligao', 1522, 130, NULL, NULL, NULL, 1, 1, '2015-11-23 03:49:48', NULL, NULL),
(372, 'Betkahat', 1521, 130, NULL, NULL, NULL, 1, 1, '2015-11-23 03:49:58', NULL, NULL),
(373, 'Dighirpar', 1525, 130, NULL, NULL, NULL, 1, 1, '2015-11-23 03:50:05', NULL, NULL),
(374, 'Hasail', 1524, 130, NULL, NULL, NULL, 1, 1, '2015-11-23 03:50:14', NULL, NULL),
(375, 'Pura', 1527, 130, NULL, NULL, NULL, 1, 1, '2015-11-23 03:50:23', NULL, NULL),
(376, 'Pura EDSO', 1526, 130, NULL, NULL, NULL, 1, 1, '2015-11-23 03:50:31', NULL, NULL),
(377, 'Tangibari', 1520, 130, NULL, NULL, NULL, 1, 1, '2015-11-23 03:50:41', NULL, NULL),
(378, 'Bhaluka', 2240, 131, NULL, NULL, NULL, 1, 1, '2015-11-23 03:51:05', NULL, NULL),
(379, 'Fulbaria', 2216, 133, NULL, NULL, NULL, 1, 1, '2015-11-23 04:29:24', NULL, NULL),
(380, 'Duttarbazar', 2234, 134, NULL, NULL, NULL, 1, 1, '2015-11-23 04:29:46', NULL, NULL),
(381, 'Gaforgaon', 2230, 134, NULL, NULL, NULL, 1, 1, '2015-11-23 04:29:56', NULL, NULL),
(382, 'Kandipara', 2233, 134, NULL, NULL, NULL, 1, 1, '2015-11-23 04:30:05', NULL, NULL),
(383, 'Shibganj', 2231, 134, NULL, NULL, NULL, 1, 1, '2015-11-23 04:30:22', NULL, NULL),
(384, 'Usti', 2232, 134, NULL, NULL, NULL, 1, 1, '2015-11-23 04:32:18', NULL, NULL),
(385, 'Gouripur', 2270, 135, NULL, NULL, NULL, 1, 1, '2015-11-23 04:32:34', NULL, NULL),
(386, 'Ramgopalpur', 2271, 135, NULL, NULL, NULL, 1, 1, '2015-11-23 04:32:46', NULL, NULL),
(387, 'Dhara', 2261, 39, NULL, NULL, NULL, 1, 1, '2015-11-23 04:33:00', NULL, NULL),
(388, 'Haluaghat', 2260, 39, NULL, NULL, NULL, 1, 1, '2015-11-23 04:33:11', NULL, NULL),
(389, 'Munshirhat', 2262, 39, NULL, NULL, NULL, 1, 1, '2015-11-23 04:33:23', NULL, NULL),
(390, 'Atharabari', 2282, 136, NULL, NULL, NULL, 1, 1, '2015-11-23 04:33:43', NULL, NULL),
(391, 'Isshwargonj', 2280, 136, NULL, NULL, NULL, 1, 1, '2015-11-23 04:33:51', NULL, NULL),
(392, 'Sohagi', 2281, 136, NULL, NULL, NULL, 1, 1, '2015-11-23 04:34:06', NULL, NULL),
(393, 'Muktagachha', 2210, 138, NULL, NULL, NULL, 1, 1, '2015-11-23 04:34:19', NULL, NULL),
(394, 'Agriculture Universi', 2202, 137, NULL, NULL, NULL, 1, 1, '2015-11-23 04:34:33', NULL, NULL),
(395, 'Biddyaganj', 2204, 137, NULL, NULL, NULL, 1, 1, '2015-11-23 04:34:42', NULL, NULL),
(396, 'Kawatkhali', 2201, 137, NULL, NULL, NULL, 1, 1, '2015-11-23 04:34:50', NULL, NULL),
(397, 'Mymensingh Sadar', 2200, 137, NULL, NULL, NULL, 1, 1, '2015-11-23 04:34:58', NULL, NULL),
(398, 'Pearpur', 2205, 137, NULL, NULL, NULL, 1, 1, '2015-11-23 04:35:07', NULL, NULL),
(399, 'Shombhuganj', 2203, 137, NULL, NULL, NULL, 1, 1, '2015-11-23 04:35:18', NULL, NULL),
(400, 'Gangail', 2291, 139, NULL, NULL, NULL, 1, 1, '2015-11-23 04:35:32', NULL, NULL),
(401, 'Nandail', 2290, 139, NULL, NULL, NULL, 1, 1, '2015-11-23 04:35:41', NULL, NULL),
(402, 'Beltia', 2251, 139, NULL, NULL, NULL, 1, 1, '2015-11-23 04:38:07', NULL, NULL),
(403, 'Phulpur', 2250, 140, NULL, NULL, NULL, 1, 1, '2015-11-23 04:46:51', NULL, NULL),
(404, 'Tarakanda', 2252, 140, NULL, NULL, NULL, 1, 1, '2015-11-23 04:47:43', NULL, NULL),
(405, 'Ahmadbad', 2221, 141, NULL, NULL, NULL, 1, 1, '2015-11-23 04:48:05', NULL, NULL),
(406, 'Dhala', 2223, 141, NULL, NULL, NULL, 1, 1, '2015-11-23 04:48:20', NULL, NULL),
(407, 'Ram Amritaganj', 2222, 141, NULL, NULL, NULL, 1, 1, '2015-11-23 04:48:29', NULL, NULL),
(408, 'Trishal', 2220, 141, NULL, NULL, NULL, 1, 1, '2015-11-23 04:48:40', NULL, NULL),
(409, 'Araihazar', 1450, 142, NULL, NULL, NULL, 1, 1, '2015-11-23 04:49:06', NULL, NULL),
(410, 'Gopaldi', 1451, 142, NULL, NULL, NULL, 1, 1, '2015-11-23 04:49:15', NULL, NULL),
(411, 'Baidder Bazar', 1440, 564, NULL, NULL, NULL, 1, 1, '2015-11-23 04:49:50', NULL, NULL),
(412, 'Bara Nagar', 1441, 564, NULL, NULL, NULL, 1, 1, '2015-11-23 04:50:00', NULL, NULL),
(413, 'Barodi', 1442, 564, NULL, NULL, NULL, 1, 1, '2015-11-23 04:50:10', NULL, NULL),
(414, 'Bandar', 1410, 144, NULL, NULL, NULL, 1, 1, '2015-11-23 04:50:24', NULL, NULL),
(415, 'BIDS', 1413, 144, NULL, NULL, NULL, 1, 1, '2015-11-23 04:50:36', NULL, NULL),
(416, 'D.C Mills', 1411, 144, NULL, NULL, NULL, 1, 1, '2015-11-23 04:50:46', NULL, NULL),
(417, 'Madanganj', 1414, 144, NULL, NULL, NULL, 1, 1, '2015-11-23 04:50:56', NULL, NULL),
(418, 'Nabiganj', 1412, 144, NULL, NULL, NULL, 1, 1, '2015-11-23 04:51:05', NULL, NULL),
(419, 'Fatulla Bazar', 1421, 565, NULL, NULL, NULL, 1, 1, '2015-11-23 04:51:43', NULL, NULL),
(420, 'Fatullah', 1420, 565, NULL, NULL, NULL, 1, 1, '2015-11-23 04:51:53', NULL, NULL),
(421, 'Narayanganj Sadar', 1400, 19, NULL, NULL, NULL, 1, 1, '2015-11-23 04:52:39', NULL, NULL),
(422, 'Bhulta', 1462, 145, NULL, NULL, NULL, 1, 1, '2015-11-23 04:52:56', NULL, NULL),
(423, 'Kanchan', 1461, 145, NULL, NULL, NULL, 1, 1, '2015-11-23 05:02:13', NULL, NULL),
(424, 'Murapara', 1464, 145, NULL, NULL, NULL, 1, 1, '2015-11-23 05:02:23', NULL, NULL),
(425, 'Nagri', 1463, 145, NULL, NULL, NULL, 1, 1, '2015-11-23 05:02:30', NULL, NULL),
(426, 'Rupganj', 1460, 145, NULL, NULL, NULL, 1, 1, '2015-11-23 05:02:39', NULL, NULL),
(427, 'Adamjeenagar', 1431, 566, NULL, NULL, NULL, 1, 1, '2015-11-23 05:03:27', NULL, NULL),
(428, 'LN Mills', 1432, 566, NULL, NULL, NULL, 1, 1, '2015-11-23 05:03:37', NULL, NULL),
(429, 'Siddirganj', 1430, 566, NULL, NULL, NULL, 1, 1, '2015-11-23 05:03:47', NULL, NULL),
(430, 'Belabo', 1640, 146, NULL, NULL, NULL, 1, 1, '2015-11-23 05:04:36', NULL, NULL),
(431, 'Hatirdia', 1651, 147, NULL, NULL, NULL, 1, 1, '2015-11-23 05:04:59', NULL, NULL),
(432, 'Katabaria', 1652, 147, NULL, NULL, NULL, 1, 1, '2015-11-23 05:05:25', NULL, NULL),
(433, 'Monohordi', 1650, 147, NULL, NULL, NULL, 1, 1, '2015-11-23 05:05:46', NULL, NULL),
(434, 'Karimpur', 1605, 148, NULL, NULL, NULL, 1, 1, '2015-11-23 05:10:01', NULL, NULL),
(435, 'Madhabdi', 1604, 148, NULL, NULL, NULL, 1, 1, '2015-11-23 05:10:52', NULL, NULL),
(436, 'Narshingdi College', 1602, 148, NULL, NULL, NULL, 1, 1, '2015-11-23 05:11:02', NULL, NULL),
(437, 'Narshingdi Sadar', 1600, 148, NULL, NULL, NULL, 1, 1, '2015-11-23 05:11:14', NULL, NULL),
(438, 'Panchdona', 1603, 148, NULL, NULL, NULL, 1, 1, '2015-11-23 05:11:22', NULL, NULL),
(439, 'UMC Jute Mills', 1601, 148, NULL, NULL, NULL, 1, 1, '2015-11-23 05:11:30', NULL, NULL),
(440, 'Char Sindhur', 1612, 149, NULL, NULL, NULL, 1, 1, '2015-11-23 05:14:07', NULL, NULL),
(441, 'Ghorashal', 1613, 149, NULL, NULL, NULL, 1, 1, '2015-11-23 05:14:22', NULL, NULL),
(442, 'Ghorashal Urea Facto', 1611, 149, NULL, NULL, NULL, 1, 1, '2015-11-23 05:14:32', NULL, NULL),
(443, 'Palash', 1610, 149, NULL, NULL, NULL, 1, 1, '2015-11-23 05:14:43', NULL, NULL),
(444, 'Bazar Hasnabad', 1631, 150, NULL, NULL, NULL, 1, 1, '2015-11-23 05:14:57', NULL, NULL),
(445, 'Radhaganj bazar', 1632, 150, NULL, NULL, NULL, 1, 1, '2015-11-23 05:15:10', NULL, NULL),
(446, 'Raypura', 1630, 150, NULL, NULL, NULL, 1, 1, '2015-11-23 05:15:20', NULL, NULL),
(447, 'Shibpur', 1620, 151, NULL, NULL, NULL, 1, 1, '2015-11-23 05:15:56', NULL, NULL),
(448, 'Susnng Durgapur', 2420, 154, NULL, NULL, NULL, 1, 1, '2015-11-23 05:16:16', NULL, NULL),
(449, 'Atpara', 2470, 152, NULL, NULL, NULL, 1, 1, '2015-11-23 05:16:28', NULL, NULL),
(450, 'Barhatta', 2440, 153, NULL, NULL, NULL, 1, 1, '2015-11-23 05:16:46', NULL, NULL),
(451, 'Kalmakanda', 2430, 156, NULL, NULL, NULL, 1, 1, '2015-11-23 05:19:33', NULL, NULL),
(452, 'Kendua', 2480, 157, NULL, NULL, NULL, 1, 1, '2015-11-23 05:19:49', NULL, NULL),
(453, 'Khaliajhri', 2460, 157, NULL, NULL, NULL, 1, 1, '2015-11-23 05:20:10', NULL, NULL),
(454, 'Madan', 2490, 158, NULL, NULL, NULL, 1, 1, '2015-11-23 05:21:03', NULL, NULL),
(455, 'Moddoynagar', 2456, 159, NULL, NULL, NULL, 1, 1, '2015-11-23 05:21:32', NULL, NULL),
(456, 'Mohanganj', 2446, 159, NULL, NULL, NULL, 1, 1, '2015-11-23 05:45:02', NULL, NULL),
(457, 'Baikherhati', 2401, 160, NULL, NULL, NULL, 1, 1, '2015-11-23 05:45:18', NULL, NULL),
(458, 'Netrakona Sadar', 2400, 160, NULL, NULL, NULL, 1, 1, '2015-11-23 05:46:42', NULL, NULL),
(459, 'Jaria Jhanjhail', 2412, 161, NULL, NULL, NULL, 1, 1, '2015-11-23 05:47:06', NULL, NULL),
(460, 'Purbadhola', 2410, 161, NULL, NULL, NULL, 1, 1, '2015-11-23 05:47:18', NULL, NULL),
(461, 'Shamgonj', 2411, 161, NULL, NULL, NULL, 1, 1, '2015-11-23 05:47:35', NULL, NULL),
(462, 'Baliakandi', 7730, 162, NULL, NULL, NULL, 1, 1, '2015-11-23 05:48:07', NULL, NULL),
(463, 'Nalia', 7731, 162, NULL, NULL, NULL, 1, 1, '2015-11-23 05:48:16', NULL, NULL),
(464, 'Mrigibazar', 7723, 164, NULL, NULL, NULL, 1, 1, '2015-11-23 05:48:29', NULL, NULL),
(465, 'Pangsha', 7720, 164, NULL, NULL, NULL, 1, 1, '2015-11-23 05:50:43', NULL, NULL),
(466, 'Ramkol', 7721, 164, NULL, NULL, NULL, 1, 1, '2015-11-23 05:50:54', NULL, NULL),
(467, 'Ratandia', 7722, 164, NULL, NULL, NULL, 1, 1, '2015-11-23 05:51:05', NULL, NULL),
(468, 'Goalanda', 7710, 165, NULL, NULL, NULL, 1, 1, '2015-11-23 05:51:21', NULL, NULL),
(469, 'Khankhanapur', 7711, 165, NULL, NULL, NULL, 1, 1, '2015-11-23 05:51:36', NULL, NULL),
(470, 'Rajbari Sadar', 7700, 165, NULL, NULL, NULL, 1, 1, '2015-11-23 05:51:49', NULL, NULL),
(471, 'Bhedorganj', 8030, 32, NULL, NULL, NULL, 1, 1, '2015-11-23 05:52:24', NULL, NULL),
(472, 'Damudhya', 8040, 166, NULL, NULL, NULL, 1, 1, '2015-11-23 05:52:42', NULL, NULL),
(473, 'Gosairhat', 8050, 167, NULL, NULL, NULL, 1, 1, '2015-11-23 05:54:48', NULL, NULL),
(474, 'Jajira', 8010, 170, NULL, NULL, NULL, 1, 1, '2015-11-23 05:55:07', NULL, NULL),
(475, 'Bhozeshwar', 8021, 168, NULL, NULL, NULL, 1, 1, '2015-11-23 05:55:21', NULL, NULL),
(476, 'Gharisar', 8022, 168, NULL, NULL, NULL, 1, 1, '2015-11-23 05:55:33', NULL, NULL),
(477, 'Kartikpur', 8024, 168, NULL, NULL, NULL, 1, 1, '2015-11-23 05:55:44', NULL, NULL),
(478, 'Naria', 8020, 168, NULL, NULL, NULL, 1, 1, '2015-11-23 05:56:02', NULL, NULL),
(479, 'Upshi', 8023, 168, NULL, NULL, NULL, 1, 1, '2015-11-23 05:56:15', NULL, NULL),
(480, 'Angaria', 8001, 169, NULL, NULL, NULL, 1, 1, '2015-11-23 05:56:27', NULL, NULL),
(481, 'Chikandi', 8002, 169, NULL, NULL, NULL, 1, 1, '2015-11-23 05:56:40', NULL, NULL),
(482, 'Shariatpur Sadar', 8000, 169, NULL, NULL, NULL, 1, 1, '2015-11-23 05:56:50', NULL, NULL),
(483, 'Bakshigonj', 2140, 567, NULL, NULL, NULL, 1, 1, '2015-11-23 05:57:42', NULL, NULL),
(484, 'Jhinaigati', 2120, 171, NULL, NULL, NULL, 1, 1, '2015-11-23 05:57:53', NULL, NULL),
(485, 'Gonopaddi', 2151, 20, NULL, NULL, NULL, 1, 1, '2015-11-23 05:58:11', NULL, NULL),
(486, 'Nakla', 2150, 20, NULL, NULL, NULL, 1, 1, '2015-11-23 05:58:19', NULL, NULL),
(487, 'Hatibandha', 2111, 172, NULL, NULL, NULL, 1, 1, '2015-11-23 05:58:33', NULL, NULL),
(488, 'Nalitabari', 2110, 172, NULL, NULL, NULL, 1, 1, '2015-11-23 05:58:46', NULL, NULL),
(489, 'Sherpur Shadar', 2100, 173, NULL, NULL, NULL, 1, 1, '2015-11-23 05:59:13', NULL, NULL),
(490, 'Shribardi', 2130, 174, NULL, NULL, NULL, 1, 1, '2015-11-23 05:59:26', NULL, NULL),
(491, 'Basail', 1920, 175, NULL, NULL, NULL, 1, 1, '2015-11-23 05:59:42', NULL, NULL),
(492, 'Bhuapur', 1960, 176, NULL, NULL, NULL, 1, 1, '2015-11-23 05:59:57', NULL, NULL),
(493, 'Delduar', 1910, 177, NULL, NULL, NULL, 1, 1, '2015-11-23 06:00:12', NULL, NULL),
(494, 'Elasin', 1913, 177, NULL, NULL, NULL, 1, 1, '2015-11-23 06:00:21', NULL, NULL),
(495, 'Hinga Nagar', 1914, 177, NULL, NULL, NULL, 1, 1, '2015-11-23 06:00:36', NULL, NULL),
(496, 'Jangalia', 1911, 177, NULL, NULL, NULL, 1, 1, '2015-11-23 06:00:44', NULL, NULL),
(497, 'Lowhati', 1915, 177, NULL, NULL, NULL, 1, 1, '2015-11-23 06:00:53', NULL, NULL),
(498, 'Patharail', 1912, 177, NULL, NULL, NULL, 1, 1, '2015-11-23 06:01:04', NULL, NULL),
(499, 'D. Pakutia', 1982, 179, NULL, NULL, NULL, 1, 1, '2015-11-23 06:01:18', NULL, NULL),
(500, 'Dhalapara', 1983, 179, NULL, NULL, NULL, 1, 1, '2015-11-23 06:01:28', NULL, NULL),
(501, 'Ghatial', 1980, 179, NULL, NULL, NULL, 1, 1, '2015-11-23 06:01:42', NULL, NULL),
(502, 'Lohani', 1984, 179, NULL, NULL, NULL, 1, 1, '2015-11-23 06:01:54', NULL, NULL),
(503, 'Zahidganj', 1981, 179, NULL, NULL, NULL, 1, 1, '2015-11-23 06:02:05', NULL, NULL),
(504, 'Gopalpur', 1990, 180, NULL, NULL, NULL, 1, 1, '2015-11-23 06:02:17', NULL, NULL),
(505, 'Hemnagar', 1992, 180, NULL, NULL, NULL, 1, 1, '2015-11-23 06:02:25', NULL, NULL),
(506, 'Jhowail', 1991, 180, NULL, NULL, NULL, 1, 1, '2015-11-23 06:02:35', NULL, NULL),
(507, 'Ballabazar', 1973, 181, NULL, NULL, NULL, 1, 1, '2015-11-23 06:02:49', NULL, NULL),
(508, 'Elinga', 1974, 181, NULL, NULL, NULL, 1, 1, '2015-11-23 06:03:01', NULL, NULL),
(509, 'Kalihati', 1970, 181, NULL, NULL, NULL, 1, 1, '2015-11-23 06:03:08', NULL, NULL),
(510, 'Nagarbari', 1977, 181, NULL, NULL, NULL, 1, 1, '2015-11-23 06:03:20', NULL, NULL),
(511, 'Nagarbari SO', 1976, 181, NULL, NULL, NULL, 1, 1, '2015-11-23 06:03:30', NULL, NULL),
(512, 'Nagbari', 1972, 181, NULL, NULL, NULL, 1, 1, '2015-11-23 06:03:43', NULL, NULL),
(513, 'Palisha', 1975, 181, NULL, NULL, NULL, 1, 1, '2015-11-23 06:03:49', NULL, NULL),
(514, 'Rajafair', 1971, 181, NULL, NULL, NULL, 1, 1, '2015-11-23 06:03:56', NULL, NULL),
(515, 'Kashkawlia', 1930, 568, NULL, NULL, NULL, 1, 1, '2015-11-23 06:04:40', NULL, NULL),
(516, 'Dhobari', 1997, 182, NULL, NULL, NULL, 1, 1, '2015-11-23 06:04:58', NULL, NULL),
(517, 'Madhupur', 1996, 182, NULL, NULL, NULL, 1, 1, '2015-11-23 06:05:05', NULL, NULL),
(518, 'Gorai', 1941, 183, NULL, NULL, NULL, 1, 1, '2015-11-23 06:05:19', NULL, NULL),
(519, 'Jarmuki', 1944, 183, NULL, NULL, NULL, 1, 1, '2015-11-23 06:05:30', NULL, NULL),
(520, 'M.C. College', 1942, 183, NULL, NULL, NULL, 1, 1, '2015-11-23 06:05:48', NULL, NULL),
(521, 'Mirzapur', 1940, 183, NULL, NULL, NULL, 1, 1, '2015-11-23 06:06:01', NULL, NULL),
(522, 'Mohera', 1945, 183, NULL, NULL, NULL, 1, 1, '2015-11-23 06:06:12', NULL, NULL),
(523, 'Warri paikpara', 1943, 183, NULL, NULL, NULL, 1, 1, '2015-11-23 06:06:18', NULL, NULL),
(524, 'Dhuburia', 1937, 184, NULL, NULL, NULL, 1, 1, '2015-11-23 06:07:34', NULL, NULL),
(525, 'Nagarpur', 1936, 184, NULL, NULL, NULL, 1, 1, '2015-11-23 06:07:47', NULL, NULL),
(526, 'Salimabad', 1938, 184, NULL, NULL, NULL, 1, 1, '2015-11-23 06:07:55', NULL, NULL),
(527, 'Kochua', 1951, 185, NULL, NULL, NULL, 1, 1, '2015-11-23 06:08:29', NULL, NULL),
(528, 'Sakhipur', 1950, 185, NULL, NULL, NULL, 1, 1, '2015-11-23 06:10:01', NULL, NULL),
(529, 'Kagmari', 1901, 186, NULL, NULL, NULL, 1, 1, '2015-11-23 06:12:37', NULL, NULL),
(530, 'Korotia', 1903, 186, NULL, NULL, NULL, 1, 1, '2015-11-23 06:12:46', NULL, NULL),
(531, 'Purabari', 1904, 186, NULL, NULL, NULL, 1, 1, '2015-11-23 06:12:55', NULL, NULL),
(532, 'Santosh', 1902, 186, NULL, NULL, NULL, 1, 1, '2015-11-23 06:13:07', NULL, NULL),
(533, 'Tangail Sadar', 1900, 186, NULL, NULL, NULL, 1, 1, '2015-11-23 06:13:29', NULL, NULL),
(534, 'Alikadam', 4650, 475, NULL, NULL, NULL, 1, 1, '2015-11-24 02:58:19', NULL, NULL),
(535, 'Bandarban Sadar', 4600, 476, NULL, NULL, NULL, 1, 1, '2015-11-24 03:01:04', NULL, NULL),
(536, 'Naikhong', 4660, 478, NULL, NULL, NULL, 1, 1, '2015-11-24 03:02:35', NULL, NULL),
(537, 'Roanchhari', 4610, 479, NULL, NULL, NULL, 1, 1, '2015-11-24 03:04:38', NULL, NULL),
(538, 'Ruma', 4620, 480, NULL, NULL, NULL, 1, 1, '2015-11-24 03:05:30', NULL, NULL),
(539, 'Thanchi', 4641, 481, NULL, NULL, NULL, 1, 1, '2015-11-24 03:06:12', NULL, NULL),
(540, 'Kalipur', 3642, 569, NULL, NULL, NULL, 1, 1, '2015-11-24 03:47:16', NULL, NULL),
(541, 'Matlobganj', 3640, 569, NULL, NULL, NULL, 1, 1, '2015-11-24 03:47:36', NULL, NULL),
(542, 'Mohanpur', 3641, 569, NULL, NULL, NULL, 1, 1, '2015-11-24 03:47:56', NULL, NULL),
(543, 'Chotoshi', 3623, 497, NULL, NULL, NULL, 1, 1, '2015-11-24 03:48:26', NULL, NULL),
(544, 'Islamia Madrasha', 3624, 497, NULL, NULL, NULL, 1, 1, '2015-11-24 03:48:40', NULL, NULL),
(545, 'Khilabazar', 3621, 497, NULL, NULL, NULL, 1, 1, '2015-11-24 03:48:55', NULL, NULL),
(546, 'Pashchim Kherihar Al', 3622, 497, NULL, NULL, NULL, 1, 1, '2015-11-24 03:49:11', NULL, NULL),
(547, 'Shahrasti', 3620, 497, NULL, NULL, NULL, 1, 1, '2015-11-24 03:49:26', NULL, NULL),
(548, 'Anowara', 4376, 498, NULL, NULL, NULL, 1, 1, '2015-11-24 03:50:46', NULL, NULL),
(549, 'Battali', 4378, 498, NULL, NULL, NULL, 1, 1, '2015-11-24 03:51:01', NULL, NULL),
(550, 'Paroikora', 4377, 498, NULL, NULL, NULL, 1, 1, '2015-11-24 03:51:13', NULL, NULL),
(551, 'Boalkhali', 4366, 502, NULL, NULL, NULL, 1, 1, '2015-11-24 03:51:46', NULL, NULL),
(552, 'Charandwip', 4369, 502, NULL, NULL, NULL, 1, 1, '2015-11-24 03:51:59', NULL, NULL),
(553, 'Iqbal Park', 4365, 502, NULL, NULL, NULL, 1, 1, '2015-11-24 03:52:10', NULL, NULL),
(554, 'Kadurkhal', 4368, 502, NULL, NULL, NULL, 1, 1, '2015-11-24 03:52:25', NULL, NULL),
(555, 'Kanungopara', 4363, 502, NULL, NULL, NULL, 1, 1, '2015-11-24 03:52:35', NULL, NULL),
(556, 'Sakpura', 4367, 502, NULL, NULL, NULL, 1, 1, '2015-11-24 03:52:47', NULL, NULL);
INSERT INTO `sa_postoffices` (`POST_OFFICE_ID`, `POST_OFFICE_ENAME`, `POST_CODE`, `THANA_ID`, `THANA_NAME`, `ORDER_SL`, `UD_POFFICE_ID`, `ACTIVE_FLAG`, `CREATED_BY`, `CREATE_DATE`, `UPDATED_BY`, `UPDATE_DATE`) VALUES
(557, 'Saroatoli', 4364, 502, NULL, NULL, NULL, 1, 1, '2015-11-24 03:52:58', NULL, NULL),
(558, 'Al- Amin Baria Madra', 4221, 504, NULL, NULL, NULL, 1, 1, '2015-11-24 03:54:47', NULL, NULL),
(559, 'Amin Jute Mills', 4211, 504, NULL, NULL, NULL, 1, 1, '2015-11-24 03:55:14', NULL, NULL),
(560, 'Anandabazar', 4215, 504, NULL, NULL, NULL, 1, 1, '2015-11-24 03:55:28', NULL, NULL),
(561, 'Bayezid Bostami', 4210, 504, NULL, NULL, NULL, 1, 1, '2015-11-24 03:55:40', NULL, NULL),
(562, 'Chawkbazar', 4203, 504, NULL, NULL, NULL, 1, 1, '2015-11-24 03:56:07', NULL, NULL),
(563, 'Chitt. Cantonment', 4220, 504, NULL, NULL, NULL, 1, 1, '2015-11-24 03:56:24', NULL, NULL),
(564, 'Chitt. Customs Acca', 4219, 504, NULL, NULL, NULL, 1, 1, '2015-11-24 03:56:36', NULL, NULL),
(565, 'Chitt. Politechnic In', 4209, 504, NULL, NULL, NULL, 1, 1, '2015-11-24 03:56:50', NULL, NULL),
(566, 'Chitt. Sailers Colon', 4218, 504, NULL, NULL, NULL, 1, 1, '2015-11-24 03:57:03', NULL, NULL),
(567, 'Chittagong Airport', 4205, 504, NULL, NULL, NULL, 1, 1, '2015-11-24 03:57:26', NULL, NULL),
(568, 'Chittagong Bandar', 4100, 504, NULL, NULL, NULL, 1, 1, '2015-11-24 03:57:50', NULL, NULL),
(569, 'Chittagong GPO', 4000, 504, NULL, NULL, NULL, 1, 1, '2015-11-24 03:58:07', NULL, NULL),
(570, 'Export Processing', 4223, 504, NULL, NULL, NULL, 1, 1, '2015-11-24 03:58:22', NULL, NULL),
(571, 'Firozshah', 4207, 504, NULL, NULL, NULL, 1, 1, '2015-11-24 03:58:37', NULL, NULL),
(572, 'Halishahar', 4216, 504, NULL, NULL, NULL, 1, 1, '2015-11-24 03:58:51', NULL, NULL),
(573, 'Halishshar', 4225, 504, NULL, NULL, NULL, 1, 1, '2015-11-24 03:59:21', NULL, NULL),
(574, 'Jalalabad', 4214, 504, NULL, NULL, NULL, 1, 1, '2015-11-24 03:59:38', NULL, NULL),
(575, 'Jaldia Merine Accade', 4206, 504, NULL, NULL, NULL, 1, 1, '2015-11-24 03:59:51', NULL, NULL),
(576, 'Middle Patenga', 4222, 504, NULL, NULL, NULL, 1, 1, '2015-11-24 04:00:03', NULL, NULL),
(577, 'Mohard', 4208, 504, NULL, NULL, NULL, 1, 1, '2015-11-24 04:00:15', NULL, NULL),
(578, 'North Halishahar', 4226, 504, NULL, NULL, NULL, 1, 1, '2015-11-24 04:00:27', NULL, NULL),
(579, 'North Katuli', 4217, 504, NULL, NULL, NULL, 1, 1, '2015-11-24 04:00:40', NULL, NULL),
(580, 'Pahartoli', 4202, 504, NULL, NULL, NULL, 1, 1, '2015-11-24 04:00:50', NULL, NULL),
(581, 'Patenga', 4204, 504, NULL, NULL, NULL, 1, 1, '2015-11-24 04:01:01', NULL, NULL),
(582, 'Rampura TSO', 4224, 504, NULL, NULL, NULL, 1, 1, '2015-11-24 04:01:12', NULL, NULL),
(583, 'Wazedia', 4213, 504, NULL, NULL, NULL, 1, 1, '2015-11-24 04:01:26', NULL, NULL),
(584, 'Bangla Hili', 5270, 570, NULL, NULL, NULL, 1, 1, '2015-11-28 23:02:05', NULL, NULL),
(585, 'Biral', 5210, 262, NULL, NULL, NULL, 1, 1, '2015-11-28 23:02:43', NULL, NULL),
(586, 'Birampur', 5266, 260, NULL, NULL, NULL, 1, 1, '2015-11-28 23:24:14', NULL, NULL),
(587, 'Birganj', 5220, 261, NULL, NULL, NULL, 1, 1, '2015-11-28 23:24:35', NULL, NULL),
(588, 'Chrirbandar', 5240, 264, NULL, NULL, NULL, 1, 1, '2015-11-28 23:24:54', NULL, NULL),
(589, 'Ranirbandar', 5241, 264, NULL, NULL, NULL, 1, 1, '2015-11-28 23:25:08', NULL, NULL),
(590, 'Dinajpur Rajbari', 5201, 269, NULL, NULL, NULL, 1, 1, '2015-11-28 23:25:32', NULL, NULL),
(591, 'Dinajpur Sadar', 5200, 269, NULL, NULL, NULL, 1, 1, '2015-11-28 23:25:42', NULL, NULL),
(592, 'Khansama', 5230, 268, NULL, NULL, NULL, 1, 1, '2015-11-28 23:26:00', NULL, NULL),
(593, 'Pakarhat', 5231, 268, NULL, NULL, NULL, 1, 1, '2015-11-28 23:26:11', NULL, NULL),
(594, 'Maharajganj', 5226, 571, NULL, NULL, NULL, 1, 1, '2015-11-28 23:27:01', NULL, NULL),
(595, 'Nababganj', 5280, 270, NULL, NULL, NULL, 1, 1, '2015-11-28 23:27:47', NULL, NULL),
(596, 'Ghoraghat', 5291, 572, NULL, NULL, NULL, 1, 1, '2015-11-28 23:28:59', NULL, NULL),
(597, 'Osmanpur', 5290, 572, NULL, NULL, NULL, 1, 1, '2015-11-28 23:29:12', NULL, NULL),
(598, 'Parbatipur', 5250, 271, NULL, NULL, NULL, 1, 1, '2015-11-28 23:29:28', NULL, NULL),
(599, 'Fulbari', 5260, 21, NULL, NULL, NULL, 1, 1, '2015-11-28 23:30:30', NULL, NULL),
(600, 'Setabganj', 5216, 573, NULL, NULL, NULL, 1, 1, '2015-11-28 23:31:05', NULL, NULL),
(601, 'Bonarpara', 5750, 574, NULL, NULL, NULL, 1, 1, '2015-11-28 23:32:00', NULL, NULL),
(602, 'saghata', 5751, 574, NULL, NULL, NULL, 1, 1, '2015-11-28 23:32:14', NULL, NULL),
(603, 'Gaibandha Sadar', 5700, 273, NULL, NULL, NULL, 1, 1, '2015-11-28 23:36:34', NULL, NULL),
(604, 'Gobindhaganj', 5740, 274, NULL, NULL, NULL, 1, 1, '2015-11-28 23:37:22', NULL, NULL),
(605, 'Mahimaganj', 5741, 274, NULL, NULL, NULL, 1, 1, '2015-11-28 23:37:40', NULL, NULL),
(606, 'Palashbari', 5730, 275, NULL, NULL, NULL, 1, 1, '2015-11-28 23:37:59', NULL, NULL),
(607, 'Bharatkhali', 5761, 272, NULL, NULL, NULL, 1, 1, '2015-11-28 23:38:22', NULL, NULL),
(608, 'Phulchhari', 5760, 272, NULL, NULL, NULL, 1, 1, '2015-11-28 23:38:33', NULL, NULL),
(609, 'Saadullapur', 5710, 276, NULL, NULL, NULL, 1, 1, '2015-11-28 23:39:09', NULL, NULL),
(610, 'Bamandanga', 5721, 278, NULL, NULL, NULL, 1, 1, '2015-11-28 23:39:27', NULL, NULL),
(611, 'Sundarganj', 5720, 278, NULL, NULL, NULL, 1, 1, '2015-11-28 23:39:39', NULL, NULL),
(612, 'Chilmari', 5630, 285, NULL, NULL, NULL, 1, 1, '2015-11-28 23:42:57', NULL, NULL),
(613, 'Jorgachh', 5631, 285, NULL, NULL, NULL, 1, 1, '2015-11-28 23:43:14', NULL, NULL),
(614, 'Kurigram Sadar', 5600, 287, NULL, NULL, NULL, 1, 1, '2015-11-28 23:43:30', NULL, NULL),
(615, 'Pandul', 5601, 287, NULL, NULL, NULL, 1, 1, '2015-11-28 23:43:42', NULL, NULL),
(616, 'Phulbari', 5680, 287, NULL, NULL, NULL, 1, 1, '2015-11-28 23:43:55', NULL, NULL),
(617, 'Nageshwar', 5660, 288, NULL, NULL, NULL, 1, 1, '2015-11-28 23:44:20', NULL, NULL),
(618, 'Nazimkhan', 5611, 289, NULL, NULL, NULL, 1, 1, '2015-11-28 23:44:44', NULL, NULL),
(619, 'Rajarhat', 5610, 289, NULL, NULL, NULL, 1, 1, '2015-11-28 23:45:00', NULL, NULL),
(620, 'Rajibpur', 5650, 576, NULL, NULL, NULL, 1, 1, '2015-11-28 23:45:46', NULL, NULL),
(621, 'Raumari', 5640, 290, NULL, NULL, NULL, 1, 1, '2015-11-28 23:46:08', NULL, NULL),
(622, 'Bazarhat', 5621, 576, NULL, NULL, NULL, 1, 1, '2015-11-28 23:46:57', NULL, NULL),
(623, 'Ulipur', 5620, 291, NULL, NULL, NULL, 1, 1, '2015-11-28 23:48:51', NULL, NULL),
(624, 'Aditmari', 5510, 292, NULL, NULL, NULL, 1, 1, '2015-11-28 23:50:01', NULL, NULL),
(625, 'Kulaghat SO', 5502, 295, NULL, NULL, NULL, 1, 1, '2015-11-28 23:50:44', NULL, NULL),
(626, 'Lalmonirhat Sadar', 5500, 295, NULL, NULL, NULL, 1, 1, '2015-11-28 23:51:00', NULL, NULL),
(627, 'Moghalhat', 5501, 295, NULL, NULL, NULL, 1, 1, '2015-11-28 23:51:16', NULL, NULL),
(628, 'Baura', 5541, 296, NULL, NULL, NULL, 1, 1, '2015-11-28 23:51:38', NULL, NULL),
(629, 'Burimari', 5542, 296, NULL, NULL, NULL, 1, 1, '2015-11-28 23:52:05', NULL, NULL),
(630, 'Patgram', 5540, 296, NULL, NULL, NULL, 1, 1, '2015-11-28 23:52:21', NULL, NULL),
(631, 'Tushbhandar', 5520, 577, NULL, NULL, NULL, 1, 1, '2015-11-28 23:53:18', NULL, NULL),
(632, 'Dimla', 5350, 317, NULL, NULL, NULL, 1, 1, '2015-11-28 23:54:33', NULL, NULL),
(633, 'Ghaga Kharibari', 5351, 317, NULL, NULL, NULL, 1, 1, '2015-11-28 23:55:00', NULL, NULL),
(634, 'Chilahati', 5341, 318, NULL, NULL, NULL, 1, 1, '2015-11-28 23:55:35', NULL, NULL),
(635, 'Domar', 5340, 318, NULL, NULL, NULL, 1, 1, '2015-11-28 23:55:45', NULL, NULL),
(636, 'Jaldhaka', 5330, 319, NULL, NULL, NULL, 1, 1, '2015-11-28 23:56:06', NULL, NULL),
(637, 'Kishoriganj', 5320, 320, NULL, NULL, NULL, 1, 1, '2015-11-29 00:09:00', NULL, NULL),
(638, 'Nilphamari Sadar', 5300, 321, NULL, NULL, NULL, 1, 1, '2015-11-29 00:09:20', NULL, NULL),
(639, 'Nilphamari Sugar Mil', 5301, 321, NULL, NULL, NULL, 1, 1, '2015-11-29 00:09:32', NULL, NULL),
(640, 'Syedpur', 5310, 322, NULL, NULL, NULL, 1, 1, '2015-11-29 00:09:51', NULL, NULL),
(641, 'Syedpur Upashahar', 5311, 322, NULL, NULL, NULL, 1, 1, '2015-11-29 00:10:02', NULL, NULL),
(642, 'Boda', 5010, 332, NULL, NULL, NULL, 1, 1, '2015-11-29 00:10:35', NULL, NULL),
(643, 'Chotto Dab', 5040, 578, NULL, NULL, NULL, 1, 1, '2015-11-29 00:11:56', NULL, NULL),
(644, 'Mirjapur', 5041, 578, NULL, NULL, NULL, 1, 1, '2015-11-29 00:12:22', NULL, NULL),
(645, 'Dabiganj', 5020, 333, NULL, NULL, NULL, 1, 1, '2015-11-29 00:12:55', NULL, NULL),
(646, 'Panchagar Sadar', 5000, 334, NULL, NULL, NULL, 1, 1, '2015-11-29 00:13:08', NULL, NULL),
(647, 'Tetulia', 5030, 335, NULL, NULL, NULL, 1, 1, '2015-11-29 00:13:25', NULL, NULL),
(648, 'Badarganj', 5430, 349, NULL, NULL, NULL, 1, 1, '2015-11-29 00:13:54', NULL, NULL),
(649, 'Shyampur', 5431, 349, NULL, NULL, NULL, 1, 1, '2015-11-29 00:14:04', NULL, NULL),
(650, 'Gangachara', 5410, 350, NULL, NULL, NULL, 1, 1, '2015-11-29 00:14:18', NULL, NULL),
(651, 'Haragachh', 5441, 25, NULL, NULL, NULL, 1, 1, '2015-11-29 00:14:40', NULL, NULL),
(652, 'Kaunia', 5440, 25, NULL, NULL, NULL, 1, 1, '2015-11-29 00:14:49', NULL, NULL),
(653, 'Mithapukur', 5460, 352, NULL, NULL, NULL, 1, 1, '2015-11-29 00:15:04', NULL, NULL),
(654, 'Pirgachha', 5450, 353, NULL, NULL, NULL, 1, 1, '2015-11-29 00:15:26', NULL, NULL),
(655, 'Alamnagar', 5402, 351, NULL, NULL, NULL, 1, 1, '2015-11-29 00:15:46', NULL, NULL),
(656, 'Mahiganj', 5403, 351, NULL, NULL, NULL, 1, 1, '2015-11-29 00:16:02', NULL, NULL),
(657, 'Rangpur Cadet Colleg', 5404, 351, NULL, NULL, NULL, 1, 1, '2015-11-29 00:16:11', NULL, NULL),
(658, 'Rangpur Carmiecal Col', 5405, 351, NULL, NULL, NULL, 1, 1, '2015-11-29 00:16:22', NULL, NULL),
(659, 'Rangpur Sadar', 5400, 351, NULL, NULL, NULL, 1, 1, '2015-11-29 00:16:32', NULL, NULL),
(660, 'Rangpur Upa-Shahar', 5401, 351, NULL, NULL, NULL, 1, 1, '2015-11-29 00:16:45', NULL, NULL),
(661, 'Taraganj', 5420, 355, NULL, NULL, NULL, 1, 1, '2015-11-29 00:43:44', NULL, NULL),
(662, 'Baliadangi', 5140, 365, NULL, NULL, NULL, 1, 1, '2015-11-29 02:34:49', NULL, NULL),
(663, 'Lahiri', 5141, 365, NULL, NULL, NULL, 1, 1, '2015-11-29 02:35:05', NULL, NULL),
(664, 'Pirganj', 5110, 367, NULL, NULL, NULL, 1, 1, '2015-11-29 02:35:30', NULL, NULL),
(665, 'Nekmarad', 5121, 368, NULL, NULL, NULL, 1, 1, '2015-11-29 02:35:49', NULL, NULL),
(666, 'Rani Sankail', 5120, 368, NULL, NULL, NULL, 1, 1, '2015-11-29 02:35:59', NULL, NULL),
(667, 'Ruhia', 5103, 26, NULL, NULL, NULL, 1, 1, '2015-11-29 02:36:14', NULL, NULL),
(668, 'Thakurgaon Road', 5101, 26, NULL, NULL, NULL, 1, 1, '2015-11-29 02:36:37', NULL, NULL),
(669, 'Thakurgaon Sadar', 5100, 26, NULL, NULL, NULL, 1, 1, '2015-11-29 02:36:57', NULL, NULL),
(670, 'Adamdighi', 5890, 248, NULL, NULL, NULL, 1, 1, '2015-11-29 02:38:21', NULL, NULL),
(671, 'Nasharatpur', 5892, 248, NULL, NULL, NULL, 1, 1, '2015-11-29 02:38:40', NULL, NULL),
(672, 'Santahar', 5891, 248, NULL, NULL, NULL, 1, 1, '2015-11-29 02:38:51', NULL, NULL),
(673, 'Bogra Canttonment', 5801, 249, NULL, NULL, NULL, 1, 1, '2015-11-29 02:39:12', NULL, NULL),
(674, 'Bogra Sadar', 5800, 249, NULL, NULL, NULL, 1, 1, '2015-11-29 02:39:24', NULL, NULL),
(675, 'Dhunat', 5850, 250, NULL, NULL, NULL, 1, 1, '2015-11-29 02:39:40', NULL, NULL),
(676, 'Gosaibari', 5851, 250, NULL, NULL, NULL, 1, 1, '2015-11-29 02:39:53', NULL, NULL),
(677, 'Dupchachia', 5880, 251, NULL, NULL, NULL, 1, 1, '2015-11-29 02:40:07', NULL, NULL),
(678, 'Talora', 5881, 251, NULL, NULL, NULL, 1, 1, '2015-11-29 02:40:16', NULL, NULL),
(679, 'Gabtoli', 5820, 252, NULL, NULL, NULL, 1, 1, '2015-11-29 02:40:31', NULL, NULL),
(680, 'Sukhanpukur', 5821, 252, NULL, NULL, NULL, 1, 1, '2015-11-29 02:40:43', NULL, NULL),
(681, 'Kahaloo', 5870, 253, NULL, NULL, NULL, 1, 1, '2015-11-29 02:41:05', NULL, NULL),
(682, 'Nandigram', 5860, 254, NULL, NULL, NULL, 1, 1, '2015-11-29 02:41:17', NULL, NULL),
(683, 'Chandan Baisha', 5831, 255, NULL, NULL, NULL, 1, 1, '2015-11-29 02:42:58', NULL, NULL),
(684, 'Sariakandi', 5830, 255, NULL, NULL, NULL, 1, 1, '2015-11-29 02:43:20', NULL, NULL),
(685, 'Chandaikona', 5841, 257, NULL, NULL, NULL, 1, 1, '2015-11-29 02:43:58', NULL, NULL),
(686, 'Palli Unnyan Accadem', 5842, 257, NULL, NULL, NULL, 1, 1, '2015-11-29 02:44:15', NULL, NULL),
(687, 'Sherpur', 5840, 257, NULL, NULL, NULL, 1, 1, '2015-11-29 02:44:25', NULL, NULL),
(688, 'Sonatola', 5826, 259, NULL, NULL, NULL, 1, 1, '2015-11-29 02:45:35', NULL, NULL),
(689, 'Amnura', 6303, 580, NULL, NULL, NULL, 1, 1, '2015-11-29 02:53:57', NULL, NULL),
(690, 'Chapinawbganj Sadar', 6300, 580, NULL, NULL, NULL, 1, 1, '2015-11-29 02:54:07', NULL, NULL),
(691, 'Rajarampur', 6301, 580, NULL, NULL, NULL, 1, 1, '2015-11-29 02:54:18', NULL, NULL),
(692, 'Ramchandrapur', 6302, 580, NULL, NULL, NULL, 1, 1, '2015-11-29 02:54:25', NULL, NULL),
(693, 'Mandumala', 6311, 581, NULL, NULL, NULL, 1, 1, '2015-11-29 02:54:46', NULL, NULL),
(694, 'Gomashtapur', 6321, 582, NULL, NULL, NULL, 1, 1, '2015-11-29 02:55:10', NULL, NULL),
(695, 'Rohanpur', 6320, 582, NULL, NULL, NULL, 1, 1, '2015-11-29 02:55:20', NULL, NULL),
(696, 'Kansart', 6341, 583, NULL, NULL, NULL, 1, 1, '2015-11-29 02:55:36', NULL, NULL),
(697, 'Manaksha', 6342, 583, NULL, NULL, NULL, 1, 1, '2015-11-29 02:55:47', NULL, NULL),
(698, 'Shibganj U.P.O', 6340, 583, NULL, NULL, NULL, 1, 1, '2015-11-29 02:55:56', NULL, NULL),
(699, 'Akklepur', 5940, 279, NULL, NULL, NULL, 1, 1, '2015-11-29 02:57:42', NULL, NULL),
(700, 'jamalganj', 5941, 279, NULL, NULL, NULL, 1, 1, '2015-11-29 03:15:51', NULL, NULL),
(701, 'Tilakpur', 5942, 279, NULL, NULL, NULL, 1, 1, '2015-11-29 03:16:06', NULL, NULL),
(702, 'Joypurhat Sadar', 5900, 280, NULL, NULL, NULL, 1, 1, '2015-11-29 03:16:28', NULL, NULL),
(703, 'kalai', 5930, 281, NULL, NULL, NULL, 1, 1, '2015-11-29 03:16:44', NULL, NULL),
(704, 'Khetlal', 5920, 282, NULL, NULL, NULL, 1, 1, '2015-11-29 03:23:50', NULL, NULL),
(705, 'Panchbibi', 5910, 22, NULL, NULL, NULL, 1, 1, '2015-11-29 03:24:23', NULL, NULL),
(706, 'Badalgachhi', 6570, 298, NULL, NULL, NULL, 1, 1, '2015-11-29 03:27:51', NULL, NULL),
(707, 'Dhamuirhat', 6580, 299, NULL, NULL, NULL, 1, 1, '2015-11-29 03:28:09', NULL, NULL),
(708, 'Naogaon Sadar', 6500, 302, NULL, NULL, NULL, 1, 1, '2015-11-29 03:28:43', NULL, NULL),
(709, 'Niamatpur', 6520, 23, NULL, NULL, NULL, 1, 1, '2015-11-29 03:29:00', NULL, NULL),
(710, 'Patnitala', 6540, 303, NULL, NULL, NULL, 1, 1, '2015-11-29 03:29:36', NULL, NULL),
(711, 'Kashimpur', 6591, 34, NULL, NULL, NULL, 1, 1, '2015-11-29 03:30:08', NULL, NULL),
(712, 'Raninagar', 6590, 34, NULL, NULL, NULL, 1, 1, '2015-11-29 03:30:21', NULL, NULL),
(713, 'Moduhil', 6561, 305, NULL, NULL, NULL, 1, 1, '2015-11-29 03:30:45', NULL, NULL),
(714, 'Sapahar', 6560, 305, NULL, NULL, NULL, 1, 1, '2015-11-29 03:30:58', NULL, NULL),
(715, 'Abdulpur', 6422, 584, NULL, NULL, NULL, 1, 1, '2015-11-29 03:32:23', NULL, NULL),
(716, 'Gopalpur U.P.O', 6420, 584, NULL, NULL, NULL, 1, 1, '2015-11-29 03:32:38', NULL, NULL),
(717, 'Lalpur S.O', 6421, 584, NULL, NULL, NULL, 1, 1, '2015-11-29 03:32:49', NULL, NULL),
(718, 'Baraigram', 6432, 585, NULL, NULL, NULL, 1, 1, '2015-11-29 03:33:26', NULL, NULL),
(719, 'Dayarampur', 6431, 585, NULL, NULL, NULL, 1, 1, '2015-11-29 03:33:38', NULL, NULL),
(720, 'Harua', 6430, 585, NULL, NULL, NULL, 1, 1, '2015-11-29 03:33:49', NULL, NULL),
(721, 'Gurudaspur', 6440, 308, NULL, NULL, NULL, 1, 1, '2015-11-29 03:34:07', NULL, NULL),
(722, 'Baiddyabal Gharia', 6402, 310, NULL, NULL, NULL, 1, 1, '2015-11-29 03:34:27', NULL, NULL),
(723, 'Digapatia', 6401, 310, NULL, NULL, NULL, 1, 1, '2015-11-29 03:34:38', NULL, NULL),
(724, 'Madhnagar', 6403, 310, NULL, NULL, NULL, 1, 1, '2015-11-29 03:34:48', NULL, NULL),
(725, 'Natore Sadar', 6400, 310, NULL, NULL, NULL, 1, 1, '2015-11-29 03:34:58', NULL, NULL),
(726, 'Singra', 6450, 311, NULL, NULL, NULL, 1, 1, '2015-11-29 03:35:21', NULL, NULL),
(727, 'Bera', 6680, 323, NULL, NULL, NULL, 1, 1, '2015-11-29 03:39:21', NULL, NULL),
(728, 'Kashinathpur', 6682, 323, NULL, NULL, NULL, 1, 1, '2015-11-29 03:39:31', NULL, NULL),
(729, 'Nakalia', 6681, 323, NULL, NULL, NULL, 1, 1, '2015-11-29 03:39:41', NULL, NULL),
(730, 'Puran Bharenga', 6683, 323, NULL, NULL, NULL, 1, 1, '2015-11-29 03:39:56', NULL, NULL),
(731, 'Bhangura', 6640, 324, NULL, NULL, NULL, 1, 1, '2015-11-29 03:40:14', NULL, NULL),
(732, 'Chatmohar', 6630, 325, NULL, NULL, NULL, 1, 1, '2015-11-29 03:40:42', NULL, NULL),
(733, 'Dhapari', 6621, 327, NULL, NULL, NULL, 1, 1, '2015-11-29 03:41:09', NULL, NULL),
(734, 'Ishwardi', 6620, 327, NULL, NULL, NULL, 1, 1, '2015-11-29 03:41:18', NULL, NULL),
(735, 'Pakshi', 6622, 327, NULL, NULL, NULL, 1, 1, '2015-11-29 03:41:27', NULL, NULL),
(736, 'Rajapur', 6623, 327, NULL, NULL, NULL, 1, 1, '2015-11-29 03:41:36', NULL, NULL),
(737, 'Hamayetpur', 6602, 328, NULL, NULL, NULL, 1, 1, '2015-11-29 03:41:47', NULL, NULL),
(738, 'Kaliko Cotton Mills', 6601, 328, NULL, NULL, NULL, 1, 1, '2015-11-29 03:42:00', NULL, NULL),
(739, 'Pabna Sadar', 6600, 328, NULL, NULL, NULL, 1, 1, '2015-11-29 03:42:14', NULL, NULL),
(740, 'Santhia', 6670, 329, NULL, NULL, NULL, 1, 1, '2015-11-29 03:42:36', NULL, NULL),
(741, 'Sagarkandi', 6661, 330, NULL, NULL, NULL, 1, 1, '2015-11-29 03:42:51', NULL, NULL),
(742, 'Sujanagar', 6660, 330, NULL, NULL, NULL, 1, 1, '2015-11-29 03:43:04', NULL, NULL),
(743, 'Arani', 6281, 336, NULL, NULL, NULL, 1, 1, '2015-11-29 03:43:40', NULL, NULL),
(744, 'Bagha', 6280, 336, NULL, NULL, NULL, 1, 1, '2015-11-29 03:43:49', NULL, NULL),
(745, 'Charghat', 6270, 340, NULL, NULL, NULL, 1, 1, '2015-11-29 03:44:27', NULL, NULL),
(746, 'Sarda', 6271, 340, NULL, NULL, NULL, 1, 1, '2015-11-29 03:44:36', NULL, NULL),
(747, 'Durgapur', 6240, 340, NULL, NULL, NULL, 1, 1, '2015-11-29 03:44:51', NULL, NULL),
(748, 'Godagari', 6290, 341, NULL, NULL, NULL, 1, 1, '2015-11-29 03:45:13', NULL, NULL),
(749, 'Premtoli', 6291, 341, NULL, NULL, NULL, 1, 1, '2015-11-29 03:45:23', NULL, NULL),
(750, 'Putia', 6260, 345, NULL, NULL, NULL, 1, 1, '2015-11-29 03:46:00', NULL, NULL),
(751, 'Binodpur Bazar', 6206, 586, NULL, NULL, NULL, 1, 1, '2015-11-29 03:47:03', NULL, NULL),
(752, 'Ghuramara', 6100, 586, NULL, NULL, NULL, 1, 1, '2015-11-29 03:47:16', NULL, NULL),
(753, 'Kazla', 6204, 586, NULL, NULL, NULL, 1, 1, '2015-11-29 03:47:28', NULL, NULL),
(754, 'Rajshahi Canttonment', 6202, 586, NULL, NULL, NULL, 1, 1, '2015-11-29 03:47:42', NULL, NULL),
(755, 'Rajshahi Court', 6201, 586, NULL, NULL, NULL, 1, 1, '2015-11-29 03:47:50', NULL, NULL),
(756, 'Rajshahi Sadar', 6000, 586, NULL, NULL, NULL, 1, 1, '2015-11-29 03:48:03', NULL, NULL),
(757, 'Rajshahi University', 6205, 586, NULL, NULL, NULL, 1, 1, '2015-11-29 03:48:25', NULL, NULL),
(758, 'Sapura', 6203, 586, NULL, NULL, NULL, 1, 1, '2015-11-29 03:48:41', NULL, NULL),
(759, 'Tanor', 6230, 348, NULL, NULL, NULL, 1, 1, '2015-11-29 03:49:00', NULL, NULL),
(760, 'Belkuchi', 6740, 356, NULL, NULL, NULL, 1, 1, '2015-11-29 03:52:07', NULL, NULL),
(761, 'Enayetpur', 6751, 356, NULL, NULL, NULL, 1, 1, '2015-11-29 03:52:18', NULL, NULL),
(762, 'Sohagpur', 6741, 356, NULL, NULL, NULL, 1, 1, '2015-11-29 03:53:04', NULL, NULL),
(763, 'Sthal', 6752, 356, NULL, NULL, NULL, 1, 1, '2015-11-29 03:53:18', NULL, NULL),
(764, 'Dhangora', 6720, 587, NULL, NULL, NULL, 1, 1, '2015-11-29 03:54:04', NULL, NULL),
(765, 'Malonga', 6721, 587, NULL, NULL, NULL, 1, 1, '2015-11-29 03:54:18', NULL, NULL),
(766, 'Gandail', 6712, 359, NULL, NULL, NULL, 1, 1, '2015-11-29 03:54:34', NULL, NULL),
(767, 'Kazipur', 6710, 359, NULL, NULL, NULL, 1, 1, '2015-11-29 03:54:42', NULL, NULL),
(768, 'Shuvgachha', 6711, 359, NULL, NULL, NULL, 1, 1, '2015-11-29 03:54:51', NULL, NULL),
(769, 'Ullapara R.S', 6761, 364, NULL, NULL, NULL, 1, 1, '2015-11-29 22:41:55', NULL, NULL),
(770, 'Ullapara', 6760, 364, NULL, NULL, NULL, 1, 1, '2015-11-29 22:42:08', NULL, NULL),
(771, 'Salap', 6763, 364, NULL, NULL, NULL, 1, 1, '2015-11-29 22:42:28', NULL, NULL),
(772, 'Lahiri Mohanpur', 6762, 364, NULL, NULL, NULL, 1, 1, '2015-11-29 22:42:52', NULL, NULL),
(773, 'Tarash', 6780, 363, NULL, NULL, NULL, 1, 1, '2015-11-29 22:43:08', NULL, NULL),
(774, 'Sirajganj Sadar', 6700, 362, NULL, NULL, NULL, 1, 1, '2015-11-29 22:43:42', NULL, NULL),
(775, 'Rashidabad', 6702, 362, NULL, NULL, NULL, 1, 1, '2015-11-29 22:44:08', NULL, NULL),
(776, 'Raipur', 6701, 362, NULL, NULL, NULL, 1, 1, '2015-11-29 22:44:23', NULL, NULL),
(777, 'Shahjadpur', 6770, 361, NULL, NULL, NULL, 1, 1, '2015-11-29 22:44:42', NULL, NULL),
(778, 'Porjana', 6771, 361, NULL, NULL, NULL, 1, 1, '2015-11-29 22:44:56', NULL, NULL),
(779, 'Kaijuri', 6773, 361, NULL, NULL, NULL, 1, 1, '2015-11-29 22:45:27', NULL, NULL),
(780, 'Jamirta', 6772, 361, NULL, NULL, NULL, 1, 1, '2015-11-29 22:45:46', NULL, NULL),
(781, 'Swarupkathi', 8520, 588, NULL, NULL, NULL, 1, 1, '2015-11-29 22:49:57', NULL, NULL),
(782, 'Kaurikhara', 8522, 588, NULL, NULL, NULL, 1, 1, '2015-11-29 22:50:25', NULL, NULL),
(783, 'Jalabari', 8523, 588, NULL, NULL, NULL, 1, 1, '2015-11-29 22:51:21', NULL, NULL),
(784, 'Darus Sunnat', 8521, 588, NULL, NULL, NULL, 1, 1, '2015-11-29 22:51:36', NULL, NULL),
(785, 'Pirojpur Sadar', 8500, 472, NULL, NULL, NULL, 1, 1, '2015-11-29 22:51:53', NULL, NULL),
(786, 'Parerhat', 8502, 472, NULL, NULL, NULL, 1, 1, '2015-11-29 22:52:06', NULL, NULL),
(787, 'Hularhat', 8501, 472, NULL, NULL, NULL, 1, 1, '2015-11-29 22:52:25', NULL, NULL),
(788, 'Sriramkathi', 8541, 471, NULL, NULL, NULL, 1, 1, '2015-11-29 22:53:01', NULL, NULL),
(789, 'Nazirpur', 8540, 471, NULL, NULL, NULL, 1, 1, '2015-11-29 22:53:15', NULL, NULL),
(790, 'Tushkhali', 8561, 470, NULL, NULL, NULL, 1, 1, '2015-11-29 22:53:47', NULL, NULL),
(791, 'Tiarkhali', 8564, 470, NULL, NULL, NULL, 1, 1, '2015-11-29 22:54:03', NULL, NULL),
(792, 'Shilarganj', 8566, 470, NULL, NULL, NULL, 1, 1, '2015-11-29 22:54:23', NULL, NULL),
(793, 'Mathbaria', 8560, 470, NULL, NULL, NULL, 1, 1, '2015-11-29 22:54:34', NULL, NULL),
(794, 'Halta', 8562, 470, NULL, NULL, NULL, 1, 1, '2015-11-29 22:54:44', NULL, NULL),
(795, 'Gulishakhali', 8563, 470, NULL, NULL, NULL, 1, 1, '2015-11-29 22:54:57', NULL, NULL),
(796, 'Betmor Natun Hat', 8565, 470, NULL, NULL, NULL, 1, 1, '2015-11-29 22:55:13', NULL, NULL),
(797, 'Keundia', 8511, 469, NULL, NULL, NULL, 1, 1, '2015-11-29 22:55:37', NULL, NULL),
(798, 'Kaukhali', 8510, 469, NULL, NULL, NULL, 1, 1, '2015-11-29 22:56:32', NULL, NULL),
(799, 'Joykul', 8512, 469, NULL, NULL, NULL, 1, 1, '2015-11-29 22:56:44', NULL, NULL),
(800, 'Jolagati', 8513, 469, NULL, NULL, NULL, 1, 1, '2015-11-29 22:56:55', NULL, NULL),
(801, 'Kanudashkathi', 8551, 468, NULL, NULL, NULL, 1, 1, '2015-11-29 22:57:16', NULL, NULL),
(802, 'Dhaoa', 8552, 468, NULL, NULL, NULL, 1, 1, '2015-11-29 22:57:28', NULL, NULL),
(803, 'Bhandaria', 8550, 468, NULL, NULL, NULL, 1, 1, '2015-11-29 22:57:40', NULL, NULL),
(804, 'Chakhar', 8531, 589, NULL, NULL, NULL, 1, 1, '2015-11-29 22:58:52', NULL, NULL),
(805, 'Banaripara', 8530, 589, NULL, NULL, NULL, 1, 1, '2015-11-29 22:59:59', NULL, NULL),
(806, 'Subidkhali', 8610, 590, NULL, NULL, NULL, 1, 1, '2015-11-29 23:00:51', NULL, NULL),
(807, 'Rahimabad', 8603, 467, NULL, NULL, NULL, 1, 1, '2015-11-29 23:01:36', NULL, NULL),
(808, 'Patuakhali Sadar', 8600, 467, NULL, NULL, NULL, 1, 1, '2015-11-29 23:40:21', NULL, NULL),
(809, 'Moukaran', 8601, 467, NULL, NULL, NULL, 1, 1, '2015-11-29 23:40:53', NULL, NULL),
(810, 'Dumkee', 8602, 467, NULL, NULL, NULL, 1, 1, '2015-11-29 23:41:05', NULL, NULL),
(811, 'Mahipur', 8651, 591, NULL, NULL, NULL, 1, 1, '2015-11-29 23:41:51', NULL, NULL),
(812, 'Khepupara', 8650, 591, NULL, NULL, NULL, 1, 1, '2015-11-29 23:42:01', NULL, NULL),
(813, 'Gazipur Bandar', 8641, 464, NULL, NULL, NULL, 1, 1, '2015-11-29 23:42:24', NULL, NULL),
(814, 'Galachipa', 8640, 464, NULL, NULL, NULL, 1, 1, '2015-11-29 23:42:37', NULL, NULL),
(815, 'Dashmina', 8630, 30, NULL, NULL, NULL, 1, 1, '2015-11-29 23:42:55', NULL, NULL),
(816, 'Kalishari', 8623, 462, NULL, NULL, NULL, 1, 1, '2015-11-29 23:43:13', NULL, NULL),
(817, 'Kalaia', 8624, 462, NULL, NULL, NULL, 1, 1, '2015-11-29 23:43:22', NULL, NULL),
(818, 'Birpasha', 8622, 462, NULL, NULL, NULL, 1, 1, '2015-11-29 23:43:33', NULL, NULL),
(819, 'Bauphal', 8620, 462, NULL, NULL, NULL, 1, 1, '2015-11-29 23:43:44', NULL, NULL),
(820, 'Bagabandar', 8621, 462, NULL, NULL, NULL, 1, 1, '2015-11-29 23:43:55', NULL, NULL),
(821, 'Nalchhiti', 8420, 460, NULL, NULL, NULL, 1, 1, '2015-11-29 23:44:38', NULL, NULL),
(822, 'Beerkathi', 8421, 460, NULL, NULL, NULL, 1, 1, '2015-11-29 23:44:50', NULL, NULL),
(823, 'Shoulajalia', 8433, 459, NULL, NULL, NULL, 1, 1, '2015-11-29 23:48:43', NULL, NULL),
(824, 'Niamatee', 8432, 459, NULL, NULL, NULL, 1, 1, '2015-11-29 23:48:55', NULL, NULL),
(825, 'Kathalia', 8430, 459, NULL, NULL, NULL, 1, 1, '2015-11-29 23:58:31', NULL, NULL),
(826, 'Amua', 8431, 459, NULL, NULL, NULL, 1, 1, '2015-11-29 23:58:51', NULL, NULL),
(827, 'Shekherhat', 8404, 458, NULL, NULL, NULL, 1, 1, '2015-11-29 23:59:08', NULL, NULL),
(828, 'Nabagram', 8401, 458, NULL, NULL, NULL, 1, 1, '2015-11-29 23:59:17', NULL, NULL),
(829, 'Jhalokathi Sadar', 8400, 458, NULL, NULL, NULL, 1, 1, '2015-11-29 23:59:31', NULL, NULL),
(830, 'Gabha', 8403, 458, NULL, NULL, NULL, 1, 1, '2015-11-29 23:59:47', NULL, NULL),
(831, 'Baukathi', 8402, 458, NULL, NULL, NULL, 1, 1, '2015-11-30 00:00:03', NULL, NULL),
(832, 'Lalmohan UPO', 8330, 455, NULL, NULL, NULL, 1, 1, '2015-11-30 00:00:31', NULL, NULL),
(833, 'Gazaria', 8332, 455, NULL, NULL, NULL, 1, 1, '2015-11-30 00:00:44', NULL, NULL),
(834, 'Daurihat', 8331, 455, NULL, NULL, NULL, 1, 1, '2015-11-30 00:00:56', NULL, NULL),
(835, 'Hatshoshiganj', 8350, 592, NULL, NULL, NULL, 1, 1, '2015-11-30 00:01:31', NULL, NULL),
(836, 'Hajirhat', 8360, 593, NULL, NULL, NULL, 1, 1, '2015-11-30 00:02:19', NULL, NULL),
(837, 'Hajipur', 8311, 454, NULL, NULL, NULL, 1, 1, '2015-11-30 00:02:34', NULL, NULL),
(838, 'Doulatkhan', 8310, 454, NULL, NULL, NULL, 1, 1, '2015-11-30 00:02:46', NULL, NULL),
(839, 'Keramatganj', 8342, 453, NULL, NULL, NULL, 1, 1, '2015-11-30 00:03:07', NULL, NULL),
(840, 'Dularhat', 8341, 453, NULL, NULL, NULL, 1, 1, '2015-11-30 00:03:17', NULL, NULL),
(841, 'Charfashion', 8340, 453, NULL, NULL, NULL, 1, 1, '2015-11-30 00:03:30', NULL, NULL),
(842, 'Mirzakalu', 8321, 452, NULL, NULL, NULL, 1, 1, '2015-11-30 00:03:45', NULL, NULL),
(843, 'Borhanuddin UPO', 8320, 452, NULL, NULL, NULL, 1, 1, '2015-11-30 00:03:54', NULL, NULL),
(844, 'Joynagar', 8301, 451, NULL, NULL, NULL, 1, 1, '2015-11-30 00:04:09', NULL, NULL),
(845, 'Bhola Sadar', 8300, 451, NULL, NULL, NULL, 1, 1, '2015-11-30 00:04:18', NULL, NULL),
(846, 'Wazirpur', 8220, 450, NULL, NULL, NULL, 1, 1, '2015-11-30 00:05:03', NULL, NULL),
(847, 'Shikarpur', 8224, 450, NULL, NULL, NULL, 1, 1, '2015-11-30 00:05:14', NULL, NULL),
(848, 'Jugirkanda', 8222, 450, NULL, NULL, NULL, 1, 1, '2015-11-30 00:05:26', NULL, NULL),
(849, 'Dhamura', 8221, 450, NULL, NULL, NULL, 1, 1, '2015-11-30 00:05:35', NULL, NULL),
(850, 'Dakuarhat', 8223, 450, NULL, NULL, NULL, 1, 1, '2015-11-30 00:05:47', NULL, NULL),
(851, 'Shialguni', 8283, 594, NULL, NULL, NULL, 1, 1, '2015-11-30 00:07:28', NULL, NULL),
(852, 'Sahebganj', 8280, 594, NULL, NULL, NULL, 1, 1, '2015-11-30 00:07:38', NULL, NULL),
(853, 'Padri Shibpur', 8282, 594, NULL, NULL, NULL, 1, 1, '2015-11-30 00:07:50', NULL, NULL),
(854, 'kalaskati', 8284, 594, NULL, NULL, NULL, 1, 1, '2015-11-30 00:08:04', NULL, NULL),
(855, 'Charamandi', 8281, 594, NULL, NULL, NULL, 1, 1, '2015-11-30 00:08:17', NULL, NULL),
(856, 'Muladi', 8250, 449, NULL, NULL, NULL, 1, 1, '2015-11-30 00:08:32', NULL, NULL),
(857, 'Kazirchar', 8251, 449, NULL, NULL, NULL, 1, 1, '2015-11-30 00:08:47', NULL, NULL),
(858, 'Charkalekhan', 8252, 449, NULL, NULL, NULL, 1, 1, '2015-11-30 00:09:01', NULL, NULL),
(859, 'Ulania', 8272, 448, NULL, NULL, NULL, 1, 1, '2015-11-30 00:09:17', NULL, NULL),
(860, 'Nalgora', 8273, 448, NULL, NULL, NULL, 1, 1, '2015-11-30 00:09:27', NULL, NULL),
(861, 'Mahendiganj', 8270, 448, NULL, NULL, NULL, 1, 1, '2015-11-30 00:09:39', NULL, NULL),
(862, 'Laskarpur', 8271, 448, NULL, NULL, NULL, 1, 1, '2015-11-30 00:09:52', NULL, NULL),
(863, 'Langutia', 8274, 448, NULL, NULL, NULL, 1, 1, '2015-11-30 00:10:09', NULL, NULL),
(864, 'Tarki Bandar', 8231, 445, NULL, NULL, NULL, 1, 1, '2015-11-30 00:10:38', NULL, NULL),
(865, 'Kashemabad', 8232, 445, NULL, NULL, NULL, 1, 1, '2015-11-30 00:10:48', NULL, NULL),
(866, 'Gouranadi', 8230, 445, NULL, NULL, NULL, 1, 1, '2015-11-30 00:10:58', NULL, NULL),
(867, 'Batajor', 8233, 445, NULL, NULL, NULL, 1, 1, '2015-11-30 00:11:11', NULL, NULL),
(868, 'Sugandia', 8203, 447, NULL, NULL, NULL, 1, 1, '2015-11-30 00:11:39', NULL, NULL),
(869, 'Saheberhat', 8202, 447, NULL, NULL, NULL, 1, 1, '2015-11-30 00:11:52', NULL, NULL),
(870, 'Patang', 8204, 447, NULL, NULL, NULL, 1, 1, '2015-11-30 00:12:05', NULL, NULL),
(871, 'Kashipur', 8205, 447, NULL, NULL, NULL, 1, 1, '2015-11-30 00:12:14', NULL, NULL),
(872, 'Jaguarhat', 8206, 447, NULL, NULL, NULL, 1, 1, '2015-11-30 00:12:28', NULL, NULL),
(873, 'Bukhainagar', 8201, 447, NULL, NULL, NULL, 1, 1, '2015-11-30 00:12:44', NULL, NULL),
(874, 'Barishal Sadar', 8200, 447, NULL, NULL, NULL, 1, 1, '2015-11-30 00:12:54', NULL, NULL),
(875, 'Osman Manjil', 8261, 595, NULL, NULL, NULL, 1, 1, '2015-11-30 00:13:46', NULL, NULL),
(876, 'Barajalia', 8260, 595, NULL, NULL, NULL, 1, 1, '2015-11-30 00:13:57', NULL, NULL),
(877, 'Thakur Mallik', 8214, 443, NULL, NULL, NULL, 1, 1, '2015-11-30 00:14:23', NULL, NULL),
(878, 'Rahamatpur', 8211, 443, NULL, NULL, NULL, 1, 1, '2015-11-30 00:14:33', NULL, NULL),
(879, 'Nizamuddin College', 8215, 443, NULL, NULL, NULL, 1, 1, '2015-11-30 00:14:43', NULL, NULL),
(880, 'Madhabpasha', 8213, 443, NULL, NULL, NULL, 1, 1, '2015-11-30 00:14:53', NULL, NULL),
(881, 'Chandpasha', 8212, 443, NULL, NULL, NULL, 1, 1, '2015-11-30 00:15:02', NULL, NULL),
(882, 'Barishal Cadet', 8216, 443, NULL, NULL, NULL, 1, 1, '2015-11-30 00:15:12', NULL, NULL),
(883, 'Babuganj', 8210, 443, NULL, NULL, NULL, 1, 1, '2015-11-30 00:15:20', NULL, NULL),
(884, 'Paisarhat', 8242, 442, NULL, NULL, NULL, 1, 1, '2015-11-30 00:15:36', NULL, NULL),
(885, 'Gaila', 8241, 442, NULL, NULL, NULL, 1, 1, '2015-11-30 00:15:45', NULL, NULL),
(886, 'Agailzhara', 8240, 442, NULL, NULL, NULL, 1, 1, '2015-11-30 00:15:53', NULL, NULL),
(887, 'Patharghata', 8720, 441, NULL, NULL, NULL, 1, 1, '2015-11-30 00:16:18', NULL, NULL),
(888, 'Kakchira', 8721, 441, NULL, NULL, NULL, 1, 1, '2015-11-30 00:16:27', NULL, NULL),
(889, 'Darul Ulam', 8741, 440, NULL, NULL, NULL, 1, 1, '2015-11-30 00:16:45', NULL, NULL),
(890, 'Betagi', 8740, 440, NULL, NULL, NULL, 1, 1, '2015-11-30 00:16:57', NULL, NULL),
(891, 'Nali Bandar', 8701, 29, NULL, NULL, NULL, 1, 1, '2015-11-30 00:17:12', NULL, NULL),
(892, 'Barguna Sadar', 8700, 29, NULL, NULL, NULL, 1, 1, '2015-11-30 00:17:22', NULL, NULL),
(893, 'Bamna', 8730, 439, NULL, NULL, NULL, 1, 1, '2015-11-30 00:17:35', NULL, NULL),
(894, 'Amtali', 8710, 438, NULL, NULL, NULL, 1, 1, '2015-11-30 00:17:48', NULL, NULL),
(895, 'Sylhet Cadet College', 3101, 402, NULL, NULL, NULL, 1, 1, '2015-11-30 00:18:29', NULL, NULL),
(896, 'Sylhet Biman Bondar', 3102, 402, NULL, NULL, NULL, 1, 1, '2015-11-30 00:18:37', NULL, NULL),
(897, 'Sylhe Sadar', 3100, 402, NULL, NULL, NULL, 1, 1, '2015-11-30 00:18:46', NULL, NULL),
(898, 'Silam', 3105, 402, NULL, NULL, NULL, 1, 1, '2015-11-30 00:18:56', NULL, NULL),
(899, 'Shahajalal Science & Eng. University', 3114, 402, NULL, NULL, NULL, 1, 1, '2015-11-30 00:19:23', NULL, NULL),
(900, 'Ranga Hajiganj', 3109, 402, NULL, NULL, NULL, 1, 1, '2015-11-30 00:19:38', NULL, NULL),
(901, 'Mogla', 3108, 402, NULL, NULL, NULL, 1, 1, '2015-11-30 00:19:48', NULL, NULL),
(902, 'Lalbazar', 3113, 402, NULL, NULL, NULL, 1, 1, '2015-11-30 00:19:58', NULL, NULL),
(903, 'Khadimnagar', 3103, 402, NULL, NULL, NULL, 1, 1, '2015-11-30 00:20:10', NULL, NULL),
(904, 'Kamalbazer', 3112, 402, NULL, NULL, NULL, 1, 1, '2015-11-30 00:20:22', NULL, NULL),
(905, 'Kadamtali', 3111, 402, NULL, NULL, NULL, 1, 1, '2015-11-30 00:20:32', NULL, NULL),
(906, 'Jalalabad Cantoment', 3104, 402, NULL, NULL, NULL, 1, 1, '2015-11-30 00:20:44', NULL, NULL),
(907, 'Birahimpur', 3106, 402, NULL, NULL, NULL, 1, 1, '2015-11-30 00:21:03', NULL, NULL),
(908, 'Companiganj', 3140, 395, NULL, NULL, NULL, 1, 1, '2015-11-30 00:21:34', NULL, NULL),
(909, 'Manikganj', 3182, 401, NULL, NULL, NULL, 1, 1, '2015-11-30 00:21:52', NULL, NULL),
(910, 'Kanaighat', 3180, 401, NULL, NULL, NULL, 1, 1, '2015-11-30 00:22:06', NULL, NULL),
(911, 'Gachbari', 3183, 401, NULL, NULL, NULL, 1, 1, '2015-11-30 00:22:17', NULL, NULL),
(912, 'Chatulbazar', 3181, 401, NULL, NULL, NULL, 1, 1, '2015-11-30 00:22:29', NULL, NULL),
(913, 'Jakiganj', 3190, 596, NULL, NULL, NULL, 1, 1, '2015-11-30 00:23:14', NULL, NULL),
(914, 'Ichhamati', 3191, 596, NULL, NULL, NULL, 1, 1, '2015-11-30 00:23:23', NULL, NULL),
(915, 'Jainthapur', 3156, 400, NULL, NULL, NULL, 1, 1, '2015-11-30 00:23:39', NULL, NULL),
(916, 'Ranaping', 3163, 398, NULL, NULL, NULL, 1, 1, '2015-11-30 00:24:17', NULL, NULL),
(917, 'Gopalgannj', 3160, 398, NULL, NULL, NULL, 1, 1, '2015-11-30 00:24:34', NULL, NULL),
(918, 'Dhaka Dakkhin', 3161, 398, NULL, NULL, NULL, 1, 1, '2015-11-30 00:25:36', NULL, NULL),
(919, 'Dakkhin Bhadashore', 3162, 398, NULL, NULL, NULL, 1, 1, '2015-11-30 00:25:46', NULL, NULL),
(920, 'banigram', 3164, 398, NULL, NULL, NULL, 1, 1, '2015-11-30 00:26:13', NULL, NULL),
(921, 'Jaflong', 3151, 399, NULL, NULL, NULL, 1, 1, '2015-11-30 00:26:36', NULL, NULL),
(922, 'Gowainghat', 3150, 399, NULL, NULL, NULL, 1, 1, '2015-11-30 00:27:19', NULL, NULL),
(923, 'Chiknagul', 3152, 399, NULL, NULL, NULL, 1, 1, '2015-11-30 00:34:42', NULL, NULL),
(924, 'Fenchuganj SareKarkh', 3117, 397, NULL, NULL, NULL, 1, 1, '2015-11-30 00:35:03', NULL, NULL),
(925, 'Fenchuganj', 3116, 397, NULL, NULL, NULL, 1, 1, '2015-11-30 00:35:17', NULL, NULL),
(926, 'Singer kanch', 3134, 394, NULL, NULL, NULL, 1, 1, '2015-11-30 00:35:39', NULL, NULL),
(927, 'Doulathpur', 3132, 394, NULL, NULL, NULL, 1, 1, '2015-11-30 00:36:03', NULL, NULL),
(928, 'Deokalas', 3133, 394, NULL, NULL, NULL, 1, 1, '2015-11-30 00:36:29', NULL, NULL),
(929, 'Dashghar', 3131, 394, NULL, NULL, NULL, 1, 1, '2015-11-30 00:36:39', NULL, NULL),
(930, 'Bishwanath', 3130, 394, NULL, NULL, NULL, 1, 1, '2015-11-30 00:36:50', NULL, NULL),
(931, 'Salia bazar', 3174, 27, NULL, NULL, NULL, 1, 1, '2015-11-30 00:37:10', NULL, NULL),
(932, 'Mathiura', 3172, 27, NULL, NULL, NULL, 1, 1, '2015-11-30 00:37:29', NULL, NULL),
(933, 'Kurar bazar', 3173, 27, NULL, NULL, NULL, 1, 1, '2015-11-30 00:37:42', NULL, NULL),
(934, 'jaldup', 3171, 27, NULL, NULL, NULL, 1, 1, '2015-11-30 00:38:13', NULL, NULL),
(935, 'Churkai', 3175, 27, NULL, NULL, NULL, 1, 1, '2015-11-30 00:38:26', NULL, NULL),
(936, 'Beanibazar', 3170, 27, NULL, NULL, NULL, 1, 1, '2015-11-30 00:38:55', NULL, NULL),
(937, 'Tajpur', 3123, 393, NULL, NULL, NULL, 1, 1, '2015-11-30 00:39:11', NULL, NULL),
(938, 'Omarpur', 3126, 393, NULL, NULL, NULL, 1, 1, '2015-11-30 00:39:22', NULL, NULL),
(939, 'Natun Bazar', 3129, 393, NULL, NULL, NULL, 1, 1, '2015-11-30 00:39:34', NULL, NULL),
(940, 'Kathal Khair', 3127, 393, NULL, NULL, NULL, 1, 1, '2015-11-30 00:39:45', NULL, NULL),
(941, 'Karua', 3121, 393, NULL, NULL, NULL, 1, 1, '2015-11-30 00:39:54', NULL, NULL),
(942, 'Goala Bazar', 3124, 393, NULL, NULL, NULL, 1, 1, '2015-11-30 00:40:04', NULL, NULL),
(943, 'Gaharpur', 3128, 393, NULL, NULL, NULL, 1, 1, '2015-11-30 00:40:16', NULL, NULL),
(944, 'Brahman Shashon', 3122, 393, NULL, NULL, NULL, 1, 1, '2015-11-30 00:40:29', NULL, NULL),
(945, 'Begumpur', 3125, 393, NULL, NULL, NULL, 1, 1, '2015-11-30 00:40:41', NULL, NULL),
(946, 'Balaganj', 3120, 393, NULL, NULL, NULL, 1, 1, '2015-11-30 00:40:55', NULL, NULL),
(947, 'Tahirpur', 3030, 392, NULL, NULL, NULL, 1, 1, '2015-11-30 00:41:30', NULL, NULL),
(948, 'Sunamganj Sadar', 3000, 391, NULL, NULL, NULL, 1, 1, '2015-11-30 00:41:46', NULL, NULL),
(949, 'Patharia', 3002, 391, NULL, NULL, NULL, 1, 1, '2015-11-30 00:41:58', NULL, NULL),
(950, 'Pagla', 3001, 391, NULL, NULL, NULL, 1, 1, '2015-11-30 00:42:09', NULL, NULL),
(951, '  Syedpur  ', 3061, 389, NULL, NULL, NULL, 1, 1, '2015-11-30 00:43:09', NULL, NULL),
(952, 'Shiramsi', 3065, 389, NULL, NULL, NULL, 1, 1, '2015-11-30 00:43:36', NULL, NULL),
(953, 'Rasulganj', 3064, 389, NULL, NULL, NULL, 1, 1, '2015-11-30 00:44:08', NULL, NULL),
(954, 'Jagnnathpur', 3060, 389, NULL, NULL, NULL, 1, 1, '2015-11-30 00:44:22', NULL, NULL),
(955, 'Hasan Fatemapur', 3063, 389, NULL, NULL, NULL, 1, 1, '2015-11-30 00:44:43', NULL, NULL),
(956, 'Atuajan', 3062, 389, NULL, NULL, NULL, 1, 1, '2015-11-30 00:45:02', NULL, NULL),
(957, 'Duara bazar', 3070, 388, NULL, NULL, NULL, 1, 1, '2015-11-30 00:45:36', NULL, NULL),
(958, 'Jagdal', 3041, 597, NULL, NULL, NULL, 1, 1, '2015-11-30 00:46:52', NULL, NULL),
(959, 'Dhirai Chandpur', 3040, 597, NULL, NULL, NULL, 1, 1, '2015-11-30 00:47:03', NULL, NULL),
(960, 'Moinpur', 3086, 384, NULL, NULL, NULL, 1, 1, '2015-11-30 03:25:20', NULL, NULL),
(961, 'Khurma', 3085, 384, NULL, NULL, NULL, 1, 1, '2015-11-30 03:25:31', NULL, NULL),
(962, 'jahidpur', 3087, 384, NULL, NULL, NULL, 1, 1, '2015-11-30 03:25:43', NULL, NULL),
(963, 'Islamabad', 3088, 384, NULL, NULL, NULL, 1, 1, '2015-11-30 03:26:03', NULL, NULL),
(964, 'Gabindaganj Natun Ba', 3084, 384, NULL, NULL, NULL, 1, 1, '2015-11-30 03:26:22', NULL, NULL),
(965, 'Gabindaganj', 3083, 384, NULL, NULL, NULL, 1, 1, '2015-11-30 03:26:32', NULL, NULL),
(966, 'Chourangi Bazar', 3893, 384, NULL, NULL, NULL, 1, 1, '2015-11-30 03:26:47', NULL, NULL),
(967, 'Chhatak Paper Mills', 3082, 384, NULL, NULL, NULL, 1, 1, '2015-11-30 03:27:02', NULL, NULL),
(968, 'Chhatak Cement Facto', 3081, 384, NULL, NULL, NULL, 1, 1, '2015-11-30 03:27:13', NULL, NULL),
(969, 'Chhatak', 3080, 384, NULL, NULL, NULL, 1, 1, '2015-11-30 03:27:24', NULL, NULL),
(970, 'Bishamsapur', 3010, 383, NULL, NULL, NULL, 1, 1, '2015-11-30 03:27:43', NULL, NULL),
(971, 'Sreemangal', 3210, 382, NULL, NULL, NULL, 1, 1, '2015-11-30 03:28:25', NULL, NULL),
(972, 'Satgaon', 3214, 382, NULL, NULL, NULL, 1, 1, '2015-11-30 03:28:42', NULL, NULL),
(973, 'Narain Chora', 3211, 382, NULL, NULL, NULL, 1, 1, '2015-11-30 03:28:54', NULL, NULL),
(974, 'Khejurichhara', 3213, 382, NULL, NULL, NULL, 1, 1, '2015-11-30 03:29:05', NULL, NULL),
(975, 'Kalighat', 3212, 382, NULL, NULL, NULL, 1, 1, '2015-11-30 03:29:27', NULL, NULL),
(976, 'Rajnagar', 3240, 381, NULL, NULL, NULL, 1, 1, '2015-11-30 03:29:43', NULL, NULL),
(977, 'Moulvibazar Sadar', 3200, 380, NULL, NULL, NULL, 1, 1, '2015-11-30 03:29:58', NULL, NULL),
(978, 'Monumukh', 3202, 380, NULL, NULL, NULL, 1, 1, '2015-11-30 03:30:12', NULL, NULL),
(979, 'Barakapan', 3201, 380, NULL, NULL, NULL, 1, 1, '2015-11-30 03:30:36', NULL, NULL),
(980, 'Afrozganj', 3203, 380, NULL, NULL, NULL, 1, 1, '2015-11-30 03:30:50', NULL, NULL),
(981, 'Tillagaon', 3231, 379, NULL, NULL, NULL, 1, 1, '2015-11-30 03:31:21', NULL, NULL),
(982, 'Prithimpasha', 3233, 379, NULL, NULL, NULL, 1, 1, '2015-11-30 03:31:31', NULL, NULL),
(983, 'Langla', 3232, 379, NULL, NULL, NULL, 1, 1, '2015-11-30 03:31:45', NULL, NULL),
(984, 'Kulaura', 3230, 379, NULL, NULL, NULL, 1, 1, '2015-11-30 03:32:02', NULL, NULL),
(985, 'Kajaldhara', 3234, 379, NULL, NULL, NULL, 1, 1, '2015-11-30 03:32:25', NULL, NULL),
(986, 'Baramchal', 3237, 379, NULL, NULL, NULL, 1, 1, '2015-11-30 03:33:02', NULL, NULL),
(987, 'Shamsher Nagar', 3223, 378, NULL, NULL, NULL, 1, 1, '2015-11-30 03:34:37', NULL, NULL),
(988, 'Patrakhola', 3222, 378, NULL, NULL, NULL, 1, 1, '2015-11-30 03:34:50', NULL, NULL),
(989, 'Munshibazar', 3224, 378, NULL, NULL, NULL, 1, 1, '2015-11-30 03:35:04', NULL, NULL),
(990, 'Keramatnaga', 3221, 378, NULL, NULL, NULL, 1, 1, '2015-11-30 03:35:19', NULL, NULL),
(991, 'Kamalganj', 3220, 378, NULL, NULL, NULL, 1, 1, '2015-11-30 03:35:36', NULL, NULL),
(992, 'Purbashahabajpur', 3253, 376, NULL, NULL, NULL, 1, 1, '2015-11-30 03:36:02', NULL, NULL),
(993, 'Juri', 3251, 376, NULL, NULL, NULL, 1, 1, '2015-11-30 03:36:22', NULL, NULL),
(994, 'Dhakkhinbag', 3252, 376, NULL, NULL, NULL, 1, 1, '2015-11-30 03:36:58', NULL, NULL),
(995, 'Baralekha', 3250, 376, NULL, NULL, NULL, 1, 1, '2015-11-30 03:38:11', NULL, NULL),
(996, 'Inathganj', 3374, 375, NULL, NULL, NULL, 1, 1, '2015-11-30 03:41:00', NULL, NULL),
(997, 'Goplarbazar', 3371, 375, NULL, NULL, NULL, 1, 1, '2015-11-30 03:41:15', NULL, NULL),
(998, 'Golduba', 3372, 375, NULL, NULL, NULL, 1, 1, '2015-11-30 03:41:31', NULL, NULL),
(999, 'Digalbak', 3373, 375, NULL, NULL, NULL, 1, 1, '2015-11-30 03:41:46', NULL, NULL),
(1000, 'Shahajibazar', 3332, 374, NULL, NULL, NULL, 1, 1, '2015-11-30 03:42:31', NULL, NULL),
(1001, 'Saihamnagar', 3333, 374, NULL, NULL, NULL, 1, 1, '2015-11-30 03:42:44', NULL, NULL),
(1002, 'Madhabpur', 3330, 374, NULL, NULL, NULL, 1, 1, '2015-11-30 03:42:56', NULL, NULL),
(1003, 'Itakhola', 3331, 374, NULL, NULL, NULL, 1, 1, '2015-11-30 03:43:11', NULL, NULL),
(1004, 'Shaestaganj', 3301, 373, NULL, NULL, NULL, 1, 1, '2015-11-30 03:43:41', NULL, NULL),
(1005, 'Hobiganj Sadar', 3300, 373, NULL, NULL, NULL, 1, 1, '2015-11-30 03:43:52', NULL, NULL),
(1006, 'Gopaya', 3302, 373, NULL, NULL, NULL, 1, 1, '2015-11-30 03:44:10', NULL, NULL),
(1007, 'Narapati', 3322, 372, NULL, NULL, NULL, 1, 1, '2015-11-30 03:45:07', NULL, NULL),
(1008, 'Chunarughat', 3320, 372, NULL, NULL, NULL, 1, 1, '2015-11-30 03:45:22', NULL, NULL),
(1009, 'Chandpurbagan', 3321, 372, NULL, NULL, NULL, 1, 1, '2015-11-30 03:45:36', NULL, NULL),
(1010, 'Azmireeganj', 3360, 369, NULL, NULL, NULL, 1, 1, '2015-11-30 04:27:37', NULL, NULL),
(1011, 'Bahubal', 3310, 370, NULL, NULL, NULL, 1, 1, '2015-11-30 04:27:57', NULL, NULL),
(1012, 'Baniachang', 3350, 371, NULL, NULL, NULL, 1, 1, '2015-11-30 04:28:11', NULL, NULL),
(1013, 'Jatrapasha', 3351, 371, NULL, NULL, NULL, 1, 1, '2015-11-30 04:28:26', NULL, NULL),
(1014, 'Kadirganj', 3352, 371, NULL, NULL, NULL, 1, 1, '2015-11-30 04:28:48', NULL, NULL),
(1015, 'Rangamati Sadar', 4500, 414, NULL, NULL, NULL, 1, 1, '2015-11-30 04:30:27', NULL, NULL),
(1016, 'Rajsthali', 4540, 413, NULL, NULL, NULL, 1, 1, '2015-11-30 04:30:45', NULL, NULL),
(1017, 'Nanichhar', 4520, 412, NULL, NULL, NULL, 1, 1, '2015-11-30 04:31:00', NULL, NULL),
(1018, 'Marishya', 4590, 599, NULL, NULL, NULL, 1, 1, '2015-11-30 04:32:00', NULL, NULL),
(1019, 'Longachh', 4580, 599, NULL, NULL, NULL, 1, 1, '2015-11-30 04:32:21', NULL, NULL),
(1020, 'Kaptai Project', 4532, 409, NULL, NULL, NULL, 1, 1, '2015-11-30 04:32:42', NULL, NULL),
(1021, 'Kaptai Nuton Bazar', 4533, 409, NULL, NULL, NULL, 1, 1, '2015-11-30 04:32:52', NULL, NULL),
(1022, 'Kaptai', 4530, 409, NULL, NULL, NULL, 1, 1, '2015-11-30 04:33:03', NULL, NULL),
(1023, 'Chandraghona', 4531, 409, NULL, NULL, NULL, 1, 1, '2015-11-30 04:33:17', NULL, NULL),
(1024, 'Jarachhari', 4560, 410, NULL, NULL, NULL, 1, 1, '2015-11-30 04:33:56', NULL, NULL),
(1025, 'Kalampati', 4510, 600, NULL, NULL, NULL, 1, 1, '2015-11-30 04:34:45', NULL, NULL),
(1026, 'Betbunia', 4511, 600, NULL, NULL, NULL, 1, 1, '2015-11-30 04:34:56', NULL, NULL),
(1027, 'Baghaaichhari', 4550, 405, NULL, NULL, NULL, 1, 1, '2015-11-30 04:35:41', NULL, NULL),
(1028, 'Barakal', 4570, 406, NULL, NULL, NULL, 1, 1, '2015-11-30 04:35:55', NULL, NULL),
(1029, 'T.P. Lamua', 3865, 64, NULL, NULL, NULL, 1, 1, '2015-11-30 04:36:49', NULL, NULL),
(1030, 'Senbag', 3860, 64, NULL, NULL, NULL, 1, 1, '2015-11-30 04:37:02', NULL, NULL),
(1031, 'Kankirhat', 3863, 64, NULL, NULL, NULL, 1, 1, '2015-11-30 04:37:47', NULL, NULL),
(1032, 'Kallyandi', 3861, 64, NULL, NULL, NULL, 1, 1, '2015-11-30 04:38:03', NULL, NULL),
(1033, 'Chatarpaia', 3864, 64, NULL, NULL, NULL, 1, 1, '2015-11-30 04:38:32', NULL, NULL),
(1034, 'Beezbag', 3862, 64, NULL, NULL, NULL, 1, 1, '2015-11-30 04:38:46', NULL, NULL),
(1035, 'Sonapur', 3802, 67, NULL, NULL, NULL, 1, 1, '2015-11-30 04:39:09', NULL, NULL),
(1036, 'Pak Kishoreganj', 3804, 67, NULL, NULL, NULL, 1, 1, '2015-11-30 04:39:24', NULL, NULL),
(1037, 'Noakhali Sadar', 3800, 67, NULL, NULL, NULL, 1, 1, '2015-11-30 04:39:38', NULL, NULL),
(1038, 'Noakhali College', 3801, 67, NULL, NULL, NULL, 1, 1, '2015-11-30 04:39:47', NULL, NULL),
(1039, 'Mriddarhat', 3806, 67, NULL, NULL, NULL, 1, 1, '2015-11-30 04:39:58', NULL, NULL),
(1040, 'Khalifar Hat', 3808, 67, NULL, NULL, NULL, 1, 1, '2015-11-30 04:40:22', NULL, NULL),
(1041, 'Kabirhat', 3807, 67, NULL, NULL, NULL, 1, 1, '2015-11-30 04:40:31', NULL, NULL),
(1042, 'Din Monir Hat', 3803, 67, NULL, NULL, NULL, 1, 1, '2015-11-30 04:40:43', NULL, NULL),
(1043, 'Charam Tua', 3809, 67, NULL, NULL, NULL, 1, 1, '2015-11-30 04:41:03', NULL, NULL),
(1044, 'Char Jabbar', 3812, 67, NULL, NULL, NULL, 1, 1, '2015-11-30 04:41:13', NULL, NULL),
(1045, 'Chaprashir Hat', 3811, 67, NULL, NULL, NULL, 1, 1, '2015-11-30 04:41:28', NULL, NULL),
(1046, 'Tamoraddi', 3892, 15, NULL, NULL, NULL, 1, 1, '2015-11-30 04:42:27', NULL, NULL),
(1047, 'Hatiya', 3890, 15, NULL, NULL, NULL, 1, 1, '2015-11-30 04:42:52', NULL, NULL),
(1048, 'Afazia', 3891, 15, NULL, NULL, NULL, 1, 1, '2015-11-30 04:43:01', NULL, NULL),
(1049, 'Solla', 3875, 62, NULL, NULL, NULL, 1, 1, '2015-11-30 04:43:18', NULL, NULL),
(1050, 'Shingbahura', 3883, 62, NULL, NULL, NULL, 1, 1, '2015-11-30 04:43:29', NULL, NULL),
(1051, 'Sampara', 3882, 62, NULL, NULL, NULL, 1, 1, '2015-11-30 04:43:39', NULL, NULL),
(1052, 'Sahapur', 3881, 62, NULL, NULL, NULL, 1, 1, '2015-11-30 04:43:48', NULL, NULL),
(1053, 'Rezzakpur', 3874, 62, NULL, NULL, NULL, 1, 1, '2015-11-30 04:44:09', NULL, NULL),
(1054, 'Palla', 3871, 62, NULL, NULL, NULL, 1, 1, '2015-11-30 04:44:17', NULL, NULL),
(1055, 'Khilpara', 3872, 62, NULL, NULL, NULL, 1, 1, '2015-11-30 04:44:29', NULL, NULL),
(1056, 'Karihati', 3877, 62, NULL, NULL, NULL, 1, 1, '2015-11-30 04:44:42', NULL, NULL),
(1057, 'Dosh Gharia', 3878, 62, NULL, NULL, NULL, 1, 1, '2015-11-30 04:44:53', NULL, NULL),
(1058, 'Chatkhil', 3870, 62, NULL, NULL, NULL, 1, 1, '2015-11-30 04:45:04', NULL, NULL),
(1059, 'Bodalcourt', 3873, 62, NULL, NULL, NULL, 1, 1, '2015-11-30 04:45:16', NULL, NULL),
(1060, 'Bansa Bazar', 3879, 62, NULL, NULL, NULL, 1, 1, '2015-11-30 04:45:25', NULL, NULL),
(1061, 'Thanar Hat', 3845, 61, NULL, NULL, NULL, 1, 1, '2015-11-30 04:46:03', NULL, NULL),
(1062, 'Tangirpar', 3832, 61, NULL, NULL, NULL, 1, 1, '2015-11-30 04:46:15', NULL, NULL),
(1063, 'Sonaimuri', 3827, 61, NULL, NULL, NULL, 1, 1, '2015-11-30 04:46:25', NULL, NULL),
(1064, 'Rajganj', 3834, 61, NULL, NULL, NULL, 1, 1, '2015-11-30 04:46:38', NULL, NULL),
(1065, 'Oachhekpur', 3835, 61, NULL, NULL, NULL, 1, 1, '2015-11-30 04:46:48', NULL, NULL),
(1066, 'Nandiapara', 3841, 61, NULL, NULL, NULL, 1, 1, '2015-11-30 04:46:59', NULL, NULL),
(1067, 'Nadona', 3839, 61, NULL, NULL, NULL, 1, 1, '2015-11-30 04:47:10', NULL, NULL),
(1068, 'Mir Owarishpur', 3823, 61, NULL, NULL, NULL, 1, 1, '2015-11-30 04:47:25', NULL, NULL),
(1069, 'Maheshganj', 3838, 61, NULL, NULL, NULL, 1, 1, '2015-11-30 04:47:39', NULL, NULL),
(1070, 'Khalishpur', 3842, 61, NULL, NULL, NULL, 1, 1, '2015-11-30 04:47:48', NULL, NULL),
(1071, 'Khalafat Bazar', 3833, 61, NULL, NULL, NULL, 1, 1, '2015-11-30 04:47:58', NULL, NULL),
(1072, 'Joynarayanpur', 3829, 61, NULL, NULL, NULL, 1, 1, '2015-11-30 04:48:11', NULL, NULL),
(1073, 'Joyag', 3844, 61, NULL, NULL, NULL, 1, 1, '2015-11-30 04:48:21', NULL, NULL),
(1074, 'Jamidar Hat', 3825, 61, NULL, NULL, NULL, 1, 1, '2015-11-30 04:49:25', NULL, NULL),
(1075, 'Gapalpur', 3828, 61, NULL, NULL, NULL, 1, 1, '2015-11-30 04:49:53', NULL, NULL),
(1076, 'Daurgapur', 3848, 61, NULL, NULL, NULL, 1, 1, '2015-11-30 04:50:22', NULL, NULL),
(1077, 'Dauti', 3843, 61, NULL, NULL, NULL, 1, 1, '2015-11-30 04:50:39', NULL, NULL),
(1078, 'Choumohani', 3821, 61, NULL, NULL, NULL, 1, 1, '2015-11-30 04:50:51', NULL, NULL),
(1079, 'Bhabani Jibanpur', 3837, 61, NULL, NULL, NULL, 1, 1, '2015-11-30 04:51:06', NULL, NULL),
(1080, 'Begumganj', 3820, 61, NULL, NULL, NULL, 1, 1, '2015-11-30 04:51:17', NULL, NULL),
(1081, 'Bazra', 3824, 61, NULL, NULL, NULL, 1, 1, '2015-11-30 04:51:31', NULL, NULL),
(1082, 'Banglabazar', 3822, 61, NULL, NULL, NULL, 1, 1, '2015-11-30 05:02:22', NULL, NULL),
(1083, 'Amisha Para', 3847, 61, NULL, NULL, NULL, 1, 1, '2015-11-30 05:02:33', NULL, NULL),
(1084, 'Alaiarpur', 3831, 61, NULL, NULL, NULL, 1, 1, '2015-11-30 05:02:44', NULL, NULL),
(1085, 'Charhajari', 3851, 601, NULL, NULL, NULL, 1, 1, '2015-11-30 05:03:43', NULL, NULL),
(1086, 'Basur Hat', 3850, 601, NULL, NULL, NULL, 1, 1, '2015-11-30 05:03:52', NULL, NULL),
(1087, 'Raypur', 3710, 58, NULL, NULL, NULL, 1, 1, '2015-11-30 05:04:22', NULL, NULL),
(1088, 'Rakhallia', 3711, 58, NULL, NULL, NULL, 1, 1, '2015-11-30 05:04:35', NULL, NULL),
(1089, 'Nagerdighirpar', 3712, 58, NULL, NULL, NULL, 1, 1, '2015-11-30 05:04:46', NULL, NULL),
(1090, 'Haydarganj', 3713, 58, NULL, NULL, NULL, 1, 1, '2015-11-30 05:04:57', NULL, NULL),
(1091, 'Bhuabari', 3714, 58, NULL, NULL, NULL, 1, 1, '2015-11-30 05:05:16', NULL, NULL),
(1092, 'Ramganj', 3720, 59, NULL, NULL, NULL, 1, 1, '2015-11-30 05:05:32', NULL, NULL),
(1093, 'Panpara', 3722, 59, NULL, NULL, NULL, 1, 1, '2015-11-30 05:05:43', NULL, NULL),
(1094, 'Naagmud', 3724, 59, NULL, NULL, NULL, 1, 1, '2015-11-30 05:05:56', NULL, NULL),
(1095, 'Kanchanpur', 3723, 59, NULL, NULL, NULL, 1, 1, '2015-11-30 05:06:05', NULL, NULL),
(1096, 'Dolta', 3725, 59, NULL, NULL, NULL, 1, 1, '2015-11-30 05:06:22', NULL, NULL),
(1097, 'Alipur', 3721, 59, NULL, NULL, NULL, 1, 1, '2015-11-30 05:06:29', NULL, NULL),
(1098, 'Rupchara', 3705, 57, NULL, NULL, NULL, 1, 1, '2015-11-30 05:06:46', NULL, NULL),
(1099, 'Mandari', 3703, 57, NULL, NULL, NULL, 1, 1, '2015-11-30 05:06:56', NULL, NULL),
(1100, 'Lakshimpur Sadar', 3700, 57, NULL, NULL, NULL, 1, 1, '2015-11-30 05:07:09', NULL, NULL),
(1101, 'Duttapara', 3706, 57, NULL, NULL, NULL, 1, 1, '2015-11-30 05:07:32', NULL, NULL),
(1102, 'Dalal Bazar', 3701, 57, NULL, NULL, NULL, 1, 1, '2015-11-30 05:07:44', NULL, NULL),
(1103, 'Choupalli', 3707, 57, NULL, NULL, NULL, 1, 1, '2015-11-30 05:07:57', NULL, NULL),
(1104, 'Chandraganj', 3708, 57, NULL, NULL, NULL, 1, 1, '2015-11-30 05:08:54', NULL, NULL),
(1105, 'Bhabaniganj', 3702, 57, NULL, NULL, NULL, 1, 1, '2015-11-30 05:09:06', NULL, NULL),
(1106, 'Amani Lakshimpur', 3709, 57, NULL, NULL, NULL, 1, 1, '2015-11-30 05:09:18', NULL, NULL),
(1107, 'Hajirghat', 3731, 602, NULL, NULL, NULL, 1, 1, '2015-11-30 05:10:37', NULL, NULL),
(1108, 'Char Alexgander', 3730, 602, NULL, NULL, NULL, 1, 1, '2015-11-30 05:10:48', NULL, NULL),
(1109, 'Ramghar Head Office', 4440, 603, NULL, NULL, NULL, 1, 1, '2015-11-30 05:11:03', NULL, NULL),
(1110, 'Panchhari', 4410, 54, NULL, NULL, NULL, 1, 1, '2015-11-30 05:12:15', NULL, NULL),
(1111, 'Matiranga', 4450, 53, NULL, NULL, NULL, 1, 1, '2015-11-30 05:12:30', NULL, NULL),
(1112, 'Manikchhari', 4460, 52, NULL, NULL, NULL, 1, 1, '2015-11-30 05:12:45', NULL, NULL),
(1113, 'Laxmichhari', 4470, 50, NULL, NULL, NULL, 1, 1, '2015-11-30 05:13:05', NULL, NULL),
(1114, 'Khagrachari Sadar', 4400, 49, NULL, NULL, NULL, 1, 1, '2015-11-30 05:13:16', NULL, NULL),
(1115, 'Diginala', 4420, 48, NULL, NULL, NULL, 1, 1, '2015-11-30 05:13:29', NULL, NULL);
INSERT INTO `sa_postoffices` (`POST_OFFICE_ID`, `POST_OFFICE_ENAME`, `POST_CODE`, `THANA_ID`, `THANA_NAME`, `ORDER_SL`, `UD_POFFICE_ID`, `ACTIVE_FLAG`, `CREATED_BY`, `CREATE_DATE`, `UPDATED_BY`, `UPDATE_DATE`) VALUES
(1116, 'Sonagazi', 3930, 47, NULL, NULL, NULL, 1, 1, '2015-11-30 05:13:51', NULL, NULL),
(1117, 'Motiganj', 3931, 47, NULL, NULL, NULL, 1, 1, '2015-11-30 05:14:05', NULL, NULL),
(1118, 'Kazirhat', 3933, 47, NULL, NULL, NULL, 1, 1, '2015-11-30 05:14:13', NULL, NULL),
(1119, 'Ahmadpur', 3932, 47, NULL, NULL, NULL, 1, 1, '2015-11-30 05:14:22', NULL, NULL),
(1120, 'Shuarbazar', 3941, 46, NULL, NULL, NULL, 1, 1, '2015-11-30 05:14:45', NULL, NULL),
(1121, 'Pashurampur', 3940, 46, NULL, NULL, NULL, 1, 1, '2015-11-30 05:14:55', NULL, NULL),
(1122, 'Fulgazi', 3942, 46, NULL, NULL, NULL, 1, 1, '2015-11-30 05:15:13', NULL, NULL),
(1123, 'Sharshadie', 3902, 44, NULL, NULL, NULL, 1, 1, '2015-11-30 05:15:25', NULL, NULL),
(1124, 'Laskarhat', 3903, 44, NULL, NULL, NULL, 1, 1, '2015-11-30 05:15:33', NULL, NULL),
(1125, 'Feni Sadar', 3900, 44, NULL, NULL, NULL, 1, 1, '2015-11-30 05:41:05', NULL, NULL),
(1126, 'Fazilpur', 3901, 44, NULL, NULL, NULL, 1, 1, '2015-11-30 05:41:16', NULL, NULL),
(1127, 'Dudmukha', 3921, 7, NULL, NULL, NULL, 1, 1, '2015-11-30 05:41:55', NULL, NULL),
(1128, 'Dagondhuia', 3920, 7, NULL, NULL, NULL, 1, 1, '2015-11-30 05:42:05', NULL, NULL),
(1129, 'Chhilonia', 3922, 7, NULL, NULL, NULL, 1, 1, '2015-11-30 05:42:16', NULL, NULL),
(1130, 'Puabashimulia', 3913, 6, NULL, NULL, NULL, 1, 1, '2015-11-30 05:42:38', NULL, NULL),
(1131, 'Daraga Hat', 3912, 6, NULL, NULL, NULL, 1, 1, '2015-11-30 05:43:06', NULL, NULL),
(1132, 'Chhagalnaia', 3910, 6, NULL, NULL, NULL, 1, 1, '2015-11-30 05:43:17', NULL, NULL),
(1133, 'Ukhia', 4750, 5, NULL, NULL, NULL, 1, 1, '2015-11-30 05:43:49', NULL, NULL),
(1134, 'Teknaf', 4760, 4, NULL, NULL, NULL, 1, 1, '2015-11-30 05:44:01', NULL, NULL),
(1135, 'St.Martin', 4762, 4, NULL, NULL, NULL, 1, 1, '2015-11-30 05:44:13', NULL, NULL),
(1136, 'Hnila', 4761, 4, NULL, NULL, NULL, 1, 1, '2015-11-30 05:44:25', NULL, NULL),
(1137, 'Ramu', 4730, 3, NULL, NULL, NULL, 1, 1, '2015-11-30 05:44:39', NULL, NULL),
(1138, 'Kutubdia', 4720, 541, NULL, NULL, NULL, 1, 1, '2015-11-30 05:44:57', NULL, NULL),
(1139, 'Gorakghat', 4710, 604, NULL, NULL, NULL, 1, 1, '2015-11-30 05:45:42', NULL, NULL),
(1140, 'Zhilanja', 4701, 540, NULL, NULL, NULL, 1, 1, '2015-11-30 05:45:53', NULL, NULL),
(1141, 'Eidga', 4702, 540, NULL, NULL, NULL, 1, 1, '2015-11-30 05:46:07', NULL, NULL),
(1142, 'Coxs Bazar Sadar', 4700, 540, NULL, NULL, NULL, 1, 1, '2015-11-30 05:46:19', NULL, NULL),
(1143, 'Malumghat', 4743, 605, NULL, NULL, NULL, 1, 1, '2015-11-30 05:47:03', NULL, NULL),
(1144, 'Chiringga S.O', 4741, 605, NULL, NULL, NULL, 1, 1, '2015-11-30 05:47:13', NULL, NULL),
(1145, 'Chiringga', 4740, 605, NULL, NULL, NULL, 1, 1, '2015-11-30 05:47:23', NULL, NULL),
(1146, 'Badarkali', 4742, 605, NULL, NULL, NULL, 1, 1, '2015-11-30 05:47:34', NULL, NULL),
(1147, 'Sonakanda', 3544, 536, NULL, NULL, NULL, 1, 1, '2015-11-30 05:48:05', NULL, NULL),
(1148, 'Ramchandarpur', 3541, 536, NULL, NULL, NULL, 1, 1, '2015-11-30 05:48:19', NULL, NULL),
(1149, 'Pantibazar', 3545, 536, NULL, NULL, NULL, 1, 1, '2015-11-30 05:48:30', NULL, NULL),
(1150, 'Muradnagar', 3540, 536, NULL, NULL, NULL, 1, 1, '2015-11-30 05:48:39', NULL, NULL),
(1151, 'Companyganj', 3542, 536, NULL, NULL, NULL, 1, 1, '2015-11-30 05:48:50', NULL, NULL),
(1152, 'Bangra', 3543, 536, NULL, NULL, NULL, 1, 1, '2015-11-30 05:48:58', NULL, NULL),
(1153, 'Nangalkot', 3580, 537, NULL, NULL, NULL, 1, 1, '2015-11-30 05:49:47', NULL, NULL),
(1154, 'Gunabati', 3583, 537, NULL, NULL, NULL, 1, 1, '2015-11-30 05:50:00', NULL, NULL),
(1155, 'Dhalua', 3581, 537, NULL, NULL, NULL, 1, 1, '2015-11-30 05:50:10', NULL, NULL),
(1156, 'Chhariabazar', 3582, 537, NULL, NULL, NULL, 1, 1, '2015-11-30 05:50:23', NULL, NULL),
(1157, 'Lakshamanpur', 3571, 533, NULL, NULL, NULL, 1, 1, '2015-11-30 05:50:46', NULL, NULL),
(1158, 'Laksam', 3570, 533, NULL, NULL, NULL, 1, 1, '2015-11-30 05:50:54', NULL, NULL),
(1159, 'Bipulasar', 3572, 533, NULL, NULL, NULL, 1, 1, '2015-11-30 05:51:15', NULL, NULL),
(1160, 'Homna', 3546, 531, NULL, NULL, NULL, 1, 1, '2015-11-30 05:51:32', NULL, NULL),
(1161, 'Gangamandal', 3531, 530, NULL, NULL, NULL, 1, 1, '2015-11-30 05:51:48', NULL, NULL),
(1162, 'Dhamtee', 3533, 530, NULL, NULL, NULL, 1, 1, '2015-11-30 05:51:59', NULL, NULL),
(1163, 'Davidhar', 3530, 530, NULL, NULL, NULL, 1, 1, '2015-11-30 05:52:16', NULL, NULL),
(1164, 'Barashalghar', 3532, 530, NULL, NULL, NULL, 1, 1, '2015-11-30 05:52:30', NULL, NULL),
(1165, 'Eliotganj', 3519, 529, NULL, NULL, NULL, 1, 1, '2015-11-30 05:52:55', NULL, NULL),
(1166, 'Daudkandi', 3516, 529, NULL, NULL, NULL, 1, 1, '2015-11-30 05:53:04', NULL, NULL),
(1167, 'Dashpara', 3518, 529, NULL, NULL, NULL, 1, 1, '2015-11-30 05:53:12', NULL, NULL),
(1168, 'Suaganj', 3504, 529, NULL, NULL, NULL, 1, 1, '2015-11-30 05:53:24', NULL, NULL),
(1169, 'Halimanagar', 3502, 528, NULL, NULL, NULL, 1, 1, '2015-11-30 05:53:46', NULL, NULL),
(1170, 'Courtbari', 3503, 528, NULL, NULL, NULL, 1, 1, '2015-11-30 05:53:55', NULL, NULL),
(1171, 'Comilla Sadar', 3500, 528, NULL, NULL, NULL, 1, 1, '2015-11-30 05:54:05', NULL, NULL),
(1172, 'Comilla Contoment', 3501, 528, NULL, NULL, NULL, 1, 1, '2015-11-30 05:54:14', NULL, NULL),
(1173, 'Chouddagram', 3550, 527, NULL, NULL, NULL, 1, 1, '2015-11-30 05:54:28', NULL, NULL),
(1174, 'Chiora', 3552, 527, NULL, NULL, NULL, 1, 1, '2015-11-30 05:54:40', NULL, NULL),
(1175, 'Batisa', 3551, 527, NULL, NULL, NULL, 1, 1, '2015-11-30 05:54:51', NULL, NULL),
(1176, 'Madhaiabazar', 3511, 526, NULL, NULL, NULL, 1, 1, '2015-11-30 05:55:08', NULL, NULL),
(1177, 'Chandia', 3510, 526, NULL, NULL, NULL, 1, 1, '2015-11-30 05:55:19', NULL, NULL),
(1178, 'Maynamoti bazar', 3521, 525, NULL, NULL, NULL, 1, 1, '2015-11-30 05:55:34', NULL, NULL),
(1179, 'Burichang', 3520, 525, NULL, NULL, NULL, 1, 1, '2015-11-30 05:55:44', NULL, NULL),
(1180, 'Brahmanpara', 3526, 524, NULL, NULL, NULL, 1, 1, '2015-11-30 05:55:56', NULL, NULL),
(1181, 'Poyalgachha', 3561, 523, NULL, NULL, NULL, 1, 1, '2015-11-30 05:56:08', NULL, NULL),
(1182, 'Murdafarganj', 3562, 523, NULL, NULL, NULL, 1, 1, '2015-11-30 05:56:17', NULL, NULL),
(1183, 'Barura', 3560, 523, NULL, NULL, NULL, 1, 1, '2015-11-30 05:56:28', NULL, NULL),
(1184, 'Sitakunda', 4310, 522, NULL, NULL, NULL, 1, 1, '2015-11-30 05:57:05', NULL, NULL),
(1185, 'Kumira', 4314, 522, NULL, NULL, NULL, 1, 1, '2015-11-30 05:57:16', NULL, NULL),
(1186, 'Jafrabad', 4317, 522, NULL, NULL, NULL, 1, 1, '2015-11-30 05:57:26', NULL, NULL),
(1187, 'Fouzdarhat', 4316, 522, NULL, NULL, NULL, 1, 1, '2015-11-30 05:57:41', NULL, NULL),
(1188, 'Bhatiari', 4315, 522, NULL, NULL, NULL, 1, 1, '2015-11-30 05:57:51', NULL, NULL),
(1189, 'Bawashbaria', 4313, 522, NULL, NULL, NULL, 1, 1, '2015-11-30 05:58:01', NULL, NULL),
(1190, 'Baroidhala', 4311, 522, NULL, NULL, NULL, 1, 1, '2015-11-30 05:58:10', NULL, NULL),
(1191, 'Barabkunda', 4312, 522, NULL, NULL, NULL, 1, 1, '2015-11-30 05:58:23', NULL, NULL),
(1192, 'Satkania', 4386, 522, NULL, NULL, NULL, 1, 1, '2015-11-30 05:58:36', NULL, NULL),
(1193, 'Bazalia', 4388, 522, NULL, NULL, NULL, 1, 1, '2015-11-30 05:58:46', NULL, NULL),
(1194, 'Baitul Ijjat', 4387, 522, NULL, NULL, NULL, 1, 1, '2015-11-30 05:59:00', NULL, NULL),
(1195, 'Urirchar', 4302, 520, NULL, NULL, NULL, 1, 1, '2015-11-30 05:59:15', NULL, NULL),
(1196, 'Shiberhat', 4301, 520, NULL, NULL, NULL, 1, 1, '2015-11-30 05:59:25', NULL, NULL),
(1197, 'Sandwip', 4300, 520, NULL, NULL, NULL, 1, 1, '2015-11-30 05:59:33', NULL, NULL),
(1198, 'Rouzan', 4340, 519, NULL, NULL, NULL, 1, 1, '2015-11-30 05:59:49', NULL, NULL),
(1199, 'Mohamuni', 4348, 519, NULL, NULL, NULL, 1, 1, '2015-11-30 06:00:02', NULL, NULL),
(1200, 'Kundeshwari', 4342, 519, NULL, NULL, NULL, 1, 1, '2015-11-30 06:00:13', NULL, NULL),
(1201, 'jagannath Hat', 4344, 519, NULL, NULL, NULL, 1, 1, '2015-11-30 06:00:24', NULL, NULL),
(1202, 'Guzra Noapara', 4346, 519, NULL, NULL, NULL, 1, 1, '2015-11-30 06:00:38', NULL, NULL),
(1203, 'Gahira', 4343, 519, NULL, NULL, NULL, 1, 1, '2015-11-30 06:00:49', NULL, NULL),
(1204, 'Fatepur', 4345, 519, NULL, NULL, NULL, 1, 1, '2015-11-30 06:00:57', NULL, NULL),
(1205, 'Dewanpur', 4347, 519, NULL, NULL, NULL, 1, 1, '2015-11-30 06:01:10', NULL, NULL),
(1206, 'Beenajuri', 4341, 519, NULL, NULL, NULL, 1, 1, '2015-11-30 06:01:19', NULL, NULL),
(1207, 'B.I.T Post Office', 4349, 519, NULL, NULL, NULL, 1, 1, '2015-11-30 06:01:30', NULL, NULL),
(1208, 'Rangunia', 4360, 519, NULL, NULL, NULL, 1, 1, '2015-11-30 06:01:41', NULL, NULL),
(1209, 'Dhamair', 4361, 519, NULL, NULL, NULL, 1, 1, '2015-11-30 06:01:49', NULL, NULL),
(1210, 'Patia Head Office', 4370, 516, NULL, NULL, NULL, 1, 1, '2015-11-30 06:02:03', NULL, NULL),
(1211, 'Budhpara', 4371, 516, NULL, NULL, NULL, 1, 1, '2015-11-30 06:02:14', NULL, NULL),
(1212, 'Mohazanhat', 4328, 513, NULL, NULL, NULL, 1, 1, '2015-11-30 06:02:36', NULL, NULL),
(1213, 'Mirsharai', 4320, 513, NULL, NULL, NULL, 1, 1, '2015-11-30 06:02:46', NULL, NULL),
(1214, 'Korerhat', 4327, 513, NULL, NULL, NULL, 1, 1, '2015-11-30 06:02:59', NULL, NULL),
(1215, 'Joarganj', 4324, 513, NULL, NULL, NULL, 1, 1, '2015-11-30 06:03:10', NULL, NULL),
(1216, 'Darrogahat', 4322, 513, NULL, NULL, NULL, 1, 1, '2015-11-30 06:03:23', NULL, NULL),
(1217, 'Bharawazhat', 4323, 513, NULL, NULL, NULL, 1, 1, '2015-11-30 06:03:34', NULL, NULL),
(1218, 'Azampur', 4325, 513, NULL, NULL, NULL, 1, 1, '2015-11-30 06:03:44', NULL, NULL),
(1219, 'Abutorab', 4321, 513, NULL, NULL, NULL, 1, 1, '2015-11-30 06:03:53', NULL, NULL),
(1220, 'Padua', 4397, 512, NULL, NULL, NULL, 1, 1, '2015-11-30 06:04:18', NULL, NULL),
(1221, 'Lohagara', 4396, 512, NULL, NULL, NULL, 1, 1, '2015-11-30 06:04:26', NULL, NULL),
(1222, 'Chunti', 4398, 512, NULL, NULL, NULL, 1, 1, '2015-11-30 06:04:42', NULL, NULL),
(1223, 'Khan Bahadur', 4391, 606, NULL, NULL, NULL, 1, 1, '2015-11-30 06:05:32', NULL, NULL),
(1224, 'Jaldi', 4390, 606, NULL, NULL, NULL, 1, 1, '2015-11-30 06:05:44', NULL, NULL),
(1225, 'Gunagari', 4392, 606, NULL, NULL, NULL, 1, 1, '2015-11-30 06:05:53', NULL, NULL),
(1226, 'Yunus Nagar', 4338, 509, NULL, NULL, NULL, 1, 1, '2015-11-30 06:06:20', NULL, NULL),
(1227, 'Nuralibari', 4337, 509, NULL, NULL, NULL, 1, 1, '2015-11-30 06:06:29', NULL, NULL),
(1228, 'Mirzapuur', 4334, 509, NULL, NULL, NULL, 1, 1, '2015-11-30 06:06:54', NULL, NULL),
(1229, 'Madrasa', 4339, 509, NULL, NULL, NULL, 1, 1, '2015-11-30 06:07:08', NULL, NULL),
(1230, 'Katirhat', 4333, 509, NULL, NULL, NULL, 1, 1, '2015-11-30 06:07:16', NULL, NULL),
(1231, 'Hathazari', 4330, 509, NULL, NULL, NULL, 1, 1, '2015-11-30 06:07:24', NULL, NULL),
(1232, 'Gorduara', 4332, 509, NULL, NULL, NULL, 1, 1, '2015-11-30 06:07:33', NULL, NULL),
(1233, 'Fatahabad', 4335, 509, NULL, NULL, NULL, 1, 1, '2015-11-30 06:07:53', NULL, NULL),
(1234, 'Chitt.University', 4331, 509, NULL, NULL, NULL, 1, 1, '2015-11-30 06:08:02', NULL, NULL),
(1235, 'Narayanhat', 4355, 507, NULL, NULL, NULL, 1, 1, '2015-11-30 06:08:22', NULL, NULL),
(1236, 'Nanupur', 4351, 507, NULL, NULL, NULL, 1, 1, '2015-11-30 06:08:34', NULL, NULL),
(1237, 'Najirhat', 4353, 507, NULL, NULL, NULL, 1, 1, '2015-11-30 06:08:44', NULL, NULL),
(1238, 'Harualchhari', 4354, 507, NULL, NULL, NULL, 1, 1, '2015-11-30 06:08:55', NULL, NULL),
(1239, 'Fatikchhari', 4350, 507, NULL, NULL, NULL, 1, 1, '2015-11-30 06:09:17', NULL, NULL),
(1240, 'Bhandar Sharif', 4352, 507, NULL, NULL, NULL, 1, 1, '2015-11-30 06:29:41', NULL, NULL),
(1241, 'Gachbaria', 4381, 607, NULL, NULL, NULL, 1, 1, '2015-11-30 06:30:26', NULL, NULL),
(1242, 'East Joara', 4380, 607, NULL, NULL, NULL, 1, 1, '2015-11-30 06:30:46', NULL, NULL),
(1243, 'Dohazari', 4382, 607, NULL, NULL, NULL, 1, 1, '2015-11-30 06:31:03', NULL, NULL),
(1244, 'Barma', 4383, 607, NULL, NULL, NULL, 1, 1, '2015-11-30 06:31:15', NULL, NULL);

-- --------------------------------------------------------

--
-- Table structure for table `sa_post_offices`
--

CREATE TABLE IF NOT EXISTS `sa_post_offices` (
  `POST_OFFICE_ID` int(8) NOT NULL AUTO_INCREMENT COMMENT 'Primary Key Of sa_post_offices Table.',
  `THANA_ID` int(8) DEFAULT NULL COMMENT 'Foreign Key To THANA_ID Column Of sa_thanas Table.',
  `POST_OFFICE_ENAME` varchar(300) COLLATE utf8_croatian_ci DEFAULT NULL COMMENT 'Post Office Name In English.',
  `POST_CODE` smallint(5) DEFAULT NULL COMMENT 'Post Code.',
  `ORDER_SL` smallint(5) DEFAULT NULL COMMENT 'Ascending Serial No.',
  `UD_POFFICE_ID` int(8) DEFAULT NULL COMMENT 'User Define Post Office Id.',
  `THANA_NAME` varchar(300) COLLATE utf8_croatian_ci DEFAULT NULL,
  `ACTIVE_FLAG` tinyint(1) NOT NULL DEFAULT '1' COMMENT 'Record Status 1= Active, 0=Inactive',
  `CREATED_BY` bigint(14) DEFAULT NULL COMMENT 'Record Create User Id',
  `CREATE_DATE` timestamp NOT NULL DEFAULT CURRENT_TIMESTAMP COMMENT 'Record Inserted Date And Time',
  `UPDATED_BY` bigint(14) DEFAULT NULL COMMENT 'Record Updated User Id',
  `UPDATE_DATE` datetime DEFAULT NULL COMMENT 'Record Updated Date And Time',
  PRIMARY KEY (`POST_OFFICE_ID`),
  KEY `FK02_THANA_ID` (`THANA_ID`)
) ENGINE=InnoDB  DEFAULT CHARSET=utf8 COLLATE=utf8_croatian_ci AUTO_INCREMENT=1350 ;

--
-- Dumping data for table `sa_post_offices`
--

INSERT INTO `sa_post_offices` (`POST_OFFICE_ID`, `THANA_ID`, `POST_OFFICE_ENAME`, `POST_CODE`, `ORDER_SL`, `UD_POFFICE_ID`, `THANA_NAME`, `ACTIVE_FLAG`, `CREATED_BY`, `CREATE_DATE`, `UPDATED_BY`, `UPDATE_DATE`) VALUES
(1, 154, 'Susnng Durgapur', 2420, NULL, 2420, 'Susung Durgapur', 0, NULL, '2015-05-19 21:29:27', NULL, '2015-05-21 09:55:38'),
(2, 80, 'Alfadanga', 7870, NULL, 7870, 'Alfadanga', 1, NULL, '2015-05-19 21:29:27', NULL, '2015-09-13 10:41:25'),
(3, 142, 'Araihazar', 1450, NULL, 1450, 'Araihazar', 1, NULL, '2015-05-19 21:29:27', NULL, '2015-09-13 10:41:25'),
(4, 142, 'Gopaldi', 1451, NULL, 1451, 'Araihazar', 1, NULL, '2015-05-19 21:29:27', NULL, '2015-09-13 10:41:25'),
(5, 152, 'Atpara', 2470, NULL, 2470, 'Atpara', 1, NULL, '2015-05-19 21:29:27', NULL, '2015-09-13 10:41:25'),
(6, NULL, 'Baidder Bazar', 1440, NULL, 1440, 'Baidder Bazar', 1, NULL, '2015-05-19 21:29:27', NULL, '2015-09-13 10:41:25'),
(7, NULL, 'Bara Nagar', 1441, NULL, 1441, 'Baidder Bazar', 1, NULL, '2015-05-19 21:29:27', NULL, '2015-09-13 10:41:25'),
(8, NULL, 'Barodi', 1442, NULL, 1442, 'Baidder Bazar', 1, NULL, '2015-05-19 21:29:27', NULL, '2015-09-13 10:41:25'),
(9, 104, 'Bajitpur', 2336, NULL, 2336, 'Bajitpur', 1, NULL, '2015-05-19 21:29:27', NULL, '2015-09-13 10:41:25'),
(10, 104, 'Laksmipur', 2338, NULL, 2338, 'Bajitpur', 1, NULL, '2015-05-19 21:29:27', NULL, '2015-09-13 10:41:25'),
(11, 104, 'Sararchar', 2337, NULL, 2337, 'Bajitpur', 1, NULL, '2015-05-19 21:29:27', NULL, '2015-09-13 10:41:25'),
(12, 96, 'Bakshigonj', 2140, NULL, 2140, 'Bakshigonj', 1, NULL, '2015-05-19 21:29:27', NULL, '2015-05-21 09:55:38'),
(13, 162, 'Baliakandi', 7730, NULL, 7730, 'Baliakandi', 1, NULL, '2015-05-19 21:29:27', NULL, '2015-09-13 10:41:26'),
(14, 162, 'Nalia', 7731, NULL, 7731, 'Baliakandi', 1, NULL, '2015-05-19 21:29:27', NULL, '2015-09-13 10:41:26'),
(15, 144, 'Bandar', 1410, NULL, 1410, 'Bandar', 1, NULL, '2015-05-19 21:29:27', NULL, '2015-09-13 10:41:26'),
(16, 144, 'BIDS', 1413, NULL, 1413, 'Bandar', 1, NULL, '2015-05-19 21:29:27', NULL, '2015-09-13 10:41:26'),
(17, 144, 'D.C Mills', 1411, NULL, 1411, 'Bandar', 1, NULL, '2015-05-19 21:29:27', NULL, '2015-09-13 10:41:26'),
(18, 144, 'Madanganj', 1414, NULL, 1414, 'Bandar', 1, NULL, '2015-05-19 21:29:27', NULL, '2015-09-13 10:41:26'),
(19, 144, 'Nabiganj', 1412, NULL, 1412, 'Bandar', 1, NULL, '2015-05-19 21:29:27', NULL, '2015-09-13 10:41:26'),
(20, NULL, 'Bahadurpur', 7932, NULL, 7932, 'Barhamganj', 1, NULL, '2015-05-19 21:29:27', NULL, '2015-09-13 10:41:26'),
(21, NULL, 'Barhamganj', 7930, NULL, 7930, 'Barhamganj', 1, NULL, '2015-05-19 21:29:27', NULL, '2015-09-13 10:41:26'),
(22, NULL, 'Nilaksmibandar', 7931, NULL, 7931, 'Barhamganj', 1, NULL, '2015-05-19 21:29:27', NULL, '2015-09-13 10:41:26'),
(23, NULL, 'Umedpur', 7933, NULL, 7933, 'Barhamganj', 1, NULL, '2015-05-19 21:29:27', NULL, '2015-09-13 10:41:26'),
(24, 153, 'Barhatta', 2440, NULL, 2440, 'Barhatta', 1, NULL, '2015-05-19 21:29:27', NULL, '2015-09-13 10:41:26'),
(25, 175, 'Basail', 1920, NULL, 1920, 'Basail', 1, NULL, '2015-05-19 21:29:27', NULL, '2015-09-13 10:41:26'),
(26, 146, 'Belabo', 1640, NULL, 1640, 'Belabo', 1, NULL, '2015-05-19 21:29:27', NULL, '2015-09-13 10:41:26'),
(27, 105, 'Bhairab', 2350, NULL, 2350, 'Bhairob', 1, NULL, '2015-05-19 21:29:27', NULL, '2015-05-21 09:55:38'),
(28, 131, 'Bhaluka', 2240, NULL, 2240, 'Bhaluka', 1, NULL, '2015-05-19 21:29:27', NULL, '2015-09-13 10:41:26'),
(29, 81, 'Bhanga', 7830, NULL, 7830, 'Bhanga', 1, NULL, '2015-05-19 21:29:27', NULL, '2015-09-13 10:41:26'),
(30, 32, 'Bhedorganj', 8030, NULL, 8030, 'Bhedorganj', 1, NULL, '2015-05-19 21:29:27', NULL, '2015-05-21 09:55:38'),
(31, 176, 'Bhuapur', 1960, NULL, 1960, 'Bhuapur', 1, NULL, '2015-05-19 21:29:27', NULL, '2015-09-13 10:41:26'),
(32, 38, 'Boalmari', 7860, NULL, 7860, 'Boalmari', 1, NULL, '2015-05-19 21:29:27', NULL, '2015-09-13 10:41:26'),
(33, 38, 'Rupatpat', 7861, NULL, 7861, 'Boalmari', 1, NULL, '2015-05-19 21:29:27', NULL, '2015-09-13 10:41:26'),
(34, 82, 'Charbadrashan', 7810, NULL, 7810, 'Charbhadrasan', 1, NULL, '2015-05-19 21:29:27', NULL, '2015-05-21 09:55:38'),
(35, 166, 'Damudhya', 8040, NULL, 8040, 'Damudhya', 1, NULL, '2015-05-19 21:29:27', NULL, '2015-05-21 09:55:38'),
(36, 177, 'Delduar', 1910, NULL, 1910, 'Delduar', 1, NULL, '2015-05-19 21:29:27', NULL, '2015-09-13 10:41:26'),
(37, 177, 'Elasin', 1913, NULL, 1913, 'Delduar', 1, NULL, '2015-05-19 21:29:27', NULL, '2015-09-13 10:41:26'),
(38, 177, 'Hinga Nagar', 1914, NULL, 1914, 'Delduar', 1, NULL, '2015-05-19 21:29:27', NULL, '2015-09-13 10:41:26'),
(39, 177, 'Jangalia', 1911, NULL, 1911, 'Delduar', 1, NULL, '2015-05-19 21:29:27', NULL, '2015-09-13 10:41:26'),
(40, 177, 'Lowhati', 1915, NULL, 1915, 'Delduar', 1, NULL, '2015-05-19 21:29:27', NULL, '2015-09-13 10:41:26'),
(41, 177, 'Patharail', 1912, NULL, 1912, 'Delduar', 1, NULL, '2015-05-19 21:29:27', NULL, '2015-09-13 10:41:26'),
(42, 419, 'Demra', 1360, NULL, 1360, 'Demra', 1, NULL, '2015-05-19 21:29:27', NULL, '2015-09-13 10:41:26'),
(43, 419, 'Matuail', 1362, NULL, 1362, 'Demra', 1, NULL, '2015-05-19 21:29:27', NULL, '2015-09-13 10:41:26'),
(44, 419, 'Sarulia', 1361, NULL, 1361, 'Demra', 1, NULL, '2015-05-19 21:29:27', NULL, '2015-09-13 10:41:26'),
(45, 97, 'Dewangonj', 2030, NULL, 2030, 'Dewangonj', 1, NULL, '2015-05-19 21:29:27', NULL, '2015-05-21 09:55:38'),
(46, 97, 'Dewangonj S. Mills', 2031, NULL, 2031, 'Dewangonj', 1, NULL, '2015-05-19 21:29:27', NULL, '2015-05-21 09:55:38'),
(47, 417, 'Dhaka CantonmentTSO', 1206, NULL, 1206, 'Dhaka Cantt.', 1, NULL, '2015-05-19 21:29:27', NULL, '2015-05-21 09:55:38'),
(48, 420, 'Dhamrai', 1350, NULL, 1350, 'Dhamrai', 1, NULL, '2015-05-19 21:29:27', NULL, '2015-09-13 10:41:26'),
(49, 420, 'Kamalpur', 1351, NULL, 1351, 'Dhamrai', 1, NULL, '2015-05-19 21:29:27', NULL, '2015-09-13 10:41:26'),
(50, 421, 'Jigatala TSO', 1209, NULL, 1209, 'Dhanmondi', 1, NULL, '2015-05-19 21:29:27', NULL, '2015-09-13 10:41:26'),
(51, 387, 'Dharampasha', 2450, NULL, 2450, 'Dharmapasha', 1, NULL, '2015-05-19 21:29:27', NULL, '2015-05-21 09:55:38'),
(52, 132, 'Dhobaura', 2416, NULL, 2416, 'Dhobaura', 1, NULL, '2015-05-19 21:29:27', NULL, '2015-09-13 10:41:26'),
(53, 132, 'Sakoai', 2417, NULL, 2417, 'Dhobaura', 1, NULL, '2015-05-19 21:29:27', NULL, '2015-09-13 10:41:26'),
(54, 119, 'Doulatpur', 1860, NULL, 1860, 'Doulatpur', 1, NULL, '2015-05-19 21:29:27', NULL, '2015-05-21 09:55:38'),
(55, 83, 'Ambikapur', 7802, NULL, 7802, 'Faridpur Sadar', 1, NULL, '2015-05-19 21:29:27', NULL, '2015-09-13 10:41:26'),
(56, 83, 'Baitulaman Politecni', 7803, NULL, 7803, 'Faridpur Sadar', 1, NULL, '2015-05-19 21:29:27', NULL, '2015-09-13 10:41:26'),
(57, 83, 'Faridpursadar', 7800, NULL, 7800, 'Faridpur Sadar', 1, NULL, '2015-05-19 21:29:27', NULL, '2015-09-13 10:41:26'),
(58, 83, 'Kanaipur', 7801, NULL, 7801, 'Faridpur Sadar', 1, NULL, '2015-05-19 21:29:27', NULL, '2015-09-13 10:41:27'),
(59, NULL, 'Fatulla Bazar', 1421, NULL, 1421, 'Fatullah', 1, NULL, '2015-05-19 21:29:27', NULL, '2015-09-13 10:41:27'),
(60, NULL, 'Fatullah', 1420, NULL, 1420, 'Fatullah', 1, NULL, '2015-05-19 21:29:27', NULL, '2015-09-13 10:41:27'),
(61, 133, 'Fulbaria', 2216, NULL, 2216, 'Fulbaria', 1, NULL, '2015-05-19 21:29:27', NULL, '2015-09-13 10:41:27'),
(62, 134, 'Duttarbazar', 2234, NULL, 2234, 'Gaforgaon', 1, NULL, '2015-05-19 21:29:27', NULL, '2015-05-21 09:55:38'),
(63, 134, 'Gaforgaon', 2230, NULL, 2230, 'Gaforgaon', 1, NULL, '2015-05-19 21:29:27', NULL, '2015-05-21 09:55:38'),
(64, 134, 'Kandipara', 2233, NULL, 2233, 'Gaforgaon', 1, NULL, '2015-05-19 21:29:27', NULL, '2015-05-21 09:55:38'),
(65, 134, 'Shibganj', 2231, NULL, 2231, 'Gaforgaon', 1, NULL, '2015-05-19 21:29:27', NULL, '2015-05-21 09:55:38'),
(66, 134, 'Usti', 2232, NULL, 2232, 'Gaforgaon', 1, NULL, '2015-05-19 21:29:27', NULL, '2015-05-21 09:55:38'),
(67, 126, 'Gajaria', 1510, NULL, 1510, 'Gajaria', 1, NULL, '2015-05-19 21:29:27', NULL, '2015-05-21 09:55:38'),
(68, 126, 'Hossendi', 1511, NULL, 1511, 'Gajaria', 1, NULL, '2015-05-19 21:29:27', NULL, '2015-05-21 09:55:38'),
(69, 126, 'Rasulpur', 1512, NULL, 1512, 'Gajaria', 1, NULL, '2015-05-19 21:29:27', NULL, '2015-05-21 09:55:38'),
(70, 86, 'B.O.F', 1703, NULL, 1703, 'Gazipur Sadar', 1, NULL, '2015-05-19 21:29:27', NULL, '2015-09-13 10:41:27'),
(71, 86, 'B.R.R', 1701, NULL, 1701, 'Gazipur Sadar', 1, NULL, '2015-05-19 21:29:27', NULL, '2015-09-13 10:41:27'),
(72, 86, 'Chandna', 1702, NULL, 1702, 'Gazipur Sadar', 1, NULL, '2015-05-19 21:29:27', NULL, '2015-09-13 10:41:27'),
(73, 86, 'Gazipur Sadar', 1700, NULL, 1700, 'Gazipur Sadar', 1, NULL, '2015-05-19 21:29:27', NULL, '2015-09-13 10:41:27'),
(74, 86, 'National University', 1704, NULL, 1704, 'Gazipur Sadar', 1, NULL, '2015-05-19 21:29:27', NULL, '2015-09-13 10:41:27'),
(75, 179, 'D. Pakutia', 1982, NULL, 1982, 'Ghatail', 1, NULL, '2015-05-19 21:29:27', NULL, '2015-09-13 10:41:27'),
(76, 179, 'Dhalapara', 1983, NULL, 1983, 'Ghatail', 1, NULL, '2015-05-19 21:29:27', NULL, '2015-09-13 10:41:27'),
(77, 179, 'Ghatial', 1980, NULL, 1980, 'Ghatail', 1, NULL, '2015-05-19 21:29:27', NULL, '2015-09-13 10:41:27'),
(78, 179, 'Lohani', 1984, NULL, 1984, 'Ghatail', 1, NULL, '2015-05-19 21:29:27', NULL, '2015-09-13 10:41:27'),
(79, 179, 'Zahidganj', 1981, NULL, 1981, 'Ghatail', 1, NULL, '2015-05-19 21:29:27', NULL, '2015-09-13 10:41:27'),
(80, 120, 'Gheor', 1840, NULL, 1840, 'Gheor', 1, NULL, '2015-05-19 21:29:27', NULL, '2015-05-21 09:55:38'),
(81, 91, 'Barfa', 8102, NULL, 8102, 'Gopalganj Sadar', 1, NULL, '2015-05-19 21:29:27', NULL, '2015-09-13 10:41:27'),
(82, 91, 'Chandradighalia', 8013, NULL, 8013, 'Gopalganj Sadar', 1, NULL, '2015-05-19 21:29:27', NULL, '2015-09-13 10:41:27'),
(83, 91, 'Gopalganj Sadar', 8100, NULL, 8100, 'Gopalganj Sadar', 1, NULL, '2015-05-19 21:29:27', NULL, '2015-09-13 10:41:27'),
(84, 91, 'Ulpur', 8101, NULL, 8101, 'Gopalganj Sadar', 1, NULL, '2015-05-19 21:29:27', NULL, '2015-09-13 10:41:27'),
(85, 180, 'Gopalpur', 1990, NULL, 1990, 'Gopalpur', 1, NULL, '2015-05-19 21:29:27', NULL, '2015-09-13 10:41:27'),
(86, 180, 'Hemnagar', 1992, NULL, 1992, 'Gopalpur', 1, NULL, '2015-05-19 21:29:27', NULL, '2015-09-13 10:41:27'),
(87, 180, 'Jhowail', 1991, NULL, 1991, 'Gopalpur', 1, NULL, '2015-05-19 21:29:27', NULL, '2015-09-13 10:41:27'),
(88, 167, 'Gosairhat', 8050, NULL, 8050, 'Gosairhat', 1, NULL, '2015-05-19 21:29:27', NULL, '2015-09-13 10:41:27'),
(89, 135, 'Gouripur', 2270, NULL, 2270, 'Gouripur', 1, NULL, '2015-05-19 21:29:27', NULL, '2015-05-21 09:55:38'),
(90, 135, 'Ramgopalpur', 2271, NULL, 2271, 'Gouripur', 1, NULL, '2015-05-19 21:29:27', NULL, '2015-05-21 09:55:38'),
(91, 423, 'Banani TSO', 1213, NULL, 1213, 'Gulshan', 1, NULL, '2015-05-19 21:29:27', NULL, '2015-09-13 10:41:27'),
(92, 423, 'Gulshan Model Town', 1212, NULL, 1212, 'Gulshan', 1, NULL, '2015-05-19 21:29:27', NULL, '2015-09-13 10:41:27'),
(93, 39, 'Dhara', 2261, NULL, 2261, 'Haluaghat', 1, NULL, '2015-05-19 21:29:27', NULL, '2015-09-13 10:41:27'),
(94, 39, 'Haluaghat', 2260, NULL, 2260, 'Haluaghat', 1, NULL, '2015-05-19 21:29:27', NULL, '2015-09-13 10:41:27'),
(95, 39, 'Munshirhat', 2262, NULL, 2262, 'Haluaghat', 1, NULL, '2015-05-19 21:29:27', NULL, '2015-09-13 10:41:27'),
(96, 17, 'Hossenpur', 2320, NULL, 2320, 'Hossenpur', 1, NULL, '2015-05-19 21:29:27', NULL, '2015-05-21 09:55:38'),
(97, 98, 'Durmoot', 2021, NULL, 2021, 'Islampur', 1, NULL, '2015-05-19 21:29:27', NULL, '2015-09-13 10:41:27'),
(98, 98, 'Gilabari', 2022, NULL, 2022, 'Islampur', 1, NULL, '2015-05-19 21:29:27', NULL, '2015-09-13 10:41:27'),
(99, 98, 'Islampur', 2020, NULL, 2020, 'Islampur', 1, NULL, '2015-05-19 21:29:27', NULL, '2015-09-13 10:41:27'),
(100, 136, 'Atharabari', 2282, NULL, 2282, 'Isshwargonj', 1, NULL, '2015-05-19 21:29:27', NULL, '2015-05-21 09:55:38'),
(101, 136, 'Isshwargonj', 2280, NULL, 2280, 'Isshwargonj', 1, NULL, '2015-05-19 21:29:27', NULL, '2015-05-21 09:55:38'),
(102, 136, 'Sohagi', 2281, NULL, 2281, 'Isshwargonj', 1, NULL, '2015-05-19 21:29:27', NULL, '2015-05-21 09:55:38'),
(103, 106, 'Itna', 2390, NULL, 2390, 'Itna', 1, NULL, '2015-05-19 21:29:27', NULL, '2015-09-13 10:41:28'),
(104, NULL, 'Jajira', 8010, NULL, 8010, 'Jajira', 1, NULL, '2015-05-19 21:29:27', NULL, '2015-09-13 10:41:28'),
(105, 99, 'Jamalpur', 2000, NULL, 2000, 'Jamalpur', 1, NULL, '2015-05-19 21:29:27', NULL, '2015-05-21 09:55:38'),
(106, 99, 'Nandina', 2001, NULL, 2001, 'Jamalpur', 1, NULL, '2015-05-19 21:29:27', NULL, '2015-05-21 09:55:38'),
(107, 99, 'Narundi', 2002, NULL, 2002, 'Jamalpur', 1, NULL, '2015-05-19 21:29:27', NULL, '2015-05-21 09:55:38'),
(108, 425, 'Dhania TSO', 1232, NULL, 1232, 'Jatrabari', 1, NULL, '2015-05-19 21:29:27', NULL, '2015-09-13 10:41:28'),
(109, 171, 'Jhinaigati', 2120, NULL, 2120, 'Jhinaigati', 1, NULL, '2015-05-19 21:29:27', NULL, '2015-05-21 09:55:38'),
(110, NULL, 'Joypara', 1330, NULL, 1330, 'Joypara', 1, NULL, '2015-05-19 21:29:27', NULL, '2015-09-13 10:41:28'),
(111, NULL, 'Narisha', 1332, NULL, 1332, 'Joypara', 1, NULL, '2015-05-19 21:29:27', NULL, '2015-09-13 10:41:28'),
(112, NULL, 'Palamganj', 1331, NULL, 1331, 'Joypara', 1, NULL, '2015-05-19 21:29:27', NULL, '2015-09-13 10:41:28'),
(113, 87, 'Kaliakaar', 1750, NULL, 1750, 'Kaliakaar', 1, NULL, '2015-05-19 21:29:27', NULL, '2015-05-21 09:55:38'),
(114, 87, 'Safipur', 1751, NULL, 1751, 'Kaliakaar', 1, NULL, '2015-05-19 21:29:27', NULL, '2015-05-21 09:55:38'),
(115, 208, 'Kaliganj', 1720, NULL, 1720, 'Kaliganj', 1, NULL, '2015-05-19 21:29:27', NULL, '2015-05-21 09:55:38'),
(116, 208, 'Pubail', 1721, NULL, 1721, 'Kaliganj', 1, NULL, '2015-05-19 21:29:27', NULL, '2015-05-21 09:55:38'),
(117, 208, 'Santanpara', 1722, NULL, 1722, 'Kaliganj', 1, NULL, '2015-05-19 21:29:27', NULL, '2015-05-21 09:55:38'),
(118, 208, 'Vaoal Jamalpur', 1723, NULL, 1723, 'Kaliganj', 1, NULL, '2015-05-19 21:29:27', NULL, '2015-05-21 09:55:38'),
(119, 181, 'Ballabazar', 1973, NULL, 1973, 'Kalihati', 1, NULL, '2015-05-19 21:29:27', NULL, '2015-09-13 10:41:28'),
(120, 181, 'Elinga', 1974, NULL, 1974, 'Kalihati', 1, NULL, '2015-05-19 21:29:27', NULL, '2015-09-13 10:41:28'),
(121, 181, 'Kalihati', 1970, NULL, 1970, 'Kalihati', 1, NULL, '2015-05-19 21:29:27', NULL, '2015-09-13 10:41:28'),
(122, 181, 'Nagarbari', 1977, NULL, 1977, 'Kalihati', 1, NULL, '2015-05-19 21:29:27', NULL, '2015-09-13 10:41:28'),
(123, 181, 'Nagarbari SO', 1976, NULL, 1976, 'Kalihati', 1, NULL, '2015-05-19 21:29:27', NULL, '2015-09-13 10:41:28'),
(124, 181, 'Nagbari', 1972, NULL, 1972, 'Kalihati', 1, NULL, '2015-05-19 21:29:27', NULL, '2015-09-13 10:41:28'),
(125, 181, 'Palisha', 1975, NULL, 1975, 'Kalihati', 1, NULL, '2015-05-19 21:29:27', NULL, '2015-09-13 10:41:28'),
(126, 181, 'Rajafair', 1971, NULL, 1971, 'Kalihati', 1, NULL, '2015-05-19 21:29:27', NULL, '2015-09-13 10:41:28'),
(127, 115, 'Kalkini', 7920, NULL, 7920, 'kalkini', 1, NULL, '2015-05-19 21:29:27', NULL, '2015-09-13 10:41:28'),
(128, 115, 'Sahabrampur', 7921, NULL, 7921, 'kalkini', 1, NULL, '2015-05-19 21:29:27', NULL, '2015-09-13 10:41:28'),
(129, 156, 'Kalmakanda', 2430, NULL, 2430, 'Kalmakanda', 1, NULL, '2015-05-19 21:29:27', NULL, '2015-09-13 10:41:28'),
(130, 89, 'kapashia', 1730, NULL, 1730, 'Kapashia', 1, NULL, '2015-05-19 21:29:27', NULL, '2015-05-21 09:55:38'),
(131, 107, 'Karimganj', 2310, NULL, 2310, 'Karimganj', 1, NULL, '2015-05-19 21:29:27', NULL, '2015-09-13 10:41:28'),
(132, 92, 'Jonapur', 8133, NULL, 8133, 'Kashiani', 1, NULL, '2015-05-19 21:29:27', NULL, '2015-09-13 10:41:28'),
(133, 92, 'Kashiani', 8130, NULL, 8130, 'Kashiani', 1, NULL, '2015-05-19 21:29:27', NULL, '2015-09-13 10:41:28'),
(134, 92, 'Ramdia College', 8131, NULL, 8131, 'Kashiani', 1, NULL, '2015-05-19 21:29:27', NULL, '2015-09-13 10:41:28'),
(135, 92, 'Ratoil', 8132, NULL, 8132, 'Kashiani', 1, NULL, '2015-05-19 21:29:27', NULL, '2015-09-13 10:41:28'),
(136, NULL, 'Kashkawlia', 1930, NULL, 1930, 'Kashkaolia', 1, NULL, '2015-05-19 21:29:27', NULL, '2015-09-13 10:41:28'),
(137, 108, 'Gochhihata', 2331, NULL, 2331, 'Katiadi', 1, NULL, '2015-05-19 21:29:27', NULL, '2015-09-13 10:41:28'),
(138, 108, 'Katiadi', 2330, NULL, 2330, 'Katiadi', 1, NULL, '2015-05-19 21:29:27', NULL, '2015-09-13 10:41:28'),
(139, 157, 'Kendua', 2480, NULL, 2480, 'Kendua', 1, NULL, '2015-05-19 21:29:27', NULL, '2015-09-13 10:41:28'),
(140, 430, 'Ati', 1312, NULL, 1312, 'Keraniganj', 1, NULL, '2015-05-19 21:29:27', NULL, '2015-09-13 10:41:28'),
(141, 430, 'Dhaka Jute Mills', 1311, NULL, 1311, 'Keraniganj', 1, NULL, '2015-05-19 21:29:27', NULL, '2015-09-13 10:41:28'),
(142, 430, 'Kalatia', 1313, NULL, 1313, 'Keraniganj', 1, NULL, '2015-05-19 21:29:27', NULL, '2015-09-13 10:41:28'),
(143, 430, 'Keraniganj', 1310, NULL, 1310, 'Keraniganj', 1, NULL, '2015-05-19 21:29:27', NULL, '2015-09-13 10:41:28'),
(144, 155, 'Khaliajhri', 2460, NULL, 2460, 'Khaliajuri', 1, NULL, '2015-05-19 21:29:27', NULL, '2015-09-13 10:41:28'),
(145, 155, 'Shaldigha', 2462, NULL, 2462, 'Khaliajuri', 1, NULL, '2015-05-19 21:29:27', NULL, '2015-09-13 10:41:28'),
(146, 428, 'KhilgaonTSO', 1219, NULL, 1219, 'Khilgaon', 1, NULL, '2015-05-19 21:29:27', NULL, '2015-09-13 10:41:28'),
(147, 429, 'KhilkhetTSO', 1229, NULL, 1229, 'Khilkhet', 1, NULL, '2015-05-19 21:29:27', NULL, '2015-09-13 10:41:28'),
(148, 109, 'Kishoreganj S.Mills', 2301, NULL, 2301, 'Kishoreganj Sadar', 1, NULL, '2015-05-19 21:29:27', NULL, '2015-09-13 10:41:28'),
(149, 109, 'Kishoreganj Sadar', 2300, NULL, 2300, 'Kishoreganj Sadar', 1, NULL, '2015-05-19 21:29:27', NULL, '2015-09-13 10:41:29'),
(150, 109, 'Maizhati', 2302, NULL, 2302, 'Kishoreganj Sadar', 1, NULL, '2015-05-19 21:29:27', NULL, '2015-09-13 10:41:29'),
(151, 109, 'Nilganj', 2303, NULL, 2303, 'Kishoreganj Sadar', 1, NULL, '2015-05-19 21:29:27', NULL, '2015-09-13 10:41:29'),
(152, 93, 'Kotalipara', 8110, NULL, 8110, 'Kotalipara', 1, NULL, '2015-05-19 21:29:27', NULL, '2015-09-13 10:41:29'),
(153, 110, 'Chhoysuti', 2341, NULL, 2341, 'Kuliarchar', 1, NULL, '2015-05-19 21:29:27', NULL, '2015-05-21 09:55:38'),
(154, 110, 'Kuliarchar', 2340, NULL, 2340, 'Kuliarchar', 1, NULL, '2015-05-19 21:29:27', NULL, '2015-05-21 09:55:38'),
(155, 432, 'Posta TSO', 1211, NULL, 1211, 'Lalbag', 1, NULL, '2015-05-19 21:29:27', NULL, '2015-05-21 09:55:38'),
(156, NULL, 'Jhitka', 1831, NULL, 1831, 'Lechhraganj', 1, NULL, '2015-05-19 21:29:27', NULL, '2015-09-13 10:41:29'),
(157, NULL, 'Lechhraganj', 1830, NULL, 1830, 'Lechhraganj', 1, NULL, '2015-05-19 21:29:27', NULL, '2015-09-13 10:41:29'),
(158, NULL, 'Gouragonj', 1334, NULL, 1334, 'Lohajong', 1, NULL, '2015-05-19 21:29:27', NULL, '2015-09-13 10:41:29'),
(159, NULL, 'Gouragonj', 1534, NULL, 1534, 'Lohajong', 1, NULL, '2015-05-19 21:29:27', NULL, '2015-09-13 10:41:29'),
(160, NULL, 'Haldia SO', 1532, NULL, 1532, 'Lohajong', 1, NULL, '2015-05-19 21:29:27', NULL, '2015-09-13 10:41:29'),
(161, NULL, 'Haridia', 1333, NULL, 1333, 'Lohajong', 1, NULL, '2015-05-19 21:29:27', NULL, '2015-09-13 10:41:29'),
(162, NULL, 'Haridia DESO', 1533, NULL, 1533, 'Lohajong', 1, NULL, '2015-05-19 21:29:27', NULL, '2015-09-13 10:41:29'),
(163, NULL, 'Korhati', 1531, NULL, 1531, 'Lohajong', 1, NULL, '2015-05-19 21:29:27', NULL, '2015-09-13 10:41:29'),
(164, NULL, 'Lohajang', 1530, NULL, 1530, 'Lohajong', 1, NULL, '2015-05-19 21:29:27', NULL, '2015-09-13 10:41:29'),
(165, NULL, 'Madini Mandal', 1335, NULL, 1335, 'Lohajong', 1, NULL, '2015-05-19 21:29:27', NULL, '2015-09-13 10:41:29'),
(166, NULL, 'Medini Mandal EDSO', 1535, NULL, 1535, 'Lohajong', 1, NULL, '2015-05-19 21:29:27', NULL, '2015-09-13 10:41:29'),
(167, 158, 'Madan', 2490, NULL, 2490, 'Madan', 1, NULL, '2015-05-19 21:29:27', NULL, '2015-09-13 10:41:29'),
(168, 116, 'Charmugria', 7901, NULL, 7901, 'Madaripur Sadar', 1, NULL, '2015-05-19 21:29:27', NULL, '2015-09-13 10:41:29'),
(169, 116, 'Habiganj', 7903, NULL, 7903, 'Madaripur Sadar', 1, NULL, '2015-05-19 21:29:27', NULL, '2015-09-13 10:41:29'),
(170, 116, 'Kulpaddi', 7902, NULL, 7902, 'Madaripur Sadar', 1, NULL, '2015-05-19 21:29:27', NULL, '2015-09-13 10:41:29'),
(171, 116, 'Madaripur Sadar', 7900, NULL, 7900, 'Madaripur Sadar', 1, NULL, '2015-05-19 21:29:27', NULL, '2015-09-13 10:41:29'),
(172, 116, 'Mustafapur', 7904, NULL, 7904, 'Madaripur Sadar', 1, NULL, '2015-05-19 21:29:27', NULL, '2015-09-13 10:41:29'),
(173, 182, 'Dhobari', 1997, NULL, 1997, 'Madhupur', 1, NULL, '2015-05-19 21:29:27', NULL, '2015-09-13 10:41:29'),
(174, 182, 'Madhupur', 1996, NULL, 1996, 'Madhupur', 1, NULL, '2015-05-19 21:29:27', NULL, '2015-09-13 10:41:29'),
(175, 84, 'Kamarkali', 7851, NULL, 7851, 'Madukhali', 1, NULL, '2015-05-19 21:29:27', NULL, '2015-05-21 09:55:38'),
(176, 84, 'Madukhali', 7850, NULL, 7850, 'Madukhali', 1, NULL, '2015-05-19 21:29:27', NULL, '2015-05-21 09:55:38'),
(177, 94, 'Batkiamari', 8141, NULL, 8141, 'Maksudpur', 1, NULL, '2015-05-19 21:29:27', NULL, '2015-05-21 09:55:38'),
(178, 94, 'Khandarpara', 8142, NULL, 8142, 'Maksudpur', 1, NULL, '2015-05-19 21:29:27', NULL, '2015-05-21 09:55:38'),
(179, 94, 'Maksudpur', 8140, NULL, 8140, 'Maksudpur', 1, NULL, '2015-05-19 21:29:27', NULL, '2015-05-21 09:55:38'),
(180, 101, 'Jamalpur', 2011, NULL, 2011, 'Malandah', 1, NULL, '2015-05-19 21:29:27', NULL, '2015-05-21 09:55:38'),
(181, 101, 'Mahmoodpur', 2013, NULL, 2013, 'Malandah', 1, NULL, '2015-05-19 21:29:27', NULL, '2015-05-21 09:55:38'),
(182, 101, 'Malancha', 2012, NULL, 2012, 'Malandah', 1, NULL, '2015-05-19 21:29:27', NULL, '2015-05-21 09:55:38'),
(183, 101, 'Malandah', 2010, NULL, 2010, 'Malandah', 1, NULL, '2015-05-19 21:29:27', NULL, '2015-05-21 09:55:38'),
(184, 122, 'Barangail', 1804, NULL, 1804, 'Manikganj Sadar', 1, NULL, '2015-05-19 21:29:27', NULL, '2015-09-13 10:41:29'),
(185, 122, 'Gorpara', 1802, NULL, 1802, 'Manikganj Sadar', 1, NULL, '2015-05-19 21:29:27', NULL, '2015-09-13 10:41:29'),
(186, 122, 'Mahadebpur', 1803, NULL, 1803, 'Manikganj Sadar', 1, NULL, '2015-05-19 21:29:27', NULL, '2015-09-13 10:41:29'),
(187, 122, 'Manikganj Bazar', 1801, NULL, 1801, 'Manikganj Sadar', 1, NULL, '2015-05-19 21:29:27', NULL, '2015-09-13 10:41:29'),
(188, 122, 'Manikganj Sadar', 1800, NULL, 1800, 'Manikganj Sadar', 1, NULL, '2015-05-19 21:29:27', NULL, '2015-09-13 10:41:29'),
(189, NULL, 'Balijhuri', 2041, NULL, 2041, 'Mathargonj', 1, NULL, '2015-05-19 21:29:27', NULL, '2015-09-13 10:41:29'),
(190, NULL, 'Mathargonj', 2040, NULL, 2040, 'Mathargonj', 1, NULL, '2015-05-19 21:29:27', NULL, '2015-09-13 10:41:29'),
(191, 231, 'Mirpur TSO', 1216, NULL, 1216, 'Mirpur', 1, NULL, '2015-05-19 21:29:27', NULL, '2015-05-21 09:55:38'),
(192, 183, 'Gorai', 1941, NULL, 1941, 'Mirzapur', 1, NULL, '2015-05-19 21:29:27', NULL, '2015-09-13 10:41:29'),
(193, 183, 'Jarmuki', 1944, NULL, 1944, 'Mirzapur', 1, NULL, '2015-05-19 21:29:27', NULL, '2015-09-13 10:41:29'),
(194, 183, 'M.C. College', 1942, NULL, 1942, 'Mirzapur', 1, NULL, '2015-05-19 21:29:27', NULL, '2015-09-13 10:41:29'),
(195, 183, 'Mirzapur', 1940, NULL, 1940, 'Mirzapur', 1, NULL, '2015-05-19 21:29:27', NULL, '2015-09-13 10:41:29'),
(196, 183, 'Mohera', 1945, NULL, 1945, 'Mirzapur', 1, NULL, '2015-05-19 21:29:27', NULL, '2015-09-13 10:41:29'),
(197, 183, 'Warri paikpara', 1943, NULL, 1943, 'Mirzapur', 1, NULL, '2015-05-19 21:29:27', NULL, '2015-09-13 10:41:29'),
(198, 111, 'Abdullahpur', 2371, NULL, 2371, 'Mithamoin', 1, NULL, '2015-05-19 21:29:27', NULL, '2015-05-21 09:55:38'),
(199, 111, 'MIthamoin', 2370, NULL, 2370, 'Mithamoin', 1, NULL, '2015-05-19 21:29:27', NULL, '2015-05-21 09:55:38'),
(200, NULL, 'Moddoynagar', 2456, NULL, 2456, 'Moddhynagar', 1, NULL, '2015-05-19 21:29:27', NULL, '2015-09-13 10:41:30'),
(201, 233, 'Mohammadpur Housing', 1207, NULL, 1207, 'Mohammadpur', 1, NULL, '2015-05-19 21:29:27', NULL, '2015-05-21 09:55:38'),
(202, 233, 'Sangsad BhabanTSO', 1225, NULL, 1225, 'Mohammadpur', 1, NULL, '2015-05-19 21:29:27', NULL, '2015-05-21 09:55:38'),
(203, 159, 'Mohanganj', 2446, NULL, 2446, 'Mohanganj', 1, NULL, '2015-05-19 21:29:27', NULL, '2015-09-13 10:41:30'),
(204, NULL, 'Ershad Nagar', 1712, NULL, 1712, 'Monnunagar', 1, NULL, '2015-05-19 21:29:27', NULL, '2015-09-13 10:41:30'),
(205, NULL, 'Monnunagar', 1710, NULL, 1710, 'Monnunagar', 1, NULL, '2015-05-19 21:29:27', NULL, '2015-09-13 10:41:30'),
(206, NULL, 'Nishat Nagar', 1711, NULL, 1711, 'Monnunagar', 1, NULL, '2015-05-19 21:29:27', NULL, '2015-09-13 10:41:30'),
(207, 147, 'Hatirdia', 1651, NULL, 1651, 'Monohordi', 1, NULL, '2015-05-19 21:29:27', NULL, '2015-05-21 09:55:38'),
(208, 147, 'Katabaria', 1652, NULL, 1652, 'Monohordi', 1, NULL, '2015-05-19 21:29:27', NULL, '2015-05-21 09:55:38'),
(209, 147, 'Monohordi', 1650, NULL, 1650, 'Monohordi', 1, NULL, '2015-05-19 21:29:27', NULL, '2015-05-21 09:55:38'),
(210, 435, 'BangabhabanTSO', 1222, NULL, 1222, 'Motijheel', 1, NULL, '2015-05-19 21:29:27', NULL, '2015-09-13 10:41:30'),
(211, 435, 'DilkushaTSO', 1223, NULL, 1223, 'Motijheel', 1, NULL, '2015-05-19 21:29:27', NULL, '2015-09-13 10:41:30'),
(212, 138, 'Muktagachha', 2210, NULL, 2210, 'Muktagachha', 1, NULL, '2015-05-19 21:29:27', NULL, '2015-09-13 10:41:30'),
(213, 127, 'Kathakhali', 1503, NULL, 1503, 'Munshiganj Sadar', 1, NULL, '2015-05-19 21:29:27', NULL, '2015-09-13 10:41:30'),
(214, 127, 'Mirkadim', 1502, NULL, 1502, 'Munshiganj Sadar', 1, NULL, '2015-05-19 21:29:27', NULL, '2015-09-13 10:41:30'),
(215, 127, 'Munshiganj Sadar', 1500, NULL, 1500, 'Munshiganj Sadar', 1, NULL, '2015-05-19 21:29:27', NULL, '2015-09-13 10:41:30'),
(216, 127, 'Rikabibazar', 1501, NULL, 1501, 'Munshiganj Sadar', 1, NULL, '2015-05-19 21:29:27', NULL, '2015-09-13 10:41:30'),
(217, 137, 'Agriculture Universi', 2202, NULL, 2202, 'Mymensingh Sadar', 1, NULL, '2015-05-19 21:29:27', NULL, '2015-09-13 10:41:30'),
(218, 137, 'Biddyaganj', 2204, NULL, 2204, 'Mymensingh Sadar', 1, NULL, '2015-05-19 21:29:27', NULL, '2015-09-13 10:41:30'),
(219, 137, 'Kawatkhali', 2201, NULL, 2201, 'Mymensingh Sadar', 1, NULL, '2015-05-19 21:29:27', NULL, '2015-09-13 10:41:30'),
(220, 137, 'Mymensingh Sadar', 2200, NULL, 2200, 'Mymensingh Sadar', 1, NULL, '2015-05-19 21:29:27', NULL, '2015-09-13 10:41:30'),
(221, 137, 'Pearpur', 2205, NULL, 2205, 'Mymensingh Sadar', 1, NULL, '2015-05-19 21:29:27', NULL, '2015-09-13 10:41:30'),
(222, 137, 'Shombhuganj', 2203, NULL, 2203, 'Mymensingh Sadar', 1, NULL, '2015-05-19 21:29:27', NULL, '2015-09-13 10:41:30'),
(223, 16, 'Nagarkanda', 7840, NULL, 7840, 'Nagarkanda', 1, NULL, '2015-05-19 21:29:27', NULL, '2015-09-13 10:41:30'),
(224, 16, 'Talma', 7841, NULL, 7841, 'Nagarkanda', 1, NULL, '2015-05-19 21:29:27', NULL, '2015-09-13 10:41:30'),
(225, 184, 'Dhuburia', 1937, NULL, 1937, 'Nagarpur', 1, NULL, '2015-05-19 21:29:27', NULL, '2015-09-13 10:41:30'),
(226, 184, 'Nagarpur', 1936, NULL, 1936, 'Nagarpur', 1, NULL, '2015-05-19 21:29:27', NULL, '2015-09-13 10:41:30'),
(227, 184, 'Salimabad', 1938, NULL, 1938, 'Nagarpur', 1, NULL, '2015-05-19 21:29:27', NULL, '2015-09-13 10:41:30'),
(228, 20, 'Gonopaddi', 2151, NULL, 2151, 'Nakla', 1, NULL, '2015-05-19 21:29:27', NULL, '2015-09-13 10:41:30'),
(229, 20, 'Nakla', 2150, NULL, 2150, 'Nakla', 1, NULL, '2015-05-19 21:29:27', NULL, '2015-09-13 10:41:30'),
(230, 172, 'Hatibandha', 2111, NULL, 2111, 'Nalitabari', 1, NULL, '2015-05-19 21:29:27', NULL, '2015-09-13 10:41:30'),
(231, 172, 'Nalitabari', 2110, NULL, 2110, 'Nalitabari', 1, NULL, '2015-05-19 21:29:27', NULL, '2015-09-13 10:41:30'),
(232, 139, 'Gangail', 2291, NULL, 2291, 'Nandail', 1, NULL, '2015-05-19 21:29:27', NULL, '2015-09-13 10:41:30'),
(233, 139, 'Nandail', 2290, NULL, 2290, 'Nandail', 1, NULL, '2015-05-19 21:29:27', NULL, '2015-09-13 10:41:30'),
(234, 19, 'Narayanganj Sadar', 1400, NULL, 1400, 'Narayanganj Sadar', 1, NULL, '2015-05-19 21:29:27', NULL, '2015-09-13 10:41:30'),
(235, 168, 'Bhozeshwar', 8021, NULL, 8021, 'Naria', 1, NULL, '2015-05-19 21:29:27', NULL, '2015-09-13 10:41:30'),
(236, 168, 'Gharisar', 8022, NULL, 8022, 'Naria', 1, NULL, '2015-05-19 21:29:27', NULL, '2015-09-13 10:41:30'),
(237, 168, 'Kartikpur', 8024, NULL, 8024, 'Naria', 1, NULL, '2015-05-19 21:29:27', NULL, '2015-09-13 10:41:30'),
(238, 168, 'Naria', 8020, NULL, 8020, 'Naria', 1, NULL, '2015-05-19 21:29:27', NULL, '2015-09-13 10:41:30'),
(239, 168, 'Upshi', 8023, NULL, 8023, 'Naria', 1, NULL, '2015-05-19 21:29:27', NULL, '2015-09-13 10:41:30'),
(240, 148, 'Karimpur', 1605, NULL, 1605, 'Narshingdi Sadar', 1, NULL, '2015-05-19 21:29:27', NULL, '2015-05-21 09:55:38'),
(241, 148, 'Madhabdi', 1604, NULL, 1604, 'Narshingdi Sadar', 1, NULL, '2015-05-19 21:29:27', NULL, '2015-05-21 09:55:38'),
(242, 148, 'Narshingdi College', 1602, NULL, 1602, 'Narshingdi Sadar', 1, NULL, '2015-05-19 21:29:27', NULL, '2015-05-21 09:55:38'),
(243, 148, 'Narshingdi Sadar', 1600, NULL, 1600, 'Narshingdi Sadar', 1, NULL, '2015-05-19 21:29:27', NULL, '2015-05-21 09:55:38'),
(244, 148, 'Panchdona', 1603, NULL, 1603, 'Narshingdi Sadar', 1, NULL, '2015-05-19 21:29:27', NULL, '2015-05-21 09:55:38'),
(245, 148, 'UMC Jute Mills', 1601, NULL, 1601, 'Narshingdi Sadar', 1, NULL, '2015-05-19 21:29:27', NULL, '2015-05-21 09:55:38'),
(246, 436, 'Agla', 1323, NULL, 1323, 'Nawabganj', 1, NULL, '2015-05-19 21:29:27', NULL, '2015-05-21 09:55:38'),
(247, 436, 'Churain', 1325, NULL, 1325, 'Nawabganj', 1, NULL, '2015-05-19 21:29:27', NULL, '2015-05-21 09:55:38'),
(248, 436, 'Daudpur', 1322, NULL, 1322, 'Nawabganj', 1, NULL, '2015-05-19 21:29:27', NULL, '2015-05-21 09:55:38'),
(249, 436, 'Hasnabad', 1321, NULL, 1321, 'Nawabganj', 1, NULL, '2015-05-19 21:29:27', NULL, '2015-05-21 09:55:38'),
(250, 436, 'Khalpar', 1324, NULL, 1324, 'Nawabganj', 1, NULL, '2015-05-19 21:29:27', NULL, '2015-05-21 09:55:38'),
(251, 436, 'Nawabganj', 1320, NULL, 1320, 'Nawabganj', 1, NULL, '2015-05-19 21:29:27', NULL, '2015-05-21 09:55:38'),
(252, 160, 'Baikherhati', 2401, NULL, 2401, 'Netrakona Sadar', 1, NULL, '2015-05-19 21:29:27', NULL, '2015-05-21 09:55:38'),
(253, 160, 'Netrakona Sadar', 2400, NULL, 2400, 'Netrakona Sadar', 1, NULL, '2015-05-19 21:29:27', NULL, '2015-05-21 09:55:38'),
(254, 43, 'New Market TSO', 1205, NULL, 1205, 'New market', 1, NULL, '2015-05-19 21:29:27', NULL, '2015-09-13 10:41:31'),
(255, 112, 'Nikli', 2360, NULL, 2360, 'Nikli', 1, NULL, '2015-05-19 21:29:27', NULL, '2015-09-13 10:41:31'),
(256, 103, 'Ostagram', 2380, NULL, 2380, 'Ostagram', 1, NULL, '2015-05-19 21:29:27', NULL, '2015-05-21 09:55:38'),
(257, 113, 'Pakundia', 2326, NULL, 2326, 'Pakundia', 1, NULL, '2015-05-19 21:29:27', NULL, '2015-09-13 10:41:31'),
(258, 149, 'Char Sindhur', 1612, NULL, 1612, 'Palash', 1, NULL, '2015-05-19 21:29:27', NULL, '2015-09-13 10:41:31'),
(259, 149, 'Ghorashal', 1613, NULL, 1613, 'Palash', 1, NULL, '2015-05-19 21:29:27', NULL, '2015-09-13 10:41:31'),
(260, 149, 'Ghorashal Urea Facto', 1611, NULL, 1611, 'Palash', 1, NULL, '2015-05-19 21:29:27', NULL, '2015-09-13 10:41:31'),
(261, 149, 'Palash', 1610, NULL, 1610, 'Palash', 1, NULL, '2015-05-19 21:29:27', NULL, '2015-09-13 10:41:31'),
(262, 42, 'Dhaka GPO', 1000, NULL, 1000, 'Palton', 1, NULL, '2015-05-19 21:29:27', NULL, '2015-05-21 09:55:38'),
(263, 164, 'Mrigibazar', 7723, NULL, 7723, 'Pangsha', 1, NULL, '2015-05-19 21:29:27', NULL, '2015-09-13 10:41:31'),
(264, 164, 'Pangsha', 7720, NULL, 7720, 'Pangsha', 1, NULL, '2015-05-19 21:29:27', NULL, '2015-09-13 10:41:31'),
(265, 164, 'Ramkol', 7721, NULL, 7721, 'Pangsha', 1, NULL, '2015-05-19 21:29:27', NULL, '2015-09-13 10:41:31'),
(266, 164, 'Ratandia', 7722, NULL, 7722, 'Pangsha', 1, NULL, '2015-05-19 21:29:27', NULL, '2015-09-13 10:41:31'),
(267, 140, 'Beltia', 2251, NULL, 2251, 'Phulpur', 1, NULL, '2015-05-19 21:29:27', NULL, '2015-09-13 10:41:31'),
(268, 140, 'Phulpur', 2250, NULL, 2250, 'Phulpur', 1, NULL, '2015-05-19 21:29:27', NULL, '2015-09-13 10:41:31'),
(269, 140, 'Tarakanda', 2252, NULL, 2252, 'Phulpur', 1, NULL, '2015-05-19 21:29:27', NULL, '2015-09-13 10:41:31'),
(270, 161, 'Jaria Jhanjhail', 2412, NULL, 2412, 'Purbadhola', 1, NULL, '2015-05-19 21:29:27', NULL, '2015-05-21 09:55:38'),
(271, 161, 'Purbadhola', 2410, NULL, 2410, 'Purbadhola', 1, NULL, '2015-05-19 21:29:27', NULL, '2015-05-21 09:55:38'),
(272, 161, 'Shamgonj', 2411, NULL, 2411, 'Purbadhola', 1, NULL, '2015-05-19 21:29:27', NULL, '2015-05-21 09:55:38'),
(273, 165, 'Goalanda', 7710, NULL, 7710, 'Rajbari Sadar', 1, NULL, '2015-05-19 21:29:27', NULL, '2015-09-13 10:41:31'),
(274, 165, 'Khankhanapur', 7711, NULL, 7711, 'Rajbari Sadar', 1, NULL, '2015-05-19 21:29:27', NULL, '2015-09-13 10:41:31'),
(275, 165, 'Rajbari Sadar', 7700, NULL, 7700, 'Rajbari Sadar', 1, NULL, '2015-05-19 21:29:27', NULL, '2015-09-13 10:41:31'),
(276, 117, 'Khalia', 7911, NULL, 7911, 'Rajoir', 1, NULL, '2015-05-19 21:29:27', NULL, '2015-09-13 10:41:31'),
(277, 117, 'Rajoir', 7910, NULL, 7910, 'Rajoir', 1, NULL, '2015-05-19 21:29:27', NULL, '2015-09-13 10:41:31'),
(278, 68, 'Shantinagr TSO', 1217, NULL, 1217, 'Ramna', 1, NULL, '2015-05-19 21:29:27', NULL, '2015-09-13 10:41:31'),
(279, 150, 'Bazar Hasnabad', 1631, NULL, 1631, 'Raypura', 1, NULL, '2015-05-19 21:29:27', NULL, '2015-05-21 09:55:38'),
(280, 150, 'Radhaganj bazar', 1632, NULL, 1632, 'Raypura', 1, NULL, '2015-05-19 21:29:27', NULL, '2015-05-21 09:55:38'),
(281, 150, 'Raypura', 1630, NULL, 1630, 'Raypura', 1, NULL, '2015-05-19 21:29:27', NULL, '2015-05-21 09:55:38'),
(282, 145, 'Bhulta', 1462, NULL, 1462, 'Rupganj', 1, NULL, '2015-05-19 21:29:27', NULL, '2015-09-13 10:41:31'),
(283, 145, 'Kanchan', 1461, NULL, 1461, 'Rupganj', 1, NULL, '2015-05-19 21:29:27', NULL, '2015-09-13 10:41:31'),
(284, 145, 'Murapara', 1464, NULL, 1464, 'Rupganj', 1, NULL, '2015-05-19 21:29:27', NULL, '2015-09-13 10:41:31'),
(285, 145, 'Nagri', 1463, NULL, 1463, 'Rupganj', 1, NULL, '2015-05-19 21:29:27', NULL, '2015-09-13 10:41:31'),
(286, 145, 'Rupganj', 1460, NULL, 1460, 'Rupganj', 1, NULL, '2015-05-19 21:29:27', NULL, '2015-09-13 10:41:31'),
(287, 69, 'Basabo TSO', 1214, NULL, 1214, 'Sabujbag', 1, NULL, '2015-05-19 21:29:27', NULL, '2015-05-21 09:55:38'),
(288, 85, 'Bishwa jaker Manjil', 7822, NULL, 7822, 'Sadarpur', 1, NULL, '2015-05-19 21:29:27', NULL, '2015-09-13 10:41:31'),
(289, 85, 'Hat Krishapur', 7821, NULL, 7821, 'Sadarpur', 1, NULL, '2015-05-19 21:29:27', NULL, '2015-09-13 10:41:31'),
(290, 85, 'Sadarpur', 7820, NULL, 7820, 'Sadarpur', 1, NULL, '2015-05-19 21:29:27', NULL, '2015-09-13 10:41:32'),
(291, 185, 'Kochua', 1951, NULL, 1951, 'Sakhipur', 1, NULL, '2015-05-19 21:29:27', NULL, '2015-09-13 10:41:32'),
(292, 185, 'Sakhipur', 1950, NULL, 1950, 'Sakhipur', 1, NULL, '2015-05-19 21:29:27', NULL, '2015-09-13 10:41:32'),
(293, 123, 'Baliati', 1811, NULL, 1811, 'Saturia', 1, NULL, '2015-05-19 21:29:27', NULL, '2015-09-13 10:41:32'),
(294, 123, 'Saturia', 1810, NULL, 1810, 'Saturia', 1, NULL, '2015-05-19 21:29:27', NULL, '2015-09-13 10:41:32'),
(295, 70, 'Amin Bazar', 1348, NULL, 1348, 'Savar', 1, NULL, '2015-05-19 21:29:27', NULL, '2015-09-13 10:41:32'),
(296, 70, 'Dairy Farm', 1341, NULL, 1341, 'Savar', 1, NULL, '2015-05-19 21:29:27', NULL, '2015-09-13 10:41:32'),
(297, 70, 'EPZ', 1349, NULL, 1349, 'Savar', 1, NULL, '2015-05-19 21:29:27', NULL, '2015-09-13 10:41:32'),
(298, 70, 'Jahangirnagar Univer', 1342, NULL, 1342, 'Savar', 1, NULL, '2015-05-19 21:29:27', NULL, '2015-09-13 10:41:32'),
(299, 70, 'Kashem Cotton Mills', 1346, NULL, 1346, 'Savar', 1, NULL, '2015-05-19 21:29:27', NULL, '2015-09-13 10:41:32'),
(300, 70, 'Rajphulbaria', 1347, NULL, 1347, 'Savar', 1, NULL, '2015-05-19 21:29:27', NULL, '2015-09-13 10:41:32'),
(301, 70, 'Savar', 1340, NULL, 1340, 'Savar', 1, NULL, '2015-05-19 21:29:27', NULL, '2015-09-13 10:41:32'),
(302, 70, 'Savar Canttonment', 1344, NULL, 1344, 'Savar', 1, NULL, '2015-05-19 21:29:27', NULL, '2015-09-13 10:41:32'),
(303, 70, 'Saver P.A.T.C', 1343, NULL, 1343, 'Savar', 1, NULL, '2015-05-19 21:29:27', NULL, '2015-09-13 10:41:32'),
(304, 70, 'Shimulia', 1345, NULL, 1345, 'Savar', 1, NULL, '2015-05-19 21:29:27', NULL, '2015-09-13 10:41:32'),
(305, 169, 'Angaria', 8001, NULL, 8001, 'Shariatpur Sadar', 1, NULL, '2015-05-19 21:29:27', NULL, '2015-09-13 10:41:32'),
(306, 169, 'Chikandi', 8002, NULL, 8002, 'Shariatpur Sadar', 1, NULL, '2015-05-19 21:29:27', NULL, '2015-09-13 10:41:32'),
(307, 169, 'Shariatpur Sadar', 8000, NULL, 8000, 'Shariatpur Sadar', 1, NULL, '2015-05-19 21:29:27', NULL, '2015-09-13 10:41:32'),
(308, 173, 'Sherpur Shadar', 2100, NULL, 2100, 'Sherpur Shadar', 1, NULL, '2015-05-19 21:29:27', NULL, '2015-05-21 09:55:38'),
(309, 124, 'Aricha', 1851, NULL, 1851, 'Shibloya', 1, NULL, '2015-05-19 21:29:27', NULL, '2015-05-21 09:55:38'),
(310, 124, 'Shibaloy', 1850, NULL, 1850, 'Shibloya', 1, NULL, '2015-05-19 21:29:27', NULL, '2015-05-21 09:55:38'),
(311, 124, 'Tewta', 1852, NULL, 1852, 'Shibloya', 1, NULL, '2015-05-19 21:29:27', NULL, '2015-05-21 09:55:38'),
(312, 124, 'Uthli', 1853, NULL, 1853, 'Shibloya', 1, NULL, '2015-05-19 21:29:27', NULL, '2015-05-21 09:55:38'),
(313, 151, 'Shibpur', 1620, NULL, 1620, 'Shibpur', 1, NULL, '2015-05-19 21:29:27', NULL, '2015-09-13 10:41:32'),
(314, 102, 'Bausee', 2052, NULL, 2052, 'Shorishabari', 1, NULL, '2015-05-19 21:29:27', NULL, '2015-05-21 09:55:38'),
(315, 102, 'Gunerbari', 2051, NULL, 2051, 'Shorishabari', 1, NULL, '2015-05-19 21:29:27', NULL, '2015-05-21 09:55:38'),
(316, 102, 'Jagannath Ghat', 2053, NULL, 2053, 'Shorishabari', 1, NULL, '2015-05-19 21:29:27', NULL, '2015-05-21 09:55:38'),
(317, 102, 'Jamuna Sar Karkhana', 2055, NULL, 2055, 'Shorishabari', 1, NULL, '2015-05-19 21:29:27', NULL, '2015-05-21 09:55:38'),
(318, 102, 'Pingna', 2054, NULL, 2054, 'Shorishabari', 1, NULL, '2015-05-19 21:29:27', NULL, '2015-05-21 09:55:38'),
(319, 102, 'Shorishabari', 2050, NULL, 2050, 'Shorishabari', 1, NULL, '2015-05-19 21:29:27', NULL, '2015-05-21 09:55:38'),
(320, NULL, 'Shriangan', 7804, NULL, 7804, 'Shriangan', 1, NULL, '2015-05-19 21:29:27', NULL, '2015-09-13 10:41:32'),
(321, 174, 'Shribardi', 2130, NULL, 2130, 'Shribardi', 1, NULL, '2015-05-19 21:29:27', NULL, '2015-05-21 09:55:38'),
(322, NULL, 'Adamjeenagar', 1431, NULL, 1431, 'Siddirganj', 1, NULL, '2015-05-19 21:29:27', NULL, '2015-09-13 10:41:32'),
(323, NULL, 'LN Mills', 1432, NULL, 1432, 'Siddirganj', 1, NULL, '2015-05-19 21:29:27', NULL, '2015-09-13 10:41:32'),
(324, NULL, 'Siddirganj', 1430, NULL, 1430, 'Siddirganj', 1, NULL, '2015-05-19 21:29:27', NULL, '2015-09-13 10:41:32'),
(325, 125, 'Baira', 1821, NULL, 1821, 'Singari', 1, NULL, '2015-05-19 21:29:27', NULL, '2015-05-21 09:55:38'),
(326, 125, 'joymantop', 1822, NULL, 1822, 'Singari', 1, NULL, '2015-05-19 21:29:27', NULL, '2015-05-21 09:55:38'),
(327, 125, 'Singair', 1820, NULL, 1820, 'Singari', 1, NULL, '2015-05-19 21:29:27', NULL, '2015-05-21 09:55:38'),
(328, 128, 'Ichapur', 1542, NULL, 1542, 'Sirajdikhan', 1, NULL, '2015-05-19 21:29:27', NULL, '2015-05-21 09:55:38'),
(329, 128, 'Kola', 1541, NULL, 1541, 'Sirajdikhan', 1, NULL, '2015-05-19 21:29:27', NULL, '2015-05-21 09:55:38'),
(330, 128, 'Malkha Nagar', 1543, NULL, 1543, 'Sirajdikhan', 1, NULL, '2015-05-19 21:29:27', NULL, '2015-05-21 09:55:38'),
(331, 128, 'Shekher Nagar', 1544, NULL, 1544, 'Sirajdikhan', 1, NULL, '2015-05-19 21:29:27', NULL, '2015-05-21 09:55:38'),
(332, 128, 'Sirajdikhan', 1540, NULL, 1540, 'Sirajdikhan', 1, NULL, '2015-05-19 21:29:27', NULL, '2015-05-21 09:55:38'),
(333, 33, 'Barmi', 1743, NULL, 1743, 'Sreepur', 1, NULL, '2015-05-19 21:29:27', NULL, '2015-05-21 09:55:38'),
(334, 33, 'Bashamur', 1747, NULL, 1747, 'Sreepur', 1, NULL, '2015-05-19 21:29:27', NULL, '2015-05-21 09:55:38'),
(335, 33, 'Boubi', 1748, NULL, 1748, 'Sreepur', 1, NULL, '2015-05-19 21:29:27', NULL, '2015-05-21 09:55:38'),
(336, 33, 'Kawraid', 1745, NULL, 1745, 'Sreepur', 1, NULL, '2015-05-19 21:29:27', NULL, '2015-05-21 09:55:38'),
(337, 33, 'Satkhamair', 1744, NULL, 1744, 'Sreepur', 1, NULL, '2015-05-19 21:29:27', NULL, '2015-05-21 09:55:38'),
(338, 33, 'Sreepur', 1740, NULL, 1740, 'Sreepur', 1, NULL, '2015-05-19 21:29:27', NULL, '2015-05-21 09:55:38'),
(339, 129, 'Baghra', 1557, NULL, 1557, 'Srinagar', 1, NULL, '2015-05-19 21:29:27', NULL, '2015-05-21 09:55:38'),
(340, 129, 'Barikhal', 1551, NULL, 1551, 'Srinagar', 1, NULL, '2015-05-19 21:29:27', NULL, '2015-05-21 09:55:38'),
(341, 129, 'Bhaggyakul', 1558, NULL, 1558, 'Srinagar', 1, NULL, '2015-05-19 21:29:27', NULL, '2015-05-21 09:55:38'),
(342, 129, 'Hashara', 1553, NULL, 1553, 'Srinagar', 1, NULL, '2015-05-19 21:29:27', NULL, '2015-05-21 09:55:38'),
(343, 129, 'Kolapara', 1554, NULL, 1554, 'Srinagar', 1, NULL, '2015-05-19 21:29:27', NULL, '2015-05-21 09:55:38'),
(344, 129, 'Kumarbhog', 1555, NULL, 1555, 'Srinagar', 1, NULL, '2015-05-19 21:29:27', NULL, '2015-05-21 09:55:38'),
(345, 129, 'Mazpara', 1552, NULL, 1552, 'Srinagar', 1, NULL, '2015-05-19 21:29:27', NULL, '2015-05-21 09:55:38'),
(346, 129, 'Srinagar', 1550, NULL, 1550, 'Srinagar', 1, NULL, '2015-05-19 21:29:27', NULL, '2015-05-21 09:55:38'),
(347, 129, 'Vaggyakul SO', 1556, NULL, 1556, 'Srinagar', 1, NULL, '2015-05-19 21:29:27', NULL, '2015-05-21 09:55:38'),
(348, 257, 'Rajendrapur', 1741, NULL, 1741, 'Sripur', 1, NULL, '2015-05-19 21:29:27', NULL, '2015-05-21 09:55:38'),
(349, 257, 'Rajendrapur Canttome', 1742, NULL, 1742, 'Sripur', 1, NULL, '2015-05-19 21:29:27', NULL, '2015-05-21 09:55:38'),
(350, 74, 'Dhaka Sadar HO', 1100, NULL, 1100, 'Sutrapur', 1, NULL, '2015-05-19 21:29:27', NULL, '2015-09-13 10:41:33'),
(351, 74, 'Gendaria TSO', 1204, NULL, 1204, 'Sutrapur', 1, NULL, '2015-05-19 21:29:27', NULL, '2015-09-13 10:41:33'),
(352, 74, 'Wari TSO', 1203, NULL, 1203, 'Sutrapur', 1, NULL, '2015-05-19 21:29:27', NULL, '2015-09-13 10:41:33'),
(353, 186, 'Kagmari', 1901, NULL, 1901, 'Tangail Sadar', 1, NULL, '2015-05-19 21:29:27', NULL, '2015-09-13 10:41:33'),
(354, 186, 'Korotia', 1903, NULL, 1903, 'Tangail Sadar', 1, NULL, '2015-05-19 21:29:27', NULL, '2015-09-13 10:41:33'),
(355, 186, 'Purabari', 1904, NULL, 1904, 'Tangail Sadar', 1, NULL, '2015-05-19 21:29:27', NULL, '2015-09-13 10:41:33'),
(356, 186, 'Santosh', 1902, NULL, 1902, 'Tangail Sadar', 1, NULL, '2015-05-19 21:29:27', NULL, '2015-09-13 10:41:33'),
(357, 186, 'Tangail Sadar', 1900, NULL, 1900, 'Tangail Sadar', 1, NULL, '2015-05-19 21:29:27', NULL, '2015-09-13 10:41:33'),
(358, 130, 'Bajrajugini', 1523, NULL, 1523, 'Tangibari', 1, NULL, '2015-05-19 21:29:27', NULL, '2015-05-21 09:55:38'),
(359, 130, 'Baligao', 1522, NULL, 1522, 'Tangibari', 1, NULL, '2015-05-19 21:29:27', NULL, '2015-05-21 09:55:38'),
(360, 130, 'Betkahat', 1521, NULL, 1521, 'Tangibari', 1, NULL, '2015-05-19 21:29:27', NULL, '2015-05-21 09:55:38'),
(361, 130, 'Dighirpar', 1525, NULL, 1525, 'Tangibari', 1, NULL, '2015-05-19 21:29:27', NULL, '2015-05-21 09:55:38'),
(362, 130, 'Hasail', 1524, NULL, 1524, 'Tangibari', 1, NULL, '2015-05-19 21:29:27', NULL, '2015-05-21 09:55:38'),
(363, 130, 'Pura', 1527, NULL, 1527, 'Tangibari', 1, NULL, '2015-05-19 21:29:27', NULL, '2015-05-21 09:55:38'),
(364, 130, 'Pura EDSO', 1526, NULL, 1526, 'Tangibari', 1, NULL, '2015-05-19 21:29:27', NULL, '2015-05-21 09:55:38'),
(365, 130, 'Tangibari', 1520, NULL, 1520, 'Tangibari', 1, NULL, '2015-05-19 21:29:27', NULL, '2015-05-21 09:55:38'),
(366, 114, 'Tarial', 2316, NULL, 2316, 'Tarial', 1, NULL, '2015-05-19 21:29:27', NULL, '2015-05-21 09:55:38'),
(367, 75, 'Tejgaon TSO', 1215, NULL, 1215, 'Tejgaon', 1, NULL, '2015-05-19 21:29:27', NULL, '2015-09-13 10:41:33'),
(368, 75, 'Dhaka Politechnic', 1208, NULL, 1208, 'Tejgaon Industrial Area', 1, NULL, '2015-05-19 21:29:27', NULL, '2015-05-21 09:55:38'),
(369, 141, 'Ahmadbad', 2221, NULL, 2221, 'Trishal', 1, NULL, '2015-05-19 21:29:27', NULL, '2015-09-13 10:41:33'),
(370, 141, 'Dhala', 2223, NULL, 2223, 'Trishal', 1, NULL, '2015-05-19 21:29:27', NULL, '2015-09-13 10:41:33'),
(371, 141, 'Ram Amritaganj', 2222, NULL, 2222, 'Trishal', 1, NULL, '2015-05-19 21:29:27', NULL, '2015-09-13 10:41:33'),
(372, 141, 'Trishal', 2220, NULL, 2220, 'Trishal', 1, NULL, '2015-05-19 21:29:27', NULL, '2015-09-13 10:41:33'),
(373, 95, 'Patgati', 8121, NULL, 8121, 'Tungipara', 1, NULL, '2015-05-19 21:29:27', NULL, '2015-09-13 10:41:33'),
(374, 95, 'Tungipara', 8120, NULL, 8120, 'Tungipara', 1, NULL, '2015-05-19 21:29:27', NULL, '2015-09-13 10:41:33'),
(375, 78, 'Uttara Model TwonTSO', 1230, NULL, 1230, 'Uttara', 1, NULL, '2015-05-19 21:29:27', NULL, '2015-09-13 10:41:33'),
(376, 482, 'Akhaura', 3450, NULL, 3450, 'Akhaura', 1, NULL, '2015-05-19 21:29:27', NULL, '2015-09-13 10:41:33'),
(377, 482, 'Azampur', 3451, NULL, 3451, 'Akhaura', 1, NULL, '2015-05-19 21:29:27', NULL, '2015-09-13 10:41:34'),
(378, 482, 'Gangasagar', 3452, NULL, 3452, 'Akhaura', 1, NULL, '2015-05-19 21:29:27', NULL, '2015-09-13 10:41:34'),
(379, 475, 'Alikadam', 4650, NULL, 4650, 'Alikadam', 1, NULL, '2015-05-19 21:29:27', NULL, '2015-09-13 10:41:34'),
(380, 498, 'Anowara', 4376, NULL, 4376, 'Anawara', 1, NULL, '2015-05-19 21:29:27', NULL, '2015-05-21 09:55:38'),
(381, 498, 'Battali', 4378, NULL, 4378, 'Anawara', 1, NULL, '2015-05-19 21:29:27', NULL, '2015-05-21 09:55:38'),
(382, 498, 'Paroikora', 4377, NULL, 4377, 'Anawara', 1, NULL, '2015-05-19 21:29:27', NULL, '2015-05-21 09:55:38'),
(383, 483, 'Banchharampur', 3420, NULL, 3420, 'Banchharampur', 1, NULL, '2015-05-19 21:29:27', NULL, '2015-09-13 10:41:34'),
(384, 476, 'Bandarban Sadar', 4600, NULL, 4600, 'Bandarban Sadar', 1, NULL, '2015-05-19 21:29:27', NULL, '2015-09-13 10:41:34'),
(385, 406, 'Barakal', 4570, NULL, 4570, 'Barakal', 1, NULL, '2015-05-19 21:29:27', NULL, '2015-05-21 09:55:38'),
(386, 523, 'Barura', 3560, NULL, 3560, 'Barura', 1, NULL, '2015-05-19 21:29:27', NULL, '2015-09-13 10:41:34'),
(387, 523, 'Murdafarganj', 3562, NULL, 3562, 'Barura', 1, NULL, '2015-05-19 21:29:27', NULL, '2015-09-13 10:41:34'),
(388, 523, 'Poyalgachha', 3561, NULL, 3561, 'Barura', 1, NULL, '2015-05-19 21:29:27', NULL, '2015-09-13 10:41:34'),
(389, NULL, 'Basur Hat', 3850, NULL, 3850, 'Basurhat', 1, NULL, '2015-05-19 21:29:27', NULL, '2015-09-13 10:41:34'),
(390, NULL, 'Charhajari', 3851, NULL, 3851, 'Basurhat', 1, NULL, '2015-05-19 21:29:27', NULL, '2015-09-13 10:41:34'),
(391, 61, 'Alaiarpur', 3831, NULL, 3831, 'Begumganj', 1, NULL, '2015-05-19 21:29:27', NULL, '2015-09-13 10:41:34'),
(392, 61, 'Amisha Para', 3847, NULL, 3847, 'Begumganj', 1, NULL, '2015-05-19 21:29:27', NULL, '2015-09-13 10:41:34'),
(393, 61, 'Banglabazar', 3822, NULL, 3822, 'Begumganj', 1, NULL, '2015-05-19 21:29:27', NULL, '2015-09-13 10:41:34'),
(394, 61, 'Bazra', 3824, NULL, 3824, 'Begumganj', 1, NULL, '2015-05-19 21:29:27', NULL, '2015-09-13 10:41:34'),
(395, 61, 'Begumganj', 3820, NULL, 3820, 'Begumganj', 1, NULL, '2015-05-19 21:29:27', NULL, '2015-09-13 10:41:34'),
(396, 61, 'Bhabani Jibanpur', 3837, NULL, 3837, 'Begumganj', 1, NULL, '2015-05-19 21:29:27', NULL, '2015-09-13 10:41:34'),
(397, 61, 'Choumohani', 3821, NULL, 3821, 'Begumganj', 1, NULL, '2015-05-19 21:29:27', NULL, '2015-09-13 10:41:34'),
(398, 61, 'Dauti', 3843, NULL, 3843, 'Begumganj', 1, NULL, '2015-05-19 21:29:27', NULL, '2015-09-13 10:41:34'),
(399, 61, 'Durgapur', 3848, NULL, 3848, 'Begumganj', 1, NULL, '2015-05-19 21:29:27', NULL, '2015-09-13 10:41:34'),
(400, 61, 'Gopalpur', 3828, NULL, 3828, 'Begumganj', 1, NULL, '2015-05-19 21:29:27', NULL, '2015-09-13 10:41:34'),
(401, 61, 'Jamidar Hat', 3825, NULL, 3825, 'Begumganj', 1, NULL, '2015-05-19 21:29:27', NULL, '2015-09-13 10:41:34'),
(403, 61, 'Joynarayanpur', 3829, NULL, 3829, 'Begumganj', 1, NULL, '2015-05-19 21:29:27', NULL, '2015-09-13 10:41:34'),
(404, 61, 'Khalafat Bazar', 3833, NULL, 3833, 'Begumganj', 1, NULL, '2015-05-19 21:29:27', NULL, '2015-09-13 10:41:34'),
(405, 61, 'Khalishpur', 3842, NULL, 3842, 'Begumganj', 1, NULL, '2015-05-19 21:29:27', NULL, '2015-09-13 10:41:34'),
(406, 61, 'Maheshganj', 3838, NULL, 3838, 'Begumganj', 1, NULL, '2015-05-19 21:29:27', NULL, '2015-09-13 10:41:34'),
(407, 61, 'Mir Owarishpur', 3823, NULL, 3823, 'Begumganj', 1, NULL, '2015-05-19 21:29:27', NULL, '2015-09-13 10:41:34'),
(408, 61, 'Nadona', 3839, NULL, 3839, 'Begumganj', 1, NULL, '2015-05-19 21:29:27', NULL, '2015-09-13 10:41:34'),
(409, 61, 'Nandiapara', 3841, NULL, 3841, 'Begumganj', 1, NULL, '2015-05-19 21:29:27', NULL, '2015-09-13 10:41:34'),
(410, 61, 'Oachhekpur', 3835, NULL, 3835, 'Begumganj', 1, NULL, '2015-05-19 21:29:27', NULL, '2015-09-13 10:41:34'),
(411, 61, 'Rajganj', 3834, NULL, 3834, 'Begumganj', 1, NULL, '2015-05-19 21:29:27', NULL, '2015-09-13 10:41:34'),
(412, 61, 'Sonaimuri', 3827, NULL, 3827, 'Begumganj', 1, NULL, '2015-05-19 21:29:27', NULL, '2015-09-13 10:41:34'),
(413, 61, 'Tangirpar', 3832, NULL, 3832, 'Begumganj', 1, NULL, '2015-05-19 21:29:27', NULL, '2015-09-13 10:41:34'),
(414, 61, 'Thanar Hat', 3845, NULL, 3845, 'Begumganj', 1, NULL, '2015-05-19 21:29:27', NULL, '2015-09-13 10:41:34'),
(415, NULL, 'Bilaichhari', 4550, NULL, 4550, 'Bilaichhari', 1, NULL, '2015-05-19 21:29:27', NULL, '2015-09-13 10:41:34'),
(416, 502, 'Boalkhali', 4366, NULL, 4366, 'Boalkhali', 1, NULL, '2015-05-19 21:29:27', NULL, '2015-09-13 10:41:34'),
(417, 502, 'Charandwip', 4369, NULL, 4369, 'Boalkhali', 1, NULL, '2015-05-19 21:29:27', NULL, '2015-09-13 10:41:34'),
(418, 502, 'Iqbal Park', 4365, NULL, 4365, 'Boalkhali', 1, NULL, '2015-05-19 21:29:27', NULL, '2015-09-13 10:41:34'),
(419, 502, 'Kadurkhal', 4368, NULL, 4368, 'Boalkhali', 1, NULL, '2015-05-19 21:29:27', NULL, '2015-09-13 10:41:34'),
(420, 502, 'Kanungopara', 4363, NULL, 4363, 'Boalkhali', 1, NULL, '2015-05-19 21:29:27', NULL, '2015-09-13 10:41:34'),
(421, 502, 'Sakpura', 4367, NULL, 4367, 'Boalkhali', 1, NULL, '2015-05-19 21:29:27', NULL, '2015-09-13 10:41:34'),
(422, 502, 'Saroatoli', 4364, NULL, 4364, 'Boalkhali', 1, NULL, '2015-05-19 21:29:27', NULL, '2015-09-13 10:41:34'),
(423, 484, 'Ashuganj', 3402, NULL, 3402, 'Brahamanbaria Sadar', 1, NULL, '2015-05-19 21:29:27', NULL, '2015-05-21 09:55:38'),
(424, 484, 'Ashuganj Share', 3403, NULL, 3403, 'Brahamanbaria Sadar', 1, NULL, '2015-05-19 21:29:27', NULL, '2015-05-21 09:55:38'),
(425, 484, 'Brahamanbaria Sadar', 3400, NULL, 3400, 'Brahamanbaria Sadar', 1, NULL, '2015-05-19 21:29:27', NULL, '2015-05-21 09:55:38'),
(426, 484, 'Poun', 3404, NULL, 3404, 'Brahamanbaria Sadar', 1, NULL, '2015-05-19 21:29:27', NULL, '2015-05-21 09:55:38'),
(427, 484, 'Talshahar', 3401, NULL, 3401, 'Brahamanbaria Sadar', 1, NULL, '2015-05-19 21:29:27', NULL, '2015-05-21 09:55:38'),
(428, 524, 'Brahmanpara', 3526, NULL, 3526, 'Brahmanpara', 1, NULL, '2015-05-19 21:29:27', NULL, '2015-05-21 09:55:38'),
(429, 525, 'Burichang', 3520, NULL, 3520, 'Burichang', 1, NULL, '2015-05-19 21:29:27', NULL, '2015-09-13 10:41:35'),
(430, 525, 'Maynamoti bazar', 3521, NULL, 3521, 'Burichang', 1, NULL, '2015-05-19 21:29:27', NULL, '2015-09-13 10:41:35'),
(431, 526, 'Chandia', 3510, NULL, 3510, 'Chandina', 1, NULL, '2015-05-19 21:29:27', NULL, '2015-09-13 10:41:35'),
(432, 526, 'Madhaiabazar', 3511, NULL, 3511, 'Chandina', 1, NULL, '2015-05-19 21:29:27', NULL, '2015-09-13 10:41:35');
INSERT INTO `sa_post_offices` (`POST_OFFICE_ID`, `THANA_ID`, `POST_OFFICE_ENAME`, `POST_CODE`, `ORDER_SL`, `UD_POFFICE_ID`, `THANA_NAME`, `ACTIVE_FLAG`, `CREATED_BY`, `CREATE_DATE`, `UPDATED_BY`, `UPDATE_DATE`) VALUES
(433, 490, 'Baburhat', 3602, NULL, 3602, 'Chandpur Sadar', 1, NULL, '2015-05-19 21:29:27', NULL, '2015-09-13 10:41:35'),
(434, 490, 'Chandpur Sadar', 3600, NULL, 3600, 'Chandpur Sadar', 1, NULL, '2015-05-19 21:29:27', NULL, '2015-09-13 10:41:35'),
(435, 490, 'Puranbazar', 3601, NULL, 3601, 'Chandpur Sadar', 1, NULL, '2015-05-19 21:29:27', NULL, '2015-09-13 10:41:35'),
(436, 490, 'Sahatali', 3603, NULL, 3603, 'Chandpur Sadar', 1, NULL, '2015-05-19 21:29:27', NULL, '2015-09-13 10:41:35'),
(437, NULL, 'Char Alexgander', 3730, NULL, 3730, 'Char Alexgander', 1, NULL, '2015-05-19 21:29:27', NULL, '2015-09-13 10:41:35'),
(438, NULL, 'Hajirghat', 3731, NULL, 3731, 'Char Alexgander', 1, NULL, '2015-05-19 21:29:27', NULL, '2015-09-13 10:41:35'),
(439, NULL, 'Ramgatirhat', 3732, NULL, 3732, 'Char Alexgander', 1, NULL, '2015-05-19 21:29:27', NULL, '2015-09-13 10:41:35'),
(440, 62, 'Bansa Bazar', 3879, NULL, 3879, 'Chatkhil', 1, NULL, '2015-05-19 21:29:27', NULL, '2015-09-13 10:41:35'),
(441, 62, 'Bodalcourt', 3873, NULL, 3873, 'Chatkhil', 1, NULL, '2015-05-19 21:29:27', NULL, '2015-09-13 10:41:35'),
(442, 62, 'Chatkhil', 3870, NULL, 3870, 'Chatkhil', 1, NULL, '2015-05-19 21:29:27', NULL, '2015-09-13 10:41:35'),
(443, 62, 'Dosh Gharia', 3878, NULL, 3878, 'Chatkhil', 1, NULL, '2015-05-19 21:29:27', NULL, '2015-09-13 10:41:35'),
(444, 62, 'Karihati', 3877, NULL, 3877, 'Chatkhil', 1, NULL, '2015-05-19 21:29:27', NULL, '2015-09-13 10:41:35'),
(445, 62, 'Khilpara', 3872, NULL, 3872, 'Chatkhil', 1, NULL, '2015-05-19 21:29:27', NULL, '2015-09-13 10:41:35'),
(446, 62, 'Palla', 3871, NULL, 3871, 'Chatkhil', 1, NULL, '2015-05-19 21:29:27', NULL, '2015-09-13 10:41:35'),
(447, 62, 'Rezzakpur', 3874, NULL, 3874, 'Chatkhil', 1, NULL, '2015-05-19 21:29:27', NULL, '2015-09-13 10:41:35'),
(448, 62, 'Sahapur', 3881, NULL, 3881, 'Chatkhil', 1, NULL, '2015-05-19 21:29:27', NULL, '2015-09-13 10:41:35'),
(449, 62, 'Sampara', 3882, NULL, 3882, 'Chatkhil', 1, NULL, '2015-05-19 21:29:27', NULL, '2015-09-13 10:41:35'),
(450, 62, 'Shingbahura', 3883, NULL, 3883, 'Chatkhil', 1, NULL, '2015-05-19 21:29:27', NULL, '2015-09-13 10:41:35'),
(451, 62, 'Solla', 3875, NULL, 3875, 'Chatkhil', 1, NULL, '2015-05-19 21:29:27', NULL, '2015-09-13 10:41:35'),
(452, 6, 'Chhagalnaia', 3910, NULL, 3910, 'Chhagalnaia', 1, NULL, '2015-05-19 21:29:27', NULL, '2015-05-21 09:55:38'),
(453, 6, 'Daraga Hat', 3912, NULL, 3912, 'Chhagalnaia', 1, NULL, '2015-05-19 21:29:27', NULL, '2015-05-21 09:55:38'),
(454, 6, 'Maharajganj', 3911, NULL, 3911, 'Chhagalnaia', 1, NULL, '2015-05-19 21:29:27', NULL, '2015-05-21 09:55:38'),
(455, 6, 'Puabashimulia', 3913, NULL, 3913, 'Chhagalnaia', 1, NULL, '2015-05-19 21:29:27', NULL, '2015-05-21 09:55:38'),
(456, NULL, 'Badarkali', 4742, NULL, 4742, 'Chiringga', 1, NULL, '2015-05-19 21:29:27', NULL, '2015-09-13 10:41:35'),
(457, NULL, 'Chiringga', 4740, NULL, 4740, 'Chiringga', 1, NULL, '2015-05-19 21:29:27', NULL, '2015-09-13 10:41:35'),
(458, NULL, 'Chiringga S.O', 4741, NULL, 4741, 'Chiringga', 1, NULL, '2015-05-19 21:29:27', NULL, '2015-09-13 10:41:35'),
(459, NULL, 'Malumghat', 4743, NULL, 4743, 'Chiringga', 1, NULL, '2015-05-19 21:29:27', NULL, '2015-09-13 10:41:35'),
(460, 505, 'Al- Amin Baria Madra', 4221, NULL, 4221, 'Chittagong Sadar', 1, NULL, '2015-05-19 21:29:27', NULL, '2015-05-21 09:55:38'),
(461, 505, 'Amin Jute Mills', 4211, NULL, 4211, 'Chittagong Sadar', 1, NULL, '2015-05-19 21:29:27', NULL, '2015-05-21 09:55:38'),
(462, 505, 'Anandabazar', 4215, NULL, 4215, 'Chittagong Sadar', 1, NULL, '2015-05-19 21:29:27', NULL, '2015-05-21 09:55:38'),
(463, 505, 'Bayezid Bostami', 4210, NULL, 4210, 'Chittagong Sadar', 1, NULL, '2015-05-19 21:29:27', NULL, '2015-05-21 09:55:38'),
(464, 505, 'Chandgaon', 4212, NULL, 4212, 'Chittagong Sadar', 1, NULL, '2015-05-19 21:29:27', NULL, '2015-05-21 09:55:38'),
(465, 505, 'Chawkbazar', 4203, NULL, 4203, 'Chittagong Sadar', 1, NULL, '2015-05-19 21:29:27', NULL, '2015-05-21 09:55:38'),
(466, 505, 'Chitt. Cantonment', 4220, NULL, 4220, 'Chittagong Sadar', 1, NULL, '2015-05-19 21:29:27', NULL, '2015-05-21 09:55:38'),
(467, 505, 'Chitt. Customs Acca', 4219, NULL, 4219, 'Chittagong Sadar', 1, NULL, '2015-05-19 21:29:27', NULL, '2015-05-21 09:55:38'),
(468, 505, 'Chitt. Politechnic In', 4209, NULL, 4209, 'Chittagong Sadar', 1, NULL, '2015-05-19 21:29:27', NULL, '2015-05-21 09:55:38'),
(469, 505, 'Chitt. Sailers Colon', 4218, NULL, 4218, 'Chittagong Sadar', 1, NULL, '2015-05-19 21:29:27', NULL, '2015-05-21 09:55:38'),
(470, 505, 'Chittagong Airport', 4205, NULL, 4205, 'Chittagong Sadar', 1, NULL, '2015-05-19 21:29:27', NULL, '2015-05-21 09:55:38'),
(471, 505, 'Chittagong Bandar', 4100, NULL, 4100, 'Chittagong Sadar', 1, NULL, '2015-05-19 21:29:27', NULL, '2015-05-21 09:55:38'),
(472, 505, 'Chittagong GPO', 4000, NULL, 4000, 'Chittagong Sadar', 1, NULL, '2015-05-19 21:29:27', NULL, '2015-05-21 09:55:38'),
(473, 505, 'Export Processing', 4223, NULL, 4223, 'Chittagong Sadar', 1, NULL, '2015-05-19 21:29:27', NULL, '2015-05-21 09:55:38'),
(474, 505, 'Firozshah', 4207, NULL, 4207, 'Chittagong Sadar', 1, NULL, '2015-05-19 21:29:27', NULL, '2015-05-21 09:55:38'),
(475, 505, 'Halishahar', 4216, NULL, 4216, 'Chittagong Sadar', 1, NULL, '2015-05-19 21:29:27', NULL, '2015-05-21 09:55:38'),
(476, 505, 'Halishshar', 4225, NULL, 4225, 'Chittagong Sadar', 1, NULL, '2015-05-19 21:29:27', NULL, '2015-05-21 09:55:38'),
(477, 505, 'Jalalabad', 4214, NULL, 4214, 'Chittagong Sadar', 1, NULL, '2015-05-19 21:29:27', NULL, '2015-05-21 09:55:38'),
(478, 505, 'Jaldia Merine Accade', 4206, NULL, 4206, 'Chittagong Sadar', 1, NULL, '2015-05-19 21:29:27', NULL, '2015-05-21 09:55:38'),
(479, 505, 'Middle Patenga', 4222, NULL, 4222, 'Chittagong Sadar', 1, NULL, '2015-05-19 21:29:27', NULL, '2015-05-21 09:55:38'),
(480, 505, 'Mohard', 4208, NULL, 4208, 'Chittagong Sadar', 1, NULL, '2015-05-19 21:29:27', NULL, '2015-05-21 09:55:38'),
(481, 505, 'North Halishahar', 4226, NULL, 4226, 'Chittagong Sadar', 1, NULL, '2015-05-19 21:29:27', NULL, '2015-05-21 09:55:38'),
(482, 505, 'North Katuli', 4217, NULL, 4217, 'Chittagong Sadar', 1, NULL, '2015-05-19 21:29:27', NULL, '2015-05-21 09:55:38'),
(483, 505, 'Pahartoli', 4202, NULL, 4202, 'Chittagong Sadar', 1, NULL, '2015-05-19 21:29:27', NULL, '2015-05-21 09:55:38'),
(484, 505, 'Patenga', 4204, NULL, 4204, 'Chittagong Sadar', 1, NULL, '2015-05-19 21:29:27', NULL, '2015-05-21 09:55:38'),
(485, 505, 'Rampura TSO', 4224, NULL, 4224, 'Chittagong Sadar', 1, NULL, '2015-05-19 21:29:27', NULL, '2015-05-21 09:55:38'),
(486, 505, 'Wazedia', 4213, NULL, 4213, 'Chittagong Sadar', 1, NULL, '2015-05-19 21:29:27', NULL, '2015-05-21 09:55:38'),
(487, 527, 'Batisa', 3551, NULL, 3551, 'Chouddagram', 1, NULL, '2015-05-19 21:29:27', NULL, '2015-05-21 09:55:38'),
(488, 527, 'Chiora', 3552, NULL, 3552, 'Chouddagram', 1, NULL, '2015-05-19 21:29:27', NULL, '2015-05-21 09:55:38'),
(489, 527, 'Chouddagram', 3550, NULL, 3550, 'Chouddagram', 1, NULL, '2015-05-19 21:29:27', NULL, '2015-05-21 09:55:38'),
(490, 528, 'Comilla Contoment', 3501, NULL, 3501, 'Comilla Sadar', 1, NULL, '2015-05-19 21:29:27', NULL, '2015-05-21 09:55:38'),
(491, 528, 'Comilla Sadar', 3500, NULL, 3500, 'Comilla Sadar', 1, NULL, '2015-05-19 21:29:27', NULL, '2015-05-21 09:55:38'),
(492, 528, 'Courtbari', 3503, NULL, 3503, 'Comilla Sadar', 1, NULL, '2015-05-19 21:29:27', NULL, '2015-05-21 09:55:38'),
(493, 528, 'Halimanagar', 3502, NULL, 3502, 'Comilla Sadar', 1, NULL, '2015-05-19 21:29:27', NULL, '2015-05-21 09:55:38'),
(494, 528, 'Suaganj', 3504, NULL, 3504, 'Comilla Sadar', 1, NULL, '2015-05-19 21:29:27', NULL, '2015-05-21 09:55:38'),
(495, 540, 'Coxs Bazar Sadar', 4700, NULL, 4700, 'Coxs Bazar Sadar', 1, NULL, '2015-05-19 21:29:27', NULL, '2015-05-21 09:55:38'),
(496, 540, 'Eidga', 4702, NULL, 4702, 'Coxs Bazar Sadar', 1, NULL, '2015-05-19 21:29:27', NULL, '2015-05-21 09:55:38'),
(497, 540, 'Zhilanja', 4701, NULL, 4701, 'Coxs Bazar Sadar', 1, NULL, '2015-05-19 21:29:27', NULL, '2015-05-21 09:55:38'),
(498, 7, 'Chhilonia', 3922, NULL, 3922, 'Dagonbhuia', 1, NULL, '2015-05-19 21:29:27', NULL, '2015-05-21 09:55:38'),
(499, 7, 'Dagondhuia', 3920, NULL, 3920, 'Dagonbhuia', 1, NULL, '2015-05-19 21:29:27', NULL, '2015-05-21 09:55:38'),
(500, 7, 'Dudmukha', 3921, NULL, 3921, 'Dagonbhuia', 1, NULL, '2015-05-19 21:29:27', NULL, '2015-05-21 09:55:38'),
(501, 7, 'Rajapur', 3923, NULL, 3923, 'Dagonbhuia', 1, NULL, '2015-05-19 21:29:27', NULL, '2015-05-21 09:55:38'),
(502, 529, 'Dashpara', 3518, NULL, 3518, 'Daudkandi', 1, NULL, '2015-05-19 21:29:27', NULL, '2015-09-13 10:41:36'),
(503, 529, 'Daudkandi', 3516, NULL, 3516, 'Daudkandi', 1, NULL, '2015-05-19 21:29:27', NULL, '2015-09-13 10:41:36'),
(504, 529, 'Eliotganj', 3519, NULL, 3519, 'Daudkandi', 1, NULL, '2015-05-19 21:29:27', NULL, '2015-09-13 10:41:36'),
(505, 529, 'Gouripur', 3517, NULL, 3517, 'Daudkandi', 1, NULL, '2015-05-19 21:29:27', NULL, '2015-09-13 10:41:36'),
(506, 530, 'Barashalghar', 3532, NULL, 3532, 'Davidhar', 1, NULL, '2015-05-19 21:29:27', NULL, '2015-05-21 09:55:38'),
(507, 530, 'Davidhar', 3530, NULL, 3530, 'Davidhar', 1, NULL, '2015-05-19 21:29:27', NULL, '2015-05-21 09:55:38'),
(508, 530, 'Dhamtee', 3533, NULL, 3533, 'Davidhar', 1, NULL, '2015-05-19 21:29:27', NULL, '2015-05-21 09:55:38'),
(509, 530, 'Gangamandal', 3531, NULL, 3531, 'Davidhar', 1, NULL, '2015-05-19 21:29:27', NULL, '2015-05-21 09:55:38'),
(510, 48, 'Diginala', 4420, NULL, 4420, 'Diginala', 1, NULL, '2015-05-19 21:29:27', NULL, '2015-05-21 09:55:38'),
(511, NULL, 'Barma', 4383, NULL, 4383, 'East Joara', 1, NULL, '2015-05-19 21:29:27', NULL, '2015-09-13 10:41:36'),
(512, NULL, 'Dohazari', 4382, NULL, 4382, 'East Joara', 1, NULL, '2015-05-19 21:29:27', NULL, '2015-09-13 10:41:37'),
(513, NULL, 'East Joara', 4380, NULL, 4380, 'East Joara', 1, NULL, '2015-05-19 21:29:27', NULL, '2015-09-13 10:41:37'),
(514, NULL, 'Gachbaria', 4381, NULL, 4381, 'East Joara', 1, NULL, '2015-05-19 21:29:27', NULL, '2015-09-13 10:41:37'),
(515, 491, 'Chandra', 3651, NULL, 3651, 'Faridganj', 1, NULL, '2015-05-19 21:29:27', NULL, '2015-09-13 10:41:37'),
(516, 491, 'Faridganj', 3650, NULL, 3650, 'Faridganj', 1, NULL, '2015-05-19 21:29:27', NULL, '2015-09-13 10:41:37'),
(517, 491, 'Gridkaliandia', 3653, NULL, 3653, 'Faridganj', 1, NULL, '2015-05-19 21:29:27', NULL, '2015-09-13 10:41:37'),
(518, 491, 'Islampur Shah Isain', 3655, NULL, 3655, 'Faridganj', 1, NULL, '2015-05-19 21:29:27', NULL, '2015-09-13 10:41:37'),
(519, 491, 'Rampurbazar', 3654, NULL, 3654, 'Faridganj', 1, NULL, '2015-05-19 21:29:27', NULL, '2015-09-13 10:41:37'),
(520, 491, 'Rupsha', 3652, NULL, 3652, 'Faridganj', 1, NULL, '2015-05-19 21:29:27', NULL, '2015-09-13 10:41:37'),
(521, 507, 'Bhandar Sharif', 4352, NULL, 4352, 'Fatikchhari', 1, NULL, '2015-05-19 21:29:27', NULL, '2015-09-13 10:41:37'),
(522, 507, 'Fatikchhari', 4350, NULL, 4350, 'Fatikchhari', 1, NULL, '2015-05-19 21:29:27', NULL, '2015-09-13 10:41:37'),
(523, 507, 'Harualchhari', 4354, NULL, 4354, 'Fatikchhari', 1, NULL, '2015-05-19 21:29:27', NULL, '2015-09-13 10:41:37'),
(524, 507, 'Najirhat', 4353, NULL, 4353, 'Fatikchhari', 1, NULL, '2015-05-19 21:29:27', NULL, '2015-09-13 10:41:37'),
(525, 507, 'Nanupur', 4351, NULL, 4351, 'Fatikchhari', 1, NULL, '2015-05-19 21:29:27', NULL, '2015-09-13 10:41:37'),
(526, 507, 'Narayanhat', 4355, NULL, 4355, 'Fatikchhari', 1, NULL, '2015-05-19 21:29:27', NULL, '2015-09-13 10:41:37'),
(527, 44, 'Fazilpur', 3901, NULL, 3901, 'Feni Sadar', 1, NULL, '2015-05-19 21:29:27', NULL, '2015-09-13 10:41:37'),
(528, 44, 'Feni Sadar', 3900, NULL, 3900, 'Feni Sadar', 1, NULL, '2015-05-19 21:29:27', NULL, '2015-09-13 10:41:37'),
(529, 44, 'Laskarhat', 3903, NULL, 3903, 'Feni Sadar', 1, NULL, '2015-05-19 21:29:27', NULL, '2015-09-13 10:41:37'),
(530, 44, 'Sharshadie', 3902, NULL, 3902, 'Feni Sadar', 1, NULL, '2015-05-19 21:29:27', NULL, '2015-09-13 10:41:37'),
(531, 265, 'Gorakghat', 4710, NULL, 4710, 'Gorakghat', 1, NULL, '2015-05-19 21:29:27', NULL, '2015-05-21 09:55:38'),
(532, 493, 'Bolakhal', 3611, NULL, 3611, 'Hajiganj', 1, NULL, '2015-05-19 21:29:27', NULL, '2015-09-13 10:41:37'),
(533, 493, 'Hajiganj', 3610, NULL, 3610, 'Hajiganj', 1, NULL, '2015-05-19 21:29:27', NULL, '2015-09-13 10:41:37'),
(534, 509, 'Chitt.University', 4331, NULL, 4331, 'Hathazari', 1, NULL, '2015-05-19 21:29:27', NULL, '2015-09-13 10:41:37'),
(535, 509, 'Fatahabad', 4335, NULL, 4335, 'Hathazari', 1, NULL, '2015-05-19 21:29:27', NULL, '2015-09-13 10:41:37'),
(536, 509, 'Gorduara', 4332, NULL, 4332, 'Hathazari', 1, NULL, '2015-05-19 21:29:27', NULL, '2015-09-13 10:41:37'),
(537, 509, 'Hathazari', 4330, NULL, 4330, 'Hathazari', 1, NULL, '2015-05-19 21:29:27', NULL, '2015-09-13 10:41:37'),
(538, 509, 'Katirhat', 4333, NULL, 4333, 'Hathazari', 1, NULL, '2015-05-19 21:29:27', NULL, '2015-09-13 10:41:37'),
(539, 509, 'Madrasa', 4339, NULL, 4339, 'Hathazari', 1, NULL, '2015-05-19 21:29:27', NULL, '2015-09-13 10:41:37'),
(540, 509, 'Mirzapur', 4334, NULL, 4334, 'Hathazari', 1, NULL, '2015-05-19 21:29:27', NULL, '2015-09-13 10:41:37'),
(541, 509, 'Nuralibari', 4337, NULL, 4337, 'Hathazari', 1, NULL, '2015-05-19 21:29:27', NULL, '2015-09-13 10:41:37'),
(542, 509, 'Yunus Nagar', 4338, NULL, 4338, 'Hathazari', 1, NULL, '2015-05-19 21:29:27', NULL, '2015-09-13 10:41:37'),
(543, 15, 'Afazia', 3891, NULL, 3891, 'Hatiya', 1, NULL, '2015-05-19 21:29:27', NULL, '2015-09-13 10:41:37'),
(544, 15, 'Hatiya', 3890, NULL, 3890, 'Hatiya', 1, NULL, '2015-05-19 21:29:27', NULL, '2015-09-13 10:41:37'),
(545, 15, 'Tamoraddi', 3892, NULL, 3892, 'Hatiya', 1, NULL, '2015-05-19 21:29:27', NULL, '2015-09-13 10:41:37'),
(546, 492, 'Gandamara', 3661, NULL, 3661, 'Hayemchar', 1, NULL, '2015-05-19 21:29:27', NULL, '2015-05-21 09:55:38'),
(547, 492, 'Hayemchar', 3660, NULL, 3660, 'Hayemchar', 1, NULL, '2015-05-19 21:29:27', NULL, '2015-05-21 09:55:38'),
(548, 531, 'Homna', 3546, NULL, 3546, 'Homna', 1, NULL, '2015-05-19 21:29:27', NULL, '2015-09-13 10:41:37'),
(549, NULL, 'Banigram', 4393, NULL, 4393, 'Jaldi', 1, NULL, '2015-05-19 21:29:27', NULL, '2015-09-13 10:41:37'),
(550, NULL, 'Gunagari', 4392, NULL, 4392, 'Jaldi', 1, NULL, '2015-05-19 21:29:27', NULL, '2015-09-13 10:41:37'),
(551, NULL, 'Jaldi', 4390, NULL, 4390, 'Jaldi', 1, NULL, '2015-05-19 21:29:27', NULL, '2015-09-13 10:41:37'),
(552, NULL, 'Khan Bahadur', 4391, NULL, 4391, 'Jaldi', 1, NULL, '2015-05-19 21:29:27', NULL, '2015-09-13 10:41:37'),
(553, NULL, 'Jarachhari', 4560, NULL, 4560, 'Jarachhari', 1, NULL, '2015-05-19 21:29:27', NULL, '2015-09-13 10:41:37'),
(554, 190, 'Kachua', 3630, NULL, 3630, 'Kachua', 1, NULL, '2015-05-19 21:29:27', NULL, '2015-05-21 09:55:38'),
(555, 190, 'Pak Shrirampur', 3631, NULL, 3631, 'Kachua', 1, NULL, '2015-05-19 21:29:27', NULL, '2015-05-21 09:55:38'),
(556, 190, 'Rahima Nagar', 3632, NULL, 3632, 'Kachua', 1, NULL, '2015-05-19 21:29:27', NULL, '2015-05-21 09:55:38'),
(557, 190, 'Shachar', 3633, NULL, 3633, 'Kachua', 1, NULL, '2015-05-19 21:29:27', NULL, '2015-05-21 09:55:38'),
(558, NULL, 'Betbunia', 4511, NULL, 4511, 'Kalampati', 1, NULL, '2015-05-19 21:29:27', NULL, '2015-09-13 10:41:38'),
(559, NULL, 'Kalampati', 4510, NULL, 4510, 'Kalampati', 1, NULL, '2015-05-19 21:29:27', NULL, '2015-09-13 10:41:38'),
(560, 409, 'Chandraghona', 4531, NULL, 4531, 'kaptai', 1, NULL, '2015-05-19 21:29:27', NULL, '2015-05-21 09:55:38'),
(561, 409, 'Kaptai', 4530, NULL, 4530, 'kaptai', 1, NULL, '2015-05-19 21:29:27', NULL, '2015-05-21 09:55:38'),
(562, 409, 'Kaptai Nuton Bazar', 4533, NULL, 4533, 'kaptai', 1, NULL, '2015-05-19 21:29:27', NULL, '2015-05-21 09:55:38'),
(563, 409, 'Kaptai Project', 4532, NULL, 4532, 'kaptai', 1, NULL, '2015-05-19 21:29:27', NULL, '2015-05-21 09:55:38'),
(564, 486, 'Chandidar', 3462, NULL, 3462, 'Kasba', 1, NULL, '2015-05-19 21:29:27', NULL, '2015-09-13 10:41:38'),
(565, 486, 'Chargachh', 3463, NULL, 3463, 'Kasba', 1, NULL, '2015-05-19 21:29:27', NULL, '2015-09-13 10:41:38'),
(566, 486, 'Gopinathpur', 3464, NULL, 3464, 'Kasba', 1, NULL, '2015-05-19 21:29:27', NULL, '2015-09-13 10:41:38'),
(567, 486, 'Kasba', 3460, NULL, 3460, 'Kasba', 1, NULL, '2015-05-19 21:29:27', NULL, '2015-09-13 10:41:38'),
(568, 486, 'Kuti', 3461, NULL, 3461, 'Kasba', 1, NULL, '2015-05-19 21:29:27', NULL, '2015-09-13 10:41:38'),
(569, 49, 'Khagrachari Sadar', 4400, NULL, 4400, 'Khagrachari Sadar', 1, NULL, '2015-05-19 21:29:27', NULL, '2015-05-21 09:55:38'),
(570, 541, 'Kutubdia', 4720, NULL, 4720, 'Kutubdia', 1, NULL, '2015-05-19 21:29:27', NULL, '2015-09-13 10:41:38'),
(571, 533, 'Bipulasar', 3572, NULL, 3572, 'Laksam', 1, NULL, '2015-05-19 21:29:27', NULL, '2015-09-13 10:41:38'),
(572, 533, 'Laksam', 3570, NULL, 3570, 'Laksam', 1, NULL, '2015-05-19 21:29:27', NULL, '2015-09-13 10:41:38'),
(573, 533, 'Lakshamanpur', 3571, NULL, 3571, 'Laksam', 1, NULL, '2015-05-19 21:29:27', NULL, '2015-09-13 10:41:38'),
(574, 57, 'Amani Lakshimpur', 3709, NULL, 3709, 'Lakshimpur Sadar', 1, NULL, '2015-05-19 21:29:27', NULL, '2015-05-21 09:55:38'),
(575, 57, 'Bhabaniganj', 3702, NULL, 3702, 'Lakshimpur Sadar', 1, NULL, '2015-05-19 21:29:27', NULL, '2015-05-21 09:55:38'),
(576, 57, 'Chandraganj', 3708, NULL, 3708, 'Lakshimpur Sadar', 1, NULL, '2015-05-19 21:29:27', NULL, '2015-05-21 09:55:38'),
(577, 57, 'Choupalli', 3707, NULL, 3707, 'Lakshimpur Sadar', 1, NULL, '2015-05-19 21:29:27', NULL, '2015-05-21 09:55:38'),
(578, 57, 'Dalal Bazar', 3701, NULL, 3701, 'Lakshimpur Sadar', 1, NULL, '2015-05-19 21:29:27', NULL, '2015-05-21 09:55:38'),
(579, 57, 'Duttapara', 3706, NULL, 3706, 'Lakshimpur Sadar', 1, NULL, '2015-05-19 21:29:27', NULL, '2015-05-21 09:55:38'),
(580, 57, 'Keramatganj', 3704, NULL, 3704, 'Lakshimpur Sadar', 1, NULL, '2015-05-19 21:29:27', NULL, '2015-05-21 09:55:38'),
(581, 57, 'Lakshimpur Sadar', 3700, NULL, 3700, 'Lakshimpur Sadar', 1, NULL, '2015-05-19 21:29:27', NULL, '2015-05-21 09:55:38'),
(582, 57, 'Mandari', 3703, NULL, 3703, 'Lakshimpur Sadar', 1, NULL, '2015-05-19 21:29:27', NULL, '2015-05-21 09:55:38'),
(583, 57, 'Rupchara', 3705, NULL, 3705, 'Lakshimpur Sadar', 1, NULL, '2015-05-19 21:29:27', NULL, '2015-05-21 09:55:38'),
(584, NULL, 'Chhariabazar', 3582, NULL, 3582, 'Langalkot', 1, NULL, '2015-05-19 21:29:27', NULL, '2015-09-13 10:41:38'),
(585, NULL, 'Dhalua', 3581, NULL, 3581, 'Langalkot', 1, NULL, '2015-05-19 21:29:27', NULL, '2015-09-13 10:41:38'),
(586, NULL, 'Gunabati', 3583, NULL, 3583, 'Langalkot', 1, NULL, '2015-05-19 21:29:27', NULL, '2015-09-13 10:41:38'),
(587, NULL, 'Langalkot', 3580, NULL, 3580, 'Langalkot', 1, NULL, '2015-05-19 21:29:27', NULL, '2015-09-13 10:41:38'),
(588, 50, 'Laxmichhari', 4470, NULL, 4470, 'Laxmichhari', 1, NULL, '2015-05-19 21:29:27', NULL, '2015-05-21 09:55:38'),
(589, NULL, 'Chunti', 4398, NULL, 4398, 'Lohagara', 1, NULL, '2015-05-19 21:29:27', NULL, '2015-09-13 10:41:38'),
(590, NULL, 'Lohagara', 4396, NULL, 4396, 'Lohagara', 1, NULL, '2015-05-19 21:29:27', NULL, '2015-09-13 10:41:38'),
(591, NULL, 'Padua', 4397, NULL, 4397, 'Lohagara', 1, NULL, '2015-05-19 21:29:27', NULL, '2015-09-13 10:41:38'),
(592, NULL, 'Longachh', 4580, NULL, 4580, 'Longachh', 1, NULL, '2015-05-19 21:29:27', NULL, '2015-09-13 10:41:38'),
(593, 51, 'Mahalchhari', 4430, NULL, 4430, 'Mahalchhari', 1, NULL, '2015-05-19 21:29:27', NULL, '2015-09-13 10:41:38'),
(594, 52, 'Manikchhari', 4460, NULL, 4460, 'Manikchhari', 1, NULL, '2015-05-19 21:29:27', NULL, '2015-09-13 10:41:38'),
(595, 513, 'Marishya', 4590, NULL, 4590, 'Marishya', 1, NULL, '2015-05-19 21:29:27', NULL, '2015-05-21 09:55:38'),
(596, 53, 'Matiranga', 4450, NULL, 4450, 'Matiranga', 1, NULL, '2015-05-19 21:29:27', NULL, '2015-09-13 10:41:38'),
(597, NULL, 'Kalipur', 3642, NULL, 3642, 'Matlobganj', 1, NULL, '2015-05-19 21:29:27', NULL, '2015-09-13 10:41:38'),
(598, NULL, 'Matlobganj', 3640, NULL, 3640, 'Matlobganj', 1, NULL, '2015-05-19 21:29:27', NULL, '2015-09-13 10:41:38'),
(599, NULL, 'Mohanpur', 3641, NULL, 3641, 'Matlobganj', 1, NULL, '2015-05-19 21:29:27', NULL, '2015-09-13 10:41:38'),
(600, 513, 'Abutorab', 4321, NULL, 4321, 'Mirsharai', 1, NULL, '2015-05-19 21:29:27', NULL, '2015-09-13 10:41:38'),
(603, 513, 'Darrogahat', 4322, NULL, 4322, 'Mirsharai', 1, NULL, '2015-05-19 21:29:27', NULL, '2015-09-13 10:41:39'),
(604, 513, 'Joarganj', 4324, NULL, 4324, 'Mirsharai', 1, NULL, '2015-05-19 21:29:27', NULL, '2015-09-13 10:41:39'),
(605, 513, 'Korerhat', 4327, NULL, 4327, 'Mirsharai', 1, NULL, '2015-05-19 21:29:27', NULL, '2015-09-13 10:41:39'),
(606, 513, 'Mirsharai', 4320, NULL, 4320, 'Mirsharai', 1, NULL, '2015-05-19 21:29:27', NULL, '2015-09-13 10:41:39'),
(607, 513, 'Mohazanhat', 4328, NULL, 4328, 'Mirsharai', 1, NULL, '2015-05-19 21:29:27', NULL, '2015-09-13 10:41:39'),
(608, 536, 'Bangra', 3543, NULL, 3543, 'Muradnagar', 1, NULL, '2015-05-19 21:29:27', NULL, '2015-09-13 10:41:39'),
(609, 536, 'Companyganj', 3542, NULL, 3542, 'Muradnagar', 1, NULL, '2015-05-19 21:29:27', NULL, '2015-09-13 10:41:39'),
(610, 536, 'Muradnagar', 3540, NULL, 3540, 'Muradnagar', 1, NULL, '2015-05-19 21:29:27', NULL, '2015-09-13 10:41:39'),
(611, 536, 'Pantibazar', 3545, NULL, 3545, 'Muradnagar', 1, NULL, '2015-05-19 21:29:27', NULL, '2015-09-13 10:41:39'),
(612, 536, 'Ramchandarpur', 3541, NULL, 3541, 'Muradnagar', 1, NULL, '2015-05-19 21:29:27', NULL, '2015-09-13 10:41:39'),
(613, 536, 'Sonakanda', 3544, NULL, 3544, 'Muradnagar', 1, NULL, '2015-05-19 21:29:27', NULL, '2015-09-13 10:41:39'),
(614, 487, 'Jibanganj', 3419, NULL, 3419, 'Nabinagar', 1, NULL, '2015-05-19 21:29:27', NULL, '2015-09-13 10:41:39'),
(615, 487, 'Kaitala', 3417, NULL, 3417, 'Nabinagar', 1, NULL, '2015-05-19 21:29:27', NULL, '2015-09-13 10:41:39'),
(616, 487, 'Laubfatehpur', 3411, NULL, 3411, 'Nabinagar', 1, NULL, '2015-05-19 21:29:27', NULL, '2015-09-13 10:41:39'),
(617, 487, 'Nabinagar', 3410, NULL, 3410, 'Nabinagar', 1, NULL, '2015-05-19 21:29:27', NULL, '2015-09-13 10:41:39'),
(618, 487, 'Rasullabad', 3412, NULL, 3412, 'Nabinagar', 1, NULL, '2015-05-19 21:29:27', NULL, '2015-09-13 10:41:39'),
(619, 487, 'Ratanpur', 3414, NULL, 3414, 'Nabinagar', 1, NULL, '2015-05-19 21:29:27', NULL, '2015-09-13 10:41:39'),
(620, 487, 'Salimganj', 3418, NULL, 3418, 'Nabinagar', 1, NULL, '2015-05-19 21:29:27', NULL, '2015-09-13 10:41:39'),
(621, 487, 'Shahapur', 3415, NULL, 3415, 'Nabinagar', 1, NULL, '2015-05-19 21:29:27', NULL, '2015-09-13 10:41:39'),
(623, NULL, 'Naikhong', 4660, NULL, 4660, 'Naikhong', 1, NULL, '2015-05-19 21:29:27', NULL, '2015-09-13 10:41:39'),
(624, 412, 'Nanichhar', 4520, NULL, 4520, 'Naniachhar', 1, NULL, '2015-05-19 21:29:27', NULL, '2015-05-21 09:55:38'),
(625, 488, 'Fandauk', 3441, NULL, 3441, 'Nasirnagar', 1, NULL, '2015-05-19 21:29:27', NULL, '2015-09-13 10:41:39'),
(626, 488, 'Nasirnagar', 3440, NULL, 3440, 'Nasirnagar', 1, NULL, '2015-05-19 21:29:27', NULL, '2015-09-13 10:41:39'),
(627, 67, 'Chaprashir Hat', 3811, NULL, 3811, 'Noakhali Sadar', 1, NULL, '2015-05-19 21:29:27', NULL, '2015-09-13 10:41:39'),
(628, 67, 'Char Jabbar', 3812, NULL, 3812, 'Noakhali Sadar', 1, NULL, '2015-05-19 21:29:27', NULL, '2015-09-13 10:41:39'),
(629, 67, 'Charam Tua', 3809, NULL, 3809, 'Noakhali Sadar', 1, NULL, '2015-05-19 21:29:27', NULL, '2015-09-13 10:41:39'),
(630, 67, 'Din Monir Hat', 3803, NULL, 3803, 'Noakhali Sadar', 1, NULL, '2015-05-19 21:29:27', NULL, '2015-09-13 10:41:39'),
(631, 67, 'Kabirhat', 3807, NULL, 3807, 'Noakhali Sadar', 1, NULL, '2015-05-19 21:29:27', NULL, '2015-09-13 10:41:39'),
(632, 67, 'Khalifar Hat', 3808, NULL, 3808, 'Noakhali Sadar', 1, NULL, '2015-05-19 21:29:27', NULL, '2015-09-13 10:41:39'),
(633, 67, 'Mriddarhat', 3806, NULL, 3806, 'Noakhali Sadar', 1, NULL, '2015-05-19 21:29:27', NULL, '2015-09-13 10:41:39'),
(634, 67, 'Noakhali College', 3801, NULL, 3801, 'Noakhali Sadar', 1, NULL, '2015-05-19 21:29:27', NULL, '2015-09-13 10:41:39'),
(635, 67, 'Noakhali Sadar', 3800, NULL, 3800, 'Noakhali Sadar', 1, NULL, '2015-05-19 21:29:27', NULL, '2015-09-13 10:41:39'),
(636, 67, 'Pak Kishoreganj', 3804, NULL, 3804, 'Noakhali Sadar', 1, NULL, '2015-05-19 21:29:27', NULL, '2015-09-13 10:41:39'),
(637, 67, 'Sonapur', 3802, NULL, 3802, 'Noakhali Sadar', 1, NULL, '2015-05-19 21:29:27', NULL, '2015-09-13 10:41:39'),
(638, 54, 'Panchhari', 4410, NULL, 4410, 'Panchhari', 1, NULL, '2015-05-19 21:29:27', NULL, '2015-09-13 10:41:39'),
(639, 46, 'Fulgazi', 3942, NULL, 3942, 'Pashurampur', 1, NULL, '2015-05-19 21:29:27', NULL, '2015-05-21 09:55:38'),
(640, 46, 'Munshirhat', 3943, NULL, 3943, 'Pashurampur', 1, NULL, '2015-05-19 21:29:27', NULL, '2015-05-21 09:55:38'),
(641, 46, 'Pashurampur', 3940, NULL, 3940, 'Pashurampur', 1, NULL, '2015-05-19 21:29:27', NULL, '2015-05-21 09:55:38'),
(642, 46, 'Shuarbazar', 3941, NULL, 3941, 'Pashurampur', 1, NULL, '2015-05-19 21:29:27', NULL, '2015-05-21 09:55:38'),
(643, 345, 'Budhpara', 4371, NULL, 4371, 'Patia Head Office', 1, NULL, '2015-05-19 21:29:27', NULL, '2015-05-21 09:55:38'),
(644, 345, 'Patia Head Office', 4370, NULL, 4370, 'Patia Head Office', 1, NULL, '2015-05-19 21:29:27', NULL, '2015-05-21 09:55:38'),
(645, 413, 'Rajsthali', 4540, NULL, 4540, 'Rajsthali', 1, NULL, '2015-05-19 21:29:27', NULL, '2015-05-21 09:55:38'),
(646, 59, 'Alipur', 3721, NULL, 3721, 'Ramganj', 1, NULL, '2015-05-19 21:29:27', NULL, '2015-09-13 10:41:39'),
(647, 59, 'Dolta', 3725, NULL, 3725, 'Ramganj', 1, NULL, '2015-05-19 21:29:27', NULL, '2015-09-13 10:41:39'),
(648, 59, 'Kanchanpur', 3723, NULL, 3723, 'Ramganj', 1, NULL, '2015-05-19 21:29:27', NULL, '2015-09-13 10:41:39'),
(649, 59, 'Naagmud', 3724, NULL, 3724, 'Ramganj', 1, NULL, '2015-05-19 21:29:27', NULL, '2015-09-13 10:41:40'),
(650, 59, 'Panpara', 3722, NULL, 3722, 'Ramganj', 1, NULL, '2015-05-19 21:29:27', NULL, '2015-09-13 10:41:40'),
(651, 59, 'Ramganj', 3720, NULL, 3720, 'Ramganj', 1, NULL, '2015-05-19 21:29:27', NULL, '2015-09-13 10:41:40'),
(652, 55, 'Ramghar Head Office', 4440, NULL, 4440, 'Ramghar Head Office', 1, NULL, '2015-05-19 21:29:27', NULL, '2015-05-21 09:55:38'),
(653, 3, 'Ramu', 4730, NULL, 4730, 'Ramu', 1, NULL, '2015-05-19 21:29:27', NULL, '2015-09-13 10:41:40'),
(654, 414, 'Rangamati Sadar', 4500, NULL, 4500, 'Rangamati Sadar', 1, NULL, '2015-05-19 21:29:27', NULL, '2015-05-21 09:55:38'),
(655, 518, 'Dhamair', 4361, NULL, 4361, 'Rangunia', 1, NULL, '2015-05-19 21:29:27', NULL, '2015-09-13 10:41:40'),
(656, 518, 'Rangunia', 4360, NULL, 4360, 'Rangunia', 1, NULL, '2015-05-19 21:29:27', NULL, '2015-09-13 10:41:40'),
(657, 58, 'Bhuabari', 3714, NULL, 3714, 'Raypur', 1, NULL, '2015-05-19 21:29:27', NULL, '2015-05-21 09:55:38'),
(658, 58, 'Haydarganj', 3713, NULL, 3713, 'Raypur', 1, NULL, '2015-05-19 21:29:27', NULL, '2015-05-21 09:55:38'),
(659, 58, 'Nagerdighirpar', 3712, NULL, 3712, 'Raypur', 1, NULL, '2015-05-19 21:29:27', NULL, '2015-05-21 09:55:38'),
(660, 58, 'Rakhallia', 3711, NULL, 3711, 'Raypur', 1, NULL, '2015-05-19 21:29:27', NULL, '2015-05-21 09:55:38'),
(661, 58, 'Raypur', 3710, NULL, 3710, 'Raypur', 1, NULL, '2015-05-19 21:29:27', NULL, '2015-05-21 09:55:38'),
(662, 479, 'Roanchhari', 4610, NULL, 4610, 'Roanchhari', 1, NULL, '2015-05-19 21:29:27', NULL, '2015-05-21 09:55:38'),
(663, 519, 'B.I.T Post Office', 4349, NULL, 4349, 'Rouzan', 1, NULL, '2015-05-19 21:29:27', NULL, '2015-05-21 09:55:38'),
(664, 519, 'Beenajuri', 4341, NULL, 4341, 'Rouzan', 1, NULL, '2015-05-19 21:29:27', NULL, '2015-05-21 09:55:38'),
(665, 519, 'Dewanpur', 4347, NULL, 4347, 'Rouzan', 1, NULL, '2015-05-19 21:29:27', NULL, '2015-05-21 09:55:38'),
(666, 519, 'Fatepur', 4345, NULL, 4345, 'Rouzan', 1, NULL, '2015-05-19 21:29:27', NULL, '2015-05-21 09:55:38'),
(667, 519, 'Gahira', 4343, NULL, 4343, 'Rouzan', 1, NULL, '2015-05-19 21:29:27', NULL, '2015-05-21 09:55:38'),
(668, 519, 'Guzra Noapara', 4346, NULL, 4346, 'Rouzan', 1, NULL, '2015-05-19 21:29:27', NULL, '2015-05-21 09:55:38'),
(669, 519, 'jagannath Hat', 4344, NULL, 4344, 'Rouzan', 1, NULL, '2015-05-19 21:29:27', NULL, '2015-05-21 09:55:38'),
(670, 519, 'Kundeshwari', 4342, NULL, 4342, 'Rouzan', 1, NULL, '2015-05-19 21:29:27', NULL, '2015-05-21 09:55:38'),
(671, 519, 'Mohamuni', 4348, NULL, 4348, 'Rouzan', 1, NULL, '2015-05-19 21:29:27', NULL, '2015-05-21 09:55:38'),
(672, 519, 'Rouzan', 4340, NULL, 4340, 'Rouzan', 1, NULL, '2015-05-19 21:29:27', NULL, '2015-05-21 09:55:38'),
(673, 480, 'Ruma', 4620, NULL, 4620, 'Ruma', 1, NULL, '2015-05-19 21:29:27', NULL, '2015-09-13 10:41:40'),
(674, 520, 'Sandwip', 4300, NULL, 4300, 'Sandwip', 1, NULL, '2015-05-19 21:29:27', NULL, '2015-09-13 10:41:40'),
(675, 520, 'Shiberhat', 4301, NULL, 4301, 'Sandwip', 1, NULL, '2015-05-19 21:29:27', NULL, '2015-09-13 10:41:40'),
(676, 520, 'Urirchar', 4302, NULL, 4302, 'Sandwip', 1, NULL, '2015-05-19 21:29:27', NULL, '2015-09-13 10:41:40'),
(677, 489, 'Chandura', 3432, NULL, 3432, 'Sarail', 1, NULL, '2015-05-19 21:29:27', NULL, '2015-09-13 10:41:40'),
(678, 489, 'Sarial', 3430, NULL, 3430, 'Sarail', 1, NULL, '2015-05-19 21:29:27', NULL, '2015-09-13 10:41:40'),
(679, 489, 'Shahbajpur', 3431, NULL, 3431, 'Sarail', 1, NULL, '2015-05-19 21:29:27', NULL, '2015-09-13 10:41:40'),
(680, 521, 'Baitul Ijjat', 4387, NULL, 4387, 'Satkania', 1, NULL, '2015-05-19 21:29:27', NULL, '2015-09-13 10:41:40'),
(681, 521, 'Bazalia', 4388, NULL, 4388, 'Satkania', 1, NULL, '2015-05-19 21:29:27', NULL, '2015-09-13 10:41:40'),
(682, 521, 'Satkania', 4386, NULL, 4386, 'Satkania', 1, NULL, '2015-05-19 21:29:27', NULL, '2015-09-13 10:41:40'),
(683, 64, 'Beezbag', 3862, NULL, 3862, 'Senbag', 1, NULL, '2015-05-19 21:29:27', NULL, '2015-05-21 09:55:38'),
(684, 64, 'Chatarpaia', 3864, NULL, 3864, 'Senbag', 1, NULL, '2015-05-19 21:29:27', NULL, '2015-05-21 09:55:38'),
(685, 64, 'Kallyandi', 3861, NULL, 3861, 'Senbag', 1, NULL, '2015-05-19 21:29:27', NULL, '2015-05-21 09:55:38'),
(686, 64, 'Kankirhat', 3863, NULL, 3863, 'Senbag', 1, NULL, '2015-05-19 21:29:27', NULL, '2015-05-21 09:55:38'),
(687, 64, 'Senbag', 3860, NULL, 3860, 'Senbag', 1, NULL, '2015-05-19 21:29:27', NULL, '2015-05-21 09:55:38'),
(688, 64, 'T.P. Lamua', 3865, NULL, 3865, 'Senbag', 1, NULL, '2015-05-19 21:29:27', NULL, '2015-05-21 09:55:38'),
(689, 497, 'Chotoshi', 3623, NULL, 3623, 'Shahrasti', 1, NULL, '2015-05-19 21:29:27', NULL, '2015-09-13 10:41:40'),
(690, 497, 'Islamia Madrasha', 3624, NULL, 3624, 'Shahrasti', 1, NULL, '2015-05-19 21:29:27', NULL, '2015-09-13 10:41:40'),
(691, 497, 'Khilabazar', 3621, NULL, 3621, 'Shahrasti', 1, NULL, '2015-05-19 21:29:27', NULL, '2015-09-13 10:41:40'),
(692, 497, 'Pashchim Kherihar Al', 3622, NULL, 3622, 'Shahrasti', 1, NULL, '2015-05-19 21:29:27', NULL, '2015-09-13 10:41:40'),
(693, 497, 'Shahrasti', 3620, NULL, 3620, 'Shahrasti', 1, NULL, '2015-05-19 21:29:27', NULL, '2015-09-13 10:41:41'),
(694, 522, 'Barabkunda', 4312, NULL, 4312, 'Sitakunda', 1, NULL, '2015-05-19 21:29:27', NULL, '2015-09-13 10:41:41'),
(695, 522, 'Baroidhala', 4311, NULL, 4311, 'Sitakunda', 1, NULL, '2015-05-19 21:29:27', NULL, '2015-09-13 10:41:41'),
(696, 522, 'Bawashbaria', 4313, NULL, 4313, 'Sitakunda', 1, NULL, '2015-05-19 21:29:27', NULL, '2015-09-13 10:41:41'),
(697, 522, 'Bhatiari', 4315, NULL, 4315, 'Sitakunda', 1, NULL, '2015-05-19 21:29:27', NULL, '2015-09-13 10:41:41'),
(698, 522, 'Fouzdarhat', 4316, NULL, 4316, 'Sitakunda', 1, NULL, '2015-05-19 21:29:27', NULL, '2015-09-13 10:41:41'),
(699, 522, 'Jafrabad', 4317, NULL, 4317, 'Sitakunda', 1, NULL, '2015-05-19 21:29:27', NULL, '2015-09-13 10:41:41'),
(700, 522, 'Kumira', 4314, NULL, 4314, 'Sitakunda', 1, NULL, '2015-05-19 21:29:27', NULL, '2015-09-13 10:41:41'),
(701, 522, 'Sitakunda', 4310, NULL, 4310, 'Sitakunda', 1, NULL, '2015-05-19 21:29:27', NULL, '2015-09-13 10:41:41'),
(702, 47, 'Ahmadpur', 3932, NULL, 3932, 'Sonagazi', 1, NULL, '2015-05-19 21:29:27', NULL, '2015-09-13 10:41:41'),
(703, 47, 'Kazirhat', 3933, NULL, 3933, 'Sonagazi', 1, NULL, '2015-05-19 21:29:27', NULL, '2015-09-13 10:41:41'),
(704, 47, 'Motiganj', 3931, NULL, 3931, 'Sonagazi', 1, NULL, '2015-05-19 21:29:27', NULL, '2015-09-13 10:41:41'),
(705, 47, 'Sonagazi', 3930, NULL, 3930, 'Sonagazi', 1, NULL, '2015-05-19 21:29:27', NULL, '2015-09-13 10:41:41'),
(706, 4, 'Hnila', 4761, NULL, 4761, 'Teknaf', 1, NULL, '2015-05-19 21:29:27', NULL, '2015-09-13 10:41:41'),
(707, 4, 'St.Martin', 4762, NULL, 4762, 'Teknaf', 1, NULL, '2015-05-19 21:29:27', NULL, '2015-09-13 10:41:41'),
(708, 4, 'Teknaf', 4760, NULL, 4760, 'Teknaf', 1, NULL, '2015-05-19 21:29:27', NULL, '2015-09-13 10:41:41'),
(709, 481, 'Lama', 4641, NULL, 4641, 'Thanchi', 1, NULL, '2015-05-19 21:29:27', NULL, '2015-09-13 10:41:41'),
(710, 481, 'Thanchi', 4630, NULL, 4630, 'Thanchi', 1, NULL, '2015-05-19 21:29:27', NULL, '2015-09-13 10:41:41'),
(711, 5, 'Ukhia', 4750, NULL, 4750, 'Ukhia', 1, NULL, '2015-05-19 21:29:27', NULL, '2015-05-21 09:55:38'),
(712, NULL, 'Alaipur', 9240, NULL, 9240, 'Alaipur', 1, NULL, '2015-05-19 21:29:27', NULL, '2015-09-13 10:41:41'),
(713, NULL, 'Belphulia', 9242, NULL, 9242, 'Alaipur', 1, NULL, '2015-05-19 21:29:27', NULL, '2015-09-13 10:41:41'),
(714, NULL, 'Rupsha', 9241, NULL, 9241, 'Alaipur', 1, NULL, '2015-05-19 21:29:27', NULL, '2015-09-13 10:41:41'),
(715, 196, 'Alamdanga', 7210, NULL, 7210, 'Alamdanga', 1, NULL, '2015-05-19 21:29:27', NULL, '2015-09-13 10:41:41'),
(716, 196, 'Hardi', 7211, NULL, 7211, 'Alamdanga', 1, NULL, '2015-05-19 21:29:27', NULL, '2015-09-13 10:41:41'),
(717, NULL, 'Arpara', 7620, NULL, 7620, 'Arpara', 1, NULL, '2015-05-19 21:29:27', NULL, '2015-09-13 10:41:41'),
(718, 241, 'Ashashuni', 9460, NULL, 9460, 'Ashashuni', 1, NULL, '2015-05-19 21:29:27', NULL, '2015-05-21 09:55:38'),
(719, 241, 'Baradal', 9461, NULL, 9461, 'Ashashuni', 1, NULL, '2015-05-19 21:29:27', NULL, '2015-05-21 09:55:38'),
(720, 187, 'Targast', 9300, NULL, 9300, 'Bagerhat Sadar', 1, NULL, '2015-05-19 21:29:27', 1, '2015-10-14 03:22:06'),
(721, 187, 'P.C College', 9301, NULL, 9301, 'Bagerhat Sadar', 1, NULL, '2015-05-19 21:29:27', 1, '2015-11-24 10:03:05'),
(722, 187, 'Rangdia', 9302, NULL, 9302, 'Bagerhat Sadar', 1, NULL, '2015-05-19 21:29:27', NULL, '2015-09-13 10:41:41'),
(723, 40, 'Bagharpara', 7470, NULL, 7470, 'Bagharpara', 1, NULL, '2015-05-19 21:29:27', NULL, '2015-05-21 09:55:38'),
(724, 40, 'Gouranagar', 7471, NULL, 7471, 'Bagharpara', 1, NULL, '2015-05-19 21:29:27', NULL, '2015-05-21 09:55:38'),
(725, 212, 'Batiaghat', 9260, NULL, 9260, 'Batiaghat', 1, NULL, '2015-05-19 21:29:27', NULL, '2015-05-21 09:55:38'),
(726, 212, 'Surkalee', 9261, NULL, 9261, 'Batiaghat', 1, NULL, '2015-05-19 21:29:27', NULL, '2015-05-21 09:55:38'),
(727, 226, 'Allardarga', 7042, NULL, 7042, 'Bheramara', 1, NULL, '2015-05-19 21:29:27', NULL, '2015-09-13 10:41:41'),
(728, 226, 'Bheramara', 7040, NULL, 7040, 'Bheramara', 1, NULL, '2015-05-19 21:29:27', NULL, '2015-09-13 10:41:41'),
(729, 226, 'Ganges Bheramara', 7041, NULL, 7041, 'Bheramara', 1, NULL, '2015-05-19 21:29:27', NULL, '2015-09-13 10:41:41'),
(730, NULL, 'Chalna Ankorage', 9350, NULL, 9350, 'Chalna Ankorage', 1, NULL, '2015-05-19 21:29:27', NULL, '2015-09-13 10:41:41'),
(731, NULL, 'Mongla Port', 9351, NULL, 9351, 'Chalna Ankorage', 1, NULL, '2015-05-19 21:29:27', NULL, '2015-09-13 10:41:41'),
(732, NULL, 'Bajua', 9272, NULL, 9272, 'Chalna Bazar', 1, NULL, '2015-05-19 21:29:27', NULL, '2015-09-13 10:41:41'),
(733, NULL, 'Chalna Bazar', 9270, NULL, 9270, 'Chalna Bazar', 1, NULL, '2015-05-19 21:29:27', NULL, '2015-09-13 10:41:41'),
(734, NULL, 'Dakup', 9271, NULL, 9271, 'Chalna Bazar', 1, NULL, '2015-05-19 21:29:27', NULL, '2015-09-13 10:41:41'),
(735, NULL, 'Nalian', 9273, NULL, 9273, 'Chalna Bazar', 1, NULL, '2015-05-19 21:29:27', NULL, '2015-09-13 10:41:41'),
(736, 200, 'Chougachha', 7410, NULL, 7410, 'Chaugachha', 1, NULL, '2015-05-19 21:29:27', NULL, '2015-09-13 10:41:41'),
(737, 188, 'Barabaria', 9361, NULL, 9361, 'Chitalmari', 1, NULL, '2015-05-19 21:29:27', NULL, '2015-09-13 10:41:41'),
(738, 188, 'Chitalmari', 9360, NULL, 9360, 'Chitalmari', 1, NULL, '2015-05-19 21:29:27', NULL, '2015-09-13 10:41:41'),
(739, 197, 'Chuadanga Sadar', 7200, NULL, 7200, 'Chuadanga Sadar', 1, NULL, '2015-05-19 21:29:27', NULL, '2015-09-13 10:41:42'),
(740, 197, 'Munshiganj', 7201, NULL, 7201, 'Chuadanga Sadar', 1, NULL, '2015-05-19 21:29:27', NULL, '2015-09-13 10:41:42'),
(741, 41, 'Andulbaria', 7222, NULL, 7222, 'Damurhuda', 1, NULL, '2015-05-19 21:29:27', NULL, '2015-09-13 10:41:42'),
(742, 41, 'Damurhuda', 7220, NULL, 7220, 'Damurhuda', 1, NULL, '2015-05-19 21:29:27', NULL, '2015-09-13 10:41:42'),
(743, 41, 'Darshana', 7221, NULL, 7221, 'Damurhuda', 1, NULL, '2015-05-19 21:29:27', NULL, '2015-09-13 10:41:42'),
(744, 242, 'Debbhata', 9430, NULL, 9430, 'Debbhata', 1, NULL, '2015-05-19 21:29:27', NULL, '2015-05-21 09:55:38'),
(745, 242, 'Gurugram', 9431, NULL, 9431, 'Debbhata', 1, NULL, '2015-05-19 21:29:27', NULL, '2015-05-21 09:55:38'),
(746, 216, 'Chandni Mahal', 9221, NULL, 9221, 'Digalia', 1, NULL, '2015-05-19 21:29:27', NULL, '2015-05-21 09:55:38'),
(747, 216, 'Digalia', 9220, NULL, 9220, 'Digalia', 1, NULL, '2015-05-19 21:29:27', NULL, '2015-05-21 09:55:38'),
(748, 216, 'Gazirhat', 9224, NULL, 9224, 'Digalia', 1, NULL, '2015-05-19 21:29:27', NULL, '2015-05-21 09:55:38'),
(749, 216, 'Ghoshghati', 9223, NULL, 9223, 'Digalia', 1, NULL, '2015-05-19 21:29:27', NULL, '2015-05-21 09:55:38'),
(750, 216, 'Senhati', 9222, NULL, 9222, 'Digalia', 1, NULL, '2015-05-19 21:29:27', NULL, '2015-05-21 09:55:38'),
(751, NULL, 'Doulatganj', 7230, NULL, 7230, 'Doulatganj', 1, NULL, '2015-05-19 21:29:27', NULL, '2015-09-13 10:41:42'),
(752, 189, 'Bhanganpar Bazar', 9372, NULL, 9372, 'Fakirhat', 1, NULL, '2015-05-19 21:29:27', NULL, '2015-09-13 10:41:42'),
(753, 189, 'Fakirhat', 9370, NULL, 9370, 'Fakirhat', 1, NULL, '2015-05-19 21:29:27', NULL, '2015-09-13 10:41:42'),
(754, 189, 'Mansa', 9371, NULL, 9371, 'Fakirhat', 1, NULL, '2015-05-19 21:29:27', NULL, '2015-09-13 10:41:42'),
(755, 235, 'Gangni', 7110, NULL, 7110, 'Gangni', 1, NULL, '2015-05-19 21:29:27', NULL, '2015-09-13 10:41:42'),
(756, 206, 'Harinakundu', 7310, NULL, 7310, 'Harinakundu', 1, NULL, '2015-05-19 21:29:27', NULL, '2015-05-21 09:55:38'),
(757, NULL, 'Janipur', 7020, NULL, 7020, 'Janipur', 1, NULL, '2015-05-19 21:29:27', NULL, '2015-09-13 10:41:42'),
(758, NULL, 'Khoksa', 7021, NULL, 7021, 'Janipur', 1, NULL, '2015-05-19 21:29:27', NULL, '2015-09-13 10:41:42'),
(759, NULL, 'Basundia', 7406, NULL, 7406, 'Jessore Sadar', 1, NULL, '2015-05-19 21:29:27', NULL, '2015-09-13 10:41:42'),
(760, NULL, 'Chanchra', 7402, NULL, 7402, 'Jessore Sadar', 1, NULL, '2015-05-19 21:29:27', NULL, '2015-09-13 10:41:42'),
(761, NULL, 'Churamankathi', 7407, NULL, 7407, 'Jessore Sadar', 1, NULL, '2015-05-19 21:29:27', NULL, '2015-09-13 10:41:42'),
(762, NULL, 'Jessore Airbach', 7404, NULL, 7404, 'Jessore Sadar', 1, NULL, '2015-05-19 21:29:27', NULL, '2015-09-13 10:41:42'),
(763, NULL, 'Jessore canttonment', 7403, NULL, 7403, 'Jessore Sadar', 1, NULL, '2015-05-19 21:29:27', NULL, '2015-09-13 10:41:42'),
(764, NULL, 'Jessore Sadar', 7400, NULL, 7400, 'Jessore Sadar', 1, NULL, '2015-05-19 21:29:27', NULL, '2015-09-13 10:41:42'),
(765, NULL, 'Jessore Upa-Shahar', 7401, NULL, 7401, 'Jessore Sadar', 1, NULL, '2015-05-19 21:29:27', NULL, '2015-09-13 10:41:42'),
(766, NULL, 'Rupdia', 7405, NULL, 7405, 'Jessore Sadar', 1, NULL, '2015-05-19 21:29:27', NULL, '2015-09-13 10:41:42'),
(767, 201, 'Jhikargachha', 7420, NULL, 7420, 'Jhikargachha', 1, NULL, '2015-05-19 21:29:27', NULL, '2015-09-13 10:41:42'),
(768, 207, 'Jinaidaha Cadet College', 7301, NULL, 7301, 'Jinaidaha Sadar', 1, NULL, '2015-05-19 21:29:27', NULL, '2015-05-21 09:55:38'),
(769, 207, 'Jinaidaha Sadar', 7300, NULL, 7300, 'Jinaidaha Sadar', 1, NULL, '2015-05-19 21:29:27', NULL, '2015-05-21 09:55:38'),
(770, 494, 'Kachua', 9310, NULL, 9310, 'Kachua UPO', 1, NULL, '2015-05-19 21:29:27', NULL, '2015-05-21 09:55:38'),
(771, 494, 'Sonarkola', 9311, NULL, 9311, 'Kachua UPO', 1, NULL, '2015-05-19 21:29:27', NULL, '2015-05-21 09:55:38'),
(772, 243, 'Chandanpur', 9415, NULL, 9415, 'kalaroa', 1, NULL, '2015-05-19 21:29:27', NULL, '2015-09-13 10:41:42'),
(773, 243, 'Hamidpur', 9413, NULL, 9413, 'kalaroa', 1, NULL, '2015-05-19 21:29:27', NULL, '2015-09-13 10:41:42'),
(774, 243, 'Jhaudanga', 9412, NULL, 9412, 'kalaroa', 1, NULL, '2015-05-19 21:29:27', NULL, '2015-09-13 10:41:42'),
(775, 243, 'kalaroa', 9410, NULL, 9410, 'kalaroa', 1, NULL, '2015-05-19 21:29:27', NULL, '2015-09-13 10:41:42'),
(776, 243, 'Khordo', 9414, NULL, 9414, 'kalaroa', 1, NULL, '2015-05-19 21:29:27', NULL, '2015-09-13 10:41:42'),
(777, 243, 'Murarikati', 9411, NULL, 9411, 'kalaroa', 1, NULL, '2015-05-19 21:29:27', NULL, '2015-09-13 10:41:42'),
(778, 238, 'Kalia', 7520, NULL, 7520, 'Kalia', 1, NULL, '2015-05-19 21:29:27', NULL, '2015-09-13 10:41:42'),
(779, 88, 'Kaliganj UPO', 9440, NULL, 9440, 'Kaliganj UPO', 1, NULL, '2015-05-19 21:29:27', NULL, '2015-05-21 09:55:38'),
(780, 88, 'Nalta Mubaroknagar', 9441, NULL, 9441, 'Kaliganj UPO', 1, NULL, '2015-05-19 21:29:27', NULL, '2015-05-21 09:55:38'),
(781, 88, 'Ratanpur', 9442, NULL, 9442, 'Kaliganj UPO', 1, NULL, '2015-05-19 21:29:27', NULL, '2015-05-21 09:55:38'),
(782, 202, 'Keshobpur', 7450, NULL, 7450, 'Keshabpur', 1, NULL, '2015-05-19 21:29:27', NULL, '2015-09-13 10:41:42'),
(783, 219, 'Atra Shilpa Area', 9207, NULL, 9207, 'Khulna Sadar', 1, NULL, '2015-05-19 21:29:27', NULL, '2015-09-13 10:41:42'),
(784, 219, 'BIT Khulna', 9203, NULL, 9203, 'Khulna Sadar', 1, NULL, '2015-05-19 21:29:27', NULL, '2015-09-13 10:41:42'),
(785, 219, 'Doulatpur', 9202, NULL, 9202, 'Khulna Sadar', 1, NULL, '2015-05-19 21:29:27', NULL, '2015-09-13 10:41:42'),
(786, 219, 'Jahanabad Canttonmen', 9205, NULL, 9205, 'Khulna Sadar', 1, NULL, '2015-05-19 21:29:27', NULL, '2015-09-13 10:41:43'),
(787, 219, 'Khula Sadar', 9100, NULL, 9100, 'Khulna Sadar', 1, NULL, '2015-05-19 21:29:27', NULL, '2015-09-13 10:41:43'),
(788, 219, 'Khulna G.P.O', 9000, NULL, 9000, 'Khulna Sadar', 1, NULL, '2015-05-19 21:29:27', NULL, '2015-09-13 10:41:43'),
(789, 219, 'Khulna Shipyard', 9201, NULL, 9201, 'Khulna Sadar', 1, NULL, '2015-05-19 21:29:27', NULL, '2015-09-13 10:41:43'),
(790, 219, 'Khulna University', 9208, NULL, 9208, 'Khulna Sadar', 1, NULL, '2015-05-19 21:29:27', NULL, '2015-09-13 10:41:43'),
(791, 219, 'Siramani', 9204, NULL, 9204, 'Khulna Sadar', 1, NULL, '2015-05-19 21:29:27', NULL, '2015-09-13 10:41:43'),
(792, 219, 'Sonali Jute Mills', 9206, NULL, 9206, 'Khulna Sadar', 1, NULL, '2015-05-19 21:29:27', NULL, '2015-09-13 10:41:43'),
(793, 209, 'Kotchandpur', 7330, NULL, 7330, 'Kotchandpur', 1, NULL, '2015-05-19 21:29:27', NULL, '2015-09-13 10:41:43'),
(794, 229, 'Kumarkhali', 7010, NULL, 7010, 'Kumarkhali', 1, NULL, '2015-05-19 21:29:27', NULL, '2015-09-13 10:41:43'),
(795, 229, 'Panti', 7011, NULL, 7011, 'Kumarkhali', 1, NULL, '2015-05-19 21:29:27', NULL, '2015-09-13 10:41:43'),
(796, 230, 'Islami University', 7003, NULL, 7003, 'Kustia Sadar', 1, NULL, '2015-05-19 21:29:27', NULL, '2015-05-21 09:55:38'),
(797, 230, 'Jagati', 7002, NULL, 7002, 'Kustia Sadar', 1, NULL, '2015-05-19 21:29:27', NULL, '2015-05-21 09:55:38'),
(798, 230, 'Kushtia Mohini', 7001, NULL, 7001, 'Kustia Sadar', 1, NULL, '2015-05-19 21:29:27', NULL, '2015-05-21 09:55:38'),
(799, 230, 'Kustia Sadar', 7000, NULL, 7000, 'Kustia Sadar', 1, NULL, '2015-05-19 21:29:27', NULL, '2015-05-21 09:55:38'),
(800, NULL, 'Baradia', 7514, NULL, 7514, 'Laxmipasha', 1, NULL, '2015-05-19 21:29:27', NULL, '2015-09-13 10:41:43'),
(801, NULL, 'Itna', 7512, NULL, 7512, 'Laxmipasha', 1, NULL, '2015-05-19 21:29:27', NULL, '2015-09-13 10:41:43'),
(802, NULL, 'Laxmipasha', 7510, NULL, 7510, 'Laxmipasha', 1, NULL, '2015-05-19 21:29:27', NULL, '2015-09-13 10:41:43'),
(803, NULL, 'Lohagora', 7511, NULL, 7511, 'Laxmipasha', 1, NULL, '2015-05-19 21:29:27', NULL, '2015-09-13 10:41:43'),
(804, NULL, 'Naldi', 7513, NULL, 7513, 'Laxmipasha', 1, NULL, '2015-05-19 21:29:27', NULL, '2015-09-13 10:41:43'),
(805, NULL, 'Amadee', 9291, NULL, 9291, 'Madinabad', 1, NULL, '2015-05-19 21:29:27', NULL, '2015-09-13 10:41:43'),
(806, NULL, 'Madinabad', 9290, NULL, 9290, 'Madinabad', 1, NULL, '2015-05-19 21:29:27', NULL, '2015-09-13 10:41:43'),
(807, 232, 'Magura Sadar', 7600, NULL, 7600, 'Magura Sadar', 1, NULL, '2015-05-19 21:29:27', NULL, '2015-09-13 10:41:43'),
(808, 210, 'Maheshpur', 7340, NULL, 7340, 'Maheshpur', 1, NULL, '2015-05-19 21:29:27', NULL, '2015-09-13 10:41:43'),
(809, 237, 'Amjhupi', 7101, NULL, 7101, 'Meherpur Sadar', 1, NULL, '2015-05-19 21:29:27', NULL, '2015-09-13 10:41:43'),
(810, 237, 'Amjhupi', 7152, NULL, 7152, 'Meherpur Sadar', 1, NULL, '2015-05-19 21:29:27', NULL, '2015-09-13 10:41:43'),
(811, 237, 'Meherpur Sadar', 7100, NULL, 7100, 'Meherpur Sadar', 1, NULL, '2015-05-19 21:29:27', NULL, '2015-09-13 10:41:43'),
(812, 237, 'Mujib Nagar Complex', 7102, NULL, 7102, 'Meherpur Sadar', 1, NULL, '2015-05-19 21:29:27', NULL, '2015-09-13 10:41:43'),
(813, 231, 'Amla Sadarpur', 7032, NULL, 7032, 'Mirpur', 1, NULL, '2015-05-19 21:29:27', NULL, '2015-05-21 09:55:38'),
(814, 231, 'Mirpur', 7030, NULL, 7030, 'Mirpur', 1, NULL, '2015-05-19 21:29:27', NULL, '2015-05-21 09:55:38'),
(815, 231, 'Poradaha', 7031, NULL, 7031, 'Mirpur', 1, NULL, '2015-05-19 21:29:27', NULL, '2015-05-21 09:55:38'),
(816, NULL, 'Mohajan', 7521, NULL, 7521, 'Mohajan', 1, NULL, '2015-05-19 21:29:27', NULL, '2015-09-13 10:41:43'),
(817, 233, 'Binodpur', 7631, NULL, 7631, 'Mohammadpur', 1, NULL, '2015-05-19 21:29:27', NULL, '2015-05-21 09:55:38'),
(818, 233, 'Mohammadpur', 7630, NULL, 7630, 'Mohammadpur', 1, NULL, '2015-05-19 21:29:27', NULL, '2015-05-21 09:55:38'),
(819, 233, 'Nahata', 7632, NULL, 7632, 'Mohammadpur', 1, NULL, '2015-05-19 21:29:27', NULL, '2015-05-21 09:55:38'),
(820, 191, 'Charkulia', 9383, NULL, 9383, 'Mollahat', 1, NULL, '2015-05-19 21:29:27', NULL, '2015-09-13 10:41:43'),
(821, 191, 'Dariala', 9382, NULL, 9382, 'Mollahat', 1, NULL, '2015-05-19 21:29:27', NULL, '2015-09-13 10:41:43'),
(822, 191, 'Kahalpur', 9381, NULL, 9381, 'Mollahat', 1, NULL, '2015-05-19 21:29:27', NULL, '2015-09-13 10:41:43'),
(823, 191, 'Mollahat', 9380, NULL, 9380, 'Mollahat', 1, NULL, '2015-05-19 21:29:27', NULL, '2015-09-13 10:41:43'),
(824, 191, 'Nagarkandi', 9384, NULL, 9384, 'Mollahat', 1, NULL, '2015-05-19 21:29:27', NULL, '2015-09-13 10:41:43'),
(825, 191, 'Pak Gangni', 9385, NULL, 9385, 'Mollahat', 1, NULL, '2015-05-19 21:29:27', NULL, '2015-09-13 10:41:43'),
(826, 204, 'Monirampur', 7440, NULL, 7440, 'Monirampur', 1, NULL, '2015-05-19 21:29:27', NULL, '2015-05-21 09:55:38'),
(827, 193, 'Morelganj', 9320, NULL, 9320, 'Morelganj', 1, NULL, '2015-05-19 21:29:27', NULL, '2015-05-21 09:55:38'),
(828, 193, 'Sannasi Bazar', 9321, NULL, 9321, 'Morelganj', 1, NULL, '2015-05-19 21:29:27', NULL, '2015-05-21 09:55:38'),
(829, 193, 'Telisatee', 9322, NULL, 9322, 'Morelganj', 1, NULL, '2015-05-19 21:29:27', NULL, '2015-05-21 09:55:38'),
(830, NULL, 'Buri Goalini', 9453, NULL, 9453, 'Nakipur', 1, NULL, '2015-05-19 21:29:27', NULL, '2015-09-13 10:41:43'),
(831, NULL, 'Gabura', 9454, NULL, 9454, 'Nakipur', 1, NULL, '2015-05-19 21:29:27', NULL, '2015-09-13 10:41:44'),
(832, NULL, 'Habinagar', 9455, NULL, 9455, 'Nakipur', 1, NULL, '2015-05-19 21:29:27', NULL, '2015-09-13 10:41:44'),
(833, NULL, 'Nakipur', 9450, NULL, 9450, 'Nakipur', 1, NULL, '2015-05-19 21:29:27', NULL, '2015-09-13 10:41:44'),
(834, NULL, 'Naobeki', 9452, NULL, 9452, 'Nakipur', 1, NULL, '2015-05-19 21:29:27', NULL, '2015-09-13 10:41:44'),
(835, NULL, 'Noornagar', 9451, NULL, 9451, 'Nakipur', 1, NULL, '2015-05-19 21:29:27', NULL, '2015-09-13 10:41:44'),
(836, NULL, 'Hatbar Bazar', 7351, NULL, 7351, 'Naldanga', 1, NULL, '2015-05-19 21:29:27', NULL, '2015-09-13 10:41:44'),
(837, NULL, 'Naldanga', 7350, NULL, 7350, 'Naldanga', 1, NULL, '2015-05-19 21:29:27', NULL, '2015-09-13 10:41:44'),
(838, 240, 'Narail Sadar', 7500, NULL, 7500, 'Narail Sadar', 1, NULL, '2015-05-19 21:29:27', NULL, '2015-09-13 10:41:44'),
(839, 240, 'Ratanganj', 7501, NULL, 7501, 'Narail Sadar', 1, NULL, '2015-05-19 21:29:27', NULL, '2015-09-13 10:41:44'),
(840, NULL, 'Bhugilhat', 7462, NULL, 7462, 'Noapara', 1, NULL, '2015-05-19 21:29:27', NULL, '2015-09-13 10:41:44'),
(841, NULL, 'Noapara', 7460, NULL, 7460, 'Noapara', 1, NULL, '2015-05-19 21:29:27', NULL, '2015-09-13 10:41:44'),
(842, NULL, 'Rajghat', 7461, NULL, 7461, 'Noapara', 1, NULL, '2015-05-19 21:29:27', NULL, '2015-09-13 10:41:44'),
(843, 221, 'Chandkhali', 9284, NULL, 9284, 'Paikgachha', 1, NULL, '2015-05-19 21:29:27', NULL, '2015-09-13 10:41:44'),
(844, 221, 'Garaikhali', 9285, NULL, 9285, 'Paikgachha', 1, NULL, '2015-05-19 21:29:27', NULL, '2015-09-13 10:41:44'),
(845, 221, 'Godaipur', 9281, NULL, 9281, 'Paikgachha', 1, NULL, '2015-05-19 21:29:27', NULL, '2015-09-13 10:41:44'),
(846, 221, 'Kapilmoni', 9282, NULL, 9282, 'Paikgachha', 1, NULL, '2015-05-19 21:29:27', NULL, '2015-09-13 10:41:44'),
(847, 221, 'Katipara', 9283, NULL, 9283, 'Paikgachha', 1, NULL, '2015-05-19 21:29:27', NULL, '2015-09-13 10:41:44'),
(848, 221, 'Paikgachha', 9280, NULL, 9280, 'Paikgachha', 1, NULL, '2015-05-19 21:29:27', NULL, '2015-09-13 10:41:44'),
(849, 222, 'Phultala', 9210, NULL, 9210, 'Phultala', 1, NULL, '2015-05-19 21:29:27', NULL, '2015-09-13 10:41:44'),
(850, NULL, 'Khasmathurapur', 7052, NULL, 7052, 'Rafayetpur', 1, NULL, '2015-05-19 21:29:27', NULL, '2015-09-13 10:41:44'),
(851, NULL, 'Rafayetpur', 7050, NULL, 7050, 'Rafayetpur', 1, NULL, '2015-05-19 21:29:27', NULL, '2015-09-13 10:41:44'),
(852, NULL, 'Taragunia', 7051, NULL, 7051, 'Rafayetpur', 1, NULL, '2015-05-19 21:29:27', NULL, '2015-09-13 10:41:44'),
(853, 194, 'Foylahat', 9341, NULL, 9341, 'Rampal', 1, NULL, '2015-05-19 21:29:27', NULL, '2015-09-13 10:41:44'),
(854, 194, 'Gourambha', 9343, NULL, 9343, 'Rampal', 1, NULL, '2015-05-19 21:29:27', NULL, '2015-09-13 10:41:44'),
(855, 194, 'Rampal', 9340, NULL, 9340, 'Rampal', 1, NULL, '2015-05-19 21:29:27', NULL, '2015-09-13 10:41:44'),
(856, 194, 'Sonatunia', 9342, NULL, 9342, 'Rampal', 1, NULL, '2015-05-19 21:29:27', NULL, '2015-09-13 10:41:44'),
(857, NULL, 'Rayenda', 9330, NULL, 9330, 'Rayenda', 1, NULL, '2015-05-19 21:29:27', NULL, '2015-09-13 10:41:44'),
(858, NULL, 'Chuknagar', 9252, NULL, 9252, 'Sajiara', 1, NULL, '2015-05-19 21:29:27', NULL, '2015-09-13 10:41:44'),
(859, NULL, 'Ghonabanda', 9251, NULL, 9251, 'Sajiara', 1, NULL, '2015-05-19 21:29:27', NULL, '2015-09-13 10:41:44'),
(860, NULL, 'Sajiara', 9250, NULL, 9250, 'Sajiara', 1, NULL, '2015-05-19 21:29:27', NULL, '2015-09-13 10:41:44'),
(861, NULL, 'Shahapur', 9253, NULL, 9253, 'Sajiara', 1, NULL, '2015-05-19 21:29:27', NULL, '2015-09-13 10:41:44'),
(862, 205, 'Bag Achra', 7433, NULL, 7433, 'Sarsa', 1, NULL, '2015-05-19 21:29:27', NULL, '2015-05-21 09:55:38');
INSERT INTO `sa_post_offices` (`POST_OFFICE_ID`, `THANA_ID`, `POST_OFFICE_ENAME`, `POST_CODE`, `ORDER_SL`, `UD_POFFICE_ID`, `THANA_NAME`, `ACTIVE_FLAG`, `CREATED_BY`, `CREATE_DATE`, `UPDATED_BY`, `UPDATE_DATE`) VALUES
(863, 205, 'Benapole', 7431, NULL, 7431, 'Sarsa', 1, NULL, '2015-05-19 21:29:27', NULL, '2015-05-21 09:55:38'),
(864, 205, 'Jadabpur', 7432, NULL, 7432, 'Sarsa', 1, NULL, '2015-05-19 21:29:27', NULL, '2015-05-21 09:55:38'),
(865, 205, 'Sarsa', 7430, NULL, 7430, 'Sarsa', 1, NULL, '2015-05-19 21:29:27', NULL, '2015-05-21 09:55:38'),
(866, 245, 'Budhhat', 9403, NULL, 9403, 'Satkhira Sadar', 1, NULL, '2015-05-19 21:29:27', NULL, '2015-09-13 10:41:44'),
(867, 245, 'Gunakar kati', 9402, NULL, 9402, 'Satkhira Sadar', 1, NULL, '2015-05-19 21:29:27', NULL, '2015-09-13 10:41:44'),
(868, 245, 'Satkhira Islamia Acc', 9401, NULL, 9401, 'Satkhira Sadar', 1, NULL, '2015-05-19 21:29:27', NULL, '2015-09-13 10:41:44'),
(869, 245, 'Satkhira Sadar', 9400, NULL, 9400, 'Satkhira Sadar', 1, NULL, '2015-05-19 21:29:27', NULL, '2015-09-13 10:41:44'),
(870, 211, 'Kumiradaha', 7321, NULL, 7321, 'Shailakupa', 1, NULL, '2015-05-19 21:29:27', NULL, '2015-05-21 09:55:38'),
(871, 211, 'Shailakupa', 7320, NULL, 7320, 'Shailakupa', 1, NULL, '2015-05-19 21:29:27', NULL, '2015-05-21 09:55:38'),
(872, 257, 'Langalbadh', 7611, NULL, 7611, 'Shripur', 1, NULL, '2015-05-19 21:29:27', NULL, '2015-05-21 09:55:38'),
(873, 257, 'Nachol', 7612, NULL, 7612, 'Shripur', 1, NULL, '2015-05-19 21:29:27', NULL, '2015-05-21 09:55:38'),
(874, 257, 'Shripur', 7610, NULL, 7610, 'Shripur', 1, NULL, '2015-05-19 21:29:27', NULL, '2015-05-21 09:55:38'),
(875, 247, 'Patkelghata', 9421, NULL, 9421, 'Taala', 1, NULL, '2015-05-19 21:29:27', NULL, '2015-05-21 09:55:38'),
(876, 247, 'Taala', 9420, NULL, 9420, 'Taala', 1, NULL, '2015-05-19 21:29:27', NULL, '2015-05-21 09:55:38'),
(877, 225, 'Pak Barasat', 9231, NULL, 9231, 'Terakhada', 1, NULL, '2015-05-19 21:29:27', NULL, '2015-05-21 09:55:38'),
(878, 225, 'Terakhada', 9230, NULL, 9230, 'Terakhada', 1, NULL, '2015-05-19 21:29:27', NULL, '2015-05-21 09:55:38'),
(879, 369, 'Azmireeganj', 3360, NULL, 3360, 'Azmireeganj', 1, NULL, '2015-05-19 21:29:27', NULL, '2015-05-21 09:55:38'),
(880, 370, 'Bahubal', 3310, NULL, 3310, 'Bahubal', 1, NULL, '2015-05-19 21:29:27', NULL, '2015-09-13 10:41:45'),
(881, 393, 'Balaganj', 3120, NULL, 3120, 'Balaganj', 1, NULL, '2015-05-19 21:29:27', NULL, '2015-09-13 10:41:45'),
(882, 393, 'Begumpur', 3125, NULL, 3125, 'Balaganj', 1, NULL, '2015-05-19 21:29:27', NULL, '2015-09-13 10:41:45'),
(883, 393, 'Brahman Shashon', 3122, NULL, 3122, 'Balaganj', 1, NULL, '2015-05-19 21:29:27', NULL, '2015-09-13 10:41:45'),
(884, 393, 'Gaharpur', 3128, NULL, 3128, 'Balaganj', 1, NULL, '2015-05-19 21:29:27', NULL, '2015-09-13 10:41:45'),
(885, 393, 'Goala Bazar', 3124, NULL, 3124, 'Balaganj', 1, NULL, '2015-05-19 21:29:27', NULL, '2015-09-13 10:41:45'),
(886, 393, 'Karua', 3121, NULL, 3121, 'Balaganj', 1, NULL, '2015-05-19 21:29:27', NULL, '2015-09-13 10:41:45'),
(887, 393, 'Kathal Khair', 3127, NULL, 3127, 'Balaganj', 1, NULL, '2015-05-19 21:29:27', NULL, '2015-09-13 10:41:45'),
(888, 393, 'Natun Bazar', 3129, NULL, 3129, 'Balaganj', 1, NULL, '2015-05-19 21:29:27', NULL, '2015-09-13 10:41:45'),
(889, 393, 'Omarpur', 3126, NULL, 3126, 'Balaganj', 1, NULL, '2015-05-19 21:29:27', NULL, '2015-09-13 10:41:45'),
(890, 393, 'Tajpur', 3123, NULL, 3123, 'Balaganj', 1, NULL, '2015-05-19 21:29:27', NULL, '2015-09-13 10:41:45'),
(891, 371, 'Baniachang', 3350, NULL, 3350, 'Baniachang', 1, NULL, '2015-05-19 21:29:27', NULL, '2015-05-21 09:55:38'),
(892, 371, 'Jatrapasha', 3351, NULL, 3351, 'Baniachang', 1, NULL, '2015-05-19 21:29:27', NULL, '2015-05-21 09:55:38'),
(893, 371, 'Kadirganj', 3352, NULL, 3352, 'Baniachang', 1, NULL, '2015-05-19 21:29:27', NULL, '2015-05-21 09:55:38'),
(894, 376, 'Baralekha', 3250, NULL, 3250, 'Baralekha', 1, NULL, '2015-05-19 21:29:27', NULL, '2015-05-21 09:55:38'),
(895, 376, 'Dhakkhinbag', 3252, NULL, 3252, 'Baralekha', 1, NULL, '2015-05-19 21:29:27', NULL, '2015-05-21 09:55:38'),
(896, 376, 'Juri', 3251, NULL, 3251, 'Baralekha', 1, NULL, '2015-05-19 21:29:27', NULL, '2015-05-21 09:55:38'),
(897, 376, 'Purbashahabajpur', 3253, NULL, 3253, 'Baralekha', 1, NULL, '2015-05-19 21:29:27', NULL, '2015-05-21 09:55:38'),
(898, 27, 'Bianibazar', 3170, NULL, 3170, 'Bianibazar', 1, NULL, '2015-05-19 21:29:27', NULL, '2015-05-21 09:55:38'),
(899, 27, 'Churkai', 3175, NULL, 3175, 'Bianibazar', 1, NULL, '2015-05-19 21:29:27', NULL, '2015-05-21 09:55:38'),
(900, 27, 'jaldup', 3171, NULL, 3171, 'Bianibazar', 1, NULL, '2015-05-19 21:29:27', NULL, '2015-05-21 09:55:38'),
(901, 27, 'Kurar bazar', 3173, NULL, 3173, 'Bianibazar', 1, NULL, '2015-05-19 21:29:27', NULL, '2015-05-21 09:55:38'),
(902, 27, 'Mathiura', 3172, NULL, 3172, 'Bianibazar', 1, NULL, '2015-05-19 21:29:27', NULL, '2015-05-21 09:55:38'),
(903, 27, 'Salia bazar', 3174, NULL, 3174, 'Bianibazar', 1, NULL, '2015-05-19 21:29:27', NULL, '2015-05-21 09:55:38'),
(904, 383, 'Bishamsapur', 3010, NULL, 3010, 'Bishamsarpur', 1, NULL, '2015-05-19 21:29:27', NULL, '2015-05-21 09:55:38'),
(905, 394, 'Bishwanath', 3130, NULL, 3130, 'Bishwanath', 1, NULL, '2015-05-19 21:29:27', NULL, '2015-09-13 10:41:45'),
(906, 394, 'Dashghar', 3131, NULL, 3131, 'Bishwanath', 1, NULL, '2015-05-19 21:29:27', NULL, '2015-09-13 10:41:45'),
(907, 394, 'Deokalas', 3133, NULL, 3133, 'Bishwanath', 1, NULL, '2015-05-19 21:29:27', NULL, '2015-09-13 10:41:45'),
(908, 394, 'Doulathpur', 3132, NULL, 3132, 'Bishwanath', 1, NULL, '2015-05-19 21:29:27', NULL, '2015-09-13 10:41:45'),
(909, 394, 'Singer kanch', 3134, NULL, 3134, 'Bishwanath', 1, NULL, '2015-05-19 21:29:27', NULL, '2015-09-13 10:41:45'),
(910, 384, 'Chhatak', 3080, NULL, 3080, 'Chhatak', 1, NULL, '2015-05-19 21:29:27', NULL, '2015-09-13 10:41:45'),
(911, 384, 'Chhatak Cement Facto', 3081, NULL, 3081, 'Chhatak', 1, NULL, '2015-05-19 21:29:27', NULL, '2015-09-13 10:41:45'),
(912, 384, 'Chhatak Paper Mills', 3082, NULL, 3082, 'Chhatak', 1, NULL, '2015-05-19 21:29:27', NULL, '2015-09-13 10:41:45'),
(913, 384, 'Chourangi Bazar', 3893, NULL, 3893, 'Chhatak', 1, NULL, '2015-05-19 21:29:27', NULL, '2015-09-13 10:41:45'),
(914, 384, 'Gabindaganj', 3083, NULL, 3083, 'Chhatak', 1, NULL, '2015-05-19 21:29:27', NULL, '2015-09-13 10:41:45'),
(915, 384, 'Gabindaganj Natun Ba', 3084, NULL, 3084, 'Chhatak', 1, NULL, '2015-05-19 21:29:27', NULL, '2015-09-13 10:41:45'),
(916, 384, 'Islamabad', 3088, NULL, 3088, 'Chhatak', 1, NULL, '2015-05-19 21:29:27', NULL, '2015-09-13 10:41:45'),
(917, 384, 'jahidpur', 3087, NULL, 3087, 'Chhatak', 1, NULL, '2015-05-19 21:29:27', NULL, '2015-09-13 10:41:45'),
(918, 384, 'Khurma', 3085, NULL, 3085, 'Chhatak', 1, NULL, '2015-05-19 21:29:27', NULL, '2015-09-13 10:41:45'),
(919, 384, 'Moinpur', 3086, NULL, 3086, 'Chhatak', 1, NULL, '2015-05-19 21:29:27', NULL, '2015-09-13 10:41:45'),
(920, 372, 'Chandpurbagan', 3321, NULL, 3321, 'Chunarughat', 1, NULL, '2015-05-19 21:29:27', NULL, '2015-09-13 10:41:45'),
(921, 372, 'Chunarughat', 3320, NULL, 3320, 'Chunarughat', 1, NULL, '2015-05-19 21:29:27', NULL, '2015-09-13 10:41:45'),
(922, 372, 'Narapati', 3322, NULL, 3322, 'Chunarughat', 1, NULL, '2015-05-19 21:29:27', NULL, '2015-09-13 10:41:45'),
(923, NULL, 'Dhirai Chandpur', 3040, NULL, 3040, 'Dhirai Chandpur', 1, NULL, '2015-05-19 21:29:27', NULL, '2015-09-13 10:41:45'),
(924, NULL, 'Jagdal', 3041, NULL, 3041, 'Dhirai Chandpur', 1, NULL, '2015-05-19 21:29:27', NULL, '2015-09-13 10:41:46'),
(925, 388, 'Duara bazar', 3070, NULL, 3070, 'Duara bazar', 1, NULL, '2015-05-19 21:29:27', NULL, '2015-05-21 09:55:38'),
(926, 397, 'Fenchuganj', 3116, NULL, 3116, 'Fenchuganj', 1, NULL, '2015-05-19 21:29:27', NULL, '2015-09-13 10:41:46'),
(927, 397, 'Fenchuganj SareKarkh', 3117, NULL, 3117, 'Fenchuganj', 1, NULL, '2015-05-19 21:29:27', NULL, '2015-09-13 10:41:46'),
(928, NULL, 'Ghungiar', 3050, NULL, 3050, 'Ghungiar', 1, NULL, '2015-05-19 21:29:27', NULL, '2015-09-13 10:41:46'),
(929, 399, 'Chiknagul', 3152, NULL, 3152, 'Goainhat', 1, NULL, '2015-05-19 21:29:27', NULL, '2015-05-21 09:55:38'),
(930, 399, 'Goainhat', 3150, NULL, 3150, 'Goainhat', 1, NULL, '2015-05-19 21:29:27', NULL, '2015-05-21 09:55:38'),
(931, 399, 'Jaflong', 3151, NULL, 3151, 'Goainhat', 1, NULL, '2015-05-19 21:29:27', NULL, '2015-05-21 09:55:38'),
(932, 91, 'banigram', 3164, NULL, 3164, 'Gopalganj', 1, NULL, '2015-05-19 21:29:27', NULL, '2015-05-21 09:55:38'),
(933, 91, 'Chandanpur', 3165, NULL, 3165, 'Gopalganj', 1, NULL, '2015-05-19 21:29:27', NULL, '2015-05-21 09:55:38'),
(934, 91, 'Dakkhin Bhadashore', 3162, NULL, 3162, 'Gopalganj', 1, NULL, '2015-05-19 21:29:27', NULL, '2015-05-21 09:55:38'),
(935, 91, 'Dhaka Dakkhin', 3161, NULL, 3161, 'Gopalganj', 1, NULL, '2015-05-19 21:29:27', NULL, '2015-05-21 09:55:38'),
(936, 91, 'Gopalgannj', 3160, NULL, 3160, 'Gopalganj', 1, NULL, '2015-05-19 21:29:27', NULL, '2015-05-21 09:55:38'),
(937, 91, 'Ranaping', 3163, NULL, 3163, 'Gopalganj', 1, NULL, '2015-05-19 21:29:27', NULL, '2015-05-21 09:55:38'),
(938, 373, 'Gopaya', 3302, NULL, 3302, 'Hobiganj Sadar', 1, NULL, '2015-05-19 21:29:27', NULL, '2015-05-21 09:55:38'),
(939, 373, 'Hobiganj Sadar', 3300, NULL, 3300, 'Hobiganj Sadar', 1, NULL, '2015-05-19 21:29:27', NULL, '2015-05-21 09:55:38'),
(940, 373, 'Shaestaganj', 3301, NULL, 3301, 'Hobiganj Sadar', 1, NULL, '2015-05-19 21:29:27', NULL, '2015-05-21 09:55:38'),
(941, 389, 'Atuajan', 3062, NULL, 3062, 'Jagnnathpur', 1, NULL, '2015-05-19 21:29:27', NULL, '2015-05-21 09:55:38'),
(942, 389, 'Hasan Fatemapur', 3063, NULL, 3063, 'Jagnnathpur', 1, NULL, '2015-05-19 21:29:27', NULL, '2015-05-21 09:55:38'),
(943, 389, 'Jagnnathpur', 3060, NULL, 3060, 'Jagnnathpur', 1, NULL, '2015-05-19 21:29:27', NULL, '2015-05-21 09:55:38'),
(944, 389, 'Rasulganj', 3064, NULL, 3064, 'Jagnnathpur', 1, NULL, '2015-05-19 21:29:27', NULL, '2015-05-21 09:55:38'),
(945, 389, 'Shiramsi', 3065, NULL, 3065, 'Jagnnathpur', 1, NULL, '2015-05-19 21:29:27', NULL, '2015-05-21 09:55:38'),
(946, 389, 'Syedpur', 3061, NULL, 3061, 'Jagnnathpur', 1, NULL, '2015-05-19 21:29:27', NULL, '2015-05-21 09:55:38'),
(947, 400, 'Jainthapur', 3156, NULL, 3156, 'Jaintapur', 1, NULL, '2015-05-19 21:29:27', NULL, '2015-05-21 09:55:38'),
(948, NULL, 'Ichhamati', 3191, NULL, 3191, 'Jakiganj', 1, NULL, '2015-05-19 21:29:27', NULL, '2015-09-13 10:41:46'),
(949, NULL, 'Jakiganj', 3190, NULL, 3190, 'Jakiganj', 1, NULL, '2015-05-19 21:29:27', NULL, '2015-09-13 10:41:46'),
(950, NULL, 'Kalauk', 3340, NULL, 3340, 'Kalauk', 1, NULL, '2015-05-19 21:29:27', NULL, '2015-09-13 10:41:46'),
(951, NULL, 'Lakhai', 3341, NULL, 3341, 'Kalauk', 1, NULL, '2015-05-19 21:29:27', NULL, '2015-09-13 10:41:46'),
(952, 378, 'Kamalganj', 3220, NULL, 3220, 'Kamalganj', 1, NULL, '2015-05-19 21:29:27', NULL, '2015-09-13 10:41:46'),
(953, 378, 'Keramatnaga', 3221, NULL, 3221, 'Kamalganj', 1, NULL, '2015-05-19 21:29:27', NULL, '2015-09-13 10:41:46'),
(954, 378, 'Munshibazar', 3224, NULL, 3224, 'Kamalganj', 1, NULL, '2015-05-19 21:29:27', NULL, '2015-09-13 10:41:46'),
(955, 378, 'Patrakhola', 3222, NULL, 3222, 'Kamalganj', 1, NULL, '2015-05-19 21:29:27', NULL, '2015-09-13 10:41:46'),
(956, 378, 'Shamsher Nagar', 3223, NULL, 3223, 'Kamalganj', 1, NULL, '2015-05-19 21:29:27', NULL, '2015-09-13 10:41:46'),
(957, 401, 'Chatulbazar', 3181, NULL, 3181, 'Kanaighat', 1, NULL, '2015-05-19 21:29:27', NULL, '2015-09-13 10:41:46'),
(958, 401, 'Gachbari', 3183, NULL, 3183, 'Kanaighat', 1, NULL, '2015-05-19 21:29:27', NULL, '2015-09-13 10:41:46'),
(959, 401, 'Kanaighat', 3180, NULL, 3180, 'Kanaighat', 1, NULL, '2015-05-19 21:29:27', NULL, '2015-09-13 10:41:46'),
(960, 401, 'Manikganj', 3182, NULL, 3182, 'Kanaighat', 1, NULL, '2015-05-19 21:29:27', NULL, '2015-09-13 10:41:46'),
(961, NULL, 'Kompanyganj', 3140, NULL, 3140, 'Kompanyganj', 1, NULL, '2015-05-19 21:29:27', NULL, '2015-09-13 10:41:46'),
(962, 379, 'Baramchal', 3237, NULL, 3237, 'Kulaura', 1, NULL, '2015-05-19 21:29:27', NULL, '2015-09-13 10:41:46'),
(963, 379, 'Kajaldhara', 3234, NULL, 3234, 'Kulaura', 1, NULL, '2015-05-19 21:29:27', NULL, '2015-09-13 10:41:46'),
(964, 379, 'Karimpur', 3235, NULL, 3235, 'Kulaura', 1, NULL, '2015-05-19 21:29:27', NULL, '2015-09-13 10:41:46'),
(965, 379, 'Kulaura', 3230, NULL, 3230, 'Kulaura', 1, NULL, '2015-05-19 21:29:27', NULL, '2015-09-13 10:41:46'),
(966, 379, 'Langla', 3232, NULL, 3232, 'Kulaura', 1, NULL, '2015-05-19 21:29:27', NULL, '2015-09-13 10:41:46'),
(967, 379, 'Prithimpasha', 3233, NULL, 3233, 'Kulaura', 1, NULL, '2015-05-19 21:29:27', NULL, '2015-09-13 10:41:46'),
(968, 379, 'Tillagaon', 3231, NULL, 3231, 'Kulaura', 1, NULL, '2015-05-19 21:29:27', NULL, '2015-09-13 10:41:46'),
(969, 374, 'Itakhola', 3331, NULL, 3331, 'Madhabpur', 1, NULL, '2015-05-19 21:29:27', NULL, '2015-09-13 10:41:46'),
(970, 374, 'Madhabpur', 3330, NULL, 3330, 'Madhabpur', 1, NULL, '2015-05-19 21:29:27', NULL, '2015-09-13 10:41:46'),
(971, 374, 'Saihamnagar', 3333, NULL, 3333, 'Madhabpur', 1, NULL, '2015-05-19 21:29:27', NULL, '2015-09-13 10:41:47'),
(972, 374, 'Shahajibazar', 3332, NULL, 3332, 'Madhabpur', 1, NULL, '2015-05-19 21:29:27', NULL, '2015-09-13 10:41:47'),
(973, 380, 'Afrozganj', 3203, NULL, 3203, 'Moulvibazar Sadar', 1, NULL, '2015-05-19 21:29:27', NULL, '2015-05-21 09:55:38'),
(974, 380, 'Barakapan', 3201, NULL, 3201, 'Moulvibazar Sadar', 1, NULL, '2015-05-19 21:29:27', NULL, '2015-05-21 09:55:38'),
(975, 380, 'Monumukh', 3202, NULL, 3202, 'Moulvibazar Sadar', 1, NULL, '2015-05-19 21:29:27', NULL, '2015-05-21 09:55:38'),
(976, 380, 'Moulvibazar Sadar', 3200, NULL, 3200, 'Moulvibazar Sadar', 1, NULL, '2015-05-19 21:29:27', NULL, '2015-05-21 09:55:38'),
(977, 375, 'Digalbak', 3373, NULL, 3373, 'Nabiganj', 1, NULL, '2015-05-19 21:29:27', NULL, '2015-09-13 10:41:47'),
(978, 375, 'Golduba', 3372, NULL, 3372, 'Nabiganj', 1, NULL, '2015-05-19 21:29:27', NULL, '2015-09-13 10:41:47'),
(979, 375, 'Goplarbazar', 3371, NULL, 3371, 'Nabiganj', 1, NULL, '2015-05-19 21:29:27', NULL, '2015-09-13 10:41:47'),
(980, 375, 'Inathganj', 3374, NULL, 3374, 'Nabiganj', 1, NULL, '2015-05-19 21:29:27', NULL, '2015-09-13 10:41:47'),
(981, 375, 'Nabiganj', 3370, NULL, 3370, 'Nabiganj', 1, NULL, '2015-05-19 21:29:27', NULL, '2015-09-13 10:41:47'),
(982, 381, 'Rajnagar', 3240, NULL, 3240, 'Rajnagar', 1, NULL, '2015-05-19 21:29:27', NULL, '2015-09-13 10:41:47'),
(983, NULL, 'Sachna', 3020, NULL, 3020, 'Sachna', 1, NULL, '2015-05-19 21:29:27', NULL, '2015-09-13 10:41:47'),
(984, 382, 'Kalighat', 3212, NULL, 3212, 'Srimangal', 1, NULL, '2015-05-19 21:29:27', NULL, '2015-05-21 09:55:38'),
(985, 382, 'Khejurichhara', 3213, NULL, 3213, 'Srimangal', 1, NULL, '2015-05-19 21:29:27', NULL, '2015-05-21 09:55:38'),
(986, 382, 'Narain Chora', 3211, NULL, 3211, 'Srimangal', 1, NULL, '2015-05-19 21:29:27', NULL, '2015-05-21 09:55:38'),
(987, 382, 'Satgaon', 3214, NULL, 3214, 'Srimangal', 1, NULL, '2015-05-19 21:29:27', NULL, '2015-05-21 09:55:38'),
(988, 382, 'Srimangal', 3210, NULL, 3210, 'Srimangal', 1, NULL, '2015-05-19 21:29:27', NULL, '2015-05-21 09:55:38'),
(989, 391, 'Pagla', 3001, NULL, 3001, 'Sunamganj Sadar', 1, NULL, '2015-05-19 21:29:27', NULL, '2015-09-13 10:41:47'),
(990, 391, 'Patharia', 3002, NULL, 3002, 'Sunamganj Sadar', 1, NULL, '2015-05-19 21:29:27', NULL, '2015-09-13 10:41:47'),
(991, 391, 'Sunamganj Sadar', 3000, NULL, 3000, 'Sunamganj Sadar', 1, NULL, '2015-05-19 21:29:27', NULL, '2015-09-13 10:41:47'),
(992, 402, 'Birahimpur', 3106, NULL, 3106, 'Sylhet Sadar', 1, NULL, '2015-05-19 21:29:27', NULL, '2015-09-13 10:41:47'),
(993, 402, 'Jalalabad', 3107, NULL, 3107, 'Sylhet Sadar', 1, NULL, '2015-05-19 21:29:27', NULL, '2015-09-13 10:41:47'),
(994, 402, 'Jalalabad Cantoment', 3104, NULL, 3104, 'Sylhet Sadar', 1, NULL, '2015-05-19 21:29:27', NULL, '2015-09-13 10:41:47'),
(995, 402, 'Kadamtali', 3111, NULL, 3111, 'Sylhet Sadar', 1, NULL, '2015-05-19 21:29:27', NULL, '2015-09-13 10:41:47'),
(996, 402, 'Kamalbazer', 3112, NULL, 3112, 'Sylhet Sadar', 1, NULL, '2015-05-19 21:29:27', NULL, '2015-09-13 10:41:47'),
(997, 402, 'Khadimnagar', 3103, NULL, 3103, 'Sylhet Sadar', 1, NULL, '2015-05-19 21:29:27', NULL, '2015-09-13 10:41:47'),
(998, 402, 'Lalbazar', 3113, NULL, 3113, 'Sylhet Sadar', 1, NULL, '2015-05-19 21:29:27', NULL, '2015-09-13 10:41:47'),
(999, 402, 'Mogla', 3108, NULL, 3108, 'Sylhet Sadar', 1, NULL, '2015-05-19 21:29:27', NULL, '2015-09-13 10:41:47'),
(1000, 402, 'Ranga Hajiganj', 3109, NULL, 3109, 'Sylhet Sadar', 1, NULL, '2015-05-19 21:29:27', NULL, '2015-09-13 10:41:47'),
(1001, 402, 'Shahajalal Science &', 3114, NULL, 3114, 'Sylhet Sadar', 1, NULL, '2015-05-19 21:29:27', NULL, '2015-09-13 10:41:47'),
(1002, 402, 'Silam', 3105, NULL, 3105, 'Sylhet Sadar', 1, NULL, '2015-05-19 21:29:27', NULL, '2015-09-13 10:41:47'),
(1003, 402, 'Sylhe Sadar', 3100, NULL, 3100, 'Sylhet Sadar', 1, NULL, '2015-05-19 21:29:27', NULL, '2015-09-13 10:41:47'),
(1004, 402, 'Sylhet Biman Bondar', 3102, NULL, 3102, 'Sylhet Sadar', 1, NULL, '2015-05-19 21:29:27', NULL, '2015-09-13 10:41:47'),
(1005, 402, 'Sylhet Cadet Col', 3101, NULL, 3101, 'Sylhet Sadar', 1, NULL, '2015-05-19 21:29:27', NULL, '2015-09-13 10:41:47'),
(1006, 392, 'Tahirpur', 3030, NULL, 3030, 'Tahirpur', 1, NULL, '2015-05-19 21:29:27', NULL, '2015-09-13 10:41:47'),
(1007, NULL, 'Agailzhara', 8240, NULL, 8240, 'Agailzhara', 1, NULL, '2015-05-19 21:29:27', NULL, '2015-09-13 10:41:47'),
(1008, NULL, 'Gaila', 8241, NULL, 8241, 'Agailzhara', 1, NULL, '2015-05-19 21:29:27', NULL, '2015-09-13 10:41:47'),
(1009, NULL, 'Paisarhat', 8242, NULL, 8242, 'Agailzhara', 1, NULL, '2015-05-19 21:29:27', NULL, '2015-09-13 10:41:47'),
(1010, 438, 'Amtali', 8710, NULL, 8710, 'Amtali', 1, NULL, '2015-05-19 21:29:27', NULL, '2015-09-13 10:41:47'),
(1011, 443, 'Babuganj', 8210, NULL, 8210, 'Babuganj', 1, NULL, '2015-05-19 21:29:27', NULL, '2015-09-13 10:41:47'),
(1012, 443, 'Barishal Cadet', 8216, NULL, 8216, 'Babuganj', 1, NULL, '2015-05-19 21:29:27', NULL, '2015-09-13 10:41:48'),
(1013, 443, 'Chandpasha', 8212, NULL, 8212, 'Babuganj', 1, NULL, '2015-05-19 21:29:27', NULL, '2015-09-13 10:41:48'),
(1014, 443, 'Madhabpasha', 8213, NULL, 8213, 'Babuganj', 1, NULL, '2015-05-19 21:29:27', NULL, '2015-09-13 10:41:48'),
(1015, 443, 'Nizamuddin College', 8215, NULL, 8215, 'Babuganj', 1, NULL, '2015-05-19 21:29:27', NULL, '2015-09-13 10:41:48'),
(1016, 443, 'Rahamatpur', 8211, NULL, 8211, 'Babuganj', 1, NULL, '2015-05-19 21:29:27', NULL, '2015-09-13 10:41:48'),
(1017, 443, 'Thakur Mallik', 8214, NULL, 8214, 'Babuganj', 1, NULL, '2015-05-19 21:29:27', NULL, '2015-09-13 10:41:48'),
(1018, 439, 'Bamna', 8730, NULL, 8730, 'Bamna', 1, NULL, '2015-05-19 21:29:27', NULL, '2015-09-13 10:41:48'),
(1019, NULL, 'Banaripara', 8530, NULL, 8530, 'Banaripara', 1, NULL, '2015-05-19 21:29:27', NULL, '2015-09-13 10:41:48'),
(1020, NULL, 'Chakhar', 8531, NULL, 8531, 'Banaripara', 1, NULL, '2015-05-19 21:29:27', NULL, '2015-09-13 10:41:48'),
(1021, NULL, 'Barajalia', 8260, NULL, 8260, 'Barajalia', 1, NULL, '2015-05-19 21:29:27', NULL, '2015-09-13 10:41:48'),
(1022, NULL, 'Osman Manjil', 8261, NULL, 8261, 'Barajalia', 1, NULL, '2015-05-19 21:29:27', NULL, '2015-09-13 10:41:48'),
(1023, 29, 'Barguna Sadar', 8700, NULL, 8700, 'Barguna Sadar', 1, NULL, '2015-05-19 21:29:27', NULL, '2015-09-13 10:41:48'),
(1024, 29, 'Nali Bandar', 8701, NULL, 8701, 'Barguna Sadar', 1, NULL, '2015-05-19 21:29:27', NULL, '2015-09-13 10:41:48'),
(1025, NULL, 'Barishal Sadar', 8200, NULL, 8200, 'Barishal Sadar', 1, NULL, '2015-05-19 21:29:27', NULL, '2015-09-13 10:41:48'),
(1026, NULL, 'Bukhainagar', 8201, NULL, 8201, 'Barishal Sadar', 1, NULL, '2015-05-19 21:29:27', NULL, '2015-09-13 10:41:48'),
(1027, NULL, 'Jaguarhat', 8206, NULL, 8206, 'Barishal Sadar', 1, NULL, '2015-05-19 21:29:27', NULL, '2015-09-13 10:41:48'),
(1028, NULL, 'Kashipur', 8205, NULL, 8205, 'Barishal Sadar', 1, NULL, '2015-05-19 21:29:27', NULL, '2015-09-13 10:41:48'),
(1029, NULL, 'Patang', 8204, NULL, 8204, 'Barishal Sadar', 1, NULL, '2015-05-19 21:29:27', NULL, '2015-09-13 10:41:48'),
(1030, NULL, 'Saheberhat', 8202, NULL, 8202, 'Barishal Sadar', 1, NULL, '2015-05-19 21:29:27', NULL, '2015-09-13 10:41:48'),
(1031, NULL, 'Sugandia', 8203, NULL, 8203, 'Barishal Sadar', 1, NULL, '2015-05-19 21:29:27', NULL, '2015-09-13 10:41:48'),
(1032, 462, 'Bagabandar', 8621, NULL, 8621, 'Bauphal', 1, NULL, '2015-05-19 21:29:27', NULL, '2015-09-13 10:41:48'),
(1033, 462, 'Bauphal', 8620, NULL, 8620, 'Bauphal', 1, NULL, '2015-05-19 21:29:27', NULL, '2015-09-13 10:41:48'),
(1034, 462, 'Birpasha', 8622, NULL, 8622, 'Bauphal', 1, NULL, '2015-05-19 21:29:27', NULL, '2015-09-13 10:41:48'),
(1035, 462, 'Kalaia', 8624, NULL, 8624, 'Bauphal', 1, NULL, '2015-05-19 21:29:27', NULL, '2015-09-13 10:41:48'),
(1036, 462, 'Kalishari', 8623, NULL, 8623, 'Bauphal', 1, NULL, '2015-05-19 21:29:27', NULL, '2015-09-13 10:41:48'),
(1037, 440, 'Betagi', 8740, NULL, 8740, 'Betagi', 1, NULL, '2015-05-19 21:29:27', NULL, '2015-09-13 10:41:48'),
(1038, 440, 'Darul Ulam', 8741, NULL, 8741, 'Betagi', 1, NULL, '2015-05-19 21:29:27', NULL, '2015-09-13 10:41:48'),
(1039, 468, 'Bhandaria', 8550, NULL, 8550, 'Bhandaria', 1, NULL, '2015-05-19 21:29:27', NULL, '2015-09-13 10:41:48'),
(1040, 468, 'Dhaoa', 8552, NULL, 8552, 'Bhandaria', 1, NULL, '2015-05-19 21:29:27', NULL, '2015-09-13 10:41:48'),
(1041, 468, 'Kanudashkathi', 8551, NULL, 8551, 'Bhandaria', 1, NULL, '2015-05-19 21:29:27', NULL, '2015-09-13 10:41:48'),
(1042, 451, 'Bhola Sadar', 8300, NULL, 8300, 'Bhola Sadar', 1, NULL, '2015-05-19 21:29:27', NULL, '2015-09-13 10:41:48'),
(1043, 451, 'Joynagar', 8301, NULL, 8301, 'Bhola Sadar', 1, NULL, '2015-05-19 21:29:27', NULL, '2015-09-13 10:41:48'),
(1044, NULL, 'Borhanuddin UPO', 8320, NULL, 8320, 'Borhanuddin UPO', 1, NULL, '2015-05-19 21:29:27', NULL, '2015-09-13 10:41:48'),
(1045, NULL, 'Mirzakalu', 8321, NULL, 8321, 'Borhanuddin UPO', 1, NULL, '2015-05-19 21:29:27', NULL, '2015-09-13 10:41:48'),
(1046, NULL, 'Charfashion', 8340, NULL, 8340, 'Charfashion', 1, NULL, '2015-05-19 21:29:27', NULL, '2015-09-13 10:41:48'),
(1047, NULL, 'Dularhat', 8341, NULL, 8341, 'Charfashion', 1, NULL, '2015-05-19 21:29:27', NULL, '2015-09-13 10:41:48'),
(1048, NULL, 'Keramatganj', 8342, NULL, 8342, 'Charfashion', 1, NULL, '2015-05-19 21:29:27', NULL, '2015-09-13 10:41:48'),
(1049, 30, 'Dashmina', 8630, NULL, 8630, 'Dashmina', 1, NULL, '2015-05-19 21:29:27', NULL, '2015-09-13 10:41:48'),
(1050, NULL, 'Doulatkhan', 8310, NULL, 8310, 'Doulatkhan', 1, NULL, '2015-05-19 21:29:27', NULL, '2015-09-13 10:41:48'),
(1051, NULL, 'Hajipur', 8311, NULL, 8311, 'Doulatkhan', 1, NULL, '2015-05-19 21:29:27', NULL, '2015-09-13 10:41:48'),
(1052, 464, 'Galachipa', 8640, NULL, 8640, 'Galachipa', 1, NULL, '2015-05-19 21:29:27', NULL, '2015-09-13 10:41:48'),
(1053, 464, 'Gazipur Bandar', 8641, NULL, 8641, 'Galachipa', 1, NULL, '2015-05-19 21:29:27', NULL, '2015-09-13 10:41:48'),
(1054, NULL, 'Batajor', 8233, NULL, 8233, 'Gouranadi', 1, NULL, '2015-05-19 21:29:27', NULL, '2015-09-13 10:41:48'),
(1055, NULL, 'Gouranadi', 8230, NULL, 8230, 'Gouranadi', 1, NULL, '2015-05-19 21:29:27', NULL, '2015-09-13 10:41:49'),
(1056, NULL, 'Kashemabad', 8232, NULL, 8232, 'Gouranadi', 1, NULL, '2015-05-19 21:29:27', NULL, '2015-09-13 10:41:49'),
(1057, NULL, 'Tarki Bandar', 8231, NULL, 8231, 'Gouranadi', 1, NULL, '2015-05-19 21:29:27', NULL, '2015-09-13 10:41:49'),
(1058, NULL, 'Hajirhat', 8360, NULL, 8360, 'Hajirhat', 1, NULL, '2015-05-19 21:29:27', NULL, '2015-09-13 10:41:49'),
(1059, NULL, 'Hatshoshiganj', 8350, NULL, 8350, 'Hatshoshiganj', 1, NULL, '2015-05-19 21:29:27', NULL, '2015-09-13 10:41:49'),
(1060, NULL, 'Baukathi', 8402, NULL, 8402, 'Jhalokathi Sadar', 1, NULL, '2015-05-19 21:29:27', NULL, '2015-09-13 10:41:49'),
(1061, NULL, 'Gabha', 8403, NULL, 8403, 'Jhalokathi Sadar', 1, NULL, '2015-05-19 21:29:27', NULL, '2015-09-13 10:41:49'),
(1062, NULL, 'Jhalokathi Sadar', 8400, NULL, 8400, 'Jhalokathi Sadar', 1, NULL, '2015-05-19 21:29:27', NULL, '2015-09-13 10:41:49'),
(1063, NULL, 'Nabagram', 8401, NULL, 8401, 'Jhalokathi Sadar', 1, NULL, '2015-05-19 21:29:27', NULL, '2015-09-13 10:41:49'),
(1064, NULL, 'Shekherhat', 8404, NULL, 8404, 'Jhalokathi Sadar', 1, NULL, '2015-05-19 21:29:27', NULL, '2015-09-13 10:41:49'),
(1065, NULL, 'Amua', 8431, NULL, 8431, 'Kathalia', 1, NULL, '2015-05-19 21:29:27', NULL, '2015-09-13 10:41:49'),
(1066, NULL, 'Kathalia', 8430, NULL, 8430, 'Kathalia', 1, NULL, '2015-05-19 21:29:27', NULL, '2015-09-13 10:41:49'),
(1067, NULL, 'Niamatee', 8432, NULL, 8432, 'Kathalia', 1, NULL, '2015-05-19 21:29:27', NULL, '2015-09-13 10:41:49'),
(1068, NULL, 'Shoulajalia', 8433, NULL, 8433, 'Kathalia', 1, NULL, '2015-05-19 21:29:27', NULL, '2015-09-13 10:41:49'),
(1069, NULL, 'Jolagati', 8513, NULL, 8513, 'kaukhali', 1, NULL, '2015-05-19 21:29:27', NULL, '2015-09-13 10:41:49'),
(1070, NULL, 'Joykul', 8512, NULL, 8512, 'kaukhali', 1, NULL, '2015-05-19 21:29:27', NULL, '2015-09-13 10:41:49'),
(1071, NULL, 'Kaukhali', 8510, NULL, 8510, 'kaukhali', 1, NULL, '2015-05-19 21:29:27', NULL, '2015-09-13 10:41:49'),
(1072, NULL, 'Keundia', 8511, NULL, 8511, 'kaukhali', 1, NULL, '2015-05-19 21:29:27', NULL, '2015-09-13 10:41:49'),
(1073, NULL, 'Khepupara', 8650, NULL, 8650, 'Khepupara', 1, NULL, '2015-05-19 21:29:27', NULL, '2015-09-13 10:41:49'),
(1074, NULL, 'Mahipur', 8651, NULL, 8651, 'Khepupara', 1, NULL, '2015-05-19 21:29:27', NULL, '2015-09-13 10:41:49'),
(1075, NULL, 'Daurihat', 8331, NULL, 8331, 'Lalmohan UPO', 1, NULL, '2015-05-19 21:29:27', NULL, '2015-09-13 10:41:49'),
(1076, NULL, 'Gazaria', 8332, NULL, 8332, 'Lalmohan UPO', 1, NULL, '2015-05-19 21:29:27', NULL, '2015-09-13 10:41:49'),
(1077, NULL, 'Lalmohan UPO', 8330, NULL, 8330, 'Lalmohan UPO', 1, NULL, '2015-05-19 21:29:27', NULL, '2015-09-13 10:41:49'),
(1078, NULL, 'Langutia', 8274, NULL, 8274, 'Mahendiganj', 1, NULL, '2015-05-19 21:29:27', NULL, '2015-09-13 10:41:49'),
(1079, NULL, 'Laskarpur', 8271, NULL, 8271, 'Mahendiganj', 1, NULL, '2015-05-19 21:29:27', NULL, '2015-09-13 10:41:49'),
(1080, NULL, 'Mahendiganj', 8270, NULL, 8270, 'Mahendiganj', 1, NULL, '2015-05-19 21:29:27', NULL, '2015-09-13 10:41:49'),
(1081, NULL, 'Nalgora', 8273, NULL, 8273, 'Mahendiganj', 1, NULL, '2015-05-19 21:29:27', NULL, '2015-09-13 10:41:49'),
(1082, NULL, 'Ulania', 8272, NULL, 8272, 'Mahendiganj', 1, NULL, '2015-05-19 21:29:27', NULL, '2015-09-13 10:41:49'),
(1083, 470, 'Betmor Natun Hat', 8565, NULL, 8565, 'Mathbaria', 1, NULL, '2015-05-19 21:29:27', NULL, '2015-09-13 10:41:49'),
(1084, 470, 'Gulishakhali', 8563, NULL, 8563, 'Mathbaria', 1, NULL, '2015-05-19 21:29:27', NULL, '2015-09-13 10:41:49'),
(1085, 470, 'Halta', 8562, NULL, 8562, 'Mathbaria', 1, NULL, '2015-05-19 21:29:27', NULL, '2015-09-13 10:41:49'),
(1086, 470, 'Mathbaria', 8560, NULL, 8560, 'Mathbaria', 1, NULL, '2015-05-19 21:29:27', NULL, '2015-09-13 10:41:49'),
(1087, 470, 'Shilarganj', 8566, NULL, 8566, 'Mathbaria', 1, NULL, '2015-05-19 21:29:27', NULL, '2015-09-13 10:41:49'),
(1088, 470, 'Tiarkhali', 8564, NULL, 8564, 'Mathbaria', 1, NULL, '2015-05-19 21:29:27', NULL, '2015-09-13 10:41:49'),
(1089, 470, 'Tushkhali', 8561, NULL, 8561, 'Mathbaria', 1, NULL, '2015-05-19 21:29:27', NULL, '2015-09-13 10:41:49'),
(1090, 449, 'Charkalekhan', 8252, NULL, 8252, 'Muladi', 1, NULL, '2015-05-19 21:29:27', NULL, '2015-09-13 10:41:49'),
(1091, 449, 'Kazirchar', 8251, NULL, 8251, 'Muladi', 1, NULL, '2015-05-19 21:29:27', NULL, '2015-09-13 10:41:49'),
(1092, 449, 'Muladi', 8250, NULL, 8250, 'Muladi', 1, NULL, '2015-05-19 21:29:27', NULL, '2015-09-13 10:41:49'),
(1093, NULL, 'Beerkathi', 8421, NULL, 8421, 'Nalchhiti', 1, NULL, '2015-05-19 21:29:27', NULL, '2015-09-13 10:41:49'),
(1094, NULL, 'Nalchhiti', 8420, NULL, 8420, 'Nalchhiti', 1, NULL, '2015-05-19 21:29:27', NULL, '2015-09-13 10:41:49'),
(1095, NULL, 'Nazirpur', 8540, NULL, 8540, 'Nazirpur', 1, NULL, '2015-05-19 21:29:27', NULL, '2015-09-13 10:41:49'),
(1096, NULL, 'Sriramkathi', 8541, NULL, 8541, 'Nazirpur', 1, NULL, '2015-05-19 21:29:27', NULL, '2015-09-13 10:41:49'),
(1097, 441, 'Kakchira', 8721, NULL, 8721, 'Patharghata', 1, NULL, '2015-05-19 21:29:27', NULL, '2015-09-13 10:41:49'),
(1098, 441, 'Patharghata', 8720, NULL, 8720, 'Patharghata', 1, NULL, '2015-05-19 21:29:27', NULL, '2015-09-13 10:41:49'),
(1099, 467, 'Dumkee', 8602, NULL, 8602, 'Patuakhali Sadar', 1, NULL, '2015-05-19 21:29:27', NULL, '2015-09-13 10:41:49'),
(1100, 467, 'Moukaran', 8601, NULL, 8601, 'Patuakhali Sadar', 1, NULL, '2015-05-19 21:29:27', NULL, '2015-09-13 10:41:49'),
(1101, 467, 'Patuakhali Sadar', 8600, NULL, 8600, 'Patuakhali Sadar', 1, NULL, '2015-05-19 21:29:27', NULL, '2015-09-13 10:41:50'),
(1102, 467, 'Rahimabad', 8603, NULL, 8603, 'Patuakhali Sadar', 1, NULL, '2015-05-19 21:29:27', NULL, '2015-09-13 10:41:50'),
(1103, 472, 'Hularhat', 8501, NULL, 8501, 'Pirojpur Sadar', 1, NULL, '2015-05-19 21:29:27', NULL, '2015-09-13 10:41:50'),
(1104, 472, 'Parerhat', 8502, NULL, 8502, 'Pirojpur Sadar', 1, NULL, '2015-05-19 21:29:27', NULL, '2015-09-13 10:41:50'),
(1105, 472, 'Pirojpur Sadar', 8500, NULL, 8500, 'Pirojpur Sadar', 1, NULL, '2015-05-19 21:29:27', NULL, '2015-09-13 10:41:50'),
(1106, 461, 'Rajapur', 8410, NULL, 8410, 'Rajapur', 1, NULL, '2015-05-19 21:29:27', NULL, '2015-09-13 10:41:50'),
(1107, NULL, 'Charamandi', 8281, NULL, 8281, 'Sahebganj', 1, NULL, '2015-05-19 21:29:27', NULL, '2015-09-13 10:41:50'),
(1108, NULL, 'kalaskati', 8284, NULL, 8284, 'Sahebganj', 1, NULL, '2015-05-19 21:29:27', NULL, '2015-09-13 10:41:50'),
(1109, 55, 'Ramgar', 4440, NULL, 8282, 'Sahebganj', 1, NULL, '2015-05-19 21:29:27', 1, '2015-11-30 12:11:51'),
(1110, NULL, 'Sahebganj', 8280, NULL, 8280, 'Sahebganj', 1, NULL, '2015-05-19 21:29:27', NULL, '2015-09-13 10:41:50'),
(1111, NULL, 'Shialguni', 8283, NULL, 8283, 'Sahebganj', 1, NULL, '2015-05-19 21:29:27', NULL, '2015-09-13 10:41:50'),
(1112, NULL, 'Subidkhali', 8610, NULL, 8610, 'Subidkhali', 1, NULL, '2015-05-19 21:29:27', NULL, '2015-09-13 10:41:50'),
(1113, NULL, 'Darus Sunnat', 8521, NULL, 8521, 'Swarupkathi', 1, NULL, '2015-05-19 21:29:27', NULL, '2015-09-13 10:41:50'),
(1114, NULL, 'Jalabari', 8523, NULL, 8523, 'Swarupkathi', 1, NULL, '2015-05-19 21:29:27', NULL, '2015-09-13 10:41:50'),
(1115, NULL, 'Kaurikhara', 8522, NULL, 8522, 'Swarupkathi', 1, NULL, '2015-05-19 21:29:27', NULL, '2015-09-13 10:41:50'),
(1116, NULL, 'Swarupkathi', 8520, NULL, 8520, 'Swarupkathi', 1, NULL, '2015-05-19 21:29:27', NULL, '2015-09-13 10:41:50'),
(1117, NULL, 'Dakuarhat', 8223, NULL, 8223, 'Uzirpur', 1, NULL, '2015-05-19 21:29:27', NULL, '2015-09-13 10:41:50'),
(1118, NULL, 'Dhamura', 8221, NULL, 8221, 'Uzirpur', 1, NULL, '2015-05-19 21:29:27', NULL, '2015-09-13 10:41:50'),
(1119, NULL, 'Jugirkanda', 8222, NULL, 8222, 'Uzirpur', 1, NULL, '2015-05-19 21:29:27', NULL, '2015-09-13 10:41:50'),
(1120, NULL, 'Shikarpur', 8224, NULL, 8224, 'Uzirpur', 1, NULL, '2015-05-19 21:29:27', NULL, '2015-09-13 10:41:50'),
(1121, NULL, 'Uzirpur', 8220, NULL, 8220, 'Uzirpur', 1, NULL, '2015-05-19 21:29:27', NULL, '2015-09-13 10:41:50'),
(1122, NULL, 'Ahsanganj', 6596, NULL, 6596, 'Ahsanganj', 1, NULL, '2015-05-19 21:29:27', NULL, '2015-09-13 10:41:50'),
(1123, NULL, 'Bandai', 6597, NULL, 6597, 'Ahsanganj', 1, NULL, '2015-05-19 21:29:27', NULL, '2015-09-13 10:41:50'),
(1124, 279, 'Akklepur', 5940, NULL, 5940, 'Akkelpur', 1, NULL, '2015-05-19 21:29:27', NULL, '2015-09-13 10:41:50'),
(1125, 279, 'jamalganj', 5941, NULL, 5941, 'Akkelpur', 1, NULL, '2015-05-19 21:29:27', NULL, '2015-09-13 10:41:50'),
(1126, 279, 'Tilakpur', 5942, NULL, 5942, 'Akkelpur', 1, NULL, '2015-05-19 21:29:27', NULL, '2015-09-13 10:41:50'),
(1127, NULL, 'Adamdighi', 5890, NULL, 5890, 'Alamdighi', 1, NULL, '2015-05-19 21:29:27', NULL, '2015-09-13 10:41:50'),
(1128, NULL, 'Nasharatpur', 5892, NULL, 5892, 'Alamdighi', 1, NULL, '2015-05-19 21:29:27', NULL, '2015-09-13 10:41:50'),
(1129, NULL, 'Santahar', 5891, NULL, 5891, 'Alamdighi', 1, NULL, '2015-05-19 21:29:27', NULL, '2015-09-13 10:41:50'),
(1130, 298, 'Badalgachhi', 6570, NULL, 6570, 'Badalgachhi', 1, NULL, '2015-05-19 21:29:27', NULL, '2015-09-13 10:41:50'),
(1131, 336, 'Arani', 6281, NULL, 6281, 'Bagha', 1, NULL, '2015-05-19 21:29:27', NULL, '2015-09-13 10:41:50'),
(1132, 336, 'Bagha', 6280, NULL, 6280, 'Bagha', 1, NULL, '2015-05-19 21:29:27', NULL, '2015-09-13 10:41:50'),
(1133, NULL, 'Baiddya Jam Toil', 6730, NULL, 6730, 'Baiddya Jam Toil', 1, NULL, '2015-05-19 21:29:27', NULL, '2015-09-13 10:41:50'),
(1134, NULL, 'Banwarinagar', 6650, NULL, 6650, 'Banwarinagar', 1, NULL, '2015-05-19 21:29:27', NULL, '2015-09-13 10:41:50'),
(1135, 356, 'Belkuchi', 6740, NULL, 6740, 'Belkuchi', 1, NULL, '2015-05-19 21:29:27', NULL, '2015-09-13 10:41:50'),
(1136, 356, 'Enayetpur', 6751, NULL, 6751, 'Belkuchi', 1, NULL, '2015-05-19 21:29:27', NULL, '2015-09-13 10:41:50'),
(1137, 356, 'Rajapur', 6742, NULL, 6742, 'Belkuchi', 1, NULL, '2015-05-19 21:29:27', NULL, '2015-09-13 10:41:50'),
(1138, 356, 'Sohagpur', 6741, NULL, 6741, 'Belkuchi', 1, NULL, '2015-05-19 21:29:27', NULL, '2015-09-13 10:41:50'),
(1139, 356, 'Sthal', 6752, NULL, 6752, 'Belkuchi', 1, NULL, '2015-05-19 21:29:27', NULL, '2015-09-13 10:41:50'),
(1140, 323, 'Bera', 6680, NULL, 6680, 'Bera', 1, NULL, '2015-05-19 21:29:27', NULL, '2015-09-13 10:41:50'),
(1141, 323, 'Kashinathpur', 6682, NULL, 6682, 'Bera', 1, NULL, '2015-05-19 21:29:27', NULL, '2015-09-13 10:41:50'),
(1142, 323, 'Nakalia', 6681, NULL, 6681, 'Bera', 1, NULL, '2015-05-19 21:29:27', NULL, '2015-09-13 10:41:50'),
(1143, 323, 'Puran Bharenga', 6683, NULL, 6683, 'Bera', 1, NULL, '2015-05-19 21:29:27', NULL, '2015-09-13 10:41:50'),
(1144, NULL, 'Bhabaniganj', 6250, NULL, 6250, 'Bhabaniganj', 1, NULL, '2015-05-19 21:29:27', NULL, '2015-09-13 10:41:50'),
(1145, NULL, 'Taharpur', 6251, NULL, 6251, 'Bhabaniganj', 1, NULL, '2015-05-19 21:29:27', NULL, '2015-09-13 10:41:50'),
(1146, 324, 'Bhangura', 6640, NULL, 6640, 'Bhangura', 1, NULL, '2015-05-19 21:29:27', NULL, '2015-09-13 10:41:50'),
(1147, 312, 'Bholahat', 6330, NULL, 6330, 'Bholahat', 1, NULL, '2015-05-19 21:29:27', NULL, '2015-09-13 10:41:51'),
(1148, 249, 'Bogra Canttonment', 5801, NULL, 5801, 'Bogra Sadar', 1, NULL, '2015-05-19 21:29:27', NULL, '2015-09-13 10:41:51'),
(1149, 249, 'Bogra Sadar', 5800, NULL, 5800, 'Bogra Sadar', 1, NULL, '2015-05-19 21:29:27', NULL, '2015-09-13 10:41:51'),
(1150, NULL, 'Amnura', 6303, NULL, 6303, 'Chapinawabganj Sadar', 1, NULL, '2015-05-19 21:29:27', NULL, '2015-09-13 10:41:51'),
(1151, NULL, 'Chapinawbganj Sadar', 6300, NULL, 6300, 'Chapinawabganj Sadar', 1, NULL, '2015-05-19 21:29:27', NULL, '2015-09-13 10:41:51'),
(1152, NULL, 'Rajarampur', 6301, NULL, 6301, 'Chapinawabganj Sadar', 1, NULL, '2015-05-19 21:29:27', NULL, '2015-09-13 10:41:51'),
(1153, NULL, 'Ramchandrapur', 6302, NULL, 6302, 'Chapinawabganj Sadar', 1, NULL, '2015-05-19 21:29:27', NULL, '2015-09-13 10:41:51'),
(1154, 339, 'Charghat', 6270, NULL, 6270, 'Charghat', 1, NULL, '2015-05-19 21:29:27', NULL, '2015-09-13 10:41:51'),
(1155, 339, 'Sarda', 6271, NULL, 6271, 'Charghat', 1, NULL, '2015-05-19 21:29:27', NULL, '2015-09-13 10:41:51'),
(1156, 325, 'Chatmohar', 6630, NULL, 6630, 'Chatmohar', 1, NULL, '2015-05-19 21:29:27', NULL, '2015-09-13 10:41:51'),
(1157, NULL, 'Debottar', 6610, NULL, 6610, 'Debottar', 1, NULL, '2015-05-19 21:29:27', NULL, '2015-09-13 10:41:51'),
(1158, NULL, 'Dhamuirhat', 6580, NULL, 6580, 'Dhamuirhat', 1, NULL, '2015-05-19 21:29:27', NULL, '2015-09-13 10:41:51'),
(1159, NULL, 'Dhangora', 6720, NULL, 6720, 'Dhangora', 1, NULL, '2015-05-19 21:29:27', NULL, '2015-09-13 10:41:51'),
(1160, NULL, 'Malonga', 6721, NULL, 6721, 'Dhangora', 1, NULL, '2015-05-19 21:29:27', NULL, '2015-09-13 10:41:51'),
(1161, 250, 'Dhunat', 5850, NULL, 5850, 'Dhunat', 1, NULL, '2015-05-19 21:29:27', NULL, '2015-09-13 10:41:51'),
(1162, 250, 'Gosaibari', 5851, NULL, 5851, 'Dhunat', 1, NULL, '2015-05-19 21:29:27', NULL, '2015-09-13 10:41:51'),
(1163, NULL, 'Dupchachia', 5880, NULL, 5880, 'Dupchachia', 1, NULL, '2015-05-19 21:29:27', NULL, '2015-09-13 10:41:51'),
(1164, NULL, 'Talora', 5881, NULL, 5881, 'Dupchachia', 1, NULL, '2015-05-19 21:29:27', NULL, '2015-09-13 10:41:51'),
(1165, NULL, 'Durgapur', 6240, NULL, 6240, 'Durgapur', 1, NULL, '2015-05-19 21:29:27', NULL, '2015-09-13 10:41:51'),
(1166, NULL, 'Gabtoli', 5820, NULL, 5820, 'Gabtoli', 1, NULL, '2015-05-19 21:29:27', NULL, '2015-09-13 10:41:51'),
(1167, NULL, 'Sukhanpukur', 5821, NULL, 5821, 'Gabtoli', 1, NULL, '2015-05-19 21:29:27', NULL, '2015-09-13 10:41:51'),
(1168, 341, 'Godagari', 6290, NULL, 6290, 'Godagari', 1, NULL, '2015-05-19 21:29:27', NULL, '2015-09-13 10:41:51'),
(1169, 341, 'Premtoli', 6291, NULL, 6291, 'Godagari', 1, NULL, '2015-05-19 21:29:27', NULL, '2015-09-13 10:41:51'),
(1170, NULL, 'Abdulpur', 6422, NULL, 6422, 'Gopalpur UPO', 1, NULL, '2015-05-19 21:29:27', NULL, '2015-09-13 10:41:51'),
(1171, NULL, 'Gopalpur U.P.O', 6420, NULL, 6420, 'Gopalpur UPO', 1, NULL, '2015-05-19 21:29:27', NULL, '2015-09-13 10:41:51'),
(1172, NULL, 'Lalpur S.O', 6421, NULL, 6421, 'Gopalpur UPO', 1, NULL, '2015-05-19 21:29:27', NULL, '2015-09-13 10:41:51'),
(1173, NULL, 'Baraigram', 6432, NULL, 6432, 'Harua', 1, NULL, '2015-05-19 21:29:27', NULL, '2015-09-13 10:41:51'),
(1174, NULL, 'Dayarampur', 6431, NULL, 6431, 'Harua', 1, NULL, '2015-05-19 21:29:27', NULL, '2015-09-13 10:41:51'),
(1175, NULL, 'Harua', 6430, NULL, 6430, 'Harua', 1, NULL, '2015-05-19 21:29:27', NULL, '2015-09-13 10:41:51'),
(1176, NULL, 'Hatgurudaspur', 6440, NULL, 6440, 'Hatgurudaspur', 1, NULL, '2015-05-19 21:29:27', NULL, '2015-09-13 10:41:51'),
(1177, 327, 'Dhapari', 6621, NULL, 6621, 'Ishwardi', 1, NULL, '2015-05-19 21:29:27', NULL, '2015-09-13 10:41:51'),
(1178, 327, 'Ishwardi', 6620, NULL, 6620, 'Ishwardi', 1, NULL, '2015-05-19 21:29:27', NULL, '2015-09-13 10:41:51'),
(1179, 327, 'Pakshi', 6622, NULL, 6622, 'Ishwardi', 1, NULL, '2015-05-19 21:29:27', NULL, '2015-09-13 10:41:51'),
(1180, 327, 'Rajapur', 6623, NULL, 6623, 'Ishwardi', 1, NULL, '2015-05-19 21:29:27', NULL, '2015-09-13 10:41:51'),
(1181, 280, 'Joypurhat Sadar', 5900, NULL, 5900, 'Joypurhat Sadar', 1, NULL, '2015-05-19 21:29:27', NULL, '2015-09-13 10:41:51'),
(1182, NULL, 'Kahalu', 5870, NULL, 5870, 'Kahalu', 1, NULL, '2015-05-19 21:29:27', NULL, '2015-09-13 10:41:51'),
(1183, 281, 'kalai', 5930, NULL, 5930, 'kalai', 1, NULL, '2015-05-19 21:29:27', NULL, '2015-09-13 10:41:51'),
(1184, 359, 'Gandail', 6712, NULL, 6712, 'Kazipur', 1, NULL, '2015-05-19 21:29:27', NULL, '2015-09-13 10:41:51'),
(1185, 359, 'Kazipur', 6710, NULL, 6710, 'Kazipur', 1, NULL, '2015-05-19 21:29:27', NULL, '2015-09-13 10:41:51'),
(1186, 359, 'Shuvgachha', 6711, NULL, 6711, 'Kazipur', 1, NULL, '2015-05-19 21:29:27', NULL, '2015-09-13 10:41:51'),
(1187, 282, 'Khetlal', 5920, NULL, 5920, 'Khetlal', 1, NULL, '2015-05-19 21:29:27', NULL, '2015-09-13 10:41:51'),
(1188, NULL, 'Khodmohanpur', 6220, NULL, 6220, 'Khod Mohanpur', 1, NULL, '2015-05-19 21:29:27', NULL, '2015-09-13 10:41:51'),
(1189, NULL, 'Lalitganj', 6210, NULL, 6210, 'Lalitganj', 1, NULL, '2015-05-19 21:29:27', NULL, '2015-09-13 10:41:51'),
(1190, NULL, 'Rajshahi Sugar Mills', 6211, NULL, 6211, 'Lalitganj', 1, NULL, '2015-05-19 21:29:27', NULL, '2015-09-13 10:41:51'),
(1191, NULL, 'Shyampur', 6212, NULL, 6212, 'Lalitganj', 1, NULL, '2015-05-19 21:29:27', NULL, '2015-09-13 10:41:51'),
(1192, NULL, 'Laxman', 6410, NULL, 6410, 'Laxman', 1, NULL, '2015-05-19 21:29:27', NULL, '2015-09-13 10:41:52'),
(1193, 301, 'Mahadebpur', 6530, NULL, 6530, 'Mahadebpur', 1, NULL, '2015-05-19 21:29:27', NULL, '2015-09-13 10:41:52'),
(1194, NULL, 'Mandumala', 6311, NULL, 6311, 'Nachol', 1, NULL, '2015-05-19 21:29:27', NULL, '2015-09-13 10:41:52'),
(1195, NULL, 'Nachol', 6310, NULL, 6310, 'Nachol', 1, NULL, '2015-05-19 21:29:27', NULL, '2015-09-13 10:41:52'),
(1196, 254, 'Nandigram', 5860, NULL, 5860, 'Nandigram', 1, NULL, '2015-05-19 21:29:27', NULL, '2015-09-13 10:41:52'),
(1197, 302, 'Naogaon Sadar', 6500, NULL, 6500, 'Naogaon Sadar', 1, NULL, '2015-05-19 21:29:27', NULL, '2015-09-13 10:41:52'),
(1198, 310, 'Baiddyabal Gharia', 6402, NULL, 6402, 'Natore Sadar', 1, NULL, '2015-05-19 21:29:27', NULL, '2015-09-13 10:41:52'),
(1199, 310, 'Digapatia', 6401, NULL, 6401, 'Natore Sadar', 1, NULL, '2015-05-19 21:29:27', NULL, '2015-09-13 10:41:52'),
(1200, 310, 'Madhnagar', 6403, NULL, 6403, 'Natore Sadar', 1, NULL, '2015-05-19 21:29:27', NULL, '2015-09-13 10:41:52'),
(1201, 310, 'Natore Sadar', 6400, NULL, 6400, 'Natore Sadar', 1, NULL, '2015-05-19 21:29:27', NULL, '2015-09-13 10:41:52'),
(1202, 23, 'Niamatpur', 6520, NULL, 6520, 'Niamatpur', 1, NULL, '2015-05-19 21:29:27', NULL, '2015-09-13 10:41:52'),
(1203, NULL, 'Nitpur', 6550, NULL, 6550, 'Nitpur', 1, NULL, '2015-05-19 21:29:27', NULL, '2015-09-13 10:41:52'),
(1204, NULL, 'Panguria', 6552, NULL, 6552, 'Nitpur', 1, NULL, '2015-05-19 21:29:27', NULL, '2015-09-13 10:41:52'),
(1205, NULL, 'Porsa', 6551, NULL, 6551, 'Nitpur', 1, NULL, '2015-05-19 21:29:27', NULL, '2015-09-13 10:41:52'),
(1206, 328, 'Hamayetpur', 6602, NULL, 6602, 'Pabna Sadar', 1, NULL, '2015-05-19 21:29:27', NULL, '2015-09-13 10:41:52'),
(1207, 328, 'Kaliko Cotton Mills', 6601, NULL, 6601, 'Pabna Sadar', 1, NULL, '2015-05-19 21:29:27', NULL, '2015-09-13 10:41:52'),
(1208, 328, 'Pabna Sadar', 6600, NULL, 6600, 'Pabna Sadar', 1, NULL, '2015-05-19 21:29:27', NULL, '2015-09-13 10:41:52'),
(1209, 22, 'Panchbibi', 5910, NULL, 5910, 'panchbibi', 1, NULL, '2015-05-19 21:29:27', NULL, '2015-09-13 10:41:52'),
(1210, 303, 'Patnitala', 6540, NULL, 6540, 'Patnitala', 1, NULL, '2015-05-19 21:29:27', NULL, '2015-09-13 10:41:52'),
(1211, NULL, 'Balihar', 6512, NULL, 6512, 'Prasadpur', 1, NULL, '2015-05-19 21:29:27', NULL, '2015-09-13 10:41:52'),
(1212, NULL, 'Manda', 6511, NULL, 6511, 'Prasadpur', 1, NULL, '2015-05-19 21:29:27', NULL, '2015-09-13 10:41:52'),
(1213, NULL, 'Prasadpur', 6510, NULL, 6510, 'Prasadpur', 1, NULL, '2015-05-19 21:29:27', NULL, '2015-09-13 10:41:52'),
(1214, NULL, 'Putia', 6260, NULL, 6260, 'Putia', 1, NULL, '2015-05-19 21:29:27', NULL, '2015-09-13 10:41:52'),
(1215, NULL, 'Binodpur Bazar', 6206, NULL, 6206, 'Rajshahi Sadar', 1, NULL, '2015-05-19 21:29:27', NULL, '2015-09-13 10:41:52'),
(1216, NULL, 'Ghuramara', 6100, NULL, 6100, 'Rajshahi Sadar', 1, NULL, '2015-05-19 21:29:27', NULL, '2015-09-13 10:41:52'),
(1217, NULL, 'Kazla', 6204, NULL, 6204, 'Rajshahi Sadar', 1, NULL, '2015-05-19 21:29:27', NULL, '2015-09-13 10:41:52'),
(1218, NULL, 'Rajshahi Canttonment', 6202, NULL, 6202, 'Rajshahi Sadar', 1, NULL, '2015-05-19 21:29:27', NULL, '2015-09-13 10:41:52'),
(1219, NULL, 'Rajshahi Court', 6201, NULL, 6201, 'Rajshahi Sadar', 1, NULL, '2015-05-19 21:29:27', NULL, '2015-09-13 10:41:52'),
(1220, NULL, 'Rajshahi Sadar', 6000, NULL, 6000, 'Rajshahi Sadar', 1, NULL, '2015-05-19 21:29:27', NULL, '2015-09-13 10:41:52'),
(1221, NULL, 'Rajshahi University', 6205, NULL, 6205, 'Rajshahi Sadar', 1, NULL, '2015-05-19 21:29:27', NULL, '2015-09-13 10:41:52'),
(1222, NULL, 'Sapura', 6203, NULL, 6203, 'Rajshahi Sadar', 1, NULL, '2015-05-19 21:29:27', NULL, '2015-09-13 10:41:52'),
(1223, 34, 'Kashimpur', 6591, NULL, 6591, 'Raninagar', 1, NULL, '2015-05-19 21:29:27', NULL, '2015-09-13 10:41:52'),
(1224, 34, 'Raninagar', 6590, NULL, 6590, 'Raninagar', 1, NULL, '2015-05-19 21:29:27', NULL, '2015-09-13 10:41:52'),
(1225, NULL, 'Gomashtapur', 6321, NULL, 6321, 'Rohanpur', 1, NULL, '2015-05-19 21:29:27', NULL, '2015-09-13 10:41:52'),
(1226, NULL, 'Rohanpur', 6320, NULL, 6320, 'Rohanpur', 1, NULL, '2015-05-19 21:29:27', NULL, '2015-09-13 10:41:52'),
(1227, 305, 'Moduhil', 6561, NULL, 6561, 'Sapahar', 1, NULL, '2015-05-19 21:29:27', NULL, '2015-09-13 10:41:52'),
(1228, 305, 'Sapahar', 6560, NULL, 6560, 'Sapahar', 1, NULL, '2015-05-19 21:29:27', NULL, '2015-09-13 10:41:52'),
(1229, 255, 'Chandan Baisha', 5831, NULL, 5831, 'Sariakandi', 1, NULL, '2015-05-19 21:29:27', NULL, '2015-09-13 10:41:52'),
(1230, 255, 'Sariakandi', 5830, NULL, 5830, 'Sariakandi', 1, NULL, '2015-05-19 21:29:27', NULL, '2015-09-13 10:41:52'),
(1231, NULL, 'Sathia', 6670, NULL, 6670, 'Sathia', 1, NULL, '2015-05-19 21:29:27', NULL, '2015-09-13 10:41:52'),
(1232, 361, 'Jamirta', 6772, NULL, 6772, 'Shahjadpur', 1, NULL, '2015-05-19 21:29:27', NULL, '2015-09-13 10:41:52'),
(1233, 361, 'Kaijuri', 6773, NULL, 6773, 'Shahjadpur', 1, NULL, '2015-05-19 21:29:27', NULL, '2015-09-13 10:41:52'),
(1234, 361, 'Porjana', 6771, NULL, 6771, 'Shahjadpur', 1, NULL, '2015-05-19 21:29:27', NULL, '2015-09-13 10:41:52'),
(1235, 361, 'Shahjadpur', 6770, NULL, 6770, 'Shahjadpur', 1, NULL, '2015-05-19 21:29:27', NULL, '2015-09-13 10:41:52'),
(1236, 257, 'Chandaikona', 5841, NULL, 5841, 'Sherpur', 1, NULL, '2015-05-19 21:29:27', NULL, '2015-09-13 10:41:52'),
(1237, 257, 'Palli Unnyan Accadem', 5842, NULL, 5842, 'Sherpur', 1, NULL, '2015-05-19 21:29:27', NULL, '2015-09-13 10:41:52'),
(1238, 257, 'Sherpur', 5840, NULL, 5840, 'Sherpur', 1, NULL, '2015-05-19 21:29:27', NULL, '2015-09-13 10:41:53'),
(1239, NULL, 'Shibganj', 5810, NULL, 5810, 'Shibganj', 1, NULL, '2015-05-19 21:29:27', NULL, '2015-09-13 10:41:53'),
(1240, NULL, 'Kansart', 6341, NULL, 6341, 'Shibganj U.P.O', 1, NULL, '2015-05-19 21:29:27', NULL, '2015-09-13 10:41:53'),
(1241, NULL, 'Manaksha', 6342, NULL, 6342, 'Shibganj U.P.O', 1, NULL, '2015-05-19 21:29:27', NULL, '2015-09-13 10:41:53'),
(1242, NULL, 'Shibganj U.P.O', 6340, NULL, 6340, 'Shibganj U.P.O', 1, NULL, '2015-05-19 21:29:27', NULL, '2015-09-13 10:41:53'),
(1243, 311, 'Singra', 6450, NULL, 6450, 'Singra', 1, NULL, '2015-05-19 21:29:27', NULL, '2015-09-13 10:41:53'),
(1244, 362, 'Raipur', 6701, NULL, 6701, 'Sirajganj Sadar', 1, NULL, '2015-05-19 21:29:27', NULL, '2015-09-13 10:41:53'),
(1245, 362, 'Rashidabad', 6702, NULL, 6702, 'Sirajganj Sadar', 1, NULL, '2015-05-19 21:29:27', NULL, '2015-09-13 10:41:53'),
(1246, 362, 'Sirajganj Sadar', 6700, NULL, 6700, 'Sirajganj Sadar', 1, NULL, '2015-05-19 21:29:27', NULL, '2015-09-13 10:41:53'),
(1247, 259, 'Sonatola', 5826, NULL, 5826, 'Sonatola', 1, NULL, '2015-05-19 21:29:27', NULL, '2015-09-13 10:41:53'),
(1248, 330, 'Sagarkandi', 6661, NULL, 6661, 'Sujanagar', 1, NULL, '2015-05-19 21:29:27', NULL, '2015-09-13 10:41:53'),
(1249, 330, 'Sujanagar', 6660, NULL, 6660, 'Sujanagar', 1, NULL, '2015-05-19 21:29:27', NULL, '2015-09-13 10:41:53'),
(1250, NULL, 'Tanor', 6230, NULL, 6230, 'Tanor', 1, NULL, '2015-05-19 21:29:27', NULL, '2015-09-13 10:41:53'),
(1251, 363, 'Tarash', 6780, NULL, 6780, 'Tarash', 1, NULL, '2015-05-19 21:29:27', NULL, '2015-09-13 10:41:53'),
(1252, NULL, 'Lahiri Mohanpur', 6762, NULL, 6762, 'Ullapara', 1, NULL, '2015-05-19 21:29:27', NULL, '2015-09-13 10:41:53'),
(1253, NULL, 'Salap', 6763, NULL, 6763, 'Ullapara', 1, NULL, '2015-05-19 21:29:27', NULL, '2015-09-13 10:41:53'),
(1254, NULL, 'Ullapara', 6760, NULL, 6760, 'Ullapara', 1, NULL, '2015-05-19 21:29:27', NULL, '2015-09-13 10:41:53'),
(1255, NULL, 'Ullapara R.S', 6761, NULL, 6761, 'Ullapara', 1, NULL, '2015-05-19 21:29:27', NULL, '2015-09-13 10:41:53'),
(1256, 292, 'Aditmari', 5510, NULL, 5510, 'Aditmari', 1, NULL, '2015-05-19 21:29:27', NULL, '2015-09-13 10:41:53'),
(1257, 349, 'Badarganj', 5430, NULL, 5430, 'Badarganj', 1, NULL, '2015-05-19 21:29:27', NULL, '2015-09-13 10:41:53'),
(1258, 349, 'Shyampur', 5431, NULL, 5431, 'Badarganj', 1, NULL, '2015-05-19 21:29:27', NULL, '2015-09-13 10:41:53'),
(1259, 365, 'Baliadangi', 5140, NULL, 5140, 'Baliadangi', 1, NULL, '2015-05-19 21:29:27', NULL, '2015-09-13 10:41:53'),
(1260, 365, 'Lahiri', 5141, NULL, 5141, 'Baliadangi', 1, NULL, '2015-05-19 21:29:27', NULL, '2015-09-13 10:41:53'),
(1261, NULL, 'Bangla Hili', 5270, NULL, 5270, 'Bangla Hili', 1, NULL, '2015-05-19 21:29:27', NULL, '2015-09-13 10:41:53'),
(1262, 283, 'Bhurungamari', 5670, NULL, 5670, 'Bhurungamari', 1, NULL, '2015-05-19 21:29:27', NULL, '2015-09-13 10:41:53'),
(1263, 262, 'Biral', 5210, NULL, 5210, 'Biral', 1, NULL, '2015-05-19 21:29:27', NULL, '2015-09-13 10:41:53'),
(1264, 260, 'Birampur', 5266, NULL, 5266, 'Birampur', 1, NULL, '2015-05-19 21:29:27', NULL, '2015-09-13 10:41:53'),
(1265, 261, 'Birganj', 5220, NULL, 5220, 'Birganj', 1, NULL, '2015-05-19 21:29:27', NULL, '2015-09-13 10:41:53'),
(1266, 332, 'Boda', 5010, NULL, 5010, 'Boda', 1, NULL, '2015-05-19 21:29:27', NULL, '2015-09-13 10:41:53'),
(1267, NULL, 'Bonarpara', 5750, NULL, 5750, 'Bonarpara', 1, NULL, '2015-05-19 21:29:27', NULL, '2015-09-13 10:41:53'),
(1268, NULL, 'saghata', 5751, NULL, 5751, 'Bonarpara', 1, NULL, '2015-05-19 21:29:27', NULL, '2015-09-13 10:41:53'),
(1269, 285, 'Chilmari', 5630, NULL, 5630, 'Chilmari', 1, NULL, '2015-05-19 21:29:27', NULL, '2015-09-13 10:41:53'),
(1270, 285, 'Jorgachh', 5631, NULL, 5631, 'Chilmari', 1, NULL, '2015-05-19 21:29:27', NULL, '2015-09-13 10:41:53'),
(1271, NULL, 'Chotto Dab', 5040, NULL, 5040, 'Chotto Dab', 1, NULL, '2015-05-19 21:29:27', NULL, '2015-09-13 10:41:53'),
(1272, NULL, 'Mirjapur', 5041, NULL, 5041, 'Chotto Dab', 1, NULL, '2015-05-19 21:29:27', NULL, '2015-09-13 10:41:53'),
(1273, NULL, 'Chrirbandar', 5240, NULL, 5240, 'Chrirbandar', 1, NULL, '2015-05-19 21:29:27', NULL, '2015-09-13 10:41:53'),
(1274, NULL, 'Ranirbandar', 5241, NULL, 5241, 'Chrirbandar', 1, NULL, '2015-05-19 21:29:27', NULL, '2015-09-13 10:41:53'),
(1275, NULL, 'Dabiganj', 5020, NULL, 5020, 'Dabiganj', 1, NULL, '2015-05-19 21:29:27', NULL, '2015-09-13 10:41:53'),
(1276, NULL, 'Dimla', 5350, NULL, 5350, 'Dimla', 1, NULL, '2015-05-19 21:29:27', NULL, '2015-09-13 10:41:53'),
(1277, NULL, 'Ghaga Kharibari', 5351, NULL, 5351, 'Dimla', 1, NULL, '2015-05-19 21:29:27', NULL, '2015-09-13 10:41:53'),
(1278, 269, 'Dinajpur Rajbari', 5201, NULL, 5201, 'Dinajpur Sadar', 1, NULL, '2015-05-19 21:29:27', NULL, '2015-09-13 10:41:53'),
(1279, 269, 'Dinajpur Sadar', 5200, NULL, 5200, 'Dinajpur Sadar', 1, NULL, '2015-05-19 21:29:27', NULL, '2015-09-13 10:41:53'),
(1280, NULL, 'Chilahati', 5341, NULL, 5341, 'Domar', 1, NULL, '2015-05-19 21:29:27', NULL, '2015-09-13 10:41:53'),
(1281, NULL, 'Domar', 5340, NULL, 5340, 'Domar', 1, NULL, '2015-05-19 21:29:27', NULL, '2015-09-13 10:41:53'),
(1282, 273, 'Gaibandha Sadar', 5700, NULL, 5700, 'Gaibandha Sadar', 1, NULL, '2015-05-19 21:29:27', NULL, '2015-09-13 10:41:53'),
(1283, 350, 'Gangachara', 5410, NULL, 5410, 'Gangachara', 1, NULL, '2015-05-19 21:29:27', NULL, '2015-09-13 10:41:53'),
(1284, 274, 'Gobindhaganj', 5740, NULL, 5740, 'Gobindaganj', 1, NULL, '2015-05-19 21:29:27', NULL, '2015-09-13 10:41:54'),
(1285, 274, 'Mahimaganj', 5741, NULL, 5741, 'Gobindaganj', 1, NULL, '2015-05-19 21:29:27', NULL, '2015-09-13 10:41:54'),
(1286, 293, 'Hatibandha', 5530, NULL, 5530, 'Hatibandha', 1, NULL, '2015-05-19 21:29:27', NULL, '2015-09-13 10:41:54');
INSERT INTO `sa_post_offices` (`POST_OFFICE_ID`, `THANA_ID`, `POST_OFFICE_ENAME`, `POST_CODE`, `ORDER_SL`, `UD_POFFICE_ID`, `THANA_NAME`, `ACTIVE_FLAG`, `CREATED_BY`, `CREATE_DATE`, `UPDATED_BY`, `UPDATE_DATE`) VALUES
(1287, NULL, 'Jaldhaka', 5330, NULL, 5330, 'Jaldhaka', 1, NULL, '2015-05-19 21:29:27', NULL, '2015-09-13 10:41:54'),
(1288, NULL, 'Jibanpur', 5130, NULL, 5130, 'Jibanpur', 1, NULL, '2015-05-19 21:29:27', NULL, '2015-09-13 10:41:54'),
(1289, 25, 'Haragachh', 5441, NULL, 5441, 'Kaunia', 1, NULL, '2015-05-19 21:29:27', NULL, '2015-09-13 10:41:54'),
(1290, 25, 'Kaunia', 5440, NULL, 5440, 'Kaunia', 1, NULL, '2015-05-19 21:29:27', NULL, '2015-09-13 10:41:54'),
(1291, 268, 'Khansama', 5230, NULL, 5230, 'Khansama', 1, NULL, '2015-05-19 21:29:27', NULL, '2015-09-13 10:41:54'),
(1292, 268, 'Pakarhat', 5231, NULL, 5231, 'Khansama', 1, NULL, '2015-05-19 21:29:27', NULL, '2015-09-13 10:41:54'),
(1293, NULL, 'Kishoriganj', 5320, NULL, 5320, 'Kishoriganj', 1, NULL, '2015-05-19 21:29:27', NULL, '2015-09-13 10:41:54'),
(1294, 287, 'Kurigram Sadar', 5600, NULL, 5600, 'Kurigram Sadar', 1, NULL, '2015-05-19 21:29:27', NULL, '2015-09-13 10:41:54'),
(1295, 287, 'Pandul', 5601, NULL, 5601, 'Kurigram Sadar', 1, NULL, '2015-05-19 21:29:27', NULL, '2015-09-13 10:41:54'),
(1296, 287, 'Phulbari', 5680, NULL, 5680, 'Kurigram Sadar', 1, NULL, '2015-05-19 21:29:27', NULL, '2015-09-13 10:41:54'),
(1297, 295, 'Kulaghat SO', 5502, NULL, 5502, 'Lalmonirhat Sadar', 1, NULL, '2015-05-19 21:29:27', NULL, '2015-09-13 10:41:54'),
(1298, 295, 'Lalmonirhat Sadar', 5500, NULL, 5500, 'Lalmonirhat Sadar', 1, NULL, '2015-05-19 21:29:27', NULL, '2015-09-13 10:41:54'),
(1299, 295, 'Moghalhat', 5501, NULL, 5501, 'Lalmonirhat Sadar', 1, NULL, '2015-05-19 21:29:27', NULL, '2015-09-13 10:41:54'),
(1300, NULL, 'Maharajganj', 5226, NULL, 5226, 'Maharajganj', 1, NULL, '2015-05-19 21:29:27', NULL, '2015-09-13 10:41:54'),
(1301, NULL, 'Mithapukur', 5460, NULL, 5460, 'Mithapukur', 1, NULL, '2015-05-19 21:29:27', NULL, '2015-09-13 10:41:54'),
(1302, NULL, 'Daudpur', 5281, NULL, 5281, 'Nababganj', 1, NULL, '2015-05-19 21:29:27', NULL, '2015-09-13 10:41:54'),
(1303, NULL, 'Gopalpur', 5282, NULL, 5282, 'Nababganj', 1, NULL, '2015-05-19 21:29:27', NULL, '2015-09-13 10:41:54'),
(1304, NULL, 'Nababganj', 5280, NULL, 5280, 'Nababganj', 1, NULL, '2015-05-19 21:29:27', NULL, '2015-09-13 10:41:54'),
(1305, NULL, 'Nageshwar', 5660, NULL, 5660, 'Nageshwar', 1, NULL, '2015-05-19 21:29:27', NULL, '2015-09-13 10:41:54'),
(1306, NULL, 'Nilphamari Sadar', 5300, NULL, 5300, 'Nilphamari Sadar', 1, NULL, '2015-05-19 21:29:27', NULL, '2015-09-13 10:41:54'),
(1307, NULL, 'Nilphamari Sugar Mil', 5301, NULL, 5301, 'Nilphamari Sadar', 1, NULL, '2015-05-19 21:29:27', NULL, '2015-09-13 10:41:54'),
(1308, NULL, 'Ghoraghat', 5291, NULL, 5291, 'Osmanpur', 1, NULL, '2015-05-19 21:29:27', NULL, '2015-09-13 10:41:54'),
(1309, NULL, 'Osmanpur', 5290, NULL, 5290, 'Osmanpur', 1, NULL, '2015-05-19 21:29:27', NULL, '2015-09-13 10:41:54'),
(1310, 275, 'Palashbari', 5730, NULL, 5730, 'Palashbari', 1, NULL, '2015-05-19 21:29:27', NULL, '2015-09-13 10:41:54'),
(1311, NULL, 'Panchagar Sadar', 5000, NULL, 5000, 'Panchagra Sadar', 1, NULL, '2015-05-19 21:29:27', NULL, '2015-09-13 10:41:54'),
(1312, 271, 'Parbatipur', 5250, NULL, 5250, 'Parbatipur', 1, NULL, '2015-05-19 21:29:27', NULL, '2015-09-13 10:41:54'),
(1313, 296, 'Baura', 5541, NULL, 5541, 'Patgram', 1, NULL, '2015-05-19 21:29:27', NULL, '2015-09-13 10:41:54'),
(1314, 296, 'Burimari', 5542, NULL, 5542, 'Patgram', 1, NULL, '2015-05-19 21:29:27', NULL, '2015-09-13 10:41:54'),
(1315, 296, 'Patgram', 5540, NULL, 5540, 'Patgram', 1, NULL, '2015-05-19 21:29:27', NULL, '2015-09-13 10:41:54'),
(1316, 286, 'Phulbari', 5260, NULL, 5260, 'Phulbari', 1, NULL, '2015-05-19 21:29:27', NULL, '2015-09-13 10:41:54'),
(1317, NULL, 'Bharatkhali', 5761, NULL, 5761, 'Phulchhari', 1, NULL, '2015-05-19 21:29:27', NULL, '2015-09-13 10:41:54'),
(1318, NULL, 'Phulchhari', 5760, NULL, 5760, 'Phulchhari', 1, NULL, '2015-05-19 21:29:27', NULL, '2015-09-13 10:41:54'),
(1319, 353, 'Pirgachha', 5450, NULL, 5450, 'Pirgachha', 1, NULL, '2015-05-19 21:29:27', NULL, '2015-09-13 10:41:54'),
(1320, NULL, 'Pirganj', 5110, NULL, 5110, 'Pirganj', 1, NULL, '2015-05-19 21:29:27', NULL, '2015-09-13 10:41:54'),
(1321, NULL, 'Pirganj', 5470, NULL, 5470, 'Pirganj', 1, NULL, '2015-05-19 21:29:27', NULL, '2015-09-13 10:41:54'),
(1322, 289, 'Nazimkhan', 5611, NULL, 5611, 'Rajarhat', 1, NULL, '2015-05-19 21:29:27', NULL, '2015-09-13 10:41:54'),
(1323, 289, 'Rajarhat', 5610, NULL, 5610, 'Rajarhat', 1, NULL, '2015-05-19 21:29:27', NULL, '2015-09-13 10:41:54'),
(1324, NULL, 'Rajibpur', 5650, NULL, 5650, 'Rajibpur', 1, NULL, '2015-05-19 21:29:27', NULL, '2015-09-13 10:41:54'),
(1325, 351, 'Alamnagar', 5402, NULL, 5402, 'Rangpur Sadar', 1, NULL, '2015-05-19 21:29:27', NULL, '2015-09-13 10:41:54'),
(1326, 351, 'Mahiganj', 5403, NULL, 5403, 'Rangpur Sadar', 1, NULL, '2015-05-19 21:29:27', NULL, '2015-09-13 10:41:54'),
(1327, 351, 'Rangpur Cadet Colleg', 5404, NULL, 5404, 'Rangpur Sadar', 1, NULL, '2015-05-19 21:29:27', NULL, '2015-09-13 10:41:54'),
(1328, 351, 'Rangpur Carmiecal Col', 5405, NULL, 5405, 'Rangpur Sadar', 1, NULL, '2015-05-19 21:29:27', NULL, '2015-09-13 10:41:54'),
(1329, 351, 'Rangpur Sadar', 5400, NULL, 5400, 'Rangpur Sadar', 1, NULL, '2015-05-19 21:29:27', NULL, '2015-09-13 10:41:54'),
(1330, 351, 'Rangpur Upa-Shahar', 5401, NULL, 5401, 'Rangpur Sadar', 1, NULL, '2015-05-19 21:29:27', NULL, '2015-09-13 10:41:55'),
(1331, NULL, 'Nekmarad', 5121, NULL, 5121, 'Rani Sankail', 1, NULL, '2015-05-19 21:29:27', NULL, '2015-09-13 10:41:55'),
(1332, NULL, 'Rani Sankail', 5120, NULL, 5120, 'Rani Sankail', 1, NULL, '2015-05-19 21:29:27', NULL, '2015-09-13 10:41:55'),
(1333, NULL, 'Roumari', 5640, NULL, 5640, 'Roumari', 1, NULL, '2015-05-19 21:29:27', NULL, '2015-09-13 10:41:55'),
(1334, NULL, 'Naldanga', 5711, NULL, 5711, 'Saadullapur', 1, NULL, '2015-05-19 21:29:27', NULL, '2015-09-13 10:41:55'),
(1335, NULL, 'Saadullapur', 5710, NULL, 5710, 'Saadullapur', 1, NULL, '2015-05-19 21:29:27', NULL, '2015-09-13 10:41:55'),
(1336, NULL, 'Setabganj', 5216, NULL, 5216, 'Setabganj', 1, NULL, '2015-05-19 21:29:27', NULL, '2015-09-13 10:41:55'),
(1337, 278, 'Bamandanga', 5721, NULL, 5721, 'Sundarganj', 1, NULL, '2015-05-19 21:29:27', NULL, '2015-09-13 10:41:55'),
(1338, 278, 'Sundarganj', 5720, NULL, 5720, 'Sundarganj', 1, NULL, '2015-05-19 21:29:27', NULL, '2015-09-13 10:41:55'),
(1339, NULL, 'Syedpur', 5310, NULL, 5310, 'Syedpur', 1, NULL, '2015-05-19 21:29:27', NULL, '2015-09-13 10:41:55'),
(1340, NULL, 'Syedpur Upashahar', 5311, NULL, 5311, 'Syedpur', 1, NULL, '2015-05-19 21:29:27', NULL, '2015-09-13 10:41:55'),
(1341, 355, 'Taraganj', 5420, NULL, 5420, 'Taraganj', 1, NULL, '2015-05-19 21:29:27', NULL, '2015-09-13 10:41:55'),
(1342, NULL, 'Tetulia', 5030, NULL, 5030, 'Tetulia', 1, NULL, '2015-05-19 21:29:27', NULL, '2015-09-13 10:41:55'),
(1343, 26, 'Ruhia', 5103, NULL, 5103, 'Thakurgaon Sadar', 1, NULL, '2015-05-19 21:29:27', NULL, '2015-09-13 10:41:55'),
(1344, 26, 'Shibganj', 5102, NULL, 5102, 'Thakurgaon Sadar', 1, NULL, '2015-05-19 21:29:27', NULL, '2015-09-13 10:41:55'),
(1345, 26, 'Thakurgaon Road', 5101, NULL, 5101, 'Thakurgaon Sadar', 1, NULL, '2015-05-19 21:29:27', NULL, '2015-09-13 10:41:55'),
(1346, 26, 'Thakurgaon Sadar', 5100, NULL, 5100, 'Thakurgaon Sadar', 1, NULL, '2015-05-19 21:29:27', NULL, '2015-09-13 10:41:55'),
(1347, NULL, 'Tushbhandar', 5520, NULL, 5520, 'Tushbhandar', 1, NULL, '2015-05-19 21:29:27', NULL, '2015-09-13 10:41:55'),
(1348, 291, 'Bazarhat', 5621, NULL, 5621, 'Ulipur', 1, NULL, '2015-05-19 21:29:27', NULL, '2015-09-13 10:41:55'),
(1349, 291, 'Ulipur', 5620, NULL, 5620, 'Ulipur', 1, NULL, '2015-05-19 21:29:27', NULL, '2015-09-13 10:41:55');

-- --------------------------------------------------------

--
-- Table structure for table `sa_room`
--

CREATE TABLE IF NOT EXISTS `sa_room` (
  `ROOM_ID` int(11) NOT NULL AUTO_INCREMENT,
  `FLOOR_ID` int(11) DEFAULT NULL,
  `BUILDING_ID` int(11) DEFAULT NULL,
  `CAMPUS_ID` int(11) DEFAULT NULL,
  `ROOM_NAME` varchar(100) NOT NULL,
  `ROOM_NO` varchar(20) DEFAULT NULL,
  `DESC` text,
  `ROOM_TYPE` int(11) NOT NULL,
  `ACTIVE_STATUS` tinyint(1) DEFAULT '1',
  `CREATED_BY` int(10) DEFAULT NULL,
  `CREATED_DT` timestamp NOT NULL DEFAULT CURRENT_TIMESTAMP,
  `UPDATE_BY` int(10) DEFAULT NULL,
  `UPDATED_DT` datetime DEFAULT NULL,
  PRIMARY KEY (`ROOM_ID`)
) ENGINE=InnoDB  DEFAULT CHARSET=latin1 AUTO_INCREMENT=11 ;

--
-- Dumping data for table `sa_room`
--

INSERT INTO `sa_room` (`ROOM_ID`, `FLOOR_ID`, `BUILDING_ID`, `CAMPUS_ID`, `ROOM_NAME`, `ROOM_NO`, `DESC`, `ROOM_TYPE`, `ACTIVE_STATUS`, `CREATED_BY`, `CREATED_DT`, `UPDATE_BY`, `UPDATED_DT`) VALUES
(1, 1, 7, 5, 'R-101', 'R-101', 'Hostel room', 348, 1, 1, '2017-10-25 04:33:58', NULL, NULL),
(2, 1, 7, 5, 'R-102', 'R-102', 'Hostel room', 348, 1, 1, '2017-10-25 04:34:06', NULL, NULL),
(3, 1, 7, 5, 'R-103', 'R-103', 'Room', 348, 1, 1, '2017-10-25 04:34:43', NULL, NULL),
(4, 2, 7, 5, 'R-201', 'R-201', 'Room', 348, 1, 1, '2017-10-25 04:35:02', NULL, NULL),
(5, 2, 7, 5, 'R-202', 'R-202', 'Room', 348, 1, 1, '2017-10-25 04:35:09', NULL, NULL),
(6, 2, 7, 5, 'R-203', 'R-203', 'Room', 348, 1, 1, '2017-10-25 04:35:17', NULL, NULL),
(7, 3, 7, 5, 'R-303', 'R-303', 'Room', 348, 1, 1, '2017-10-25 04:35:29', NULL, NULL),
(8, 3, 7, 5, 'R-302', 'R-302', 'Room', 348, 1, 1, '2017-10-25 04:35:36', NULL, NULL),
(9, 3, 7, 5, 'R-301', 'R-301', 'Room', 348, 1, 1, '2017-10-25 04:35:42', NULL, NULL),
(10, 4, 7, 5, 'R-401', 'R-401', '', 348, 1, 1, '2017-10-25 04:44:36', NULL, NULL);

-- --------------------------------------------------------

--
-- Table structure for table `sa_thanas`
--

CREATE TABLE IF NOT EXISTS `sa_thanas` (
  `THANA_ID` int(8) NOT NULL AUTO_INCREMENT COMMENT 'Primary Key Of sa_thanas Table.',
  `DISTRICT_ID` int(8) DEFAULT NULL COMMENT 'Foreign Key To DISTRICT_ID Column Of sa_districts Table.',
  `THANA_ENAME` varchar(100) COLLATE utf8_croatian_ci DEFAULT NULL COMMENT 'Thanas Or Upazilla Name In English.',
  `THANA_LNAME` varchar(120) COLLATE utf8_croatian_ci DEFAULT NULL COMMENT 'Thanas Or Upazilla Name In Local Language.',
  `ORDER_SL` smallint(4) DEFAULT NULL COMMENT 'Ascending Serial No.',
  `UD_THANA_CODE` varchar(8) COLLATE utf8_croatian_ci DEFAULT NULL COMMENT 'User Define Thanas Or Upazilla Code.',
  `ACTIVE_FLAG` tinyint(1) NOT NULL DEFAULT '1' COMMENT 'Record Status 1= Active, 0=Inactive',
  `CREATED_BY` bigint(14) DEFAULT NULL COMMENT 'Record Create User Id',
  `CREATE_DATE` timestamp NOT NULL DEFAULT CURRENT_TIMESTAMP COMMENT 'Record Inserted Date And Time',
  `UPDATED_BY` bigint(14) DEFAULT NULL COMMENT 'Record Updated User Id',
  `UPDATE_DATE` datetime DEFAULT '0000-00-00 00:00:00' COMMENT 'Record Updated Date And Time',
  `TAREA_STATUS` varchar(1) COLLATE utf8_croatian_ci DEFAULT NULL COMMENT 'Thana Area Status, T=Thana, U=Upazilla, B=Both',
  `UAREA_STATUS` varchar(1) COLLATE utf8_croatian_ci DEFAULT NULL COMMENT 'Union/Ward Area Status, W=Ward, U=Union, B=Both',
  PRIMARY KEY (`THANA_ID`),
  KEY `FK01_DISTRICT_ID` (`DISTRICT_ID`)
) ENGINE=InnoDB  DEFAULT CHARSET=utf8 COLLATE=utf8_croatian_ci AUTO_INCREMENT=609 ;

--
-- Dumping data for table `sa_thanas`
--

INSERT INTO `sa_thanas` (`THANA_ID`, `DISTRICT_ID`, `THANA_ENAME`, `THANA_LNAME`, `ORDER_SL`, `UD_THANA_CODE`, `ACTIVE_FLAG`, `CREATED_BY`, `CREATE_DATE`, `UPDATED_BY`, `UPDATE_DATE`, `TAREA_STATUS`, `UAREA_STATUS`) VALUES
(1, 12, 'MAHESHKHALI', NULL, NULL, '022249', 1, NULL, '2015-05-19 21:32:07', 1, '2015-10-18 08:24:40', 'U', 'B'),
(2, 12, 'PEKUA', NULL, NULL, '022256', 1, NULL, '2015-05-19 21:32:07', NULL, '2015-05-24 21:13:18', 'U', 'U'),
(3, 12, 'RAMU', NULL, NULL, '022266', 1, NULL, '2015-05-19 21:32:07', 1, '2015-10-12 03:58:16', 'U', 'U'),
(4, 12, 'TEKNAF', NULL, NULL, '022290', 1, NULL, '2015-05-19 21:32:07', NULL, '2015-05-24 21:14:33', 'U', 'B'),
(5, 12, 'UKHIA UPAZILA', NULL, NULL, '022294', 1, NULL, '2015-05-19 21:32:07', NULL, '2015-05-24 21:13:18', 'U', 'U'),
(6, 16, 'CHHAGALNAIYA', NULL, NULL, '023014', 1, NULL, '2015-05-19 21:32:07', NULL, '2015-05-24 21:14:33', 'U', 'B'),
(7, 16, 'DAGANBHUIYAN', NULL, NULL, '023025', 1, NULL, '2015-05-19 21:32:07', NULL, '2015-05-24 21:14:33', 'U', 'B'),
(14, 15, 'SHALTHA', NULL, NULL, '032985', 1, NULL, '2015-05-19 21:32:07', NULL, '2015-05-24 21:13:18', 'U', 'U'),
(15, 48, 'HATIYA', NULL, NULL, '027536', 1, NULL, '2015-05-19 21:32:07', NULL, '2015-05-24 21:14:33', 'U', 'B'),
(16, 15, 'NAGARKANDA', NULL, NULL, '032962', 1, NULL, '2015-05-19 21:32:07', NULL, '2015-05-24 21:14:33', 'U', 'B'),
(17, 28, 'HOSSAINPUR', NULL, NULL, '034827', 1, NULL, '2015-05-19 21:32:07', NULL, '2015-05-24 21:14:33', 'U', 'B'),
(18, 38, 'LOHAJANG', NULL, NULL, '035944', 1, NULL, '2015-05-19 21:32:07', NULL, '2015-05-24 21:13:18', 'U', 'U'),
(19, 42, 'NARAYANGANJ SADAR', NULL, NULL, '036758', 1, NULL, '2015-05-19 21:32:07', NULL, '2015-05-24 21:14:33', 'U', 'B'),
(20, 60, 'NAKLA', NULL, NULL, '038967', 1, NULL, '2015-05-19 21:32:07', NULL, '2015-05-24 21:14:33', 'U', 'B'),
(21, 14, 'FULBARI', NULL, NULL, '052738', 1, NULL, '2015-05-19 21:32:07', NULL, '2015-05-24 21:14:33', 'U', 'B'),
(22, 21, 'PANCHBIBI', NULL, NULL, '053874', 1, NULL, '2015-05-19 21:32:07', NULL, '2015-05-24 21:14:33', 'U', 'B'),
(23, 40, 'NIAMATPUR', NULL, NULL, '056469', 1, NULL, '2015-05-19 21:32:07', NULL, '2015-05-24 21:13:18', 'U', 'U'),
(24, 49, 'ATGHARIA', NULL, NULL, '057605', 1, NULL, '2015-05-19 21:32:07', NULL, '2015-05-24 21:14:33', 'U', 'B'),
(25, 56, 'KAUNIA', NULL, NULL, '058542', 1, NULL, '2015-05-19 21:32:07', NULL, '2015-05-24 21:14:33', 'U', 'B'),
(26, 64, 'THAKURGAON SADAR', NULL, NULL, '059494', 1, NULL, '2015-05-19 21:32:07', NULL, '2015-05-24 21:14:33', 'U', 'B'),
(27, 62, 'BEANI BAZAR', NULL, NULL, '069117', 1, NULL, '2015-05-19 21:32:07', NULL, '2015-05-24 21:14:33', 'U', 'B'),
(28, 13, 'BADDA', NULL, NULL, '032604', 1, NULL, '2015-05-19 21:32:07', NULL, '2015-05-24 21:14:33', 'T', 'B'),
(29, 3, 'BARGUNA SADAR', NULL, NULL, '010428', 1, NULL, '2015-05-19 21:32:07', NULL, '2015-05-24 21:14:33', 'U', 'B'),
(30, 51, 'DASHMINA', NULL, NULL, '017852', 1, NULL, '2015-05-19 21:32:07', NULL, '2015-05-24 21:13:18', 'U', 'U'),
(31, 48, 'COMPANIGANJ', NULL, NULL, '027521', 1, NULL, '2015-05-19 21:32:07', NULL, '2015-05-24 21:14:33', 'U', 'B'),
(32, 57, 'BHEDARGANJ', NULL, NULL, '038614', 1, NULL, '2015-05-19 21:32:07', NULL, '2015-05-24 21:14:33', 'U', 'B'),
(33, 34, 'SREEPUR', NULL, NULL, '045595', 1, NULL, '2015-05-19 21:32:07', NULL, '2015-05-24 21:13:18', 'U', 'U'),
(34, 40, 'RANINAGAR', NULL, NULL, '056485', 1, NULL, '2015-05-19 21:32:07', NULL, '2015-05-24 21:13:18', 'U', 'U'),
(35, 20, 'LAKHAI', NULL, NULL, '063668', 1, NULL, '2015-05-19 21:32:07', NULL, '2015-05-24 21:13:18', 'U', 'U'),
(36, 4, 'BAKERGANJ', NULL, NULL, '010607', 1, NULL, '2015-05-19 21:32:07', NULL, '2015-05-24 21:14:33', 'U', 'B'),
(37, 61, 'JAMALGANJ', NULL, NULL, '069050', 1, NULL, '2015-05-19 21:32:07', NULL, '2015-05-24 21:13:18', 'U', 'U'),
(38, 15, 'BOALMARI', NULL, NULL, '032918', 1, NULL, '2015-05-19 21:32:07', NULL, '2015-05-24 21:14:33', 'U', 'B'),
(39, 39, 'HALUAGHAT', NULL, NULL, '036124', 1, NULL, '2015-05-19 21:32:07', NULL, '2015-05-24 21:13:18', 'U', 'U'),
(40, 23, 'BAGHER PARA', NULL, NULL, '044109', 1, NULL, '2015-05-19 21:32:07', NULL, '2015-05-24 21:14:33', 'U', 'B'),
(41, 10, 'DAMURHUDA', NULL, NULL, '041831', 1, NULL, '2015-05-19 21:32:07', NULL, '2015-05-24 21:14:33', 'U', 'B'),
(42, 13, 'PALTAN', NULL, NULL, '032665', 1, NULL, '2015-05-19 21:32:07', NULL, '2015-05-24 21:14:50', 'T', 'W'),
(43, 13, 'NEW MARKET', NULL, NULL, '032663', 1, NULL, '2015-05-19 21:32:07', NULL, '2015-05-24 21:14:50', 'T', 'W'),
(44, 16, 'FENI SADAR', NULL, NULL, '023029', 1, NULL, '2015-05-19 21:32:07', NULL, '2015-05-24 21:14:33', 'U', 'B'),
(45, 16, 'FULGAZI', NULL, NULL, '023041', 1, NULL, '2015-05-19 21:32:07', NULL, '2015-05-24 21:13:18', 'U', 'U'),
(46, 16, 'PARSHURAM', NULL, NULL, '023051', 1, NULL, '2015-05-19 21:32:07', NULL, '2015-05-24 21:14:33', 'U', 'B'),
(47, 16, 'SONAGAZI', NULL, NULL, '023094', 1, NULL, '2015-05-19 21:32:07', NULL, '2015-05-24 21:14:33', 'U', 'B'),
(48, 26, 'DIGHINALA', NULL, NULL, '024643', 1, NULL, '2015-05-19 21:32:07', NULL, '2015-05-24 21:13:18', 'U', 'U'),
(49, 26, 'KHAGRACHHARI SADAR', NULL, NULL, '024649', 1, NULL, '2015-05-19 21:32:07', NULL, '2015-05-24 21:14:33', 'U', 'B'),
(50, 26, 'LAKSHMICHHARI', NULL, NULL, '024661', 1, NULL, '2015-05-19 21:32:07', NULL, '2015-05-24 21:13:18', 'U', 'U'),
(51, 26, 'MAHALCHHARI', NULL, NULL, '024665', 1, NULL, '2015-05-19 21:32:07', NULL, '2015-05-24 21:13:18', 'U', 'U'),
(52, 26, 'MANIKCHHARI', NULL, NULL, '024667', 1, NULL, '2015-05-19 21:32:07', NULL, '2015-05-24 21:13:18', 'U', 'U'),
(53, 26, 'MATIRANGA', NULL, NULL, '024670', 1, NULL, '2015-05-19 21:32:07', NULL, '2015-05-24 21:14:33', 'U', 'B'),
(54, 26, 'PANCHHARI', NULL, NULL, '024677', 1, NULL, '2015-05-19 21:32:07', NULL, '2015-05-24 21:13:18', 'U', 'U'),
(55, 26, 'RAMGARH', NULL, NULL, '024680', 1, NULL, '2015-05-19 21:32:07', NULL, '2015-05-24 21:14:33', 'U', 'B'),
(56, 31, 'KAMALNAGAR', NULL, NULL, '025133', 1, NULL, '2015-05-19 21:32:07', NULL, '2015-05-24 21:13:18', 'U', 'U'),
(57, 31, 'LAKSHMIPUR SADAR', NULL, NULL, '025143', 1, NULL, '2015-05-19 21:32:07', NULL, '2015-05-24 21:14:33', 'U', 'B'),
(58, 31, 'ROYPUR', NULL, NULL, '025158', 1, NULL, '2015-05-19 21:32:07', NULL, '2015-05-24 21:14:33', 'U', 'B'),
(59, 31, 'RAMGANJ', NULL, NULL, '025165', 1, NULL, '2015-05-19 21:32:07', NULL, '2015-05-24 21:14:33', 'U', 'B'),
(60, 31, 'RAMGATI', NULL, NULL, '025173', 1, NULL, '2015-05-19 21:32:07', NULL, '2015-05-24 21:14:33', 'U', 'B'),
(61, 48, 'BEGUMGANJ', NULL, NULL, '027507', 1, NULL, '2015-05-19 21:32:07', NULL, '2015-05-24 21:14:33', 'U', 'B'),
(62, 48, 'CHATKHIL', NULL, NULL, '027510', 1, NULL, '2015-05-19 21:32:07', NULL, '2015-05-24 21:14:33', 'U', 'B'),
(63, 48, 'KABIRHAT', NULL, NULL, '027547', 1, NULL, '2015-05-19 21:32:07', NULL, '2015-05-24 21:14:33', 'U', 'B'),
(64, 48, 'SENBAGH', NULL, NULL, '027580', 1, NULL, '2015-05-19 21:32:07', NULL, '2015-05-24 21:14:33', 'U', 'B'),
(65, 48, 'SONAIMURI', NULL, NULL, '027583', 1, NULL, '2015-05-19 21:32:07', NULL, '2015-05-24 21:14:33', 'U', 'B'),
(66, 48, 'SUBARNACHAR', NULL, NULL, '027585', 1, NULL, '2015-05-19 21:32:07', NULL, '2015-05-24 21:13:18', 'U', 'U'),
(67, 48, 'NOAKHALI SADAR', NULL, NULL, '027587', 1, NULL, '2015-05-19 21:32:07', NULL, '2015-05-24 21:14:33', 'U', 'B'),
(68, 13, 'RAMNA', NULL, NULL, '032666', 1, NULL, '2015-05-19 21:32:07', NULL, '2015-05-24 21:14:50', 'T', 'W'),
(69, 13, 'SABUJBAGH', NULL, NULL, '032668', 1, NULL, '2015-05-19 21:32:07', NULL, '2015-05-24 21:14:33', 'T', 'B'),
(70, 13, 'SAVAR', NULL, NULL, '032672', 1, NULL, '2015-05-19 21:32:07', NULL, '2015-05-24 21:14:33', 'U', 'B'),
(71, 13, 'SHAH ALI', NULL, NULL, '032674', 1, NULL, '2015-05-19 21:32:07', NULL, '2015-05-24 21:14:50', 'T', 'W'),
(72, 13, 'SHAHBAGH', NULL, NULL, '032675', 1, NULL, '2015-05-19 21:32:07', NULL, '2015-05-24 21:14:50', 'T', 'W'),
(73, 13, 'SHYAMPUR', NULL, NULL, '032676', 1, NULL, '2015-05-19 21:32:07', NULL, '2015-05-24 21:14:33', 'T', 'B'),
(74, 13, 'SUTRAPUR', NULL, NULL, '032688', 1, NULL, '2015-05-19 21:32:07', NULL, '2015-05-24 21:14:50', 'T', 'W'),
(75, 13, 'TEJGAON', NULL, NULL, '032690', 1, NULL, '2015-05-19 21:32:07', NULL, '2015-05-24 21:14:50', 'T', 'W'),
(76, 13, 'TEJGAON IND. AREA', NULL, NULL, '032692', 1, NULL, '2015-05-19 21:32:07', NULL, '2015-05-24 21:14:50', 'T', 'W'),
(77, 13, 'TURAG', NULL, NULL, '032693', 1, NULL, '2015-05-19 21:32:07', NULL, '2015-05-24 21:13:18', 'T', 'U'),
(78, 13, 'UTTARA', NULL, NULL, '032695', 1, NULL, '2015-05-19 21:32:07', NULL, '2015-05-24 21:14:33', 'T', 'B'),
(79, 13, 'UTTAR KHAN', NULL, NULL, '032696', 1, NULL, '2015-05-19 21:32:07', NULL, '2015-05-24 21:13:18', 'T', 'U'),
(80, 15, 'ALFADANGA', NULL, NULL, '032903', 1, NULL, '2015-05-19 21:32:07', NULL, '2015-05-24 21:13:18', 'U', 'U'),
(81, 15, 'BHANGA', NULL, NULL, '032910', 1, NULL, '2015-05-19 21:32:07', NULL, '2015-05-24 21:14:33', 'U', 'B'),
(82, 15, 'CHAR BHADRASAN', NULL, NULL, '032921', 1, NULL, '2015-05-19 21:32:07', NULL, '2015-05-24 21:13:18', 'U', 'U'),
(83, 15, 'FARIDPUR SADAR', NULL, NULL, '032947', 1, NULL, '2015-05-19 21:32:07', NULL, '2015-05-24 21:14:33', 'U', 'B'),
(84, 15, 'MADHUKHALI', NULL, NULL, '032956', 1, NULL, '2015-05-19 21:32:07', NULL, '2015-05-24 21:13:18', 'U', 'U'),
(85, 15, 'SADARPUR', NULL, NULL, '032984', 1, NULL, '2015-05-19 21:32:07', NULL, '2015-05-24 21:13:18', 'U', 'U'),
(86, 18, 'GAZIPUR SADAR', NULL, NULL, '033330', 1, NULL, '2015-05-19 21:32:07', NULL, '2015-05-24 21:14:33', 'U', 'B'),
(87, 18, 'KALIAKAIR', NULL, NULL, '033332', 1, NULL, '2015-05-19 21:32:07', NULL, '2015-05-24 21:14:33', 'U', 'B'),
(88, 18, 'KALIGANJ', NULL, NULL, '033334', 1, NULL, '2015-05-19 21:32:07', NULL, '2015-05-24 21:13:18', 'U', 'U'),
(89, 18, 'KAPASIA', NULL, NULL, '033336', 1, NULL, '2015-05-19 21:32:07', NULL, '2015-05-24 21:13:18', 'U', 'U'),
(90, 18, 'SREEPUR', NULL, NULL, '033386', 1, NULL, '2015-05-19 21:32:07', NULL, '2015-05-24 21:14:33', 'U', 'B'),
(91, 19, 'GOPALGANJ SADAR', NULL, NULL, '033532', 1, NULL, '2015-05-19 21:32:07', NULL, '2015-05-24 21:14:33', 'U', 'B'),
(92, 19, 'KASHIANI', NULL, NULL, '033543', 1, NULL, '2015-05-19 21:32:07', NULL, '2015-05-24 21:13:18', 'U', 'U'),
(93, 19, 'KOTALIPARA', NULL, NULL, '033551', 1, NULL, '2015-05-19 21:32:07', NULL, '2015-05-24 21:14:33', 'U', 'B'),
(94, 19, 'MUKSUDPUR', NULL, NULL, '033558', 1, NULL, '2015-05-19 21:32:07', NULL, '2015-05-24 21:14:33', 'U', 'B'),
(95, 19, 'TUNGIPARA', NULL, NULL, '033591', 1, NULL, '2015-05-19 21:32:07', NULL, '2015-05-24 21:14:33', 'U', 'B'),
(96, 22, 'BAKSHIGANJ', NULL, NULL, '033907', 1, NULL, '2015-05-19 21:32:07', NULL, '2015-05-24 21:13:18', 'U', 'U'),
(97, 22, 'DEWANGANJ', NULL, NULL, '033915', 1, NULL, '2015-05-19 21:32:07', NULL, '2015-05-24 21:14:33', 'U', 'B'),
(98, 22, 'ISLAMPUR', NULL, NULL, '033929', 1, NULL, '2015-05-19 21:32:07', NULL, '2015-05-24 21:14:33', 'U', 'B'),
(99, 22, 'JAMALPUR SADAR', NULL, NULL, '033936', 1, NULL, '2015-05-19 21:32:07', NULL, '2015-05-24 21:14:33', 'U', 'B'),
(100, 22, 'MADARGANJ', NULL, NULL, '033958', 1, NULL, '2015-05-19 21:32:07', NULL, '2015-05-24 21:14:33', 'U', 'B'),
(101, 22, 'MELANDAHA', NULL, NULL, '033961', 1, NULL, '2015-05-19 21:32:07', NULL, '2015-05-24 21:14:33', 'U', 'B'),
(102, 22, 'SARISHABARI UPAZILA', NULL, NULL, '033985', 1, NULL, '2015-05-19 21:32:07', NULL, '2015-05-24 21:14:33', 'U', 'B'),
(103, 28, 'AUSTAGRAM', NULL, NULL, '034802', 1, NULL, '2015-05-19 21:32:07', NULL, '2015-05-24 21:13:18', 'U', 'U'),
(104, 28, 'BAJITPUR', NULL, NULL, '034806', 1, NULL, '2015-05-19 21:32:07', NULL, '2015-05-24 21:14:33', 'U', 'B'),
(105, 28, 'BHAIRAB', NULL, NULL, '034811', 1, NULL, '2015-05-19 21:32:07', NULL, '2015-05-24 21:14:33', 'U', 'B'),
(106, 28, 'ITNA', NULL, NULL, '034833', 1, NULL, '2015-05-19 21:32:07', NULL, '2015-05-24 21:13:18', 'U', 'U'),
(107, 28, 'KARIMGANJ', NULL, NULL, '034842', 1, NULL, '2015-05-19 21:32:07', NULL, '2015-05-24 21:14:33', 'U', 'B'),
(108, 28, 'KATIADI', NULL, NULL, '034845', 1, NULL, '2015-05-19 21:32:07', NULL, '2015-05-24 21:14:33', 'U', 'B'),
(109, 28, 'KISHOREGANJ SADAR', NULL, NULL, '034849', 1, NULL, '2015-05-19 21:32:07', NULL, '2015-05-24 21:14:33', 'U', 'B'),
(110, 28, 'KULIAR CHAR', NULL, NULL, '034854', 1, NULL, '2015-05-19 21:32:07', NULL, '2015-05-24 21:14:33', 'U', 'B'),
(111, 28, 'MITHAMAIN', NULL, NULL, '034859', 1, NULL, '2015-05-19 21:32:07', NULL, '2015-05-24 21:13:18', 'U', 'U'),
(112, 28, 'NIKLI', NULL, NULL, '034876', 1, NULL, '2015-05-19 21:32:07', NULL, '2015-05-24 21:13:18', 'U', 'U'),
(113, 28, 'PAKUNDIA', NULL, NULL, '034879', 1, NULL, '2015-05-19 21:32:07', NULL, '2015-05-24 21:14:33', 'U', 'B'),
(114, 28, 'TARAIL', NULL, NULL, '034892', 1, NULL, '2015-05-19 21:32:07', NULL, '2015-05-24 21:13:18', 'U', 'U'),
(115, 33, 'KALKINI', NULL, NULL, '035440', 1, NULL, '2015-05-19 21:32:07', NULL, '2015-05-24 21:14:33', 'U', 'B'),
(116, 33, 'MADARIPUR SADAR', NULL, NULL, '035454', 1, NULL, '2015-05-19 21:32:07', NULL, '2015-05-24 21:14:33', 'U', 'B'),
(117, 33, 'RAJOIR', NULL, NULL, '035480', 1, NULL, '2015-05-19 21:32:07', NULL, '2015-05-24 21:13:18', 'U', 'U'),
(118, 33, 'SHIB CHAR', NULL, NULL, '035487', 1, NULL, '2015-05-19 21:32:07', NULL, '2015-05-24 21:14:33', 'U', 'B'),
(119, 35, 'DAULATPUR', NULL, NULL, '035610', 1, NULL, '2015-05-19 21:32:07', NULL, '2015-05-24 21:13:18', 'U', 'U'),
(120, 35, 'GHIOR', NULL, NULL, '035622', 1, NULL, '2015-05-19 21:32:07', NULL, '2015-05-24 21:13:18', 'U', 'U'),
(121, 35, 'HARIRAMPUR', NULL, NULL, '035628', 1, NULL, '2015-05-19 21:32:07', NULL, '2015-05-24 21:13:18', 'U', 'U'),
(122, 35, 'MANIKGANJ SADAR', NULL, NULL, '035646', 1, NULL, '2015-05-19 21:32:07', NULL, '2015-05-24 21:14:33', 'U', 'B'),
(123, 35, 'SATURIA', NULL, NULL, '035670', 1, NULL, '2015-05-19 21:32:07', NULL, '2015-05-24 21:13:18', 'U', 'U'),
(124, 35, 'SHIBALAYA', NULL, NULL, '035678', 1, NULL, '2015-05-19 21:32:07', NULL, '2015-05-24 21:13:18', 'U', 'U'),
(125, 35, 'SINGAIR', NULL, NULL, '035682', 1, NULL, '2015-05-19 21:32:07', NULL, '2015-05-24 21:14:33', 'U', 'B'),
(126, 38, 'GAZARIA', NULL, NULL, '035924', 1, NULL, '2015-05-19 21:32:07', NULL, '2015-05-24 21:13:18', 'U', 'U'),
(127, 38, 'MUNSHIGANJ SADAR', NULL, NULL, '035956', 1, NULL, '2015-05-19 21:32:07', NULL, '2015-05-24 21:14:33', 'U', 'B'),
(128, 38, 'SERAJDIKHAN', NULL, NULL, '035974', 1, NULL, '2015-05-19 21:32:07', NULL, '2015-05-24 21:13:18', 'U', 'U'),
(129, 38, 'SREENAGAR', NULL, NULL, '035984', 1, NULL, '2015-05-19 21:32:07', NULL, '2015-05-24 21:13:18', 'U', 'U'),
(130, 38, 'TONGIBARI', NULL, NULL, '035994', 1, NULL, '2015-05-19 21:32:07', NULL, '2015-05-24 21:13:18', 'U', 'U'),
(131, 39, 'BHALUKA', NULL, NULL, '036113', 1, NULL, '2015-05-19 21:32:07', NULL, '2015-05-24 21:14:33', 'U', 'B'),
(132, 39, 'DHOBAURA', NULL, NULL, '036116', 1, NULL, '2015-05-19 21:32:07', NULL, '2015-05-24 21:13:18', 'U', 'U'),
(133, 39, 'FULBARIA', NULL, NULL, '036120', 1, NULL, '2015-05-19 21:32:07', NULL, '2015-05-24 21:14:33', 'U', 'B'),
(134, 39, 'GAFFARGAON', NULL, NULL, '036122', 1, NULL, '2015-05-19 21:32:07', NULL, '2015-05-24 21:14:33', 'U', 'B'),
(135, 39, 'GAURIPUR', NULL, NULL, '036123', 1, NULL, '2015-05-19 21:32:07', NULL, '2015-05-24 21:14:33', 'U', 'B'),
(136, 39, 'ISHWARGANJ', NULL, NULL, '036131', 1, NULL, '2015-05-19 21:32:07', NULL, '2015-05-24 21:14:33', 'U', 'B'),
(137, 39, 'MYMENSINGH SADAR', NULL, NULL, '036152', 1, NULL, '2015-05-19 21:32:07', NULL, '2015-05-24 21:14:33', 'U', 'B'),
(138, 39, 'MUKTAGACHHA', NULL, NULL, '036165', 1, NULL, '2015-05-19 21:32:07', NULL, '2015-05-24 21:14:33', 'U', 'B'),
(139, 39, 'NANDAIL', NULL, NULL, '036172', 1, NULL, '2015-05-19 21:32:07', NULL, '2015-05-24 21:14:33', 'U', 'B'),
(140, 39, 'PHULPUR', NULL, NULL, '036181', 1, NULL, '2015-05-19 21:32:07', NULL, '2015-05-24 21:14:33', 'U', 'B'),
(141, 39, 'TRISHAL', NULL, NULL, '036194', 1, NULL, '2015-05-19 21:32:07', NULL, '2015-05-24 21:14:33', 'U', 'B'),
(142, 42, 'ARAIHAZAR', NULL, NULL, '036702', 1, NULL, '2015-05-19 21:32:07', NULL, '2015-05-24 21:13:18', 'U', 'U'),
(143, 42, 'SONARGAON', NULL, NULL, '036704', 1, NULL, '2015-05-19 21:32:07', NULL, '2015-05-24 21:14:33', 'U', 'B'),
(144, 42, 'BANDAR', NULL, NULL, '036706', 1, NULL, '2015-05-19 21:32:07', NULL, '2015-05-24 21:14:33', 'U', 'B'),
(145, 42, 'RUPGANJ', NULL, NULL, '036768', 1, NULL, '2015-05-19 21:32:07', NULL, '2015-05-24 21:14:33', 'U', 'B'),
(146, 43, 'BELABO', NULL, NULL, '036807', 1, NULL, '2015-05-19 21:32:07', NULL, '2015-05-24 21:13:18', 'U', 'U'),
(147, 43, 'MANOHARDI', NULL, NULL, '036852', 1, NULL, '2015-05-19 21:32:07', NULL, '2015-05-24 21:14:33', 'U', 'B'),
(148, 43, 'NARSINGDI SADAR', NULL, NULL, '036860', 1, NULL, '2015-05-19 21:32:07', NULL, '2015-05-24 21:14:33', 'U', 'B'),
(149, 43, 'PALASH', NULL, NULL, '036863', 1, NULL, '2015-05-19 21:32:07', NULL, '2015-05-24 21:14:33', 'U', 'B'),
(150, 43, 'ROYPURA', NULL, NULL, '036864', 1, NULL, '2015-05-19 21:32:07', NULL, '2015-05-24 21:14:33', 'U', 'B'),
(151, 43, 'SHIBPUR', NULL, NULL, '036876', 1, NULL, '2015-05-19 21:32:07', NULL, '2015-05-24 21:14:33', 'U', 'B'),
(152, 46, 'ATPARA', NULL, NULL, '037204', 1, NULL, '2015-05-19 21:32:07', NULL, '2015-05-24 21:13:18', 'U', 'U'),
(153, 46, 'BARHATTA', NULL, NULL, '037209', 1, NULL, '2015-05-19 21:32:07', NULL, '2015-05-24 21:13:18', 'U', 'U'),
(154, 46, 'DURGAPUR', NULL, NULL, '037218', 1, NULL, '2015-05-19 21:32:07', NULL, '2015-05-24 21:14:33', 'U', 'B'),
(155, 46, 'KHALIAJURI', NULL, NULL, '037238', 1, NULL, '2015-05-19 21:32:07', NULL, '2015-05-24 21:13:18', 'U', 'U'),
(156, 46, 'KALMAKANDA', NULL, NULL, '037240', 1, NULL, '2015-05-19 21:32:07', NULL, '2015-05-24 21:13:18', 'U', 'U'),
(157, 46, 'KENDUA', NULL, NULL, '037247', 1, NULL, '2015-05-19 21:32:07', NULL, '2015-05-24 21:14:33', 'U', 'B'),
(158, 46, 'MADAN', NULL, NULL, '037256', 1, NULL, '2015-05-19 21:32:07', NULL, '2015-05-24 21:14:33', 'U', 'B'),
(159, 46, 'MOHANGANJ', NULL, NULL, '037263', 1, NULL, '2015-05-19 21:32:07', NULL, '2015-05-24 21:14:33', 'U', 'B'),
(160, 46, 'NETROKONA SADAR', NULL, NULL, '037274', 1, NULL, '2015-05-19 21:32:07', NULL, '2015-05-24 21:14:33', 'U', 'B'),
(161, 46, 'PURBADHALA', NULL, NULL, '037283', 1, NULL, '2015-05-19 21:32:07', NULL, '2015-05-24 21:14:33', 'U', 'B'),
(162, 54, 'BALIAKANDI', NULL, NULL, '038207', 1, NULL, '2015-05-19 21:32:07', NULL, '2015-05-24 21:13:18', 'U', 'U'),
(163, 54, 'GOALANDA', NULL, NULL, '038229', 1, NULL, '2015-05-19 21:32:07', NULL, '2015-05-24 21:14:33', 'U', 'B'),
(164, 54, 'PANGSHA', NULL, NULL, '038273', 1, NULL, '2015-05-19 21:32:07', NULL, '2015-05-24 21:14:33', 'U', 'B'),
(165, 54, 'RAJBARI SADAR', NULL, NULL, '038276', 1, NULL, '2015-05-19 21:32:07', NULL, '2015-05-24 21:14:33', 'U', 'B'),
(166, 57, 'DAMUDYA', NULL, NULL, '038625', 1, NULL, '2015-05-19 21:32:07', NULL, '2015-05-24 21:14:33', 'U', 'B'),
(167, 57, 'GOSAIRHAT', NULL, NULL, '038636', 1, NULL, '2015-05-19 21:32:07', NULL, '2015-05-24 21:13:18', 'U', 'U'),
(168, 57, 'NARIA', NULL, NULL, '038665', 1, NULL, '2015-05-19 21:32:07', NULL, '2015-05-24 21:14:33', 'U', 'B'),
(169, 57, 'SHARIATPUR SADAR', NULL, NULL, '038669', 1, NULL, '2015-05-19 21:32:07', NULL, '2015-05-24 21:14:33', 'U', 'B'),
(170, 57, 'ZANJIRA', NULL, NULL, '038694', 1, NULL, '2015-05-19 21:32:07', NULL, '2015-05-24 21:14:33', 'U', 'B'),
(171, 60, 'JHENAIGATI', NULL, NULL, '038937', 1, NULL, '2015-05-19 21:32:07', NULL, '2015-05-24 21:13:18', 'U', 'U'),
(172, 60, 'NALITABARI', NULL, NULL, '038970', 1, NULL, '2015-05-19 21:32:07', NULL, '2015-05-24 21:14:33', 'U', 'B'),
(173, 60, 'SHERPUR SADAR', NULL, NULL, '038988', 1, NULL, '2015-05-19 21:32:07', NULL, '2015-05-24 21:14:33', 'U', 'B'),
(174, 60, 'SREEBARDI', NULL, NULL, '038990', 1, NULL, '2015-05-19 21:32:07', NULL, '2015-05-24 21:14:33', 'U', 'B'),
(175, 63, 'BASAIL', NULL, NULL, '039309', 1, NULL, '2015-05-19 21:32:07', NULL, '2015-05-24 21:13:18', 'U', 'U'),
(176, 63, 'BHUAPUR', NULL, NULL, '039319', 1, NULL, '2015-05-19 21:32:07', NULL, '2015-05-24 21:14:33', 'U', 'B'),
(177, 63, 'DELDUAR', NULL, NULL, '039323', 1, NULL, '2015-05-19 21:32:07', NULL, '2015-05-24 21:13:18', 'U', 'U'),
(178, 63, 'DHANBARI', NULL, NULL, '039325', 1, NULL, '2015-05-19 21:32:07', NULL, '2015-05-24 21:14:33', 'U', 'B'),
(179, 63, 'GHATAIL', NULL, NULL, '039328', 1, NULL, '2015-05-19 21:32:07', NULL, '2015-05-24 21:14:33', 'U', 'B'),
(180, 63, 'GOPALPUR', NULL, NULL, '039338', 1, NULL, '2015-05-19 21:32:07', NULL, '2015-05-24 21:14:33', 'U', 'B'),
(181, 63, 'KALIHATI', NULL, NULL, '039347', 1, NULL, '2015-05-19 21:32:07', NULL, '2015-05-24 21:14:33', 'U', 'B'),
(182, 63, 'MADHUPUR', NULL, NULL, '039357', 1, NULL, '2015-05-19 21:32:07', NULL, '2015-05-24 21:14:33', 'U', 'B'),
(183, 63, 'MIRZAPUR', NULL, NULL, '039366', 1, NULL, '2015-05-19 21:32:07', NULL, '2015-05-24 21:14:33', 'U', 'B'),
(184, 63, 'NAGARPUR', NULL, NULL, '039376', 1, NULL, '2015-05-19 21:32:07', NULL, '2015-05-24 21:13:18', 'U', 'U'),
(185, 63, 'SAKHIPUR', NULL, NULL, '039385', 1, NULL, '2015-05-19 21:32:07', NULL, '2015-05-24 21:14:33', 'U', 'B'),
(186, 63, 'TANGAIL SADAR', NULL, NULL, '039395', 1, NULL, '2015-05-19 21:32:07', NULL, '2015-05-24 21:14:33', 'U', 'B'),
(187, 1, 'BAGERHAT SADAR', NULL, NULL, '040108', 1, NULL, '2015-05-19 21:32:07', NULL, '2015-05-24 21:14:33', 'U', 'B'),
(188, 1, 'CHITALMARI', NULL, NULL, '040114', 1, NULL, '2015-05-19 21:32:07', NULL, '2015-05-24 21:13:18', 'U', 'U'),
(189, 1, 'FAKIRHAT', NULL, NULL, '040134', 1, NULL, '2015-05-19 21:32:07', NULL, '2015-05-24 21:13:18', 'U', 'U'),
(190, 1, 'KACHUA', NULL, NULL, '040138', 1, NULL, '2015-05-19 21:32:07', NULL, '2015-05-24 21:13:18', 'U', 'U'),
(191, 1, 'MOLLAHAT', NULL, NULL, '040156', 1, NULL, '2015-05-19 21:32:07', NULL, '2015-05-24 21:13:18', 'U', 'U'),
(192, 1, 'MONGLA', NULL, NULL, '040158', 1, NULL, '2015-05-19 21:32:07', NULL, '2015-05-24 21:14:33', 'U', 'B'),
(193, 1, 'MORRELGANJ', NULL, NULL, '040160', 1, NULL, '2015-05-19 21:32:07', NULL, '2015-05-24 21:14:33', 'U', 'B'),
(194, 1, 'RAMPAL', NULL, NULL, '040173', 1, NULL, '2015-05-19 21:32:07', NULL, '2015-05-24 21:13:18', 'U', 'U'),
(195, 1, 'SARANKHOLA', NULL, NULL, '040177', 1, NULL, '2015-05-19 21:32:07', NULL, '2015-05-24 21:13:18', 'U', 'U'),
(196, 10, 'ALAMDANGA', NULL, NULL, '041807', 1, NULL, '2015-05-19 21:32:07', NULL, '2015-05-24 21:14:33', 'U', 'B'),
(197, 10, 'CHUADANGA SADAR', NULL, NULL, '041823', 1, NULL, '2015-05-19 21:32:07', NULL, '2015-05-24 21:14:33', 'U', 'B'),
(198, 10, 'JIBAN NAGAR', NULL, NULL, '041855', 1, NULL, '2015-05-19 21:32:07', NULL, '2015-05-24 21:14:33', 'U', 'B'),
(199, 23, 'ABHAYNAGAR', NULL, NULL, '044104', 1, NULL, '2015-05-19 21:32:07', NULL, '2015-05-24 21:14:33', 'U', 'B'),
(200, 23, 'CHAUGACHHA', NULL, NULL, '044111', 1, NULL, '2015-05-19 21:32:07', NULL, '2015-05-24 21:14:33', 'U', 'B'),
(201, 23, 'JHIKARGACHHA', NULL, NULL, '044123', 1, NULL, '2015-05-19 21:32:07', NULL, '2015-05-24 21:14:33', 'U', 'B'),
(202, 23, 'KESHABPUR', NULL, NULL, '044138', 1, NULL, '2015-05-19 21:32:07', NULL, '2015-05-24 21:14:33', 'U', 'B'),
(203, 23, 'KOTWALI', NULL, NULL, '044147', 1, NULL, '2015-05-19 21:32:07', NULL, '2015-05-24 21:14:33', 'T', 'B'),
(204, 23, 'MANIRAMPUR', NULL, NULL, '044161', 1, NULL, '2015-05-19 21:32:07', NULL, '2015-05-24 21:14:33', 'U', 'B'),
(205, 23, 'SHARSHA', NULL, NULL, '044190', 1, NULL, '2015-05-19 21:32:07', NULL, '2015-05-24 21:14:33', 'U', 'B'),
(206, 25, 'HARINAKUNDA', NULL, NULL, '044414', 1, NULL, '2015-05-19 21:32:07', NULL, '2015-05-24 21:14:33', 'U', 'B'),
(207, 25, 'JHENAIDAH SADAR', NULL, NULL, '044419', 1, NULL, '2015-05-19 21:32:07', NULL, '2015-05-24 21:14:33', 'U', 'B'),
(208, 25, 'KALIGANJ', NULL, NULL, '044433', 1, NULL, '2015-05-19 21:32:07', NULL, '2015-05-24 21:14:33', 'U', 'B'),
(209, 25, 'KOTCHANDPUR', NULL, NULL, '044442', 1, NULL, '2015-05-19 21:32:07', NULL, '2015-05-24 21:14:33', 'U', 'B'),
(210, 25, 'MAHESHPUR', NULL, NULL, '044471', 1, NULL, '2015-05-19 21:32:07', NULL, '2015-05-24 21:14:33', 'U', 'B'),
(211, 25, 'SHAILKUPA', NULL, NULL, '044480', 1, NULL, '2015-05-19 21:32:07', NULL, '2015-05-24 21:14:33', 'U', 'B'),
(212, 27, 'BATIAGHATA', NULL, NULL, '044712', 1, NULL, '2015-05-19 21:32:07', NULL, '2015-05-24 21:13:18', 'T', 'U'),
(213, 27, 'DACOPE', NULL, NULL, '044717', 1, NULL, '2015-05-19 21:32:07', NULL, '2015-05-24 21:14:33', 'U', 'B'),
(214, 27, 'DAULATPUR', NULL, NULL, '044721', 1, NULL, '2015-05-19 21:32:07', NULL, '2015-05-24 21:14:50', 'U', 'W'),
(215, 27, 'DUMURIA', NULL, NULL, '044730', 1, NULL, '2015-05-19 21:32:07', NULL, '2015-05-24 21:13:18', 'U', 'U'),
(216, 27, 'DIGHALIA', NULL, NULL, '044740', 1, NULL, '2015-05-19 21:32:07', NULL, '2015-05-24 21:13:18', 'U', 'U'),
(217, 27, 'KHALISHPUR', NULL, NULL, '044745', 1, NULL, '2015-05-19 21:32:07', NULL, '2015-05-24 21:14:50', 'T', 'W'),
(218, 27, 'KHAN JAHAN ALI', NULL, NULL, '044748', 1, NULL, '2015-05-19 21:32:07', NULL, '2015-05-24 21:14:50', 'T', 'W'),
(219, 27, 'KHULNA SADAR', NULL, NULL, '044751', 1, NULL, '2015-05-19 21:32:07', NULL, '2015-05-24 21:14:50', 'T', 'W'),
(220, 27, 'KOYRA', NULL, NULL, '044753', 1, NULL, '2015-05-19 21:32:07', NULL, '2015-05-24 21:13:18', 'U', 'U'),
(221, 27, 'PAIKGACHHA', NULL, NULL, '044764', 1, NULL, '2015-05-19 21:32:07', NULL, '2015-05-24 21:14:33', 'U', 'B'),
(222, 27, 'PHULTALA', NULL, NULL, '044769', 1, NULL, '2015-05-19 21:32:07', NULL, '2015-05-24 21:13:18', 'T', 'U'),
(223, 27, 'RUPSA', NULL, NULL, '044775', 1, NULL, '2015-05-19 21:32:07', NULL, '2015-05-24 21:13:18', 'U', 'U'),
(224, 27, 'SONADANGA', NULL, NULL, '044785', 1, NULL, '2015-05-19 21:32:07', NULL, '2015-05-24 21:14:50', 'T', 'W'),
(225, 27, 'TEROKHADA', NULL, NULL, '044794', 1, NULL, '2015-05-19 21:32:07', NULL, '2015-05-24 21:13:18', 'U', 'U'),
(226, 30, 'BHERAMARA', NULL, NULL, '045015', 1, NULL, '2015-05-19 21:32:07', NULL, '2015-05-24 21:14:33', 'U', 'B'),
(227, 30, 'DAULATPUR', NULL, NULL, '045039', 1, NULL, '2015-05-19 21:32:07', NULL, '2015-05-24 21:13:18', 'U', 'U'),
(228, 30, 'KHOKSA', NULL, NULL, '045063', 1, NULL, '2015-05-19 21:32:07', NULL, '2015-05-24 21:14:33', 'U', 'B'),
(229, 30, 'KUMARKHALI', NULL, NULL, '045071', 1, NULL, '2015-05-19 21:32:07', NULL, '2015-05-24 21:14:33', 'U', 'B'),
(230, 30, 'KUSHTIA SADAR', NULL, NULL, '045079', 1, NULL, '2015-05-19 21:32:07', NULL, '2015-05-24 21:14:33', 'U', 'B'),
(231, 30, 'MIRPUR', NULL, NULL, '045094', 1, NULL, '2015-05-19 21:32:07', NULL, '2015-05-24 21:14:33', 'T', 'B'),
(232, 34, 'MAGURA SADAR', NULL, NULL, '045557', 1, NULL, '2015-05-19 21:32:07', NULL, '2015-05-24 21:14:33', 'U', 'B'),
(233, 34, 'MOHAMMADPUR', NULL, NULL, '045566', 1, NULL, '2015-05-19 21:32:07', NULL, '2015-05-24 21:13:18', 'T', 'U'),
(234, 34, 'SHALIKHA', NULL, NULL, '045585', 1, NULL, '2015-05-19 21:32:07', NULL, '2015-05-24 21:13:18', 'U', 'U'),
(235, 36, 'GANGNI', NULL, NULL, '045747', 1, NULL, '2015-05-19 21:32:07', NULL, '2015-05-24 21:14:33', 'U', 'B'),
(236, 36, 'MUJIB NAGAR', NULL, NULL, '045760', 1, NULL, '2015-05-19 21:32:07', NULL, '2015-05-24 21:13:18', 'U', 'U'),
(237, 36, 'MEHERPUR SADAR', NULL, NULL, '045787', 1, NULL, '2015-05-19 21:32:07', NULL, '2015-05-24 21:14:33', 'U', 'B'),
(238, 41, 'KALIA', NULL, NULL, '046528', 1, NULL, '2015-05-19 21:32:07', NULL, '2015-05-24 21:14:33', 'U', 'B'),
(239, 41, 'LOHAGARA', NULL, NULL, '046552', 1, NULL, '2015-05-19 21:32:07', NULL, '2015-05-24 21:14:33', 'U', 'B'),
(240, 41, 'NARAIL SADAR', NULL, NULL, '046576', 1, NULL, '2015-05-19 21:32:07', NULL, '2015-05-24 21:14:33', 'U', 'B'),
(241, 58, 'ASSASUNI', NULL, NULL, '048704', 1, NULL, '2015-05-19 21:32:07', NULL, '2015-05-24 21:13:18', 'U', 'U'),
(242, 58, 'DEBHATA', NULL, NULL, '048725', 1, NULL, '2015-05-19 21:32:07', NULL, '2015-05-24 21:13:18', 'U', 'U'),
(243, 58, 'KALAROA', NULL, NULL, '048743', 1, NULL, '2015-05-19 21:32:07', NULL, '2015-05-24 21:14:33', 'U', 'B'),
(244, 58, 'KALIGANJ', NULL, NULL, '048747', 1, NULL, '2015-05-19 21:32:07', NULL, '2015-05-24 21:13:18', 'U', 'U'),
(245, 58, 'SATKHIRA SADAR', NULL, NULL, '048782', 1, NULL, '2015-05-19 21:32:07', NULL, '2015-05-24 21:14:33', 'U', 'B'),
(246, 58, 'SHYAMNAGAR', NULL, NULL, '048786', 1, NULL, '2015-05-19 21:32:07', NULL, '2015-05-24 21:13:18', 'U', 'U'),
(247, 58, 'TALA', NULL, NULL, '048790', 1, NULL, '2015-05-19 21:32:07', NULL, '2015-05-24 21:13:18', 'U', 'U'),
(248, 6, 'ADAMDIGHI', NULL, NULL, '051006', 1, NULL, '2015-05-19 21:32:07', NULL, '2015-05-24 21:14:33', 'U', 'B'),
(249, 6, 'BOGRA SADAR', NULL, NULL, '051020', 1, NULL, '2015-05-19 21:32:07', NULL, '2015-05-24 21:14:33', 'U', 'B'),
(250, 6, 'DHUNAT', NULL, NULL, '051027', 1, NULL, '2015-05-19 21:32:07', NULL, '2015-05-24 21:14:33', 'U', 'B'),
(251, 6, 'DHUPCHANCHIA', NULL, NULL, '051033', 1, NULL, '2015-05-19 21:32:07', NULL, '2015-05-24 21:14:33', 'U', 'B'),
(252, 6, 'GABTALI', NULL, NULL, '051040', 1, NULL, '2015-05-19 21:32:07', NULL, '2015-05-24 21:14:33', 'U', 'B'),
(253, 6, 'KAHALOO', NULL, NULL, '051054', 1, NULL, '2015-05-19 21:32:07', NULL, '2015-05-24 21:14:33', 'U', 'B'),
(254, 6, 'NANDIGRAM', NULL, NULL, '051067', 1, NULL, '2015-05-19 21:32:07', NULL, '2015-05-24 21:14:33', 'U', 'B'),
(255, 6, 'SARIAKANDI', NULL, NULL, '051081', 1, NULL, '2015-05-19 21:32:07', NULL, '2015-05-24 21:14:33', 'U', 'B'),
(256, 6, 'SHAJAHANPUR', NULL, NULL, '051085', 1, NULL, '2015-05-19 21:32:07', NULL, '2015-05-24 21:14:33', 'U', 'B'),
(257, 6, 'SHERPUR', NULL, NULL, '051088', 1, NULL, '2015-05-19 21:32:07', NULL, '2015-05-24 21:14:33', 'U', 'B'),
(258, 6, 'SHIBGANJ', NULL, NULL, '051094', 1, NULL, '2015-05-19 21:32:07', NULL, '2015-05-24 21:14:33', 'U', 'B'),
(259, 6, 'SONATOLA', NULL, NULL, '051095', 1, NULL, '2015-05-19 21:32:07', NULL, '2015-05-24 21:14:33', 'U', 'B'),
(260, 14, 'BIRAMPUR', NULL, NULL, '052710', 1, NULL, '2015-05-19 21:32:07', NULL, '2015-05-24 21:14:33', 'U', 'B'),
(261, 14, 'BIRGANJ', NULL, NULL, '052712', 1, NULL, '2015-05-19 21:32:07', NULL, '2015-05-24 21:14:33', 'U', 'B'),
(262, 14, 'BIRAL', NULL, NULL, '052717', 1, NULL, '2015-05-19 21:32:07', NULL, '2015-05-24 21:13:18', 'U', 'U'),
(263, 14, 'BOCHAGANJ', NULL, NULL, '052721', 1, NULL, '2015-05-19 21:32:07', NULL, '2015-05-24 21:14:33', 'U', 'B'),
(264, 14, 'CHIRIRBANDAR', NULL, NULL, '052730', 1, NULL, '2015-05-19 21:32:07', NULL, '2015-05-24 21:13:18', 'U', 'U'),
(265, 14, 'GHORAGHAT', NULL, NULL, '052743', 1, NULL, '2015-05-19 21:32:07', NULL, '2015-05-24 21:14:33', 'U', 'B'),
(266, 14, 'HAKIMPUR', NULL, NULL, '052747', 1, NULL, '2015-05-19 21:32:07', NULL, '2015-05-24 21:14:33', 'U', 'B'),
(267, 14, 'KAHAROLE', NULL, NULL, '052756', 1, NULL, '2015-05-19 21:32:07', NULL, '2015-05-24 21:13:18', 'U', 'U'),
(268, 14, 'KHANSAMA', NULL, NULL, '052760', 1, NULL, '2015-05-19 21:32:07', NULL, '2015-05-24 21:13:18', 'U', 'U'),
(269, 14, 'DINAJPUR SADAR', NULL, NULL, '052764', 1, NULL, '2015-05-19 21:32:07', NULL, '2015-05-24 21:14:33', 'U', 'B'),
(270, 14, 'NAWABGANJ', NULL, NULL, '052769', 1, NULL, '2015-05-19 21:32:07', NULL, '2015-05-24 21:13:18', 'U', 'U'),
(271, 14, 'PARBATIPUR', NULL, NULL, '052777', 1, NULL, '2015-05-19 21:32:07', NULL, '2015-05-24 21:14:33', 'U', 'B'),
(272, 17, 'FULCHHARI', NULL, NULL, '053221', 1, NULL, '2015-05-19 21:32:07', NULL, '2015-05-24 21:13:18', 'U', 'U'),
(273, 17, 'GAIBANDHA SADAR', NULL, NULL, '053224', 1, NULL, '2015-05-19 21:32:07', NULL, '2015-05-24 21:14:33', 'U', 'B'),
(274, 17, 'GOBINDAGANJ', NULL, NULL, '053230', 1, NULL, '2015-05-19 21:32:07', NULL, '2015-05-24 21:14:33', 'U', 'B'),
(275, 17, 'PALASHBARI', NULL, NULL, '053267', 1, NULL, '2015-05-19 21:32:07', NULL, '2015-05-24 21:13:18', 'U', 'U'),
(276, 17, 'SADULLAPUR', NULL, NULL, '053282', 1, NULL, '2015-05-19 21:32:07', NULL, '2015-05-24 21:13:18', 'U', 'U'),
(277, 17, 'SAGHATA', NULL, NULL, '053288', 1, NULL, '2015-05-19 21:32:07', NULL, '2015-05-24 21:13:18', 'U', 'U'),
(278, 17, 'SUNDARGANJ', NULL, NULL, '053291', 1, NULL, '2015-05-19 21:32:07', NULL, '2015-05-24 21:14:33', 'U', 'B'),
(279, 21, 'AKKELPUR', NULL, NULL, '053813', 1, NULL, '2015-05-19 21:32:07', NULL, '2015-05-24 21:14:33', 'U', 'B'),
(280, 21, 'JOYPURHAT SADAR', NULL, NULL, '053847', 1, NULL, '2015-05-19 21:32:07', NULL, '2015-05-24 21:14:33', 'U', 'B'),
(281, 21, 'KALAI', NULL, NULL, '053858', 1, NULL, '2015-05-19 21:32:07', NULL, '2015-05-24 21:14:33', 'U', 'B'),
(282, 21, 'KHETLAL', NULL, NULL, '053861', 1, NULL, '2015-05-19 21:32:07', NULL, '2015-05-24 21:13:18', 'U', 'U'),
(283, 29, 'BHURUNGAMARI', NULL, NULL, '054906', 1, NULL, '2015-05-19 21:32:07', NULL, '2015-05-24 21:13:18', 'U', 'U'),
(284, 29, 'CHAR RAJIBPUR', NULL, NULL, '054908', 1, NULL, '2015-05-19 21:32:07', NULL, '2015-05-24 21:13:18', 'U', 'U'),
(285, 29, 'CHILMARI', NULL, NULL, '054909', 1, NULL, '2015-05-19 21:32:07', NULL, '2015-05-24 21:13:18', 'U', 'U'),
(286, 29, 'PHULBARI', NULL, NULL, '054918', 1, NULL, '2015-05-19 21:32:07', NULL, '2015-05-24 21:13:18', 'U', 'U'),
(287, 29, 'KURIGRAM SADAR', NULL, NULL, '054952', 1, NULL, '2015-05-19 21:32:07', NULL, '2015-05-24 21:14:33', 'U', 'B'),
(288, 29, 'NAGESHWARI', NULL, NULL, '054961', 1, NULL, '2015-05-19 21:32:07', NULL, '2015-05-24 21:14:33', 'U', 'B'),
(289, 29, 'RAJARHAT', NULL, NULL, '054977', 1, NULL, '2015-05-19 21:32:07', NULL, '2015-05-24 21:13:18', 'U', 'U'),
(290, 29, 'RAUMARI', NULL, NULL, '054979', 1, NULL, '2015-05-19 21:32:07', NULL, '2015-05-24 21:13:18', 'U', 'U'),
(291, 29, 'ULIPUR', NULL, NULL, '054994', 1, NULL, '2015-05-19 21:32:07', NULL, '2015-05-24 21:14:33', 'U', 'B'),
(292, 32, 'ADITMARI', NULL, NULL, '055202', 1, NULL, '2015-05-19 21:32:07', NULL, '2015-05-24 21:13:18', 'U', 'U'),
(293, 32, 'HATIBANDHA', NULL, NULL, '055233', 1, NULL, '2015-05-19 21:32:07', NULL, '2015-05-24 21:13:18', 'U', 'U'),
(294, 32, 'KALIGANJ', NULL, NULL, '055239', 1, NULL, '2015-05-19 21:32:07', NULL, '2015-05-24 21:13:18', 'U', 'U'),
(295, 32, 'LALMONIRHAT SADAR', NULL, NULL, '055255', 1, NULL, '2015-05-19 21:32:07', NULL, '2015-05-24 21:14:33', 'U', 'B'),
(296, 32, 'PATGRAM', NULL, NULL, '055270', 1, NULL, '2015-05-19 21:32:07', NULL, '2015-05-24 21:14:33', 'U', 'B'),
(297, 40, 'ATRAI', NULL, NULL, '056403', 1, NULL, '2015-05-19 21:32:07', NULL, '2015-05-24 21:13:18', 'U', 'U'),
(298, 40, 'BADALGACHHI', NULL, NULL, '056406', 1, NULL, '2015-05-19 21:32:07', NULL, '2015-05-24 21:13:18', 'U', 'U'),
(299, 40, 'DHAMOIRHAT', NULL, NULL, '056428', 1, NULL, '2015-05-19 21:32:07', NULL, '2015-05-24 21:14:33', 'U', 'B'),
(300, 40, 'MANDA', NULL, NULL, '056447', 1, NULL, '2015-05-19 21:32:07', NULL, '2015-05-24 21:13:18', 'U', 'U'),
(301, 40, 'MAHADEBPUR', NULL, NULL, '056450', 1, NULL, '2015-05-19 21:32:07', NULL, '2015-05-24 21:13:18', 'U', 'U'),
(302, 40, 'NAOGAON SADAR', NULL, NULL, '056460', 1, NULL, '2015-05-19 21:32:07', NULL, '2015-05-24 21:14:33', 'U', 'B'),
(303, 40, 'PATNITALA', NULL, NULL, '056475', 1, NULL, '2015-05-19 21:32:07', NULL, '2015-05-24 21:14:33', 'U', 'B'),
(304, 40, 'PORSHA', NULL, NULL, '056479', 1, NULL, '2015-05-19 21:32:07', NULL, '2015-05-24 21:13:18', 'U', 'U'),
(305, 40, 'SAPAHAR', NULL, NULL, '056486', 1, NULL, '2015-05-19 21:32:07', NULL, '2015-05-24 21:13:18', 'U', 'U'),
(306, 44, 'BAGATIPARA', NULL, NULL, '056909', 1, NULL, '2015-05-19 21:32:07', NULL, '2015-05-24 21:14:33', 'U', 'B'),
(307, 44, 'BARAIGRAM', NULL, NULL, '056915', 1, NULL, '2015-05-19 21:32:07', NULL, '2015-05-24 21:14:33', 'U', 'B'),
(308, 44, 'GURUDASPUR', NULL, NULL, '056941', 1, NULL, '2015-05-19 21:32:07', NULL, '2015-05-24 21:14:33', 'U', 'B'),
(309, 44, 'LALPUR', NULL, NULL, '056944', 1, NULL, '2015-05-19 21:32:07', NULL, '2015-05-24 21:14:33', 'U', 'B'),
(310, 44, 'NATORE SADAR', NULL, NULL, '056963', 1, NULL, '2015-05-19 21:32:07', NULL, '2015-05-24 21:14:33', 'U', 'B'),
(311, 44, 'SINGRA', NULL, NULL, '056991', 1, NULL, '2015-05-19 21:32:07', NULL, '2015-05-24 21:14:33', 'U', 'B'),
(312, 45, 'BHOLAHAT', NULL, NULL, '057018', 1, NULL, '2015-05-19 21:32:07', NULL, '2015-05-24 21:13:18', 'U', 'U'),
(313, 45, 'GOMASTAPUR', NULL, NULL, '057037', 1, NULL, '2015-05-19 21:32:07', NULL, '2015-05-24 21:14:33', 'U', 'B'),
(314, 45, 'NACHOLE', NULL, NULL, '057056', 1, NULL, '2015-05-19 21:32:07', NULL, '2015-05-24 21:14:33', 'U', 'B'),
(315, 45, 'CHAPAI NABABGANJ SADAR', NULL, NULL, '057066', 1, NULL, '2015-05-19 21:32:07', NULL, '2015-05-24 21:14:33', 'U', 'B'),
(316, 45, 'SHIBGANJ', NULL, NULL, '057088', 1, NULL, '2015-05-19 21:32:07', NULL, '2015-05-24 21:14:33', 'U', 'B'),
(317, 47, 'DIMLA UPAZILA', NULL, NULL, '057312', 1, NULL, '2015-05-19 21:32:07', NULL, '2015-05-24 21:13:18', 'U', 'U'),
(318, 47, 'DOMAR UPAZILA', NULL, NULL, '057315', 1, NULL, '2015-05-19 21:32:07', NULL, '2015-05-24 21:14:33', 'U', 'B'),
(319, 47, 'JALDHAKA UPAZILA', NULL, NULL, '057336', 1, NULL, '2015-05-19 21:32:07', NULL, '2015-05-24 21:14:33', 'U', 'B'),
(320, 47, 'KISHOREGANJ UPAZILA', NULL, NULL, '057345', 1, NULL, '2015-05-19 21:32:07', NULL, '2015-05-24 21:13:18', 'U', 'U'),
(321, 47, 'NILPHAMARI SADAR UPAZ', NULL, NULL, '057364', 1, NULL, '2015-05-19 21:32:07', NULL, '2015-05-24 21:14:33', 'U', 'B'),
(322, 47, 'SAIDPUR UPAZILA', NULL, NULL, '057385', 1, NULL, '2015-05-19 21:32:07', NULL, '2015-05-24 21:14:33', 'U', 'B'),
(323, 49, 'BERA', NULL, NULL, '057616', 1, NULL, '2015-05-19 21:32:07', NULL, '2015-05-24 21:14:33', 'U', 'B'),
(324, 49, 'BHANGURA', NULL, NULL, '057619', 1, NULL, '2015-05-19 21:32:07', NULL, '2015-05-24 21:14:33', 'U', 'B'),
(325, 49, 'CHATMOHAR', NULL, NULL, '057622', 1, NULL, '2015-05-19 21:32:07', NULL, '2015-05-24 21:14:33', 'U', 'B'),
(326, 49, 'FARIDPUR', NULL, NULL, '057633', 1, NULL, '2015-05-19 21:32:07', NULL, '2015-05-24 21:14:33', 'U', 'B'),
(327, 49, 'ISHWARDI', NULL, NULL, '057639', 1, NULL, '2015-05-19 21:32:07', NULL, '2015-05-24 21:14:33', 'U', 'B'),
(328, 49, 'PABNA SADAR', NULL, NULL, '057655', 1, NULL, '2015-05-19 21:32:07', NULL, '2015-05-24 21:14:33', 'U', 'B'),
(329, 49, 'SANTHIA', NULL, NULL, '057672', 1, NULL, '2015-05-19 21:32:07', NULL, '2015-05-24 21:14:33', 'U', 'B'),
(330, 49, 'SUJANAGAR', NULL, NULL, '057683', 1, NULL, '2015-05-19 21:32:07', NULL, '2015-05-24 21:14:33', 'U', 'B'),
(331, 50, 'ATWARI', NULL, NULL, '057704', 1, NULL, '2015-05-19 21:32:07', NULL, '2015-05-24 21:13:18', 'U', 'U'),
(332, 50, 'BODA', NULL, NULL, '057725', 1, NULL, '2015-05-19 21:32:07', NULL, '2015-05-24 21:14:33', 'U', 'B'),
(333, 50, 'DEBIGANJ', NULL, NULL, '057734', 1, NULL, '2015-05-19 21:32:07', NULL, '2015-05-24 21:13:18', 'U', 'U'),
(334, 50, 'PANCHAGARH SADAR', NULL, NULL, '057773', 1, NULL, '2015-05-19 21:32:07', NULL, '2015-05-24 21:14:33', 'U', 'B'),
(335, 50, 'TENTULIA', NULL, NULL, '057790', 1, NULL, '2015-05-19 21:32:07', NULL, '2015-05-24 21:13:18', 'U', 'U'),
(336, 53, 'BAGHA', NULL, NULL, '058110', 1, NULL, '2015-05-19 21:32:07', NULL, '2015-05-24 21:14:33', 'U', 'B'),
(337, 53, 'BAGHMARA', NULL, NULL, '058112', 1, NULL, '2015-05-19 21:32:07', NULL, '2015-05-24 21:14:33', 'U', 'B'),
(338, 53, 'BOALIA', NULL, NULL, '058122', 1, NULL, '2015-05-19 21:32:07', NULL, '2015-05-24 21:14:50', 'T', 'W'),
(339, 53, 'CHARGHAT', NULL, NULL, '058125', 1, NULL, '2015-05-19 21:32:07', NULL, '2015-05-24 21:14:33', 'T', 'B'),
(340, 53, 'DURGAPUR', NULL, NULL, '058131', 1, NULL, '2015-05-19 21:32:07', NULL, '2015-05-24 21:14:33', 'U', 'B'),
(341, 53, 'GODAGARI', NULL, NULL, '058134', 1, NULL, '2015-05-19 21:32:07', NULL, '2015-05-24 21:14:33', 'U', 'B'),
(342, 53, 'MATIHAR', NULL, NULL, '058140', 1, NULL, '2015-05-19 21:32:07', NULL, '2015-05-24 21:14:50', 'T', 'W'),
(343, 53, 'MOHANPUR', NULL, NULL, '058153', 1, NULL, '2015-05-19 21:32:07', NULL, '2015-05-24 21:14:33', 'U', 'B'),
(344, 53, 'PABA', NULL, NULL, '058172', 1, NULL, '2015-05-19 21:32:07', NULL, '2015-05-24 21:14:33', 'T', 'B'),
(345, 53, 'PUTHIA', NULL, NULL, '058182', 1, NULL, '2015-05-19 21:32:07', NULL, '2015-05-24 21:14:33', 'U', 'B'),
(346, 53, 'RAJPARA', NULL, NULL, '058185', 1, NULL, '2015-05-19 21:32:07', NULL, '2015-05-24 21:14:50', 'T', 'W'),
(347, 53, 'SHAH MAKHDUM', NULL, NULL, '058190', 1, NULL, '2015-05-19 21:32:07', NULL, '2015-05-24 21:14:50', 'U', 'W'),
(348, 53, 'TANORE', NULL, NULL, '058194', 1, NULL, '2015-05-19 21:32:07', NULL, '2015-05-24 21:14:33', 'T', 'B'),
(349, 56, 'BADARGANJ', NULL, NULL, '058503', 1, NULL, '2015-05-19 21:32:07', NULL, '2015-05-24 21:14:33', 'U', 'B'),
(350, 56, 'GANGACHARA', NULL, NULL, '058527', 1, NULL, '2015-05-19 21:32:07', NULL, '2015-05-24 21:13:18', 'U', 'U'),
(351, 56, 'RANGPUR SADAR', NULL, NULL, '058549', 1, NULL, '2015-05-19 21:32:07', NULL, '2015-05-24 21:14:33', 'U', 'B'),
(352, 56, 'MITHA PUKUR', NULL, NULL, '058558', 1, NULL, '2015-05-19 21:32:07', NULL, '2015-05-24 21:13:18', 'U', 'U'),
(353, 56, 'PIRGACHHA', NULL, NULL, '058573', 1, NULL, '2015-05-19 21:32:07', NULL, '2015-05-24 21:13:18', 'U', 'U'),
(354, 56, 'PIRGANJ', NULL, NULL, '058576', 1, NULL, '2015-05-19 21:32:07', NULL, '2015-05-24 21:13:18', 'U', 'U'),
(355, 56, 'TARAGANJ', NULL, NULL, '058592', 1, NULL, '2015-05-19 21:32:07', NULL, '2015-05-24 21:13:18', 'U', 'U'),
(356, 59, 'BELKUCHI', NULL, NULL, '058811', 1, NULL, '2015-05-19 21:32:07', NULL, '2015-05-24 21:14:33', 'U', 'B'),
(357, 59, 'CHAUHALI', NULL, NULL, '058827', 1, NULL, '2015-05-19 21:32:07', NULL, '2015-05-24 21:13:18', 'U', 'U'),
(358, 59, 'KAMARKHANDA', NULL, NULL, '058844', 1, NULL, '2015-05-19 21:32:07', NULL, '2015-05-24 21:13:18', 'U', 'U'),
(359, 59, 'KAZIPUR', NULL, NULL, '058850', 1, NULL, '2015-05-19 21:32:07', NULL, '2015-05-24 21:14:33', 'U', 'B'),
(360, 59, 'ROYGANJ', NULL, NULL, '058861', 1, NULL, '2015-05-19 21:32:07', NULL, '2015-05-24 21:14:33', 'U', 'B'),
(361, 59, 'SHAHJADPUR', NULL, NULL, '058867', 1, NULL, '2015-05-19 21:32:07', NULL, '2015-05-24 21:14:33', 'U', 'B'),
(362, 59, 'SIRAJGANJ SADAR', NULL, NULL, '058878', 1, NULL, '2015-05-19 21:32:07', NULL, '2015-05-24 21:14:33', 'U', 'B'),
(363, 59, 'TARASH', NULL, NULL, '058889', 1, NULL, '2015-05-19 21:32:07', NULL, '2015-05-24 21:13:18', 'U', 'U'),
(364, 59, 'ULLAH PARA', NULL, NULL, '058894', 1, NULL, '2015-05-19 21:32:07', NULL, '2015-05-24 21:14:33', 'U', 'B'),
(365, 64, 'BALIADANGI', NULL, NULL, '059408', 1, NULL, '2015-05-19 21:32:07', NULL, '2015-05-24 21:13:18', 'U', 'U'),
(366, 64, 'HARIPUR', NULL, NULL, '059451', 1, NULL, '2015-05-19 21:32:07', NULL, '2015-05-24 21:13:18', 'U', 'U'),
(367, 64, 'PIRGANJ', NULL, NULL, '059482', 1, NULL, '2015-05-19 21:32:07', NULL, '2015-05-24 21:14:33', 'U', 'B'),
(368, 64, 'RANISANKAIL', NULL, NULL, '059486', 1, NULL, '2015-05-19 21:32:07', NULL, '2015-05-24 21:14:33', 'U', 'B'),
(369, 20, 'AJMIRIGANJ', NULL, NULL, '063602', 1, NULL, '2015-05-19 21:32:07', NULL, '2015-05-24 21:14:33', 'U', 'B'),
(370, 20, 'BAHUBAL', NULL, NULL, '063605', 1, NULL, '2015-05-19 21:32:07', NULL, '2015-05-24 21:13:18', 'U', 'U'),
(371, 20, 'BANIACHONG', NULL, NULL, '063611', 1, NULL, '2015-05-19 21:32:07', NULL, '2015-05-24 21:13:18', 'U', 'U'),
(372, 20, 'CHUNARUGHAT', NULL, NULL, '063626', 1, NULL, '2015-05-19 21:32:07', NULL, '2015-05-24 21:14:33', 'U', 'B'),
(373, 20, 'HABIGANJ SADAR', NULL, NULL, '063644', 1, NULL, '2015-05-19 21:32:07', NULL, '2015-05-24 21:14:33', 'U', 'B'),
(374, 20, 'MADHABPUR', NULL, NULL, '063671', 1, NULL, '2015-05-19 21:32:07', NULL, '2015-05-24 21:14:33', 'U', 'B'),
(375, 20, 'NABIGANJ', NULL, NULL, '063677', 1, NULL, '2015-05-19 21:32:07', NULL, '2015-05-24 21:14:33', 'U', 'B'),
(376, 37, 'BARLEKHA', NULL, NULL, '065814', 1, NULL, '2015-05-19 21:32:07', NULL, '2015-05-24 21:14:33', 'U', 'B'),
(377, 37, 'JURI', NULL, NULL, '065835', 1, NULL, '2015-05-19 21:32:07', NULL, '2015-05-24 21:13:18', 'U', 'U'),
(378, 37, 'KAMALGANJ', NULL, NULL, '065856', 1, NULL, '2015-05-19 21:32:07', NULL, '2015-05-24 21:14:33', 'U', 'B'),
(379, 37, 'KULAURA', NULL, NULL, '065865', 1, NULL, '2015-05-19 21:32:07', NULL, '2015-05-24 21:14:33', 'U', 'B'),
(380, 37, 'MAULVIBAZAR SADAR', NULL, NULL, '065874', 1, NULL, '2015-05-19 21:32:07', NULL, '2015-05-24 21:14:33', 'U', 'B'),
(381, 37, 'RAJNAGAR', NULL, NULL, '065880', 1, NULL, '2015-05-19 21:32:07', NULL, '2015-05-24 21:13:18', 'U', 'U'),
(382, 37, 'SREEMANGAL', NULL, NULL, '065883', 1, NULL, '2015-05-19 21:32:07', NULL, '2015-05-24 21:14:33', 'U', 'B'),
(383, 61, 'BISHWAMBARPUR', NULL, NULL, '069018', 1, NULL, '2015-05-19 21:32:07', NULL, '2015-05-24 21:13:18', 'U', 'U'),
(384, 61, 'CHHATAK', NULL, NULL, '069023', 1, NULL, '2015-05-19 21:32:07', NULL, '2015-05-24 21:14:33', 'U', 'B'),
(385, 61, 'DAKSHIN SUNAMGANJ', NULL, NULL, '069027', 1, NULL, '2015-05-19 21:32:07', NULL, '2015-05-24 21:13:18', 'U', 'U'),
(386, 61, 'DERAI', NULL, NULL, '069029', 1, NULL, '2015-05-19 21:32:07', NULL, '2015-05-24 21:14:33', 'U', 'B'),
(387, 61, 'DHARAMPASHA', NULL, NULL, '069032', 1, NULL, '2015-05-19 21:32:07', NULL, '2015-05-24 21:13:18', 'U', 'U'),
(388, 61, 'DOWARABAZAR', NULL, NULL, '069033', 1, NULL, '2015-05-19 21:32:07', NULL, '2015-05-24 21:13:18', 'U', 'U'),
(389, 61, 'JAGANNATHPUR', NULL, NULL, '069047', 1, NULL, '2015-05-19 21:32:07', NULL, '2015-05-24 21:14:33', 'U', 'B'),
(390, 61, 'SULLA', NULL, NULL, '069086', 1, NULL, '2015-05-19 21:32:07', NULL, '2015-05-24 21:13:18', 'U', 'U'),
(391, 61, 'SUNAMGANJ SADAR', NULL, NULL, '069089', 1, NULL, '2015-05-19 21:32:07', NULL, '2015-05-24 21:14:33', 'U', 'B'),
(392, 61, 'TAHIRPUR', NULL, NULL, '069092', 1, NULL, '2015-05-19 21:32:07', NULL, '2015-05-24 21:13:18', 'U', 'U'),
(393, 62, 'BALAGANJ', NULL, NULL, '069108', 1, NULL, '2015-05-19 21:32:07', NULL, '2015-05-24 21:13:18', 'U', 'U'),
(394, 62, 'BISHWANATH', NULL, NULL, '069120', 1, NULL, '2015-05-19 21:32:07', NULL, '2015-05-24 21:13:18', 'U', 'U'),
(395, 62, 'COMPANIGANJ', NULL, NULL, '069127', 1, NULL, '2015-05-19 21:32:07', NULL, '2015-05-24 21:13:18', 'U', 'U'),
(396, 62, 'DAKSHIN SURMA', NULL, NULL, '069131', 1, NULL, '2015-05-19 21:32:07', NULL, '2015-05-24 21:13:18', 'U', 'U'),
(397, 62, 'FENCHUGANJ', NULL, NULL, '069135', 1, NULL, '2015-05-19 21:32:07', NULL, '2015-05-24 21:13:18', 'U', 'U'),
(398, 62, 'GOPALGANJ', NULL, NULL, '069138', 1, NULL, '2015-05-19 21:32:07', 1, '2015-11-30 07:25:05', 'U', 'B'),
(399, 62, 'GOWAINGHAT', NULL, NULL, '069141', 1, NULL, '2015-05-19 21:32:07', NULL, '2015-05-24 21:13:18', 'U', 'U'),
(400, 62, 'JAINTIAPUR', NULL, NULL, '069153', 1, NULL, '2015-05-19 21:32:07', NULL, '2015-05-24 21:13:18', 'U', 'U'),
(401, 62, 'KANAIGHAT', NULL, NULL, '069159', 1, NULL, '2015-05-19 21:32:07', NULL, '2015-05-24 21:14:33', 'U', 'B'),
(402, 62, 'SYLHET SADAR', NULL, NULL, '069162', 1, NULL, '2015-05-19 21:32:07', NULL, '2015-05-24 21:14:33', 'T', 'B'),
(403, 62, 'ZAKIGANJ', NULL, NULL, '069194', 1, NULL, '2015-05-19 21:32:07', NULL, '2015-05-24 21:14:33', 'U', 'B'),
(404, 18, 'TONGI', NULL, NULL, '033387', 1, NULL, '2015-05-19 21:32:07', NULL, '2015-05-24 21:14:50', 'U', 'W'),
(405, 55, 'BAGHAICHHARI', NULL, NULL, '028407', 1, NULL, '2015-05-19 21:32:07', NULL, '2015-05-24 21:14:33', 'U', 'B'),
(406, 55, 'BARKAL UPAZILA', NULL, NULL, '028421', 1, NULL, '2015-05-19 21:32:07', NULL, '2015-05-24 21:13:18', 'U', 'U'),
(407, 55, 'KAWKHALI (BETBUNIA)', NULL, NULL, '028425', 1, NULL, '2015-05-19 21:32:07', NULL, '2015-05-24 21:13:18', 'U', 'U'),
(408, 55, 'BELAI CHHARI  UPAZI', NULL, NULL, '028429', 1, NULL, '2015-05-19 21:32:07', NULL, '2015-05-24 21:13:18', 'U', 'U'),
(409, 55, 'KAPTAI  UPAZILA', NULL, NULL, '028436', 1, NULL, '2015-05-19 21:32:07', NULL, '2015-05-24 21:13:18', 'U', 'U'),
(410, 55, 'JURAI CHHARI UPAZIL', NULL, NULL, '028447', 1, NULL, '2015-05-19 21:32:07', NULL, '2015-05-24 21:13:18', 'U', 'U'),
(411, 55, 'LANGADU  UPAZILA', NULL, NULL, '028458', 1, NULL, '2015-05-19 21:32:07', NULL, '2015-05-24 21:13:18', 'U', 'U'),
(412, 55, 'NANIARCHAR  UPAZILA', NULL, NULL, '028475', 1, NULL, '2015-05-19 21:32:07', NULL, '2015-05-24 21:13:18', 'U', 'U'),
(413, 55, 'RAJASTHALI  UPAZILA', NULL, NULL, '028478', 1, NULL, '2015-05-19 21:32:07', NULL, '2015-05-24 21:13:18', 'U', 'U'),
(414, 55, 'RANGAMATI SADAR  UP', NULL, NULL, '028487', 1, NULL, '2015-05-19 21:32:07', NULL, '2015-05-24 21:14:33', 'U', 'B'),
(415, 13, 'ADABOR', NULL, NULL, '032602', 1, NULL, '2015-05-19 21:32:07', NULL, '2015-05-24 21:14:50', 'T', 'W'),
(416, 13, 'BIMAN BANDAR', NULL, NULL, '032606', 1, NULL, '2015-05-19 21:32:07', NULL, '2015-05-24 21:14:33', 'T', 'B'),
(417, 13, 'CANTONMENT', NULL, NULL, '032608', 1, NULL, '2015-05-19 21:32:07', NULL, '2015-05-24 21:14:50', 'T', 'W'),
(418, 13, 'DAKSHINKHAN', NULL, NULL, '032610', 1, NULL, '2015-05-19 21:32:07', NULL, '2015-05-24 21:13:18', 'T', 'U'),
(419, 13, 'DEMRA', NULL, NULL, '032612', 1, NULL, '2015-05-19 21:32:07', NULL, '2015-05-24 21:13:18', 'T', 'U'),
(420, 13, 'DHAMRAI', NULL, NULL, '032614', 1, NULL, '2015-05-19 21:32:07', NULL, '2015-05-24 21:14:33', 'U', 'B'),
(421, 13, 'DHANMONDI', NULL, NULL, '032616', 1, NULL, '2015-05-19 21:32:07', NULL, '2015-05-24 21:14:50', 'T', 'W'),
(422, 13, 'DOHAR', NULL, NULL, '032618', 1, NULL, '2015-05-19 21:32:07', NULL, '2015-05-24 21:14:33', 'U', 'B'),
(423, 13, 'GULSHAN', NULL, NULL, '032626', 1, NULL, '2015-05-19 21:32:07', NULL, '2015-05-24 21:14:50', 'T', 'W'),
(424, 13, 'HAZARIBAGH', NULL, NULL, '032628', 1, NULL, '2015-05-19 21:32:07', NULL, '2015-05-24 21:14:33', 'T', 'B'),
(425, 13, 'JATRABARI', NULL, NULL, '032629', 1, NULL, '2015-05-19 21:32:07', NULL, '2015-05-24 21:14:33', 'T', 'B'),
(426, 13, 'KAFRUL', NULL, NULL, '032630', 1, NULL, '2015-05-19 21:32:07', NULL, '2015-05-24 21:14:50', 'T', 'W'),
(427, 13, 'KAMRANGIR CHAR', NULL, NULL, '032634', 1, NULL, '2015-05-19 21:32:07', NULL, '2015-05-24 21:13:18', 'T', 'U'),
(428, 13, 'KHILGAON', NULL, NULL, '032636', 1, NULL, '2015-05-19 21:32:07', NULL, '2015-05-24 21:14:33', 'T', 'B'),
(429, 13, 'KHILKHET', NULL, NULL, '032637', 1, NULL, '2015-05-19 21:32:07', NULL, '2015-05-24 21:13:18', 'T', 'U'),
(430, 13, 'KERANIGANJ', NULL, NULL, '032638', 1, NULL, '2015-05-19 21:32:07', NULL, '2015-05-24 21:13:18', 'U', 'U'),
(431, 13, 'KOTWALI', NULL, NULL, '032640', 1, NULL, '2015-05-19 21:32:07', NULL, '2015-05-24 21:14:50', 'T', 'W'),
(432, 13, 'LALBAGH', NULL, NULL, '032642', 1, NULL, '2015-05-19 21:32:07', NULL, '2015-05-24 21:14:50', 'T', 'W'),
(433, 13, 'MIRPUR', NULL, NULL, '032648', 1, NULL, '2015-05-19 21:32:07', NULL, '2015-05-24 21:14:50', 'T', 'W'),
(434, 13, 'MOHAMMADPUR', NULL, NULL, '032650', 1, NULL, '2015-05-19 21:32:07', NULL, '2015-05-24 21:14:50', 'T', 'W'),
(435, 13, 'MOTIJHEEL', NULL, NULL, '032654', 1, NULL, '2015-05-19 21:32:07', NULL, '2015-05-24 21:14:50', 'T', 'W'),
(436, 13, 'NAWABGANJ', NULL, NULL, '032662', 1, NULL, '2015-05-19 21:32:07', NULL, '2015-05-24 21:13:18', 'U', 'U'),
(437, 13, 'PALLABI', NULL, NULL, '032664', 1, NULL, '2015-05-19 21:32:07', NULL, '2015-05-24 21:14:50', 'T', 'W'),
(438, 3, 'AMTALI', NULL, NULL, '010409', 1, NULL, '2015-05-19 21:32:07', NULL, '2015-05-24 21:14:33', 'U', 'B');
INSERT INTO `sa_thanas` (`THANA_ID`, `DISTRICT_ID`, `THANA_ENAME`, `THANA_LNAME`, `ORDER_SL`, `UD_THANA_CODE`, `ACTIVE_FLAG`, `CREATED_BY`, `CREATE_DATE`, `UPDATED_BY`, `UPDATE_DATE`, `TAREA_STATUS`, `UAREA_STATUS`) VALUES
(439, 3, 'BAMNA', NULL, NULL, '010419', 1, NULL, '2015-05-19 21:32:07', NULL, '2015-05-24 21:13:18', 'U', 'U'),
(440, 3, 'BETAGI', NULL, NULL, '010447', 1, NULL, '2015-05-19 21:32:07', NULL, '2015-05-24 21:14:33', 'U', 'B'),
(441, 3, 'PATHARGHATA', NULL, NULL, '010485', 1, NULL, '2015-05-19 21:32:07', NULL, '2015-05-24 21:14:33', 'U', 'B'),
(442, 4, 'AGAILJHARA', NULL, NULL, '010602', 1, NULL, '2015-05-19 21:32:07', NULL, '2015-05-24 21:13:18', 'U', 'U'),
(443, 4, 'BABUGANJ', NULL, NULL, '010603', 1, NULL, '2015-05-19 21:32:07', NULL, '2015-05-24 21:13:18', 'U', 'U'),
(444, 4, 'BANARI PARA', NULL, NULL, '010610', 1, NULL, '2015-05-19 21:32:07', NULL, '2015-05-24 21:14:33', 'U', 'B'),
(445, 4, 'GAURNADI', NULL, NULL, '010632', 1, NULL, '2015-05-19 21:32:07', NULL, '2015-05-24 21:14:33', 'U', 'B'),
(446, 4, 'HIZLA', NULL, NULL, '010636', 1, NULL, '2015-05-19 21:32:07', NULL, '2015-05-24 21:13:18', 'U', 'U'),
(447, 4, 'BARISAL SADAR (KOTWALI)', NULL, NULL, '010651', 1, NULL, '2015-05-19 21:32:07', NULL, '2015-05-24 21:14:33', 'T', 'B'),
(448, 4, 'MHENDIGANJ', NULL, NULL, '010662', 1, NULL, '2015-05-19 21:32:07', NULL, '2015-05-24 21:14:33', 'U', 'B'),
(449, 4, 'MULADI', NULL, NULL, '010669', 1, NULL, '2015-05-19 21:32:07', NULL, '2015-05-24 21:14:33', 'U', 'B'),
(450, 4, 'WAZIRPUR', NULL, NULL, '010694', 1, NULL, '2015-05-19 21:32:07', NULL, '2015-05-24 21:13:18', 'U', 'U'),
(451, 5, 'BHOLA SADAR', NULL, NULL, '010918', 1, NULL, '2015-05-19 21:32:07', NULL, '2015-05-24 21:14:33', 'U', 'B'),
(452, 5, 'BURHANUDDIN', NULL, NULL, '010921', 1, NULL, '2015-05-19 21:32:07', NULL, '2015-05-24 21:14:33', 'U', 'B'),
(453, 5, 'CHAR FASSON', NULL, NULL, '010925', 1, NULL, '2015-05-19 21:32:07', NULL, '2015-05-24 21:14:33', 'U', 'B'),
(454, 5, 'DAULAT KHAN', NULL, NULL, '010929', 1, NULL, '2015-05-19 21:32:07', NULL, '2015-05-24 21:14:33', 'U', 'B'),
(455, 5, 'LALMOHAN', NULL, NULL, '010954', 1, NULL, '2015-05-19 21:32:07', NULL, '2015-05-24 21:14:33', 'U', 'B'),
(456, 5, 'MANPURA', NULL, NULL, '010965', 1, NULL, '2015-05-19 21:32:07', NULL, '2015-05-24 21:13:18', 'U', 'U'),
(457, 5, 'TAZUMUDDIN', NULL, NULL, '010991', 1, NULL, '2015-05-19 21:32:07', NULL, '2015-05-24 21:13:18', 'U', 'U'),
(458, 24, 'JHALOKATI SADAR', NULL, NULL, '014240', 1, NULL, '2015-05-19 21:32:07', NULL, '2015-05-24 21:14:33', 'U', 'B'),
(459, 24, 'KANTHALIA', NULL, NULL, '014243', 1, NULL, '2015-05-19 21:32:07', NULL, '2015-05-24 21:13:18', 'U', 'U'),
(460, 24, 'NALCHITY', NULL, NULL, '014273', 1, NULL, '2015-05-19 21:32:07', NULL, '2015-05-24 21:14:33', 'U', 'B'),
(461, 24, 'RAJAPUR', NULL, NULL, '014284', 1, NULL, '2015-05-19 21:32:07', NULL, '2015-05-24 21:13:18', 'U', 'U'),
(462, 51, 'BAUPHAL', NULL, NULL, '017838', 1, NULL, '2015-05-19 21:32:07', NULL, '2015-05-24 21:14:33', 'U', 'B'),
(463, 51, 'DUMKI UPAZILA', NULL, NULL, '017855', 1, NULL, '2015-05-19 21:32:07', NULL, '2015-05-24 21:13:18', 'U', 'U'),
(464, 51, 'GALACHIPA', NULL, NULL, '017857', 1, NULL, '2015-05-19 21:32:07', NULL, '2015-05-24 21:14:33', 'U', 'B'),
(465, 51, 'KALA PARA', NULL, NULL, '017866', 1, NULL, '2015-05-19 21:32:07', NULL, '2015-05-24 21:14:33', 'U', 'B'),
(466, 51, 'MIRZAGANJ UPAZILA', NULL, NULL, '017876', 1, NULL, '2015-05-19 21:32:07', NULL, '2015-05-24 21:13:18', 'U', 'U'),
(467, 51, 'PATUAKHALI SADAR', NULL, NULL, '017895', 1, NULL, '2015-05-19 21:32:07', NULL, '2015-05-24 21:14:33', 'U', 'B'),
(468, 52, 'BHANDARIA', NULL, NULL, '017914', 1, NULL, '2015-05-19 21:32:07', NULL, '2015-05-24 21:13:18', 'U', 'U'),
(469, 52, 'KAWKHALI', NULL, NULL, '017947', 1, NULL, '2015-05-19 21:32:07', NULL, '2015-05-24 21:13:18', 'U', 'U'),
(470, 52, 'MATHBARIA', NULL, NULL, '017958', 1, NULL, '2015-05-19 21:32:07', NULL, '2015-05-24 21:14:33', 'U', 'B'),
(471, 52, 'NAZIRPUR UPAZILA', NULL, NULL, '017976', 1, NULL, '2015-05-19 21:32:07', NULL, '2015-05-24 21:13:18', 'U', 'U'),
(472, 52, 'PIROJPUR SADAR', NULL, NULL, '017980', 1, NULL, '2015-05-19 21:32:07', NULL, '2015-05-24 21:14:33', 'U', 'B'),
(473, 52, 'NESARABAD (SWARUPKATI)', NULL, NULL, '017987', 1, NULL, '2015-05-19 21:32:07', NULL, '2015-05-24 21:14:33', 'U', 'B'),
(474, 52, 'ZIANAGAR', NULL, NULL, '017990', 1, NULL, '2015-05-19 21:32:07', NULL, '2015-05-24 21:13:18', 'U', 'U'),
(475, 2, 'ALIKADAM', NULL, NULL, '020304', 1, NULL, '2015-05-19 21:32:07', NULL, '2015-05-24 21:13:18', 'U', 'U'),
(476, 2, 'BANDARBAN SADAR', NULL, NULL, '020314', 1, NULL, '2015-05-19 21:32:07', NULL, '2015-05-24 21:14:33', 'U', 'B'),
(477, 2, 'LAMA', NULL, NULL, '020351', 1, NULL, '2015-05-19 21:32:07', NULL, '2015-05-24 21:14:33', 'U', 'B'),
(478, 2, 'NAIKHONGCHHARI', NULL, NULL, '020373', 1, NULL, '2015-05-19 21:32:07', NULL, '2015-05-24 21:13:18', 'U', 'U'),
(479, 2, 'ROWANGCHHARI', NULL, NULL, '020389', 1, NULL, '2015-05-19 21:32:07', NULL, '2015-05-24 21:13:18', 'U', 'U'),
(480, 2, 'RUMA', NULL, NULL, '020391', 1, NULL, '2015-05-19 21:32:07', NULL, '2015-05-24 21:13:18', 'U', 'U'),
(481, 2, 'THANCHI', NULL, NULL, '020395', 1, NULL, '2015-05-19 21:32:07', NULL, '2015-05-24 21:13:18', 'U', 'U'),
(482, 7, 'AKHAURA', NULL, NULL, '021202', 1, NULL, '2015-05-19 21:32:07', NULL, '2015-05-24 21:14:33', 'U', 'B'),
(483, 7, 'BANCHHARAMPUR', NULL, NULL, '021204', 1, NULL, '2015-05-19 21:32:07', NULL, '2015-05-24 21:13:18', 'U', 'U'),
(484, 7, 'BRAHMANBARIA SADAR', NULL, NULL, '021213', 1, NULL, '2015-05-19 21:32:07', NULL, '2015-05-24 21:14:33', 'U', 'B'),
(485, 7, 'ASHUGANJ', NULL, NULL, '021233', 1, NULL, '2015-05-19 21:32:07', NULL, '2015-05-24 21:13:18', 'U', 'U'),
(486, 7, 'KASBA', NULL, NULL, '021263', 1, NULL, '2015-05-19 21:32:07', NULL, '2015-05-24 21:14:33', 'U', 'B'),
(487, 7, 'NABINAGAR', NULL, NULL, '021285', 1, NULL, '2015-05-19 21:32:07', NULL, '2015-05-24 21:14:33', 'U', 'B'),
(488, 7, 'NASIRNAGAR', NULL, NULL, '021290', 1, NULL, '2015-05-19 21:32:07', NULL, '2015-05-24 21:13:18', 'U', 'U'),
(489, 7, 'SARAIL', NULL, NULL, '021294', 1, NULL, '2015-05-19 21:32:07', NULL, '2015-05-24 21:13:18', 'U', 'U'),
(490, 8, 'CHANDPUR SADAR', NULL, NULL, '021322', 1, NULL, '2015-05-19 21:32:07', NULL, '2015-05-24 21:14:33', 'U', 'B'),
(491, 8, 'FARIDGANJ', NULL, NULL, '021345', 1, NULL, '2015-05-19 21:32:07', NULL, '2015-05-24 21:14:33', 'U', 'B'),
(492, 8, 'HAIM CHAR', NULL, NULL, '021347', 1, NULL, '2015-05-19 21:32:07', NULL, '2015-05-24 21:13:18', 'U', 'U'),
(493, 8, 'HAJIGANJ', NULL, NULL, '021349', 1, NULL, '2015-05-19 21:32:07', NULL, '2015-05-24 21:14:33', 'U', 'B'),
(494, 8, 'KACHUA', NULL, NULL, '021358', 1, NULL, '2015-05-19 21:32:07', NULL, '2015-05-24 21:14:33', 'U', 'B'),
(495, 8, 'MATLAB DAKSHIN', NULL, NULL, '021376', 1, NULL, '2015-05-19 21:32:07', NULL, '2015-05-24 21:14:33', 'U', 'B'),
(496, 8, 'MATLAB UTTAR', NULL, NULL, '021379', 1, NULL, '2015-05-19 21:32:07', NULL, '2015-05-24 21:14:33', 'U', 'B'),
(497, 8, 'SHAHRASTI', NULL, NULL, '021395', 1, NULL, '2015-05-19 21:32:07', NULL, '2015-05-24 21:14:33', 'U', 'B'),
(498, 9, 'ANOWARA', NULL, NULL, '021504', 1, NULL, '2015-05-19 21:32:07', NULL, '2015-05-24 21:13:18', 'U', 'U'),
(499, 9, 'BAYEJID BOSTAMI', NULL, NULL, '021506', 1, NULL, '2015-05-19 21:32:07', NULL, '2015-05-24 21:14:33', 'T', 'B'),
(500, 9, 'BANSHKHALI', NULL, NULL, '021508', 1, NULL, '2015-05-19 21:32:07', NULL, '2015-05-24 21:14:33', 'U', 'B'),
(501, 9, 'BAKALIA', NULL, NULL, '021510', 1, NULL, '2015-05-19 21:32:07', NULL, '2015-05-24 21:14:50', 'T', 'W'),
(502, 9, 'BOALKHALI', NULL, NULL, '021512', 1, NULL, '2015-05-19 21:32:07', NULL, '2015-05-24 21:13:18', 'U', 'U'),
(503, 9, 'CHANDANAISH', NULL, NULL, '021518', 1, NULL, '2015-05-19 21:32:07', NULL, '2015-05-24 21:14:33', 'T', 'B'),
(504, 9, 'CHANDGAON', NULL, NULL, '021519', 1, NULL, '2015-05-19 21:32:07', NULL, '2015-05-24 21:14:50', 'T', 'W'),
(505, 9, 'CHITTAGONG PORT', NULL, NULL, '021520', 1, NULL, '2015-05-19 21:32:07', NULL, '2015-05-24 21:14:50', 'T', 'W'),
(506, 9, 'DOUBLE MOORING', NULL, NULL, '021528', 1, NULL, '2015-05-19 21:32:07', NULL, '2015-05-24 21:14:50', 'T', 'W'),
(507, 9, 'FATIKCHHARI', NULL, NULL, '021533', 1, NULL, '2015-05-19 21:32:07', NULL, '2015-05-24 21:13:18', 'U', 'U'),
(508, 9, 'HALISHAHAR', NULL, NULL, '021535', 1, NULL, '2015-05-19 21:32:07', NULL, '2015-05-24 21:14:50', 'T', 'W'),
(509, 9, 'HATHAZARI', NULL, NULL, '021537', 1, NULL, '2015-05-19 21:32:07', NULL, '2015-05-24 21:14:33', 'U', 'B'),
(510, 9, 'KOTWALI', NULL, NULL, '021541', 1, NULL, '2015-05-19 21:32:07', NULL, '2015-05-24 21:14:50', 'T', 'W'),
(511, 9, 'KHULSHI', NULL, NULL, '021543', 1, NULL, '2015-05-19 21:32:07', NULL, '2015-05-24 21:14:50', 'T', 'W'),
(512, 9, 'LOHAGARA', NULL, NULL, '021547', 1, NULL, '2015-05-19 21:32:07', NULL, '2015-05-24 21:13:18', 'U', 'U'),
(513, 9, 'MIRSHARAI', NULL, NULL, '021553', 1, NULL, '2015-05-19 21:32:07', NULL, '2015-05-24 21:14:33', 'U', 'B'),
(514, 9, 'PAHARTALI', NULL, NULL, '021555', 1, NULL, '2015-05-19 21:32:07', NULL, '2015-05-24 21:14:50', 'T', 'W'),
(515, 9, 'PANCHLAISH', NULL, NULL, '021557', 1, NULL, '2015-05-19 21:32:07', NULL, '2015-05-24 21:14:50', 'T', 'W'),
(516, 9, 'PATIYA', NULL, NULL, '021561', 1, NULL, '2015-05-19 21:32:07', NULL, '2015-05-24 21:14:33', 'U', 'B'),
(517, 9, 'PATENGA', NULL, NULL, '021565', 1, NULL, '2015-05-19 21:32:07', NULL, '2015-05-24 21:14:50', 'U', 'W'),
(518, 9, 'RANGUNIA', NULL, NULL, '021570', 1, NULL, '2015-05-19 21:32:07', NULL, '2015-05-24 21:14:33', 'U', 'B'),
(519, 9, 'RAOZAN', NULL, NULL, '021574', 1, NULL, '2015-05-19 21:32:07', NULL, '2015-05-24 21:14:33', 'U', 'B'),
(520, 9, 'SANDWIP', NULL, NULL, '021578', 1, NULL, '2015-05-19 21:32:07', NULL, '2015-05-24 21:14:33', 'U', 'B'),
(521, 9, 'SATKANIA', NULL, NULL, '021582', 1, NULL, '2015-05-19 21:32:07', NULL, '2015-05-24 21:14:33', 'U', 'B'),
(522, 9, 'SITAKUNDA', NULL, NULL, '021586', 1, NULL, '2015-05-19 21:32:07', NULL, '2015-05-24 21:14:33', 'U', 'B'),
(523, 11, 'BARURA', NULL, NULL, '021909', 1, NULL, '2015-05-19 21:32:07', NULL, '2015-05-24 21:14:33', 'U', 'B'),
(524, 11, 'BRAHMAN PARA', NULL, NULL, '021915', 1, NULL, '2015-05-19 21:32:07', NULL, '2015-05-24 21:13:18', 'U', 'U'),
(525, 11, 'BURICHANG', NULL, NULL, '021918', 1, NULL, '2015-05-19 21:32:07', NULL, '2015-05-24 21:13:18', 'U', 'U'),
(526, 11, 'CHANDINA', NULL, NULL, '021927', 1, NULL, '2015-05-19 21:32:07', NULL, '2015-05-24 21:14:33', 'U', 'B'),
(527, 11, 'CHAUDDAGRAM', NULL, NULL, '021931', 1, NULL, '2015-05-19 21:32:07', NULL, '2015-05-24 21:14:33', 'U', 'B'),
(528, 11, 'COMILLA SADAR DAKSHIN', NULL, NULL, '021933', 1, NULL, '2015-05-19 21:32:07', NULL, '2015-05-24 21:14:33', 'U', 'B'),
(529, 11, 'DAUDKANDI', NULL, NULL, '021936', 1, NULL, '2015-05-19 21:32:07', NULL, '2015-05-24 21:14:33', 'U', 'B'),
(530, 11, 'DEBIDWAR', NULL, NULL, '021940', 1, NULL, '2015-05-19 21:32:07', NULL, '2015-05-24 21:14:33', 'U', 'B'),
(531, 11, 'HOMNA', NULL, NULL, '021954', 1, NULL, '2015-05-19 21:32:07', NULL, '2015-05-24 21:14:33', 'U', 'B'),
(532, 11, 'COMILLA ADARSHA SADAR', NULL, NULL, '021967', 1, NULL, '2015-05-19 21:32:07', NULL, '2015-05-24 21:14:33', 'U', 'B'),
(533, 11, 'LAKSAM', NULL, NULL, '021972', 1, NULL, '2015-05-19 21:32:07', NULL, '2015-05-24 21:14:33', 'U', 'B'),
(534, 11, 'MANOHARGANJ', NULL, NULL, '021974', 1, NULL, '2015-05-19 21:32:07', NULL, '2015-05-24 21:13:18', 'U', 'U'),
(535, 11, 'MEGHNA', NULL, NULL, '021975', 1, NULL, '2015-05-19 21:32:07', NULL, '2015-05-24 21:13:18', 'U', 'U'),
(536, 11, 'MURADNAGAR', NULL, NULL, '021981', 1, NULL, '2015-05-19 21:32:07', NULL, '2015-05-24 21:13:18', 'U', 'U'),
(537, 11, 'NANGALKOT', NULL, NULL, '021987', 1, NULL, '2015-05-19 21:32:07', NULL, '2015-05-24 21:14:33', 'U', 'B'),
(538, 11, 'TITAS', NULL, NULL, '021994', 1, NULL, '2015-05-19 21:32:07', NULL, '2015-05-24 21:13:18', 'U', 'U'),
(539, 12, 'CHAKARIA', NULL, NULL, '022216', 1, NULL, '2015-05-19 21:32:07', NULL, '2015-05-24 21:14:33', 'U', 'B'),
(540, 12, 'COX''S BAZAR SADAR', NULL, NULL, '022224', 1, NULL, '2015-05-19 21:32:07', NULL, '2015-05-24 21:14:33', 'U', 'B'),
(541, 12, 'KUTUBDIA', NULL, NULL, '022245', 1, NULL, '2015-05-19 21:32:07', 1, '2015-10-12 03:01:07', 'U', 'U'),
(542, 1, 'Chalna Ankorage', NULL, NULL, NULL, 1, 1, '2015-11-22 23:30:50', NULL, '0000-00-00 00:00:00', NULL, NULL),
(543, 1, 'Rayenda', NULL, NULL, NULL, 1, 1, '2015-11-22 23:38:30', NULL, '0000-00-00 00:00:00', NULL, NULL),
(544, 10, 'Doulatganj', NULL, NULL, NULL, 1, 1, '2015-11-22 23:45:35', NULL, '0000-00-00 00:00:00', NULL, NULL),
(545, 23, 'JESSORE SADAR', NULL, NULL, NULL, 1, 1, '2015-11-22 23:47:54', NULL, '0000-00-00 00:00:00', NULL, NULL),
(546, 23, 'NOAPARA', NULL, NULL, NULL, 1, 1, '2015-11-22 23:51:21', NULL, '0000-00-00 00:00:00', NULL, NULL),
(547, 25, 'NALDANGA', NULL, NULL, NULL, 1, 1, '2015-11-22 23:57:48', NULL, '0000-00-00 00:00:00', NULL, NULL),
(548, 27, 'ALAIPUR', NULL, NULL, NULL, 1, 1, '2015-11-23 00:00:16', NULL, '0000-00-00 00:00:00', NULL, NULL),
(549, 27, 'CHALNA BAZAR', NULL, NULL, NULL, 1, 1, '2015-11-23 00:02:05', NULL, '0000-00-00 00:00:00', NULL, NULL),
(550, 27, 'MADINABAD', NULL, NULL, NULL, 1, 1, '2015-11-23 00:08:14', NULL, '0000-00-00 00:00:00', NULL, NULL),
(551, 27, 'SAJIARA', NULL, NULL, NULL, 1, 1, '2015-11-23 00:10:51', NULL, '0000-00-00 00:00:00', NULL, NULL),
(552, 30, 'JANIPUR', NULL, NULL, NULL, 1, 1, '2015-11-23 00:16:45', NULL, '0000-00-00 00:00:00', NULL, NULL),
(553, 30, 'Rafayetpur', NULL, NULL, NULL, 1, 1, '2015-11-23 00:20:13', NULL, '0000-00-00 00:00:00', NULL, NULL),
(554, 34, 'ARPARA', NULL, NULL, NULL, 1, 1, '2015-11-23 00:21:30', NULL, '0000-00-00 00:00:00', NULL, NULL),
(555, 41, 'Laxmipasha', NULL, NULL, NULL, 1, 1, '2015-11-23 00:26:33', NULL, '0000-00-00 00:00:00', NULL, NULL),
(556, 41, 'Mohajan', NULL, NULL, NULL, 1, 1, '2015-11-23 00:28:05', NULL, '0000-00-00 00:00:00', NULL, NULL),
(557, 58, 'Nakipur', NULL, NULL, NULL, 1, 1, '2015-11-23 00:32:33', NULL, '0000-00-00 00:00:00', NULL, NULL),
(558, 13, 'Joypara', NULL, NULL, NULL, 1, 1, '2015-11-23 00:40:27', NULL, '0000-00-00 00:00:00', NULL, NULL),
(559, 15, 'Shriangan', NULL, NULL, NULL, 1, 1, '2015-11-23 02:23:12', NULL, '0000-00-00 00:00:00', NULL, NULL),
(560, 18, 'Monnunagar', NULL, NULL, NULL, 1, 1, '2015-11-23 02:26:13', NULL, '0000-00-00 00:00:00', NULL, NULL),
(561, 33, 'Barhamganj', NULL, NULL, NULL, 1, 1, '2015-11-23 03:15:38', NULL, '0000-00-00 00:00:00', NULL, NULL),
(563, 35, 'Lechhraganj', NULL, NULL, NULL, 1, 1, '2015-11-23 03:20:14', NULL, '0000-00-00 00:00:00', NULL, NULL),
(564, 42, 'Baidder Bazar', NULL, NULL, NULL, 1, 1, '2015-11-23 04:49:34', NULL, '0000-00-00 00:00:00', NULL, NULL),
(565, 42, 'Fatullah', NULL, NULL, NULL, 1, 1, '2015-11-23 04:51:28', NULL, '0000-00-00 00:00:00', NULL, NULL),
(566, 42, 'Siddirganj', NULL, NULL, NULL, 1, 1, '2015-11-23 05:03:04', NULL, '0000-00-00 00:00:00', NULL, NULL),
(567, 60, 'Bakshigonj', NULL, NULL, NULL, 1, 1, '2015-11-23 05:57:27', NULL, '0000-00-00 00:00:00', NULL, NULL),
(568, 63, 'Kashkawlia', NULL, NULL, NULL, 1, 1, '2015-11-23 06:04:22', NULL, '0000-00-00 00:00:00', NULL, NULL),
(569, 8, 'Matlobganj', NULL, NULL, NULL, 1, 1, '2015-11-24 03:46:29', NULL, '0000-00-00 00:00:00', NULL, NULL),
(570, 14, 'Bangla Hili', NULL, NULL, NULL, 1, 1, '2015-11-28 23:01:43', NULL, '0000-00-00 00:00:00', NULL, NULL),
(571, 14, 'Maharajganj', NULL, NULL, NULL, 1, 1, '2015-11-28 23:26:40', NULL, '0000-00-00 00:00:00', NULL, NULL),
(572, 14, 'Osmanpur', NULL, NULL, NULL, 1, 1, '2015-11-28 23:28:28', NULL, '0000-00-00 00:00:00', NULL, NULL),
(573, 14, 'Setabganj', NULL, NULL, NULL, 1, 1, '2015-11-28 23:30:51', NULL, '0000-00-00 00:00:00', NULL, NULL),
(575, 17, 'Bonarpara', NULL, NULL, NULL, 1, 1, '2015-11-28 23:34:46', NULL, '0000-00-00 00:00:00', NULL, NULL),
(576, 29, 'Rajibpur', NULL, NULL, NULL, 1, 1, '2015-11-28 23:45:25', NULL, '0000-00-00 00:00:00', NULL, NULL),
(577, 32, 'Tushbhandar', NULL, NULL, NULL, 1, 1, '2015-11-28 23:52:53', NULL, '0000-00-00 00:00:00', NULL, NULL),
(578, 50, 'Chotto Dab', NULL, NULL, NULL, 1, 1, '2015-11-29 00:11:40', NULL, '0000-00-00 00:00:00', NULL, NULL),
(579, 53, 'Chapinawabganj', NULL, NULL, NULL, 1, 1, '2015-11-29 02:47:55', NULL, '0000-00-00 00:00:00', NULL, NULL),
(580, 86, 'Chapinawabganj Sadar', NULL, NULL, NULL, 1, 1, '2015-11-29 02:52:38', NULL, '0000-00-00 00:00:00', NULL, NULL),
(581, 86, 'Nachol', NULL, NULL, NULL, 1, 1, '2015-11-29 02:52:48', NULL, '0000-00-00 00:00:00', NULL, NULL),
(582, 86, 'Rohanpur', NULL, NULL, NULL, 1, 1, '2015-11-29 02:52:56', NULL, '0000-00-00 00:00:00', NULL, NULL),
(583, 86, 'Shibganj U.P.O', NULL, NULL, NULL, 1, 1, '2015-11-29 02:53:05', NULL, '0000-00-00 00:00:00', NULL, NULL),
(584, 44, 'Gopalpur UPO', NULL, NULL, NULL, 1, 1, '2015-11-29 03:31:57', NULL, '0000-00-00 00:00:00', NULL, NULL),
(585, 44, 'Harua', NULL, NULL, NULL, 1, 1, '2015-11-29 03:33:03', NULL, '0000-00-00 00:00:00', NULL, NULL),
(586, 53, 'Rajshahi Sadar', NULL, NULL, NULL, 1, 1, '2015-11-29 03:46:36', NULL, '0000-00-00 00:00:00', NULL, NULL),
(587, 59, 'Dhangora', NULL, NULL, NULL, 1, 1, '2015-11-29 03:53:45', NULL, '0000-00-00 00:00:00', NULL, NULL),
(588, 52, 'Swarupkathi', NULL, NULL, NULL, 1, 1, '2015-11-29 22:49:29', NULL, '0000-00-00 00:00:00', NULL, NULL),
(589, 52, 'Banaripara', NULL, NULL, NULL, 1, 1, '2015-11-29 22:58:15', NULL, '0000-00-00 00:00:00', NULL, NULL),
(590, 51, 'Subidkhali', NULL, NULL, NULL, 1, 1, '2015-11-29 23:00:29', NULL, '0000-00-00 00:00:00', NULL, NULL),
(591, 51, 'Khepupara', NULL, NULL, NULL, 1, 1, '2015-11-29 23:41:31', NULL, '0000-00-00 00:00:00', NULL, NULL),
(592, 5, 'Hatshoshiganj', NULL, NULL, NULL, 1, 1, '2015-11-30 00:01:15', NULL, '0000-00-00 00:00:00', NULL, NULL),
(593, 5, 'Hajirhat', NULL, NULL, NULL, 1, 1, '2015-11-30 00:02:05', NULL, '0000-00-00 00:00:00', NULL, NULL),
(594, 4, 'SAHEBGANJ', NULL, NULL, NULL, 1, 1, '2015-11-30 00:06:32', NULL, '0000-00-00 00:00:00', NULL, NULL),
(595, 4, 'Barajalia', NULL, NULL, NULL, 1, 1, '2015-11-30 00:13:18', NULL, '0000-00-00 00:00:00', NULL, NULL),
(596, 62, 'Jakiganj', NULL, NULL, NULL, 1, 1, '2015-11-30 00:22:59', NULL, '0000-00-00 00:00:00', NULL, NULL),
(597, 61, 'Dhirai Chandpur', NULL, NULL, NULL, 1, 1, '2015-11-30 00:46:34', NULL, '0000-00-00 00:00:00', NULL, NULL),
(598, 55, 'Marishya', NULL, NULL, NULL, 1, 1, '2015-11-30 04:31:27', NULL, '0000-00-00 00:00:00', NULL, NULL),
(599, 55, 'Longachh', NULL, NULL, NULL, 1, 1, '2015-11-30 04:31:42', NULL, '0000-00-00 00:00:00', NULL, NULL),
(600, 55, 'Kalampati', NULL, NULL, NULL, 1, 1, '2015-11-30 04:34:21', NULL, '0000-00-00 00:00:00', NULL, NULL),
(601, 48, 'Basurhat', NULL, NULL, NULL, 1, 1, '2015-11-30 05:03:18', NULL, '0000-00-00 00:00:00', NULL, NULL),
(602, 31, 'Char Alexgander', NULL, NULL, NULL, 1, 1, '2015-11-30 05:09:51', NULL, '0000-00-00 00:00:00', NULL, NULL),
(603, 31, 'Ramghar', NULL, NULL, NULL, 1, 1, '2015-11-30 05:10:15', NULL, '0000-00-00 00:00:00', NULL, NULL),
(604, 12, 'Gorakghat', NULL, NULL, NULL, 1, 1, '2015-11-30 05:45:22', NULL, '0000-00-00 00:00:00', NULL, NULL),
(605, 12, 'Chiringga', NULL, NULL, NULL, 1, 1, '2015-11-30 05:46:42', NULL, '0000-00-00 00:00:00', NULL, NULL),
(606, 9, 'Jaldi', NULL, NULL, NULL, 1, 1, '2015-11-30 06:05:11', NULL, '0000-00-00 00:00:00', NULL, NULL),
(607, 9, 'East Joara', NULL, NULL, NULL, 1, 1, '2015-11-30 06:30:07', NULL, '0000-00-00 00:00:00', NULL, NULL),
(608, 9, 'Chittagong Sadar', NULL, NULL, NULL, 1, 1, '2015-11-30 06:31:46', NULL, '0000-00-00 00:00:00', NULL, NULL);

-- --------------------------------------------------------

--
-- Table structure for table `sa_uglw_mlink`
--

CREATE TABLE IF NOT EXISTS `sa_uglw_mlink` (
  `SA_UGLWM_LINK` int(11) NOT NULL AUTO_INCREMENT,
  `SA_MLINKS_ID` int(11) DEFAULT NULL,
  `ORG_ID` int(11) DEFAULT NULL,
  `USER_ID` bigint(14) DEFAULT NULL,
  `USERGRP_ID` int(11) DEFAULT NULL,
  `UG_LEVEL_ID` int(11) DEFAULT NULL,
  `SA_MODULE_ID` int(7) DEFAULT NULL,
  `LINK_ID` int(7) DEFAULT NULL,
  `CREATE` tinyint(1) DEFAULT '0',
  `READ` tinyint(1) DEFAULT '0',
  `UPDATE` tinyint(1) DEFAULT '0',
  `DELETE` tinyint(1) DEFAULT '0',
  `STATUS` tinyint(4) DEFAULT NULL,
  `URL_URI` varchar(200) DEFAULT NULL,
  `ACTIVE_STATUS` tinyint(1) DEFAULT '1',
  `CREATED_BY` int(10) DEFAULT NULL,
  `ENTRY_TIMESTAMP` timestamp NOT NULL DEFAULT CURRENT_TIMESTAMP,
  `UPDATED_BY` int(10) DEFAULT NULL,
  `UPDATE_DATE` datetime DEFAULT NULL ON UPDATE CURRENT_TIMESTAMP,
  PRIMARY KEY (`SA_UGLWM_LINK`),
  KEY `FK01_USER_ID` (`USER_ID`),
  KEY `FK02_SA_MODULE_ID` (`SA_MODULE_ID`),
  KEY `FK01_SA_MLINKS_ID` (`SA_MLINKS_ID`),
  KEY `FK02_USERGRP_ID` (`USERGRP_ID`),
  KEY `FK01_UG_LEVEL_ID` (`UG_LEVEL_ID`),
  KEY `FK05_ORG_ID` (`ORG_ID`)
) ENGINE=InnoDB  DEFAULT CHARSET=utf8 AUTO_INCREMENT=320 ;

--
-- Dumping data for table `sa_uglw_mlink`
--

INSERT INTO `sa_uglw_mlink` (`SA_UGLWM_LINK`, `SA_MLINKS_ID`, `ORG_ID`, `USER_ID`, `USERGRP_ID`, `UG_LEVEL_ID`, `SA_MODULE_ID`, `LINK_ID`, `CREATE`, `READ`, `UPDATE`, `DELETE`, `STATUS`, `URL_URI`, `ACTIVE_STATUS`, `CREATED_BY`, `ENTRY_TIMESTAMP`, `UPDATED_BY`, `UPDATE_DATE`) VALUES
(14, 5, 1, NULL, 9, 5, 9, NULL, 1, 1, 1, 1, 1, NULL, 1, 1, '2015-09-07 23:45:13', 1, '2015-09-08 07:45:16'),
(15, 6, 1, NULL, 9, 5, 10, NULL, 1, 1, 1, 1, 1, NULL, 1, 1, '2015-09-07 23:45:19', 1, '2015-12-03 05:59:51'),
(16, 7, 1, NULL, 9, 5, 10, NULL, 1, 1, 1, 1, 1, NULL, 1, 1, '2015-09-07 23:45:22', 1, '2015-12-03 05:59:58'),
(18, 9, 1, NULL, 9, 5, 9, NULL, 1, 1, 1, 1, 1, NULL, 1, 1, '2015-09-09 00:16:55', 1, '2015-09-09 08:17:00'),
(19, 10, 1, NULL, 9, 5, 9, NULL, 1, 1, 1, 1, 1, NULL, 1, 1, '2015-09-09 00:16:56', 1, '2015-09-09 08:17:01'),
(20, 11, 1, NULL, 9, 5, 9, NULL, 1, 1, 1, 1, 1, NULL, 1, 1, '2015-09-09 00:16:57', 1, '2015-09-09 08:17:02'),
(21, 12, 1, NULL, 9, 5, 9, NULL, 1, 1, 1, 1, 1, NULL, 1, 1, '2015-09-09 00:23:13', 1, '2015-10-07 07:35:02'),
(22, 13, 1, NULL, 9, 5, 10, NULL, 1, 1, 1, 1, 1, NULL, 1, 1, '2015-09-12 22:04:16', 1, '2015-12-03 06:00:03'),
(25, 15, 1, NULL, 9, 5, 9, NULL, 1, 1, 1, 1, 1, NULL, 1, 1, '2015-09-18 21:48:35', 1, '2017-09-23 09:52:19'),
(26, 16, 1, NULL, 9, 5, 20, NULL, 0, 0, 0, 0, 0, NULL, 1, 1, '2015-09-19 03:33:28', 1, '2017-06-12 03:50:43'),
(27, 17, 1, NULL, 9, 5, 20, NULL, 1, 1, 1, 1, 1, NULL, 1, 31, '2015-09-19 03:33:29', 1, '2015-12-31 11:52:55'),
(28, 18, 1, NULL, 9, 5, 19, NULL, 1, 1, 1, 1, 1, NULL, 1, 1, '2015-09-21 05:15:36', 1, '2015-10-01 15:59:40'),
(29, 20, 1, NULL, 9, 5, 19, NULL, 1, 1, 1, 1, 1, NULL, 1, 1, '2015-09-21 23:27:41', 1, '2015-10-01 15:59:47'),
(30, 21, 1, NULL, 9, 5, 9, NULL, 1, 1, 1, 1, 1, NULL, 1, 1, '2015-09-21 23:47:37', 1, '2015-09-22 07:47:38'),
(33, 23, 1, NULL, 9, 5, 9, NULL, 1, 1, 1, 1, 1, NULL, 1, 1, '2015-10-01 03:45:21', 1, '2015-10-01 11:45:27'),
(34, 24, 1, NULL, 9, 5, 9, NULL, 1, 1, 1, 1, 1, NULL, 1, 1, '2015-10-03 22:22:34', 1, '2015-10-04 06:22:38'),
(37, 27, 1, NULL, 9, 5, 9, NULL, 1, 1, 1, 1, 1, NULL, 1, 1, '2015-10-06 23:48:44', 1, '2015-10-07 07:48:41'),
(38, 28, 1, NULL, 9, 5, 9, NULL, 1, 1, 1, 1, 1, NULL, 1, 1, '2015-10-06 23:49:46', 1, '2015-10-07 07:49:41'),
(39, 30, 1, NULL, 9, 5, 9, NULL, 1, 1, 1, 1, 1, NULL, 1, 1, '2015-10-07 04:20:44', 1, '2015-10-07 12:20:39'),
(40, 31, 1, NULL, 9, 5, 9, NULL, 1, 1, 1, 1, 1, NULL, 1, 31, '2015-10-07 22:00:45', 1, '2015-12-10 05:15:10'),
(41, 32, 1, NULL, 9, 5, 9, NULL, 1, 1, 1, 1, 1, NULL, 1, 27, '2015-10-11 23:48:55', 1, '2015-12-08 07:15:18'),
(42, 33, 1, NULL, 9, 5, 9, NULL, 1, 1, 1, 1, 1, NULL, 1, 27, '2015-10-12 00:06:25', 1, '2015-12-08 07:15:22'),
(43, 34, 1, NULL, 9, 5, 9, NULL, 1, 1, 1, 1, 1, NULL, 1, 27, '2015-10-12 00:09:15', 1, '2015-12-08 07:15:33'),
(44, 35, 1, NULL, 9, 5, 21, NULL, 1, 1, 1, 1, 1, NULL, 1, 1, '2015-10-18 00:20:31', 1, '2015-10-18 08:20:29'),
(45, 36, 1, NULL, 9, 5, 21, NULL, 1, 1, 1, 1, 1, NULL, 1, 1, '2015-10-18 00:23:20', 1, '2015-10-18 08:23:18'),
(46, 37, 1, NULL, 9, 5, 21, NULL, 1, 1, 1, 1, 1, NULL, 1, 1, '2015-10-18 00:24:26', 1, '2015-10-18 08:24:24'),
(47, 38, 1, NULL, 9, 5, 21, NULL, 1, 1, 1, 1, 1, NULL, 1, 1, '2015-10-18 00:25:35', 1, '2015-10-18 08:25:34'),
(48, 39, 1, NULL, 9, 5, 21, NULL, 1, 1, 1, 1, 1, NULL, 1, 1, '2015-10-18 00:26:49', 1, '2015-10-18 08:26:47'),
(49, 40, 1, NULL, 9, 5, 9, NULL, 1, 1, 1, 1, 1, NULL, 1, 1, '2015-10-18 02:17:23', 1, '2015-10-18 10:17:21'),
(51, 42, 1, NULL, 9, 5, 10, NULL, 0, 0, 0, 0, 0, NULL, 1, 31, '2015-10-19 02:13:16', 1, '2016-02-22 09:58:44'),
(52, 43, 1, NULL, 9, 5, 9, NULL, 1, 1, 1, 1, 1, NULL, 1, 1, '2015-10-20 21:53:08', 1, '2015-10-21 05:53:06'),
(53, 44, 1, NULL, 9, 5, 10, NULL, 1, 1, 1, 1, 1, NULL, 1, 1, '2015-10-25 00:24:42', 1, '2015-12-03 06:00:23'),
(54, 45, 1, NULL, 9, 5, 9, NULL, 1, 1, 1, 1, 1, NULL, 1, 1, '2015-10-26 23:52:24', 1, '2015-10-27 06:52:22'),
(55, 46, 1, NULL, 9, 5, 10, NULL, 1, 1, 1, 1, 1, NULL, 1, 1, '2015-10-27 00:56:09', 1, '2015-10-27 07:56:07'),
(56, 47, 1, NULL, 9, 5, 10, NULL, 1, 1, 1, 1, 1, NULL, 1, 1, '2015-10-27 23:58:09', 1, '2015-12-03 06:00:19'),
(57, 48, 1, NULL, 9, 5, 10, NULL, 1, 1, 1, 1, 1, NULL, 1, 1, '2015-11-01 21:34:09', 1, '2015-11-02 04:34:10'),
(58, 49, 1, NULL, 9, 5, 10, NULL, 1, 1, 1, 1, 1, NULL, 1, 1, '2015-11-02 03:34:17', 1, '2015-11-02 10:34:19'),
(59, 50, 1, NULL, 9, 5, 9, NULL, 1, 1, 1, 1, 1, NULL, 1, 1, '2015-11-03 03:25:03', 1, '2015-11-03 10:25:03'),
(60, 51, 1, NULL, 9, 5, 20, NULL, 1, 1, 1, 1, 1, NULL, 1, 1, '2015-11-08 02:43:57', 1, '2015-11-08 09:44:04'),
(61, 52, 1, NULL, 9, 5, 20, NULL, 1, 1, 1, 1, 1, NULL, 1, 1, '2015-11-08 02:45:45', 1, '2015-11-08 09:45:48'),
(62, 53, 1, NULL, 9, 5, 22, NULL, 1, 1, 1, 1, 1, NULL, 1, 31, '2015-11-09 23:41:13', 1, '2015-12-09 06:41:37'),
(63, 54, 1, NULL, 9, 5, 9, NULL, 1, 1, 1, 1, 1, NULL, 1, 1, '2015-11-19 02:26:59', 1, '2015-11-19 09:26:50'),
(64, 55, 1, NULL, 9, 5, 23, NULL, 1, 1, 1, 1, 1, NULL, 1, 31, '2015-11-23 01:06:17', 1, '2015-12-23 07:17:56'),
(65, 32, 1, NULL, 10, 6, 9, NULL, 1, 1, 1, 1, 1, NULL, 1, 27, '2015-12-01 22:21:45', 1, '2015-12-08 07:15:18'),
(66, 33, 1, NULL, 10, 6, 9, NULL, 1, 1, 1, 1, 1, NULL, 1, 27, '2015-12-01 22:21:50', 1, '2015-12-08 07:15:22'),
(67, 34, 1, NULL, 10, 6, 9, NULL, 1, 1, 1, 1, 1, NULL, 1, 27, '2015-12-01 22:21:54', 1, '2015-12-08 07:15:33'),
(69, 56, 1, NULL, 9, 5, 9, NULL, 1, 1, 1, 1, 1, NULL, 1, 1, '2015-12-01 22:34:38', 1, '2015-12-02 05:34:33'),
(71, 6, 1, NULL, 11, 7, 10, NULL, 1, 1, 1, 1, 1, NULL, 1, 1, '2015-12-02 22:59:50', 1, '2015-12-03 05:59:51'),
(72, 7, 1, NULL, 11, 7, 10, NULL, 1, 1, 1, 1, 1, NULL, 1, 1, '2015-12-02 22:59:56', 1, '2015-12-03 05:59:58'),
(73, 13, 1, NULL, 11, 7, 10, NULL, 1, 1, 1, 1, 1, NULL, 1, 1, '2015-12-02 23:00:01', 1, '2015-12-03 06:00:03'),
(74, 47, 1, NULL, 11, 7, 10, NULL, 1, 1, 1, 1, 1, NULL, 1, 1, '2015-12-02 23:00:18', 1, '2015-12-03 06:00:19'),
(75, 44, 1, NULL, 11, 7, 10, NULL, 1, 1, 1, 1, 1, NULL, 1, 1, '2015-12-02 23:00:22', 1, '2015-12-03 06:00:23'),
(76, 57, 1, NULL, 9, 5, 10, NULL, 1, 1, 1, 1, 1, NULL, 1, 1, '2015-12-03 00:35:29', 1, '2015-12-03 07:35:20'),
(77, 53, 1, NULL, 13, 8, 22, NULL, 1, 1, 1, 1, 1, NULL, 1, 31, '2015-12-07 23:50:13', 27, '2015-12-09 06:41:37'),
(78, 32, 1, NULL, 12, 10, 9, NULL, 1, 1, 1, 1, 1, NULL, 1, 27, '2015-12-08 00:15:17', 27, '2015-12-08 07:15:18'),
(79, 33, 1, NULL, 12, 10, 9, NULL, 1, 1, 1, 1, 1, NULL, 1, 27, '2015-12-08 00:15:22', 27, '2015-12-08 07:15:22'),
(80, 34, 1, NULL, 12, 10, 9, NULL, 1, 1, 1, 1, 1, NULL, 1, 27, '2015-12-08 00:15:34', 27, '2015-12-08 07:15:33'),
(83, 58, 1, NULL, 13, 8, 22, NULL, 1, 1, 1, 1, 1, NULL, 1, 31, '2015-12-08 23:42:04', 31, '2015-12-12 11:34:59'),
(84, 59, 1, NULL, 9, 5, 24, NULL, 1, 1, 1, 1, 1, NULL, 1, 31, '2015-12-09 02:12:28', 31, '2015-12-09 09:12:22'),
(85, 60, 1, NULL, 13, 8, 22, NULL, 1, 1, 1, 1, 1, NULL, 1, 31, '2015-12-09 05:11:43', 31, '2015-12-09 12:11:38'),
(86, 31, 1, NULL, 13, 8, 9, NULL, 1, 1, 1, 1, 1, NULL, 1, 31, '2015-12-09 22:15:16', 31, '2015-12-23 05:54:55'),
(87, 61, 1, NULL, 9, 5, 9, NULL, 1, 1, 1, 1, 1, NULL, 1, 31, '2015-12-13 23:58:59', 31, '2015-12-14 06:59:02'),
(88, 62, 1, NULL, 9, 5, 9, NULL, 1, 1, 1, 1, 1, NULL, 1, 31, '2015-12-14 22:18:08', 31, '2015-12-15 05:18:08'),
(89, 63, 1, NULL, 9, 5, 9, NULL, 1, 1, 1, 1, 1, NULL, 1, 31, '2015-12-14 22:18:12', 31, '2015-12-15 05:18:13'),
(90, 64, 1, NULL, 9, 5, 25, NULL, 1, 1, 1, 1, 1, NULL, 1, 31, '2015-12-15 00:31:15', 31, '2015-12-23 05:58:20'),
(92, 67, 1, NULL, 13, 8, 27, NULL, 1, 1, 1, 1, 1, NULL, 1, 31, '2015-12-19 02:36:06', 31, '2015-12-19 09:35:51'),
(93, 66, 1, NULL, 13, 8, 27, NULL, 1, 1, 1, 1, 1, NULL, 1, 31, '2015-12-19 02:36:21', 31, '2015-12-19 09:40:18'),
(94, 68, 1, NULL, 9, 5, 9, NULL, 1, 1, 1, 1, 1, NULL, 1, 31, '2015-12-19 06:02:59', 31, '2015-12-19 13:02:45'),
(95, 69, 1, NULL, 13, 8, 28, NULL, 1, 1, 1, 1, 1, NULL, 1, 31, '2015-12-20 04:20:34', 31, '2015-12-20 11:20:33'),
(96, 70, 1, NULL, 13, 8, 28, NULL, 1, 1, 1, 1, 1, NULL, 1, 31, '2015-12-20 04:22:27', 31, '2015-12-20 11:22:26'),
(97, 71, 1, NULL, 13, 8, 28, NULL, 1, 1, 1, 1, 1, NULL, 1, 31, '2015-12-20 04:37:48', 31, '2015-12-22 11:37:41'),
(98, 72, 1, NULL, 9, 5, 9, NULL, 1, 1, 1, 1, 1, NULL, 1, 31, '2015-12-21 22:47:27', 31, '2015-12-22 05:47:28'),
(99, 73, 1, NULL, 10, 6, 30, NULL, 1, 1, 1, 1, 1, NULL, 1, 31, '2015-12-21 23:03:04', 31, '2015-12-22 06:03:04'),
(100, 74, 1, NULL, 10, 6, 29, NULL, 1, 1, 1, 1, 1, NULL, 1, 31, '2015-12-21 23:38:32', 31, '2015-12-22 06:38:32'),
(102, 75, 1, NULL, 9, 5, 28, NULL, 1, 1, 1, 1, 1, NULL, 1, 31, '2015-12-22 02:42:50', 31, '2015-12-22 09:42:49'),
(103, 76, 1, NULL, 9, 5, 31, NULL, 1, 1, 1, 1, 1, NULL, 1, 31, '2015-12-23 23:28:42', 31, '2015-12-24 06:28:34'),
(104, 18, 1, NULL, 12, 9, 19, NULL, 1, 1, 1, 1, 1, NULL, 1, 31, '2015-12-27 00:28:52', 31, '2015-12-27 07:28:31'),
(105, 17, 1, NULL, 12, 9, 20, NULL, 1, 1, 1, 1, 1, NULL, 1, 31, '2015-12-27 00:29:14', 31, '2015-12-27 07:28:54'),
(106, 53, 1, NULL, 12, 9, 22, NULL, 1, 1, 1, 1, 1, NULL, 1, 31, '2015-12-27 00:29:24', 31, '2015-12-27 07:29:04'),
(107, 58, 1, NULL, 12, 9, 22, NULL, 1, 1, 1, 1, 1, NULL, 1, 31, '2015-12-27 00:29:29', 31, '2015-12-27 07:29:08'),
(108, 64, 1, NULL, 12, 9, 25, NULL, 1, 1, 1, 1, 1, NULL, 1, 31, '2015-12-27 00:29:43', 31, '2015-12-27 07:29:26'),
(109, 16, 1, NULL, 12, 13, 20, NULL, 1, 1, 1, 1, 1, NULL, 1, 31, '2015-12-27 00:31:34', 31, '2015-12-27 07:31:14'),
(110, 17, 1, NULL, 12, 13, 20, NULL, 1, 1, 1, 1, 1, NULL, 1, 31, '2015-12-27 00:31:37', 31, '2015-12-27 07:31:30'),
(111, 51, 1, NULL, 12, 13, 20, NULL, 1, 1, 1, 1, 1, NULL, 1, 31, '2015-12-27 00:31:39', 31, '2015-12-27 07:31:31'),
(112, 52, 1, NULL, 12, 13, 20, NULL, 1, 1, 1, 1, 1, NULL, 1, 31, '2015-12-27 00:31:40', 31, '2015-12-27 07:31:32'),
(116, 41, 1, NULL, 11, 7, 10, NULL, 1, 1, 1, 1, 1, NULL, 1, 31, '2015-12-27 22:31:12', 31, '2015-12-28 05:30:52'),
(117, 42, 1, NULL, 11, 7, 10, NULL, 1, 1, 1, 1, 1, NULL, 1, 31, '2015-12-27 22:31:16', 31, '2015-12-28 05:31:03'),
(118, 46, 1, NULL, 11, 7, 10, NULL, 1, 1, 1, 1, 1, NULL, 1, 31, '2015-12-27 22:31:22', 31, '2015-12-28 05:31:02'),
(122, 77, 1, NULL, 12, 11, 33, NULL, 1, 1, 1, 1, 1, NULL, 1, 31, '2015-12-29 22:53:26', 31, '2015-12-30 05:52:58'),
(123, 78, 1, NULL, 12, 11, 33, NULL, 1, 1, 1, 1, 1, NULL, 1, 31, '2015-12-29 22:53:30', 31, '2015-12-30 05:53:09'),
(124, 79, 1, NULL, 12, 11, 33, NULL, 1, 1, 1, 1, 1, NULL, 1, 31, '2015-12-29 22:53:31', 31, '2015-12-30 05:53:07'),
(125, 80, 1, NULL, 12, 11, 33, NULL, 1, 1, 1, 1, 1, NULL, 1, 31, '2015-12-30 23:24:12', 31, '2015-12-31 06:23:42'),
(126, 81, 1, NULL, 12, 11, 33, NULL, 1, 1, 1, 1, 1, NULL, 1, 31, '2016-01-03 22:27:27', 31, '2016-01-04 05:27:27'),
(127, 82, 1, NULL, 9, 5, 34, NULL, 1, 1, 1, 1, 1, NULL, 1, 31, '2016-01-08 23:55:26', 31, '2016-07-21 08:31:21'),
(128, 84, 1, NULL, 12, 11, 33, NULL, 1, 1, 1, 1, 1, NULL, 1, 31, '2016-01-19 02:30:09', 31, '2016-01-19 09:29:54'),
(129, 85, 1, NULL, 9, 5, 9, NULL, 1, 1, 1, 1, 1, NULL, 1, 31, '2016-01-20 03:47:17', 31, '2016-01-20 10:46:56'),
(130, 86, 1, NULL, 9, 5, 9, NULL, 1, 1, 1, 1, 1, NULL, 1, 31, '2016-01-20 23:48:06', 31, '2016-01-21 06:47:46'),
(131, 87, 1, NULL, 9, 5, 9, NULL, 1, 1, 1, 1, 1, NULL, 1, 31, '2016-01-23 00:13:13', 31, '2016-01-23 07:12:44'),
(132, 88, 1, NULL, 9, 5, 9, NULL, 1, 1, 1, 1, 1, NULL, 1, 31, '2016-01-25 03:29:48', 31, '2016-01-30 07:02:23'),
(133, 89, 1, NULL, 9, 5, 9, NULL, 1, 1, 1, 1, 1, NULL, 1, 31, '2016-01-25 22:37:15', 31, '2016-01-26 05:37:15'),
(134, 90, 1, NULL, 12, 11, 33, NULL, 1, 1, 1, 1, 1, NULL, 1, 31, '2016-01-27 00:27:57', 31, '2016-01-27 07:27:54'),
(135, 91, 1, NULL, 9, 5, 36, NULL, 1, 1, 1, 1, 1, NULL, 1, 31, '2016-01-27 03:54:49', 31, '2016-01-27 10:54:45'),
(136, 92, 1, NULL, 9, 5, 36, NULL, 1, 1, 1, 1, 1, NULL, 1, 31, '2016-01-27 03:56:59', 31, '2016-01-27 10:56:55'),
(137, 93, 1, NULL, 9, 5, 36, NULL, 1, 1, 1, 1, 1, NULL, 1, 31, '2016-01-27 03:58:39', 31, '2016-01-27 10:58:35'),
(138, 94, 1, NULL, 9, 5, 36, NULL, 1, 1, 1, 1, 1, NULL, 1, 31, '2016-01-27 04:00:32', 31, '2016-01-27 11:00:28'),
(139, 95, 1, NULL, 9, 5, 36, NULL, 1, 1, 1, 1, 1, NULL, 1, 31, '2016-01-27 04:02:54', 31, '2016-01-27 11:02:49'),
(140, 96, 1, NULL, 9, 5, 25, NULL, 1, 1, 1, 1, 1, NULL, 1, 31, '2016-01-27 04:04:59', 31, '2016-01-27 11:04:55'),
(141, 97, 1, NULL, 9, 5, 36, NULL, 1, 1, 1, 1, 1, NULL, 1, 31, '2016-01-27 04:41:15', 31, '2016-01-27 11:41:10'),
(142, 98, 1, NULL, 9, 5, 36, NULL, 1, 1, 1, 1, 1, NULL, 1, 31, '2016-01-27 04:44:39', 31, '2016-01-27 11:44:35'),
(143, 99, 1, NULL, 9, 5, 36, NULL, 0, 0, 0, 0, 0, NULL, 1, 1, '2016-01-27 04:46:44', 31, '2017-09-18 06:39:09'),
(144, 100, 1, NULL, 9, 5, 28, NULL, 1, 1, 1, 1, 1, NULL, 1, 31, '2016-01-27 21:45:40', 31, '2016-01-28 04:45:33'),
(145, 101, 1, NULL, 9, 5, 37, NULL, 1, 1, 1, 1, 1, NULL, 1, 31, '2016-01-27 21:51:14', 31, '2016-01-28 04:51:08'),
(146, 102, 1, NULL, 9, 5, 37, NULL, 1, 1, 1, 1, 1, NULL, 1, 31, '2016-01-27 21:52:45', 31, '2016-01-28 04:52:37'),
(147, 103, 1, NULL, 9, 5, 37, NULL, 1, 1, 1, 1, 1, NULL, 1, 31, '2016-01-27 21:54:19', 31, '2016-01-28 04:54:11'),
(148, 104, 1, NULL, 9, 5, 37, NULL, 1, 1, 1, 1, 1, NULL, 1, 31, '2016-01-27 21:55:33', 31, '2016-01-28 04:55:25'),
(149, 105, 1, NULL, 9, 5, 37, NULL, 1, 1, 1, 1, 1, NULL, 1, 31, '2016-01-27 21:58:01', 31, '2016-01-28 04:57:53'),
(150, 106, 1, NULL, 9, 5, 37, NULL, 1, 1, 1, 1, 1, NULL, 1, 31, '2016-01-27 21:59:50', 31, '2016-01-28 04:59:42'),
(151, 107, 1, NULL, 12, 11, 33, NULL, 1, 1, 1, 1, 1, NULL, 1, 31, '2016-01-31 00:37:20', 31, '2016-01-31 07:37:02'),
(152, 108, 1, NULL, 9, 5, 38, NULL, 1, 1, 1, 1, 1, NULL, 1, 31, '2016-02-02 05:07:36', 31, '2016-02-02 12:07:32'),
(153, 109, 1, NULL, 10, 6, 39, NULL, 1, 1, 1, 1, 1, NULL, 1, 31, '2016-02-03 05:52:01', 31, '2016-02-03 12:51:54'),
(154, 110, 1, NULL, 12, 11, 33, NULL, 1, 1, 1, 1, 1, NULL, 1, 31, '2016-02-03 23:39:32', 31, '2016-02-04 06:39:06'),
(155, 111, 1, NULL, 9, 5, 40, NULL, 1, 1, 1, 1, 1, NULL, 1, 31, '2016-02-08 23:34:09', 31, '2016-02-09 06:34:04'),
(156, 112, 1, NULL, 9, 5, 40, NULL, 1, 1, 1, 1, 1, NULL, 1, 31, '2016-02-08 23:34:14', 31, '2016-02-09 06:34:10'),
(157, 115, 1, NULL, 9, 5, 39, NULL, 1, 1, 1, 1, 1, NULL, 1, 31, '2016-02-08 23:34:21', 31, '2016-02-09 06:34:16'),
(158, 114, 1, NULL, 9, 5, 39, NULL, 0, 0, 0, 0, 0, NULL, 1, 1, '2016-02-08 23:34:26', 31, '2017-07-09 10:14:40'),
(159, 113, 1, NULL, 9, 5, 39, NULL, 1, 1, 1, 1, 1, NULL, 1, 31, '2016-02-08 23:34:27', 31, '2016-02-09 06:35:06'),
(160, 116, 1, NULL, 9, 5, 20, NULL, 1, 1, 1, 1, 1, NULL, 1, 1, '2016-02-23 03:13:13', 31, '2017-06-12 03:52:20'),
(161, 117, 1, NULL, 9, 5, 23, NULL, 1, 1, 1, 1, 1, NULL, 1, 31, '2016-02-23 03:18:28', 31, '2016-02-23 10:17:43'),
(162, 118, 1, NULL, 12, 10, 41, NULL, 0, 0, 0, 0, 0, NULL, 1, 31, '2016-02-23 03:39:30', 31, '2016-02-23 10:39:16'),
(163, 119, 1, NULL, 12, 10, 41, NULL, 0, 0, 0, 0, 0, NULL, 1, 31, '2016-02-23 03:39:36', 31, '2016-02-23 10:39:19'),
(164, 118, 1, NULL, 10, 6, 41, NULL, 1, 1, 1, 1, 1, NULL, 1, 31, '2016-02-23 03:40:16', 31, '2016-02-23 10:39:34'),
(165, 119, 1, NULL, 10, 6, 41, NULL, 1, 1, 1, 1, 1, NULL, 1, 31, '2016-02-23 03:40:17', 31, '2016-02-23 10:39:34'),
(166, 120, 1, NULL, 10, 6, 42, NULL, 1, 1, 1, 1, 1, NULL, 1, 31, '2016-02-24 00:35:00', 31, '2016-02-24 07:34:11'),
(167, 49, 1, NULL, 13, 8, 10, NULL, 0, 0, 0, 0, 0, NULL, 1, 31, '2016-02-28 22:23:20', 31, '2016-02-29 10:03:51'),
(168, 121, 1, NULL, 10, 6, 41, NULL, 1, 1, 1, 1, 1, NULL, 1, 31, '2016-03-08 22:33:44', 31, '2016-03-09 05:33:24'),
(169, 122, 1, NULL, 9, 5, 34, NULL, 0, 0, 0, 0, 0, NULL, 1, 31, '2016-03-16 00:21:07', 31, '2016-07-21 08:31:26'),
(170, 123, 1, NULL, 13, 8, 22, NULL, 1, 1, 1, 1, 1, NULL, 1, 31, '2016-03-27 23:58:27', 31, '2016-03-28 07:56:45'),
(171, 124, 1, NULL, 15, 17, 43, NULL, 1, 1, 1, 1, 1, NULL, 1, 31, '2016-03-31 02:29:23', 31, '2016-03-31 10:27:29'),
(172, 125, 1, NULL, 9, 5, 43, NULL, 0, 0, 0, 0, 0, NULL, 1, 31, '2016-03-31 02:45:43', 31, '2016-04-03 07:47:12'),
(173, 126, 1, NULL, 15, 17, 43, NULL, 0, 0, 0, 0, 0, NULL, 1, 31, '2016-03-31 02:46:42', 31, '2016-03-31 10:48:01'),
(174, 125, 1, NULL, 15, 17, 43, NULL, 1, 1, 1, 1, 1, NULL, 1, 31, '2016-03-31 02:48:46', 31, '2016-03-31 10:46:51'),
(175, 127, 1, NULL, 9, 5, 43, NULL, 1, 1, 1, 1, 1, NULL, 1, 31, '2016-04-03 00:08:06', 31, '2016-04-03 08:06:02'),
(176, 116, 1, NULL, 12, 13, 20, NULL, 1, 1, 1, 1, 1, NULL, 1, 31, '2016-07-24 09:58:05', 31, '2016-07-24 11:58:09'),
(177, 55, 1, NULL, 12, 13, 23, NULL, 1, 1, 1, 1, 1, NULL, 1, 31, '2016-07-24 11:35:19', 31, '2016-07-24 13:35:21'),
(178, 117, 1, NULL, 12, 13, 23, NULL, 1, 1, 1, 1, 1, NULL, 1, 31, '2016-07-24 11:35:22', 31, '2016-07-24 13:35:26'),
(179, 6, 1, NULL, 12, 13, 10, NULL, 1, 1, 1, 1, 1, NULL, 1, 31, '2016-07-24 11:36:39', 31, '2016-07-24 13:36:45'),
(180, 7, 1, NULL, 12, 13, 10, NULL, 1, 1, 1, 1, 1, NULL, 1, 31, '2016-07-24 11:36:47', 31, '2016-07-24 13:36:49'),
(181, 13, 1, NULL, 12, 13, 10, NULL, 1, 1, 1, 1, 1, NULL, 1, 31, '2016-07-24 11:36:50', 31, '2016-07-24 13:36:54'),
(182, 41, 1, NULL, 12, 13, 10, NULL, 1, 1, 1, 1, 1, NULL, 1, 31, '2016-07-24 11:36:55', 31, '2016-07-24 13:37:00'),
(183, 42, 1, NULL, 12, 13, 10, NULL, 1, 1, 1, 1, 1, NULL, 1, 31, '2016-07-24 11:37:01', 31, '2016-07-24 13:37:05'),
(184, 44, 1, NULL, 12, 13, 10, NULL, 1, 1, 1, 1, 1, NULL, 1, 31, '2016-07-24 11:37:08', 31, '2016-07-24 13:37:11'),
(185, 46, 1, NULL, 12, 13, 10, NULL, 1, 1, 1, 1, 1, NULL, 1, 31, '2016-07-24 11:37:13', 31, '2016-07-24 13:37:16'),
(186, 47, 1, NULL, 12, 13, 10, NULL, 1, 1, 1, 1, 1, NULL, 1, 31, '2016-07-24 11:37:17', 31, '2016-07-24 13:37:31'),
(187, 48, 1, NULL, 12, 13, 10, NULL, 1, 1, 1, 1, 1, NULL, 1, 31, '2016-07-24 11:37:33', 31, '2016-07-24 13:37:35'),
(188, 49, 1, NULL, 12, 13, 10, NULL, 1, 1, 1, 1, 1, NULL, 1, 31, '2016-07-24 11:37:36', 31, '2016-07-24 13:37:39'),
(189, 57, 1, NULL, 12, 13, 10, NULL, 1, 1, 1, 1, 1, NULL, 1, 31, '2016-07-24 11:37:40', 31, '2016-07-24 13:37:43'),
(190, 72, 1, NULL, 12, 20, 9, NULL, 1, 1, 1, 1, 1, NULL, 1, 31, '2016-07-25 03:42:30', 31, '2016-07-25 05:42:33'),
(191, 92, 1, NULL, 12, 20, 36, NULL, 1, 1, 1, 1, 1, NULL, 1, 31, '2016-07-25 03:42:50', 31, '2016-07-25 05:42:53'),
(192, 56, 1, NULL, 12, 20, 9, NULL, 1, 1, 1, 1, 1, NULL, 1, 31, '2016-07-25 03:42:59', 31, '2016-07-25 05:43:02'),
(193, 15, 1, NULL, 12, 19, 9, NULL, 1, 1, 1, 1, 1, NULL, 1, 31, '2016-07-25 03:47:14', 31, '2016-07-25 05:47:17'),
(194, 21, 1, NULL, 12, 19, 9, NULL, 1, 1, 1, 1, 1, NULL, 1, 31, '2016-07-25 03:47:19', 31, '2016-07-25 05:47:22'),
(195, 23, 1, NULL, 12, 19, 9, NULL, 1, 1, 1, 1, 1, NULL, 1, 31, '2016-07-25 03:47:23', 31, '2016-07-25 05:47:26'),
(196, 27, 1, NULL, 12, 19, 9, NULL, 1, 1, 1, 1, 1, NULL, 1, 31, '2016-07-25 03:47:27', 31, '2016-07-25 05:47:31'),
(197, 28, 1, NULL, 12, 19, 9, NULL, 1, 1, 1, 1, 1, NULL, 1, 31, '2016-07-25 03:47:33', 31, '2016-07-25 05:47:36'),
(198, 40, 1, NULL, 12, 19, 9, NULL, 1, 1, 1, 1, 1, NULL, 1, 31, '2016-07-25 03:47:37', 31, '2016-07-25 05:47:40'),
(199, 43, 1, NULL, 12, 19, 9, NULL, 1, 1, 1, 1, 1, NULL, 1, 31, '2016-07-25 03:47:42', 31, '2016-07-25 05:47:45'),
(200, 56, 1, NULL, 12, 19, 9, NULL, 1, 1, 1, 1, 1, NULL, 1, 31, '2016-07-25 03:47:46', 31, '2016-07-25 05:47:48'),
(201, 62, 1, NULL, 12, 19, 9, NULL, 1, 1, 1, 1, 1, NULL, 1, 31, '2016-07-25 03:47:49', 31, '2016-07-25 05:47:53'),
(202, 63, 1, NULL, 12, 19, 9, NULL, 1, 1, 1, 1, 1, NULL, 1, 31, '2016-07-25 03:47:53', 31, '2016-07-25 05:47:56'),
(203, 65, 1, NULL, 12, 19, 9, NULL, 1, 1, 1, 1, 1, NULL, 1, 31, '2016-07-25 03:47:57', 31, '2016-07-25 05:48:00'),
(204, 72, 1, NULL, 12, 19, 9, NULL, 1, 1, 1, 1, 1, NULL, 1, 31, '2016-07-25 03:48:00', 31, '2016-07-25 05:48:03'),
(205, 87, 1, NULL, 12, 19, 9, NULL, 1, 1, 1, 1, 1, NULL, 1, 31, '2016-07-25 03:48:04', 31, '2016-07-25 05:48:08'),
(206, 88, 1, NULL, 12, 19, 9, NULL, 1, 1, 1, 1, 1, NULL, 1, 31, '2016-07-25 03:48:09', 31, '2016-07-25 05:48:13'),
(207, 89, 1, NULL, 12, 19, 9, NULL, 1, 1, 1, 1, 1, NULL, 1, 31, '2016-07-25 03:48:15', 31, '2016-07-25 05:48:17'),
(208, 64, 1, NULL, 12, 19, 25, NULL, 1, 1, 1, 1, 1, NULL, 1, 31, '2016-07-25 03:48:27', 31, '2016-07-25 05:48:30'),
(209, 96, 1, NULL, 12, 19, 25, NULL, 1, 1, 1, 1, 1, NULL, 1, 31, '2016-07-25 03:48:31', 31, '2016-07-25 05:48:34'),
(210, 82, 1, NULL, 12, 19, 34, NULL, 1, 1, 1, 1, 1, NULL, 1, 31, '2016-07-25 03:48:46', 31, '2016-07-25 05:48:50'),
(211, 91, 1, NULL, 12, 19, 36, NULL, 1, 1, 1, 1, 1, NULL, 1, 31, '2016-07-25 03:48:55', 31, '2016-07-25 05:48:58'),
(212, 92, 1, NULL, 12, 19, 36, NULL, 1, 1, 1, 1, 1, NULL, 1, 31, '2016-07-25 03:48:58', 31, '2016-07-25 05:49:02'),
(213, 93, 1, NULL, 12, 19, 36, NULL, 1, 1, 1, 1, 1, NULL, 1, 31, '2016-07-25 03:49:03', 31, '2016-07-25 05:49:06'),
(214, 94, 1, NULL, 12, 19, 36, NULL, 1, 1, 1, 1, 1, NULL, 1, 31, '2016-07-25 03:49:07', 31, '2016-07-25 05:49:09'),
(215, 95, 1, NULL, 12, 19, 36, NULL, 1, 1, 1, 1, 1, NULL, 1, 31, '2016-07-25 03:49:11', 31, '2016-07-25 05:49:15'),
(216, 97, 1, NULL, 12, 19, 36, NULL, 1, 1, 1, 1, 1, NULL, 1, 31, '2016-07-25 03:49:18', 31, '2016-07-25 05:49:22'),
(217, 98, 1, NULL, 12, 19, 36, NULL, 1, 1, 1, 1, 1, NULL, 1, 31, '2016-07-25 03:49:23', 31, '2016-07-25 05:49:28'),
(218, 99, 1, NULL, 12, 19, 36, NULL, 1, 1, 1, 1, 1, NULL, 1, 31, '2016-07-25 03:49:29', 31, '2016-07-25 05:49:32'),
(219, 101, 1, NULL, 10, 6, 37, NULL, 1, 1, 1, 1, 1, NULL, 1, 31, '2016-07-25 03:55:33', 31, '2016-07-25 05:56:40'),
(220, 102, 1, NULL, 10, 6, 37, NULL, 1, 1, 1, 1, 1, NULL, 1, 31, '2016-07-25 03:55:48', 31, '2016-07-25 05:56:41'),
(221, 103, 1, NULL, 10, 6, 37, NULL, 1, 1, 1, 1, 1, NULL, 1, 31, '2016-07-25 03:55:53', 31, '2016-07-25 05:56:41'),
(222, 105, 1, NULL, 10, 6, 37, NULL, 1, 1, 1, 1, 1, NULL, 1, 31, '2016-07-25 03:56:27', 31, '2016-07-25 05:56:42'),
(223, 106, 1, NULL, 10, 6, 37, NULL, 1, 1, 1, 1, 1, NULL, 1, 31, '2016-07-25 03:56:29', 31, '2016-07-25 05:56:42'),
(224, 128, 1, NULL, 9, 5, 36, NULL, 1, 1, 1, 1, 1, NULL, 1, 31, '2017-04-25 09:36:51', 31, '2017-04-25 11:36:30'),
(225, 129, 1, NULL, 9, 5, 45, NULL, 1, 1, 1, 1, 1, NULL, 1, 31, '2017-04-30 04:52:11', 31, '2017-04-30 06:52:12'),
(226, 113, 1, NULL, 16, 21, 39, NULL, 1, 1, 1, 1, 1, NULL, 1, 1, '2017-05-09 09:18:49', 1, '2017-05-23 12:54:55'),
(227, 115, 1, NULL, 16, 21, 39, NULL, 1, 1, 1, 1, 1, NULL, 1, 1, '2017-05-09 09:19:37', 1, '2017-05-09 09:19:40'),
(228, 130, 1, NULL, 9, 5, 46, NULL, 1, 1, 1, 1, 1, NULL, 1, 1, '2017-05-11 09:12:48', 1, '2017-05-11 11:12:44'),
(229, 131, 1, NULL, 9, 5, 46, NULL, 1, 1, 1, 1, 1, NULL, 1, 1, '2017-05-13 08:55:28', 1, '2017-05-13 10:55:18'),
(230, 132, 1, NULL, 9, 5, 9, NULL, 1, 1, 1, 1, 1, NULL, 1, 1, '2017-05-17 11:49:08', 1, '2017-05-17 13:49:04'),
(231, 114, 1, NULL, 13, 8, 39, NULL, 1, 1, 1, 1, 1, NULL, 1, 1, '2017-05-23 10:24:30', 1, '2017-05-23 12:24:30'),
(232, 133, 1, NULL, 9, 5, 47, NULL, 1, 1, 1, 1, 1, NULL, 1, 1, '2017-05-27 09:26:51', 1, '2017-05-27 11:26:50'),
(233, 134, 1, NULL, 9, 5, 47, NULL, 1, 1, 1, 1, 1, NULL, 1, 1, '2017-05-27 11:29:03', 1, '2017-05-27 11:29:10'),
(234, 135, 1, NULL, 9, 5, 46, NULL, 1, 1, 1, 1, 1, NULL, 1, 1, '2017-06-06 05:10:48', 1, '2017-06-06 07:10:46'),
(235, 136, 1, NULL, 9, 5, 47, NULL, 1, 1, 1, 1, 1, NULL, 1, 1, '2017-06-07 04:02:25', 1, '2017-06-07 04:02:28'),
(236, 137, 1, NULL, 9, 5, 46, NULL, 1, 1, 1, 1, 1, NULL, 1, 1, '2017-06-07 09:28:48', 1, '2017-06-07 11:28:43'),
(237, 138, 1, NULL, 16, 21, 39, NULL, 1, 1, 1, 1, 1, NULL, 1, 1, '2017-06-08 06:58:42', 1, '2017-06-08 06:58:48'),
(238, 139, 1, NULL, 9, 5, 9, NULL, 1, 1, 1, 1, 1, NULL, 1, 1, '2017-06-11 02:50:21', 1, '2017-06-11 04:50:05'),
(239, 140, 1, NULL, 9, 5, 9, NULL, 1, 1, 1, 1, 1, NULL, 1, 1, '2017-06-11 03:28:52', 1, '2017-06-11 05:28:36'),
(240, 136, 1, NULL, 13, 22, 47, NULL, 1, 1, 1, 1, 1, NULL, 1, 1, '2017-06-11 08:09:50', 1, '2017-06-11 10:10:31'),
(241, 136, 1, NULL, 13, 8, 47, NULL, 1, 1, 1, 1, 1, NULL, 1, 1, '2017-06-11 08:10:56', 1, '2017-06-11 10:10:40'),
(242, 141, 1, NULL, 13, 8, 48, NULL, 1, 1, 1, 1, 1, NULL, 1, 1, '2017-06-13 06:37:44', 1, '2017-06-13 08:37:26'),
(243, 142, 1, NULL, 13, 8, 48, NULL, 0, 0, 0, 0, 0, NULL, 1, 1, '2017-06-13 06:37:50', 1, '2017-06-13 06:39:35'),
(244, 143, 1, NULL, 13, 8, 48, NULL, 0, 0, 0, 0, 0, NULL, 1, 1, '2017-06-13 06:37:54', 1, '2017-06-13 06:39:39'),
(245, 142, 1, NULL, 9, 5, 48, NULL, 1, 1, 1, 1, 1, NULL, 1, 1, '2017-06-13 06:39:57', 1, '2017-06-13 06:40:03'),
(246, 143, 1, NULL, 9, 5, 48, NULL, 1, 1, 1, 1, 1, NULL, 1, 1, '2017-06-13 06:40:01', 1, '2017-07-19 12:19:48'),
(247, 116, 1, NULL, 16, 21, 20, NULL, 1, 1, 1, 1, 1, NULL, 1, 1, '2017-06-21 05:33:53', 1, '2017-06-21 07:33:34'),
(248, 139, 1, NULL, 16, 21, 9, NULL, 1, 1, 1, 1, 1, NULL, 1, 1, '2017-06-21 08:06:34', 1, '2017-06-21 10:06:14'),
(249, 140, 1, NULL, 16, 21, 9, NULL, 1, 1, 1, 1, 1, NULL, 1, 1, '2017-06-21 08:06:38', 1, '2017-06-21 10:06:19'),
(250, 8, 1, NULL, 9, 5, 9, NULL, 0, 0, 0, 0, 0, NULL, 1, 1, '2017-07-12 08:28:38', 1, '2017-07-12 10:29:23'),
(251, 144, 1, NULL, 9, 5, 9, NULL, 0, 0, 0, 0, 0, NULL, 1, 1, '2017-07-12 08:28:48', 1, '2017-07-12 10:29:32'),
(252, 145, 1, NULL, 9, 5, 49, NULL, 1, 1, 1, 1, 1, NULL, 1, 1, '2017-07-23 09:56:12', 1, '2017-07-23 10:34:13'),
(253, 146, 1, NULL, 9, 5, 50, NULL, 1, 1, 1, 1, 1, NULL, 1, 1, '2017-07-25 04:02:26', 1, '2017-07-25 04:03:33'),
(254, 147, 1, NULL, 9, 5, 49, NULL, 1, 1, 1, 1, 1, NULL, 1, 1, '2017-07-26 03:58:59', 1, '2017-07-26 05:59:59'),
(255, 148, 1, NULL, 9, 5, 50, NULL, 1, 1, 1, 1, 1, NULL, 1, 1, '2017-07-26 08:11:39', 1, '2017-07-26 08:12:49'),
(256, 149, 1, NULL, 9, 5, 50, NULL, 1, 1, 1, 1, 1, NULL, 1, 1, '2017-07-27 08:38:14', 1, '2017-07-27 08:39:26'),
(257, 150, 1, NULL, 9, 5, 50, NULL, 0, 0, 0, 0, 0, NULL, 1, 1, '2017-07-29 04:20:58', 1, '2017-08-06 05:54:28'),
(258, 151, 1, NULL, 9, 5, 49, NULL, 1, 1, 1, 1, 1, NULL, 1, 1, '2017-07-29 05:55:50', 1, '2017-07-29 07:56:46'),
(259, 8, 1, NULL, 13, 8, 9, NULL, 0, 0, 0, 0, 0, NULL, 1, 1, '2017-07-29 11:10:32', 1, '2017-07-31 07:41:01'),
(260, 132, 1, NULL, 13, 8, 9, NULL, 0, 0, 0, 0, 0, NULL, 1, 1, '2017-07-29 11:10:33', 1, '2017-07-31 07:41:03'),
(261, 16, 1, NULL, 13, 8, 20, NULL, 0, 0, 0, 0, 0, NULL, 1, 1, '2017-07-29 11:10:37', 1, '2017-07-31 07:41:58'),
(262, 94, 1, NULL, 13, 8, 36, NULL, 0, 0, 0, 0, 0, NULL, 1, 1, '2017-07-29 11:10:40', 1, '2017-07-31 07:41:08'),
(263, 95, 1, NULL, 13, 8, 36, NULL, 0, 0, 0, 0, 0, NULL, 1, 1, '2017-07-29 11:10:41', 1, '2017-07-31 07:41:09'),
(264, 98, 1, NULL, 13, 8, 36, NULL, 0, 0, 0, 0, 0, NULL, 1, 1, '2017-07-29 11:10:42', 1, '2017-07-31 07:41:10'),
(265, 97, 1, NULL, 13, 8, 36, NULL, 0, 0, 0, 0, 0, NULL, 1, 1, '2017-07-29 11:10:43', 1, '2017-07-31 07:41:09'),
(266, 91, 1, NULL, 13, 8, 36, NULL, 0, 0, 0, 0, 0, NULL, 1, 1, '2017-07-29 11:10:44', 1, '2017-07-31 07:41:07'),
(267, 152, 1, NULL, 9, 5, 50, NULL, 1, 1, 1, 1, 1, NULL, 1, 1, '2017-07-31 10:25:08', 1, '2017-07-31 10:26:25'),
(268, 153, 1, NULL, 9, 5, 45, NULL, 1, 1, 1, 1, 1, NULL, 1, 1, '2017-07-31 13:02:18', 1, '2017-07-31 15:03:13'),
(269, 154, 1, NULL, 9, 5, 50, NULL, 1, 1, 1, 1, 1, NULL, 1, 1, '2017-08-01 10:14:51', 1, '2017-08-01 10:16:09'),
(270, 155, 1, NULL, 9, 5, 50, NULL, 1, 1, 1, 1, 1, NULL, 1, 1, '2017-08-02 09:34:31', 1, '2017-08-02 09:35:51'),
(271, 156, 1, NULL, 9, 5, 46, NULL, 1, 1, 1, 1, 1, NULL, 1, 1, '2017-08-03 08:23:49', 1, '2017-08-03 10:24:40'),
(272, 150, 1, NULL, 13, 8, 50, NULL, 1, 1, 1, 1, 1, NULL, 1, 1, '2017-08-05 04:22:44', 1, '2017-08-05 04:24:09'),
(273, 157, 1, NULL, 13, 8, 48, NULL, 1, 1, 1, 1, 1, NULL, 1, 1, '2017-08-06 08:18:27', 1, '2017-08-06 08:19:52'),
(274, 158, 1, NULL, 9, 5, 50, NULL, 1, 1, 1, 1, 1, NULL, 1, 1, '2017-08-07 03:44:44', 1, '2017-08-07 05:46:11'),
(275, 159, 1, NULL, 9, 5, 49, NULL, 0, 0, 0, 0, 0, NULL, 1, 1, '2017-08-08 10:16:31', 1, '2017-08-27 15:24:33'),
(276, 160, 1, NULL, 17, 23, 51, NULL, 1, 1, 1, 1, 1, NULL, 1, 1, '2017-08-09 06:03:41', 1, '2017-08-09 06:05:53'),
(277, 161, 1, NULL, 17, 23, 50, NULL, 0, 0, 0, 0, 0, NULL, 1, 1, '2017-08-09 06:08:16', 1, '2017-08-28 05:59:33'),
(278, 146, 1, NULL, 17, 23, 50, NULL, 1, 1, 1, 1, 1, NULL, 1, 1, '2017-08-09 10:29:49', 1, '2017-08-09 12:31:08'),
(279, 148, 1, NULL, 17, 23, 50, NULL, 1, 1, 1, 1, 1, NULL, 1, 1, '2017-08-09 10:29:53', 1, '2017-08-09 12:31:12'),
(280, 149, 1, NULL, 17, 23, 50, NULL, 1, 1, 1, 1, 1, NULL, 1, 1, '2017-08-09 10:29:57', 1, '2017-08-09 12:31:17'),
(281, 150, 1, NULL, 17, 23, 50, NULL, 0, 0, 0, 0, 0, NULL, 1, 1, '2017-08-09 10:30:02', 1, '2017-08-09 12:31:19'),
(282, 152, 1, NULL, 17, 23, 50, NULL, 0, 0, 0, 0, 0, NULL, 1, 1, '2017-08-09 10:30:04', 1, '2017-08-09 12:31:21'),
(283, 154, 1, NULL, 17, 23, 50, NULL, 1, 1, 1, 1, 1, NULL, 1, 1, '2017-08-09 10:30:05', 1, '2017-08-09 12:31:25'),
(284, 155, 1, NULL, 17, 23, 50, NULL, 1, 1, 1, 1, 1, NULL, 1, 1, '2017-08-09 10:30:09', 1, '2017-08-09 12:31:29'),
(285, 158, 1, NULL, 17, 23, 50, NULL, 0, 0, 0, 0, 0, NULL, 1, 1, '2017-08-09 10:30:15', 1, '2017-08-28 06:02:27'),
(286, 162, 1, NULL, 9, 5, 9, NULL, 1, 1, 1, 1, 1, NULL, 1, 1, '2017-08-10 08:30:09', 1, '2017-08-10 10:31:33'),
(287, 163, 1, NULL, 17, 23, 50, NULL, 0, 0, 0, 0, 0, NULL, 1, 1, '2017-08-13 09:24:41', 1, '2017-08-28 06:09:22'),
(288, 164, 1, NULL, 17, 23, 50, NULL, 0, 0, 0, 0, 0, NULL, 1, 1, '2017-08-21 04:30:57', 1, '2017-08-28 06:03:19'),
(289, 165, 1, NULL, 17, 23, 50, NULL, 0, 0, 0, 0, 0, NULL, 1, 1, '2017-08-23 06:18:24', 1, '2017-08-28 06:10:17'),
(290, 166, 1, NULL, 9, 5, 49, NULL, 0, 0, 0, 0, 0, NULL, 1, 1, '2017-08-23 09:08:26', 1, '2017-08-27 15:24:21'),
(291, 167, 1, NULL, 9, 5, 9, NULL, 1, 1, 1, 1, 1, NULL, 1, 1, '2017-08-26 10:13:16', 1, '2017-08-26 10:15:09'),
(292, 168, 1, NULL, 9, 5, 49, NULL, 1, 1, 1, 1, 1, NULL, 1, 1, '2017-08-27 09:37:21', 1, '2017-08-27 11:39:14'),
(293, 169, 1, NULL, 17, 23, 51, NULL, 1, 1, 1, 1, 1, NULL, 1, 1, '2017-08-28 05:57:41', 1, '2017-08-28 05:59:38'),
(294, 170, 1, NULL, 17, 23, 51, NULL, 1, 1, 1, 1, 1, NULL, 1, 1, '2017-08-28 05:59:44', 1, '2017-08-28 06:01:40'),
(295, 171, 1, NULL, 17, 23, 51, NULL, 1, 1, 1, 1, 1, NULL, 1, 1, '2017-08-28 06:01:17', 1, '2017-08-28 06:03:14'),
(296, 172, 1, NULL, 17, 23, 52, NULL, 1, 1, 1, 1, 1, NULL, 1, 1, '2017-08-28 06:07:22', 1, '2017-08-28 06:09:19'),
(297, 173, 1, NULL, 17, 23, 52, NULL, 1, 1, 1, 1, 1, NULL, 1, 1, '2017-08-28 06:08:18', 1, '2017-08-28 06:10:13'),
(298, 174, 1, NULL, 17, 23, 50, NULL, 1, 1, 1, 1, 1, NULL, 1, 1, '2017-08-28 09:03:35', 1, '2017-08-28 11:05:33'),
(299, 175, 1, NULL, 9, 5, 9, NULL, 1, 1, 1, 1, 1, NULL, 1, 1, '2017-09-07 04:45:39', 1, '2017-09-07 04:47:45'),
(300, 176, 1, NULL, 9, 5, 9, NULL, 1, 1, 1, 1, 1, NULL, 1, 1, '2017-09-09 04:02:03', 1, '2017-09-09 04:04:11'),
(301, 177, 1, NULL, 9, 5, 46, NULL, 1, 1, 1, 1, 1, NULL, 1, 1, '2017-09-17 04:12:15', 1, '2017-09-17 06:14:14'),
(302, 178, 1, NULL, 13, 8, 53, NULL, 1, 1, 1, 1, 1, NULL, 1, 1, '2017-09-20 06:33:00', 1, '2017-09-20 08:35:17'),
(303, 179, 1, NULL, 9, 5, 53, NULL, 1, 1, 1, 1, 1, NULL, 1, 1, '2017-09-20 08:24:28', 1, '2017-09-20 10:26:46'),
(304, 180, 1, NULL, 9, 5, 53, NULL, 1, 1, 1, 1, 1, NULL, 1, 1, '2017-09-21 03:56:07', 1, '2017-09-21 05:58:27'),
(305, 181, 1, NULL, 13, 8, 53, NULL, 1, 1, 1, 1, 1, NULL, 1, 1, '2017-09-21 06:26:02', 1, '2017-09-21 08:28:20'),
(306, 172, 1, NULL, 9, 5, 52, NULL, 0, 0, 0, 0, 0, NULL, 1, 1, '2017-09-23 09:48:51', 1, '2017-09-23 11:51:55'),
(307, 173, 1, NULL, 9, 5, 52, NULL, 0, 0, 0, 0, 0, NULL, 1, 1, '2017-09-23 09:50:57', 1, '2017-09-23 11:53:51'),
(308, 182, 1, NULL, 9, 5, 53, NULL, 1, 1, 1, 1, 1, NULL, 1, 1, '2017-09-23 10:06:38', 1, '2017-09-23 12:08:57'),
(309, 183, 1, NULL, 13, 8, 53, NULL, 1, 1, 1, 1, 1, NULL, 1, 1, '2017-09-27 11:30:19', 1, '2017-09-27 13:32:46'),
(310, 184, 1, NULL, 13, 8, 53, NULL, 1, 1, 1, 1, 1, NULL, 1, 1, '2017-09-28 05:58:21', 1, '2017-09-28 08:00:45'),
(311, 185, 1, NULL, 9, 5, 53, NULL, 1, 1, 1, 1, 1, NULL, 1, 1, '2017-10-02 06:02:47', 1, '2017-10-24 14:21:47'),
(312, 186, 1, NULL, 9, 5, 49, NULL, 1, 1, 1, 1, 1, NULL, 1, 1, '2017-11-08 08:27:37', 1, '2017-11-08 09:31:03'),
(313, 187, 1, NULL, 9, 5, 49, NULL, 1, 1, 1, 1, 1, NULL, 1, 1, '2017-11-09 09:53:33', 1, '2017-11-09 10:57:03'),
(314, 188, 1, NULL, 9, 5, 45, NULL, 0, 0, 0, 0, 0, NULL, 1, 1, '2017-11-19 09:09:54', 1, '2017-11-20 11:19:13'),
(315, 189, 1, NULL, 9, 5, 45, NULL, 1, 1, 1, 1, 1, NULL, 1, 1, '2017-11-20 08:32:34', 1, '2017-11-20 09:32:40'),
(316, 188, 1, NULL, 13, 8, 45, NULL, 1, 1, 1, 1, 1, NULL, 1, 1, '2017-11-20 10:18:19', 1, '2017-11-20 11:18:21'),
(317, 190, 1, NULL, 9, 5, 54, NULL, 1, 1, 1, 1, 1, NULL, 1, 1, '2017-11-21 10:45:57', 1, '2017-11-21 11:46:03'),
(318, 191, 1, NULL, 9, 5, 54, NULL, 1, 1, 1, 1, 1, NULL, 1, 1, '2017-11-22 09:12:46', 1, '2017-11-22 10:12:49'),
(319, 192, 1, NULL, 9, 5, 54, NULL, 1, 1, 1, 1, 1, NULL, 1, 1, '2017-11-23 09:02:59', 1, '2017-11-23 10:03:01');

-- --------------------------------------------------------

--
-- Table structure for table `sa_ug_level`
--

CREATE TABLE IF NOT EXISTS `sa_ug_level` (
  `UG_LEVEL_ID` bigint(14) NOT NULL AUTO_INCREMENT,
  `ORG_ID` int(11) DEFAULT '1',
  `USERGRP_ID` bigint(14) DEFAULT NULL,
  `SUB_PROJ_ID` bigint(14) DEFAULT NULL,
  `UGLEVE_NAME` varchar(50) DEFAULT NULL,
  `ORDER_SL` tinyint(2) DEFAULT NULL,
  `ACTIVE_STATUS` tinyint(1) DEFAULT '1',
  `ENTERED_BY` int(10) DEFAULT NULL,
  `ENTRY_TIMESTAMP` timestamp NOT NULL DEFAULT CURRENT_TIMESTAMP,
  `UPDATE_BY` int(10) DEFAULT NULL,
  `UPDATED_TIMESTAMP` datetime DEFAULT NULL,
  PRIMARY KEY (`UG_LEVEL_ID`)
) ENGINE=InnoDB  DEFAULT CHARSET=utf8 AUTO_INCREMENT=26 ;

--
-- Dumping data for table `sa_ug_level`
--

INSERT INTO `sa_ug_level` (`UG_LEVEL_ID`, `ORG_ID`, `USERGRP_ID`, `SUB_PROJ_ID`, `UGLEVE_NAME`, `ORDER_SL`, `ACTIVE_STATUS`, `ENTERED_BY`, `ENTRY_TIMESTAMP`, `UPDATE_BY`, `UPDATED_TIMESTAMP`) VALUES
(5, 1, 9, NULL, 'Super Admin', NULL, 1, 1, '2015-09-07 04:08:59', NULL, '2015-09-07 16:08:59'),
(6, 1, 10, NULL, 'Finance Manager', NULL, 1, 1, '2015-12-01 22:09:49', NULL, NULL),
(7, 1, 11, NULL, 'BBA - Course Co-ordinator', NULL, 1, 1, '2015-12-02 22:33:04', NULL, NULL),
(8, 1, 13, NULL, 'Teacher', NULL, 1, 1, '2015-12-07 23:32:15', NULL, NULL),
(9, 1, 12, NULL, 'VC Office', NULL, 1, 1, '2015-12-07 23:32:30', NULL, NULL),
(10, 1, 12, NULL, 'Treasurer''s Office', NULL, 1, 1, '2015-12-07 23:32:39', NULL, NULL),
(11, 1, 12, NULL, 'Controller Office', NULL, 1, 1, '2015-12-07 23:32:49', NULL, NULL),
(12, 1, 12, NULL, 'Registrar Office', NULL, 1, 1, '2015-12-07 23:32:57', NULL, NULL),
(13, 1, 12, NULL, 'COE', NULL, 1, 1, '2015-12-07 23:33:05', NULL, NULL),
(14, 1, 12, NULL, 'Library', NULL, 1, 1, '2015-12-07 23:33:13', NULL, NULL),
(15, 1, 12, NULL, 'Information Technology', NULL, 1, 1, '2015-12-07 23:33:24', NULL, NULL),
(17, 1, 15, NULL, 'Head of HR', NULL, 1, 31, '2016-03-31 02:29:04', NULL, NULL),
(18, 1, 12, NULL, 'Registration', NULL, 1, 31, '2016-07-24 09:57:08', NULL, NULL),
(19, 1, 12, NULL, 'IT', NULL, 1, 31, '2016-07-25 03:35:44', NULL, NULL),
(20, 1, 12, NULL, 'HR', NULL, 1, 31, '2016-07-25 03:35:59', NULL, NULL),
(21, 1, 16, NULL, 'Assistant Director', NULL, 1, 1, '2017-05-02 04:42:42', NULL, NULL),
(22, 1, 13, NULL, 'Department Head', NULL, 1, 1, '2017-05-02 04:43:24', NULL, NULL),
(23, 1, 17, NULL, 'Level 1', NULL, 1, 1, '2017-08-09 06:03:34', NULL, NULL),
(24, 1, 12, NULL, 'Provost', NULL, 1, 1, '2017-09-28 05:33:12', NULL, NULL),
(25, 1, 12, NULL, 'House Tutor', NULL, 1, 1, '2017-09-28 05:33:30', NULL, NULL);

-- --------------------------------------------------------

--
-- Table structure for table `sa_unions`
--

CREATE TABLE IF NOT EXISTS `sa_unions` (
  `THANA_ID` int(8) DEFAULT NULL,
  `UD_UNION_CODE` varchar(10) DEFAULT NULL,
  `UNION_NAME` varchar(100) DEFAULT NULL,
  `ORDER_SL` smallint(5) DEFAULT NULL,
  `ACTIVE_FLAG` tinyint(1) DEFAULT '1',
  `CREATED_BY` bigint(14) DEFAULT NULL,
  `CREATE_DATE` timestamp NOT NULL DEFAULT CURRENT_TIMESTAMP ON UPDATE CURRENT_TIMESTAMP,
  `UPDATED_BY` bigint(14) DEFAULT NULL,
  `UPDATE_DATE` timestamp NOT NULL DEFAULT '0000-00-00 00:00:00' ON UPDATE CURRENT_TIMESTAMP,
  `UNION_ID` int(8) NOT NULL AUTO_INCREMENT COMMENT 'Primary key of sa_thanas table.',
  `UAREA_STATUS` varchar(1) DEFAULT NULL COMMENT 'Union/Ward Area Status, W=Ward, U=Union, B=Both',
  PRIMARY KEY (`UNION_ID`),
  KEY `FK01_THANA_ID` (`THANA_ID`)
) ENGINE=InnoDB  DEFAULT CHARSET=utf8 AUTO_INCREMENT=7735 ;

--
-- Dumping data for table `sa_unions`
--

INSERT INTO `sa_unions` (`THANA_ID`, `UD_UNION_CODE`, `UNION_NAME`, `ORDER_SL`, `ACTIVE_FLAG`, `CREATED_BY`, `CREATE_DATE`, `UPDATED_BY`, `UPDATE_DATE`, `UNION_ID`, `UAREA_STATUS`) VALUES
(474, '01799051', 'PATTASHI', NULL, 1, NULL, '2015-05-24 08:37:14', NULL, '2015-05-24 08:37:14', 1, 'U'),
(475, '02030431', 'ALIKADAM', NULL, 1, NULL, '2015-05-24 08:37:14', NULL, '2015-05-24 08:37:14', 2, 'U'),
(475, '02030463', 'CHOKHYONG', NULL, 1, NULL, '2015-05-24 08:37:14', NULL, '2015-05-24 08:37:14', 3, 'U'),
(476, '02031401', 'WARD NO-01', NULL, 1, NULL, '2015-05-24 08:12:57', NULL, '2015-05-24 08:12:57', 4, 'W'),
(476, '02031402', 'WARD NO-02', NULL, 1, NULL, '2015-05-24 08:12:57', NULL, '2015-05-24 08:12:57', 5, 'W'),
(476, '02031403', 'WARD NO-03', NULL, 1, NULL, '2015-05-24 08:12:57', NULL, '2015-05-24 08:12:57', 6, 'W'),
(476, '02031404', 'WARD NO-04', NULL, 1, NULL, '2015-05-24 08:12:57', NULL, '2015-05-24 08:12:57', 7, 'W'),
(476, '02031405', 'WARD NO-05', NULL, 1, NULL, '2015-05-24 08:12:57', NULL, '2015-05-24 08:12:57', 8, 'W'),
(476, '02031406', 'WARD NO-06', NULL, 1, NULL, '2015-05-24 08:12:57', NULL, '2015-05-24 08:12:57', 9, 'W'),
(476, '02031407', 'WARD NO-07', NULL, 1, NULL, '2015-05-24 08:12:57', NULL, '2015-05-24 08:12:57', 10, 'W'),
(476, '02031408', 'WARD NO-08', NULL, 1, NULL, '2015-05-24 08:12:57', NULL, '2015-05-24 08:12:57', 11, 'W'),
(476, '02031409', 'WARD NO-09', NULL, 1, NULL, '2015-05-24 08:12:57', NULL, '2015-05-24 08:12:57', 12, 'W'),
(476, '02031415', 'BANDARBAN', NULL, 1, NULL, '2015-05-24 08:37:14', NULL, '2015-05-24 08:37:14', 13, 'U'),
(476, '02031431', 'KUHALONG', NULL, 1, NULL, '2015-05-24 08:37:14', NULL, '2015-05-24 08:37:14', 14, 'U'),
(476, '02031447', 'RAJBILA', NULL, 1, NULL, '2015-05-24 08:37:14', NULL, '2015-05-24 08:37:14', 15, 'U'),
(476, '02031463', 'SUWALAK', NULL, 1, NULL, '2015-05-24 08:37:14', NULL, '2015-05-24 08:37:14', 16, 'U'),
(476, '02031479', 'TANKABATI', NULL, 1, NULL, '2015-05-24 08:37:14', NULL, '2015-05-24 08:37:14', 17, 'U'),
(477, '02035101', 'WARD NO-01', NULL, 1, NULL, '2015-05-24 08:12:57', NULL, '2015-05-24 08:12:57', 18, 'W'),
(477, '02035102', 'WARD NO-02', NULL, 1, NULL, '2015-05-24 08:12:57', NULL, '2015-05-24 08:12:57', 19, 'W'),
(477, '02035103', 'WARD NO-03', NULL, 1, NULL, '2015-05-24 08:12:57', NULL, '2015-05-24 08:12:57', 20, 'W'),
(477, '02035104', 'WARD NO-04', NULL, 1, NULL, '2015-05-24 08:12:57', NULL, '2015-05-24 08:12:57', 21, 'W'),
(477, '02035105', 'WARD NO-05', NULL, 1, NULL, '2015-05-24 08:12:57', NULL, '2015-05-24 08:12:57', 22, 'W'),
(477, '02035106', 'WARD NO-06', NULL, 1, NULL, '2015-05-24 08:12:57', NULL, '2015-05-24 08:12:57', 23, 'W'),
(477, '02035107', 'WARD NO-07', NULL, 1, NULL, '2015-05-24 08:12:57', NULL, '2015-05-24 08:12:57', 24, 'W'),
(477, '02035108', 'WARD NO-08', NULL, 1, NULL, '2015-05-24 08:12:57', NULL, '2015-05-24 08:12:57', 25, 'W'),
(477, '02035109', 'WARD NO-09', NULL, 1, NULL, '2015-05-24 08:12:57', NULL, '2015-05-24 08:12:57', 26, 'W'),
(477, '02035115', 'AZIZNAGAR', NULL, 1, NULL, '2015-05-24 08:37:14', NULL, '2015-05-24 08:37:14', 27, 'U'),
(477, '02035131', 'FASYAKHALI', NULL, 1, NULL, '2015-05-24 08:37:14', NULL, '2015-05-24 08:37:14', 28, 'U'),
(477, '02035147', 'GAJALIA', NULL, 1, NULL, '2015-05-24 08:37:14', NULL, '2015-05-24 08:37:14', 29, 'U'),
(477, '02035163', 'LAMA', NULL, 1, NULL, '2015-05-24 08:37:14', NULL, '2015-05-24 08:37:14', 30, 'U'),
(477, '02035168', 'RUPSHIPARA', NULL, 1, NULL, '2015-05-24 08:37:14', NULL, '2015-05-24 08:37:14', 31, 'U'),
(477, '02035179', 'SARAI', NULL, 1, NULL, '2015-05-24 08:37:14', NULL, '2015-05-24 08:37:14', 32, 'U'),
(478, '02037319', 'BAISHARI', NULL, 1, NULL, '2015-05-24 08:37:14', NULL, '2015-05-24 08:37:14', 33, 'U'),
(478, '02037338', 'DOCHHARI', NULL, 1, NULL, '2015-05-24 08:37:14', NULL, '2015-05-24 08:37:14', 34, 'U'),
(478, '02037357', 'GHANDUNG', NULL, 1, NULL, '2015-05-24 08:37:14', NULL, '2015-05-24 08:37:14', 35, 'U'),
(478, '02037376', 'NAIKHONGCHHARI', NULL, 1, NULL, '2015-05-24 08:37:14', NULL, '2015-05-24 08:37:14', 36, 'U'),
(479, '02038919', 'ALIKHONG', NULL, 1, NULL, '2015-05-24 08:37:14', NULL, '2015-05-24 08:37:14', 37, 'U'),
(479, '02038938', 'NOWA PATANG', NULL, 1, NULL, '2015-05-24 08:37:14', NULL, '2015-05-24 08:37:14', 38, 'U'),
(479, '02038957', 'ROWANGCHHARI', NULL, 1, NULL, '2015-05-24 08:37:14', NULL, '2015-05-24 08:37:14', 39, 'U'),
(479, '02038976', 'TARACHHA', NULL, 1, NULL, '2015-05-24 08:37:14', NULL, '2015-05-24 08:37:14', 40, 'U'),
(480, '02039119', 'GHALANGYA', NULL, 1, NULL, '2015-05-24 08:37:14', NULL, '2015-05-24 08:37:14', 41, 'U'),
(480, '02039138', 'PAINDU', NULL, 1, NULL, '2015-05-24 08:37:14', NULL, '2015-05-24 08:37:14', 42, 'U'),
(480, '02039157', 'REMAKRI PRANSA', NULL, 1, NULL, '2015-05-24 08:37:14', NULL, '2015-05-24 08:37:14', 43, 'U'),
(480, '02039176', 'RUMA', NULL, 1, NULL, '2015-05-24 08:37:14', NULL, '2015-05-24 08:37:14', 44, 'U'),
(481, '02039519', 'BALIPARA', NULL, 1, NULL, '2015-05-24 08:37:14', NULL, '2015-05-24 08:37:14', 45, 'U'),
(481, '02039538', 'REMAKRY', NULL, 1, NULL, '2015-05-24 08:37:14', NULL, '2015-05-24 08:37:14', 46, 'U'),
(481, '02039557', 'THANCHI', NULL, 1, NULL, '2015-05-24 08:37:14', NULL, '2015-05-24 08:37:14', 47, 'U'),
(481, '02039576', 'TINDU', NULL, 1, NULL, '2015-05-24 08:37:14', NULL, '2015-05-24 08:37:14', 48, 'U'),
(482, '02120201', 'WARD NO-01', NULL, 1, NULL, '2015-05-24 08:12:57', NULL, '2015-05-24 08:12:57', 49, 'W'),
(482, '02120202', 'WARD NO-02', NULL, 1, NULL, '2015-05-24 08:12:57', NULL, '2015-05-24 08:12:57', 50, 'W'),
(482, '02120203', 'WARD NO-03', NULL, 1, NULL, '2015-05-24 08:12:57', NULL, '2015-05-24 08:12:57', 51, 'W'),
(482, '02120204', 'WARD NO-04', NULL, 1, NULL, '2015-05-24 08:12:57', NULL, '2015-05-24 08:12:57', 52, 'W'),
(482, '02120205', 'WARD NO-05', NULL, 1, NULL, '2015-05-24 08:12:57', NULL, '2015-05-24 08:12:57', 53, 'W'),
(482, '02120206', 'WARD NO-06', NULL, 1, NULL, '2015-05-24 08:12:57', NULL, '2015-05-24 08:12:57', 54, 'W'),
(482, '02120207', 'WARD NO-07', NULL, 1, NULL, '2015-05-24 08:12:57', NULL, '2015-05-24 08:12:57', 55, 'W'),
(482, '02120208', 'WARD NO-08', NULL, 1, NULL, '2015-05-24 08:12:57', NULL, '2015-05-24 08:12:57', 56, 'W'),
(482, '02120209', 'WARD NO-09', NULL, 1, NULL, '2015-05-24 08:12:57', NULL, '2015-05-24 08:12:57', 57, 'W'),
(482, '02120219', 'DAKSHIN AKHAURA', NULL, 1, NULL, '2015-05-24 08:37:14', NULL, '2015-05-24 08:37:14', 58, 'U'),
(482, '02120257', 'DHARKHAR', NULL, 1, NULL, '2015-05-24 08:37:14', NULL, '2015-05-24 08:37:14', 59, 'U'),
(482, '02120276', 'MANIAND', NULL, 1, NULL, '2015-05-24 08:37:14', NULL, '2015-05-24 08:37:14', 60, 'U'),
(482, '02120285', 'MOGRA', NULL, 1, NULL, '2015-05-24 08:37:14', NULL, '2015-05-24 08:37:14', 61, 'U'),
(482, '02120290', 'UTTAR AKHAURA', NULL, 1, NULL, '2015-05-24 08:37:14', NULL, '2015-05-24 08:37:14', 62, 'U'),
(483, '02120414', 'AYUBPUR', NULL, 1, NULL, '2015-05-24 08:37:14', NULL, '2015-05-24 08:37:14', 63, 'U'),
(483, '02120423', 'DARIADAULAT', NULL, 1, NULL, '2015-05-24 08:37:14', NULL, '2015-05-24 08:37:14', 64, 'U'),
(483, '02120430', 'PAHARIAKANDI', NULL, 1, NULL, '2015-05-24 08:37:14', NULL, '2015-05-24 08:37:14', 65, 'U'),
(483, '02120436', 'PASCHIM SAIFULLAKANDI', NULL, 1, NULL, '2015-05-24 08:37:14', NULL, '2015-05-24 08:37:14', 66, 'U'),
(483, '02120445', 'PASCHIM RUPASDI', NULL, 1, NULL, '2015-05-24 08:37:14', NULL, '2015-05-24 08:37:14', 67, 'U'),
(483, '02120454', 'PASCHIM UJAN CHAR', NULL, 1, NULL, '2015-05-24 08:37:14', NULL, '2015-05-24 08:37:14', 68, 'U'),
(483, '02120459', 'DARIKANDI', NULL, 1, NULL, '2015-05-24 08:37:14', NULL, '2015-05-24 08:37:14', 69, 'U'),
(483, '02120468', 'PURBA RUPASDI', NULL, 1, NULL, '2015-05-24 08:37:14', NULL, '2015-05-24 08:37:14', 70, 'U'),
(483, '02120477', 'PURBA UJAN CHAR', NULL, 1, NULL, '2015-05-24 08:37:14', NULL, '2015-05-24 08:37:14', 71, 'U'),
(483, '02120481', 'SALIMABAD', NULL, 1, NULL, '2015-05-24 08:37:14', NULL, '2015-05-24 08:37:14', 72, 'U'),
(483, '02120483', 'SONARAMPUR', NULL, 1, NULL, '2015-05-24 08:37:14', NULL, '2015-05-24 08:37:14', 73, 'U'),
(483, '02120488', 'TEZKHALI', NULL, 1, NULL, '2015-05-24 08:37:14', NULL, '2015-05-24 08:37:14', 74, 'U'),
(483, '02120494', 'UTTAR BANCHHARAMPUR', NULL, 1, NULL, '2015-05-24 08:37:14', NULL, '2015-05-24 08:37:14', 75, 'U'),
(484, '02121301', 'WARD NO-01', NULL, 1, NULL, '2015-05-24 08:12:57', NULL, '2015-05-24 08:12:57', 76, 'W'),
(484, '02121302', 'WARD NO-02', NULL, 1, NULL, '2015-05-24 08:12:57', NULL, '2015-05-24 08:12:57', 77, 'W'),
(484, '02121303', 'WARD NO-03', NULL, 1, NULL, '2015-05-24 08:12:57', NULL, '2015-05-24 08:12:57', 78, 'W'),
(484, '02121304', 'WARD NO-04', NULL, 1, NULL, '2015-05-24 08:12:57', NULL, '2015-05-24 08:12:57', 79, 'W'),
(484, '02121305', 'WARD NO-05', NULL, 1, NULL, '2015-05-24 08:12:57', NULL, '2015-05-24 08:12:57', 80, 'W'),
(484, '02121306', 'WARD NO-06', NULL, 1, NULL, '2015-05-24 08:12:57', NULL, '2015-05-24 08:12:57', 81, 'W'),
(484, '02121307', 'WARD NO-07', NULL, 1, NULL, '2015-05-24 08:12:57', NULL, '2015-05-24 08:12:57', 82, 'W'),
(484, '02121308', 'WARD NO-08', NULL, 1, NULL, '2015-05-24 08:12:57', NULL, '2015-05-24 08:12:57', 83, 'W'),
(484, '02121309', 'WARD NO-09', NULL, 1, NULL, '2015-05-24 08:12:57', NULL, '2015-05-24 08:12:57', 84, 'W'),
(484, '02121310', 'WARD NO-10', NULL, 1, NULL, '2015-05-24 08:12:57', NULL, '2015-05-24 08:12:57', 85, 'W'),
(484, '02121311', 'WARD NO-11', NULL, 1, NULL, '2015-05-24 08:12:57', NULL, '2015-05-24 08:12:57', 86, 'W'),
(484, '02121312', 'WARD NO-12', NULL, 1, NULL, '2015-05-24 08:12:57', NULL, '2015-05-24 08:12:57', 87, 'W'),
(484, '02121317', 'BASUDEB', NULL, 1, NULL, '2015-05-24 08:37:14', NULL, '2015-05-24 08:37:14', 88, 'U'),
(484, '02121328', 'BUDHANTI', NULL, 1, NULL, '2015-05-24 08:37:14', NULL, '2015-05-24 08:37:14', 89, 'U'),
(484, '02121332', 'CHANDURA', NULL, 1, NULL, '2015-05-24 08:37:14', NULL, '2015-05-24 08:37:14', 90, 'U'),
(484, '02121336', 'CHAR ISLMAPUR', NULL, 1, NULL, '2015-05-24 08:37:14', NULL, '2015-05-24 08:37:14', 91, 'U'),
(484, '02121343', 'CHAMPAKNAGAR', NULL, 1, NULL, '2015-05-24 08:37:14', NULL, '2015-05-24 08:37:14', 92, 'U'),
(484, '02121348', 'DAKSHIN NATAI', NULL, 1, NULL, '2015-05-24 08:37:14', NULL, '2015-05-24 08:37:14', 93, 'U'),
(484, '02121350', 'DAKSHIN SHUHILPUR', NULL, 1, NULL, '2015-05-24 08:37:14', NULL, '2015-05-24 08:37:14', 94, 'U'),
(484, '02121352', 'DAKSHIN SINGERBIL', NULL, 1, NULL, '2015-05-24 08:37:14', NULL, '2015-05-24 08:37:14', 95, 'U'),
(484, '02121356', 'HARASHPUR', NULL, 1, NULL, '2015-05-24 08:37:14', NULL, '2015-05-24 08:37:14', 96, 'U'),
(484, '02121359', 'MACHHIHATA', NULL, 1, NULL, '2015-05-24 08:37:14', NULL, '2015-05-24 08:37:14', 97, 'U'),
(484, '02121361', 'MAJLISHPUR', NULL, 1, NULL, '2015-05-24 08:37:14', NULL, '2015-05-24 08:37:14', 98, 'U'),
(484, '02121366', 'PAHARPUR', NULL, 1, NULL, '2015-05-24 08:37:14', NULL, '2015-05-24 08:37:14', 99, 'U'),
(484, '02121372', 'PATTAN', NULL, 1, NULL, '2015-05-24 08:37:14', NULL, '2015-05-24 08:37:14', 100, 'U'),
(484, '02121381', 'PURBA TALSAHAR', NULL, 1, NULL, '2015-05-24 08:37:14', NULL, '2015-05-24 08:37:14', 101, 'U'),
(484, '02121383', 'RAMRAIL', NULL, 1, NULL, '2015-05-24 08:37:14', NULL, '2015-05-24 08:37:14', 102, 'U'),
(484, '02121386', 'SADEKPUR', NULL, 1, NULL, '2015-05-24 08:37:14', NULL, '2015-05-24 08:37:14', 103, 'U'),
(484, '02121388', 'SULTANPUR', NULL, 1, NULL, '2015-05-24 08:37:14', NULL, '2015-05-24 08:37:14', 104, 'U'),
(484, '02121391', 'UTTAR ICHHAPUR', NULL, 1, NULL, '2015-05-24 08:37:14', NULL, '2015-05-24 08:37:14', 105, 'U'),
(484, '02121393', 'UTTAR NATAI', NULL, 1, NULL, '2015-05-24 08:37:14', NULL, '2015-05-24 08:37:14', 106, 'U'),
(484, '02121394', 'BUDHAL', NULL, 1, NULL, '2015-05-24 08:37:14', NULL, '2015-05-24 08:37:14', 107, 'U'),
(484, '02121396', 'BISHNUPUR', NULL, 1, NULL, '2015-05-24 08:37:14', NULL, '2015-05-24 08:37:14', 108, 'U'),
(485, '02123312', 'ARAISIDHA', NULL, 1, NULL, '2015-05-24 08:37:14', NULL, '2015-05-24 08:37:14', 109, 'U'),
(485, '02123314', 'ASHUGANG', NULL, 1, NULL, '2015-05-24 08:37:14', NULL, '2015-05-24 08:37:14', 110, 'U'),
(485, '02123326', 'CHAR CHARTALA', NULL, 1, NULL, '2015-05-24 08:37:14', NULL, '2015-05-24 08:37:14', 111, 'U'),
(485, '02123338', 'DURGAPUR', NULL, 1, NULL, '2015-05-24 08:37:14', NULL, '2015-05-24 08:37:14', 112, 'U'),
(485, '02123342', 'LALPUR', NULL, 1, NULL, '2015-05-24 08:37:14', NULL, '2015-05-24 08:37:14', 113, 'U'),
(485, '02123374', 'PASCHIM TALSAHAR', NULL, 1, NULL, '2015-05-24 08:37:14', NULL, '2015-05-24 08:37:14', 114, 'U'),
(485, '02123377', 'SHARIFPUR', NULL, 1, NULL, '2015-05-24 08:37:14', NULL, '2015-05-24 08:37:14', 115, 'U'),
(485, '02123383', 'TARUA', NULL, 1, NULL, '2015-05-24 08:37:14', NULL, '2015-05-24 08:37:14', 116, 'U'),
(486, '02126301', 'WARD NO-01', NULL, 1, NULL, '2015-05-24 08:12:57', NULL, '2015-05-24 08:12:57', 117, 'W'),
(486, '02126302', 'WARD NO-02', NULL, 1, NULL, '2015-05-24 08:12:57', NULL, '2015-05-24 08:12:57', 118, 'W'),
(486, '02126303', 'WARD NO-03', NULL, 1, NULL, '2015-05-24 08:12:57', NULL, '2015-05-24 08:12:57', 119, 'W'),
(486, '02126304', 'WARD NO-04', NULL, 1, NULL, '2015-05-24 08:12:57', NULL, '2015-05-24 08:12:57', 120, 'W'),
(486, '02126305', 'WARD NO-05', NULL, 1, NULL, '2015-05-24 08:12:57', NULL, '2015-05-24 08:12:57', 121, 'W'),
(486, '02126306', 'WARD NO-06', NULL, 1, NULL, '2015-05-24 08:12:57', NULL, '2015-05-24 08:12:57', 122, 'W'),
(486, '02126307', 'WARD NO-07', NULL, 1, NULL, '2015-05-24 08:12:57', NULL, '2015-05-24 08:12:57', 123, 'W'),
(486, '02126308', 'WARD NO-08', NULL, 1, NULL, '2015-05-24 08:12:57', NULL, '2015-05-24 08:12:57', 124, 'W'),
(486, '02126309', 'WARD NO-09', NULL, 1, NULL, '2015-05-24 08:12:57', NULL, '2015-05-24 08:12:57', 125, 'W'),
(486, '02126318', 'BADAIR', NULL, 1, NULL, '2015-05-24 08:37:14', NULL, '2015-05-24 08:37:14', 126, 'U'),
(486, '02126331', 'BAYEK', NULL, 1, NULL, '2015-05-24 08:37:14', NULL, '2015-05-24 08:37:14', 127, 'U'),
(486, '02126337', 'BINAUTI', NULL, 1, NULL, '2015-05-24 08:37:14', NULL, '2015-05-24 08:37:14', 128, 'U'),
(486, '02126350', 'GOPINATHPUR', NULL, 1, NULL, '2015-05-24 08:37:14', NULL, '2015-05-24 08:37:14', 129, 'U'),
(486, '02126356', 'KAIMPUR', NULL, 1, NULL, '2015-05-24 08:37:14', NULL, '2015-05-24 08:37:14', 130, 'U'),
(486, '02126363', 'KASBA PASCHIM', NULL, 1, NULL, '2015-05-24 08:37:14', NULL, '2015-05-24 08:37:14', 131, 'U'),
(486, '02126365', 'KHERERA', NULL, 1, NULL, '2015-05-24 08:37:14', NULL, '2015-05-24 08:37:14', 132, 'U'),
(486, '02126369', 'KUTI', NULL, 1, NULL, '2015-05-24 08:37:14', NULL, '2015-05-24 08:37:14', 133, 'U'),
(486, '02126382', 'MEHARI', NULL, 1, NULL, '2015-05-24 08:37:14', NULL, '2015-05-24 08:37:14', 134, 'U'),
(486, '02126394', 'MULGRAM', NULL, 1, NULL, '2015-05-24 08:37:14', NULL, '2015-05-24 08:37:14', 135, 'U'),
(487, '02128501', 'WARD NO-01', NULL, 1, NULL, '2015-05-24 08:12:57', NULL, '2015-05-24 08:12:57', 136, 'W'),
(487, '02128502', 'WARD NO-02', NULL, 1, NULL, '2015-05-24 08:12:57', NULL, '2015-05-24 08:12:57', 137, 'W'),
(487, '02128503', 'WARD NO-03', NULL, 1, NULL, '2015-05-24 08:12:57', NULL, '2015-05-24 08:12:57', 138, 'W'),
(487, '02128504', 'WARD NO-04', NULL, 1, NULL, '2015-05-24 08:12:57', NULL, '2015-05-24 08:12:57', 139, 'W'),
(487, '02128505', 'WARD NO-05', NULL, 1, NULL, '2015-05-24 08:12:57', NULL, '2015-05-24 08:12:57', 140, 'W'),
(487, '02128506', 'WARD NO-06', NULL, 1, NULL, '2015-05-24 08:12:57', NULL, '2015-05-24 08:12:57', 141, 'W'),
(487, '02128507', 'WARD NO-07', NULL, 1, NULL, '2015-05-24 08:12:57', NULL, '2015-05-24 08:12:57', 142, 'W'),
(487, '02128508', 'WARD NO-08', NULL, 1, NULL, '2015-05-24 08:12:57', NULL, '2015-05-24 08:12:57', 143, 'W'),
(29, '01042847', 'DHALUA', NULL, 1, NULL, '2015-05-24 08:37:14', NULL, '2015-05-24 08:37:14', 144, 'U'),
(29, '01042857', 'PHULJHURY', NULL, 1, NULL, '2015-05-24 08:37:14', NULL, '2015-05-24 08:37:14', 145, 'U'),
(29, '01042866', 'GAURICHANNA', NULL, 1, NULL, '2015-05-24 08:37:14', NULL, '2015-05-24 08:37:14', 146, 'U'),
(29, '01042876', 'KEORABUNIA', NULL, 1, NULL, '2015-05-24 08:37:14', NULL, '2015-05-24 08:37:14', 147, 'U'),
(29, '01042885', 'M.BALIATALI', NULL, 1, NULL, '2015-05-24 08:37:14', NULL, '2015-05-24 08:37:14', 148, 'U'),
(29, '01042895', 'NALTONA', NULL, 1, NULL, '2015-05-24 08:37:14', NULL, '2015-05-24 08:37:14', 149, 'U'),
(440, '01044701', 'WARD NO-01', NULL, 1, NULL, '2015-05-24 08:12:57', NULL, '2015-05-24 08:12:57', 150, 'W'),
(440, '01044702', 'WARD NO-02', NULL, 1, NULL, '2015-05-24 08:12:57', NULL, '2015-05-24 08:12:57', 151, 'W'),
(440, '01044703', 'WARD NO-03', NULL, 1, NULL, '2015-05-24 08:12:57', NULL, '2015-05-24 08:12:57', 152, 'W'),
(440, '01044704', 'WARD NO-04', NULL, 1, NULL, '2015-05-24 08:12:57', NULL, '2015-05-24 08:12:57', 153, 'W'),
(440, '01044705', 'WARD NO-05', NULL, 1, NULL, '2015-05-24 08:12:57', NULL, '2015-05-24 08:12:57', 154, 'W'),
(440, '01044706', 'WARD NO-06', NULL, 1, NULL, '2015-05-24 08:12:57', NULL, '2015-05-24 08:12:57', 155, 'W'),
(440, '01044707', 'WARD NO-07', NULL, 1, NULL, '2015-05-24 08:12:57', NULL, '2015-05-24 08:12:57', 156, 'W'),
(440, '01044708', 'WARD NO-08', NULL, 1, NULL, '2015-05-24 08:12:57', NULL, '2015-05-24 08:12:57', 157, 'W'),
(440, '01044709', 'WARD NO-09', NULL, 1, NULL, '2015-05-24 08:12:57', NULL, '2015-05-24 08:12:57', 158, 'W'),
(440, '01044711', 'BETAGI', NULL, 1, NULL, '2015-05-24 08:37:14', NULL, '2015-05-24 08:37:14', 159, 'U'),
(440, '01044723', 'BIBICHINI', NULL, 1, NULL, '2015-05-24 08:37:14', NULL, '2015-05-24 08:37:14', 160, 'U'),
(440, '01044735', 'BURA MAZUMDAR', NULL, 1, NULL, '2015-05-24 08:37:14', NULL, '2015-05-24 08:37:14', 161, 'U'),
(440, '01044747', 'HOSNABAD', NULL, 1, NULL, '2015-05-24 08:37:14', NULL, '2015-05-24 08:37:14', 162, 'U'),
(440, '01044759', 'KAZIRABAD', NULL, 1, NULL, '2015-05-24 08:37:14', NULL, '2015-05-24 08:37:14', 163, 'U'),
(440, '01044771', 'MOKAMIA', NULL, 1, NULL, '2015-05-24 08:37:14', NULL, '2015-05-24 08:37:14', 164, 'U'),
(440, '01044783', 'SARISHAMURI', NULL, 1, NULL, '2015-05-24 08:37:14', NULL, '2015-05-24 08:37:14', 165, 'U'),
(441, '01048501', 'WARD NO-01', NULL, 1, NULL, '2015-05-24 08:12:57', NULL, '2015-05-24 08:12:57', 166, 'W'),
(441, '01048502', 'WARD NO-02', NULL, 1, NULL, '2015-05-24 08:12:57', NULL, '2015-05-24 08:12:57', 167, 'W'),
(441, '01048503', 'WARD NO-03', NULL, 1, NULL, '2015-05-24 08:12:57', NULL, '2015-05-24 08:12:57', 168, 'W'),
(441, '01048504', 'WARD NO-04', NULL, 1, NULL, '2015-05-24 08:12:57', NULL, '2015-05-24 08:12:57', 169, 'W'),
(441, '01048505', 'WARD NO-05', NULL, 1, NULL, '2015-05-24 08:12:57', NULL, '2015-05-24 08:12:57', 170, 'W'),
(441, '01048506', 'WARD NO-06', NULL, 1, NULL, '2015-05-24 08:12:57', NULL, '2015-05-24 08:12:57', 171, 'W'),
(441, '01048507', 'WARD NO-07', NULL, 1, NULL, '2015-05-24 08:12:57', NULL, '2015-05-24 08:12:57', 172, 'W'),
(441, '01048508', 'WARD NO-08', NULL, 1, NULL, '2015-05-24 08:12:57', NULL, '2015-05-24 08:12:57', 173, 'W'),
(441, '01048509', 'WARD NO-09', NULL, 1, NULL, '2015-05-24 08:12:57', NULL, '2015-05-24 08:12:57', 174, 'W'),
(441, '01048511', 'CHAR DUANTI', NULL, 1, NULL, '2015-05-24 08:37:14', NULL, '2015-05-24 08:37:14', 175, 'U'),
(441, '01048523', 'KAKCHIRA', NULL, 1, NULL, '2015-05-24 08:37:14', NULL, '2015-05-24 08:37:14', 176, 'U'),
(441, '01048535', 'KALMEGHA', NULL, 1, NULL, '2015-05-24 08:37:14', NULL, '2015-05-24 08:37:14', 177, 'U'),
(441, '01048547', 'KANTHALTALI', NULL, 1, NULL, '2015-05-24 08:37:14', NULL, '2015-05-24 08:37:14', 178, 'U'),
(441, '01048559', 'NACHNA PARA', NULL, 1, NULL, '2015-05-24 08:37:14', NULL, '2015-05-24 08:37:14', 179, 'U'),
(441, '01048571', 'PATHARGHATA', NULL, 1, NULL, '2015-05-24 08:37:14', NULL, '2015-05-24 08:37:14', 180, 'U'),
(441, '01048583', 'RAIHANPUR', NULL, 1, NULL, '2015-05-24 08:37:14', NULL, '2015-05-24 08:37:14', 181, 'U'),
(442, '01060213', 'BAGDHA', NULL, 1, NULL, '2015-05-24 08:37:14', NULL, '2015-05-24 08:37:14', 182, 'U'),
(442, '01060215', 'BAKAL', NULL, 1, NULL, '2015-05-24 08:37:14', NULL, '2015-05-24 08:37:14', 183, 'U'),
(442, '01060247', 'GAILA', NULL, 1, NULL, '2015-05-24 08:37:14', NULL, '2015-05-24 08:37:14', 184, 'U'),
(442, '01060279', 'RAJIHER', NULL, 1, NULL, '2015-05-24 08:37:14', NULL, '2015-05-24 08:37:14', 185, 'U'),
(442, '01060287', 'RATNAPUR', NULL, 1, NULL, '2015-05-24 08:37:14', NULL, '2015-05-24 08:37:14', 186, 'U'),
(443, '01060313', 'AGARPUR', NULL, 1, NULL, '2015-05-24 08:37:14', NULL, '2015-05-24 08:37:14', 187, 'U'),
(443, '01060327', 'CHANDPASHA', NULL, 1, NULL, '2015-05-24 08:37:14', NULL, '2015-05-24 08:37:14', 188, 'U'),
(443, '01060340', 'DEHERGATI', NULL, 1, NULL, '2015-05-24 08:37:14', NULL, '2015-05-24 08:37:14', 189, 'U'),
(443, '01060354', 'KEDARPUR', NULL, 1, NULL, '2015-05-24 08:37:14', NULL, '2015-05-24 08:37:14', 190, 'U'),
(443, '01060367', 'MADHAB PASHA', NULL, 1, NULL, '2015-05-24 08:37:14', NULL, '2015-05-24 08:37:14', 191, 'U'),
(443, '01060381', 'RAHMATPUR', NULL, 1, NULL, '2015-05-24 08:37:14', NULL, '2015-05-24 08:37:14', 192, 'U'),
(36, '01060701', 'WARD NO-01', NULL, 1, NULL, '2015-05-24 08:12:57', NULL, '2015-05-24 08:12:57', 193, 'W'),
(36, '01060702', 'WARD NO-02', NULL, 1, NULL, '2015-05-24 08:12:57', NULL, '2015-05-24 08:12:57', 194, 'W'),
(36, '01060703', 'WARD NO-03', NULL, 1, NULL, '2015-05-24 08:12:57', NULL, '2015-05-24 08:12:57', 195, 'W'),
(36, '01060704', 'WARD NO-04', NULL, 1, NULL, '2015-05-24 08:12:57', NULL, '2015-05-24 08:12:57', 196, 'W'),
(36, '01060705', 'WARD NO-05', NULL, 1, NULL, '2015-05-24 08:12:57', NULL, '2015-05-24 08:12:57', 197, 'W'),
(36, '01060706', 'WARD NO-06', NULL, 1, NULL, '2015-05-24 08:12:57', NULL, '2015-05-24 08:12:57', 198, 'W'),
(36, '01060707', 'WARD NO-07', NULL, 1, NULL, '2015-05-24 08:12:57', NULL, '2015-05-24 08:12:57', 199, 'W'),
(36, '01060708', 'WARD NO-08', NULL, 1, NULL, '2015-05-24 08:12:57', NULL, '2015-05-24 08:12:57', 200, 'W'),
(36, '01060709', 'WARD NO-09', NULL, 1, NULL, '2015-05-24 08:12:57', NULL, '2015-05-24 08:12:57', 201, 'W'),
(36, '01060712', 'BHAR PASHA', NULL, 1, NULL, '2015-05-24 08:37:14', NULL, '2015-05-24 08:37:14', 202, 'U'),
(36, '01060713', 'CHARADI', NULL, 1, NULL, '2015-05-24 08:37:14', NULL, '2015-05-24 08:37:14', 203, 'U'),
(36, '01060720', 'CHAR AMADDI', NULL, 1, NULL, '2015-05-24 08:37:14', NULL, '2015-05-24 08:37:14', 204, 'U'),
(36, '01060727', 'DARIAL', NULL, 1, NULL, '2015-05-24 08:37:14', NULL, '2015-05-24 08:37:14', 205, 'U'),
(36, '01060733', 'DUDHAL', NULL, 1, NULL, '2015-05-24 08:37:14', NULL, '2015-05-24 08:37:14', 206, 'U'),
(36, '01060740', 'DURGA PASHA', NULL, 1, NULL, '2015-05-24 08:37:14', NULL, '2015-05-24 08:37:14', 207, 'U'),
(36, '01060747', 'FARIDPUR', NULL, 1, NULL, '2015-05-24 08:37:14', NULL, '2015-05-24 08:37:14', 208, 'U'),
(36, '01060754', 'GARURIA', NULL, 1, NULL, '2015-05-24 08:37:14', NULL, '2015-05-24 08:37:14', 209, 'U'),
(36, '01060761', 'KABAI', NULL, 1, NULL, '2015-05-24 08:37:14', NULL, '2015-05-24 08:37:14', 210, 'U'),
(36, '01060767', 'KALASKATI', NULL, 1, NULL, '2015-05-24 08:37:14', NULL, '2015-05-24 08:37:14', 211, 'U'),
(36, '01060774', 'NALUA', NULL, 1, NULL, '2015-05-24 08:37:14', NULL, '2015-05-24 08:37:14', 212, 'U'),
(36, '01060781', 'NIAMATI', NULL, 1, NULL, '2015-05-24 08:37:14', NULL, '2015-05-24 08:37:14', 213, 'U'),
(36, '01060788', 'PADRI SHIBPUR', NULL, 1, NULL, '2015-05-24 08:37:14', NULL, '2015-05-24 08:37:14', 214, 'U'),
(36, '01060794', 'RANGASREE', NULL, 1, NULL, '2015-05-24 08:37:14', NULL, '2015-05-24 08:37:14', 215, 'U'),
(444, '01061001', 'WARD NO-01', NULL, 1, NULL, '2015-05-24 08:12:57', NULL, '2015-05-24 08:12:57', 216, 'W'),
(444, '01061002', 'WARD NO-02', NULL, 1, NULL, '2015-05-24 08:12:57', NULL, '2015-05-24 08:12:57', 217, 'W'),
(444, '01061003', 'WARD NO-03', NULL, 1, NULL, '2015-05-24 08:12:57', NULL, '2015-05-24 08:12:57', 218, 'W'),
(444, '01061004', 'WARD NO-04', NULL, 1, NULL, '2015-05-24 08:12:57', NULL, '2015-05-24 08:12:57', 219, 'W'),
(444, '01061005', 'WARD NO-05', NULL, 1, NULL, '2015-05-24 08:12:57', NULL, '2015-05-24 08:12:57', 220, 'W'),
(444, '01061006', 'WARD NO-06', NULL, 1, NULL, '2015-05-24 08:12:57', NULL, '2015-05-24 08:12:57', 221, 'W'),
(444, '01061007', 'WARD NO-07', NULL, 1, NULL, '2015-05-24 08:12:57', NULL, '2015-05-24 08:12:57', 222, 'W'),
(444, '01061008', 'WARD NO-08', NULL, 1, NULL, '2015-05-24 08:12:57', NULL, '2015-05-24 08:12:57', 223, 'W'),
(444, '01061009', 'WARD NO-09', NULL, 1, NULL, '2015-05-24 08:12:57', NULL, '2015-05-24 08:12:57', 224, 'W'),
(444, '01061010', 'BANARIPARA', NULL, 1, NULL, '2015-05-24 08:37:14', NULL, '2015-05-24 08:37:14', 225, 'U'),
(444, '01061021', 'BAISARI', NULL, 1, NULL, '2015-05-24 08:37:14', NULL, '2015-05-24 08:37:14', 226, 'U'),
(444, '01061031', 'BISARKANDI', NULL, 1, NULL, '2015-05-24 08:37:14', NULL, '2015-05-24 08:37:14', 227, 'U'),
(444, '01061042', 'CHAKHAR', NULL, 1, NULL, '2015-05-24 08:37:14', NULL, '2015-05-24 08:37:14', 228, 'U'),
(444, '01061052', 'ILUHAR', NULL, 1, NULL, '2015-05-24 08:37:14', NULL, '2015-05-24 08:37:14', 229, 'U'),
(444, '01061063', 'SALIA BAKPUR', NULL, 1, NULL, '2015-05-24 08:37:14', NULL, '2015-05-24 08:37:14', 230, 'U'),
(444, '01061073', 'SAIDKATI', NULL, 1, NULL, '2015-05-24 08:37:14', NULL, '2015-05-24 08:37:14', 231, 'U'),
(444, '01061084', 'UDAYKATI', NULL, 1, NULL, '2015-05-24 08:37:14', NULL, '2015-05-24 08:37:14', 232, 'U'),
(445, '01063201', 'WARD NO-01', NULL, 1, NULL, '2015-05-24 08:12:57', NULL, '2015-05-24 08:12:57', 233, 'W'),
(445, '01063202', 'WARD NO-02', NULL, 1, NULL, '2015-05-24 08:12:57', NULL, '2015-05-24 08:12:57', 234, 'W'),
(445, '01063203', 'WARD NO-03', NULL, 1, NULL, '2015-05-24 08:12:57', NULL, '2015-05-24 08:12:57', 235, 'W'),
(445, '01063204', 'WARD NO-04', NULL, 1, NULL, '2015-05-24 08:12:57', NULL, '2015-05-24 08:12:57', 236, 'W'),
(445, '01063205', 'WARD NO-05', NULL, 1, NULL, '2015-05-24 08:12:57', NULL, '2015-05-24 08:12:57', 237, 'W'),
(445, '01063206', 'WARD NO-06', NULL, 1, NULL, '2015-05-24 08:12:57', NULL, '2015-05-24 08:12:57', 238, 'W'),
(445, '01063207', 'WARD NO-07', NULL, 1, NULL, '2015-05-24 08:12:57', NULL, '2015-05-24 08:12:57', 239, 'W'),
(445, '01063208', 'WARD NO-08', NULL, 1, NULL, '2015-05-24 08:12:57', NULL, '2015-05-24 08:12:57', 240, 'W'),
(445, '01063209', 'WARD NO-09', NULL, 1, NULL, '2015-05-24 08:12:57', NULL, '2015-05-24 08:12:57', 241, 'W'),
(445, '01063223', 'BARTHI', NULL, 1, NULL, '2015-05-24 08:37:14', NULL, '2015-05-24 08:37:14', 242, 'U'),
(445, '01063231', 'BATAJORE', NULL, 1, NULL, '2015-05-24 08:37:14', NULL, '2015-05-24 08:37:14', 243, 'U'),
(445, '01063238', 'CHANDSHI', NULL, 1, NULL, '2015-05-24 08:37:14', NULL, '2015-05-24 08:37:14', 244, 'U'),
(445, '01063255', 'KHANJAPUR', NULL, 1, NULL, '2015-05-24 08:37:14', NULL, '2015-05-24 08:37:14', 245, 'U'),
(445, '01063263', 'MAHILARA', NULL, 1, NULL, '2015-05-24 08:37:14', NULL, '2015-05-24 08:37:14', 246, 'U'),
(445, '01063271', 'NALCHIRA', NULL, 1, NULL, '2015-05-24 08:37:14', NULL, '2015-05-24 08:37:14', 247, 'U'),
(445, '01063294', 'SARIKAL', NULL, 1, NULL, '2015-05-24 08:37:14', NULL, '2015-05-24 08:37:14', 248, 'U'),
(446, '01063613', 'BARA JALIA', NULL, 1, NULL, '2015-05-24 08:37:14', NULL, '2015-05-24 08:37:14', 249, 'U'),
(446, '01063627', 'DHULKHOLA', NULL, 1, NULL, '2015-05-24 08:37:14', NULL, '2015-05-24 08:37:14', 250, 'U'),
(446, '01063654', 'GUABARIA', NULL, 1, NULL, '2015-05-24 08:37:14', NULL, '2015-05-24 08:37:14', 251, 'U'),
(438, '01040901', 'WARD NO-01', NULL, 1, NULL, '2015-05-24 08:12:57', NULL, '2015-05-24 08:12:57', 252, 'W'),
(438, '01040902', 'WARD NO-02', NULL, 1, NULL, '2015-05-24 08:12:57', NULL, '2015-05-24 08:12:57', 253, 'W'),
(438, '01040903', 'WARD NO-03', NULL, 1, NULL, '2015-05-24 08:12:57', NULL, '2015-05-24 08:12:57', 254, 'W'),
(438, '01040904', 'WARD NO-04', NULL, 1, NULL, '2015-05-24 08:12:57', NULL, '2015-05-24 08:12:57', 255, 'W'),
(438, '01040905', 'WARD NO-05', NULL, 1, NULL, '2015-05-24 08:12:57', NULL, '2015-05-24 08:12:57', 256, 'W'),
(438, '01040906', 'WARD NO-06', NULL, 1, NULL, '2015-05-24 08:12:57', NULL, '2015-05-24 08:12:57', 257, 'W'),
(438, '01040907', 'WARD NO-07', NULL, 1, NULL, '2015-05-24 08:12:57', NULL, '2015-05-24 08:12:57', 258, 'W'),
(438, '01040908', 'WARD NO-08', NULL, 1, NULL, '2015-05-24 08:12:57', NULL, '2015-05-24 08:12:57', 259, 'W'),
(438, '01040909', 'WARD NO-09', NULL, 1, NULL, '2015-05-24 08:12:57', NULL, '2015-05-24 08:12:57', 260, 'W'),
(438, '01040913', 'AMTALI', NULL, 1, NULL, '2015-05-24 08:37:14', NULL, '2015-05-24 08:37:14', 261, 'U'),
(438, '01040915', 'ARPANGASHIA', NULL, 1, NULL, '2015-05-24 08:37:14', NULL, '2015-05-24 08:37:14', 262, 'U'),
(438, '01040923', 'ATHARAGASHIA', NULL, 1, NULL, '2015-05-24 08:37:14', NULL, '2015-05-24 08:37:14', 263, 'U'),
(438, '01040939', 'BARABAGI', NULL, 1, NULL, '2015-05-24 08:37:14', NULL, '2015-05-24 08:37:14', 264, 'U'),
(438, '01040947', 'CHOWRA', NULL, 1, NULL, '2015-05-24 08:37:14', NULL, '2015-05-24 08:37:14', 265, 'U'),
(438, '01040963', 'GULISAKHALI', NULL, 1, NULL, '2015-05-24 08:37:14', NULL, '2015-05-24 08:37:14', 266, 'U'),
(438, '01040971', 'HALDIA', NULL, 1, NULL, '2015-05-24 08:37:14', NULL, '2015-05-24 08:37:14', 267, 'U'),
(438, '01040979', 'KARAIBARIA', NULL, 1, NULL, '2015-05-24 08:37:14', NULL, '2015-05-24 08:37:14', 268, 'U'),
(438, '01040987', 'KUKUA', NULL, 1, NULL, '2015-05-24 08:37:14', NULL, '2015-05-24 08:37:14', 269, 'U'),
(438, '01040994', 'PANCHA KORALIA', NULL, 1, NULL, '2015-05-24 08:37:14', NULL, '2015-05-24 08:37:14', 270, 'U'),
(439, '01041923', 'BAMNA', NULL, 1, NULL, '2015-05-24 08:37:14', NULL, '2015-05-24 08:37:14', 271, 'U'),
(439, '01041947', 'BUKABUNIA', NULL, 1, NULL, '2015-05-24 08:37:14', NULL, '2015-05-24 08:37:14', 272, 'U'),
(439, '01041971', 'DAUATALA', NULL, 1, NULL, '2015-05-24 08:37:14', NULL, '2015-05-24 08:37:14', 273, 'U'),
(439, '01041995', 'RAMNA', NULL, 1, NULL, '2015-05-24 08:37:14', NULL, '2015-05-24 08:37:14', 274, 'U'),
(29, '01042801', 'WARD NO-01', NULL, 1, NULL, '2015-05-24 08:12:57', NULL, '2015-05-24 08:12:57', 275, 'W'),
(29, '01042802', 'WARD NO-02', NULL, 1, NULL, '2015-05-24 08:12:57', NULL, '2015-05-24 08:12:57', 276, 'W'),
(29, '01042803', 'WARD NO-03', NULL, 1, NULL, '2015-05-24 08:12:57', NULL, '2015-05-24 08:12:57', 277, 'W'),
(29, '01042804', 'WARD NO-04', NULL, 1, NULL, '2015-05-24 08:12:57', NULL, '2015-05-24 08:12:57', 278, 'W'),
(29, '01042805', 'WARD NO-05', NULL, 1, NULL, '2015-05-24 08:12:57', NULL, '2015-05-24 08:12:57', 279, 'W'),
(29, '01042806', 'WARD NO-06', NULL, 1, NULL, '2015-05-24 08:12:57', NULL, '2015-05-24 08:12:57', 280, 'W'),
(29, '01042807', 'WARD NO-07', NULL, 1, NULL, '2015-05-24 08:12:57', NULL, '2015-05-24 08:12:57', 281, 'W'),
(29, '01042808', 'WARD NO-08', NULL, 1, NULL, '2015-05-24 08:12:57', NULL, '2015-05-24 08:12:57', 282, 'W'),
(29, '01042809', 'WARD NO-09', NULL, 1, NULL, '2015-05-24 08:12:57', NULL, '2015-05-24 08:12:57', 283, 'W'),
(29, '01042817', 'AYLA PATAKATA', NULL, 1, NULL, '2015-05-24 08:37:14', NULL, '2015-05-24 08:37:14', 284, 'U'),
(29, '01042819', 'BADARKHALI', NULL, 1, NULL, '2015-05-24 08:37:14', NULL, '2015-05-24 08:37:14', 285, 'U'),
(29, '01042828', 'BARGUNA', NULL, 1, NULL, '2015-05-24 08:37:14', NULL, '2015-05-24 08:37:14', 286, 'U'),
(29, '01042838', 'BURIR CHAR', NULL, 1, NULL, '2015-05-24 08:37:14', NULL, '2015-05-24 08:37:14', 287, 'U'),
(446, '01063667', 'HARINATHPUR', NULL, 1, NULL, '2015-05-24 08:37:14', NULL, '2015-05-24 08:37:14', 288, 'U'),
(446, '01063681', 'HIZLA GAURABDI', NULL, 1, NULL, '2015-05-24 08:37:14', NULL, '2015-05-24 08:37:14', 289, 'U'),
(446, '01063694', 'MEMANIA', NULL, 1, NULL, '2015-05-24 08:37:14', NULL, '2015-05-24 08:37:14', 290, 'U'),
(447, '01065101', 'WARD NO-01', NULL, 1, NULL, '2015-05-24 08:12:57', NULL, '2015-05-24 08:12:57', 291, 'W'),
(447, '01065102', 'WARD NO-02', NULL, 1, NULL, '2015-05-24 08:12:57', NULL, '2015-05-24 08:12:57', 292, 'W'),
(447, '01065103', 'WARD NO-03', NULL, 1, NULL, '2015-05-24 08:12:57', NULL, '2015-05-24 08:12:57', 293, 'W'),
(447, '01065104', 'WARD NO-04', NULL, 1, NULL, '2015-05-24 08:12:57', NULL, '2015-05-24 08:12:57', 294, 'W'),
(447, '01065105', 'WARD NO-05', NULL, 1, NULL, '2015-05-24 08:12:57', NULL, '2015-05-24 08:12:57', 295, 'W'),
(447, '01065106', 'WARD NO-06', NULL, 1, NULL, '2015-05-24 08:12:57', NULL, '2015-05-24 08:12:57', 296, 'W'),
(447, '01065107', 'WARD NO-07', NULL, 1, NULL, '2015-05-24 08:12:57', NULL, '2015-05-24 08:12:57', 297, 'W'),
(447, '01065108', 'WARD NO-08', NULL, 1, NULL, '2015-05-24 08:12:57', NULL, '2015-05-24 08:12:57', 298, 'W'),
(447, '01065109', 'WARD NO-09', NULL, 1, NULL, '2015-05-24 08:12:57', NULL, '2015-05-24 08:12:57', 299, 'W'),
(447, '01065110', 'WARD NO-10', NULL, 1, NULL, '2015-05-24 08:12:57', NULL, '2015-05-24 08:12:57', 300, 'W'),
(447, '01065111', 'WARD NO-11', NULL, 1, NULL, '2015-05-24 08:12:57', NULL, '2015-05-24 08:12:57', 301, 'W'),
(447, '01065112', 'WARD NO-12', NULL, 1, NULL, '2015-05-24 08:12:57', NULL, '2015-05-24 08:12:57', 302, 'W'),
(447, '01065113', 'WARD NO-13', NULL, 1, NULL, '2015-05-24 08:12:57', NULL, '2015-05-24 08:12:57', 303, 'W'),
(447, '01065114', 'WARD NO-14', NULL, 1, NULL, '2015-05-24 08:12:57', NULL, '2015-05-24 08:12:57', 304, 'W'),
(447, '01065115', 'WARD NO-15', NULL, 1, NULL, '2015-05-24 08:12:57', NULL, '2015-05-24 08:12:57', 305, 'W'),
(447, '01065116', 'WARD NO-16', NULL, 1, NULL, '2015-05-24 08:12:57', NULL, '2015-05-24 08:12:57', 306, 'W'),
(447, '01065117', 'WARD NO-17', NULL, 1, NULL, '2015-05-24 08:12:57', NULL, '2015-05-24 08:12:57', 307, 'W'),
(447, '01065118', 'WARD NO-18', NULL, 1, NULL, '2015-05-24 08:12:57', NULL, '2015-05-24 08:12:57', 308, 'W'),
(447, '01065119', 'WARD NO-19', NULL, 1, NULL, '2015-05-24 08:12:57', NULL, '2015-05-24 08:12:57', 309, 'W'),
(447, '01065120', 'WARD NO-20', NULL, 1, NULL, '2015-05-24 08:12:57', NULL, '2015-05-24 08:12:57', 310, 'W'),
(447, '01065121', 'WARD NO-21', NULL, 1, NULL, '2015-05-24 08:12:57', NULL, '2015-05-24 08:12:57', 311, 'W'),
(447, '01065122', 'WARD NO-22', NULL, 1, NULL, '2015-05-24 08:12:57', NULL, '2015-05-24 08:12:57', 312, 'W'),
(447, '01065123', 'WARD NO-23', NULL, 1, NULL, '2015-05-24 08:12:57', NULL, '2015-05-24 08:12:57', 313, 'W'),
(447, '01065124', 'WARD NO-24', NULL, 1, NULL, '2015-05-24 08:12:57', NULL, '2015-05-24 08:12:57', 314, 'W'),
(447, '01065125', 'WARD NO-25', NULL, 1, NULL, '2015-05-24 08:12:57', NULL, '2015-05-24 08:12:57', 315, 'W'),
(447, '01065126', 'WARD NO-26', NULL, 1, NULL, '2015-05-24 08:12:57', NULL, '2015-05-24 08:12:57', 316, 'W'),
(447, '01065127', 'WARD NO-27', NULL, 1, NULL, '2015-05-24 08:12:57', NULL, '2015-05-24 08:12:57', 317, 'W'),
(447, '01065128', 'WARD NO-28', NULL, 1, NULL, '2015-05-24 08:12:57', NULL, '2015-05-24 08:12:57', 318, 'W'),
(447, '01065129', 'WARD NO-29', NULL, 1, NULL, '2015-05-24 08:12:57', NULL, '2015-05-24 08:12:57', 319, 'W'),
(447, '01065130', 'WARD NO-30', NULL, 1, NULL, '2015-05-24 08:12:57', NULL, '2015-05-24 08:12:57', 320, 'W'),
(447, '01065132', 'CHANDPURA', NULL, 1, NULL, '2015-05-24 08:37:14', NULL, '2015-05-24 08:37:14', 321, 'U'),
(447, '01065133', 'CHANDRA MOHAN', NULL, 1, NULL, '2015-05-24 08:37:14', NULL, '2015-05-24 08:37:14', 322, 'U'),
(447, '01065134', 'CHAR BARIA', NULL, 1, NULL, '2015-05-24 08:37:14', NULL, '2015-05-24 08:37:14', 323, 'U'),
(447, '01065143', 'CHAR KOWA', NULL, 1, NULL, '2015-05-24 08:37:14', NULL, '2015-05-24 08:37:14', 324, 'U'),
(447, '01065151', 'CHAR MONAI', NULL, 1, NULL, '2015-05-24 08:37:14', NULL, '2015-05-24 08:37:14', 325, 'U'),
(447, '01065160', 'JAGUA', NULL, 1, NULL, '2015-05-24 08:37:14', NULL, '2015-05-24 08:37:14', 326, 'U'),
(447, '01065169', 'KASHIPUR', NULL, 1, NULL, '2015-05-24 08:37:14', NULL, '2015-05-24 08:37:14', 327, 'U'),
(447, '01065177', 'ROY PASHA KARAPUR', NULL, 1, NULL, '2015-05-24 08:37:14', NULL, '2015-05-24 08:37:14', 328, 'U'),
(447, '01065186', 'SHAYESTABAD', NULL, 1, NULL, '2015-05-24 08:37:14', NULL, '2015-05-24 08:37:14', 329, 'U'),
(447, '01065194', 'TUNGIBARIA', NULL, 1, NULL, '2015-05-24 08:37:14', NULL, '2015-05-24 08:37:14', 330, 'U'),
(448, '01066201', 'WARD NO-01', NULL, 1, NULL, '2015-05-24 08:12:57', NULL, '2015-05-24 08:12:57', 331, 'W'),
(448, '01066202', 'WARD NO-02', NULL, 1, NULL, '2015-05-24 08:12:57', NULL, '2015-05-24 08:12:57', 332, 'W'),
(448, '01066203', 'WARD NO-03', NULL, 1, NULL, '2015-05-24 08:12:57', NULL, '2015-05-24 08:12:57', 333, 'W'),
(448, '01066204', 'WARD NO-04', NULL, 1, NULL, '2015-05-24 08:12:57', NULL, '2015-05-24 08:12:57', 334, 'W'),
(448, '01066205', 'WARD NO-05', NULL, 1, NULL, '2015-05-24 08:12:57', NULL, '2015-05-24 08:12:57', 335, 'W'),
(448, '01066206', 'WARD NO-06', NULL, 1, NULL, '2015-05-24 08:12:57', NULL, '2015-05-24 08:12:57', 336, 'W'),
(448, '01066207', 'WARD NO-07', NULL, 1, NULL, '2015-05-24 08:12:57', NULL, '2015-05-24 08:12:57', 337, 'W'),
(448, '01066208', 'WARD NO-08', NULL, 1, NULL, '2015-05-24 08:12:57', NULL, '2015-05-24 08:12:57', 338, 'W'),
(448, '01066209', 'WARD NO-09', NULL, 1, NULL, '2015-05-24 08:12:57', NULL, '2015-05-24 08:12:57', 339, 'W'),
(448, '01066213', 'ALIMABAD', NULL, 1, NULL, '2015-05-24 08:37:14', NULL, '2015-05-24 08:37:14', 340, 'U'),
(448, '01066215', 'ANDHAR MANIK', NULL, 1, NULL, '2015-05-24 08:37:14', NULL, '2015-05-24 08:37:14', 341, 'U'),
(448, '01066223', 'BHASAN CHAR', NULL, 1, NULL, '2015-05-24 08:37:14', NULL, '2015-05-24 08:37:14', 342, 'U'),
(448, '01066231', 'BIDYANANDAPUR', NULL, 1, NULL, '2015-05-24 08:37:14', NULL, '2015-05-24 08:37:14', 343, 'U'),
(448, '01066239', 'CHANDPUR', NULL, 1, NULL, '2015-05-24 08:37:14', NULL, '2015-05-24 08:37:14', 344, 'U'),
(448, '01066240', 'GOBINDAPUR', NULL, 1, NULL, '2015-05-24 08:37:14', NULL, '2015-05-24 08:37:14', 345, 'U'),
(448, '01066247', 'CHAR EKKARIA', NULL, 1, NULL, '2015-05-24 08:37:14', NULL, '2015-05-24 08:37:14', 346, 'U'),
(448, '01066255', 'CHAR GOPALPUR', NULL, 1, NULL, '2015-05-24 08:37:14', NULL, '2015-05-24 08:37:14', 347, 'U'),
(448, '01066263', 'DARI CHAR KHAJURIA', NULL, 1, NULL, '2015-05-24 08:37:14', NULL, '2015-05-24 08:37:14', 348, 'U'),
(448, '01066271', 'JANGALIA', NULL, 1, NULL, '2015-05-24 08:37:14', NULL, '2015-05-24 08:37:14', 349, 'U'),
(448, '01066279', 'LATA', NULL, 1, NULL, '2015-05-24 08:37:14', NULL, '2015-05-24 08:37:14', 350, 'U'),
(448, '01066287', 'MEHENDIGANJ', NULL, 1, NULL, '2015-05-24 08:37:14', NULL, '2015-05-24 08:37:14', 351, 'U'),
(448, '01066294', 'ULANIA', NULL, 1, NULL, '2015-05-24 08:37:14', NULL, '2015-05-24 08:37:14', 352, 'U'),
(449, '01066901', 'WARD NO-01', NULL, 1, NULL, '2015-05-24 08:12:57', NULL, '2015-05-24 08:12:57', 353, 'W'),
(449, '01066902', 'WARD NO-02', NULL, 1, NULL, '2015-05-24 08:12:57', NULL, '2015-05-24 08:12:57', 354, 'W'),
(449, '01066903', 'WARD NO-03', NULL, 1, NULL, '2015-05-24 08:12:57', NULL, '2015-05-24 08:12:57', 355, 'W'),
(449, '01066904', 'WARD NO-04', NULL, 1, NULL, '2015-05-24 08:12:57', NULL, '2015-05-24 08:12:57', 356, 'W'),
(449, '01066905', 'WARD NO-05', NULL, 1, NULL, '2015-05-24 08:12:57', NULL, '2015-05-24 08:12:57', 357, 'W'),
(449, '01066906', 'WARD NO-06', NULL, 1, NULL, '2015-05-24 08:12:57', NULL, '2015-05-24 08:12:57', 358, 'W'),
(449, '01066907', 'WARD NO-07', NULL, 1, NULL, '2015-05-24 08:12:57', NULL, '2015-05-24 08:12:57', 359, 'W'),
(449, '01066908', 'WARD NO-08', NULL, 1, NULL, '2015-05-24 08:12:57', NULL, '2015-05-24 08:12:57', 360, 'W'),
(449, '01066909', 'WARD NO-09', NULL, 1, NULL, '2015-05-24 08:12:57', NULL, '2015-05-24 08:12:57', 361, 'W'),
(449, '01066911', 'BATAMARA', NULL, 1, NULL, '2015-05-24 08:37:14', NULL, '2015-05-24 08:37:14', 362, 'U'),
(449, '01066923', 'CHAR KALEKHAN', NULL, 1, NULL, '2015-05-24 08:37:14', NULL, '2015-05-24 08:37:14', 363, 'U'),
(449, '01066935', 'GACHHUA', NULL, 1, NULL, '2015-05-24 08:37:14', NULL, '2015-05-24 08:37:14', 364, 'U'),
(449, '01066947', 'KAZIR CHAR', NULL, 1, NULL, '2015-05-24 08:37:14', NULL, '2015-05-24 08:37:14', 365, 'U'),
(449, '01066959', 'MULADI', NULL, 1, NULL, '2015-05-24 08:37:14', NULL, '2015-05-24 08:37:14', 366, 'U'),
(449, '01066971', 'NAZIRPUR', NULL, 1, NULL, '2015-05-24 08:37:14', NULL, '2015-05-24 08:37:14', 367, 'U'),
(449, '01066983', 'SAFIPUR', NULL, 1, NULL, '2015-05-24 08:37:14', NULL, '2015-05-24 08:37:14', 368, 'U'),
(450, '01069410', 'BAMRAIL', NULL, 1, NULL, '2015-05-24 08:37:14', NULL, '2015-05-24 08:37:14', 369, 'U'),
(450, '01069421', 'BARA KOTHA', NULL, 1, NULL, '2015-05-24 08:37:14', NULL, '2015-05-24 08:37:14', 370, 'U'),
(450, '01069431', 'GUTHIA', NULL, 1, NULL, '2015-05-24 08:37:14', NULL, '2015-05-24 08:37:14', 371, 'U'),
(450, '01069442', 'HARTA', NULL, 1, NULL, '2015-05-24 08:37:14', NULL, '2015-05-24 08:37:14', 372, 'U'),
(450, '01069452', 'JALLA', NULL, 1, NULL, '2015-05-24 08:37:14', NULL, '2015-05-24 08:37:14', 373, 'U'),
(450, '01069463', 'OTRA', NULL, 1, NULL, '2015-05-24 08:37:14', NULL, '2015-05-24 08:37:14', 374, 'U'),
(450, '01069473', 'SATLA', NULL, 1, NULL, '2015-05-24 08:37:14', NULL, '2015-05-24 08:37:14', 375, 'U'),
(450, '01069484', 'WAZIRPUR-SHIKARPUR', NULL, 1, NULL, '2015-05-24 08:37:14', NULL, '2015-05-24 08:37:14', 376, 'U'),
(450, '01069494', 'SHOLAK', NULL, 1, NULL, '2015-05-24 08:37:14', NULL, '2015-05-24 08:37:14', 377, 'U'),
(451, '01091801', 'WARD NO-01', NULL, 1, NULL, '2015-05-24 08:12:57', NULL, '2015-05-24 08:12:57', 378, 'W'),
(451, '01091802', 'WARD NO-02', NULL, 1, NULL, '2015-05-24 08:12:57', NULL, '2015-05-24 08:12:57', 379, 'W'),
(451, '01091803', 'WARD NO-03', NULL, 1, NULL, '2015-05-24 08:12:57', NULL, '2015-05-24 08:12:57', 380, 'W'),
(451, '01091804', 'WARD NO-04', NULL, 1, NULL, '2015-05-24 08:12:57', NULL, '2015-05-24 08:12:57', 381, 'W'),
(451, '01091805', 'WARD NO-05', NULL, 1, NULL, '2015-05-24 08:12:57', NULL, '2015-05-24 08:12:57', 382, 'W'),
(451, '01091806', 'WARD NO-06', NULL, 1, NULL, '2015-05-24 08:12:57', NULL, '2015-05-24 08:12:57', 383, 'W'),
(451, '01091807', 'WARD NO-07', NULL, 1, NULL, '2015-05-24 08:12:57', NULL, '2015-05-24 08:12:57', 384, 'W'),
(451, '01091808', 'WARD NO-08', NULL, 1, NULL, '2015-05-24 08:12:57', NULL, '2015-05-24 08:12:57', 385, 'W'),
(451, '01091809', 'WARD NO-09', NULL, 1, NULL, '2015-05-24 08:12:57', NULL, '2015-05-24 08:12:57', 386, 'W'),
(451, '01091812', 'ALINAGAR', NULL, 1, NULL, '2015-05-24 08:37:14', NULL, '2015-05-24 08:37:14', 387, 'U'),
(451, '01091814', 'BAPTA', NULL, 1, NULL, '2015-05-24 08:37:14', NULL, '2015-05-24 08:37:14', 388, 'U'),
(451, '01091821', 'CHAR SAMAIA', NULL, 1, NULL, '2015-05-24 08:37:14', NULL, '2015-05-24 08:37:14', 389, 'U'),
(451, '01091829', 'CHAR SHIBPUR', NULL, 1, NULL, '2015-05-24 08:37:14', NULL, '2015-05-24 08:37:14', 390, 'U'),
(451, '01091836', 'DHANIA', NULL, 1, NULL, '2015-05-24 08:37:14', NULL, '2015-05-24 08:37:14', 391, 'U'),
(451, '01091851', 'ILLISHA', NULL, 1, NULL, '2015-05-24 08:37:14', NULL, '2015-05-24 08:37:14', 392, 'U'),
(451, '01091855', 'PASCHIM ILISHA', NULL, 1, NULL, '2015-05-24 08:37:14', NULL, '2015-05-24 08:37:14', 393, 'U'),
(451, '01091858', 'KACHIA', NULL, 1, NULL, '2015-05-24 08:37:14', NULL, '2015-05-24 08:37:14', 394, 'U'),
(451, '01091865', 'UTTAR DIGHALDI', NULL, 1, NULL, '2015-05-24 08:37:14', NULL, '2015-05-24 08:37:14', 395, 'U'),
(451, '01091873', 'RAJAPUR', NULL, 1, NULL, '2015-05-24 08:37:14', NULL, '2015-05-24 08:37:14', 396, 'U'),
(451, '01091880', 'DAKSHIN DIGHALDI', NULL, 1, NULL, '2015-05-24 08:37:14', NULL, '2015-05-24 08:37:14', 397, 'U'),
(451, '01091887', 'BHEDARIA', NULL, 1, NULL, '2015-05-24 08:37:14', NULL, '2015-05-24 08:37:14', 398, 'U'),
(451, '01091894', 'BHELU MIAH', NULL, 1, NULL, '2015-05-24 08:37:14', NULL, '2015-05-24 08:37:14', 399, 'U'),
(452, '01092101', 'WARD NO-01', NULL, 1, NULL, '2015-05-24 08:12:57', NULL, '2015-05-24 08:12:57', 400, 'W'),
(452, '01092102', 'WARD NO-02', NULL, 1, NULL, '2015-05-24 08:12:57', NULL, '2015-05-24 08:12:57', 401, 'W'),
(452, '01092103', 'WARD NO-03', NULL, 1, NULL, '2015-05-24 08:12:57', NULL, '2015-05-24 08:12:57', 402, 'W'),
(452, '01092104', 'WARD NO-04', NULL, 1, NULL, '2015-05-24 08:12:57', NULL, '2015-05-24 08:12:57', 403, 'W'),
(452, '01092105', 'WARD NO-05', NULL, 1, NULL, '2015-05-24 08:12:57', NULL, '2015-05-24 08:12:57', 404, 'W'),
(452, '01092106', 'WARD NO-06', NULL, 1, NULL, '2015-05-24 08:12:57', NULL, '2015-05-24 08:12:57', 405, 'W'),
(452, '01092107', 'WARD NO-07', NULL, 1, NULL, '2015-05-24 08:12:57', NULL, '2015-05-24 08:12:57', 406, 'W'),
(452, '01092108', 'WARD NO-08', NULL, 1, NULL, '2015-05-24 08:12:57', NULL, '2015-05-24 08:12:57', 407, 'W'),
(452, '01092109', 'WARD NO-09', NULL, 1, NULL, '2015-05-24 08:12:57', NULL, '2015-05-24 08:12:57', 408, 'W'),
(452, '01092116', 'BARA MANIKA', NULL, 1, NULL, '2015-05-24 08:37:14', NULL, '2015-05-24 08:37:14', 409, 'U'),
(452, '01092119', 'DEULA', NULL, 1, NULL, '2015-05-24 08:37:14', NULL, '2015-05-24 08:37:14', 410, 'U'),
(452, '01092128', 'GANGAPUR', NULL, 1, NULL, '2015-05-24 08:37:14', NULL, '2015-05-24 08:37:14', 411, 'U'),
(452, '01092138', 'HASSAN NAGAR', NULL, 1, NULL, '2015-05-24 08:37:14', NULL, '2015-05-24 08:37:14', 412, 'U'),
(452, '01092147', 'KACHIA', NULL, 1, NULL, '2015-05-24 08:37:14', NULL, '2015-05-24 08:37:14', 413, 'U'),
(452, '01092157', 'KUTBA', NULL, 1, NULL, '2015-05-24 08:37:14', NULL, '2015-05-24 08:37:14', 414, 'U'),
(452, '01092166', 'PAKSHIA', NULL, 1, NULL, '2015-05-24 08:37:14', NULL, '2015-05-24 08:37:14', 415, 'U'),
(452, '01092176', 'SACHRA', NULL, 1, NULL, '2015-05-24 08:37:14', NULL, '2015-05-24 08:37:14', 416, 'U'),
(452, '01092195', 'TABGI', NULL, 1, NULL, '2015-05-24 08:37:14', NULL, '2015-05-24 08:37:14', 417, 'U'),
(453, '01092501', 'WARD NO-01', NULL, 1, NULL, '2015-05-24 08:12:57', NULL, '2015-05-24 08:12:57', 418, 'W'),
(453, '01092502', 'WARD NO-02', NULL, 1, NULL, '2015-05-24 08:12:57', NULL, '2015-05-24 08:12:57', 419, 'W'),
(453, '01092503', 'WARD NO-03', NULL, 1, NULL, '2015-05-24 08:12:57', NULL, '2015-05-24 08:12:57', 420, 'W'),
(453, '01092504', 'WARD NO-04', NULL, 1, NULL, '2015-05-24 08:12:57', NULL, '2015-05-24 08:12:57', 421, 'W'),
(453, '01092505', 'WARD NO-05', NULL, 1, NULL, '2015-05-24 08:12:57', NULL, '2015-05-24 08:12:57', 422, 'W'),
(453, '01092506', 'WARD NO-06', NULL, 1, NULL, '2015-05-24 08:12:57', NULL, '2015-05-24 08:12:57', 423, 'W'),
(453, '01092507', 'WARD NO-07', NULL, 1, NULL, '2015-05-24 08:12:57', NULL, '2015-05-24 08:12:57', 424, 'W'),
(453, '01092508', 'WARD NO-08', NULL, 1, NULL, '2015-05-24 08:12:57', NULL, '2015-05-24 08:12:57', 425, 'W'),
(453, '01092509', 'WARD NO-09', NULL, 1, NULL, '2015-05-24 08:12:57', NULL, '2015-05-24 08:12:57', 426, 'W'),
(453, '01092515', 'AMINABAD', NULL, 1, NULL, '2015-05-24 08:37:14', NULL, '2015-05-24 08:37:14', 427, 'U'),
(453, '01092519', 'ASLAMPUR', NULL, 1, NULL, '2015-05-24 08:37:14', NULL, '2015-05-24 08:37:14', 428, 'U'),
(453, '01092528', 'CHAR KALMI', NULL, 1, NULL, '2015-05-24 08:37:14', NULL, '2015-05-24 08:37:14', 429, 'U'),
(453, '01092538', 'CHAR MADRAS', NULL, 1, NULL, '2015-05-24 08:37:14', NULL, '2015-05-24 08:37:14', 430, 'U'),
(453, '01092547', 'CHAR MANIKA', NULL, 1, NULL, '2015-05-24 08:37:14', NULL, '2015-05-24 08:37:14', 431, 'U'),
(453, '01092553', 'EWAJPUR', NULL, 1, NULL, '2015-05-24 08:37:14', NULL, '2015-05-24 08:37:14', 432, 'U'),
(453, '01092557', 'HAZARIGANJ', NULL, 1, NULL, '2015-05-24 08:37:14', NULL, '2015-05-24 08:37:14', 433, 'U'),
(453, '01092563', 'JAHANPUR', NULL, 1, NULL, '2015-05-24 08:37:14', NULL, '2015-05-24 08:37:14', 434, 'U'),
(453, '01092566', 'JINNAGHAR', NULL, 1, NULL, '2015-05-24 08:37:14', NULL, '2015-05-24 08:37:14', 435, 'U'),
(453, '01092570', 'CHAR KUKRI MUKRI', NULL, 1, NULL, '2015-05-24 08:37:14', NULL, '2015-05-24 08:37:14', 436, 'U'),
(453, '01092576', 'NILKAMAL', NULL, 1, NULL, '2015-05-24 08:37:14', NULL, '2015-05-24 08:37:14', 437, 'U'),
(453, '01092585', 'NURABAD', NULL, 1, NULL, '2015-05-24 08:37:14', NULL, '2015-05-24 08:37:14', 438, 'U'),
(453, '01092588', 'RASUL PUR', NULL, 1, NULL, '2015-05-24 08:37:14', NULL, '2015-05-24 08:37:14', 439, 'U'),
(453, '01092595', 'OSMANGANJ', NULL, 1, NULL, '2015-05-24 08:37:14', NULL, '2015-05-24 08:37:14', 440, 'U'),
(454, '01092901', 'WARD NO-01', NULL, 1, NULL, '2015-05-24 08:12:57', NULL, '2015-05-24 08:12:57', 441, 'W'),
(454, '01092902', 'WARD NO-02', NULL, 1, NULL, '2015-05-24 08:12:57', NULL, '2015-05-24 08:12:57', 442, 'W'),
(454, '01092903', 'WARD NO-03', NULL, 1, NULL, '2015-05-24 08:12:57', NULL, '2015-05-24 08:12:57', 443, 'W'),
(454, '01092904', 'WARD NO-04', NULL, 1, NULL, '2015-05-24 08:12:57', NULL, '2015-05-24 08:12:57', 444, 'W'),
(454, '01092905', 'WARD NO-05', NULL, 1, NULL, '2015-05-24 08:12:57', NULL, '2015-05-24 08:12:57', 445, 'W'),
(454, '01092906', 'WARD NO-06', NULL, 1, NULL, '2015-05-24 08:12:57', NULL, '2015-05-24 08:12:57', 446, 'W'),
(454, '01092907', 'WARD NO-07', NULL, 1, NULL, '2015-05-24 08:12:57', NULL, '2015-05-24 08:12:57', 447, 'W'),
(454, '01092908', 'WARD NO-08', NULL, 1, NULL, '2015-05-24 08:12:57', NULL, '2015-05-24 08:12:57', 448, 'W'),
(454, '01092909', 'WARD NO-09', NULL, 1, NULL, '2015-05-24 08:12:57', NULL, '2015-05-24 08:12:57', 449, 'W'),
(454, '01092916', 'BHABANIPUR', NULL, 1, NULL, '2015-05-24 08:37:14', NULL, '2015-05-24 08:37:14', 450, 'U'),
(454, '01092919', 'CHAR KHALIFA', NULL, 1, NULL, '2015-05-24 08:37:14', NULL, '2015-05-24 08:37:14', 451, 'U'),
(454, '01092928', 'CHAR PATA', NULL, 1, NULL, '2015-05-24 08:37:14', NULL, '2015-05-24 08:37:14', 452, 'U'),
(454, '01092938', 'HAJIPUR', NULL, 1, NULL, '2015-05-24 08:37:14', NULL, '2015-05-24 08:37:14', 453, 'U'),
(454, '01092947', 'MADANPUR', NULL, 1, NULL, '2015-05-24 08:37:14', NULL, '2015-05-24 08:37:14', 454, 'U'),
(454, '01092957', 'MEDUA', NULL, 1, NULL, '2015-05-24 08:37:14', NULL, '2015-05-24 08:37:14', 455, 'U'),
(454, '01092976', 'UTTAR JOYNAGAR', NULL, 1, NULL, '2015-05-24 08:37:14', NULL, '2015-05-24 08:37:14', 456, 'U'),
(454, '01092985', 'DAKSHIN JOYNAGAR', NULL, 1, NULL, '2015-05-24 08:37:14', NULL, '2015-05-24 08:37:14', 457, 'U'),
(454, '01092995', 'SAIDPUR', NULL, 1, NULL, '2015-05-24 08:37:14', NULL, '2015-05-24 08:37:14', 458, 'U'),
(455, '01095401', 'WARD NO-01', NULL, 1, NULL, '2015-05-24 08:12:57', NULL, '2015-05-24 08:12:57', 459, 'W'),
(455, '01095402', 'WARD NO-02', NULL, 1, NULL, '2015-05-24 08:12:57', NULL, '2015-05-24 08:12:57', 460, 'W'),
(455, '01095403', 'WARD NO-03', NULL, 1, NULL, '2015-05-24 08:12:57', NULL, '2015-05-24 08:12:57', 461, 'W'),
(455, '01095404', 'WARD NO-04', NULL, 1, NULL, '2015-05-24 08:12:57', NULL, '2015-05-24 08:12:57', 462, 'W'),
(455, '01095405', 'WARD NO-05', NULL, 1, NULL, '2015-05-24 08:12:57', NULL, '2015-05-24 08:12:57', 463, 'W'),
(455, '01095406', 'WARD NO-06', NULL, 1, NULL, '2015-05-24 08:12:57', NULL, '2015-05-24 08:12:57', 464, 'W');
INSERT INTO `sa_unions` (`THANA_ID`, `UD_UNION_CODE`, `UNION_NAME`, `ORDER_SL`, `ACTIVE_FLAG`, `CREATED_BY`, `CREATE_DATE`, `UPDATED_BY`, `UPDATE_DATE`, `UNION_ID`, `UAREA_STATUS`) VALUES
(455, '01095407', 'WARD NO-07', NULL, 1, NULL, '2015-05-24 08:12:57', NULL, '2015-05-24 08:12:57', 465, 'W'),
(455, '01095408', 'WARD NO-08', NULL, 1, NULL, '2015-05-24 08:12:57', NULL, '2015-05-24 08:12:57', 466, 'W'),
(455, '01095409', 'WARD NO-09', NULL, 1, NULL, '2015-05-24 08:12:57', NULL, '2015-05-24 08:12:57', 467, 'W'),
(455, '01095416', 'BADARPUR', NULL, 1, NULL, '2015-05-24 08:37:14', NULL, '2015-05-24 08:37:14', 468, 'U'),
(455, '01095419', 'CHAR BHUTA', NULL, 1, NULL, '2015-05-24 08:37:14', NULL, '2015-05-24 08:37:14', 469, 'U'),
(455, '01095428', 'DHALI GAURNAGAR', NULL, 1, NULL, '2015-05-24 08:37:14', NULL, '2015-05-24 08:37:14', 470, 'U'),
(455, '01095438', 'FARAZGANJ', NULL, 1, NULL, '2015-05-24 08:37:14', NULL, '2015-05-24 08:37:14', 471, 'U'),
(455, '01095447', 'KALMA', NULL, 1, NULL, '2015-05-24 08:37:14', NULL, '2015-05-24 08:37:14', 472, 'U'),
(455, '01095457', 'LALMOHAN', NULL, 1, NULL, '2015-05-24 08:37:14', NULL, '2015-05-24 08:37:14', 473, 'U'),
(455, '01095466', 'LORD HARDINJE', NULL, 1, NULL, '2015-05-24 08:37:14', NULL, '2015-05-24 08:37:14', 474, 'U'),
(455, '01095470', 'PASCHIM CHAR UMED', NULL, 1, NULL, '2015-05-24 08:37:14', NULL, '2015-05-24 08:37:14', 475, 'U'),
(455, '01095476', 'RAMAGANJ', NULL, 1, NULL, '2015-05-24 08:37:14', NULL, '2015-05-24 08:37:14', 476, 'U'),
(456, '01096523', 'HAJIRHAT', NULL, 1, NULL, '2015-05-24 08:37:14', NULL, '2015-05-24 08:37:14', 477, 'U'),
(456, '01096547', 'MANPURA', NULL, 1, NULL, '2015-05-24 08:37:14', NULL, '2015-05-24 08:37:14', 478, 'U'),
(456, '01096571', 'SAKUCHIA', NULL, 1, NULL, '2015-05-24 08:37:14', NULL, '2015-05-24 08:37:14', 479, 'U'),
(457, '01099119', 'BARA MALANCHA', NULL, 1, NULL, '2015-05-24 08:37:14', NULL, '2015-05-24 08:37:14', 480, 'U'),
(457, '01099138', 'CHANCHRA UTTAR', NULL, 1, NULL, '2015-05-24 08:37:14', NULL, '2015-05-24 08:37:14', 481, 'U'),
(457, '01099157', 'CHANDPUR', NULL, 1, NULL, '2015-05-24 08:37:14', NULL, '2015-05-24 08:37:14', 482, 'U'),
(457, '01099176', 'SONAPUR', NULL, 1, NULL, '2015-05-24 08:37:14', NULL, '2015-05-24 08:37:14', 483, 'U'),
(457, '01099185', 'SHAMBHUPUR', NULL, 1, NULL, '2015-05-24 08:37:14', NULL, '2015-05-24 08:37:14', 484, 'U'),
(458, '01424001', 'WARD NO-01', NULL, 1, NULL, '2015-05-24 08:12:57', NULL, '2015-05-24 08:12:57', 485, 'W'),
(458, '01424002', 'WARD NO-02', NULL, 1, NULL, '2015-05-24 08:12:57', NULL, '2015-05-24 08:12:57', 486, 'W'),
(458, '01424003', 'WARD NO-03', NULL, 1, NULL, '2015-05-24 08:12:57', NULL, '2015-05-24 08:12:57', 487, 'W'),
(458, '01424004', 'WARD NO-04', NULL, 1, NULL, '2015-05-24 08:12:57', NULL, '2015-05-24 08:12:57', 488, 'W'),
(458, '01424005', 'WARD NO-05', NULL, 1, NULL, '2015-05-24 08:12:57', NULL, '2015-05-24 08:12:57', 489, 'W'),
(458, '01424006', 'WARD NO-06', NULL, 1, NULL, '2015-05-24 08:12:57', NULL, '2015-05-24 08:12:57', 490, 'W'),
(458, '01424007', 'WARD NO-07', NULL, 1, NULL, '2015-05-24 08:12:57', NULL, '2015-05-24 08:12:57', 491, 'W'),
(458, '01424008', 'WARD NO-08', NULL, 1, NULL, '2015-05-24 08:12:57', NULL, '2015-05-24 08:12:57', 492, 'W'),
(458, '01424009', 'WARD NO-09', NULL, 1, NULL, '2015-05-24 08:12:57', NULL, '2015-05-24 08:12:57', 493, 'W'),
(458, '01424017', 'BASANDA', NULL, 1, NULL, '2015-05-24 08:37:14', NULL, '2015-05-24 08:37:14', 494, 'U'),
(458, '01424019', 'BINOYKATI', NULL, 1, NULL, '2015-05-24 08:37:14', NULL, '2015-05-24 08:37:14', 495, 'U'),
(458, '01424028', 'GABKHAN DHANSIRI', NULL, 1, NULL, '2015-05-24 08:37:14', NULL, '2015-05-24 08:37:14', 496, 'U'),
(458, '01424038', 'GABHA RAMCHANDRAPUR', NULL, 1, NULL, '2015-05-24 08:37:14', NULL, '2015-05-24 08:37:14', 497, 'U'),
(458, '01424057', 'KEORA', NULL, 1, NULL, '2015-05-24 08:37:14', NULL, '2015-05-24 08:37:14', 498, 'U'),
(458, '01424063', 'NATHULLABAD', NULL, 1, NULL, '2015-05-24 08:37:14', NULL, '2015-05-24 08:37:14', 499, 'U'),
(458, '01424066', 'KIRTIPASHA', NULL, 1, NULL, '2015-05-24 08:37:14', NULL, '2015-05-24 08:37:14', 500, 'U'),
(458, '01424076', 'NABAGRAM', NULL, 1, NULL, '2015-05-24 08:37:14', NULL, '2015-05-24 08:37:14', 501, 'U'),
(458, '01424085', 'PONABALIA', NULL, 1, NULL, '2015-05-24 08:37:14', NULL, '2015-05-24 08:37:14', 502, 'U'),
(458, '01424095', 'SEKHERHAT', NULL, 1, NULL, '2015-05-24 08:37:14', NULL, '2015-05-24 08:37:14', 503, 'U'),
(459, '01424315', 'AMUA', NULL, 1, NULL, '2015-05-24 08:37:14', NULL, '2015-05-24 08:37:14', 504, 'U'),
(459, '01424331', 'AWRABUNIA', NULL, 1, NULL, '2015-05-24 08:37:14', NULL, '2015-05-24 08:37:14', 505, 'U'),
(459, '01424347', 'CHENCHRI RAMPUR', NULL, 1, NULL, '2015-05-24 08:37:14', NULL, '2015-05-24 08:37:14', 506, 'U'),
(459, '01424363', 'KANTHALIA', NULL, 1, NULL, '2015-05-24 08:37:14', NULL, '2015-05-24 08:37:14', 507, 'U'),
(459, '01424379', 'PATIKHALGHAAATA', NULL, 1, NULL, '2015-05-24 08:37:14', NULL, '2015-05-24 08:37:14', 508, 'U'),
(459, '01424394', 'SAULAJALIA', NULL, 1, NULL, '2015-05-24 08:37:14', NULL, '2015-05-24 08:37:14', 509, 'U'),
(460, '01427301', 'WARD NO-01', NULL, 1, NULL, '2015-05-24 08:12:57', NULL, '2015-05-24 08:12:57', 510, 'W'),
(460, '01427302', 'WARD NO-02', NULL, 1, NULL, '2015-05-24 08:12:57', NULL, '2015-05-24 08:12:57', 511, 'W'),
(460, '01427303', 'WARD NO-03', NULL, 1, NULL, '2015-05-24 08:12:57', NULL, '2015-05-24 08:12:57', 512, 'W'),
(460, '01427304', 'WARD NO-04', NULL, 1, NULL, '2015-05-24 08:12:57', NULL, '2015-05-24 08:12:57', 513, 'W'),
(460, '01427305', 'WARD NO-05', NULL, 1, NULL, '2015-05-24 08:12:57', NULL, '2015-05-24 08:12:57', 514, 'W'),
(460, '01427306', 'WARD NO-06', NULL, 1, NULL, '2015-05-24 08:12:57', NULL, '2015-05-24 08:12:57', 515, 'W'),
(460, '01427307', 'WARD NO-07', NULL, 1, NULL, '2015-05-24 08:12:57', NULL, '2015-05-24 08:12:57', 516, 'W'),
(460, '01427308', 'WARD NO-08', NULL, 1, NULL, '2015-05-24 08:12:57', NULL, '2015-05-24 08:12:57', 517, 'W'),
(460, '01427309', 'WARD NO-09', NULL, 1, NULL, '2015-05-24 08:12:57', NULL, '2015-05-24 08:12:57', 518, 'W'),
(460, '01427313', 'BHARABPASHA', NULL, 1, NULL, '2015-05-24 08:37:14', NULL, '2015-05-24 08:37:14', 519, 'U'),
(460, '01427315', 'DAPDAPIA', NULL, 1, NULL, '2015-05-24 08:37:14', NULL, '2015-05-24 08:37:14', 520, 'U'),
(460, '01427321', 'KULKATI', NULL, 1, NULL, '2015-05-24 08:37:14', NULL, '2015-05-24 08:37:14', 521, 'U'),
(460, '01427331', 'KUSANGHAL', NULL, 1, NULL, '2015-05-24 08:37:14', NULL, '2015-05-24 08:37:14', 522, 'U'),
(460, '01427336', 'MOLLAHAT', NULL, 1, NULL, '2015-05-24 08:37:14', NULL, '2015-05-24 08:37:14', 523, 'U'),
(460, '01427342', 'MAGAR', NULL, 1, NULL, '2015-05-24 08:37:14', NULL, '2015-05-24 08:37:14', 524, 'U'),
(460, '01427352', 'NACHAN MOHAL', NULL, 1, NULL, '2015-05-24 08:37:14', NULL, '2015-05-24 08:37:14', 525, 'U'),
(460, '01427373', 'RANAPASHA', NULL, 1, NULL, '2015-05-24 08:37:14', NULL, '2015-05-24 08:37:14', 526, 'U'),
(460, '01427384', 'SIDDHAKATI', NULL, 1, NULL, '2015-05-24 08:37:14', NULL, '2015-05-24 08:37:14', 527, 'U'),
(460, '01427394', 'SUBIDPUR', NULL, 1, NULL, '2015-05-24 08:37:14', NULL, '2015-05-24 08:37:14', 528, 'U'),
(461, '01428413', 'BARAIA', NULL, 1, NULL, '2015-05-24 08:37:14', NULL, '2015-05-24 08:37:14', 529, 'U'),
(461, '01428427', 'GALUA', NULL, 1, NULL, '2015-05-24 08:37:14', NULL, '2015-05-24 08:37:14', 530, 'U'),
(461, '01428440', 'MATHBARI', NULL, 1, NULL, '2015-05-24 08:37:14', NULL, '2015-05-24 08:37:14', 531, 'U'),
(461, '01428454', 'RAJAPUR', NULL, 1, NULL, '2015-05-24 08:37:14', NULL, '2015-05-24 08:37:14', 532, 'U'),
(461, '01428467', 'SATURIA', NULL, 1, NULL, '2015-05-24 08:37:14', NULL, '2015-05-24 08:37:14', 533, 'U'),
(461, '01428481', 'SUKTAGARH', NULL, 1, NULL, '2015-05-24 08:37:14', NULL, '2015-05-24 08:37:14', 534, 'U'),
(462, '01783801', 'WARD NO-01', NULL, 1, NULL, '2015-05-24 08:12:57', NULL, '2015-05-24 08:12:57', 535, 'W'),
(462, '01783802', 'WARD NO-02', NULL, 1, NULL, '2015-05-24 08:12:57', NULL, '2015-05-24 08:12:57', 536, 'W'),
(462, '01783803', 'WARD NO-03', NULL, 1, NULL, '2015-05-24 08:12:57', NULL, '2015-05-24 08:12:57', 537, 'W'),
(462, '01783804', 'WARD NO-04', NULL, 1, NULL, '2015-05-24 08:12:57', NULL, '2015-05-24 08:12:57', 538, 'W'),
(462, '01783805', 'WARD NO-05', NULL, 1, NULL, '2015-05-24 08:12:57', NULL, '2015-05-24 08:12:57', 539, 'W'),
(462, '01783806', 'WARD NO-06', NULL, 1, NULL, '2015-05-24 08:12:57', NULL, '2015-05-24 08:12:57', 540, 'W'),
(462, '01783807', 'WARD NO-07', NULL, 1, NULL, '2015-05-24 08:12:57', NULL, '2015-05-24 08:12:57', 541, 'W'),
(462, '01783808', 'WARD NO-08', NULL, 1, NULL, '2015-05-24 08:12:57', NULL, '2015-05-24 08:12:57', 542, 'W'),
(462, '01783809', 'WARD NO-09', NULL, 1, NULL, '2015-05-24 08:12:57', NULL, '2015-05-24 08:12:57', 543, 'W'),
(462, '01783810', 'ADABARIA', NULL, 1, NULL, '2015-05-24 08:37:14', NULL, '2015-05-24 08:37:14', 544, 'U'),
(462, '01783811', 'BAGA', NULL, 1, NULL, '2015-05-24 08:37:14', NULL, '2015-05-24 08:37:14', 545, 'U'),
(462, '01783829', 'BAUPHAL', NULL, 1, NULL, '2015-05-24 08:37:14', NULL, '2015-05-24 08:37:14', 546, 'U'),
(462, '01783835', 'DASPARA', NULL, 1, NULL, '2015-05-24 08:37:14', NULL, '2015-05-24 08:37:14', 547, 'U'),
(462, '01783841', 'DHULIA', NULL, 1, NULL, '2015-05-24 08:37:14', NULL, '2015-05-24 08:37:14', 548, 'U'),
(462, '01783847', 'KANCHI PARA', NULL, 1, NULL, '2015-05-24 08:37:14', NULL, '2015-05-24 08:37:14', 549, 'U'),
(462, '01783853', 'KALAIYA', NULL, 1, NULL, '2015-05-24 08:37:14', NULL, '2015-05-24 08:37:14', 550, 'U'),
(462, '01783859', 'KALISURI', NULL, 1, NULL, '2015-05-24 08:37:14', NULL, '2015-05-24 08:37:14', 551, 'U'),
(462, '01783865', 'KANAKDIA', NULL, 1, NULL, '2015-05-24 08:37:14', NULL, '2015-05-24 08:37:14', 552, 'U'),
(462, '01783871', 'KESHABPUR', NULL, 1, NULL, '2015-05-24 08:37:14', NULL, '2015-05-24 08:37:14', 553, 'U'),
(462, '01783877', 'MADANPURA', NULL, 1, NULL, '2015-05-24 08:37:14', NULL, '2015-05-24 08:37:14', 554, 'U'),
(462, '01783883', 'NOAMALA', NULL, 1, NULL, '2015-05-24 08:37:14', NULL, '2015-05-24 08:37:14', 555, 'U'),
(462, '01783889', 'NAZIRPUR', NULL, 1, NULL, '2015-05-24 08:37:14', NULL, '2015-05-24 08:37:14', 556, 'U'),
(462, '01783895', 'SURJYAMANI', NULL, 1, NULL, '2015-05-24 08:37:14', NULL, '2015-05-24 08:37:14', 557, 'U'),
(30, '01785210', 'ALIPUR', NULL, 1, NULL, '2015-05-24 08:37:14', NULL, '2015-05-24 08:37:14', 558, 'U'),
(30, '01785221', 'BAHRAMPUR', NULL, 1, NULL, '2015-05-24 08:37:14', NULL, '2015-05-24 08:37:14', 559, 'U'),
(30, '01785231', 'BANSHBARIA', NULL, 1, NULL, '2015-05-24 08:37:14', NULL, '2015-05-24 08:37:14', 560, 'U'),
(30, '01785242', 'BETAGI SANKIPURA', NULL, 1, NULL, '2015-05-24 08:37:14', NULL, '2015-05-24 08:37:14', 561, 'U'),
(30, '01785252', 'DASHMINA', NULL, 1, NULL, '2015-05-24 08:37:14', NULL, '2015-05-24 08:37:14', 562, 'U'),
(30, '01785284', 'RANGOPALDI', NULL, 1, NULL, '2015-05-24 08:37:14', NULL, '2015-05-24 08:37:14', 563, 'U'),
(463, '01785519', 'ANGARIA UNION', NULL, 1, NULL, '2015-05-24 08:37:14', NULL, '2015-05-24 08:37:14', 564, 'U'),
(463, '01785547', 'LEBUKHALI UNION', NULL, 1, NULL, '2015-05-24 08:37:14', NULL, '2015-05-24 08:37:14', 565, 'U'),
(463, '01785581', 'MURADIA', NULL, 1, NULL, '2015-05-24 08:37:14', NULL, '2015-05-24 08:37:14', 566, 'U'),
(463, '01785588', 'PANGASHIA', NULL, 1, NULL, '2015-05-24 08:37:14', NULL, '2015-05-24 08:37:14', 567, 'U'),
(464, '01785701', 'WARD NO-01', NULL, 1, NULL, '2015-05-24 08:12:57', NULL, '2015-05-24 08:12:57', 568, 'W'),
(464, '01785702', 'WARD NO-02', NULL, 1, NULL, '2015-05-24 08:12:57', NULL, '2015-05-24 08:12:57', 569, 'W'),
(464, '01785703', 'WARD NO-03', NULL, 1, NULL, '2015-05-24 08:12:57', NULL, '2015-05-24 08:12:57', 570, 'W'),
(464, '01785704', 'WARD NO-04', NULL, 1, NULL, '2015-05-24 08:12:57', NULL, '2015-05-24 08:12:57', 571, 'W'),
(464, '01785705', 'WARD NO-05', NULL, 1, NULL, '2015-05-24 08:12:57', NULL, '2015-05-24 08:12:57', 572, 'W'),
(464, '01785706', 'WARD NO-06', NULL, 1, NULL, '2015-05-24 08:12:57', NULL, '2015-05-24 08:12:57', 573, 'W'),
(464, '01785707', 'WARD NO-07', NULL, 1, NULL, '2015-05-24 08:12:57', NULL, '2015-05-24 08:12:57', 574, 'W'),
(464, '01785708', 'WARD NO-08', NULL, 1, NULL, '2015-05-24 08:12:57', NULL, '2015-05-24 08:12:57', 575, 'W'),
(464, '01785709', 'WARD NO-09', NULL, 1, NULL, '2015-05-24 08:12:57', NULL, '2015-05-24 08:12:57', 576, 'W'),
(464, '01785711', 'AMKHOLA', NULL, 1, NULL, '2015-05-24 08:37:14', NULL, '2015-05-24 08:37:14', 577, 'U'),
(464, '01785722', 'BAKULBARIA', NULL, 1, NULL, '2015-05-24 08:37:14', NULL, '2015-05-24 08:37:14', 578, 'U'),
(464, '01785727', 'BARA BAISDIA', NULL, 1, NULL, '2015-05-24 08:37:14', NULL, '2015-05-24 08:37:14', 579, 'U'),
(464, '01785732', 'CHALITABUNIA', NULL, 1, NULL, '2015-05-24 08:37:14', NULL, '2015-05-24 08:37:14', 580, 'U'),
(464, '01785734', 'CHAR MONTAZ', NULL, 1, NULL, '2015-05-24 08:37:14', NULL, '2015-05-24 08:37:14', 581, 'U'),
(464, '01785737', 'CHAR BISWAS', NULL, 1, NULL, '2015-05-24 08:37:14', NULL, '2015-05-24 08:37:14', 582, 'U'),
(464, '01785739', 'CHAR KAJAL', NULL, 1, NULL, '2015-05-24 08:37:14', NULL, '2015-05-24 08:37:14', 583, 'U'),
(464, '01785744', 'CHHOTA BAISDIA', NULL, 1, NULL, '2015-05-24 08:37:14', NULL, '2015-05-24 08:37:14', 584, 'U'),
(464, '01785750', 'CHIKNIKANDI', NULL, 1, NULL, '2015-05-24 08:37:14', NULL, '2015-05-24 08:37:14', 585, 'U'),
(464, '01785755', 'DAKUA', NULL, 1, NULL, '2015-05-24 08:37:14', NULL, '2015-05-24 08:37:14', 586, 'U'),
(464, '01785767', 'GALACHIPA', NULL, 1, NULL, '2015-05-24 08:37:14', NULL, '2015-05-24 08:37:14', 587, 'U'),
(464, '01785769', 'GAZALIA', NULL, 1, NULL, '2015-05-24 08:37:14', NULL, '2015-05-24 08:37:14', 588, 'U'),
(464, '01785772', 'GOLKHALI', NULL, 1, NULL, '2015-05-24 08:37:14', NULL, '2015-05-24 08:37:14', 589, 'U'),
(464, '01785775', 'KALYANKALAS', NULL, 1, NULL, '2015-05-24 08:37:14', NULL, '2015-05-24 08:37:14', 590, 'U'),
(464, '01785778', 'PANPATTY', NULL, 1, NULL, '2015-05-24 08:37:14', NULL, '2015-05-24 08:37:14', 591, 'U'),
(464, '01785783', 'RANGABALI', NULL, 1, NULL, '2015-05-24 08:37:14', NULL, '2015-05-24 08:37:14', 592, 'U'),
(464, '01785794', 'RATANDI TALTALI', NULL, 1, NULL, '2015-05-24 08:37:14', NULL, '2015-05-24 08:37:14', 593, 'U'),
(465, '01786601', 'WARD NO-01', NULL, 1, NULL, '2015-05-24 08:12:57', NULL, '2015-05-24 08:12:57', 594, 'W'),
(465, '01786602', 'WARD NO-02', NULL, 1, NULL, '2015-05-24 08:12:57', NULL, '2015-05-24 08:12:57', 595, 'W'),
(465, '01786603', 'WARD NO-03', NULL, 1, NULL, '2015-05-24 08:12:57', NULL, '2015-05-24 08:12:57', 596, 'W'),
(465, '01786604', 'WARD NO-04', NULL, 1, NULL, '2015-05-24 08:12:57', NULL, '2015-05-24 08:12:57', 597, 'W'),
(465, '01786605', 'WARD NO-05', NULL, 1, NULL, '2015-05-24 08:12:57', NULL, '2015-05-24 08:12:57', 598, 'W'),
(465, '01786606', 'WARD NO-06', NULL, 1, NULL, '2015-05-24 08:12:57', NULL, '2015-05-24 08:12:57', 599, 'W'),
(465, '01786607', 'WARD NO-07', NULL, 1, NULL, '2015-05-24 08:12:57', NULL, '2015-05-24 08:12:57', 600, 'W'),
(465, '01786608', 'WARD NO-08', NULL, 1, NULL, '2015-05-24 08:12:57', NULL, '2015-05-24 08:12:57', 601, 'W'),
(465, '01786609', 'WARD NO-09', NULL, 1, NULL, '2015-05-24 08:12:57', NULL, '2015-05-24 08:12:57', 602, 'W'),
(465, '01786611', 'CHAKAMAIYA', NULL, 1, NULL, '2015-05-24 08:37:14', NULL, '2015-05-24 08:37:14', 603, 'U'),
(465, '01786623', 'KHAPRABHANGA', NULL, 1, NULL, '2015-05-24 08:37:14', NULL, '2015-05-24 08:37:14', 604, 'U'),
(465, '01786629', 'DHULASAR', NULL, 1, NULL, '2015-05-24 08:37:14', NULL, '2015-05-24 08:37:14', 605, 'U'),
(465, '01786635', 'LALUA', NULL, 1, NULL, '2015-05-24 08:37:14', NULL, '2015-05-24 08:37:14', 606, 'U'),
(465, '01786647', 'LATA CHAPLI', NULL, 1, NULL, '2015-05-24 08:37:14', NULL, '2015-05-24 08:37:14', 607, 'U'),
(465, '01786655', 'DHANKHALI', NULL, 1, NULL, '2015-05-24 08:37:14', NULL, '2015-05-24 08:37:14', 608, 'U'),
(465, '01786659', 'MITHAGANJ', NULL, 1, NULL, '2015-05-24 08:37:14', NULL, '2015-05-24 08:37:14', 609, 'U'),
(465, '01786671', 'NILGANJ', NULL, 1, NULL, '2015-05-24 08:37:14', NULL, '2015-05-24 08:37:14', 610, 'U'),
(465, '01786683', 'TIAKHALI', NULL, 1, NULL, '2015-05-24 08:37:14', NULL, '2015-05-24 08:37:14', 611, 'U'),
(466, '01787613', 'AMRAGACHHIA', NULL, 1, NULL, '2015-05-24 08:37:14', NULL, '2015-05-24 08:37:14', 612, 'U'),
(466, '01787627', 'DEULI SUBIDKHALI', NULL, 1, NULL, '2015-05-24 08:37:14', NULL, '2015-05-24 08:37:14', 613, 'U'),
(466, '01787640', 'KAKRABUNIA', NULL, 1, NULL, '2015-05-24 08:37:14', NULL, '2015-05-24 08:37:14', 614, 'U'),
(466, '01787654', 'MADHABKHALI', NULL, 1, NULL, '2015-05-24 08:37:14', NULL, '2015-05-24 08:37:14', 615, 'U'),
(466, '01787667', 'MAJIDBARI', NULL, 1, NULL, '2015-05-24 08:37:14', NULL, '2015-05-24 08:37:14', 616, 'U'),
(466, '01787681', 'MIRZAGANJ', NULL, 1, NULL, '2015-05-24 08:37:14', NULL, '2015-05-24 08:37:14', 617, 'U'),
(467, '01789501', 'WARD NO-01', NULL, 1, NULL, '2015-05-24 08:12:57', NULL, '2015-05-24 08:12:57', 618, 'W'),
(467, '01789502', 'WARD NO-02', NULL, 1, NULL, '2015-05-24 08:12:57', NULL, '2015-05-24 08:12:57', 619, 'W'),
(467, '01789503', 'WARD NO-03', NULL, 1, NULL, '2015-05-24 08:12:57', NULL, '2015-05-24 08:12:57', 620, 'W'),
(467, '01789504', 'WARD NO-04', NULL, 1, NULL, '2015-05-24 08:12:57', NULL, '2015-05-24 08:12:57', 621, 'W'),
(467, '01789505', 'WARD NO-05', NULL, 1, NULL, '2015-05-24 08:12:57', NULL, '2015-05-24 08:12:57', 622, 'W'),
(467, '01789506', 'WARD NO-06', NULL, 1, NULL, '2015-05-24 08:12:57', NULL, '2015-05-24 08:12:57', 623, 'W'),
(467, '01789507', 'WARD NO-07', NULL, 1, NULL, '2015-05-24 08:12:57', NULL, '2015-05-24 08:12:57', 624, 'W'),
(467, '01789508', 'WARD NO-08', NULL, 1, NULL, '2015-05-24 08:12:57', NULL, '2015-05-24 08:12:57', 625, 'W'),
(467, '01789509', 'WARD NO-09', NULL, 1, NULL, '2015-05-24 08:12:57', NULL, '2015-05-24 08:12:57', 626, 'W'),
(467, '01789510', 'AULIAPUR', NULL, 1, NULL, '2015-05-24 08:37:14', NULL, '2015-05-24 08:37:14', 627, 'U'),
(467, '01789511', 'BADARPUR', NULL, 1, NULL, '2015-05-24 08:37:14', NULL, '2015-05-24 08:37:14', 628, 'U'),
(467, '01789513', 'CHHOTA BIGHAI', NULL, 1, NULL, '2015-05-24 08:37:14', NULL, '2015-05-24 08:37:14', 629, 'U'),
(467, '01789520', 'ITABARIA', NULL, 1, NULL, '2015-05-24 08:37:14', NULL, '2015-05-24 08:37:14', 630, 'U'),
(467, '01789527', 'JAINKATI', NULL, 1, NULL, '2015-05-24 08:37:14', NULL, '2015-05-24 08:37:14', 631, 'U'),
(467, '01789531', 'BARA BIGHAI', NULL, 1, NULL, '2015-05-24 08:37:14', NULL, '2015-05-24 08:37:14', 632, 'U'),
(467, '01789533', 'KALIKAPUR', NULL, 1, NULL, '2015-05-24 08:37:14', NULL, '2015-05-24 08:37:14', 633, 'U'),
(467, '01789540', 'KAMALAPUR', NULL, 1, NULL, '2015-05-24 08:37:14', NULL, '2015-05-24 08:37:14', 634, 'U'),
(467, '01789554', 'LOHALIA', NULL, 1, NULL, '2015-05-24 08:37:14', NULL, '2015-05-24 08:37:14', 635, 'U'),
(467, '01789561', 'LAUKATI', NULL, 1, NULL, '2015-05-24 08:37:14', NULL, '2015-05-24 08:37:14', 636, 'U'),
(467, '01789567', 'MADARBUNIA', NULL, 1, NULL, '2015-05-24 08:37:14', NULL, '2015-05-24 08:37:14', 637, 'U'),
(467, '01789574', 'MARICHBUNIA', NULL, 1, NULL, '2015-05-24 08:37:14', NULL, '2015-05-24 08:37:14', 638, 'U'),
(468, '01791411', 'BHANDARIA', NULL, 1, NULL, '2015-05-24 08:37:14', NULL, '2015-05-24 08:37:14', 639, 'U'),
(468, '01791423', 'BHITABARIA', NULL, 1, NULL, '2015-05-24 08:37:14', NULL, '2015-05-24 08:37:14', 640, 'U'),
(468, '01791435', 'DHAOA', NULL, 1, NULL, '2015-05-24 08:37:14', NULL, '2015-05-24 08:37:14', 641, 'U'),
(468, '01791447', 'GAURIPUR', NULL, 1, NULL, '2015-05-24 08:37:14', NULL, '2015-05-24 08:37:14', 642, 'U'),
(468, '01791459', 'IKRI', NULL, 1, NULL, '2015-05-24 08:37:14', NULL, '2015-05-24 08:37:14', 643, 'U'),
(468, '01791471', 'NUDMULLA', NULL, 1, NULL, '2015-05-24 08:37:14', NULL, '2015-05-24 08:37:14', 644, 'U'),
(468, '01791483', 'TELIKHALI', NULL, 1, NULL, '2015-05-24 08:37:14', NULL, '2015-05-24 08:37:14', 645, 'U'),
(469, '01794715', 'AMRAJURI', NULL, 1, NULL, '2015-05-24 08:37:14', NULL, '2015-05-24 08:37:14', 646, 'U'),
(469, '01794731', 'CHIRA PARA PARSATURIA', NULL, 1, NULL, '2015-05-24 08:37:14', NULL, '2015-05-24 08:37:14', 647, 'U'),
(469, '01794747', 'KAWKHALI', NULL, 1, NULL, '2015-05-24 08:37:14', NULL, '2015-05-24 08:37:14', 648, 'U'),
(469, '01794763', 'SAYNA RAGHUNATHPUR', NULL, 1, NULL, '2015-05-24 08:37:14', NULL, '2015-05-24 08:37:14', 649, 'U'),
(469, '01794779', 'SHIALKATI', NULL, 1, NULL, '2015-05-24 08:37:14', NULL, '2015-05-24 08:37:14', 650, 'U'),
(470, '01795801', 'WARD NO-01', NULL, 1, NULL, '2015-05-24 08:12:57', NULL, '2015-05-24 08:12:57', 651, 'W'),
(470, '01795802', 'WARD NO-02', NULL, 1, NULL, '2015-05-24 08:12:57', NULL, '2015-05-24 08:12:57', 652, 'W'),
(470, '01795803', 'WARD NO-03', NULL, 1, NULL, '2015-05-24 08:12:57', NULL, '2015-05-24 08:12:57', 653, 'W'),
(470, '01795804', 'WARD NO-04', NULL, 1, NULL, '2015-05-24 08:12:57', NULL, '2015-05-24 08:12:57', 654, 'W'),
(470, '01795805', 'WARD NO-05', NULL, 1, NULL, '2015-05-24 08:12:57', NULL, '2015-05-24 08:12:57', 655, 'W'),
(470, '01795806', 'WARD NO-06', NULL, 1, NULL, '2015-05-24 08:12:57', NULL, '2015-05-24 08:12:57', 656, 'W'),
(470, '01795807', 'WARD NO-07', NULL, 1, NULL, '2015-05-24 08:12:57', NULL, '2015-05-24 08:12:57', 657, 'W'),
(470, '01795808', 'WARD NO-08', NULL, 1, NULL, '2015-05-24 08:12:57', NULL, '2015-05-24 08:12:57', 658, 'W'),
(470, '01795809', 'WARD NO-09', NULL, 1, NULL, '2015-05-24 08:12:57', NULL, '2015-05-24 08:12:57', 659, 'W'),
(470, '01795815', 'AMRAGACHHIA', NULL, 1, NULL, '2015-05-24 08:37:14', NULL, '2015-05-24 08:37:14', 660, 'U'),
(470, '01795817', 'BARA MACHHUA', NULL, 1, NULL, '2015-05-24 08:37:14', NULL, '2015-05-24 08:37:14', 661, 'U'),
(470, '01795825', 'BETMORE RAJPARA', NULL, 1, NULL, '2015-05-24 08:37:14', NULL, '2015-05-24 08:37:14', 662, 'U'),
(470, '01795834', 'DAUDKHALI', NULL, 1, NULL, '2015-05-24 08:37:14', NULL, '2015-05-24 08:37:14', 663, 'U'),
(470, '01795843', 'DHANISAFA', NULL, 1, NULL, '2015-05-24 08:37:14', NULL, '2015-05-24 08:37:14', 664, 'U'),
(470, '01795851', 'GULISHAKHALI', NULL, 1, NULL, '2015-05-24 08:37:14', NULL, '2015-05-24 08:37:14', 665, 'U'),
(470, '01795860', 'MATHBARIA', NULL, 1, NULL, '2015-05-24 08:37:14', NULL, '2015-05-24 08:37:14', 666, 'U'),
(470, '01795869', 'MIRUKHALI', NULL, 1, NULL, '2015-05-24 08:37:14', NULL, '2015-05-24 08:37:14', 667, 'U'),
(470, '01795877', 'SAPLEZA', NULL, 1, NULL, '2015-05-24 08:37:14', NULL, '2015-05-24 08:37:14', 668, 'U'),
(470, '01795886', 'TIKIKATA', NULL, 1, NULL, '2015-05-24 08:37:14', NULL, '2015-05-24 08:37:14', 669, 'U'),
(470, '01795894', 'TUSHKHALI', NULL, 1, NULL, '2015-05-24 08:37:14', NULL, '2015-05-24 08:37:14', 670, 'U'),
(471, '01797610', 'DIRGHA UNION', NULL, 1, NULL, '2015-05-24 08:37:14', NULL, '2015-05-24 08:37:14', 671, 'U'),
(471, '01797621', 'PURBA DEULBARIDOBRA', NULL, 1, NULL, '2015-05-24 08:37:14', NULL, '2015-05-24 08:37:14', 672, 'U'),
(471, '01797631', 'MALIKHALI', NULL, 1, NULL, '2015-05-24 08:37:14', NULL, '2015-05-24 08:37:14', 673, 'U'),
(471, '01797642', 'MATIBHANGA', NULL, 1, NULL, '2015-05-24 08:37:14', NULL, '2015-05-24 08:37:14', 674, 'U'),
(471, '01797652', 'NAZIRPUR', NULL, 1, NULL, '2015-05-24 08:37:14', NULL, '2015-05-24 08:37:14', 675, 'U'),
(471, '01797663', 'SEKHMATIA', NULL, 1, NULL, '2015-05-24 08:37:14', NULL, '2015-05-24 08:37:14', 676, 'U'),
(471, '01797673', 'SHANKHARIKATI', NULL, 1, NULL, '2015-05-24 08:37:14', NULL, '2015-05-24 08:37:14', 677, 'U'),
(471, '01797684', 'SREERAMKATI UNION', NULL, 1, NULL, '2015-05-24 08:37:14', NULL, '2015-05-24 08:37:14', 678, 'U'),
(472, '01798001', 'WARD NO-01', NULL, 1, NULL, '2015-05-24 08:12:57', NULL, '2015-05-24 08:12:57', 679, 'W'),
(472, '01798002', 'WARD NO-02', NULL, 1, NULL, '2015-05-24 08:12:57', NULL, '2015-05-24 08:12:57', 680, 'W'),
(472, '01798003', 'WARD NO-03', NULL, 1, NULL, '2015-05-24 08:12:57', NULL, '2015-05-24 08:12:57', 681, 'W'),
(472, '01798004', 'WARD NO-04', NULL, 1, NULL, '2015-05-24 08:12:57', NULL, '2015-05-24 08:12:57', 682, 'W'),
(472, '01798005', 'WARD NO-05', NULL, 1, NULL, '2015-05-24 08:12:57', NULL, '2015-05-24 08:12:57', 683, 'W'),
(472, '01798006', 'WARD NO-06', NULL, 1, NULL, '2015-05-24 08:12:57', NULL, '2015-05-24 08:12:57', 684, 'W'),
(472, '01798007', 'WARD NO-07', NULL, 1, NULL, '2015-05-24 08:12:57', NULL, '2015-05-24 08:12:57', 685, 'W'),
(472, '01798008', 'WARD NO-08', NULL, 1, NULL, '2015-05-24 08:12:57', NULL, '2015-05-24 08:12:57', 686, 'W'),
(472, '01798009', 'WARD NO-09', NULL, 1, NULL, '2015-05-24 08:12:57', NULL, '2015-05-24 08:12:57', 687, 'W'),
(472, '01798017', 'DURGAPUR', NULL, 1, NULL, '2015-05-24 08:37:14', NULL, '2015-05-24 08:37:14', 688, 'U'),
(472, '01798025', 'KADAMTALA UNION', NULL, 1, NULL, '2015-05-24 08:37:14', NULL, '2015-05-24 08:37:14', 689, 'U'),
(472, '01798034', 'KALAKHALI', NULL, 1, NULL, '2015-05-24 08:37:14', NULL, '2015-05-24 08:37:14', 690, 'U'),
(472, '01798069', 'SHANKARPASHA', NULL, 1, NULL, '2015-05-24 08:37:14', NULL, '2015-05-24 08:37:14', 691, 'U'),
(472, '01798077', 'SARIKTALA DUMRITALA', NULL, 1, NULL, '2015-05-24 08:37:14', NULL, '2015-05-24 08:37:14', 692, 'U'),
(472, '01798086', 'SIKDAR MALLIK', NULL, 1, NULL, '2015-05-24 08:37:14', NULL, '2015-05-24 08:37:14', 693, 'U'),
(472, '01798094', 'TONA', NULL, 1, NULL, '2015-05-24 08:37:14', NULL, '2015-05-24 08:37:14', 694, 'U'),
(473, '01798701', 'WARD NO-01', NULL, 1, NULL, '2015-05-24 08:12:57', NULL, '2015-05-24 08:12:57', 695, 'W'),
(473, '01798702', 'WARD NO-02', NULL, 1, NULL, '2015-05-24 08:12:57', NULL, '2015-05-24 08:12:57', 696, 'W'),
(473, '01798703', 'WARD NO-03', NULL, 1, NULL, '2015-05-24 08:12:57', NULL, '2015-05-24 08:12:57', 697, 'W'),
(473, '01798704', 'WARD NO-04', NULL, 1, NULL, '2015-05-24 08:12:57', NULL, '2015-05-24 08:12:57', 698, 'W'),
(473, '01798705', 'WARD NO-05', NULL, 1, NULL, '2015-05-24 08:12:57', NULL, '2015-05-24 08:12:57', 699, 'W'),
(473, '01798706', 'WARD NO-06', NULL, 1, NULL, '2015-05-24 08:12:57', NULL, '2015-05-24 08:12:57', 700, 'W'),
(473, '01798707', 'WARD NO-07', NULL, 1, NULL, '2015-05-24 08:12:57', NULL, '2015-05-24 08:12:57', 701, 'W'),
(473, '01798708', 'WARD NO-08', NULL, 1, NULL, '2015-05-24 08:12:57', NULL, '2015-05-24 08:12:57', 702, 'W'),
(473, '01798709', 'WARD NO-09', NULL, 1, NULL, '2015-05-24 08:12:57', NULL, '2015-05-24 08:12:57', 703, 'W'),
(473, '01798717', 'ATGHAR KURIANA UNION', NULL, 1, NULL, '2015-05-24 08:37:14', NULL, '2015-05-24 08:37:14', 704, 'U'),
(473, '01798719', 'BALDIA', NULL, 1, NULL, '2015-05-24 08:37:14', NULL, '2015-05-24 08:37:14', 705, 'U'),
(473, '01798728', 'DAIHARI', NULL, 1, NULL, '2015-05-24 08:37:14', NULL, '2015-05-24 08:37:14', 706, 'U'),
(473, '01798738', 'GUAREKHA UNION', NULL, 1, NULL, '2015-05-24 08:37:14', NULL, '2015-05-24 08:37:14', 707, 'U'),
(473, '01798747', 'JALABARI', NULL, 1, NULL, '2015-05-24 08:37:14', NULL, '2015-05-24 08:37:14', 708, 'U'),
(473, '01798757', 'SAMUDAYKATI', NULL, 1, NULL, '2015-05-24 08:37:14', NULL, '2015-05-24 08:37:14', 709, 'U'),
(473, '01798766', 'SARENGKATI', NULL, 1, NULL, '2015-05-24 08:37:14', NULL, '2015-05-24 08:37:14', 710, 'U'),
(473, '01798776', 'SOHAGDAL', NULL, 1, NULL, '2015-05-24 08:37:14', NULL, '2015-05-24 08:37:14', 711, 'U'),
(473, '01798785', 'SUTIAKATI', NULL, 1, NULL, '2015-05-24 08:37:14', NULL, '2015-05-24 08:37:14', 712, 'U'),
(473, '01798795', 'NESARABAD (SWARUPKATI)', NULL, 1, NULL, '2015-05-24 08:37:14', NULL, '2015-05-24 08:37:14', 713, 'U'),
(474, '01799015', 'BALI PARA', NULL, 1, NULL, '2015-05-24 08:37:14', NULL, '2015-05-24 08:37:14', 714, 'U'),
(474, '01799043', 'PARERHAT', NULL, 1, NULL, '2015-05-24 08:37:14', NULL, '2015-05-24 08:37:14', 715, 'U'),
(44, '02302947', 'KAZIRBAG', NULL, 1, NULL, '2015-05-24 08:37:14', NULL, '2015-05-24 08:37:14', 716, 'U'),
(44, '02302951', 'LEMUA', NULL, 1, NULL, '2015-05-24 08:37:14', NULL, '2015-05-24 08:37:14', 717, 'U'),
(44, '02302960', 'MATABI', NULL, 1, NULL, '2015-05-24 08:37:14', NULL, '2015-05-24 08:37:14', 718, 'U'),
(44, '02302964', 'PANCHGACHHIYA', NULL, 1, NULL, '2015-05-24 08:37:14', NULL, '2015-05-24 08:37:14', 719, 'U'),
(44, '02302982', 'SANUA', NULL, 1, NULL, '2015-05-24 08:37:14', NULL, '2015-05-24 08:37:14', 720, 'U'),
(44, '02302986', 'SARISHADI', NULL, 1, NULL, '2015-05-24 08:37:14', NULL, '2015-05-24 08:37:14', 721, 'U'),
(45, '02304113', 'AMJADHAT', NULL, 1, NULL, '2015-05-24 08:37:14', NULL, '2015-05-24 08:37:14', 722, 'U'),
(45, '02304127', 'ANANDAPUR', NULL, 1, NULL, '2015-05-24 08:37:14', NULL, '2015-05-24 08:37:14', 723, 'U'),
(45, '02304154', 'DARBARPUR', NULL, 1, NULL, '2015-05-24 08:37:14', NULL, '2015-05-24 08:37:14', 724, 'U'),
(45, '02304167', 'FULGAZI', NULL, 1, NULL, '2015-05-24 08:37:14', NULL, '2015-05-24 08:37:14', 725, 'U'),
(45, '02304174', 'G.M.HAT', NULL, 1, NULL, '2015-05-24 08:37:14', NULL, '2015-05-24 08:37:14', 726, 'U'),
(45, '02304181', 'MUNSHIRHAT', NULL, 1, NULL, '2015-05-24 08:37:14', NULL, '2015-05-24 08:37:14', 727, 'U'),
(46, '02305101', 'WARD NO-01', NULL, 1, NULL, '2015-05-24 08:12:57', NULL, '2015-05-24 08:12:57', 728, 'W'),
(46, '02305102', 'WARD NO-02', NULL, 1, NULL, '2015-05-24 08:12:57', NULL, '2015-05-24 08:12:57', 729, 'W'),
(46, '02305103', 'WARD NO-03', NULL, 1, NULL, '2015-05-24 08:12:57', NULL, '2015-05-24 08:12:57', 730, 'W'),
(46, '02305104', 'WARD NO-04', NULL, 1, NULL, '2015-05-24 08:12:57', NULL, '2015-05-24 08:12:57', 731, 'W'),
(46, '02305105', 'WARD NO-05', NULL, 1, NULL, '2015-05-24 08:12:57', NULL, '2015-05-24 08:12:57', 732, 'W'),
(46, '02305106', 'WARD NO-06', NULL, 1, NULL, '2015-05-24 08:12:57', NULL, '2015-05-24 08:12:57', 733, 'W'),
(46, '02305107', 'WARD NO-07', NULL, 1, NULL, '2015-05-24 08:12:57', NULL, '2015-05-24 08:12:57', 734, 'W'),
(46, '02305108', 'WARD NO-08', NULL, 1, NULL, '2015-05-24 08:12:57', NULL, '2015-05-24 08:12:57', 735, 'W'),
(46, '02305109', 'WARD NO-09', NULL, 1, NULL, '2015-05-24 08:12:57', NULL, '2015-05-24 08:12:57', 736, 'W'),
(46, '02305123', 'CHITHALIA', NULL, 1, NULL, '2015-05-24 08:37:14', NULL, '2015-05-24 08:37:14', 737, 'U'),
(46, '02305140', 'BAKSH MOHAMMAD', NULL, 1, NULL, '2015-05-24 08:37:14', NULL, '2015-05-24 08:37:14', 738, 'U'),
(46, '02305147', 'MIRZANAGAR', NULL, 1, NULL, '2015-05-24 08:37:14', NULL, '2015-05-24 08:37:14', 739, 'U'),
(47, '02309401', 'WARD NO-01', NULL, 1, NULL, '2015-05-24 08:12:57', NULL, '2015-05-24 08:12:57', 740, 'W'),
(47, '02309402', 'WARD NO-02', NULL, 1, NULL, '2015-05-24 08:12:57', NULL, '2015-05-24 08:12:57', 741, 'W'),
(47, '02309403', 'WARD NO-03', NULL, 1, NULL, '2015-05-24 08:12:57', NULL, '2015-05-24 08:12:57', 742, 'W'),
(47, '02309404', 'WARD NO-04', NULL, 1, NULL, '2015-05-24 08:12:57', NULL, '2015-05-24 08:12:57', 743, 'W'),
(47, '02309405', 'WARD NO-05', NULL, 1, NULL, '2015-05-24 08:12:57', NULL, '2015-05-24 08:12:57', 744, 'W'),
(47, '02309406', 'WARD NO-06', NULL, 1, NULL, '2015-05-24 08:12:57', NULL, '2015-05-24 08:12:57', 745, 'W'),
(47, '02309407', 'WARD NO-07', NULL, 1, NULL, '2015-05-24 08:12:57', NULL, '2015-05-24 08:12:57', 746, 'W'),
(47, '02309408', 'WARD NO-08', NULL, 1, NULL, '2015-05-24 08:12:57', NULL, '2015-05-24 08:12:57', 747, 'W'),
(47, '02309409', 'WARD NO-09', NULL, 1, NULL, '2015-05-24 08:12:57', NULL, '2015-05-24 08:12:57', 748, 'W'),
(47, '02309415', 'AMIRABAD', NULL, 1, NULL, '2015-05-24 08:37:14', NULL, '2015-05-24 08:37:14', 749, 'U'),
(47, '02309419', 'BAGADANA', NULL, 1, NULL, '2015-05-24 08:37:14', NULL, '2015-05-24 08:37:14', 750, 'U'),
(47, '02309428', 'CHAR CHANDIA', NULL, 1, NULL, '2015-05-24 08:37:14', NULL, '2015-05-24 08:37:14', 751, 'U'),
(47, '02309438', 'CHAR DARBESH', NULL, 1, NULL, '2015-05-24 08:37:14', NULL, '2015-05-24 08:37:14', 752, 'U'),
(47, '02309447', 'CHAR MAJLISHPUR', NULL, 1, NULL, '2015-05-24 08:37:14', NULL, '2015-05-24 08:37:14', 753, 'U'),
(47, '02309457', 'MANGALKANDI', NULL, 1, NULL, '2015-05-24 08:37:14', NULL, '2015-05-24 08:37:14', 754, 'U'),
(47, '02309466', 'MATIGANJ', NULL, 1, NULL, '2015-05-24 08:37:14', NULL, '2015-05-24 08:37:14', 755, 'U'),
(47, '02309476', 'NAWABPUR', NULL, 1, NULL, '2015-05-24 08:37:14', NULL, '2015-05-24 08:37:14', 756, 'U'),
(47, '02309485', 'SONAGAZI', NULL, 1, NULL, '2015-05-24 08:37:14', NULL, '2015-05-24 08:37:14', 757, 'U'),
(48, '02464315', 'BABUCHHARA', NULL, 1, NULL, '2015-05-24 08:37:14', NULL, '2015-05-24 08:37:14', 758, 'U'),
(48, '02464331', 'BOALKHALI', NULL, 1, NULL, '2015-05-24 08:37:14', NULL, '2015-05-24 08:37:14', 759, 'U'),
(48, '02464347', 'DIGHINALA', NULL, 1, NULL, '2015-05-24 08:37:14', NULL, '2015-05-24 08:37:14', 760, 'U'),
(48, '02464363', 'KABAKHALI', NULL, 1, NULL, '2015-05-24 08:37:14', NULL, '2015-05-24 08:37:14', 761, 'U'),
(48, '02464379', 'MERUNG', NULL, 1, NULL, '2015-05-24 08:37:14', NULL, '2015-05-24 08:37:14', 762, 'U'),
(49, '02464901', 'WARD NO-01', NULL, 1, NULL, '2015-05-24 08:12:57', NULL, '2015-05-24 08:12:57', 763, 'W'),
(49, '02464902', 'WARD NO-02', NULL, 1, NULL, '2015-05-24 08:12:57', NULL, '2015-05-24 08:12:57', 764, 'W'),
(49, '02464903', 'WARD NO-03', NULL, 1, NULL, '2015-05-24 08:12:57', NULL, '2015-05-24 08:12:57', 765, 'W'),
(49, '02464904', 'WARD NO-04', NULL, 1, NULL, '2015-05-24 08:12:57', NULL, '2015-05-24 08:12:57', 766, 'W'),
(49, '02464905', 'WARD NO-05', NULL, 1, NULL, '2015-05-24 08:12:57', NULL, '2015-05-24 08:12:57', 767, 'W'),
(49, '02464906', 'WARD NO-06', NULL, 1, NULL, '2015-05-24 08:12:57', NULL, '2015-05-24 08:12:57', 768, 'W'),
(49, '02464907', 'WARD NO-07', NULL, 1, NULL, '2015-05-24 08:12:57', NULL, '2015-05-24 08:12:57', 769, 'W'),
(49, '02464908', 'WARD NO-08', NULL, 1, NULL, '2015-05-24 08:12:57', NULL, '2015-05-24 08:12:57', 770, 'W'),
(49, '02464909', 'WARD NO-09', NULL, 1, NULL, '2015-05-24 08:12:57', NULL, '2015-05-24 08:12:57', 771, 'W'),
(49, '02464915', 'BHAIBONCHHARA', NULL, 1, NULL, '2015-05-24 08:37:14', NULL, '2015-05-24 08:37:14', 772, 'U'),
(49, '02464925', 'GOLABARI', NULL, 1, NULL, '2015-05-24 08:37:14', NULL, '2015-05-24 08:37:14', 773, 'U'),
(49, '02464947', 'KAMALCHHARI', NULL, 1, NULL, '2015-05-24 08:37:14', NULL, '2015-05-24 08:37:14', 774, 'U'),
(49, '02464963', 'KHAGRACHHARI', NULL, 1, NULL, '2015-05-24 08:37:14', NULL, '2015-05-24 08:37:14', 775, 'U'),
(49, '02464975', 'PERACHHARA', NULL, 1, NULL, '2015-05-24 08:37:14', NULL, '2015-05-24 08:37:14', 776, 'U'),
(50, '02466123', 'BARMACHHARI', NULL, 1, NULL, '2015-05-24 08:37:14', NULL, '2015-05-24 08:37:14', 777, 'U'),
(50, '02466147', 'DULYATALI', NULL, 1, NULL, '2015-05-24 08:37:14', NULL, '2015-05-24 08:37:14', 778, 'U'),
(50, '02466171', 'LAKSHMICHHARI', NULL, 1, NULL, '2015-05-24 08:37:14', NULL, '2015-05-24 08:37:14', 779, 'U'),
(51, '02466515', 'KAYANGGHAT', NULL, 1, NULL, '2015-05-24 08:37:14', NULL, '2015-05-24 08:37:14', 780, 'U'),
(51, '02466531', 'MAHALCHHARI', NULL, 1, NULL, '2015-05-24 08:37:14', NULL, '2015-05-24 08:37:14', 781, 'U'),
(51, '02466547', 'MASCHHARI', NULL, 1, NULL, '2015-05-24 08:37:14', NULL, '2015-05-24 08:37:14', 782, 'U'),
(51, '02466563', 'MUBACHHARI', NULL, 1, NULL, '2015-05-24 08:37:14', NULL, '2015-05-24 08:37:14', 783, 'U'),
(51, '02466579', 'SINDUKCHARI', NULL, 1, NULL, '2015-05-24 08:37:14', NULL, '2015-05-24 08:37:14', 784, 'U'),
(52, '02466719', 'BATNATALI', NULL, 1, NULL, '2015-05-24 08:37:14', NULL, '2015-05-24 08:37:14', 785, 'U'),
(52, '02466763', 'MANIKCHHARI', NULL, 1, NULL, '2015-05-24 08:37:14', NULL, '2015-05-24 08:37:14', 786, 'U'),
(53, '02467001', 'WARD NO-01', NULL, 1, NULL, '2015-05-24 08:12:57', NULL, '2015-05-24 08:12:57', 787, 'W'),
(53, '02467002', 'WARD NO-02', NULL, 1, NULL, '2015-05-24 08:12:57', NULL, '2015-05-24 08:12:57', 788, 'W'),
(53, '02467003', 'WARD NO-03', NULL, 1, NULL, '2015-05-24 08:12:57', NULL, '2015-05-24 08:12:57', 789, 'W'),
(53, '02467004', 'WARD NO-04', NULL, 1, NULL, '2015-05-24 08:12:57', NULL, '2015-05-24 08:12:57', 790, 'W'),
(53, '02467005', 'WARD NO-05', NULL, 1, NULL, '2015-05-24 08:12:57', NULL, '2015-05-24 08:12:57', 791, 'W'),
(53, '02467006', 'WARD NO-06', NULL, 1, NULL, '2015-05-24 08:12:57', NULL, '2015-05-24 08:12:57', 792, 'W'),
(53, '02467007', 'WARD NO-07', NULL, 1, NULL, '2015-05-24 08:12:57', NULL, '2015-05-24 08:12:57', 793, 'W'),
(53, '02467008', 'WARD NO-08', NULL, 1, NULL, '2015-05-24 08:12:57', NULL, '2015-05-24 08:12:57', 794, 'W'),
(53, '02467009', 'WARD NO-09', NULL, 1, NULL, '2015-05-24 08:12:57', NULL, '2015-05-24 08:12:57', 795, 'W'),
(53, '02467013', 'AMTALI', NULL, 1, NULL, '2015-05-24 08:37:14', NULL, '2015-05-24 08:37:14', 796, 'U'),
(53, '02467017', 'BARANAL', NULL, 1, NULL, '2015-05-24 08:37:14', NULL, '2015-05-24 08:37:14', 797, 'U'),
(53, '02467023', 'BELCHHARI', NULL, 1, NULL, '2015-05-24 08:37:14', NULL, '2015-05-24 08:37:14', 798, 'U'),
(53, '02467035', 'BEIMARA', NULL, 1, NULL, '2015-05-24 08:37:14', NULL, '2015-05-24 08:37:14', 799, 'U'),
(53, '02467047', 'GUMTI', NULL, 1, NULL, '2015-05-24 08:37:14', NULL, '2015-05-24 08:37:14', 800, 'U'),
(53, '02467059', 'MATIRANGA', NULL, 1, NULL, '2015-05-24 08:37:14', NULL, '2015-05-24 08:37:14', 801, 'U'),
(53, '02467076', 'TUBALCHHARI', NULL, 1, NULL, '2015-05-24 08:37:14', NULL, '2015-05-24 08:37:14', 802, 'U'),
(53, '02467083', 'TAINDANG', NULL, 1, NULL, '2015-05-24 08:37:14', NULL, '2015-05-24 08:37:14', 803, 'U'),
(54, '02467719', 'CHENGI', NULL, 1, NULL, '2015-05-24 08:37:14', NULL, '2015-05-24 08:37:14', 804, 'U'),
(54, '02467738', 'LATIBAN', NULL, 1, NULL, '2015-05-24 08:37:14', NULL, '2015-05-24 08:37:14', 805, 'U'),
(54, '02467757', 'LOGANG', NULL, 1, NULL, '2015-05-24 08:37:14', NULL, '2015-05-24 08:37:14', 806, 'U'),
(54, '02467776', 'PANCHHARI', NULL, 1, NULL, '2015-05-24 08:37:14', NULL, '2015-05-24 08:37:14', 807, 'U'),
(54, '02467789', 'ULTA CHARI', NULL, 1, NULL, '2015-05-24 08:37:14', NULL, '2015-05-24 08:37:14', 808, 'U'),
(55, '02468001', 'WARD NO-01', NULL, 1, NULL, '2015-05-24 08:12:57', NULL, '2015-05-24 08:12:57', 809, 'W'),
(55, '02468002', 'WARD NO-02', NULL, 1, NULL, '2015-05-24 08:12:57', NULL, '2015-05-24 08:12:57', 810, 'W'),
(55, '02468003', 'WARD NO-03', NULL, 1, NULL, '2015-05-24 08:12:57', NULL, '2015-05-24 08:12:57', 811, 'W'),
(55, '02468004', 'WARD NO-04', NULL, 1, NULL, '2015-05-24 08:12:57', NULL, '2015-05-24 08:12:57', 812, 'W'),
(55, '02468005', 'WARD NO-05', NULL, 1, NULL, '2015-05-24 08:12:57', NULL, '2015-05-24 08:12:57', 813, 'W'),
(55, '02468006', 'WARD NO-06', NULL, 1, NULL, '2015-05-24 08:12:57', NULL, '2015-05-24 08:12:57', 814, 'W'),
(55, '02468007', 'WARD NO-07', NULL, 1, NULL, '2015-05-24 08:12:57', NULL, '2015-05-24 08:12:57', 815, 'W'),
(55, '02468008', 'WARD NO-08', NULL, 1, NULL, '2015-05-24 08:12:57', NULL, '2015-05-24 08:12:57', 816, 'W'),
(55, '02468009', 'WARD NO-09', NULL, 1, NULL, '2015-05-24 08:12:57', NULL, '2015-05-24 08:12:57', 817, 'W'),
(55, '02468038', 'HAPCHHARI', NULL, 1, NULL, '2015-05-24 08:37:14', NULL, '2015-05-24 08:37:14', 818, 'U'),
(55, '02468057', 'PATHACHHARA', NULL, 1, NULL, '2015-05-24 08:37:14', NULL, '2015-05-24 08:37:14', 819, 'U'),
(55, '02468076', 'RAMGARH', NULL, 1, NULL, '2015-05-24 08:37:14', NULL, '2015-05-24 08:37:14', 820, 'U'),
(56, '02513347', 'CHAR FALCON', NULL, 1, NULL, '2015-05-24 08:37:14', NULL, '2015-05-24 08:37:14', 821, 'U'),
(56, '02513363', 'CHAR KADIRA', NULL, 1, NULL, '2015-05-24 08:37:14', NULL, '2015-05-24 08:37:14', 822, 'U'),
(56, '02513371', 'CHAR KALKINI', NULL, 1, NULL, '2015-05-24 08:37:14', NULL, '2015-05-24 08:37:14', 823, 'U'),
(56, '02513379', 'CHAR LAWRENCE', NULL, 1, NULL, '2015-05-24 08:37:14', NULL, '2015-05-24 08:37:14', 824, 'U'),
(56, '02513381', 'CHAR MARTIN', NULL, 1, NULL, '2015-05-24 08:37:14', NULL, '2015-05-24 08:37:14', 825, 'U'),
(56, '02513383', 'HAJIRHAT', NULL, 1, NULL, '2015-05-24 08:37:14', NULL, '2015-05-24 08:37:14', 826, 'U'),
(56, '02513387', 'PATARIR HAT', NULL, 1, NULL, '2015-05-24 08:37:14', NULL, '2015-05-24 08:37:14', 827, 'U'),
(56, '02513391', 'TORABGANG', NULL, 1, NULL, '2015-05-24 08:37:14', NULL, '2015-05-24 08:37:14', 828, 'U'),
(56, '02513395', 'SAHEBERHAT', NULL, 1, NULL, '2015-05-24 08:37:14', NULL, '2015-05-24 08:37:14', 829, 'U'),
(57, '02514301', 'WARD NO-01', NULL, 1, NULL, '2015-05-24 08:12:57', NULL, '2015-05-24 08:12:57', 830, 'W'),
(57, '02514302', 'WARD NO-02', NULL, 1, NULL, '2015-05-24 08:12:57', NULL, '2015-05-24 08:12:57', 831, 'W'),
(57, '02514303', 'WARD NO-03', NULL, 1, NULL, '2015-05-24 08:12:57', NULL, '2015-05-24 08:12:57', 832, 'W'),
(57, '02514304', 'WARD NO-04', NULL, 1, NULL, '2015-05-24 08:12:57', NULL, '2015-05-24 08:12:57', 833, 'W'),
(57, '02514305', 'WARD NO-05', NULL, 1, NULL, '2015-05-24 08:12:57', NULL, '2015-05-24 08:12:57', 834, 'W'),
(57, '02514306', 'WARD NO-06', NULL, 1, NULL, '2015-05-24 08:12:57', NULL, '2015-05-24 08:12:57', 835, 'W'),
(57, '02514307', 'WARD NO-07', NULL, 1, NULL, '2015-05-24 08:12:57', NULL, '2015-05-24 08:12:57', 836, 'W'),
(57, '02514308', 'WARD NO-08', NULL, 1, NULL, '2015-05-24 08:12:57', NULL, '2015-05-24 08:12:57', 837, 'W'),
(57, '02514309', 'WARD NO-09', NULL, 1, NULL, '2015-05-24 08:12:57', NULL, '2015-05-24 08:12:57', 838, 'W'),
(57, '02514310', 'WARD NO-10', NULL, 1, NULL, '2015-05-24 08:12:57', NULL, '2015-05-24 08:12:57', 839, 'W'),
(57, '02514311', 'WARD NO-11', NULL, 1, NULL, '2015-05-24 08:12:57', NULL, '2015-05-24 08:12:57', 840, 'W'),
(57, '02514312', 'WARD NO-12', NULL, 1, NULL, '2015-05-24 08:12:57', NULL, '2015-05-24 08:12:57', 841, 'W'),
(57, '02514313', 'BANGAKHA', NULL, 1, NULL, '2015-05-24 08:37:14', NULL, '2015-05-24 08:37:14', 842, 'U'),
(57, '02514314', 'BASIKPUR', NULL, 1, NULL, '2015-05-24 08:37:14', NULL, '2015-05-24 08:37:14', 843, 'U'),
(57, '02514315', 'BHABANIGANJ', NULL, 1, NULL, '2015-05-24 08:37:14', NULL, '2015-05-24 08:37:14', 844, 'U'),
(57, '02514320', 'CHANDRAGANJ', NULL, 1, NULL, '2015-05-24 08:37:14', NULL, '2015-05-24 08:37:14', 845, 'U'),
(57, '02514323', 'CHARRAMANI MOHAN', NULL, 1, NULL, '2015-05-24 08:37:14', NULL, '2015-05-24 08:37:14', 846, 'U'),
(57, '02514325', 'CHARSAI', NULL, 1, NULL, '2015-05-24 08:37:14', NULL, '2015-05-24 08:37:14', 847, 'U'),
(57, '02514330', 'CHAR RUHITA', NULL, 1, NULL, '2015-05-24 08:37:14', NULL, '2015-05-24 08:37:14', 848, 'U'),
(57, '02514335', 'DALAL BAZAR', NULL, 1, NULL, '2015-05-24 08:37:14', NULL, '2015-05-24 08:37:14', 849, 'U'),
(57, '02514340', 'DATTA PARA', NULL, 1, NULL, '2015-05-24 08:37:14', NULL, '2015-05-24 08:37:14', 850, 'U'),
(57, '02514345', 'DIGHALI', NULL, 1, NULL, '2015-05-24 08:37:14', NULL, '2015-05-24 08:37:14', 851, 'U'),
(57, '02514350', 'HAJIR PARA', NULL, 1, NULL, '2015-05-24 08:37:14', NULL, '2015-05-24 08:37:14', 852, 'U'),
(57, '02514355', 'KUSHAKHALI', NULL, 1, NULL, '2015-05-24 08:37:14', NULL, '2015-05-24 08:37:14', 853, 'U'),
(57, '02514360', 'LAHARKANDI', NULL, 1, NULL, '2015-05-24 08:37:14', NULL, '2015-05-24 08:37:14', 854, 'U'),
(57, '02514370', 'MANDARI', NULL, 1, NULL, '2015-05-24 08:37:14', NULL, '2015-05-24 08:37:14', 855, 'U'),
(57, '02514375', 'UTTAR HAMCHADI', NULL, 1, NULL, '2015-05-24 08:37:14', NULL, '2015-05-24 08:37:14', 856, 'U'),
(57, '02514380', 'PARBATINAGAR', NULL, 1, NULL, '2015-05-24 08:37:14', NULL, '2015-05-24 08:37:14', 857, 'U'),
(57, '02514385', 'SHAK CHAR', NULL, 1, NULL, '2015-05-24 08:37:14', NULL, '2015-05-24 08:37:14', 858, 'U'),
(57, '02514387', 'TIARIGANJ', NULL, 1, NULL, '2015-05-24 08:37:14', NULL, '2015-05-24 08:37:14', 859, 'U'),
(487, '02128509', 'WARD NO-09', NULL, 1, NULL, '2015-05-24 08:12:57', NULL, '2015-05-24 08:12:57', 860, 'W'),
(487, '02128512', 'BARIKANDI', NULL, 1, NULL, '2015-05-24 08:37:14', NULL, '2015-05-24 08:37:14', 861, 'U'),
(487, '02128513', 'BIDDYAKUT', NULL, 1, NULL, '2015-05-24 08:37:14', NULL, '2015-05-24 08:37:14', 862, 'U'),
(487, '02128518', 'BIRGAON', NULL, 1, NULL, '2015-05-24 08:37:14', NULL, '2015-05-24 08:37:14', 863, 'U'),
(487, '02128522', 'BITGHAR (TIARA)', NULL, 1, NULL, '2015-05-24 08:37:14', NULL, '2015-05-24 08:37:14', 864, 'U'),
(487, '02128527', 'IBRAHIMPUR', NULL, 1, NULL, '2015-05-24 08:37:14', NULL, '2015-05-24 08:37:14', 865, 'U'),
(487, '02128536', 'JUNEDPUR', NULL, 1, NULL, '2015-05-24 08:37:14', NULL, '2015-05-24 08:37:14', 866, 'U'),
(487, '02128540', 'KAITALA', NULL, 1, NULL, '2015-05-24 08:37:14', NULL, '2015-05-24 08:37:14', 867, 'U'),
(487, '02128545', 'KRISHNANAGAR', NULL, 1, NULL, '2015-05-24 08:37:14', NULL, '2015-05-24 08:37:14', 868, 'U'),
(487, '02128547', 'LAUR FATEHPUR', NULL, 1, NULL, '2015-05-24 08:37:14', NULL, '2015-05-24 08:37:14', 869, 'U'),
(487, '02128558', 'NATGHAR', NULL, 1, NULL, '2015-05-24 08:37:14', NULL, '2015-05-24 08:37:14', 870, 'U'),
(487, '02128560', 'PASCHIM NABINAGAR', NULL, 1, NULL, '2015-05-24 08:37:14', NULL, '2015-05-24 08:37:14', 871, 'U'),
(487, '02128562', 'PURBA NABINAGAR', NULL, 1, NULL, '2015-05-24 08:37:14', NULL, '2015-05-24 08:37:14', 872, 'U'),
(487, '02128567', 'RASULLABAD', NULL, 1, NULL, '2015-05-24 08:37:14', NULL, '2015-05-24 08:37:14', 873, 'U'),
(487, '02128572', 'RATANPUR', NULL, 1, NULL, '2015-05-24 08:37:14', NULL, '2015-05-24 08:37:14', 874, 'U'),
(487, '02128575', 'SALIMGANJ', NULL, 1, NULL, '2015-05-24 08:37:14', NULL, '2015-05-24 08:37:14', 875, 'U'),
(487, '02128581', 'BARAIL', NULL, 1, NULL, '2015-05-24 08:37:14', NULL, '2015-05-24 08:37:14', 876, 'U'),
(487, '02128583', 'SATMURA', NULL, 1, NULL, '2015-05-24 08:37:14', NULL, '2015-05-24 08:37:14', 877, 'U'),
(487, '02128586', 'SHIBPUR', NULL, 1, NULL, '2015-05-24 08:37:14', NULL, '2015-05-24 08:37:14', 878, 'U'),
(487, '02128588', 'SHYAMGRAM', NULL, 1, NULL, '2015-05-24 08:37:14', NULL, '2015-05-24 08:37:14', 879, 'U'),
(487, '02128590', 'SREERAMPUR', NULL, 1, NULL, '2015-05-24 08:37:14', NULL, '2015-05-24 08:37:14', 880, 'U'),
(488, '02129014', 'BURISHWAR', NULL, 1, NULL, '2015-05-24 08:37:14', NULL, '2015-05-24 08:37:14', 881, 'U'),
(488, '02129017', 'BOLAKOT', NULL, 1, NULL, '2015-05-24 08:37:14', NULL, '2015-05-24 08:37:14', 882, 'U'),
(488, '02129021', 'CHAPARTALA', NULL, 1, NULL, '2015-05-24 08:37:14', NULL, '2015-05-24 08:37:14', 883, 'U'),
(488, '02129029', 'CHATALPAR', NULL, 1, NULL, '2015-05-24 08:37:14', NULL, '2015-05-24 08:37:14', 884, 'U'),
(488, '02129036', 'DHAR MANDAL', NULL, 1, NULL, '2015-05-24 08:37:14', NULL, '2015-05-24 08:37:14', 885, 'U'),
(488, '02129043', 'FANDAUK', NULL, 1, NULL, '2015-05-24 08:37:14', NULL, '2015-05-24 08:37:14', 886, 'U'),
(488, '02129051', 'GOALNAGAR', NULL, 1, NULL, '2015-05-24 08:37:14', NULL, '2015-05-24 08:37:14', 887, 'U'),
(488, '02129058', 'GOKARNA', NULL, 1, NULL, '2015-05-24 08:37:14', NULL, '2015-05-24 08:37:14', 888, 'U'),
(488, '02129065', 'GUNIAK', NULL, 1, NULL, '2015-05-24 08:37:14', NULL, '2015-05-24 08:37:14', 889, 'U'),
(488, '02129073', 'HARIPUR', NULL, 1, NULL, '2015-05-24 08:37:14', NULL, '2015-05-24 08:37:14', 890, 'U'),
(488, '02129080', 'KUNDA', NULL, 1, NULL, '2015-05-24 08:37:14', NULL, '2015-05-24 08:37:14', 891, 'U'),
(488, '02129087', 'NASIRNAGAR', NULL, 1, NULL, '2015-05-24 08:37:14', NULL, '2015-05-24 08:37:14', 892, 'U'),
(488, '02129094', 'PURBABAGH', NULL, 1, NULL, '2015-05-24 08:37:14', NULL, '2015-05-24 08:37:14', 893, 'U'),
(489, '02129413', 'AORAIL', NULL, 1, NULL, '2015-05-24 08:37:14', NULL, '2015-05-24 08:37:14', 894, 'U'),
(489, '02129419', 'CHUNTA', NULL, 1, NULL, '2015-05-24 08:37:14', NULL, '2015-05-24 08:37:14', 895, 'U'),
(489, '02129428', 'KALIKACHCHHA', NULL, 1, NULL, '2015-05-24 08:37:14', NULL, '2015-05-24 08:37:14', 896, 'U'),
(489, '02129438', 'NOAGAON', NULL, 1, NULL, '2015-05-24 08:37:14', NULL, '2015-05-24 08:37:14', 897, 'U'),
(489, '02129447', 'PAK SHIMUL', NULL, 1, NULL, '2015-05-24 08:37:14', NULL, '2015-05-24 08:37:14', 898, 'U'),
(489, '02129476', 'SARAIL', NULL, 1, NULL, '2015-05-24 08:37:14', NULL, '2015-05-24 08:37:14', 899, 'U'),
(489, '02129485', 'SHAHBAZPUR', NULL, 1, NULL, '2015-05-24 08:37:14', NULL, '2015-05-24 08:37:14', 900, 'U'),
(489, '02129490', 'SHAHJADAPUR', NULL, 1, NULL, '2015-05-24 08:37:14', NULL, '2015-05-24 08:37:14', 901, 'U'),
(489, '02129494', 'UTTAR PANISAR', NULL, 1, NULL, '2015-05-24 08:37:14', NULL, '2015-05-24 08:37:14', 902, 'U'),
(490, '02132201', 'WARD NO-01', NULL, 1, NULL, '2015-05-24 08:12:57', NULL, '2015-05-24 08:12:57', 903, 'W'),
(490, '02132202', 'WARD NO-02', NULL, 1, NULL, '2015-05-24 08:12:57', NULL, '2015-05-24 08:12:57', 904, 'W'),
(490, '02132203', 'WARD NO-03', NULL, 1, NULL, '2015-05-24 08:12:57', NULL, '2015-05-24 08:12:57', 905, 'W'),
(490, '02132204', 'WARD NO-04', NULL, 1, NULL, '2015-05-24 08:12:57', NULL, '2015-05-24 08:12:57', 906, 'W'),
(490, '02132205', 'WARD NO-05', NULL, 1, NULL, '2015-05-24 08:12:57', NULL, '2015-05-24 08:12:57', 907, 'W'),
(490, '02132206', 'WARD NO-06', NULL, 1, NULL, '2015-05-24 08:12:57', NULL, '2015-05-24 08:12:57', 908, 'W'),
(490, '02132207', 'WARD NO-07', NULL, 1, NULL, '2015-05-24 08:12:57', NULL, '2015-05-24 08:12:57', 909, 'W'),
(490, '02132208', 'WARD NO-08', NULL, 1, NULL, '2015-05-24 08:12:57', NULL, '2015-05-24 08:12:57', 910, 'W'),
(490, '02132209', 'WARD NO-09', NULL, 1, NULL, '2015-05-24 08:12:57', NULL, '2015-05-24 08:12:57', 911, 'W'),
(490, '02132210', 'WARD NO-10', NULL, 1, NULL, '2015-05-24 08:12:57', NULL, '2015-05-24 08:12:57', 912, 'W'),
(490, '02132211', 'WARD NO-11', NULL, 1, NULL, '2015-05-24 08:12:57', NULL, '2015-05-24 08:12:57', 913, 'W'),
(490, '02132212', 'WARD NO-12', NULL, 1, NULL, '2015-05-24 08:12:57', NULL, '2015-05-24 08:12:57', 914, 'W'),
(490, '02132213', 'WARD NO-13', NULL, 1, NULL, '2015-05-24 08:12:57', NULL, '2015-05-24 08:12:57', 915, 'W'),
(490, '02132214', 'WARD NO-14', NULL, 1, NULL, '2015-05-24 08:12:57', NULL, '2015-05-24 08:12:57', 916, 'W'),
(490, '02132215', 'WARD NO-15', NULL, 1, NULL, '2015-05-24 08:12:57', NULL, '2015-05-24 08:12:57', 917, 'W'),
(490, '02132218', 'ASHIKATI', NULL, 1, NULL, '2015-05-24 08:37:14', NULL, '2015-05-24 08:37:14', 918, 'U'),
(490, '02132220', 'KALYANPUR', NULL, 1, NULL, '2015-05-24 08:37:14', NULL, '2015-05-24 08:37:14', 919, 'U'),
(490, '02132222', 'BAGHADI', NULL, 1, NULL, '2015-05-24 08:37:14', NULL, '2015-05-24 08:37:14', 920, 'U'),
(490, '02132227', 'BALIA', NULL, 1, NULL, '2015-05-24 08:37:14', NULL, '2015-05-24 08:37:14', 921, 'U'),
(490, '02132231', 'BISHNUPUR', NULL, 1, NULL, '2015-05-24 08:37:14', NULL, '2015-05-24 08:37:14', 922, 'U'),
(490, '02132254', 'CHANDRA', NULL, 1, NULL, '2015-05-24 08:37:14', NULL, '2015-05-24 08:37:14', 923, 'U'),
(490, '02132258', 'HANAR CHAR', NULL, 1, NULL, '2015-05-24 08:37:14', NULL, '2015-05-24 08:37:14', 924, 'U'),
(490, '02132263', 'IBRAHIMPUR', NULL, 1, NULL, '2015-05-24 08:37:14', NULL, '2015-05-24 08:37:14', 925, 'U'),
(490, '02132267', 'MAISHADI', NULL, 1, NULL, '2015-05-24 08:37:14', NULL, '2015-05-24 08:37:14', 926, 'U'),
(490, '02132276', 'RAJRAJESHWAR', NULL, 1, NULL, '2015-05-24 08:37:14', NULL, '2015-05-24 08:37:14', 927, 'U');
INSERT INTO `sa_unions` (`THANA_ID`, `UD_UNION_CODE`, `UNION_NAME`, `ORDER_SL`, `ACTIVE_FLAG`, `CREATED_BY`, `CREATE_DATE`, `UPDATED_BY`, `UPDATE_DATE`, `UNION_ID`, `UAREA_STATUS`) VALUES
(490, '02132281', 'SHAH MAHMUDPUR', NULL, 1, NULL, '2015-05-24 08:37:14', NULL, '2015-05-24 08:37:14', 928, 'U'),
(490, '02132285', 'RAMPUR', NULL, 1, NULL, '2015-05-24 08:37:14', NULL, '2015-05-24 08:37:14', 929, 'U'),
(490, '02132290', 'SAKHUA', NULL, 1, NULL, '2015-05-24 08:37:14', NULL, '2015-05-24 08:37:14', 930, 'U'),
(490, '02132294', 'TARPUR CHANDI', NULL, 1, NULL, '2015-05-24 08:37:14', NULL, '2015-05-24 08:37:14', 931, 'U'),
(491, '02134501', 'WARD NO-01', NULL, 1, NULL, '2015-05-24 08:12:57', NULL, '2015-05-24 08:12:57', 932, 'W'),
(491, '02134502', 'WARD NO-02', NULL, 1, NULL, '2015-05-24 08:12:57', NULL, '2015-05-24 08:12:57', 933, 'W'),
(491, '02134503', 'WARD NO-03', NULL, 1, NULL, '2015-05-24 08:12:57', NULL, '2015-05-24 08:12:57', 934, 'W'),
(491, '02134504', 'WARD NO-04', NULL, 1, NULL, '2015-05-24 08:12:57', NULL, '2015-05-24 08:12:57', 935, 'W'),
(491, '02134505', 'WARD NO-05', NULL, 1, NULL, '2015-05-24 08:12:57', NULL, '2015-05-24 08:12:57', 936, 'W'),
(491, '02134506', 'WARD NO-06', NULL, 1, NULL, '2015-05-24 08:12:57', NULL, '2015-05-24 08:12:57', 937, 'W'),
(491, '02134507', 'WARD NO-07', NULL, 1, NULL, '2015-05-24 08:12:57', NULL, '2015-05-24 08:12:57', 938, 'W'),
(491, '02134508', 'WARD NO-08', NULL, 1, NULL, '2015-05-24 08:12:57', NULL, '2015-05-24 08:12:57', 939, 'W'),
(491, '02134509', 'WARD NO-09', NULL, 1, NULL, '2015-05-24 08:12:57', NULL, '2015-05-24 08:12:57', 940, 'W'),
(491, '02134511', 'PASCHIM BALUTHUPA', NULL, 1, NULL, '2015-05-24 08:37:14', NULL, '2015-05-24 08:37:14', 941, 'U'),
(491, '02134513', 'PURBA BALUTHUPA', NULL, 1, NULL, '2015-05-24 08:37:14', NULL, '2015-05-24 08:37:14', 942, 'U'),
(491, '02134517', 'PURBA CHAR DUKHIA', NULL, 1, NULL, '2015-05-24 08:37:14', NULL, '2015-05-24 08:37:14', 943, 'U'),
(491, '02134523', 'PASCHIM CHAR DUKHIA', NULL, 1, NULL, '2015-05-24 08:37:14', NULL, '2015-05-24 08:37:14', 944, 'U'),
(491, '02134535', 'DAKSHIN FARIDGANJ', NULL, 1, NULL, '2015-05-24 08:37:14', NULL, '2015-05-24 08:37:14', 945, 'U'),
(491, '02134541', 'UTTAR GOBINDAPUR', NULL, 1, NULL, '2015-05-24 08:37:14', NULL, '2015-05-24 08:37:14', 946, 'U'),
(491, '02134547', 'DAKSHIN GOBINDAPUR', NULL, 1, NULL, '2015-05-24 08:37:14', NULL, '2015-05-24 08:37:14', 947, 'U'),
(491, '02134553', 'PURBA GUPTI', NULL, 1, NULL, '2015-05-24 08:37:14', NULL, '2015-05-24 08:37:14', 948, 'U'),
(491, '02134559', 'PASCHIM GUPTI', NULL, 1, NULL, '2015-05-24 08:37:14', NULL, '2015-05-24 08:37:14', 949, 'U'),
(491, '02134565', 'UTTAR PAIKPARA', NULL, 1, NULL, '2015-05-24 08:37:14', NULL, '2015-05-24 08:37:14', 950, 'U'),
(491, '02134571', 'DAKSHIN PAIK PARA', NULL, 1, NULL, '2015-05-24 08:37:14', NULL, '2015-05-24 08:37:14', 951, 'U'),
(491, '02134577', 'UTTAR RUPSA', NULL, 1, NULL, '2015-05-24 08:37:14', NULL, '2015-05-24 08:37:14', 952, 'U'),
(491, '02134583', 'DAKSHIN RUPSA', NULL, 1, NULL, '2015-05-24 08:37:14', NULL, '2015-05-24 08:37:14', 953, 'U'),
(491, '02134589', 'PURBA SUBIDPUR', NULL, 1, NULL, '2015-05-24 08:37:14', NULL, '2015-05-24 08:37:14', 954, 'U'),
(491, '02134595', 'PASCHIM SUBIDPUR', NULL, 1, NULL, '2015-05-24 08:37:14', NULL, '2015-05-24 08:37:14', 955, 'U'),
(492, '02134711', 'UTTAR ALGI DURGAPUR', NULL, 1, NULL, '2015-05-24 08:37:14', NULL, '2015-05-24 08:37:14', 956, 'U'),
(492, '02134723', 'DAKSHIN ALGI DURGAPUR', NULL, 1, NULL, '2015-05-24 08:37:14', NULL, '2015-05-24 08:37:14', 957, 'U'),
(492, '02134735', 'CHAR BHAIRABI', NULL, 1, NULL, '2015-05-24 08:37:14', NULL, '2015-05-24 08:37:14', 958, 'U'),
(492, '02134747', 'HAIM CHAR', NULL, 1, NULL, '2015-05-24 08:37:14', NULL, '2015-05-24 08:37:14', 959, 'U'),
(492, '02134759', 'GAZIPUR', NULL, 1, NULL, '2015-05-24 08:37:14', NULL, '2015-05-24 08:37:14', 960, 'U'),
(492, '02134771', 'NILKAMAL', NULL, 1, NULL, '2015-05-24 08:37:14', NULL, '2015-05-24 08:37:14', 961, 'U'),
(493, '02134901', 'WARD NO-01', NULL, 1, NULL, '2015-05-24 08:12:57', NULL, '2015-05-24 08:12:57', 962, 'W'),
(493, '02134902', 'WARD NO-02', NULL, 1, NULL, '2015-05-24 08:12:57', NULL, '2015-05-24 08:12:57', 963, 'W'),
(493, '02134903', 'WARD NO-03', NULL, 1, NULL, '2015-05-24 08:12:57', NULL, '2015-05-24 08:12:57', 964, 'W'),
(493, '02134904', 'WARD NO-04', NULL, 1, NULL, '2015-05-24 08:12:57', NULL, '2015-05-24 08:12:57', 965, 'W'),
(493, '02134905', 'WARD NO-05', NULL, 1, NULL, '2015-05-24 08:12:57', NULL, '2015-05-24 08:12:57', 966, 'W'),
(493, '02134906', 'WARD NO-06', NULL, 1, NULL, '2015-05-24 08:12:57', NULL, '2015-05-24 08:12:57', 967, 'W'),
(493, '02134907', 'WARD NO-07', NULL, 1, NULL, '2015-05-24 08:12:57', NULL, '2015-05-24 08:12:57', 968, 'W'),
(493, '02134908', 'WARD NO-08', NULL, 1, NULL, '2015-05-24 08:12:57', NULL, '2015-05-24 08:12:57', 969, 'W'),
(493, '02134909', 'WARD NO-09', NULL, 1, NULL, '2015-05-24 08:12:57', NULL, '2015-05-24 08:12:57', 970, 'W'),
(493, '02134910', 'WARD NO-10', NULL, 1, NULL, '2015-05-24 08:12:57', NULL, '2015-05-24 08:12:57', 971, 'W'),
(493, '02134911', 'WARD NO-11', NULL, 1, NULL, '2015-05-24 08:12:57', NULL, '2015-05-24 08:12:57', 972, 'W'),
(493, '02134912', 'WARD NO-12', NULL, 1, NULL, '2015-05-24 08:12:57', NULL, '2015-05-24 08:12:57', 973, 'W'),
(493, '02134918', 'PURBA BARKUL', NULL, 1, NULL, '2015-05-24 08:37:14', NULL, '2015-05-24 08:37:14', 974, 'U'),
(493, '02134920', 'PASCHIM BARKUL', NULL, 1, NULL, '2015-05-24 08:37:14', NULL, '2015-05-24 08:37:14', 975, 'U'),
(493, '02134925', 'UTTAR GANDHARABPUR', NULL, 1, NULL, '2015-05-24 08:37:14', NULL, '2015-05-24 08:37:14', 976, 'U'),
(493, '02134930', 'DAKSHIN GANDHARBAPUR', NULL, 1, NULL, '2015-05-24 08:37:14', NULL, '2015-05-24 08:37:14', 977, 'U'),
(493, '02134935', 'HAJIGANJ', NULL, 1, NULL, '2015-05-24 08:37:14', NULL, '2015-05-24 08:37:14', 978, 'U'),
(493, '02134950', 'UTTAR KALOCHO', NULL, 1, NULL, '2015-05-24 08:37:14', NULL, '2015-05-24 08:37:14', 979, 'U'),
(493, '02134955', 'DAKSHIN KALOCHO', NULL, 1, NULL, '2015-05-24 08:37:14', NULL, '2015-05-24 08:37:14', 980, 'U'),
(493, '02134960', 'PACHIM HATILA', NULL, 1, NULL, '2015-05-24 08:37:14', NULL, '2015-05-24 08:37:14', 981, 'U'),
(493, '02134965', 'HATILA PURBA', NULL, 1, NULL, '2015-05-24 08:37:14', NULL, '2015-05-24 08:37:14', 982, 'U'),
(493, '02134970', 'UTTAR RAJARGAON', NULL, 1, NULL, '2015-05-24 08:37:14', NULL, '2015-05-24 08:37:14', 983, 'U'),
(493, '02134975', 'BAKILA', NULL, 1, NULL, '2015-05-24 08:37:14', NULL, '2015-05-24 08:37:14', 984, 'U'),
(494, '02135801', 'WARD NO-01', NULL, 1, NULL, '2015-05-24 08:12:57', NULL, '2015-05-24 08:12:57', 985, 'W'),
(494, '02135802', 'WARD NO-02', NULL, 1, NULL, '2015-05-24 08:12:57', NULL, '2015-05-24 08:12:57', 986, 'W'),
(494, '02135803', 'WARD NO-03', NULL, 1, NULL, '2015-05-24 08:12:57', NULL, '2015-05-24 08:12:57', 987, 'W'),
(494, '02135804', 'WARD NO-04', NULL, 1, NULL, '2015-05-24 08:12:57', NULL, '2015-05-24 08:12:57', 988, 'W'),
(494, '02135805', 'WARD NO-05', NULL, 1, NULL, '2015-05-24 08:12:57', NULL, '2015-05-24 08:12:57', 989, 'W'),
(494, '02135806', 'WARD NO-06', NULL, 1, NULL, '2015-05-24 08:12:57', NULL, '2015-05-24 08:12:57', 990, 'W'),
(494, '02135807', 'WARD NO-07', NULL, 1, NULL, '2015-05-24 08:12:57', NULL, '2015-05-24 08:12:57', 991, 'W'),
(494, '02135808', 'WARD NO-08', NULL, 1, NULL, '2015-05-24 08:12:57', NULL, '2015-05-24 08:12:57', 992, 'W'),
(494, '02135809', 'WARD NO-09', NULL, 1, NULL, '2015-05-24 08:12:57', NULL, '2015-05-24 08:12:57', 993, 'W'),
(494, '02135813', 'ASHRAFPUR', NULL, 1, NULL, '2015-05-24 08:37:14', NULL, '2015-05-24 08:37:14', 994, 'U'),
(494, '02135815', 'BITARA', NULL, 1, NULL, '2015-05-24 08:37:14', NULL, '2015-05-24 08:37:14', 995, 'U'),
(494, '02135823', 'UTTAR GOHAT', NULL, 1, NULL, '2015-05-24 08:37:14', NULL, '2015-05-24 08:37:14', 996, 'U'),
(494, '02135831', 'DAKSHIN GOHAT', NULL, 1, NULL, '2015-05-24 08:37:14', NULL, '2015-05-24 08:37:14', 997, 'U'),
(494, '02135839', 'UTTAR KACHUA', NULL, 1, NULL, '2015-05-24 08:37:14', NULL, '2015-05-24 08:37:14', 998, 'U'),
(494, '02135847', 'DAKSHIN KACHUA', NULL, 1, NULL, '2015-05-24 08:37:14', NULL, '2015-05-24 08:37:14', 999, 'U'),
(494, '02135855', 'KADLA', NULL, 1, NULL, '2015-05-24 08:37:14', NULL, '2015-05-24 08:37:14', 1000, 'U'),
(494, '02135863', 'KARAIA', NULL, 1, NULL, '2015-05-24 08:37:14', NULL, '2015-05-24 08:37:14', 1001, 'U'),
(494, '02135871', 'SACHAR', NULL, 1, NULL, '2015-05-24 08:37:14', NULL, '2015-05-24 08:37:14', 1002, 'U'),
(494, '02135879', 'PATHAIR', NULL, 1, NULL, '2015-05-24 08:37:14', NULL, '2015-05-24 08:37:14', 1003, 'U'),
(494, '02135887', 'PURBA SAHADEBPUR', NULL, 1, NULL, '2015-05-24 08:37:14', NULL, '2015-05-24 08:37:14', 1004, 'U'),
(494, '02135894', 'PASCHIM SAHADEBPUR', NULL, 1, NULL, '2015-05-24 08:37:14', NULL, '2015-05-24 08:37:14', 1005, 'U'),
(495, '02137601', 'WARD NO-01', NULL, 1, NULL, '2015-05-24 08:12:57', NULL, '2015-05-24 08:12:57', 1006, 'W'),
(495, '02137602', 'WARD NO-02', NULL, 1, NULL, '2015-05-24 08:12:57', NULL, '2015-05-24 08:12:57', 1007, 'W'),
(495, '02137603', 'WARD NO-03', NULL, 1, NULL, '2015-05-24 08:12:57', NULL, '2015-05-24 08:12:57', 1008, 'W'),
(495, '02137604', 'WARD NO-04', NULL, 1, NULL, '2015-05-24 08:12:57', NULL, '2015-05-24 08:12:57', 1009, 'W'),
(495, '02137605', 'WARD NO-05', NULL, 1, NULL, '2015-05-24 08:12:57', NULL, '2015-05-24 08:12:57', 1010, 'W'),
(495, '02137606', 'WARD NO-06', NULL, 1, NULL, '2015-05-24 08:12:57', NULL, '2015-05-24 08:12:57', 1011, 'W'),
(495, '02137607', 'WARD NO-07', NULL, 1, NULL, '2015-05-24 08:12:57', NULL, '2015-05-24 08:12:57', 1012, 'W'),
(495, '02137608', 'WARD NO-08', NULL, 1, NULL, '2015-05-24 08:12:57', NULL, '2015-05-24 08:12:57', 1013, 'W'),
(495, '02137609', 'WARD NO-09', NULL, 1, NULL, '2015-05-24 08:12:57', NULL, '2015-05-24 08:12:57', 1014, 'W'),
(495, '02137634', 'KHADERGAON', NULL, 1, NULL, '2015-05-24 08:37:14', NULL, '2015-05-24 08:37:14', 1015, 'U'),
(495, '02137643', 'NARAYANPUR', NULL, 1, NULL, '2015-05-24 08:37:14', NULL, '2015-05-24 08:37:14', 1016, 'U'),
(495, '02137656', 'UTTAR NAYERGAON', NULL, 1, NULL, '2015-05-24 08:37:14', NULL, '2015-05-24 08:37:14', 1017, 'U'),
(495, '02137660', 'UTTAR UPADI', NULL, 1, NULL, '2015-05-24 08:37:14', NULL, '2015-05-24 08:37:14', 1018, 'U'),
(495, '02137682', 'DAKHSIN NAYERGAON', NULL, 1, NULL, '2015-05-24 08:37:14', NULL, '2015-05-24 08:37:14', 1019, 'U'),
(495, '02137686', 'DAKSHIN UPADI', NULL, 1, NULL, '2015-05-24 08:37:14', NULL, '2015-05-24 08:37:14', 1020, 'U'),
(496, '02137901', 'WARD NO-01', NULL, 1, NULL, '2015-05-24 08:12:57', NULL, '2015-05-24 08:12:57', 1021, 'W'),
(496, '02137902', 'WARD NO-02', NULL, 1, NULL, '2015-05-24 08:12:57', NULL, '2015-05-24 08:12:57', 1022, 'W'),
(496, '02137903', 'WARD NO-03', NULL, 1, NULL, '2015-05-24 08:12:57', NULL, '2015-05-24 08:12:57', 1023, 'W'),
(496, '02137904', 'WARD NO-04', NULL, 1, NULL, '2015-05-24 08:12:57', NULL, '2015-05-24 08:12:57', 1024, 'W'),
(496, '02137905', 'WARD NO-05', NULL, 1, NULL, '2015-05-24 08:12:57', NULL, '2015-05-24 08:12:57', 1025, 'W'),
(496, '02137906', 'WARD NO-06', NULL, 1, NULL, '2015-05-24 08:12:57', NULL, '2015-05-24 08:12:57', 1026, 'W'),
(496, '02137907', 'WARD NO-07', NULL, 1, NULL, '2015-05-24 08:12:57', NULL, '2015-05-24 08:12:57', 1027, 'W'),
(496, '02137908', 'WARD NO-08', NULL, 1, NULL, '2015-05-24 08:12:57', NULL, '2015-05-24 08:12:57', 1028, 'W'),
(496, '02137909', 'WARD NO-09', NULL, 1, NULL, '2015-05-24 08:12:57', NULL, '2015-05-24 08:12:57', 1029, 'W'),
(496, '02137911', 'BAGANBARI', NULL, 1, NULL, '2015-05-24 08:37:14', NULL, '2015-05-24 08:37:14', 1030, 'U'),
(496, '02137913', 'FARAJIKANDI', NULL, 1, NULL, '2015-05-24 08:37:14', NULL, '2015-05-24 08:37:14', 1031, 'U'),
(496, '02137915', 'DURGAPUR', NULL, 1, NULL, '2015-05-24 08:37:14', NULL, '2015-05-24 08:37:14', 1032, 'U'),
(496, '02137917', 'PURBA FATEHPUR', NULL, 1, NULL, '2015-05-24 08:37:14', NULL, '2015-05-24 08:37:14', 1033, 'U'),
(496, '02137921', 'EKLASPUR', NULL, 1, NULL, '2015-05-24 08:37:14', NULL, '2015-05-24 08:37:14', 1034, 'U'),
(496, '02137923', 'GAJRA', NULL, 1, NULL, '2015-05-24 08:37:14', NULL, '2015-05-24 08:37:14', 1035, 'U'),
(496, '02137925', 'ISLAMABAD', NULL, 1, NULL, '2015-05-24 08:37:14', NULL, '2015-05-24 08:37:14', 1036, 'U'),
(496, '02137930', 'JAHIRABAD', NULL, 1, NULL, '2015-05-24 08:37:14', NULL, '2015-05-24 08:37:14', 1037, 'U'),
(496, '02137932', 'KALAKANDA', NULL, 1, NULL, '2015-05-24 08:37:14', NULL, '2015-05-24 08:37:14', 1038, 'U'),
(496, '02137938', 'MOHANPUR', NULL, 1, NULL, '2015-05-24 08:37:14', NULL, '2015-05-24 08:37:14', 1039, 'U'),
(496, '02137964', 'SADULLAPUR', NULL, 1, NULL, '2015-05-24 08:37:14', NULL, '2015-05-24 08:37:14', 1040, 'U'),
(496, '02137973', 'SATNAL', NULL, 1, NULL, '2015-05-24 08:37:14', NULL, '2015-05-24 08:37:14', 1041, 'U'),
(496, '02137990', 'SULTANABAD', NULL, 1, NULL, '2015-05-24 08:37:14', NULL, '2015-05-24 08:37:14', 1042, 'U'),
(496, '02137994', 'PASCHIM FATEHPUR', NULL, 1, NULL, '2015-05-24 08:37:14', NULL, '2015-05-24 08:37:14', 1043, 'U'),
(497, '02139501', 'WARD NO-01', NULL, 1, NULL, '2015-05-24 08:12:57', NULL, '2015-05-24 08:12:57', 1044, 'W'),
(497, '02139502', 'WARD NO-02', NULL, 1, NULL, '2015-05-24 08:12:57', NULL, '2015-05-24 08:12:57', 1045, 'W'),
(497, '02139503', 'WARD NO-03', NULL, 1, NULL, '2015-05-24 08:12:57', NULL, '2015-05-24 08:12:57', 1046, 'W'),
(497, '02139504', 'WARD NO-04', NULL, 1, NULL, '2015-05-24 08:12:57', NULL, '2015-05-24 08:12:57', 1047, 'W'),
(497, '02139505', 'WARD NO-05', NULL, 1, NULL, '2015-05-24 08:12:57', NULL, '2015-05-24 08:12:57', 1048, 'W'),
(497, '02139506', 'WARD NO-06', NULL, 1, NULL, '2015-05-24 08:12:57', NULL, '2015-05-24 08:12:57', 1049, 'W'),
(497, '02139507', 'WARD NO-07', NULL, 1, NULL, '2015-05-24 08:12:57', NULL, '2015-05-24 08:12:57', 1050, 'W'),
(497, '02139508', 'WARD NO-08', NULL, 1, NULL, '2015-05-24 08:12:57', NULL, '2015-05-24 08:12:57', 1051, 'W'),
(497, '02139509', 'WARD NO-09', NULL, 1, NULL, '2015-05-24 08:12:57', NULL, '2015-05-24 08:12:57', 1052, 'W'),
(497, '02139515', 'EAST CHITASI', NULL, 1, NULL, '2015-05-24 08:37:14', NULL, '2015-05-24 08:37:14', 1053, 'U'),
(497, '02139520', 'WEST CHITASI', NULL, 1, NULL, '2015-05-24 08:37:14', NULL, '2015-05-24 08:37:14', 1054, 'U'),
(497, '02139560', 'UTTAR MEHER', NULL, 1, NULL, '2015-05-24 08:37:14', NULL, '2015-05-24 08:37:14', 1055, 'U'),
(497, '02139565', 'DAKSHIN MEHER', NULL, 1, NULL, '2015-05-24 08:37:14', NULL, '2015-05-24 08:37:14', 1056, 'U'),
(497, '02139580', 'UTTAR ROYSREE', NULL, 1, NULL, '2015-05-24 08:37:14', NULL, '2015-05-24 08:37:14', 1057, 'U'),
(497, '02139582', 'DAKSHIN ROYSREE', NULL, 1, NULL, '2015-05-24 08:37:14', NULL, '2015-05-24 08:37:14', 1058, 'U'),
(497, '02139585', 'UTTAR SUCHI PARA', NULL, 1, NULL, '2015-05-24 08:37:14', NULL, '2015-05-24 08:37:14', 1059, 'U'),
(497, '02139590', 'DAKSHIN SUCHI PARA', NULL, 1, NULL, '2015-05-24 08:37:14', NULL, '2015-05-24 08:37:14', 1060, 'U'),
(497, '02139595', 'TAMTA', NULL, 1, NULL, '2015-05-24 08:37:14', NULL, '2015-05-24 08:37:14', 1061, 'U'),
(498, '02150415', 'ANOWARA', NULL, 1, NULL, '2015-05-24 08:37:14', NULL, '2015-05-24 08:37:14', 1062, 'U'),
(498, '02150419', 'BAIRAG', NULL, 1, NULL, '2015-05-24 08:37:14', NULL, '2015-05-24 08:37:14', 1063, 'U'),
(498, '02150428', 'BARAKHAIN', NULL, 1, NULL, '2015-05-24 08:37:14', NULL, '2015-05-24 08:37:14', 1064, 'U'),
(498, '02150438', 'BARASAT', NULL, 1, NULL, '2015-05-24 08:37:14', NULL, '2015-05-24 08:37:14', 1065, 'U'),
(498, '02150447', 'BURUMCHHARA', NULL, 1, NULL, '2015-05-24 08:37:14', NULL, '2015-05-24 08:37:14', 1066, 'U'),
(498, '02150457', 'BATTALI', NULL, 1, NULL, '2015-05-24 08:37:14', NULL, '2015-05-24 08:37:14', 1067, 'U'),
(498, '02150466', 'CHATARI', NULL, 1, NULL, '2015-05-24 08:37:14', NULL, '2015-05-24 08:37:14', 1068, 'U'),
(498, '02150476', 'HAILDHAR', NULL, 1, NULL, '2015-05-24 08:37:14', NULL, '2015-05-24 08:37:14', 1069, 'U'),
(498, '02150481', 'JUIDANDI', NULL, 1, NULL, '2015-05-24 08:37:14', NULL, '2015-05-24 08:37:14', 1070, 'U'),
(498, '02150485', 'PARAIKORA', NULL, 1, NULL, '2015-05-24 08:37:14', NULL, '2015-05-24 08:37:14', 1071, 'U'),
(498, '02150495', 'ROYPUR', NULL, 1, NULL, '2015-05-24 08:37:14', NULL, '2015-05-24 08:37:14', 1072, 'U'),
(499, '02150602', 'WARD NO-02', NULL, 1, NULL, '2015-05-24 08:12:57', NULL, '2015-05-24 08:12:57', 1073, 'W'),
(499, '02150603', 'WARD NO-03', NULL, 1, NULL, '2015-05-24 08:12:57', NULL, '2015-05-24 08:12:57', 1074, 'W'),
(499, '02150698', 'CHITTAGANG CNT.', NULL, 1, NULL, '2015-05-24 08:37:14', NULL, '2015-05-24 08:37:14', 1075, 'U'),
(500, '02150801', 'WARD NO-01', NULL, 1, NULL, '2015-05-24 08:12:57', NULL, '2015-05-24 08:12:57', 1076, 'W'),
(500, '02150802', 'WARD NO-02', NULL, 1, NULL, '2015-05-24 08:12:57', NULL, '2015-05-24 08:12:57', 1077, 'W'),
(500, '02150803', 'WARD NO-03', NULL, 1, NULL, '2015-05-24 08:12:57', NULL, '2015-05-24 08:12:57', 1078, 'W'),
(500, '02150804', 'WARD NO-04', NULL, 1, NULL, '2015-05-24 08:12:57', NULL, '2015-05-24 08:12:57', 1079, 'W'),
(500, '02150805', 'WARD NO-05', NULL, 1, NULL, '2015-05-24 08:12:57', NULL, '2015-05-24 08:12:57', 1080, 'W'),
(500, '02150806', 'WARD NO-06', NULL, 1, NULL, '2015-05-24 08:12:57', NULL, '2015-05-24 08:12:57', 1081, 'W'),
(500, '02150807', 'WARD NO-07', NULL, 1, NULL, '2015-05-24 08:12:57', NULL, '2015-05-24 08:12:57', 1082, 'W'),
(500, '02150808', 'WARD NO-08', NULL, 1, NULL, '2015-05-24 08:12:57', NULL, '2015-05-24 08:12:57', 1083, 'W'),
(500, '02150809', 'WARD NO-09', NULL, 1, NULL, '2015-05-24 08:12:57', NULL, '2015-05-24 08:12:57', 1084, 'W'),
(500, '02150811', 'BAHARCHHARA', NULL, 1, NULL, '2015-05-24 08:37:14', NULL, '2015-05-24 08:37:14', 1085, 'U'),
(500, '02150812', 'BAILCHHARI', NULL, 1, NULL, '2015-05-24 08:37:14', NULL, '2015-05-24 08:37:14', 1086, 'U'),
(500, '02150818', 'CHAMBAL', NULL, 1, NULL, '2015-05-24 08:37:14', NULL, '2015-05-24 08:37:14', 1087, 'U'),
(500, '02150825', 'CHHANUA', NULL, 1, NULL, '2015-05-24 08:37:14', NULL, '2015-05-24 08:37:14', 1088, 'U'),
(500, '02150831', 'GANDAMARA', NULL, 1, NULL, '2015-05-24 08:37:14', NULL, '2015-05-24 08:37:14', 1089, 'U'),
(500, '02150844', 'KALIPUR', NULL, 1, NULL, '2015-05-24 08:37:14', NULL, '2015-05-24 08:37:14', 1090, 'U'),
(500, '02150850', 'KATHARIA', NULL, 1, NULL, '2015-05-24 08:37:14', NULL, '2015-05-24 08:37:14', 1091, 'U'),
(500, '02150856', 'KHANKHANABAD', NULL, 1, NULL, '2015-05-24 08:37:14', NULL, '2015-05-24 08:37:14', 1092, 'U'),
(500, '02150863', 'PUICHHARI', NULL, 1, NULL, '2015-05-24 08:37:14', NULL, '2015-05-24 08:37:14', 1093, 'U'),
(500, '02150869', 'PUKURIA', NULL, 1, NULL, '2015-05-24 08:37:14', NULL, '2015-05-24 08:37:14', 1094, 'U'),
(500, '02150875', 'SADHANPUR', NULL, 1, NULL, '2015-05-24 08:37:14', NULL, '2015-05-24 08:37:14', 1095, 'U'),
(500, '02150882', 'SARAL', NULL, 1, NULL, '2015-05-24 08:37:14', NULL, '2015-05-24 08:37:14', 1096, 'U'),
(500, '02150888', 'SEKHERKHIL', NULL, 1, NULL, '2015-05-24 08:37:14', NULL, '2015-05-24 08:37:14', 1097, 'U'),
(500, '02150894', 'SILKUP', NULL, 1, NULL, '2015-05-24 08:37:14', NULL, '2015-05-24 08:37:14', 1098, 'U'),
(501, '02151017', 'WARD NO-17', NULL, 1, NULL, '2015-05-24 08:12:57', NULL, '2015-05-24 08:12:57', 1099, 'W'),
(501, '02151018', 'WARD NO-18', NULL, 1, NULL, '2015-05-24 08:12:57', NULL, '2015-05-24 08:12:57', 1100, 'W'),
(501, '02151019', 'WARD NO-19', NULL, 1, NULL, '2015-05-24 08:12:57', NULL, '2015-05-24 08:12:57', 1101, 'W'),
(501, '02151035', 'WARD NO-35 (PART)', NULL, 1, NULL, '2015-05-24 08:12:57', NULL, '2015-05-24 08:12:57', 1102, 'W'),
(502, '02151217', 'AHLA KARALDANGA', NULL, 1, NULL, '2015-05-24 08:37:14', NULL, '2015-05-24 08:37:14', 1103, 'U'),
(502, '02151219', 'AMCHIA', NULL, 1, NULL, '2015-05-24 08:37:14', NULL, '2015-05-24 08:37:14', 1104, 'U'),
(502, '02151228', 'CHARANDWIP', NULL, 1, NULL, '2015-05-24 08:37:14', NULL, '2015-05-24 08:37:14', 1105, 'U'),
(502, '02151238', 'PURBA GOMDANDI', NULL, 1, NULL, '2015-05-24 08:37:14', NULL, '2015-05-24 08:37:14', 1106, 'U'),
(502, '02151247', 'KANDHURKHIL', NULL, 1, NULL, '2015-05-24 08:37:14', NULL, '2015-05-24 08:37:14', 1107, 'U'),
(502, '02151250', 'PASCHIM GOMDANDI', NULL, 1, NULL, '2015-05-24 08:37:14', NULL, '2015-05-24 08:37:14', 1108, 'U'),
(502, '02151257', 'POPADIA', NULL, 1, NULL, '2015-05-24 08:37:14', NULL, '2015-05-24 08:37:14', 1109, 'U'),
(502, '02151266', 'SAROATALI', NULL, 1, NULL, '2015-05-24 08:37:14', NULL, '2015-05-24 08:37:14', 1110, 'U'),
(502, '02151276', 'SAKPURA', NULL, 1, NULL, '2015-05-24 08:37:14', NULL, '2015-05-24 08:37:14', 1111, 'U'),
(502, '02151285', 'SREEPUR KHARANDWIP', NULL, 1, NULL, '2015-05-24 08:37:14', NULL, '2015-05-24 08:37:14', 1112, 'U'),
(503, '02151801', 'WARD NO-01', NULL, 1, NULL, '2015-05-24 08:12:57', NULL, '2015-05-24 08:12:57', 1113, 'W'),
(503, '02151802', 'WARD NO-02', NULL, 1, NULL, '2015-05-24 08:12:57', NULL, '2015-05-24 08:12:57', 1114, 'W'),
(503, '02151803', 'WARD NO-03', NULL, 1, NULL, '2015-05-24 08:12:57', NULL, '2015-05-24 08:12:57', 1115, 'W'),
(503, '02151804', 'WARD NO-04', NULL, 1, NULL, '2015-05-24 08:12:57', NULL, '2015-05-24 08:12:57', 1116, 'W'),
(503, '02151805', 'WARD NO-05', NULL, 1, NULL, '2015-05-24 08:12:57', NULL, '2015-05-24 08:12:57', 1117, 'W'),
(503, '02151806', 'WARD NO-06', NULL, 1, NULL, '2015-05-24 08:12:57', NULL, '2015-05-24 08:12:57', 1118, 'W'),
(503, '02151807', 'WARD NO-07', NULL, 1, NULL, '2015-05-24 08:12:57', NULL, '2015-05-24 08:12:57', 1119, 'W'),
(503, '02151808', 'WARD NO-08', NULL, 1, NULL, '2015-05-24 08:12:57', NULL, '2015-05-24 08:12:57', 1120, 'W'),
(503, '02151809', 'WARD NO-09', NULL, 1, NULL, '2015-05-24 08:12:57', NULL, '2015-05-24 08:12:57', 1121, 'W'),
(503, '02151813', 'BAILTALI', NULL, 1, NULL, '2015-05-24 08:37:14', NULL, '2015-05-24 08:37:14', 1122, 'U'),
(503, '02151819', 'BARKAL', NULL, 1, NULL, '2015-05-24 08:37:14', NULL, '2015-05-24 08:37:14', 1123, 'U'),
(503, '02151828', 'BARAMA', NULL, 1, NULL, '2015-05-24 08:37:14', NULL, '2015-05-24 08:37:14', 1124, 'U'),
(503, '02151838', 'DHOPACHHARI', NULL, 1, NULL, '2015-05-24 08:37:14', NULL, '2015-05-24 08:37:14', 1125, 'U'),
(503, '02151847', 'DOHAZARI', NULL, 1, NULL, '2015-05-24 08:37:14', NULL, '2015-05-24 08:37:14', 1126, 'U'),
(503, '02151866', 'HASHIMPUR', NULL, 1, NULL, '2015-05-24 08:37:14', NULL, '2015-05-24 08:37:14', 1127, 'U'),
(503, '02151876', 'JOARA', NULL, 1, NULL, '2015-05-24 08:37:14', NULL, '2015-05-24 08:37:14', 1128, 'U'),
(503, '02151885', 'KANCHANABAD', NULL, 1, NULL, '2015-05-24 08:37:14', NULL, '2015-05-24 08:37:14', 1129, 'U'),
(503, '02151895', 'SATBARIA', NULL, 1, NULL, '2015-05-24 08:37:14', NULL, '2015-05-24 08:37:14', 1130, 'U'),
(504, '02151904', 'WARD NO-04', NULL, 1, NULL, '2015-05-24 08:12:57', NULL, '2015-05-24 08:12:57', 1131, 'W'),
(504, '02151905', 'WARD NO-05', NULL, 1, NULL, '2015-05-24 08:12:57', NULL, '2015-05-24 08:12:57', 1132, 'W'),
(504, '02151906', 'WARD NO-06', NULL, 1, NULL, '2015-05-24 08:12:57', NULL, '2015-05-24 08:12:57', 1133, 'W'),
(505, '02152036', 'WARD NO-36 (PART)', NULL, 1, NULL, '2015-05-24 08:12:57', NULL, '2015-05-24 08:12:57', 1134, 'W'),
(505, '02152037', 'WARD NO-37', NULL, 1, NULL, '2015-05-24 08:12:57', NULL, '2015-05-24 08:12:57', 1135, 'W'),
(505, '02152038', 'WARD NO-38', NULL, 1, NULL, '2015-05-24 08:12:57', NULL, '2015-05-24 08:12:57', 1136, 'W'),
(505, '02152039', 'WARD NO-39 (PART)', NULL, 1, NULL, '2015-05-24 08:12:57', NULL, '2015-05-24 08:12:57', 1137, 'W'),
(506, '02152812', 'WARD NO-12 (PART)', NULL, 1, NULL, '2015-05-24 08:12:57', NULL, '2015-05-24 08:12:57', 1138, 'W'),
(506, '02152823', 'WARD NO-23', NULL, 1, NULL, '2015-05-24 08:12:57', NULL, '2015-05-24 08:12:57', 1139, 'W'),
(506, '02152824', 'WARD NO-24(PART)', NULL, 1, NULL, '2015-05-24 08:12:57', NULL, '2015-05-24 08:12:57', 1140, 'W'),
(506, '02152827', 'WARD NO-27', NULL, 1, NULL, '2015-05-24 08:12:57', NULL, '2015-05-24 08:12:57', 1141, 'W'),
(506, '02152828', 'WARD NO-28', NULL, 1, NULL, '2015-05-24 08:12:57', NULL, '2015-05-24 08:12:57', 1142, 'W'),
(506, '02152829', 'WARD NO-29', NULL, 1, NULL, '2015-05-24 08:12:57', NULL, '2015-05-24 08:12:57', 1143, 'W'),
(506, '02152830', 'WARD NO-30 (PART)', NULL, 1, NULL, '2015-05-24 08:12:57', NULL, '2015-05-24 08:12:57', 1144, 'W'),
(506, '02152836', 'WARD NO-36 (PART)', NULL, 1, NULL, '2015-05-24 08:12:57', NULL, '2015-05-24 08:12:57', 1145, 'W'),
(507, '02153311', 'ABDULLAPUR', NULL, 1, NULL, '2015-05-24 08:37:14', NULL, '2015-05-24 08:37:14', 1146, 'U'),
(507, '02153313', 'BAGAN BAZAR', NULL, 1, NULL, '2015-05-24 08:37:14', NULL, '2015-05-24 08:37:14', 1147, 'U'),
(507, '02153314', 'BAKTAPUR', NULL, 1, NULL, '2015-05-24 08:37:14', NULL, '2015-05-24 08:37:14', 1148, 'U'),
(507, '02153319', 'BHUJPUR', NULL, 1, NULL, '2015-05-24 08:37:14', NULL, '2015-05-24 08:37:14', 1149, 'U'),
(507, '02153323', 'DANTMARA', NULL, 1, NULL, '2015-05-24 08:37:14', NULL, '2015-05-24 08:37:14', 1150, 'U'),
(507, '02153328', 'DHARMAPUR', NULL, 1, NULL, '2015-05-24 08:37:14', NULL, '2015-05-24 08:37:14', 1151, 'U'),
(507, '02153333', 'DHURUNG', NULL, 1, NULL, '2015-05-24 08:37:14', NULL, '2015-05-24 08:37:14', 1152, 'U'),
(507, '02153338', 'DAULATPUR', NULL, 1, NULL, '2015-05-24 08:37:14', NULL, '2015-05-24 08:37:14', 1153, 'U'),
(507, '02153342', 'HARWALCHHARI', NULL, 1, NULL, '2015-05-24 08:37:14', NULL, '2015-05-24 08:37:14', 1154, 'U'),
(507, '02153347', 'JAFARNAGAR', NULL, 1, NULL, '2015-05-24 08:37:14', NULL, '2015-05-24 08:37:14', 1155, 'U'),
(507, '02153352', 'KANCHAN NAGAR', NULL, 1, NULL, '2015-05-24 08:37:14', NULL, '2015-05-24 08:37:14', 1156, 'U'),
(507, '02153355', 'KHIRAM', NULL, 1, NULL, '2015-05-24 08:37:14', NULL, '2015-05-24 08:37:14', 1157, 'U'),
(507, '02153357', 'LELANG', NULL, 1, NULL, '2015-05-24 08:37:14', NULL, '2015-05-24 08:37:14', 1158, 'U'),
(507, '02153361', 'NANUPUR', NULL, 1, NULL, '2015-05-24 08:37:14', NULL, '2015-05-24 08:37:14', 1159, 'U'),
(507, '02153366', 'NARAYANHAT', NULL, 1, NULL, '2015-05-24 08:37:14', NULL, '2015-05-24 08:37:14', 1160, 'U'),
(507, '02153371', 'PAINDANGA', NULL, 1, NULL, '2015-05-24 08:37:14', NULL, '2015-05-24 08:37:14', 1161, 'U'),
(507, '02153376', 'RANGAMATIA', NULL, 1, NULL, '2015-05-24 08:37:14', NULL, '2015-05-24 08:37:14', 1162, 'U'),
(507, '02153380', 'ROUSHANGIRI', NULL, 1, NULL, '2015-05-24 08:37:14', NULL, '2015-05-24 08:37:14', 1163, 'U'),
(507, '02153385', 'SUABIL', NULL, 1, NULL, '2015-05-24 08:37:14', NULL, '2015-05-24 08:37:14', 1164, 'U'),
(507, '02153390', 'SAMITIRHAT', NULL, 1, NULL, '2015-05-24 08:37:14', NULL, '2015-05-24 08:37:14', 1165, 'U'),
(507, '02153395', 'SUNDARPUR', NULL, 1, NULL, '2015-05-24 08:37:14', NULL, '2015-05-24 08:37:14', 1166, 'U'),
(508, '02153511', 'WARD NO-11 (PART)', NULL, 1, NULL, '2015-05-24 08:12:57', NULL, '2015-05-24 08:12:57', 1167, 'W'),
(508, '02153524', 'WARD NO-24(PART)', NULL, 1, NULL, '2015-05-24 08:12:57', NULL, '2015-05-24 08:12:57', 1168, 'W'),
(508, '02153525', 'WARD NO-25', NULL, 1, NULL, '2015-05-24 08:12:57', NULL, '2015-05-24 08:12:57', 1169, 'W'),
(508, '02153526', 'WARD NO-26', NULL, 1, NULL, '2015-05-24 08:12:57', NULL, '2015-05-24 08:12:57', 1170, 'W'),
(509, '02153701', 'WARD NO-01', NULL, 1, NULL, '2015-05-24 08:12:57', NULL, '2015-05-24 08:12:57', 1171, 'W'),
(509, '02153710', 'BURISH CHAR', NULL, 1, NULL, '2015-05-24 08:37:14', NULL, '2015-05-24 08:37:14', 1172, 'U'),
(509, '02153711', 'CHHIBATALI', NULL, 1, NULL, '2015-05-24 08:37:14', NULL, '2015-05-24 08:37:14', 1173, 'U'),
(509, '02153717', 'CHIKANDANDI', NULL, 1, NULL, '2015-05-24 08:37:14', NULL, '2015-05-24 08:37:14', 1174, 'U'),
(509, '02153723', 'DAKSHIN MADARSHA', NULL, 1, NULL, '2015-05-24 08:37:14', NULL, '2015-05-24 08:37:14', 1175, 'U'),
(509, '02153729', 'DHALAI', NULL, 1, NULL, '2015-05-24 08:37:14', NULL, '2015-05-24 08:37:14', 1176, 'U'),
(509, '02153735', 'FATEHPUR', NULL, 1, NULL, '2015-05-24 08:37:14', NULL, '2015-05-24 08:37:14', 1177, 'U'),
(509, '02153741', 'FORHADABAD', NULL, 1, NULL, '2015-05-24 08:37:14', NULL, '2015-05-24 08:37:14', 1178, 'U'),
(509, '02153747', 'GARDUARA', NULL, 1, NULL, '2015-05-24 08:37:14', NULL, '2015-05-24 08:37:14', 1179, 'U'),
(509, '02153753', 'GUMAN MARDAN', NULL, 1, NULL, '2015-05-24 08:37:14', NULL, '2015-05-24 08:37:14', 1180, 'U'),
(509, '02153759', 'HATHAZARI', NULL, 1, NULL, '2015-05-24 08:37:14', NULL, '2015-05-24 08:37:14', 1181, 'U'),
(509, '02153765', 'MEKHAL', NULL, 1, NULL, '2015-05-24 08:37:14', NULL, '2015-05-24 08:37:14', 1182, 'U'),
(509, '02153771', 'MIRZAPUR', NULL, 1, NULL, '2015-05-24 08:37:14', NULL, '2015-05-24 08:37:14', 1183, 'U'),
(509, '02153777', 'NANGALMORA', NULL, 1, NULL, '2015-05-24 08:37:14', NULL, '2015-05-24 08:37:14', 1184, 'U'),
(509, '02153789', 'SHIKARPUR', NULL, 1, NULL, '2015-05-24 08:37:14', NULL, '2015-05-24 08:37:14', 1185, 'U'),
(509, '02153795', 'UTTAR MADARSA', NULL, 1, NULL, '2015-05-24 08:37:14', NULL, '2015-05-24 08:37:14', 1186, 'U'),
(509, '02153798', 'CHITTAGANG CNT.', NULL, 1, NULL, '2015-05-24 08:37:14', NULL, '2015-05-24 08:37:14', 1187, 'U'),
(510, '02154115', 'WARD NO-15 (PART)', NULL, 1, NULL, '2015-05-24 08:12:57', NULL, '2015-05-24 08:12:57', 1188, 'W'),
(510, '02154116', 'WARD NO-16', NULL, 1, NULL, '2015-05-24 08:12:57', NULL, '2015-05-24 08:12:57', 1189, 'W'),
(510, '02154120', 'WARD NO-20', NULL, 1, NULL, '2015-05-24 08:12:57', NULL, '2015-05-24 08:12:57', 1190, 'W'),
(510, '02154121', 'WARD NO-21', NULL, 1, NULL, '2015-05-24 08:12:57', NULL, '2015-05-24 08:12:57', 1191, 'W'),
(510, '02154122', 'WARD NO-22', NULL, 1, NULL, '2015-05-24 08:12:57', NULL, '2015-05-24 08:12:57', 1192, 'W'),
(510, '02154130', 'WARD NO-30 (PART)', NULL, 1, NULL, '2015-05-24 08:12:57', NULL, '2015-05-24 08:12:57', 1193, 'W'),
(510, '02154131', 'WARD NO-31', NULL, 1, NULL, '2015-05-24 08:12:57', NULL, '2015-05-24 08:12:57', 1194, 'W'),
(510, '02154132', 'WARD NO-32', NULL, 1, NULL, '2015-05-24 08:12:57', NULL, '2015-05-24 08:12:57', 1195, 'W'),
(510, '02154133', 'WARD NO-33', NULL, 1, NULL, '2015-05-24 08:12:57', NULL, '2015-05-24 08:12:57', 1196, 'W'),
(510, '02154134', 'WARD NO-34', NULL, 1, NULL, '2015-05-24 08:12:57', NULL, '2015-05-24 08:12:57', 1197, 'W'),
(510, '02154135', 'WARD NO-35 (PART)', NULL, 1, NULL, '2015-05-24 08:12:57', NULL, '2015-05-24 08:12:57', 1198, 'W'),
(511, '02154308', 'WARD NO-08(PART)', NULL, 1, NULL, '2015-05-24 08:12:57', NULL, '2015-05-24 08:12:57', 1199, 'W'),
(511, '02154309', 'WARD NO-09 (PART)', NULL, 1, NULL, '2015-05-24 08:12:57', NULL, '2015-05-24 08:12:57', 1200, 'W'),
(511, '02154313', 'WARD NO-13', NULL, 1, NULL, '2015-05-24 08:12:57', NULL, '2015-05-24 08:12:57', 1201, 'W'),
(511, '02154314', 'WARD NO-14', NULL, 1, NULL, '2015-05-24 08:12:57', NULL, '2015-05-24 08:12:57', 1202, 'W'),
(512, '02154710', 'AMIRABAD', NULL, 1, NULL, '2015-05-24 08:37:14', NULL, '2015-05-24 08:37:14', 1203, 'U'),
(512, '02154713', 'ADHUNAGAR', NULL, 1, NULL, '2015-05-24 08:37:14', NULL, '2015-05-24 08:37:14', 1204, 'U'),
(512, '02154718', 'BARAHATIA', NULL, 1, NULL, '2015-05-24 08:37:14', NULL, '2015-05-24 08:37:14', 1205, 'U'),
(512, '02154725', 'CHARAMBA', NULL, 1, NULL, '2015-05-24 08:37:14', NULL, '2015-05-24 08:37:14', 1206, 'U'),
(512, '02154732', 'CHUNATI', NULL, 1, NULL, '2015-05-24 08:37:14', NULL, '2015-05-24 08:37:14', 1207, 'U'),
(512, '02154743', 'KALAUZAN', NULL, 1, NULL, '2015-05-24 08:37:14', NULL, '2015-05-24 08:37:14', 1208, 'U'),
(512, '02154762', 'LOHAGARA', NULL, 1, NULL, '2015-05-24 08:37:14', NULL, '2015-05-24 08:37:14', 1209, 'U'),
(512, '02154773', 'PADUA', NULL, 1, NULL, '2015-05-24 08:37:14', NULL, '2015-05-24 08:37:14', 1210, 'U'),
(512, '02154780', 'PUTIBILA', NULL, 1, NULL, '2015-05-24 08:37:14', NULL, '2015-05-24 08:37:14', 1211, 'U'),
(513, '02155301', 'WARD NO-01', NULL, 1, NULL, '2015-05-24 08:12:57', NULL, '2015-05-24 08:12:57', 1212, 'W'),
(513, '02155302', 'WARD NO-02', NULL, 1, NULL, '2015-05-24 08:12:57', NULL, '2015-05-24 08:12:57', 1213, 'W'),
(513, '02155303', 'WARD NO-03', NULL, 1, NULL, '2015-05-24 08:12:57', NULL, '2015-05-24 08:12:57', 1214, 'W'),
(513, '02155304', 'WARD NO-04', NULL, 1, NULL, '2015-05-24 08:12:57', NULL, '2015-05-24 08:12:57', 1215, 'W'),
(513, '02155305', 'WARD NO-05', NULL, 1, NULL, '2015-05-24 08:12:57', NULL, '2015-05-24 08:12:57', 1216, 'W'),
(513, '02155306', 'WARD NO-06', NULL, 1, NULL, '2015-05-24 08:12:57', NULL, '2015-05-24 08:12:57', 1217, 'W'),
(513, '02155307', 'WARD NO-07', NULL, 1, NULL, '2015-05-24 08:12:57', NULL, '2015-05-24 08:12:57', 1218, 'W'),
(513, '02155308', 'WARD NO-08', NULL, 1, NULL, '2015-05-24 08:12:57', NULL, '2015-05-24 08:12:57', 1219, 'W'),
(513, '02155309', 'WARD NO-09', NULL, 1, NULL, '2015-05-24 08:12:57', NULL, '2015-05-24 08:12:57', 1220, 'W'),
(513, '02155311', 'WARD NO-01', NULL, 1, NULL, '2015-05-24 08:12:57', NULL, '2015-05-24 08:12:57', 1221, 'W'),
(513, '02155312', 'WARD NO-02', NULL, 1, NULL, '2015-05-24 08:12:57', NULL, '2015-05-24 08:12:57', 1222, 'W'),
(513, '02155313', 'WARD NO-03', NULL, 1, NULL, '2015-05-24 08:12:57', NULL, '2015-05-24 08:12:57', 1223, 'W'),
(513, '02155314', 'WARD NO-04', NULL, 1, NULL, '2015-05-24 08:12:57', NULL, '2015-05-24 08:12:57', 1224, 'W'),
(513, '02155315', 'WARD NO-05', NULL, 1, NULL, '2015-05-24 08:12:57', NULL, '2015-05-24 08:12:57', 1225, 'W'),
(513, '02155316', 'WARD NO-06', NULL, 1, NULL, '2015-05-24 08:12:57', NULL, '2015-05-24 08:12:57', 1226, 'W'),
(513, '02155317', 'WARD NO-07', NULL, 1, NULL, '2015-05-24 08:12:57', NULL, '2015-05-24 08:12:57', 1227, 'W'),
(513, '02155318', 'WARD NO-08', NULL, 1, NULL, '2015-05-24 08:12:57', NULL, '2015-05-24 08:12:57', 1228, 'W'),
(513, '02155319', 'WARD NO-09', NULL, 1, NULL, '2015-05-24 08:12:57', NULL, '2015-05-24 08:12:57', 1229, 'W'),
(513, '02155322', 'DHUM', NULL, 1, NULL, '2015-05-24 08:37:14', NULL, '2015-05-24 08:37:14', 1230, 'U'),
(513, '02155324', 'DURGAPUR', NULL, 1, NULL, '2015-05-24 08:37:14', NULL, '2015-05-24 08:37:14', 1231, 'U'),
(513, '02155327', 'HAITKANDI', NULL, 1, NULL, '2015-05-24 08:37:14', NULL, '2015-05-24 08:37:14', 1232, 'U'),
(513, '02155328', 'HINGULI', NULL, 1, NULL, '2015-05-24 08:37:14', NULL, '2015-05-24 08:37:14', 1233, 'U'),
(513, '02155329', 'ICHHAKHALI', NULL, 1, NULL, '2015-05-24 08:37:14', NULL, '2015-05-24 08:37:14', 1234, 'U'),
(513, '02155335', 'KARERHAT', NULL, 1, NULL, '2015-05-24 08:37:14', NULL, '2015-05-24 08:37:14', 1235, 'U'),
(513, '02155341', 'KATACHHARA', NULL, 1, NULL, '2015-05-24 08:37:14', NULL, '2015-05-24 08:37:14', 1236, 'U'),
(513, '02155347', 'KHAIYACHHARA', NULL, 1, NULL, '2015-05-24 08:37:14', NULL, '2015-05-24 08:37:14', 1237, 'U'),
(513, '02155353', 'MAYANI', NULL, 1, NULL, '2015-05-24 08:37:14', NULL, '2015-05-24 08:37:14', 1238, 'U'),
(513, '02155359', 'MIRSHARAI', NULL, 1, NULL, '2015-05-24 08:37:14', NULL, '2015-05-24 08:37:14', 1239, 'U'),
(513, '02155365', 'MITHANALA', NULL, 1, NULL, '2015-05-24 08:37:14', NULL, '2015-05-24 08:37:14', 1240, 'U'),
(513, '02155371', 'MAGHADIA', NULL, 1, NULL, '2015-05-24 08:37:14', NULL, '2015-05-24 08:37:14', 1241, 'U'),
(513, '02155377', 'OSMANPUR', NULL, 1, NULL, '2015-05-24 08:37:14', NULL, '2015-05-24 08:37:14', 1242, 'U'),
(513, '02155383', 'SAHERKHALI', NULL, 1, NULL, '2015-05-24 08:37:14', NULL, '2015-05-24 08:37:14', 1243, 'U'),
(513, '02155389', 'WAHEDPUR', NULL, 1, NULL, '2015-05-24 08:37:14', NULL, '2015-05-24 08:37:14', 1244, 'U'),
(513, '02155395', 'ZORWARGANJ', NULL, 1, NULL, '2015-05-24 08:37:14', NULL, '2015-05-24 08:37:14', 1245, 'U'),
(514, '02155509', 'WARD NO-09 (PART)', NULL, 1, NULL, '2015-05-24 08:12:57', NULL, '2015-05-24 08:12:57', 1246, 'W'),
(514, '02155510', 'WARD NO-10', NULL, 1, NULL, '2015-05-24 08:12:57', NULL, '2015-05-24 08:12:57', 1247, 'W'),
(514, '02155511', 'WARD NO-11 (PART)', NULL, 1, NULL, '2015-05-24 08:12:57', NULL, '2015-05-24 08:12:57', 1248, 'W'),
(514, '02155512', 'WARD NO-12 (PART)', NULL, 1, NULL, '2015-05-24 08:12:57', NULL, '2015-05-24 08:12:57', 1249, 'W'),
(515, '02155707', 'WARD NO-07', NULL, 1, NULL, '2015-05-24 08:12:57', NULL, '2015-05-24 08:12:57', 1250, 'W'),
(515, '02155708', 'WARD NO-08(PART)', NULL, 1, NULL, '2015-05-24 08:12:57', NULL, '2015-05-24 08:12:57', 1251, 'W'),
(515, '02155715', 'WARD NO-15 (PART)', NULL, 1, NULL, '2015-05-24 08:12:57', NULL, '2015-05-24 08:12:57', 1252, 'W'),
(516, '02156101', 'WARD NO-01', NULL, 1, NULL, '2015-05-24 08:12:57', NULL, '2015-05-24 08:12:57', 1253, 'W'),
(516, '02156102', 'WARD NO-02', NULL, 1, NULL, '2015-05-24 08:12:57', NULL, '2015-05-24 08:12:57', 1254, 'W'),
(516, '02156103', 'WARD NO-03', NULL, 1, NULL, '2015-05-24 08:12:57', NULL, '2015-05-24 08:12:57', 1255, 'W'),
(516, '02156104', 'WARD NO-04', NULL, 1, NULL, '2015-05-24 08:12:57', NULL, '2015-05-24 08:12:57', 1256, 'W'),
(516, '02156105', 'WARD NO-05', NULL, 1, NULL, '2015-05-24 08:12:57', NULL, '2015-05-24 08:12:57', 1257, 'W'),
(516, '02156106', 'WARD NO-06', NULL, 1, NULL, '2015-05-24 08:12:57', NULL, '2015-05-24 08:12:57', 1258, 'W'),
(516, '02156107', 'WARD NO-07', NULL, 1, NULL, '2015-05-24 08:12:57', NULL, '2015-05-24 08:12:57', 1259, 'W'),
(516, '02156108', 'WARD NO-08', NULL, 1, NULL, '2015-05-24 08:12:57', NULL, '2015-05-24 08:12:57', 1260, 'W'),
(516, '02156109', 'WARD NO-09', NULL, 1, NULL, '2015-05-24 08:12:57', NULL, '2015-05-24 08:12:57', 1261, 'W'),
(516, '02156112', 'ASIA', NULL, 1, NULL, '2015-05-24 08:37:14', NULL, '2015-05-24 08:37:14', 1262, 'U'),
(516, '02156115', 'BARALIA', NULL, 1, NULL, '2015-05-24 08:37:14', NULL, '2015-05-24 08:37:14', 1263, 'U'),
(516, '02156118', 'BARA UTHAN', NULL, 1, NULL, '2015-05-24 08:37:14', NULL, '2015-05-24 08:37:14', 1264, 'U'),
(516, '02156119', 'BHATIKHAIN', NULL, 1, NULL, '2015-05-24 08:37:14', NULL, '2015-05-24 08:37:14', 1265, 'U'),
(516, '02156121', 'CHANHARA', NULL, 1, NULL, '2015-05-24 08:37:14', NULL, '2015-05-24 08:37:14', 1266, 'U'),
(516, '02156124', 'CHAR LAKSHYA', NULL, 1, NULL, '2015-05-24 08:37:14', NULL, '2015-05-24 08:37:14', 1267, 'U'),
(516, '02156127', 'CHAR PATHARGHATA', NULL, 1, NULL, '2015-05-24 08:37:14', NULL, '2015-05-24 08:37:14', 1268, 'U'),
(516, '02156130', 'DHALGHAT', NULL, 1, NULL, '2015-05-24 08:37:14', NULL, '2015-05-24 08:37:14', 1269, 'U'),
(516, '02156139', 'HABILAS DWIP', NULL, 1, NULL, '2015-05-24 08:37:14', NULL, '2015-05-24 08:37:14', 1270, 'U'),
(516, '02156142', 'HAIDGAON', NULL, 1, NULL, '2015-05-24 08:37:14', NULL, '2015-05-24 08:37:14', 1271, 'U'),
(516, '02156152', 'JANGLUKHAIN', NULL, 1, NULL, '2015-05-24 08:37:14', NULL, '2015-05-24 08:37:14', 1272, 'U'),
(516, '02156155', 'JULDHA', NULL, 1, NULL, '2015-05-24 08:37:14', NULL, '2015-05-24 08:37:14', 1273, 'U'),
(516, '02156158', 'KACHUAI', NULL, 1, NULL, '2015-05-24 08:37:14', NULL, '2015-05-24 08:37:14', 1274, 'U'),
(516, '02156164', 'KASIAIS', NULL, 1, NULL, '2015-05-24 08:37:14', NULL, '2015-05-24 08:37:14', 1275, 'U'),
(516, '02156167', 'KELISHAHAR', NULL, 1, NULL, '2015-05-24 08:37:14', NULL, '2015-05-24 08:37:14', 1276, 'U'),
(516, '02156170', 'KHARANA', NULL, 1, NULL, '2015-05-24 08:37:14', NULL, '2015-05-24 08:37:14', 1277, 'U'),
(516, '02156173', 'KOLAGAON', NULL, 1, NULL, '2015-05-24 08:37:14', NULL, '2015-05-24 08:37:14', 1278, 'U'),
(516, '02156176', 'KUSUMPURA', NULL, 1, NULL, '2015-05-24 08:37:14', NULL, '2015-05-24 08:37:14', 1279, 'U'),
(516, '02156185', 'SIKALBAHA', NULL, 1, NULL, '2015-05-24 08:37:14', NULL, '2015-05-24 08:37:14', 1280, 'U'),
(516, '02156188', 'SOBHANDANDI', NULL, 1, NULL, '2015-05-24 08:37:14', NULL, '2015-05-24 08:37:14', 1281, 'U'),
(516, '02156191', 'DAKHIN D.BHURSHI', NULL, 1, NULL, '2015-05-24 08:37:14', NULL, '2015-05-24 08:37:14', 1282, 'U'),
(516, '02156194', 'JIRI', NULL, 1, NULL, '2015-05-24 08:37:14', NULL, '2015-05-24 08:37:14', 1283, 'U'),
(517, '02156539', 'WARD NO-39 (PART)', NULL, 1, NULL, '2015-05-24 08:12:57', NULL, '2015-05-24 08:12:57', 1284, 'W'),
(517, '02156540', 'WARD NO-40', NULL, 1, NULL, '2015-05-24 08:12:57', NULL, '2015-05-24 08:12:57', 1285, 'W'),
(517, '02156541', 'WARD NO-41', NULL, 1, NULL, '2015-05-24 08:12:57', NULL, '2015-05-24 08:12:57', 1286, 'W'),
(518, '02157001', 'WARD NO-01', NULL, 1, NULL, '2015-05-24 08:12:57', NULL, '2015-05-24 08:12:57', 1287, 'W'),
(518, '02157002', 'WARD NO-02', NULL, 1, NULL, '2015-05-24 08:12:57', NULL, '2015-05-24 08:12:57', 1288, 'W'),
(518, '02157003', 'WARD NO-03', NULL, 1, NULL, '2015-05-24 08:12:57', NULL, '2015-05-24 08:12:57', 1289, 'W'),
(518, '02157004', 'WARD NO-04', NULL, 1, NULL, '2015-05-24 08:12:57', NULL, '2015-05-24 08:12:57', 1290, 'W'),
(518, '02157005', 'WARD NO-05', NULL, 1, NULL, '2015-05-24 08:12:57', NULL, '2015-05-24 08:12:57', 1291, 'W'),
(518, '02157006', 'WARD NO-06', NULL, 1, NULL, '2015-05-24 08:12:57', NULL, '2015-05-24 08:12:57', 1292, 'W'),
(518, '02157007', 'WARD NO-07', NULL, 1, NULL, '2015-05-24 08:12:57', NULL, '2015-05-24 08:12:57', 1293, 'W'),
(518, '02157008', 'WARD NO-08', NULL, 1, NULL, '2015-05-24 08:12:57', NULL, '2015-05-24 08:12:57', 1294, 'W'),
(518, '02157009', 'WARD NO-09', NULL, 1, NULL, '2015-05-24 08:12:57', NULL, '2015-05-24 08:12:57', 1295, 'W'),
(518, '02157015', 'BETAGI', NULL, 1, NULL, '2015-05-24 08:37:14', NULL, '2015-05-24 08:37:14', 1296, 'U'),
(518, '02157017', 'CHANDRAGHONA KADAMTALI', NULL, 1, NULL, '2015-05-24 08:37:14', NULL, '2015-05-24 08:37:14', 1297, 'U'),
(518, '02157021', 'DAKSHIN RAJANAGAR', NULL, 1, NULL, '2015-05-24 08:37:14', NULL, '2015-05-24 08:37:14', 1298, 'U'),
(518, '02157025', 'HOSNABAD', NULL, 1, NULL, '2015-05-24 08:37:14', NULL, '2015-05-24 08:37:14', 1299, 'U'),
(518, '02157027', 'ISLAMPUR', NULL, 1, NULL, '2015-05-24 08:37:14', NULL, '2015-05-24 08:37:14', 1300, 'U'),
(518, '02157030', 'KODALA', NULL, 1, NULL, '2015-05-24 08:37:14', NULL, '2015-05-24 08:37:14', 1301, 'U'),
(518, '02157032', 'LALANAGAR', NULL, 1, NULL, '2015-05-24 08:37:14', NULL, '2015-05-24 08:37:14', 1302, 'U'),
(518, '02157034', 'MARIAMNAGAR', NULL, 1, NULL, '2015-05-24 08:37:14', NULL, '2015-05-24 08:37:14', 1303, 'U'),
(518, '02157043', 'PADUA', NULL, 1, NULL, '2015-05-24 08:37:14', NULL, '2015-05-24 08:37:14', 1304, 'U'),
(518, '02157051', 'PARUA', NULL, 1, NULL, '2015-05-24 08:37:14', NULL, '2015-05-24 08:37:14', 1305, 'U'),
(518, '02157060', 'POMARA', NULL, 1, NULL, '2015-05-24 08:37:14', NULL, '2015-05-24 08:37:14', 1306, 'U'),
(518, '02157069', 'RAJANAGAR', NULL, 1, NULL, '2015-05-24 08:37:14', NULL, '2015-05-24 08:37:14', 1307, 'U'),
(518, '02157077', 'RANGUNIA', NULL, 1, NULL, '2015-05-24 08:37:14', NULL, '2015-05-24 08:37:14', 1308, 'U'),
(518, '02157086', 'SARAPBHATA', NULL, 1, NULL, '2015-05-24 08:37:14', NULL, '2015-05-24 08:37:14', 1309, 'U'),
(518, '02157094', 'SILOK', NULL, 1, NULL, '2015-05-24 08:37:14', NULL, '2015-05-24 08:37:14', 1310, 'U'),
(519, '02157401', 'WARD NO-01', NULL, 1, NULL, '2015-05-24 08:12:57', NULL, '2015-05-24 08:12:57', 1311, 'W'),
(519, '02157402', 'WARD NO-02', NULL, 1, NULL, '2015-05-24 08:12:57', NULL, '2015-05-24 08:12:57', 1312, 'W'),
(519, '02157403', 'WARD NO-03', NULL, 1, NULL, '2015-05-24 08:12:57', NULL, '2015-05-24 08:12:57', 1313, 'W'),
(519, '02157404', 'WARD NO-04', NULL, 1, NULL, '2015-05-24 08:12:57', NULL, '2015-05-24 08:12:57', 1314, 'W'),
(519, '02157405', 'WARD NO-05', NULL, 1, NULL, '2015-05-24 08:12:57', NULL, '2015-05-24 08:12:57', 1315, 'W'),
(519, '02157406', 'WARD NO-06', NULL, 1, NULL, '2015-05-24 08:12:57', NULL, '2015-05-24 08:12:57', 1316, 'W'),
(519, '02157407', 'WARD NO-07', NULL, 1, NULL, '2015-05-24 08:12:57', NULL, '2015-05-24 08:12:57', 1317, 'W'),
(519, '02157408', 'WARD NO-08', NULL, 1, NULL, '2015-05-24 08:12:57', NULL, '2015-05-24 08:12:57', 1318, 'W'),
(519, '02157409', 'WARD NO-09', NULL, 1, NULL, '2015-05-24 08:12:57', NULL, '2015-05-24 08:12:57', 1319, 'W'),
(519, '02157411', 'BAGOAN', NULL, 1, NULL, '2015-05-24 08:37:14', NULL, '2015-05-24 08:37:14', 1320, 'U'),
(519, '02157412', 'BINAJURI', NULL, 1, NULL, '2015-05-24 08:37:14', NULL, '2015-05-24 08:37:14', 1321, 'U'),
(519, '02157418', 'CHIKDAIR', NULL, 1, NULL, '2015-05-24 08:37:14', NULL, '2015-05-24 08:37:14', 1322, 'U'),
(519, '02157425', 'DABUA', NULL, 1, NULL, '2015-05-24 08:37:14', NULL, '2015-05-24 08:37:14', 1323, 'U'),
(519, '02157431', 'PURBA GUZARA', NULL, 1, NULL, '2015-05-24 08:37:14', NULL, '2015-05-24 08:37:14', 1324, 'U'),
(519, '02157437', 'GAHIRA', NULL, 1, NULL, '2015-05-24 08:37:14', NULL, '2015-05-24 08:37:14', 1325, 'U'),
(519, '02157444', 'HALADIA', NULL, 1, NULL, '2015-05-24 08:37:14', NULL, '2015-05-24 08:37:14', 1326, 'U'),
(519, '02157450', 'KADALPUR', NULL, 1, NULL, '2015-05-24 08:37:14', NULL, '2015-05-24 08:37:14', 1327, 'U'),
(519, '02157456', 'NOAJISPUR', NULL, 1, NULL, '2015-05-24 08:37:14', NULL, '2015-05-24 08:37:14', 1328, 'U'),
(519, '02157463', 'NOA PARA', NULL, 1, NULL, '2015-05-24 08:37:14', NULL, '2015-05-24 08:37:14', 1329, 'U'),
(519, '02157469', 'PAHARTALI', NULL, 1, NULL, '2015-05-24 08:37:14', NULL, '2015-05-24 08:37:14', 1330, 'U'),
(519, '02157475', 'RAOZAN', NULL, 1, NULL, '2015-05-24 08:37:14', NULL, '2015-05-24 08:37:14', 1331, 'U'),
(519, '02157488', 'URKIRCHAR', NULL, 1, NULL, '2015-05-24 08:37:14', NULL, '2015-05-24 08:37:14', 1332, 'U'),
(519, '02157494', 'PASCHIM GUZARA', NULL, 1, NULL, '2015-05-24 08:37:14', NULL, '2015-05-24 08:37:14', 1333, 'U'),
(520, '02157801', 'WARD NO-01', NULL, 1, NULL, '2015-05-24 08:12:57', NULL, '2015-05-24 08:12:57', 1334, 'W'),
(520, '02157802', 'WARD NO-02', NULL, 1, NULL, '2015-05-24 08:12:57', NULL, '2015-05-24 08:12:57', 1335, 'W'),
(520, '02157803', 'WARD NO-03', NULL, 1, NULL, '2015-05-24 08:12:57', NULL, '2015-05-24 08:12:57', 1336, 'W'),
(520, '02157804', 'WARD NO-04', NULL, 1, NULL, '2015-05-24 08:12:57', NULL, '2015-05-24 08:12:57', 1337, 'W'),
(520, '02157805', 'WARD NO-05', NULL, 1, NULL, '2015-05-24 08:12:57', NULL, '2015-05-24 08:12:57', 1338, 'W'),
(520, '02157806', 'WARD NO-06', NULL, 1, NULL, '2015-05-24 08:12:57', NULL, '2015-05-24 08:12:57', 1339, 'W'),
(520, '02157807', 'WARD NO-07', NULL, 1, NULL, '2015-05-24 08:12:57', NULL, '2015-05-24 08:12:57', 1340, 'W'),
(520, '02157808', 'WARD NO-08', NULL, 1, NULL, '2015-05-24 08:12:57', NULL, '2015-05-24 08:12:57', 1341, 'W'),
(520, '02157809', 'WARD NO-09', NULL, 1, NULL, '2015-05-24 08:12:57', NULL, '2015-05-24 08:12:57', 1342, 'W'),
(520, '02157811', 'AMANULLAH', NULL, 1, NULL, '2015-05-24 08:37:14', NULL, '2015-05-24 08:37:14', 1343, 'U'),
(520, '02157813', 'AZIMPUR', NULL, 1, NULL, '2015-05-24 08:37:14', NULL, '2015-05-24 08:37:14', 1344, 'U'),
(520, '02157820', 'BAURIA', NULL, 1, NULL, '2015-05-24 08:37:14', NULL, '2015-05-24 08:37:14', 1345, 'U'),
(520, '02157830', 'GACHHUA', NULL, 1, NULL, '2015-05-24 08:37:14', NULL, '2015-05-24 08:37:14', 1346, 'U'),
(520, '02157835', 'HARAMIA', NULL, 1, NULL, '2015-05-24 08:37:14', NULL, '2015-05-24 08:37:14', 1347, 'U'),
(520, '02157840', 'HARISPUR', NULL, 1, NULL, '2015-05-24 08:37:14', NULL, '2015-05-24 08:37:14', 1348, 'U'),
(520, '02157855', 'KALAPANIA', NULL, 1, NULL, '2015-05-24 08:37:14', NULL, '2015-05-24 08:37:14', 1349, 'U'),
(520, '02157865', 'MAGDHARA', NULL, 1, NULL, '2015-05-24 08:37:14', NULL, '2015-05-24 08:37:14', 1350, 'U'),
(520, '02157870', 'MAITBHANGA', NULL, 1, NULL, '2015-05-24 08:37:14', NULL, '2015-05-24 08:37:14', 1351, 'U'),
(520, '02157875', 'MUSAPUR', NULL, 1, NULL, '2015-05-24 08:37:14', NULL, '2015-05-24 08:37:14', 1352, 'U'),
(520, '02157885', 'RAHMATPUR', NULL, 1, NULL, '2015-05-24 08:37:14', NULL, '2015-05-24 08:37:14', 1353, 'U'),
(520, '02157890', 'SANTOSHPUR', NULL, 1, NULL, '2015-05-24 08:37:14', NULL, '2015-05-24 08:37:14', 1354, 'U'),
(520, '02157892', 'SARIKAIT', NULL, 1, NULL, '2015-05-24 08:37:14', NULL, '2015-05-24 08:37:14', 1355, 'U'),
(520, '02157896', 'URIRCHAR', NULL, 1, NULL, '2015-05-24 08:37:14', NULL, '2015-05-24 08:37:14', 1356, 'U'),
(521, '02158201', 'WARD NO-01', NULL, 1, NULL, '2015-05-24 08:12:57', NULL, '2015-05-24 08:12:57', 1357, 'W'),
(521, '02158202', 'WARD NO-02', NULL, 1, NULL, '2015-05-24 08:12:57', NULL, '2015-05-24 08:12:57', 1358, 'W'),
(521, '02158203', 'WARD NO-03', NULL, 1, NULL, '2015-05-24 08:12:57', NULL, '2015-05-24 08:12:57', 1359, 'W'),
(521, '02158204', 'WARD NO-04', NULL, 1, NULL, '2015-05-24 08:12:57', NULL, '2015-05-24 08:12:57', 1360, 'W'),
(521, '02158205', 'WARD NO-05', NULL, 1, NULL, '2015-05-24 08:12:57', NULL, '2015-05-24 08:12:57', 1361, 'W'),
(521, '02158206', 'WARD NO-06', NULL, 1, NULL, '2015-05-24 08:12:57', NULL, '2015-05-24 08:12:57', 1362, 'W'),
(521, '02158207', 'WARD NO-07', NULL, 1, NULL, '2015-05-24 08:12:57', NULL, '2015-05-24 08:12:57', 1363, 'W'),
(521, '02158208', 'WARD NO-08', NULL, 1, NULL, '2015-05-24 08:12:57', NULL, '2015-05-24 08:12:57', 1364, 'W'),
(521, '02158209', 'WARD NO-09', NULL, 1, NULL, '2015-05-24 08:12:57', NULL, '2015-05-24 08:12:57', 1365, 'W'),
(521, '02158212', 'AMILAIS', NULL, 1, NULL, '2015-05-24 08:37:14', NULL, '2015-05-24 08:37:14', 1366, 'U'),
(521, '02158214', 'EOCHIA', NULL, 1, NULL, '2015-05-24 08:37:14', NULL, '2015-05-24 08:37:14', 1367, 'U'),
(521, '02158221', 'BAZALIA', NULL, 1, NULL, '2015-05-24 08:37:14', NULL, '2015-05-24 08:37:14', 1368, 'U'),
(521, '02158229', 'CHARATI', NULL, 1, NULL, '2015-05-24 08:37:14', NULL, '2015-05-24 08:37:14', 1369, 'U'),
(521, '02158236', 'DHEMSA', NULL, 1, NULL, '2015-05-24 08:37:14', NULL, '2015-05-24 08:37:14', 1370, 'U'),
(521, '02158240', 'DHARMAPUR', NULL, 1, NULL, '2015-05-24 08:37:14', NULL, '2015-05-24 08:37:14', 1371, 'U'),
(521, '02158247', 'KALIAIS', NULL, 1, NULL, '2015-05-24 08:37:14', NULL, '2015-05-24 08:37:14', 1372, 'U'),
(521, '02158251', 'KANCHANA', NULL, 1, NULL, '2015-05-24 08:37:14', NULL, '2015-05-24 08:37:14', 1373, 'U'),
(521, '02158254', 'KEOCHIA', NULL, 1, NULL, '2015-05-24 08:37:14', NULL, '2015-05-24 08:37:14', 1374, 'U'),
(521, '02158258', 'KHAGARIA', NULL, 1, NULL, '2015-05-24 08:37:14', NULL, '2015-05-24 08:37:14', 1375, 'U'),
(521, '02158265', 'MADARSA', NULL, 1, NULL, '2015-05-24 08:37:14', NULL, '2015-05-24 08:37:14', 1376, 'U'),
(521, '02158269', 'NALUA', NULL, 1, NULL, '2015-05-24 08:37:14', NULL, '2015-05-24 08:37:14', 1377, 'U'),
(521, '02158276', 'PURANAGAR', NULL, 1, NULL, '2015-05-24 08:37:14', NULL, '2015-05-24 08:37:14', 1378, 'U'),
(521, '02158283', 'SADAHA', NULL, 1, NULL, '2015-05-24 08:37:14', NULL, '2015-05-24 08:37:14', 1379, 'U'),
(521, '02158287', 'SATKANIA', NULL, 1, NULL, '2015-05-24 08:37:14', NULL, '2015-05-24 08:37:14', 1380, 'U'),
(521, '02158291', 'SONAKANIA', NULL, 1, NULL, '2015-05-24 08:37:14', NULL, '2015-05-24 08:37:14', 1381, 'U'),
(521, '02158294', 'PASCHIM DHEMSA', NULL, 1, NULL, '2015-05-24 08:37:14', NULL, '2015-05-24 08:37:14', 1382, 'U'),
(522, '02158601', 'WARD NO-01', NULL, 1, NULL, '2015-05-24 08:12:57', NULL, '2015-05-24 08:12:57', 1383, 'W'),
(522, '02158602', 'WARD NO-02', NULL, 1, NULL, '2015-05-24 08:12:57', NULL, '2015-05-24 08:12:57', 1384, 'W');
INSERT INTO `sa_unions` (`THANA_ID`, `UD_UNION_CODE`, `UNION_NAME`, `ORDER_SL`, `ACTIVE_FLAG`, `CREATED_BY`, `CREATE_DATE`, `UPDATED_BY`, `UPDATE_DATE`, `UNION_ID`, `UAREA_STATUS`) VALUES
(522, '02158603', 'WARD NO-03', NULL, 1, NULL, '2015-05-24 08:12:57', NULL, '2015-05-24 08:12:57', 1385, 'W'),
(522, '02158604', 'WARD NO-04', NULL, 1, NULL, '2015-05-24 08:12:57', NULL, '2015-05-24 08:12:57', 1386, 'W'),
(522, '02158605', 'WARD NO-05', NULL, 1, NULL, '2015-05-24 08:12:57', NULL, '2015-05-24 08:12:57', 1387, 'W'),
(522, '02158606', 'WARD NO-06', NULL, 1, NULL, '2015-05-24 08:12:57', NULL, '2015-05-24 08:12:57', 1388, 'W'),
(522, '02158607', 'WARD NO-07', NULL, 1, NULL, '2015-05-24 08:12:57', NULL, '2015-05-24 08:12:57', 1389, 'W'),
(522, '02158608', 'WARD NO-08', NULL, 1, NULL, '2015-05-24 08:12:57', NULL, '2015-05-24 08:12:57', 1390, 'W'),
(522, '02158609', 'WARD NO-09', NULL, 1, NULL, '2015-05-24 08:12:57', NULL, '2015-05-24 08:12:57', 1391, 'W'),
(522, '02158616', 'BANSHBARIA', NULL, 1, NULL, '2015-05-24 08:37:14', NULL, '2015-05-24 08:37:14', 1392, 'U'),
(522, '02158619', 'BARABKUNDA', NULL, 1, NULL, '2015-05-24 08:37:14', NULL, '2015-05-24 08:37:14', 1393, 'U'),
(522, '02158628', 'BARIADYALA', NULL, 1, NULL, '2015-05-24 08:37:14', NULL, '2015-05-24 08:37:14', 1394, 'U'),
(522, '02158638', 'BHATIARI', NULL, 1, NULL, '2015-05-24 08:37:14', NULL, '2015-05-24 08:37:14', 1395, 'U'),
(522, '02158647', 'KUMIRA', NULL, 1, NULL, '2015-05-24 08:37:14', NULL, '2015-05-24 08:37:14', 1396, 'U'),
(522, '02158657', 'MURADPUR', NULL, 1, NULL, '2015-05-24 08:37:14', NULL, '2015-05-24 08:37:14', 1397, 'U'),
(522, '02158666', 'SALIMPUR', NULL, 1, NULL, '2015-05-24 08:37:14', NULL, '2015-05-24 08:37:14', 1398, 'U'),
(522, '02158685', 'SONAICHHARI', NULL, 1, NULL, '2015-05-24 08:37:14', NULL, '2015-05-24 08:37:14', 1399, 'U'),
(522, '02158695', 'SAIDPUR', NULL, 1, NULL, '2015-05-24 08:37:14', NULL, '2015-05-24 08:37:14', 1400, 'U'),
(522, '02158698', 'BHATIARI CANTONMENT AREA', NULL, 1, NULL, '2015-05-24 08:37:14', NULL, '2015-05-24 08:37:14', 1401, 'U'),
(523, '02190901', 'WARD NO-01', NULL, 1, NULL, '2015-05-24 08:12:57', NULL, '2015-05-24 08:12:57', 1402, 'W'),
(523, '02190902', 'WARD NO-02', NULL, 1, NULL, '2015-05-24 08:12:57', NULL, '2015-05-24 08:12:57', 1403, 'W'),
(523, '02190903', 'WARD NO-03', NULL, 1, NULL, '2015-05-24 08:12:57', NULL, '2015-05-24 08:12:57', 1404, 'W'),
(523, '02190904', 'WARD NO-04', NULL, 1, NULL, '2015-05-24 08:12:57', NULL, '2015-05-24 08:12:57', 1405, 'W'),
(523, '02190905', 'WARD NO-05', NULL, 1, NULL, '2015-05-24 08:12:57', NULL, '2015-05-24 08:12:57', 1406, 'W'),
(523, '02190906', 'WARD NO-06', NULL, 1, NULL, '2015-05-24 08:12:57', NULL, '2015-05-24 08:12:57', 1407, 'W'),
(523, '02190907', 'WARD NO-07', NULL, 1, NULL, '2015-05-24 08:12:57', NULL, '2015-05-24 08:12:57', 1408, 'W'),
(523, '02190908', 'WARD NO-08', NULL, 1, NULL, '2015-05-24 08:12:57', NULL, '2015-05-24 08:12:57', 1409, 'W'),
(523, '02190909', 'WARD NO-09', NULL, 1, NULL, '2015-05-24 08:12:57', NULL, '2015-05-24 08:12:57', 1410, 'W'),
(523, '02190911', 'ADDA', NULL, 1, NULL, '2015-05-24 08:37:14', NULL, '2015-05-24 08:37:14', 1411, 'U'),
(523, '02190912', 'ADRA', NULL, 1, NULL, '2015-05-24 08:37:14', NULL, '2015-05-24 08:37:14', 1412, 'U'),
(523, '02190918', 'AGANAGAR', NULL, 1, NULL, '2015-05-24 08:37:14', NULL, '2015-05-24 08:37:14', 1413, 'U'),
(523, '02190925', 'BHABANIPUR', NULL, 1, NULL, '2015-05-24 08:37:14', NULL, '2015-05-24 08:37:14', 1414, 'U'),
(523, '02190937', 'DEORA', NULL, 1, NULL, '2015-05-24 08:37:14', NULL, '2015-05-24 08:37:14', 1415, 'U'),
(523, '02190944', 'GALIMPUR', NULL, 1, NULL, '2015-05-24 08:37:14', NULL, '2015-05-24 08:37:14', 1416, 'U'),
(523, '02190950', 'CHITADDA', NULL, 1, NULL, '2015-05-24 08:37:14', NULL, '2015-05-24 08:37:14', 1417, 'U'),
(523, '02190956', 'JALAM', NULL, 1, NULL, '2015-05-24 08:37:14', NULL, '2015-05-24 08:37:14', 1418, 'U'),
(523, '02190963', 'UTTAR KHOSBAS', NULL, 1, NULL, '2015-05-24 08:37:14', NULL, '2015-05-24 08:37:14', 1419, 'U'),
(523, '02190969', 'DAKSHIN KHOSBAS', NULL, 1, NULL, '2015-05-24 08:37:14', NULL, '2015-05-24 08:37:14', 1420, 'U'),
(523, '02190975', 'UTTAR PAYALGACHHA', NULL, 1, NULL, '2015-05-24 08:37:14', NULL, '2015-05-24 08:37:14', 1421, 'U'),
(523, '02190982', 'LAKSHMIPUR', NULL, 1, NULL, '2015-05-24 08:37:14', NULL, '2015-05-24 08:37:14', 1422, 'U'),
(523, '02190988', 'UTTAR SHILMURI', NULL, 1, NULL, '2015-05-24 08:37:14', NULL, '2015-05-24 08:37:14', 1423, 'U'),
(523, '02190994', 'DAKSHIN SHILMURI', NULL, 1, NULL, '2015-05-24 08:37:14', NULL, '2015-05-24 08:37:14', 1424, 'U'),
(524, '02191518', 'BRAHMAN PARA', NULL, 1, NULL, '2015-05-24 08:37:14', NULL, '2015-05-24 08:37:14', 1425, 'U'),
(524, '02191530', 'DULALPUR', NULL, 1, NULL, '2015-05-24 08:37:14', NULL, '2015-05-24 08:37:14', 1426, 'U'),
(524, '02191544', 'CHANDLA', NULL, 1, NULL, '2015-05-24 08:37:14', NULL, '2015-05-24 08:37:14', 1427, 'U'),
(524, '02191550', 'SIDLAI', NULL, 1, NULL, '2015-05-24 08:37:14', NULL, '2015-05-24 08:37:14', 1428, 'U'),
(524, '02191556', 'MADHABPUR', NULL, 1, NULL, '2015-05-24 08:37:14', NULL, '2015-05-24 08:37:14', 1429, 'U'),
(524, '02191562', 'MALAPARA', NULL, 1, NULL, '2015-05-24 08:37:14', NULL, '2015-05-24 08:37:14', 1430, 'U'),
(524, '02191582', 'SAHEBABAD', NULL, 1, NULL, '2015-05-24 08:37:14', NULL, '2015-05-24 08:37:14', 1431, 'U'),
(524, '02191588', 'SHASHIDAL', NULL, 1, NULL, '2015-05-24 08:37:14', NULL, '2015-05-24 08:37:14', 1432, 'U'),
(525, '02191811', 'BAKSIMAIL', NULL, 1, NULL, '2015-05-24 08:37:14', NULL, '2015-05-24 08:37:14', 1433, 'U'),
(525, '02191812', 'BHARELLA', NULL, 1, NULL, '2015-05-24 08:37:14', NULL, '2015-05-24 08:37:14', 1434, 'U'),
(525, '02191831', 'BURICHANG', NULL, 1, NULL, '2015-05-24 08:37:14', NULL, '2015-05-24 08:37:14', 1435, 'U'),
(525, '02191863', 'MAINAMATI', NULL, 1, NULL, '2015-05-24 08:37:14', NULL, '2015-05-24 08:37:14', 1436, 'U'),
(525, '02191869', 'MOKAM', NULL, 1, NULL, '2015-05-24 08:37:14', NULL, '2015-05-24 08:37:14', 1437, 'U'),
(525, '02191872', 'PIR JATRAPUR', NULL, 1, NULL, '2015-05-24 08:37:14', NULL, '2015-05-24 08:37:14', 1438, 'U'),
(525, '02191875', 'RAJAPUR', NULL, 1, NULL, '2015-05-24 08:37:14', NULL, '2015-05-24 08:37:14', 1439, 'U'),
(525, '02191894', 'SHOLANAL', NULL, 1, NULL, '2015-05-24 08:37:14', NULL, '2015-05-24 08:37:14', 1440, 'U'),
(526, '02192701', 'WARD NO-01', NULL, 1, NULL, '2015-05-24 08:12:57', NULL, '2015-05-24 08:12:57', 1441, 'W'),
(526, '02192702', 'WARD NO-02', NULL, 1, NULL, '2015-05-24 08:12:57', NULL, '2015-05-24 08:12:57', 1442, 'W'),
(526, '02192703', 'WARD NO-03', NULL, 1, NULL, '2015-05-24 08:12:57', NULL, '2015-05-24 08:12:57', 1443, 'W'),
(526, '02192704', 'WARD NO-04', NULL, 1, NULL, '2015-05-24 08:12:57', NULL, '2015-05-24 08:12:57', 1444, 'W'),
(526, '02192705', 'WARD NO-05', NULL, 1, NULL, '2015-05-24 08:12:57', NULL, '2015-05-24 08:12:57', 1445, 'W'),
(526, '02192706', 'WARD NO-06', NULL, 1, NULL, '2015-05-24 08:12:57', NULL, '2015-05-24 08:12:57', 1446, 'W'),
(526, '02192707', 'WARD NO-07', NULL, 1, NULL, '2015-05-24 08:12:57', NULL, '2015-05-24 08:12:57', 1447, 'W'),
(526, '02192708', 'WARD NO-08', NULL, 1, NULL, '2015-05-24 08:12:57', NULL, '2015-05-24 08:12:57', 1448, 'W'),
(526, '02192709', 'WARD NO-09', NULL, 1, NULL, '2015-05-24 08:12:57', NULL, '2015-05-24 08:12:57', 1449, 'W'),
(526, '02192713', 'KERAN KHAL', NULL, 1, NULL, '2015-05-24 08:37:14', NULL, '2015-05-24 08:37:14', 1450, 'U'),
(526, '02192715', 'BARERA', NULL, 1, NULL, '2015-05-24 08:37:14', NULL, '2015-05-24 08:37:14', 1451, 'U'),
(526, '02192720', 'MAHICHAL', NULL, 1, NULL, '2015-05-24 08:37:14', NULL, '2015-05-24 08:37:14', 1452, 'U'),
(526, '02192723', 'BARA KARAI', NULL, 1, NULL, '2015-05-24 08:37:14', NULL, '2015-05-24 08:37:14', 1453, 'U'),
(526, '02192731', 'JOYAG', NULL, 1, NULL, '2015-05-24 08:37:14', NULL, '2015-05-24 08:37:14', 1454, 'U'),
(526, '02192739', 'BARKAIT', NULL, 1, NULL, '2015-05-24 08:37:14', NULL, '2015-05-24 08:37:14', 1455, 'U'),
(526, '02192747', 'ATBAR PUR', NULL, 1, NULL, '2015-05-24 08:37:14', NULL, '2015-05-24 08:37:14', 1456, 'U'),
(526, '02192755', 'GALLAI', NULL, 1, NULL, '2015-05-24 08:37:14', NULL, '2015-05-24 08:37:14', 1457, 'U'),
(526, '02192763', 'DOLLAI NOWABAB PUR', NULL, 1, NULL, '2015-05-24 08:37:14', NULL, '2015-05-24 08:37:14', 1458, 'U'),
(526, '02192771', 'MADHYA', NULL, 1, NULL, '2015-05-24 08:37:14', NULL, '2015-05-24 08:37:14', 1459, 'U'),
(526, '02192779', 'MAIJKHARA', NULL, 1, NULL, '2015-05-24 08:37:14', NULL, '2015-05-24 08:37:14', 1460, 'U'),
(526, '02192787', 'BATAKASH', NULL, 1, NULL, '2015-05-24 08:37:14', NULL, '2015-05-24 08:37:14', 1461, 'U'),
(526, '02192794', 'SUHILPUR', NULL, 1, NULL, '2015-05-24 08:37:14', NULL, '2015-05-24 08:37:14', 1462, 'U'),
(527, '02193101', 'WARD NO-01', NULL, 1, NULL, '2015-05-24 08:12:57', NULL, '2015-05-24 08:12:57', 1463, 'W'),
(527, '02193102', 'WARD NO-02', NULL, 1, NULL, '2015-05-24 08:12:57', NULL, '2015-05-24 08:12:57', 1464, 'W'),
(527, '02193103', 'WARD NO-03', NULL, 1, NULL, '2015-05-24 08:12:57', NULL, '2015-05-24 08:12:57', 1465, 'W'),
(527, '02193104', 'WARD NO-04', NULL, 1, NULL, '2015-05-24 08:12:57', NULL, '2015-05-24 08:12:57', 1466, 'W'),
(527, '02193105', 'WARD NO-05', NULL, 1, NULL, '2015-05-24 08:12:57', NULL, '2015-05-24 08:12:57', 1467, 'W'),
(527, '02193106', 'WARD NO-06', NULL, 1, NULL, '2015-05-24 08:12:57', NULL, '2015-05-24 08:12:57', 1468, 'W'),
(527, '02193107', 'WARD NO-07', NULL, 1, NULL, '2015-05-24 08:12:57', NULL, '2015-05-24 08:12:57', 1469, 'W'),
(527, '02193108', 'WARD NO-08', NULL, 1, NULL, '2015-05-24 08:12:57', NULL, '2015-05-24 08:12:57', 1470, 'W'),
(527, '02193109', 'WARD NO-09', NULL, 1, NULL, '2015-05-24 08:12:57', NULL, '2015-05-24 08:12:57', 1471, 'W'),
(527, '02193110', 'ALKARA', NULL, 1, NULL, '2015-05-24 08:37:14', NULL, '2015-05-24 08:37:14', 1472, 'U'),
(527, '02193115', 'BATISHA', NULL, 1, NULL, '2015-05-24 08:37:14', NULL, '2015-05-24 08:37:14', 1473, 'U'),
(527, '02193119', 'CHEORA', NULL, 1, NULL, '2015-05-24 08:37:14', NULL, '2015-05-24 08:37:14', 1474, 'U'),
(527, '02193138', 'GHOLPASHA', NULL, 1, NULL, '2015-05-24 08:37:14', NULL, '2015-05-24 08:37:14', 1475, 'U'),
(527, '02193142', 'GUNABATI', NULL, 1, NULL, '2015-05-24 08:37:14', NULL, '2015-05-24 08:37:14', 1476, 'U'),
(527, '02193147', 'JAGANNATH DIGHI', NULL, 1, NULL, '2015-05-24 08:37:14', NULL, '2015-05-24 08:37:14', 1477, 'U'),
(527, '02193152', 'KALIKAPUR', NULL, 1, NULL, '2015-05-24 08:37:14', NULL, '2015-05-24 08:37:14', 1478, 'U'),
(527, '02193157', 'KANKAPAIT', NULL, 1, NULL, '2015-05-24 08:37:14', NULL, '2015-05-24 08:37:14', 1479, 'U'),
(527, '02193161', 'KASHINAGAR', NULL, 1, NULL, '2015-05-24 08:37:14', NULL, '2015-05-24 08:37:14', 1480, 'U'),
(527, '02193171', 'MUNSHIRHAT', NULL, 1, NULL, '2015-05-24 08:37:14', NULL, '2015-05-24 08:37:14', 1481, 'U'),
(527, '02193185', 'SHUBHAPUR', NULL, 1, NULL, '2015-05-24 08:37:14', NULL, '2015-05-24 08:37:14', 1482, 'U'),
(527, '02193190', 'SREEPUR', NULL, 1, NULL, '2015-05-24 08:37:14', NULL, '2015-05-24 08:37:14', 1483, 'U'),
(527, '02193195', 'UJIRPUR', NULL, 1, NULL, '2015-05-24 08:37:14', NULL, '2015-05-24 08:37:14', 1484, 'U'),
(528, '02193301', 'WARD NO-01', NULL, 1, NULL, '2015-05-24 08:12:57', NULL, '2015-05-24 08:12:57', 1485, 'W'),
(528, '02193302', 'WARD NO-02', NULL, 1, NULL, '2015-05-24 08:12:57', NULL, '2015-05-24 08:12:57', 1486, 'W'),
(528, '02193303', 'WARD NO-03', NULL, 1, NULL, '2015-05-24 08:12:57', NULL, '2015-05-24 08:12:57', 1487, 'W'),
(528, '02193304', 'WARD NO-04', NULL, 1, NULL, '2015-05-24 08:12:57', NULL, '2015-05-24 08:12:57', 1488, 'W'),
(528, '02193305', 'WARD NO-05', NULL, 1, NULL, '2015-05-24 08:12:57', NULL, '2015-05-24 08:12:57', 1489, 'W'),
(528, '02193306', 'WARD NO-06', NULL, 1, NULL, '2015-05-24 08:12:57', NULL, '2015-05-24 08:12:57', 1490, 'W'),
(528, '02193307', 'WARD NO-07', NULL, 1, NULL, '2015-05-24 08:12:57', NULL, '2015-05-24 08:12:57', 1491, 'W'),
(528, '02193308', 'WARD NO-08', NULL, 1, NULL, '2015-05-24 08:12:57', NULL, '2015-05-24 08:12:57', 1492, 'W'),
(528, '02193309', 'WARD NO-09', NULL, 1, NULL, '2015-05-24 08:12:57', NULL, '2015-05-24 08:12:57', 1493, 'W'),
(528, '02193312', 'BAGHMARA', NULL, 1, NULL, '2015-05-24 08:37:14', NULL, '2015-05-24 08:37:14', 1494, 'U'),
(528, '02193324', 'BARA PARA', NULL, 1, NULL, '2015-05-24 08:37:14', NULL, '2015-05-24 08:37:14', 1495, 'U'),
(528, '02193328', 'BELGHAR', NULL, 1, NULL, '2015-05-24 08:37:14', NULL, '2015-05-24 08:37:14', 1496, 'U'),
(528, '02193331', 'BHOLAIN (DAKSHIN)', NULL, 1, NULL, '2015-05-24 08:37:14', NULL, '2015-05-24 08:37:14', 1497, 'U'),
(528, '02193333', 'BHOLAIN (UTTAR)', NULL, 1, NULL, '2015-05-24 08:37:14', NULL, '2015-05-24 08:37:14', 1498, 'U'),
(528, '02193335', 'BIJOYPUR', NULL, 1, NULL, '2015-05-24 08:37:14', NULL, '2015-05-24 08:37:14', 1499, 'U'),
(528, '02193339', 'CHOUARA', NULL, 1, NULL, '2015-05-24 08:37:14', NULL, '2015-05-24 08:37:14', 1500, 'U'),
(528, '02193358', 'GALIARA', NULL, 1, NULL, '2015-05-24 08:37:14', NULL, '2015-05-24 08:37:14', 1501, 'U'),
(528, '02193373', 'PURBA JOREKARAN', NULL, 1, NULL, '2015-05-24 08:37:14', NULL, '2015-05-24 08:37:14', 1502, 'U'),
(528, '02193380', 'PASCHIM JOREKARAN', NULL, 1, NULL, '2015-05-24 08:37:14', NULL, '2015-05-24 08:37:14', 1503, 'U'),
(528, '02193383', 'PERUL (DAKSHIN)', NULL, 1, NULL, '2015-05-24 08:37:14', NULL, '2015-05-24 08:37:14', 1504, 'U'),
(528, '02193387', 'PERUL (UTTAR)', NULL, 1, NULL, '2015-05-24 08:37:14', NULL, '2015-05-24 08:37:14', 1505, 'U'),
(529, '02193601', 'WARD NO-01', NULL, 1, NULL, '2015-05-24 08:12:57', NULL, '2015-05-24 08:12:57', 1506, 'W'),
(529, '02193602', 'WARD NO-02', NULL, 1, NULL, '2015-05-24 08:12:57', NULL, '2015-05-24 08:12:57', 1507, 'W'),
(529, '02193603', 'WARD NO-03', NULL, 1, NULL, '2015-05-24 08:12:57', NULL, '2015-05-24 08:12:57', 1508, 'W'),
(529, '02193604', 'WARD NO-04', NULL, 1, NULL, '2015-05-24 08:12:57', NULL, '2015-05-24 08:12:57', 1509, 'W'),
(529, '02193605', 'WARD NO-05', NULL, 1, NULL, '2015-05-24 08:12:57', NULL, '2015-05-24 08:12:57', 1510, 'W'),
(529, '02193606', 'WARD NO-06', NULL, 1, NULL, '2015-05-24 08:12:57', NULL, '2015-05-24 08:12:57', 1511, 'W'),
(529, '02193607', 'WARD NO-07', NULL, 1, NULL, '2015-05-24 08:12:57', NULL, '2015-05-24 08:12:57', 1512, 'W'),
(529, '02193608', 'WARD NO-08', NULL, 1, NULL, '2015-05-24 08:12:57', NULL, '2015-05-24 08:12:57', 1513, 'W'),
(529, '02193609', 'WARD NO-09', NULL, 1, NULL, '2015-05-24 08:12:57', NULL, '2015-05-24 08:12:57', 1514, 'W'),
(529, '02193621', 'DAUDKANDI UTTAR', NULL, 1, NULL, '2015-05-24 08:37:14', NULL, '2015-05-24 08:37:14', 1515, 'U'),
(529, '02193625', 'BITESHWAR', NULL, 1, NULL, '2015-05-24 08:37:14', NULL, '2015-05-24 08:37:14', 1516, 'U'),
(529, '02193630', 'ELLIOTGANJ UTTAR', NULL, 1, NULL, '2015-05-24 08:37:14', NULL, '2015-05-24 08:37:14', 1517, 'U'),
(529, '02193634', 'ELLIOTGANJ DAKSHIN', NULL, 1, NULL, '2015-05-24 08:37:14', NULL, '2015-05-24 08:37:14', 1518, 'U'),
(529, '02193638', 'GOALMARI', NULL, 1, NULL, '2015-05-24 08:37:14', NULL, '2015-05-24 08:37:14', 1519, 'U'),
(529, '02193647', 'JINGLATALI', NULL, 1, NULL, '2015-05-24 08:37:14', NULL, '2015-05-24 08:37:14', 1520, 'U'),
(529, '02193651', 'GAURIPUR', NULL, 1, NULL, '2015-05-24 08:37:14', NULL, '2015-05-24 08:37:14', 1521, 'U'),
(529, '02193664', 'MARUKA', NULL, 1, NULL, '2015-05-24 08:37:14', NULL, '2015-05-24 08:37:14', 1522, 'U'),
(529, '02193673', 'MOHAMMADPUR PASCHIM', NULL, 1, NULL, '2015-05-24 08:37:14', NULL, '2015-05-24 08:37:14', 1523, 'U'),
(529, '02193682', 'DAULATPUR (PURBA PANCHGACHHIA)', NULL, 1, NULL, '2015-05-24 08:37:14', NULL, '2015-05-24 08:37:14', 1524, 'U'),
(529, '02193684', 'MOHAMMADPUR PURBA', NULL, 1, NULL, '2015-05-24 08:37:14', NULL, '2015-05-24 08:37:14', 1525, 'U'),
(529, '02193685', 'PADUA', NULL, 1, NULL, '2015-05-24 08:37:14', NULL, '2015-05-24 08:37:14', 1526, 'U'),
(529, '02193686', 'PANCHGACHHIA PASCHIM', NULL, 1, NULL, '2015-05-24 08:37:14', NULL, '2015-05-24 08:37:14', 1527, 'U'),
(529, '02193690', 'BARAPARA', NULL, 1, NULL, '2015-05-24 08:37:14', NULL, '2015-05-24 08:37:14', 1528, 'U'),
(529, '02193694', 'SUNDALPUR', NULL, 1, NULL, '2015-05-24 08:37:14', NULL, '2015-05-24 08:37:14', 1529, 'U'),
(530, '02194001', 'WARD NO-01', NULL, 1, NULL, '2015-05-24 08:12:57', NULL, '2015-05-24 08:12:57', 1530, 'W'),
(530, '02194002', 'WARD NO-02', NULL, 1, NULL, '2015-05-24 08:12:57', NULL, '2015-05-24 08:12:57', 1531, 'W'),
(530, '02194003', 'WARD NO-03', NULL, 1, NULL, '2015-05-24 08:12:57', NULL, '2015-05-24 08:12:57', 1532, 'W'),
(530, '02194004', 'WARD NO-04', NULL, 1, NULL, '2015-05-24 08:12:57', NULL, '2015-05-24 08:12:57', 1533, 'W'),
(530, '02194005', 'WARD NO-05', NULL, 1, NULL, '2015-05-24 08:12:57', NULL, '2015-05-24 08:12:57', 1534, 'W'),
(530, '02194006', 'WARD NO-06', NULL, 1, NULL, '2015-05-24 08:12:57', NULL, '2015-05-24 08:12:57', 1535, 'W'),
(530, '02194007', 'WARD NO-07', NULL, 1, NULL, '2015-05-24 08:12:57', NULL, '2015-05-24 08:12:57', 1536, 'W'),
(530, '02194008', 'WARD NO-08', NULL, 1, NULL, '2015-05-24 08:12:57', NULL, '2015-05-24 08:12:57', 1537, 'W'),
(530, '02194009', 'WARD NO-09', NULL, 1, NULL, '2015-05-24 08:12:57', NULL, '2015-05-24 08:12:57', 1538, 'W'),
(530, '02194010', 'BARA SHALGHAR', NULL, 1, NULL, '2015-05-24 08:37:14', NULL, '2015-05-24 08:37:14', 1539, 'U'),
(530, '02194011', 'ISAB PUR', NULL, 1, NULL, '2015-05-24 08:37:14', NULL, '2015-05-24 08:37:14', 1540, 'U'),
(530, '02194017', 'MOHAN PUR', NULL, 1, NULL, '2015-05-24 08:37:14', NULL, '2015-05-24 08:37:14', 1541, 'U'),
(530, '02194023', 'BARKAMTA', NULL, 1, NULL, '2015-05-24 08:37:14', NULL, '2015-05-24 08:37:14', 1542, 'U'),
(530, '02194035', 'UTTAR DHAMTI', NULL, 1, NULL, '2015-05-24 08:37:14', NULL, '2015-05-24 08:37:14', 1543, 'U'),
(530, '02194041', 'SULTANPUR', NULL, 1, NULL, '2015-05-24 08:37:14', NULL, '2015-05-24 08:37:14', 1544, 'U'),
(530, '02194047', 'FATEHABAD', NULL, 1, NULL, '2015-05-24 08:37:14', NULL, '2015-05-24 08:37:14', 1545, 'U'),
(530, '02194053', 'UTTAR GUNAIGHAR', NULL, 1, NULL, '2015-05-24 08:37:14', NULL, '2015-05-24 08:37:14', 1546, 'U'),
(530, '02194059', 'DAKSHIN GUNAIGHAR', NULL, 1, NULL, '2015-05-24 08:37:14', NULL, '2015-05-24 08:37:14', 1547, 'U'),
(530, '02194065', 'JAFARGANJ', NULL, 1, NULL, '2015-05-24 08:37:14', NULL, '2015-05-24 08:37:14', 1548, 'U'),
(530, '02194071', 'ELAHABAD', NULL, 1, NULL, '2015-05-24 08:37:14', NULL, '2015-05-24 08:37:14', 1549, 'U'),
(530, '02194077', 'RAJAMEHAR', NULL, 1, NULL, '2015-05-24 08:37:14', NULL, '2015-05-24 08:37:14', 1550, 'U'),
(530, '02194083', 'BHANI', NULL, 1, NULL, '2015-05-24 08:37:14', NULL, '2015-05-24 08:37:14', 1551, 'U'),
(530, '02194089', 'RASULPUR', NULL, 1, NULL, '2015-05-24 08:37:14', NULL, '2015-05-24 08:37:14', 1552, 'U'),
(530, '02194095', 'SUBIL', NULL, 1, NULL, '2015-05-24 08:37:14', NULL, '2015-05-24 08:37:14', 1553, 'U'),
(531, '02195401', 'WARD NO-01', NULL, 1, NULL, '2015-05-24 08:12:57', NULL, '2015-05-24 08:12:57', 1554, 'W'),
(531, '02195402', 'WARD NO-02', NULL, 1, NULL, '2015-05-24 08:12:57', NULL, '2015-05-24 08:12:57', 1555, 'W'),
(531, '02195403', 'WARD NO-03', NULL, 1, NULL, '2015-05-24 08:12:57', NULL, '2015-05-24 08:12:57', 1556, 'W'),
(531, '02195404', 'WARD NO-04', NULL, 1, NULL, '2015-05-24 08:12:57', NULL, '2015-05-24 08:12:57', 1557, 'W'),
(531, '02195405', 'WARD NO-05', NULL, 1, NULL, '2015-05-24 08:12:57', NULL, '2015-05-24 08:12:57', 1558, 'W'),
(531, '02195406', 'WARD NO-06', NULL, 1, NULL, '2015-05-24 08:12:57', NULL, '2015-05-24 08:12:57', 1559, 'W'),
(531, '02195407', 'WARD NO-07', NULL, 1, NULL, '2015-05-24 08:12:57', NULL, '2015-05-24 08:12:57', 1560, 'W'),
(531, '02195408', 'WARD NO-08', NULL, 1, NULL, '2015-05-24 08:12:57', NULL, '2015-05-24 08:12:57', 1561, 'W'),
(531, '02195409', 'WARD NO-09', NULL, 1, NULL, '2015-05-24 08:12:57', NULL, '2015-05-24 08:12:57', 1562, 'W'),
(531, '02195415', 'ASAD PUR', NULL, 1, NULL, '2015-05-24 08:37:14', NULL, '2015-05-24 08:37:14', 1563, 'U'),
(531, '02195420', 'BHASANIA', NULL, 1, NULL, '2015-05-24 08:37:14', NULL, '2015-05-24 08:37:14', 1564, 'U'),
(531, '02195422', 'DULAL PUR', NULL, 1, NULL, '2015-05-24 08:37:14', NULL, '2015-05-24 08:37:14', 1565, 'U'),
(531, '02195425', 'JOYPUR', NULL, 1, NULL, '2015-05-24 08:37:14', NULL, '2015-05-24 08:37:14', 1566, 'U'),
(531, '02195428', 'CHANDER CHAR', NULL, 1, NULL, '2015-05-24 08:37:14', NULL, '2015-05-24 08:37:14', 1567, 'U'),
(531, '02195447', 'GHAGUTIA', NULL, 1, NULL, '2015-05-24 08:37:14', NULL, '2015-05-24 08:37:14', 1568, 'U'),
(531, '02195450', 'GARMORA', NULL, 1, NULL, '2015-05-24 08:37:14', NULL, '2015-05-24 08:37:14', 1569, 'U'),
(531, '02195466', 'HOMNA', NULL, 1, NULL, '2015-05-24 08:37:14', NULL, '2015-05-24 08:37:14', 1570, 'U'),
(531, '02195476', 'MATHABANGA', NULL, 1, NULL, '2015-05-24 08:37:14', NULL, '2015-05-24 08:37:14', 1571, 'U'),
(531, '02195485', 'NILAKHI', NULL, 1, NULL, '2015-05-24 08:37:14', NULL, '2015-05-24 08:37:14', 1572, 'U'),
(532, '02196701', 'WARD NO-01', NULL, 1, NULL, '2015-05-24 08:12:57', NULL, '2015-05-24 08:12:57', 1573, 'W'),
(532, '02196702', 'WARD NO-02', NULL, 1, NULL, '2015-05-24 08:12:57', NULL, '2015-05-24 08:12:57', 1574, 'W'),
(532, '02196703', 'WARD NO-03', NULL, 1, NULL, '2015-05-24 08:12:57', NULL, '2015-05-24 08:12:57', 1575, 'W'),
(532, '02196704', 'WARD NO-04', NULL, 1, NULL, '2015-05-24 08:12:57', NULL, '2015-05-24 08:12:57', 1576, 'W'),
(532, '02196705', 'WARD NO-05', NULL, 1, NULL, '2015-05-24 08:12:57', NULL, '2015-05-24 08:12:57', 1577, 'W'),
(532, '02196706', 'WARD NO-06', NULL, 1, NULL, '2015-05-24 08:12:57', NULL, '2015-05-24 08:12:57', 1578, 'W'),
(532, '02196707', 'WARD NO-07', NULL, 1, NULL, '2015-05-24 08:12:57', NULL, '2015-05-24 08:12:57', 1579, 'W'),
(532, '02196708', 'WARD NO-08', NULL, 1, NULL, '2015-05-24 08:12:57', NULL, '2015-05-24 08:12:57', 1580, 'W'),
(532, '02196709', 'WARD NO-09', NULL, 1, NULL, '2015-05-24 08:12:57', NULL, '2015-05-24 08:12:57', 1581, 'W'),
(532, '02196710', 'WARD NO-10', NULL, 1, NULL, '2015-05-24 08:12:57', NULL, '2015-05-24 08:12:57', 1582, 'W'),
(532, '02196711', 'WARD NO-11', NULL, 1, NULL, '2015-05-24 08:12:57', NULL, '2015-05-24 08:12:57', 1583, 'W'),
(532, '02196712', 'WARD NO-12', NULL, 1, NULL, '2015-05-24 08:12:57', NULL, '2015-05-24 08:12:57', 1584, 'W'),
(532, '02196713', 'WARD NO 13', NULL, 1, NULL, '2015-05-24 08:12:57', NULL, '2015-05-24 08:12:57', 1585, 'W'),
(532, '02196714', 'WARD NO-14', NULL, 1, NULL, '2015-05-24 08:12:57', NULL, '2015-05-24 08:12:57', 1586, 'W'),
(532, '02196715', 'WARD NO-15', NULL, 1, NULL, '2015-05-24 08:12:57', NULL, '2015-05-24 08:12:57', 1587, 'W'),
(532, '02196716', 'WARD NO-16', NULL, 1, NULL, '2015-05-24 08:12:57', NULL, '2015-05-24 08:12:57', 1588, 'W'),
(532, '02196717', 'WARD NO-17', NULL, 1, NULL, '2015-05-24 08:12:57', NULL, '2015-05-24 08:12:57', 1589, 'W'),
(532, '02196718', 'WARD NO-18', NULL, 1, NULL, '2015-05-24 08:12:57', NULL, '2015-05-24 08:12:57', 1590, 'W'),
(532, '02196722', 'AMRATALI', NULL, 1, NULL, '2015-05-24 08:37:14', NULL, '2015-05-24 08:37:14', 1591, 'U'),
(532, '02196751', 'DAKSHIN DURGAPUR', NULL, 1, NULL, '2015-05-24 08:37:14', NULL, '2015-05-24 08:37:14', 1592, 'U'),
(532, '02196765', 'JAGANNATHPUR', NULL, 1, NULL, '2015-05-24 08:37:14', NULL, '2015-05-24 08:37:14', 1593, 'U'),
(532, '02196768', 'KALIR BAZAR (DAKSHIN)', NULL, 1, NULL, '2015-05-24 08:37:14', NULL, '2015-05-24 08:37:14', 1594, 'U'),
(532, '02196773', 'KALIR BAZAR (UTTAR)', NULL, 1, NULL, '2015-05-24 08:37:14', NULL, '2015-05-24 08:37:14', 1595, 'U'),
(532, '02196790', 'PANCHTHUBI', NULL, 1, NULL, '2015-05-24 08:37:14', NULL, '2015-05-24 08:37:14', 1596, 'U'),
(532, '02196794', 'UTTAR DURGAPUR', NULL, 1, NULL, '2015-05-24 08:37:14', NULL, '2015-05-24 08:37:14', 1597, 'U'),
(532, '02196798', 'COMILLA CANTT', NULL, 1, NULL, '2015-05-24 08:37:14', NULL, '2015-05-24 08:37:14', 1598, 'U'),
(533, '02197201', 'WARD NO-01', NULL, 1, NULL, '2015-05-24 08:12:57', NULL, '2015-05-24 08:12:57', 1599, 'W'),
(533, '02197202', 'WARD NO-02', NULL, 1, NULL, '2015-05-24 08:12:57', NULL, '2015-05-24 08:12:57', 1600, 'W'),
(533, '02197203', 'WARD NO-03', NULL, 1, NULL, '2015-05-24 08:12:57', NULL, '2015-05-24 08:12:57', 1601, 'W'),
(533, '02197204', 'WARD NO-04', NULL, 1, NULL, '2015-05-24 08:12:57', NULL, '2015-05-24 08:12:57', 1602, 'W'),
(533, '02197205', 'WARD NO-05', NULL, 1, NULL, '2015-05-24 08:12:57', NULL, '2015-05-24 08:12:57', 1603, 'W'),
(533, '02197206', 'WARD NO-06', NULL, 1, NULL, '2015-05-24 08:12:57', NULL, '2015-05-24 08:12:57', 1604, 'W'),
(533, '02197207', 'WARD NO-07', NULL, 1, NULL, '2015-05-24 08:12:57', NULL, '2015-05-24 08:12:57', 1605, 'W'),
(533, '02197208', 'WARD NO-08', NULL, 1, NULL, '2015-05-24 08:12:57', NULL, '2015-05-24 08:12:57', 1606, 'W'),
(533, '02197209', 'WARD NO-09', NULL, 1, NULL, '2015-05-24 08:12:57', NULL, '2015-05-24 08:12:57', 1607, 'W'),
(533, '02197217', 'BAKAI', NULL, 1, NULL, '2015-05-24 08:37:14', NULL, '2015-05-24 08:37:14', 1608, 'U'),
(533, '02197235', 'GOBINDAPUR', NULL, 1, NULL, '2015-05-24 08:37:14', NULL, '2015-05-24 08:37:14', 1609, 'U'),
(533, '02197252', 'LAKSAM', NULL, 1, NULL, '2015-05-24 08:37:14', NULL, '2015-05-24 08:37:14', 1610, 'U'),
(533, '02197263', 'MUDAFARGANJ', NULL, 1, NULL, '2015-05-24 08:37:14', NULL, '2015-05-24 08:37:14', 1611, 'U'),
(533, '02197277', 'KANDIRPAR', NULL, 1, NULL, '2015-05-24 08:37:14', NULL, '2015-05-24 08:37:14', 1612, 'U'),
(533, '02197284', 'AJGARA', NULL, 1, NULL, '2015-05-24 08:37:14', NULL, '2015-05-24 08:37:14', 1613, 'U'),
(533, '02197287', 'UTTARDAH', NULL, 1, NULL, '2015-05-24 08:37:14', NULL, '2015-05-24 08:37:14', 1614, 'U'),
(534, '02197413', 'BAISHGAON', NULL, 1, NULL, '2015-05-24 08:37:14', NULL, '2015-05-24 08:37:14', 1615, 'U'),
(534, '02197417', 'BIPULASAR', NULL, 1, NULL, '2015-05-24 08:37:14', NULL, '2015-05-24 08:37:14', 1616, 'U'),
(534, '02197431', 'HASNABAD', NULL, 1, NULL, '2015-05-24 08:37:14', NULL, '2015-05-24 08:37:14', 1617, 'U'),
(534, '02197442', 'JHALAM (UTTAR)', NULL, 1, NULL, '2015-05-24 08:37:14', NULL, '2015-05-24 08:37:14', 1618, 'U'),
(534, '02197445', 'JHALAM (DAKSHIN)', NULL, 1, NULL, '2015-05-24 08:37:14', NULL, '2015-05-24 08:37:14', 1619, 'U'),
(534, '02197453', 'KHILA', NULL, 1, NULL, '2015-05-24 08:37:14', NULL, '2015-05-24 08:37:14', 1620, 'U'),
(534, '02197459', 'LAKSHMANPUR', NULL, 1, NULL, '2015-05-24 08:37:14', NULL, '2015-05-24 08:37:14', 1621, 'U'),
(534, '02197463', 'MAISATUA', NULL, 1, NULL, '2015-05-24 08:37:14', NULL, '2015-05-24 08:37:14', 1622, 'U'),
(534, '02197470', 'NATHER PETUA', NULL, 1, NULL, '2015-05-24 08:37:14', NULL, '2015-05-24 08:37:14', 1623, 'U'),
(534, '02197482', 'SARASHPUR', NULL, 1, NULL, '2015-05-24 08:37:14', NULL, '2015-05-24 08:37:14', 1624, 'U'),
(534, '02197494', 'UTTAR HAWLA', NULL, 1, NULL, '2015-05-24 08:37:14', NULL, '2015-05-24 08:37:14', 1625, 'U'),
(535, '02197512', 'BARAKANDA', NULL, 1, NULL, '2015-05-24 08:37:14', NULL, '2015-05-24 08:37:14', 1626, 'U'),
(535, '02197519', 'CHANDANPUR', NULL, 1, NULL, '2015-05-24 08:37:14', NULL, '2015-05-24 08:37:14', 1627, 'U'),
(535, '02197521', 'CHALIBHANGA', NULL, 1, NULL, '2015-05-24 08:37:14', NULL, '2015-05-24 08:37:14', 1628, 'U'),
(535, '02197543', 'GOBINDAPUR', NULL, 1, NULL, '2015-05-24 08:37:14', NULL, '2015-05-24 08:37:14', 1629, 'U'),
(535, '02197553', 'LUTER CHAR', NULL, 1, NULL, '2015-05-24 08:37:14', NULL, '2015-05-24 08:37:14', 1630, 'U'),
(535, '02197571', 'MANIKER CHAR', NULL, 1, NULL, '2015-05-24 08:37:14', NULL, '2015-05-24 08:37:14', 1631, 'U'),
(535, '02197595', 'RADHANAGAR', NULL, 1, NULL, '2015-05-24 08:37:14', NULL, '2015-05-24 08:37:14', 1632, 'U'),
(536, '02198110', 'AKUBPUR', NULL, 1, NULL, '2015-05-24 08:37:14', NULL, '2015-05-24 08:37:14', 1633, 'U'),
(536, '02198111', 'ANDIKOT', NULL, 1, NULL, '2015-05-24 08:37:14', NULL, '2015-05-24 08:37:14', 1634, 'U'),
(536, '02198113', 'PURBA BANGARA', NULL, 1, NULL, '2015-05-24 08:37:14', NULL, '2015-05-24 08:37:14', 1635, 'U'),
(536, '02198118', 'PASCHIM BANGARA', NULL, 1, NULL, '2015-05-24 08:37:14', NULL, '2015-05-24 08:37:14', 1636, 'U'),
(536, '02198122', 'CHAPITALA', NULL, 1, NULL, '2015-05-24 08:37:14', NULL, '2015-05-24 08:37:14', 1637, 'U'),
(536, '02198127', 'DARORA', NULL, 1, NULL, '2015-05-24 08:37:14', NULL, '2015-05-24 08:37:14', 1638, 'U'),
(536, '02198131', 'CHHALIAKANDI', NULL, 1, NULL, '2015-05-24 08:37:14', NULL, '2015-05-24 08:37:14', 1639, 'U'),
(536, '02198136', 'DHAMGHAR', NULL, 1, NULL, '2015-05-24 08:37:14', NULL, '2015-05-24 08:37:14', 1640, 'U'),
(536, '02198140', 'JAHAPUR', NULL, 1, NULL, '2015-05-24 08:37:14', NULL, '2015-05-24 08:37:14', 1641, 'U'),
(536, '02198145', 'JATRAPUR', NULL, 1, NULL, '2015-05-24 08:37:14', NULL, '2015-05-24 08:37:14', 1642, 'U'),
(536, '02198149', 'KANALLA', NULL, 1, NULL, '2015-05-24 08:37:14', NULL, '2015-05-24 08:37:14', 1643, 'U'),
(536, '02198154', 'MURADNAGAR', NULL, 1, NULL, '2015-05-24 08:37:14', NULL, '2015-05-24 08:37:14', 1644, 'U'),
(536, '02198158', 'PURBA NABIPUR', NULL, 1, NULL, '2015-05-24 08:37:14', NULL, '2015-05-24 08:37:14', 1645, 'U'),
(536, '02198163', 'PASCHIM NABIPUR', NULL, 1, NULL, '2015-05-24 08:37:14', NULL, '2015-05-24 08:37:14', 1646, 'U'),
(536, '02198167', 'PAHARPUR', NULL, 1, NULL, '2015-05-24 08:37:14', NULL, '2015-05-24 08:37:14', 1647, 'U'),
(536, '02198172', 'BABUTI PARA', NULL, 1, NULL, '2015-05-24 08:37:14', NULL, '2015-05-24 08:37:14', 1648, 'U'),
(536, '02198176', 'PURBA PURBADHAIR', NULL, 1, NULL, '2015-05-24 08:37:14', NULL, '2015-05-24 08:37:14', 1649, 'U'),
(536, '02198181', 'PASCHIM PURBADHAIR', NULL, 1, NULL, '2015-05-24 08:37:14', NULL, '2015-05-24 08:37:14', 1650, 'U'),
(536, '02198185', 'UTTAR RAMCHANDRAPUR', NULL, 1, NULL, '2015-05-24 08:37:14', NULL, '2015-05-24 08:37:14', 1651, 'U'),
(536, '02198190', 'DAKSHIN RAMCHANDRAPUR', NULL, 1, NULL, '2015-05-24 08:37:14', NULL, '2015-05-24 08:37:14', 1652, 'U'),
(536, '02198191', 'TANKI', NULL, 1, NULL, '2015-05-24 08:37:14', NULL, '2015-05-24 08:37:14', 1653, 'U'),
(536, '02198194', 'SREEKAIL', NULL, 1, NULL, '2015-05-24 08:37:14', NULL, '2015-05-24 08:37:14', 1654, 'U'),
(537, '02198701', 'WARD NO-01', NULL, 1, NULL, '2015-05-24 08:12:57', NULL, '2015-05-24 08:12:57', 1655, 'W'),
(537, '02198702', 'WARD NO-02', NULL, 1, NULL, '2015-05-24 08:12:57', NULL, '2015-05-24 08:12:57', 1656, 'W'),
(537, '02198703', 'WARD NO-03', NULL, 1, NULL, '2015-05-24 08:12:57', NULL, '2015-05-24 08:12:57', 1657, 'W'),
(537, '02198704', 'WARD NO-04', NULL, 1, NULL, '2015-05-24 08:12:57', NULL, '2015-05-24 08:12:57', 1658, 'W'),
(537, '02198705', 'WARD NO-05', NULL, 1, NULL, '2015-05-24 08:12:57', NULL, '2015-05-24 08:12:57', 1659, 'W'),
(537, '02198706', 'WARD NO-06', NULL, 1, NULL, '2015-05-24 08:12:57', NULL, '2015-05-24 08:12:57', 1660, 'W'),
(537, '02198707', 'WARD NO-07', NULL, 1, NULL, '2015-05-24 08:12:57', NULL, '2015-05-24 08:12:57', 1661, 'W'),
(537, '02198708', 'WARD NO-08', NULL, 1, NULL, '2015-05-24 08:12:57', NULL, '2015-05-24 08:12:57', 1662, 'W'),
(537, '02198709', 'WARD NO-09', NULL, 1, NULL, '2015-05-24 08:12:57', NULL, '2015-05-24 08:12:57', 1663, 'W'),
(537, '02198711', 'ADRA', NULL, 1, NULL, '2015-05-24 08:37:14', NULL, '2015-05-24 08:37:14', 1664, 'U'),
(537, '02198717', 'BANGODDA', NULL, 1, NULL, '2015-05-24 08:37:14', NULL, '2015-05-24 08:37:14', 1665, 'U'),
(537, '02198734', 'BAKSHAGANJ', NULL, 1, NULL, '2015-05-24 08:37:14', NULL, '2015-05-24 08:37:14', 1666, 'U'),
(537, '02198743', 'DHALUA', NULL, 1, NULL, '2015-05-24 08:37:14', NULL, '2015-05-24 08:37:14', 1667, 'U'),
(537, '02198751', 'DAULKHAR', NULL, 1, NULL, '2015-05-24 08:37:14', NULL, '2015-05-24 08:37:14', 1668, 'U'),
(537, '02198757', 'HESAKHAL', NULL, 1, NULL, '2015-05-24 08:37:14', NULL, '2015-05-24 08:37:14', 1669, 'U'),
(537, '02198760', 'JODDA', NULL, 1, NULL, '2015-05-24 08:37:14', NULL, '2015-05-24 08:37:14', 1670, 'U'),
(537, '02198769', 'MOKARA', NULL, 1, NULL, '2015-05-24 08:37:14', NULL, '2015-05-24 08:37:14', 1671, 'U'),
(537, '02198773', 'MOKRABPUR', NULL, 1, NULL, '2015-05-24 08:37:14', NULL, '2015-05-24 08:37:14', 1672, 'U'),
(537, '02198777', 'NANGALKOT', NULL, 1, NULL, '2015-05-24 08:37:14', NULL, '2015-05-24 08:37:14', 1673, 'U'),
(537, '02198780', 'PERIA', NULL, 1, NULL, '2015-05-24 08:37:14', NULL, '2015-05-24 08:37:14', 1674, 'U'),
(537, '02198786', 'ROYKOT', NULL, 1, NULL, '2015-05-24 08:37:14', NULL, '2015-05-24 08:37:14', 1675, 'U'),
(537, '02198794', 'SATBARIA', NULL, 1, NULL, '2015-05-24 08:37:14', NULL, '2015-05-24 08:37:14', 1676, 'U'),
(538, '02199410', 'BALARAMPUR', NULL, 1, NULL, '2015-05-24 08:37:14', NULL, '2015-05-24 08:37:14', 1677, 'U'),
(538, '02199417', 'BITIKANDI', NULL, 1, NULL, '2015-05-24 08:37:14', NULL, '2015-05-24 08:37:14', 1678, 'U'),
(538, '02199435', 'JAGATPUR', NULL, 1, NULL, '2015-05-24 08:37:14', NULL, '2015-05-24 08:37:14', 1679, 'U'),
(538, '02199445', 'JIARKANDI', NULL, 1, NULL, '2015-05-24 08:37:14', NULL, '2015-05-24 08:37:14', 1680, 'U'),
(538, '02199462', 'KALA KANDI', NULL, 1, NULL, '2015-05-24 08:37:14', NULL, '2015-05-24 08:37:14', 1681, 'U'),
(538, '02199467', 'KARIKANDI', NULL, 1, NULL, '2015-05-24 08:37:14', NULL, '2015-05-24 08:37:14', 1682, 'U'),
(538, '02199469', 'MAJIDPUR', NULL, 1, NULL, '2015-05-24 08:37:14', NULL, '2015-05-24 08:37:14', 1683, 'U'),
(538, '02199477', 'NARAYANDIA', NULL, 1, NULL, '2015-05-24 08:37:14', NULL, '2015-05-24 08:37:14', 1684, 'U'),
(538, '02199485', 'SATANI', NULL, 1, NULL, '2015-05-24 08:37:14', NULL, '2015-05-24 08:37:14', 1685, 'U'),
(539, '02221601', 'WARD NO-01', NULL, 1, NULL, '2015-05-24 08:12:57', NULL, '2015-05-24 08:12:57', 1686, 'W'),
(539, '02221602', 'WARD NO-02', NULL, 1, NULL, '2015-05-24 08:12:57', NULL, '2015-05-24 08:12:57', 1687, 'W'),
(539, '02221603', 'WARD NO-03', NULL, 1, NULL, '2015-05-24 08:12:57', NULL, '2015-05-24 08:12:57', 1688, 'W'),
(539, '02221604', 'WARD NO-04', NULL, 1, NULL, '2015-05-24 08:12:57', NULL, '2015-05-24 08:12:57', 1689, 'W'),
(539, '02221605', 'WARD NO-05', NULL, 1, NULL, '2015-05-24 08:12:57', NULL, '2015-05-24 08:12:57', 1690, 'W'),
(539, '02221606', 'WARD NO-06', NULL, 1, NULL, '2015-05-24 08:12:57', NULL, '2015-05-24 08:12:57', 1691, 'W'),
(539, '02221607', 'WARD NO-07', NULL, 1, NULL, '2015-05-24 08:12:57', NULL, '2015-05-24 08:12:57', 1692, 'W'),
(539, '02221608', 'WARD NO-08', NULL, 1, NULL, '2015-05-24 08:12:57', NULL, '2015-05-24 08:12:57', 1693, 'W'),
(539, '02221609', 'WARD NO-09', NULL, 1, NULL, '2015-05-24 08:12:57', NULL, '2015-05-24 08:12:57', 1694, 'W'),
(539, '02221610', 'BADARKHALI', NULL, 1, NULL, '2015-05-24 08:37:14', NULL, '2015-05-24 08:37:14', 1695, 'U'),
(539, '02221612', 'BAMO BILCHARI', NULL, 1, NULL, '2015-05-24 08:37:14', NULL, '2015-05-24 08:37:14', 1696, 'U'),
(539, '02221616', 'BARAITALI', NULL, 1, NULL, '2015-05-24 08:37:14', NULL, '2015-05-24 08:37:14', 1697, 'U'),
(539, '02221622', 'BHEOLA MANIK CHAR', NULL, 1, NULL, '2015-05-24 08:37:14', NULL, '2015-05-24 08:37:14', 1698, 'U'),
(539, '02221627', 'CHIRINGA', NULL, 1, NULL, '2015-05-24 08:37:14', NULL, '2015-05-24 08:37:14', 1699, 'U'),
(539, '02221631', 'DEMUSIA', NULL, 1, NULL, '2015-05-24 08:37:14', NULL, '2015-05-24 08:37:14', 1700, 'U'),
(539, '02221633', 'DULAHAZARA', NULL, 1, NULL, '2015-05-24 08:37:14', NULL, '2015-05-24 08:37:14', 1701, 'U'),
(539, '02221639', 'PURBA BARABHEOLA', NULL, 1, NULL, '2015-05-24 08:37:14', NULL, '2015-05-24 08:37:14', 1702, 'U'),
(539, '02221644', 'FASIAKHALI', NULL, 1, NULL, '2015-05-24 08:37:14', NULL, '2015-05-24 08:37:14', 1703, 'U'),
(539, '02221650', 'HARBANG', NULL, 1, NULL, '2015-05-24 08:37:14', NULL, '2015-05-24 08:37:14', 1704, 'U'),
(539, '02221655', 'KAKHARA', NULL, 1, NULL, '2015-05-24 08:37:14', NULL, '2015-05-24 08:37:14', 1705, 'U'),
(539, '02221661', 'KAIARBIL', NULL, 1, NULL, '2015-05-24 08:37:14', NULL, '2015-05-24 08:37:14', 1706, 'U'),
(539, '02221667', 'KHUNTAKHALI', NULL, 1, NULL, '2015-05-24 08:37:14', NULL, '2015-05-24 08:37:14', 1707, 'U'),
(539, '02221669', 'KONAKHALI', NULL, 1, NULL, '2015-05-24 08:37:14', NULL, '2015-05-24 08:37:14', 1708, 'U'),
(539, '02221672', 'LAKHYARCHAR', NULL, 1, NULL, '2015-05-24 08:37:14', NULL, '2015-05-24 08:37:14', 1709, 'U'),
(539, '02221680', 'SAHARBIL', NULL, 1, NULL, '2015-05-24 08:37:14', NULL, '2015-05-24 08:37:14', 1710, 'U'),
(539, '02221687', 'SURAJPUR MANIKPUR', NULL, 1, NULL, '2015-05-24 08:37:14', NULL, '2015-05-24 08:37:14', 1711, 'U'),
(539, '02221694', 'PASCHIM BARA BHEOLA', NULL, 1, NULL, '2015-05-24 08:37:14', NULL, '2015-05-24 08:37:14', 1712, 'U'),
(540, '02222401', 'WARD NO-01', NULL, 1, NULL, '2015-05-24 08:12:57', NULL, '2015-05-24 08:12:57', 1713, 'W'),
(540, '02222402', 'WARD NO-02', NULL, 1, NULL, '2015-05-24 08:12:57', NULL, '2015-05-24 08:12:57', 1714, 'W'),
(540, '02222403', 'WARD NO-03', NULL, 1, NULL, '2015-05-24 08:12:57', NULL, '2015-05-24 08:12:57', 1715, 'W'),
(540, '02222404', 'WARD NO-04', NULL, 1, NULL, '2015-05-24 08:12:57', NULL, '2015-05-24 08:12:57', 1716, 'W'),
(540, '02222405', 'WARD NO-05', NULL, 1, NULL, '2015-05-24 08:12:57', NULL, '2015-05-24 08:12:57', 1717, 'W'),
(540, '02222406', 'WARD NO-06', NULL, 1, NULL, '2015-05-24 08:12:57', NULL, '2015-05-24 08:12:57', 1718, 'W'),
(540, '02222407', 'WARD NO-07', NULL, 1, NULL, '2015-05-24 08:12:57', NULL, '2015-05-24 08:12:57', 1719, 'W'),
(540, '02222408', 'WARD NO-08', NULL, 1, NULL, '2015-05-24 08:12:57', NULL, '2015-05-24 08:12:57', 1720, 'W'),
(540, '02222409', 'WARD NO-09', NULL, 1, NULL, '2015-05-24 08:12:57', NULL, '2015-05-24 08:12:57', 1721, 'W'),
(540, '02222410', 'BHARUAKHALI', NULL, 1, NULL, '2015-05-24 08:37:14', NULL, '2015-05-24 08:37:14', 1722, 'U'),
(540, '02222411', 'CHAUFALDANDI', NULL, 1, NULL, '2015-05-24 08:37:14', NULL, '2015-05-24 08:37:14', 1723, 'U'),
(540, '02222435', 'IDGAON', NULL, 1, NULL, '2015-05-24 08:37:14', NULL, '2015-05-24 08:37:14', 1724, 'U'),
(540, '02222438', 'ISLAMPUR', NULL, 1, NULL, '2015-05-24 08:37:14', NULL, '2015-05-24 08:37:14', 1725, 'U'),
(540, '02222442', 'ISLAMABAD', NULL, 1, NULL, '2015-05-24 08:37:14', NULL, '2015-05-24 08:37:14', 1726, 'U'),
(540, '02222445', 'JALALABAD', NULL, 1, NULL, '2015-05-24 08:37:14', NULL, '2015-05-24 08:37:14', 1727, 'U'),
(540, '02222447', 'JHILWANJA', NULL, 1, NULL, '2015-05-24 08:37:14', NULL, '2015-05-24 08:37:14', 1728, 'U'),
(540, '02222459', 'KHURUSHKUL', NULL, 1, NULL, '2015-05-24 08:37:14', NULL, '2015-05-24 08:37:14', 1729, 'U'),
(540, '02222471', 'PATALI MACHHUAKHALI', NULL, 1, NULL, '2015-05-24 08:37:14', NULL, '2015-05-24 08:37:14', 1730, 'U'),
(540, '02222483', 'POKKHALI', NULL, 1, NULL, '2015-05-24 08:37:14', NULL, '2015-05-24 08:37:14', 1731, 'U'),
(541, '02224513', 'ALI AKBAR DEIL', NULL, 1, NULL, '2015-05-24 08:37:14', NULL, '2015-05-24 08:37:14', 1732, 'U'),
(541, '02224527', 'BARAGHOP', NULL, 1, NULL, '2015-05-24 08:37:14', NULL, '2015-05-24 08:37:14', 1733, 'U'),
(541, '02224540', 'DAKSHIN DHURUNG', NULL, 1, NULL, '2015-05-24 08:37:14', NULL, '2015-05-24 08:37:14', 1734, 'U'),
(541, '02224554', 'KAIYARBIL', NULL, 1, NULL, '2015-05-24 08:37:14', NULL, '2015-05-24 08:37:14', 1735, 'U'),
(541, '02224567', 'LEMSIKHALI', NULL, 1, NULL, '2015-05-24 08:37:14', NULL, '2015-05-24 08:37:14', 1736, 'U'),
(541, '02224581', 'UTTAR DHURUNG', NULL, 1, NULL, '2015-05-24 08:37:14', NULL, '2015-05-24 08:37:14', 1737, 'U'),
(1, '02224901', 'WARD NO-01', NULL, 1, NULL, '2015-05-24 08:12:57', NULL, '2015-05-24 08:12:57', 1738, 'W'),
(1, '02224902', 'WARD NO-02', NULL, 1, NULL, '2015-05-24 08:12:57', NULL, '2015-05-24 08:12:57', 1739, 'W'),
(1, '02224903', 'WARD NO-03', NULL, 1, NULL, '2015-05-24 08:12:57', NULL, '2015-05-24 08:12:57', 1740, 'W'),
(1, '02224904', 'WARD NO-04', NULL, 1, NULL, '2015-05-24 08:12:57', NULL, '2015-05-24 08:12:57', 1741, 'W'),
(1, '02224905', 'WARD NO-05', NULL, 1, NULL, '2015-05-24 08:12:57', NULL, '2015-05-24 08:12:57', 1742, 'W'),
(1, '02224906', 'WARD NO-06', NULL, 1, NULL, '2015-05-24 08:12:57', NULL, '2015-05-24 08:12:57', 1743, 'W'),
(1, '02224907', 'WARD NO-07', NULL, 1, NULL, '2015-05-24 08:12:57', NULL, '2015-05-24 08:12:57', 1744, 'W'),
(1, '02224908', 'WARD NO-08', NULL, 1, NULL, '2015-05-24 08:12:57', NULL, '2015-05-24 08:12:57', 1745, 'W'),
(1, '02224909', 'WARD NO-09', NULL, 1, NULL, '2015-05-24 08:12:57', NULL, '2015-05-24 08:12:57', 1746, 'W'),
(1, '02224911', 'BARA MAHESKHALI', NULL, 1, NULL, '2015-05-24 08:37:14', NULL, '2015-05-24 08:37:14', 1747, 'U'),
(1, '02224918', 'CHHOTAMOHES KHALI', NULL, 1, NULL, '2015-05-24 08:37:14', NULL, '2015-05-24 08:37:14', 1748, 'U'),
(1, '02224923', 'DHALGHATA', NULL, 1, NULL, '2015-05-24 08:37:14', NULL, '2015-05-24 08:37:14', 1749, 'U'),
(1, '02224947', 'HOANAK', NULL, 1, NULL, '2015-05-24 08:37:14', NULL, '2015-05-24 08:37:14', 1750, 'U'),
(1, '02224959', 'KALARMARCHHARA', NULL, 1, NULL, '2015-05-24 08:37:14', NULL, '2015-05-24 08:37:14', 1751, 'U'),
(1, '02224962', 'KUTUBJOM', NULL, 1, NULL, '2015-05-24 08:37:14', NULL, '2015-05-24 08:37:14', 1752, 'U'),
(1, '02224971', 'MATARBARI', NULL, 1, NULL, '2015-05-24 08:37:14', NULL, '2015-05-24 08:37:14', 1753, 'U'),
(1, '02224983', 'SAFLAPUR', NULL, 1, NULL, '2015-05-24 08:37:14', NULL, '2015-05-24 08:37:14', 1754, 'U'),
(2, '02225611', 'BARA BAKIA', NULL, 1, NULL, '2015-05-24 08:37:14', NULL, '2015-05-24 08:37:14', 1755, 'U'),
(2, '02225655', 'UJANTIA', NULL, 1, NULL, '2015-05-24 08:37:14', NULL, '2015-05-24 08:37:14', 1756, 'U'),
(2, '02225678', 'MAGNAMA', NULL, 1, NULL, '2015-05-24 08:37:14', NULL, '2015-05-24 08:37:14', 1757, 'U'),
(2, '02225683', 'PEKUA', NULL, 1, NULL, '2015-05-24 08:37:14', NULL, '2015-05-24 08:37:14', 1758, 'U'),
(2, '02225689', 'RAJAKHALI', NULL, 1, NULL, '2015-05-24 08:37:14', NULL, '2015-05-24 08:37:14', 1759, 'U'),
(2, '02225693', 'SHILKHALI', NULL, 1, NULL, '2015-05-24 08:37:14', NULL, '2015-05-24 08:37:14', 1760, 'U'),
(2, '02225696', 'TAITONG', NULL, 1, NULL, '2015-05-24 08:37:14', NULL, '2015-05-24 08:37:14', 1761, 'U'),
(3, '02226613', 'CHAKMARKUL', NULL, 1, NULL, '2015-10-14 05:33:26', 1, '2015-10-13 17:33:53', 1762, 'U'),
(3, '02226615', 'FATEKHARKUL', NULL, 1, NULL, '2015-05-24 08:37:14', NULL, '2015-05-24 08:37:14', 1763, 'U'),
(3, '02226619', 'GARJANIA', NULL, 1, NULL, '2015-05-24 08:37:14', NULL, '2015-05-24 08:37:14', 1764, 'U'),
(3, '02226628', 'IDGAR', NULL, 1, NULL, '2015-05-24 08:37:14', NULL, '2015-05-24 08:37:14', 1765, 'U'),
(3, '02226638', 'JOARIANALA', NULL, 1, NULL, '2015-05-24 08:37:14', NULL, '2015-05-24 08:37:14', 1766, 'U'),
(3, '02226647', 'KACHHAPIA', NULL, 1, NULL, '2015-05-24 08:37:14', NULL, '2015-05-24 08:37:14', 1767, 'U'),
(3, '02226657', 'KHUNIAPALONG', NULL, 1, NULL, '2015-05-24 08:37:14', NULL, '2015-05-24 08:37:14', 1768, 'U'),
(3, '02226666', 'KAUARKHOP', NULL, 1, NULL, '2015-05-24 08:37:14', NULL, '2015-05-24 08:37:14', 1769, 'U'),
(3, '02226670', 'RASHID NAGAR', NULL, 1, NULL, '2015-05-24 08:37:14', NULL, '2015-05-24 08:37:14', 1770, 'U'),
(3, '02226676', 'RAJARKUL', NULL, 1, NULL, '2015-05-24 08:37:14', NULL, '2015-05-24 08:37:14', 1771, 'U'),
(3, '02226685', 'DAKSHIN MITHACHHARI', NULL, 1, NULL, '2015-05-24 08:37:14', NULL, '2015-05-24 08:37:14', 1772, 'U'),
(4, '02229001', 'WARD NO-01', NULL, 1, NULL, '2015-05-24 08:12:57', NULL, '2015-05-24 08:12:57', 1773, 'W'),
(4, '02229002', 'WARD NO-02', NULL, 1, NULL, '2015-05-24 08:12:57', NULL, '2015-05-24 08:12:57', 1774, 'W'),
(4, '02229003', 'WARD NO-03', NULL, 1, NULL, '2015-05-24 08:12:57', NULL, '2015-05-24 08:12:57', 1775, 'W'),
(4, '02229004', 'WARD NO-04', NULL, 1, NULL, '2015-05-24 08:12:57', NULL, '2015-05-24 08:12:57', 1776, 'W'),
(4, '02229005', 'WARD NO-05', NULL, 1, NULL, '2015-05-24 08:12:57', NULL, '2015-05-24 08:12:57', 1777, 'W'),
(4, '02229006', 'WARD NO-06', NULL, 1, NULL, '2015-05-24 08:12:57', NULL, '2015-05-24 08:12:57', 1778, 'W'),
(4, '02229007', 'WARD NO-07', NULL, 1, NULL, '2015-05-24 08:12:57', NULL, '2015-05-24 08:12:57', 1779, 'W'),
(4, '02229008', 'WARD NO-08', NULL, 1, NULL, '2015-05-24 08:12:57', NULL, '2015-05-24 08:12:57', 1780, 'W'),
(4, '02229009', 'WARD NO-09', NULL, 1, NULL, '2015-05-24 08:12:57', NULL, '2015-05-24 08:12:57', 1781, 'W'),
(4, '02229015', 'BAHARCHHARA', NULL, 1, NULL, '2015-05-24 08:37:14', NULL, '2015-05-24 08:37:14', 1782, 'U'),
(4, '02229031', 'NHILLA', NULL, 1, NULL, '2015-05-24 08:37:14', NULL, '2015-05-24 08:37:14', 1783, 'U'),
(4, '02229039', 'ST.MARTIN DWIP', NULL, 1, NULL, '2015-05-24 08:37:14', NULL, '2015-05-24 08:37:14', 1784, 'U'),
(4, '02229047', 'SABRANG', NULL, 1, NULL, '2015-05-24 08:37:14', NULL, '2015-05-24 08:37:14', 1785, 'U'),
(4, '02229063', 'TEKNAF', NULL, 1, NULL, '2015-05-24 08:37:14', NULL, '2015-05-24 08:37:14', 1786, 'U'),
(4, '02229079', 'WHYKONG', NULL, 1, NULL, '2015-05-24 08:37:14', NULL, '2015-05-24 08:37:14', 1787, 'U'),
(5, '02229415', 'HALDIA PALONG', NULL, 1, NULL, '2015-05-24 08:37:14', NULL, '2015-05-24 08:37:14', 1788, 'U'),
(5, '02229431', 'JALIA PALONG', NULL, 1, NULL, '2015-05-24 08:37:14', NULL, '2015-05-24 08:37:14', 1789, 'U'),
(5, '02229447', 'RAJA PALONG', NULL, 1, NULL, '2015-05-24 08:37:14', NULL, '2015-05-24 08:37:14', 1790, 'U'),
(5, '02229463', 'RATNA PALONG', NULL, 1, NULL, '2015-05-24 08:37:14', NULL, '2015-05-24 08:37:14', 1791, 'U'),
(5, '02229479', 'PALONG KHALI', NULL, 1, NULL, '2015-05-24 08:37:14', NULL, '2015-05-24 08:37:14', 1792, 'U'),
(6, '02301401', 'WARD NO-01', NULL, 1, NULL, '2015-05-24 08:12:57', NULL, '2015-05-24 08:12:57', 1793, 'W'),
(6, '02301402', 'WARD NO-02', NULL, 1, NULL, '2015-05-24 08:12:57', NULL, '2015-05-24 08:12:57', 1794, 'W'),
(6, '02301403', 'WARD NO-03', NULL, 1, NULL, '2015-05-24 08:12:57', NULL, '2015-05-24 08:12:57', 1795, 'W'),
(6, '02301404', 'WARD NO-04', NULL, 1, NULL, '2015-05-24 08:12:57', NULL, '2015-05-24 08:12:57', 1796, 'W'),
(6, '02301405', 'WARD NO-05', NULL, 1, NULL, '2015-05-24 08:12:57', NULL, '2015-05-24 08:12:57', 1797, 'W'),
(6, '02301406', 'WARD NO-06', NULL, 1, NULL, '2015-05-24 08:12:57', NULL, '2015-05-24 08:12:57', 1798, 'W'),
(6, '02301407', 'WARD NO-07', NULL, 1, NULL, '2015-05-24 08:12:57', NULL, '2015-05-24 08:12:57', 1799, 'W'),
(6, '02301408', 'WARD NO-08', NULL, 1, NULL, '2015-05-24 08:12:57', NULL, '2015-05-24 08:12:57', 1800, 'W'),
(6, '02301409', 'WARD NO-09', NULL, 1, NULL, '2015-05-24 08:12:57', NULL, '2015-05-24 08:12:57', 1801, 'W'),
(6, '02301447', 'GOPAL', NULL, 1, NULL, '2015-05-24 08:37:14', NULL, '2015-05-24 08:37:14', 1802, 'U'),
(6, '02301457', 'MOHAMAYA', NULL, 1, NULL, '2015-05-24 08:37:14', NULL, '2015-05-24 08:37:14', 1803, 'U'),
(6, '02301476', 'PATHANNAGAR', NULL, 1, NULL, '2015-05-24 08:37:14', NULL, '2015-05-24 08:37:14', 1804, 'U'),
(6, '02301485', 'RADHANAGAR', NULL, 1, NULL, '2015-05-24 08:37:14', NULL, '2015-05-24 08:37:14', 1805, 'U'),
(6, '02301495', 'SUBHAPUR', NULL, 1, NULL, '2015-05-24 08:37:14', NULL, '2015-05-24 08:37:14', 1806, 'U'),
(7, '02302501', 'WARD NO-01', NULL, 1, NULL, '2015-05-24 08:12:57', NULL, '2015-05-24 08:12:57', 1807, 'W'),
(7, '02302502', 'WARD NO-02', NULL, 1, NULL, '2015-05-24 08:12:57', NULL, '2015-05-24 08:12:57', 1808, 'W'),
(7, '02302503', 'WARD NO-03', NULL, 1, NULL, '2015-05-24 08:12:57', NULL, '2015-05-24 08:12:57', 1809, 'W'),
(7, '02302504', 'WARD NO-04', NULL, 1, NULL, '2015-05-24 08:12:57', NULL, '2015-05-24 08:12:57', 1810, 'W'),
(7, '02302505', 'WARD NO-05', NULL, 1, NULL, '2015-05-24 08:12:57', NULL, '2015-05-24 08:12:57', 1811, 'W'),
(7, '02302506', 'WARD NO-06', NULL, 1, NULL, '2015-05-24 08:12:57', NULL, '2015-05-24 08:12:57', 1812, 'W'),
(7, '02302507', 'WARD NO-07', NULL, 1, NULL, '2015-05-24 08:12:57', NULL, '2015-05-24 08:12:57', 1813, 'W'),
(7, '02302508', 'WARD NO-08', NULL, 1, NULL, '2015-05-24 08:12:57', NULL, '2015-05-24 08:12:57', 1814, 'W'),
(7, '02302509', 'WARD NO-09', NULL, 1, NULL, '2015-05-24 08:12:57', NULL, '2015-05-24 08:12:57', 1815, 'W'),
(7, '02302512', 'DAGANBHUIYAN', NULL, 1, NULL, '2015-05-24 08:37:14', NULL, '2015-05-24 08:37:14', 1816, 'U'),
(7, '02302538', 'JAILASHKARA', NULL, 1, NULL, '2015-05-24 08:37:14', NULL, '2015-05-24 08:37:14', 1817, 'U'),
(7, '02302556', 'MATHU BHUIYAN', NULL, 1, NULL, '2015-05-24 08:37:14', NULL, '2015-05-24 08:37:14', 1818, 'U'),
(7, '02302569', 'PURBA CHANDRAPUR', NULL, 1, NULL, '2015-05-24 08:37:14', NULL, '2015-05-24 08:37:14', 1819, 'U'),
(7, '02302573', 'RAJAPUR', NULL, 1, NULL, '2015-05-24 08:37:14', NULL, '2015-05-24 08:37:14', 1820, 'U'),
(7, '02302577', 'RAMNAGAR', NULL, 1, NULL, '2015-05-24 08:37:14', NULL, '2015-05-24 08:37:14', 1821, 'U'),
(7, '02302590', 'SINDURPUR', NULL, 1, NULL, '2015-05-24 08:37:14', NULL, '2015-05-24 08:37:14', 1822, 'U'),
(7, '02302594', 'YAKUBPUR', NULL, 1, NULL, '2015-05-24 08:37:14', NULL, '2015-05-24 08:37:14', 1823, 'U'),
(44, '02302901', 'WARD NO-01', NULL, 1, NULL, '2015-05-24 08:12:57', NULL, '2015-05-24 08:12:57', 1824, 'W'),
(44, '02302902', 'WARD NO-02', NULL, 1, NULL, '2015-05-24 08:12:57', NULL, '2015-05-24 08:12:57', 1825, 'W'),
(44, '02302903', 'WARD NO-03', NULL, 1, NULL, '2015-05-24 08:12:57', NULL, '2015-05-24 08:12:57', 1826, 'W'),
(44, '02302904', 'WARD NO-04', NULL, 1, NULL, '2015-05-24 08:12:57', NULL, '2015-05-24 08:12:57', 1827, 'W'),
(44, '02302905', 'WARD NO-05', NULL, 1, NULL, '2015-05-24 08:12:57', NULL, '2015-05-24 08:12:57', 1828, 'W'),
(44, '02302906', 'WARD NO-06', NULL, 1, NULL, '2015-05-24 08:12:57', NULL, '2015-05-24 08:12:57', 1829, 'W'),
(44, '02302907', 'WARD NO-07', NULL, 1, NULL, '2015-05-24 08:12:57', NULL, '2015-05-24 08:12:57', 1830, 'W'),
(44, '02302908', 'WARD NO-08', NULL, 1, NULL, '2015-05-24 08:12:57', NULL, '2015-05-24 08:12:57', 1831, 'W'),
(44, '02302909', 'WARD NO-09', NULL, 1, NULL, '2015-05-24 08:12:57', NULL, '2015-05-24 08:12:57', 1832, 'W'),
(44, '02302910', 'WARD NO-10', NULL, 1, NULL, '2015-05-24 08:12:57', NULL, '2015-05-24 08:12:57', 1833, 'W'),
(44, '02302911', 'WARD NO-11', NULL, 1, NULL, '2015-05-24 08:12:57', NULL, '2015-05-24 08:12:57', 1834, 'W'),
(44, '02302912', 'WARD NO-12', NULL, 1, NULL, '2015-05-24 08:12:57', NULL, '2015-05-24 08:12:57', 1835, 'W'),
(44, '02302913', 'WARD NO-13', NULL, 1, NULL, '2015-05-24 08:12:57', NULL, '2015-05-24 08:12:57', 1836, 'W'),
(44, '02302914', 'WARD NO-14', NULL, 1, NULL, '2015-05-24 08:12:57', NULL, '2015-05-24 08:12:57', 1837, 'W'),
(44, '02302915', 'WARD NO-15', NULL, 1, NULL, '2015-05-24 08:12:57', NULL, '2015-05-24 08:12:57', 1838, 'W'),
(44, '02302916', 'WARD NO-16', NULL, 1, NULL, '2015-05-24 08:12:57', NULL, '2015-05-24 08:12:57', 1839, 'W'),
(44, '02302917', 'WARD NO-17', NULL, 1, NULL, '2015-05-24 08:12:57', NULL, '2015-05-24 08:12:57', 1840, 'W'),
(44, '02302918', 'WARD NO-18', NULL, 1, NULL, '2015-05-24 08:12:57', NULL, '2015-05-24 08:12:57', 1841, 'W'),
(44, '02302920', 'BALIGAON', NULL, 1, NULL, '2015-05-24 08:37:14', NULL, '2015-05-24 08:37:14', 1842, 'U');
INSERT INTO `sa_unions` (`THANA_ID`, `UD_UNION_CODE`, `UNION_NAME`, `ORDER_SL`, `ACTIVE_FLAG`, `CREATED_BY`, `CREATE_DATE`, `UPDATED_BY`, `UPDATE_DATE`, `UNION_ID`, `UAREA_STATUS`) VALUES
(44, '02302922', 'DHALIA', NULL, 1, NULL, '2015-05-24 08:37:14', NULL, '2015-05-24 08:37:14', 1843, 'U'),
(44, '02302923', 'DHARMAPUR', NULL, 1, NULL, '2015-05-24 08:37:14', NULL, '2015-05-24 08:37:14', 1844, 'U'),
(44, '02302925', 'FARHADNAGAR', NULL, 1, NULL, '2015-05-24 08:37:14', NULL, '2015-05-24 08:37:14', 1845, 'U'),
(44, '02302930', 'FAZILPUR', NULL, 1, NULL, '2015-05-24 08:37:14', NULL, '2015-05-24 08:37:14', 1846, 'U'),
(44, '02302943', 'KALIDAH', NULL, 1, NULL, '2015-05-24 08:37:14', NULL, '2015-05-24 08:37:14', 1847, 'U'),
(433, '03264814', 'WARD NO-14 (PART)', NULL, 1, NULL, '2015-05-24 08:12:57', NULL, '2015-05-24 08:12:57', 1848, 'W'),
(434, '03265041', 'WARD NO-41', NULL, 1, NULL, '2015-05-24 08:12:57', NULL, '2015-05-24 08:12:57', 1849, 'W'),
(434, '03265042', 'WARD NO-42', NULL, 1, NULL, '2015-05-24 08:12:57', NULL, '2015-05-24 08:12:57', 1850, 'W'),
(434, '03265044', 'WARD NO-44', NULL, 1, NULL, '2015-05-24 08:12:57', NULL, '2015-05-24 08:12:57', 1851, 'W'),
(434, '03265045', 'WARD NO-45', NULL, 1, NULL, '2015-05-24 08:12:57', NULL, '2015-05-24 08:12:57', 1852, 'W'),
(434, '03265046', 'WARD NO-46 (PART)', NULL, 1, NULL, '2015-05-24 08:12:57', NULL, '2015-05-24 08:12:57', 1853, 'W'),
(434, '03265047', 'WARD NO-47(PART)', NULL, 1, NULL, '2015-05-24 08:12:57', NULL, '2015-05-24 08:12:57', 1854, 'W'),
(434, '03265051', 'WARD NO-51 (PART)', NULL, 1, NULL, '2015-05-24 08:12:57', NULL, '2015-05-24 08:12:57', 1855, 'W'),
(435, '03265431', 'WARD NO-31', NULL, 1, NULL, '2015-05-24 08:12:57', NULL, '2015-05-24 08:12:57', 1856, 'W'),
(435, '03265432', 'WARD NO-32', NULL, 1, NULL, '2015-05-24 08:12:57', NULL, '2015-05-24 08:12:57', 1857, 'W'),
(435, '03265433', 'WARD NO-33', NULL, 1, NULL, '2015-05-24 08:12:57', NULL, '2015-05-24 08:12:57', 1858, 'W'),
(435, '03265434', 'WARD NO-34', NULL, 1, NULL, '2015-05-24 08:12:57', NULL, '2015-05-24 08:12:57', 1859, 'W'),
(435, '03265435', 'WARD NO-35', NULL, 1, NULL, '2015-05-24 08:12:57', NULL, '2015-05-24 08:12:57', 1860, 'W'),
(435, '03265453', 'WARD NO-53 (PART)', NULL, 1, NULL, '2015-05-24 08:12:57', NULL, '2015-05-24 08:12:57', 1861, 'W'),
(436, '03266211', 'AGLA', NULL, 1, NULL, '2015-05-24 08:37:14', NULL, '2015-05-24 08:37:14', 1862, 'U'),
(436, '03266213', 'BAKSHANAGAR', NULL, 1, NULL, '2015-05-24 08:37:14', NULL, '2015-05-24 08:37:14', 1863, 'U'),
(436, '03266220', 'BANDURA', NULL, 1, NULL, '2015-05-24 08:37:14', NULL, '2015-05-24 08:37:14', 1864, 'U'),
(436, '03266227', 'BARRAH', NULL, 1, NULL, '2015-05-24 08:37:14', NULL, '2015-05-24 08:37:14', 1865, 'U'),
(436, '03266233', 'BARUAKHALI', NULL, 1, NULL, '2015-05-24 08:37:14', NULL, '2015-05-24 08:37:14', 1866, 'U'),
(436, '03266240', 'CHURAIN', NULL, 1, NULL, '2015-05-24 08:37:14', NULL, '2015-05-24 08:37:14', 1867, 'U'),
(436, '03266247', 'GALIMPUR', NULL, 1, NULL, '2015-05-24 08:37:14', NULL, '2015-05-24 08:37:14', 1868, 'U'),
(436, '03266254', 'JANTRAIL', NULL, 1, NULL, '2015-05-24 08:37:14', NULL, '2015-05-24 08:37:14', 1869, 'U'),
(436, '03266261', 'JOYKRISHNAPUR', NULL, 1, NULL, '2015-05-24 08:37:14', NULL, '2015-05-24 08:37:14', 1870, 'U'),
(436, '03266267', 'KAILAIL', NULL, 1, NULL, '2015-05-24 08:37:14', NULL, '2015-05-24 08:37:14', 1871, 'U'),
(436, '03266274', 'KALAKOPA', NULL, 1, NULL, '2015-05-24 08:37:14', NULL, '2015-05-24 08:37:14', 1872, 'U'),
(436, '03266281', 'NAYANSREE', NULL, 1, NULL, '2015-05-24 08:37:14', NULL, '2015-05-24 08:37:14', 1873, 'U'),
(436, '03266288', 'SHIKARI PARA', NULL, 1, NULL, '2015-05-24 08:37:14', NULL, '2015-05-24 08:37:14', 1874, 'U'),
(436, '03266294', 'SHOLLA', NULL, 1, NULL, '2015-05-24 08:37:14', NULL, '2015-05-24 08:37:14', 1875, 'U'),
(43, '03266352', 'WARD NO-52', NULL, 1, NULL, '2015-05-24 08:12:57', NULL, '2015-05-24 08:12:57', 1876, 'W'),
(437, '03266402', 'WARD NO-02', NULL, 1, NULL, '2015-05-24 08:12:57', NULL, '2015-05-24 08:12:57', 1877, 'W'),
(437, '03266403', 'WARD NO-03 (PART)', NULL, 1, NULL, '2015-05-24 08:12:57', NULL, '2015-05-24 08:12:57', 1878, 'W'),
(437, '03266405', 'WARD NO-05', NULL, 1, NULL, '2015-05-24 08:12:57', NULL, '2015-05-24 08:12:57', 1879, 'W'),
(437, '03266406', 'WARD NO-06 (PART)', NULL, 1, NULL, '2015-05-24 08:12:57', NULL, '2015-05-24 08:12:57', 1880, 'W'),
(437, '03266415', 'WARD NO-15(PART)', NULL, 1, NULL, '2015-05-24 08:12:57', NULL, '2015-05-24 08:12:57', 1881, 'W'),
(42, '03266536', 'WARD NO-36', NULL, 1, NULL, '2015-05-24 08:12:57', NULL, '2015-05-24 08:12:57', 1882, 'W'),
(42, '03266556', 'WARD NO-56 (PART)', NULL, 1, NULL, '2015-05-24 08:12:57', NULL, '2015-05-24 08:12:57', 1883, 'W'),
(68, '03266653', 'WARD NO-53 (PART)', NULL, 1, NULL, '2015-05-24 08:12:57', NULL, '2015-05-24 08:12:57', 1884, 'W'),
(68, '03266654', 'WARD NO-54', NULL, 1, NULL, '2015-05-24 08:12:57', NULL, '2015-05-24 08:12:57', 1885, 'W'),
(68, '03266655', 'WARD NO-55', NULL, 1, NULL, '2015-05-24 08:12:57', NULL, '2015-05-24 08:12:57', 1886, 'W'),
(68, '03266656', 'WARD NO-56(PART)', NULL, 1, NULL, '2015-05-24 08:12:57', NULL, '2015-05-24 08:12:57', 1887, 'W'),
(68, '03266657', 'WARD NO-57 (PART)', NULL, 1, NULL, '2015-05-24 08:12:57', NULL, '2015-05-24 08:12:57', 1888, 'W'),
(69, '03266827', 'WARD NO-27', NULL, 1, NULL, '2015-05-24 08:12:57', NULL, '2015-05-24 08:12:57', 1889, 'W'),
(69, '03266828', 'WARD NO-28', NULL, 1, NULL, '2015-05-24 08:12:57', NULL, '2015-05-24 08:12:57', 1890, 'W'),
(69, '03266829', 'WARD NO-29', NULL, 1, NULL, '2015-05-24 08:12:57', NULL, '2015-05-24 08:12:57', 1891, 'W'),
(69, '03266830', 'WARD NO-30', NULL, 1, NULL, '2015-05-24 08:12:57', NULL, '2015-05-24 08:12:57', 1892, 'W'),
(69, '03266860', 'DAKSHINGAON (PART)', NULL, 1, NULL, '2015-05-24 08:37:14', NULL, '2015-05-24 08:37:14', 1893, 'U'),
(69, '03266882', 'MANDA', NULL, 1, NULL, '2015-05-24 08:37:14', NULL, '2015-05-24 08:37:14', 1894, 'U'),
(70, '03267201', 'WARD NO-01', NULL, 1, NULL, '2015-05-24 08:12:57', NULL, '2015-05-24 08:12:57', 1895, 'W'),
(70, '03267202', 'WARD NO-02', NULL, 1, NULL, '2015-05-24 08:12:57', NULL, '2015-05-24 08:12:57', 1896, 'W'),
(70, '03267203', 'WARD NO-03', NULL, 1, NULL, '2015-05-24 08:12:57', NULL, '2015-05-24 08:12:57', 1897, 'W'),
(70, '03267204', 'WARD NO-04', NULL, 1, NULL, '2015-05-24 08:12:57', NULL, '2015-05-24 08:12:57', 1898, 'W'),
(70, '03267205', 'WARD NO-05', NULL, 1, NULL, '2015-05-24 08:12:57', NULL, '2015-05-24 08:12:57', 1899, 'W'),
(70, '03267206', 'WARD NO-06', NULL, 1, NULL, '2015-05-24 08:12:57', NULL, '2015-05-24 08:12:57', 1900, 'W'),
(70, '03267207', 'WARD NO-07', NULL, 1, NULL, '2015-05-24 08:12:57', NULL, '2015-05-24 08:12:57', 1901, 'W'),
(70, '03267208', 'WARD NO-08', NULL, 1, NULL, '2015-05-24 08:12:57', NULL, '2015-05-24 08:12:57', 1902, 'W'),
(70, '03267209', 'WARD NO-09', NULL, 1, NULL, '2015-05-24 08:12:57', NULL, '2015-05-24 08:12:57', 1903, 'W'),
(70, '03267215', 'AMIN BAZAR', NULL, 1, NULL, '2015-05-24 08:37:14', NULL, '2015-05-24 08:37:14', 1904, 'U'),
(70, '03267218', 'ASHULIA', NULL, 1, NULL, '2015-05-24 08:37:14', NULL, '2015-05-24 08:37:14', 1905, 'U'),
(70, '03267222', 'BANAGRAM', NULL, 1, NULL, '2015-05-24 08:37:14', NULL, '2015-05-24 08:37:14', 1906, 'U'),
(70, '03267227', 'BHAKURTA', NULL, 1, NULL, '2015-05-24 08:37:14', NULL, '2015-05-24 08:37:14', 1907, 'U'),
(70, '03267233', 'BIRALIA', NULL, 1, NULL, '2015-05-24 08:37:14', NULL, '2015-05-24 08:37:14', 1908, 'U'),
(70, '03267239', 'DHAMSANA', NULL, 1, NULL, '2015-05-24 08:37:14', NULL, '2015-05-24 08:37:14', 1909, 'U'),
(70, '03267250', 'KAUNDIA', NULL, 1, NULL, '2015-05-24 08:37:14', NULL, '2015-05-24 08:37:14', 1910, 'U'),
(70, '03267272', 'PATHALIA(PART)', NULL, 1, NULL, '2015-05-24 08:37:14', NULL, '2015-05-24 08:37:14', 1911, 'U'),
(70, '03267278', 'SAVAR', NULL, 1, NULL, '2015-05-24 08:37:14', NULL, '2015-05-24 08:37:14', 1912, 'U'),
(70, '03267283', 'SHIMULIA', NULL, 1, NULL, '2015-05-24 08:37:14', NULL, '2015-05-24 08:37:14', 1913, 'U'),
(70, '03267289', 'TETULJHORA', NULL, 1, NULL, '2015-05-24 08:37:14', NULL, '2015-05-24 08:37:14', 1914, 'U'),
(70, '03267294', 'YEARPUR', NULL, 1, NULL, '2015-05-24 08:37:14', NULL, '2015-05-24 08:37:14', 1915, 'U'),
(70, '03267298', 'SAVAR CANTOMENT', NULL, 1, NULL, '2015-05-24 08:37:14', NULL, '2015-05-24 08:37:14', 1916, 'U'),
(71, '03267406', 'WARD NO-06 (PART)', NULL, 1, NULL, '2015-05-24 08:12:57', NULL, '2015-05-24 08:12:57', 1917, 'W'),
(71, '03267407', 'WARD NO-07 (PART)', NULL, 1, NULL, '2015-05-24 08:12:57', NULL, '2015-05-24 08:12:57', 1918, 'W'),
(71, '03267408', 'WARD NO-08', NULL, 1, NULL, '2015-05-24 08:12:57', NULL, '2015-05-24 08:12:57', 1919, 'W'),
(72, '03267556', 'WARD NO-56(PART)', NULL, 1, NULL, '2015-05-24 08:12:57', NULL, '2015-05-24 08:12:57', 1920, 'W'),
(72, '03267557', 'WARD NO-57 (PART)', NULL, 1, NULL, '2015-05-24 08:12:57', NULL, '2015-05-24 08:12:57', 1921, 'W'),
(73, '03267635', 'DHANIA (PART)', NULL, 1, NULL, '2015-05-24 08:37:14', NULL, '2015-05-24 08:37:14', 1922, 'U'),
(73, '03267680', 'MATUAIL(PART)', NULL, 1, NULL, '2015-05-24 08:37:14', NULL, '2015-05-24 08:37:14', 1923, 'U'),
(73, '03267683', 'WARD NO-83', NULL, 1, NULL, '2015-05-24 08:12:57', NULL, '2015-05-24 08:12:57', 1924, 'W'),
(73, '03267687', 'WARD NO-87 (PART)', NULL, 1, NULL, '2015-05-24 08:12:57', NULL, '2015-05-24 08:12:57', 1925, 'W'),
(73, '03267688', 'WARD NO-88', NULL, 1, NULL, '2015-05-24 08:12:57', NULL, '2015-05-24 08:12:57', 1926, 'W'),
(73, '03267689', 'WARD NO-89', NULL, 1, NULL, '2015-05-24 08:12:57', NULL, '2015-05-24 08:12:57', 1927, 'W'),
(73, '03267690', 'WARD NO-90', NULL, 1, NULL, '2015-05-24 08:12:57', NULL, '2015-05-24 08:12:57', 1928, 'W'),
(73, '03267695', 'SHYAMPUR', NULL, 1, NULL, '2015-05-24 08:37:14', NULL, '2015-05-24 08:37:14', 1929, 'U'),
(74, '03268874', 'WARD NO-74', NULL, 1, NULL, '2015-05-24 08:12:57', NULL, '2015-05-24 08:12:57', 1930, 'W'),
(74, '03268875', 'WARD NO-75', NULL, 1, NULL, '2015-05-24 08:12:57', NULL, '2015-05-24 08:12:57', 1931, 'W'),
(74, '03268876', 'WARD NO-76 (PART)', NULL, 1, NULL, '2015-05-24 08:12:57', NULL, '2015-05-24 08:12:57', 1932, 'W'),
(74, '03268877', 'WARD NO-77', NULL, 1, NULL, '2015-05-24 08:12:57', NULL, '2015-05-24 08:12:57', 1933, 'W'),
(74, '03268878', 'WARD NO-78', NULL, 1, NULL, '2015-05-24 08:12:57', NULL, '2015-05-24 08:12:57', 1934, 'W'),
(74, '03268879', 'WARD NO-79', NULL, 1, NULL, '2015-05-24 08:12:57', NULL, '2015-05-24 08:12:57', 1935, 'W'),
(74, '03268880', 'WARD NO-80', NULL, 1, NULL, '2015-05-24 08:12:57', NULL, '2015-05-24 08:12:57', 1936, 'W'),
(74, '03268881', 'WARD NO-81', NULL, 1, NULL, '2015-05-24 08:12:57', NULL, '2015-05-24 08:12:57', 1937, 'W'),
(74, '03268882', 'WARD NO-82', NULL, 1, NULL, '2015-05-24 08:12:57', NULL, '2015-05-24 08:12:57', 1938, 'W'),
(75, '03269038', 'WARD NO-38 (PART)', NULL, 1, NULL, '2015-05-24 08:12:57', NULL, '2015-05-24 08:12:57', 1939, 'W'),
(75, '03269039', 'WARD NO-39 (PART)', NULL, 1, NULL, '2015-05-24 08:12:57', NULL, '2015-05-24 08:12:57', 1940, 'W'),
(75, '03269040', 'WARD NO-40', NULL, 1, NULL, '2015-05-24 08:12:57', NULL, '2015-05-24 08:12:57', 1941, 'W'),
(76, '03269220', 'WARD NO-20 (PART)', NULL, 1, NULL, '2015-05-24 08:12:57', NULL, '2015-05-24 08:12:57', 1942, 'W'),
(76, '03269237', 'WARD NO-37', NULL, 1, NULL, '2015-05-24 08:12:57', NULL, '2015-05-24 08:12:57', 1943, 'W'),
(76, '03269238', 'WARD NO-38 (PART)', NULL, 1, NULL, '2015-05-24 08:12:57', NULL, '2015-05-24 08:12:57', 1944, 'W'),
(76, '03269239', 'WARD NO-39 (PART)', NULL, 1, NULL, '2015-05-24 08:12:57', NULL, '2015-05-24 08:12:57', 1945, 'W'),
(77, '03269351', 'HARIRAMPUR (PART)', NULL, 1, NULL, '2015-05-24 08:37:14', NULL, '2015-05-24 08:37:14', 1946, 'U'),
(78, '03269501', 'WARD NO-01 (PART)', NULL, 1, NULL, '2015-05-24 08:12:57', NULL, '2015-05-24 08:12:57', 1947, 'W'),
(78, '03269551', 'HARIRAMPUR (PART)', NULL, 1, NULL, '2015-05-24 08:37:14', NULL, '2015-05-24 08:37:14', 1948, 'U'),
(79, '03269676', 'UTTAR KHAN', NULL, 1, NULL, '2015-05-24 08:37:14', NULL, '2015-05-24 08:37:14', 1949, 'U'),
(80, '03290310', 'ALFADANGA', NULL, 1, NULL, '2015-05-24 08:37:14', NULL, '2015-05-24 08:37:14', 1950, 'U'),
(80, '03290321', 'BANA', NULL, 1, NULL, '2015-05-24 08:37:14', NULL, '2015-05-24 08:37:14', 1951, 'U'),
(80, '03290331', 'BURAICH', NULL, 1, NULL, '2015-05-24 08:37:14', NULL, '2015-05-24 08:37:14', 1952, 'U'),
(80, '03290342', 'GOPALPUR', NULL, 1, NULL, '2015-05-24 08:37:14', NULL, '2015-05-24 08:37:14', 1953, 'U'),
(80, '03290352', 'PANCHURIA', NULL, 1, NULL, '2015-05-24 08:37:14', NULL, '2015-05-24 08:37:14', 1954, 'U'),
(80, '03290384', 'TAGARBANDA', NULL, 1, NULL, '2015-05-24 08:37:14', NULL, '2015-05-24 08:37:14', 1955, 'U'),
(81, '03291001', 'WARD NO-01', NULL, 1, NULL, '2015-05-24 08:12:57', NULL, '2015-05-24 08:12:57', 1956, 'W'),
(81, '03291002', 'WARD NO-02', NULL, 1, NULL, '2015-05-24 08:12:57', NULL, '2015-05-24 08:12:57', 1957, 'W'),
(81, '03291003', 'WARD NO-03', NULL, 1, NULL, '2015-05-24 08:12:57', NULL, '2015-05-24 08:12:57', 1958, 'W'),
(81, '03291004', 'WARD NO-04', NULL, 1, NULL, '2015-05-24 08:12:57', NULL, '2015-05-24 08:12:57', 1959, 'W'),
(81, '03291005', 'WARD NO-05', NULL, 1, NULL, '2015-05-24 08:12:57', NULL, '2015-05-24 08:12:57', 1960, 'W'),
(81, '03291006', 'WARD NO-06', NULL, 1, NULL, '2015-05-24 08:12:57', NULL, '2015-05-24 08:12:57', 1961, 'W'),
(81, '03291007', 'WARD NO-07', NULL, 1, NULL, '2015-05-24 08:12:57', NULL, '2015-05-24 08:12:57', 1962, 'W'),
(81, '03291008', 'WARD NO-08', NULL, 1, NULL, '2015-05-24 08:12:57', NULL, '2015-05-24 08:12:57', 1963, 'W'),
(81, '03291009', 'WARD NO-09', NULL, 1, NULL, '2015-05-24 08:12:57', NULL, '2015-05-24 08:12:57', 1964, 'W'),
(81, '03291013', 'ALGI', NULL, 1, NULL, '2015-05-24 08:37:14', NULL, '2015-05-24 08:37:14', 1965, 'U'),
(81, '03291015', 'AZIMNAGAR', NULL, 1, NULL, '2015-05-24 08:37:14', NULL, '2015-05-24 08:37:14', 1966, 'U'),
(81, '03291025', 'CHUMORDI', NULL, 1, NULL, '2015-05-24 08:37:14', NULL, '2015-05-24 08:37:14', 1967, 'U'),
(81, '03291031', 'CHANDRA', NULL, 1, NULL, '2015-05-24 08:37:14', NULL, '2015-05-24 08:37:14', 1968, 'U'),
(81, '03291039', 'GHARUA', NULL, 1, NULL, '2015-05-24 08:37:14', NULL, '2015-05-24 08:37:14', 1969, 'U'),
(81, '03291047', 'HAMIRDI', NULL, 1, NULL, '2015-05-24 08:37:14', NULL, '2015-05-24 08:37:14', 1970, 'U'),
(81, '03291055', 'KALAMRIDHA', NULL, 1, NULL, '2015-05-24 08:37:14', NULL, '2015-05-24 08:37:14', 1971, 'U'),
(81, '03291063', 'KAOLIBERA', NULL, 1, NULL, '2015-05-24 08:37:14', NULL, '2015-05-24 08:37:14', 1972, 'U'),
(81, '03291071', 'MANIKDAHA', NULL, 1, NULL, '2015-05-24 08:37:14', NULL, '2015-05-24 08:37:14', 1973, 'U'),
(81, '03291079', 'NASIRABAD', NULL, 1, NULL, '2015-05-24 08:37:14', NULL, '2015-05-24 08:37:14', 1974, 'U'),
(81, '03291087', 'NURULLAGANJ', NULL, 1, NULL, '2015-05-24 08:37:14', NULL, '2015-05-24 08:37:14', 1975, 'U'),
(81, '03291094', 'TUZARPUR', NULL, 1, NULL, '2015-05-24 08:37:14', NULL, '2015-05-24 08:37:14', 1976, 'U'),
(38, '03291801', 'WARD NO-01', NULL, 1, NULL, '2015-05-24 08:12:57', NULL, '2015-05-24 08:12:57', 1977, 'W'),
(38, '03291802', 'WARD NO-02', NULL, 1, NULL, '2015-05-24 08:12:57', NULL, '2015-05-24 08:12:57', 1978, 'W'),
(38, '03291803', 'WARD NO-03', NULL, 1, NULL, '2015-05-24 08:12:57', NULL, '2015-05-24 08:12:57', 1979, 'W'),
(38, '03291804', 'WARD NO-04', NULL, 1, NULL, '2015-05-24 08:12:57', NULL, '2015-05-24 08:12:57', 1980, 'W'),
(38, '03291805', 'WARD NO-05', NULL, 1, NULL, '2015-05-24 08:12:57', NULL, '2015-05-24 08:12:57', 1981, 'W'),
(63, '02754704', 'WARD NO-04', NULL, 1, NULL, '2015-05-24 08:12:57', NULL, '2015-05-24 08:12:57', 1982, 'W'),
(63, '02754705', 'WARD NO-05', NULL, 1, NULL, '2015-05-24 08:12:57', NULL, '2015-05-24 08:12:57', 1983, 'W'),
(63, '02754706', 'WARD NO-06', NULL, 1, NULL, '2015-05-24 08:12:57', NULL, '2015-05-24 08:12:57', 1984, 'W'),
(63, '02754707', 'WARD NO-07', NULL, 1, NULL, '2015-05-24 08:12:57', NULL, '2015-05-24 08:12:57', 1985, 'W'),
(63, '02754708', 'WARD NO-08', NULL, 1, NULL, '2015-05-24 08:12:57', NULL, '2015-05-24 08:12:57', 1986, 'W'),
(63, '02754709', 'WARD NO-09', NULL, 1, NULL, '2015-05-24 08:12:57', NULL, '2015-05-24 08:12:57', 1987, 'W'),
(63, '02754723', 'BATAIYA', NULL, 1, NULL, '2015-05-24 08:37:14', NULL, '2015-05-24 08:37:14', 1988, 'U'),
(63, '02754727', 'CHAPRASHIRHAT', NULL, 1, NULL, '2015-05-24 08:37:14', NULL, '2015-05-24 08:37:14', 1989, 'U'),
(63, '02754735', 'DHAN SHALIK', NULL, 1, NULL, '2015-05-24 08:37:14', NULL, '2015-05-24 08:37:14', 1990, 'U'),
(63, '02754745', 'DHAN SIRI', NULL, 1, NULL, '2015-05-24 08:37:14', NULL, '2015-05-24 08:37:14', 1991, 'U'),
(63, '02754755', 'GHOSHBAGH', NULL, 1, NULL, '2015-05-24 08:37:14', NULL, '2015-05-24 08:37:14', 1992, 'U'),
(63, '02754770', 'NAROTTAMPUR', NULL, 1, NULL, '2015-05-24 08:37:14', NULL, '2015-05-24 08:37:14', 1993, 'U'),
(63, '02754795', 'SUNDALPUR', NULL, 1, NULL, '2015-05-24 08:37:14', NULL, '2015-05-24 08:37:14', 1994, 'U'),
(64, '02758001', 'WARD NO-01', NULL, 1, NULL, '2015-05-24 08:12:57', NULL, '2015-05-24 08:12:57', 1995, 'W'),
(64, '02758002', 'WARD NO-02', NULL, 1, NULL, '2015-05-24 08:12:57', NULL, '2015-05-24 08:12:57', 1996, 'W'),
(64, '02758003', 'WARD NO-03', NULL, 1, NULL, '2015-05-24 08:12:57', NULL, '2015-05-24 08:12:57', 1997, 'W'),
(64, '02758004', 'WARD NO-04', NULL, 1, NULL, '2015-05-24 08:12:57', NULL, '2015-05-24 08:12:57', 1998, 'W'),
(64, '02758005', 'WARD NO-05', NULL, 1, NULL, '2015-05-24 08:12:57', NULL, '2015-05-24 08:12:57', 1999, 'W'),
(64, '02758006', 'WARD NO-06', NULL, 1, NULL, '2015-05-24 08:12:57', NULL, '2015-05-24 08:12:57', 2000, 'W'),
(64, '02758007', 'WARD NO-07', NULL, 1, NULL, '2015-05-24 08:12:57', NULL, '2015-05-24 08:12:57', 2001, 'W'),
(64, '02758008', 'WARD NO-08', NULL, 1, NULL, '2015-05-24 08:12:57', NULL, '2015-05-24 08:12:57', 2002, 'W'),
(64, '02758009', 'WARD NO-09', NULL, 1, NULL, '2015-05-24 08:12:57', NULL, '2015-05-24 08:12:57', 2003, 'W'),
(64, '02758013', 'ARJUNTALA', NULL, 1, NULL, '2015-05-24 08:37:14', NULL, '2015-05-24 08:37:14', 2004, 'U'),
(64, '02758019', 'BEJOYBAGH', NULL, 1, NULL, '2015-05-24 08:37:14', NULL, '2015-05-24 08:37:14', 2005, 'U'),
(64, '02758028', 'CHHATARPAIA', NULL, 1, NULL, '2015-05-24 08:37:14', NULL, '2015-05-24 08:37:14', 2006, 'U'),
(64, '02758038', 'DUMURIA', NULL, 1, NULL, '2015-05-24 08:37:14', NULL, '2015-05-24 08:37:14', 2007, 'U'),
(64, '02758047', 'KABILPUR', NULL, 1, NULL, '2015-05-24 08:37:14', NULL, '2015-05-24 08:37:14', 2008, 'U'),
(64, '02758057', 'KADRA', NULL, 1, NULL, '2015-05-24 08:37:14', NULL, '2015-05-24 08:37:14', 2009, 'U'),
(64, '02758066', 'KESHARPAR', NULL, 1, NULL, '2015-05-24 08:37:14', NULL, '2015-05-24 08:37:14', 2010, 'U'),
(64, '02758076', 'MOHAMMADPUR', NULL, 1, NULL, '2015-05-24 08:37:14', NULL, '2015-05-24 08:37:14', 2011, 'U'),
(64, '02758085', 'NABIPUR', NULL, 1, NULL, '2015-05-24 08:37:14', NULL, '2015-05-24 08:37:14', 2012, 'U'),
(65, '02758301', 'WARD NO-01', NULL, 1, NULL, '2015-05-24 08:12:57', NULL, '2015-05-24 08:12:57', 2013, 'W'),
(65, '02758302', 'WARD NO-02', NULL, 1, NULL, '2015-05-24 08:12:57', NULL, '2015-05-24 08:12:57', 2014, 'W'),
(65, '02758303', 'WARD NO-03', NULL, 1, NULL, '2015-05-24 08:12:57', NULL, '2015-05-24 08:12:57', 2015, 'W'),
(65, '02758304', 'WARD NO-04', NULL, 1, NULL, '2015-05-24 08:12:57', NULL, '2015-05-24 08:12:57', 2016, 'W'),
(65, '02758305', 'WARD NO-05', NULL, 1, NULL, '2015-05-24 08:12:57', NULL, '2015-05-24 08:12:57', 2017, 'W'),
(65, '02758306', 'WARD NO-06', NULL, 1, NULL, '2015-05-24 08:12:57', NULL, '2015-05-24 08:12:57', 2018, 'W'),
(65, '02758307', 'WARD NO-07', NULL, 1, NULL, '2015-05-24 08:12:57', NULL, '2015-05-24 08:12:57', 2019, 'W'),
(65, '02758308', 'WARD NO-08', NULL, 1, NULL, '2015-05-24 08:12:57', NULL, '2015-05-24 08:12:57', 2020, 'W'),
(65, '02758309', 'WARD NO-09', NULL, 1, NULL, '2015-05-24 08:12:57', NULL, '2015-05-24 08:12:57', 2021, 'W'),
(65, '02758313', 'AMBARNAGAR', NULL, 1, NULL, '2015-05-24 08:37:14', NULL, '2015-05-24 08:37:14', 2022, 'U'),
(65, '02758315', 'AMISHA PARA', NULL, 1, NULL, '2015-05-24 08:37:14', NULL, '2015-05-24 08:37:14', 2023, 'U'),
(65, '02758317', 'BARAGAON', NULL, 1, NULL, '2015-05-24 08:37:14', NULL, '2015-05-24 08:37:14', 2024, 'U'),
(65, '02758321', 'BAZRA', NULL, 1, NULL, '2015-05-24 08:37:14', NULL, '2015-05-24 08:37:14', 2025, 'U'),
(65, '02758331', 'CHASHIRHAT', NULL, 1, NULL, '2015-05-24 08:37:14', NULL, '2015-05-24 08:37:14', 2026, 'U'),
(65, '02758335', 'DEOTI', NULL, 1, NULL, '2015-05-24 08:37:14', NULL, '2015-05-24 08:37:14', 2027, 'U'),
(65, '02758359', 'JAYAG', NULL, 1, NULL, '2015-05-24 08:37:14', NULL, '2015-05-24 08:37:14', 2028, 'U'),
(65, '02758373', 'NADANA', NULL, 1, NULL, '2015-05-24 08:37:14', NULL, '2015-05-24 08:37:14', 2029, 'U'),
(65, '02758377', 'NATESHWAR', NULL, 1, NULL, '2015-05-24 08:37:14', NULL, '2015-05-24 08:37:14', 2030, 'U'),
(65, '02758394', 'SONAPUR', NULL, 1, NULL, '2015-05-24 08:37:14', NULL, '2015-05-24 08:37:14', 2031, 'U'),
(66, '02758529', 'CHAR AMANULLAH', NULL, 1, NULL, '2015-05-24 08:37:14', NULL, '2015-05-24 08:37:14', 2032, 'U'),
(66, '02758531', 'CHAR BATA', NULL, 1, NULL, '2015-05-24 08:37:14', NULL, '2015-05-24 08:37:14', 2033, 'U'),
(66, '02758533', 'CHAR CLERK', NULL, 1, NULL, '2015-05-24 08:37:14', NULL, '2015-05-24 08:37:14', 2034, 'U'),
(66, '02758535', 'CHAR JABBAR', NULL, 1, NULL, '2015-05-24 08:37:14', NULL, '2015-05-24 08:37:14', 2035, 'U'),
(66, '02758536', 'CHAR JUBILLE', NULL, 1, NULL, '2015-05-24 08:37:14', NULL, '2015-05-24 08:37:14', 2036, 'U'),
(66, '02758537', 'CHAR WAPDA', NULL, 1, NULL, '2015-05-24 08:37:14', NULL, '2015-05-24 08:37:14', 2037, 'U'),
(66, '02758543', 'MOHAMMADPUR', NULL, 1, NULL, '2015-05-24 08:37:14', NULL, '2015-05-24 08:37:14', 2038, 'U'),
(66, '02758547', 'PURBA CHAR BATA', NULL, 1, NULL, '2015-05-24 08:37:14', NULL, '2015-05-24 08:37:14', 2039, 'U'),
(67, '02758701', 'WARD NO-01', NULL, 1, NULL, '2015-05-24 08:12:57', NULL, '2015-05-24 08:12:57', 2040, 'W'),
(67, '02758702', 'WARD NO-02', NULL, 1, NULL, '2015-05-24 08:12:57', NULL, '2015-05-24 08:12:57', 2041, 'W'),
(67, '02758703', 'WARD NO-03', NULL, 1, NULL, '2015-05-24 08:12:57', NULL, '2015-05-24 08:12:57', 2042, 'W'),
(67, '02758704', 'WARD NO-04', NULL, 1, NULL, '2015-05-24 08:12:57', NULL, '2015-05-24 08:12:57', 2043, 'W'),
(67, '02758705', 'WARD NO-05', NULL, 1, NULL, '2015-05-24 08:12:57', NULL, '2015-05-24 08:12:57', 2044, 'W'),
(67, '02758706', 'WARD NO-06', NULL, 1, NULL, '2015-05-24 08:12:57', NULL, '2015-05-24 08:12:57', 2045, 'W'),
(67, '02758707', 'WARD NO-07', NULL, 1, NULL, '2015-05-24 08:12:57', NULL, '2015-05-24 08:12:57', 2046, 'W'),
(67, '02758708', 'WARD NO-08', NULL, 1, NULL, '2015-05-24 08:12:57', NULL, '2015-05-24 08:12:57', 2047, 'W'),
(67, '02758709', 'WARD NO-09', NULL, 1, NULL, '2015-05-24 08:12:57', NULL, '2015-05-24 08:12:57', 2048, 'W'),
(67, '02758721', 'ANDERCHAR', NULL, 1, NULL, '2015-05-24 08:37:14', NULL, '2015-05-24 08:37:14', 2049, 'U'),
(67, '02758723', 'ASHWADIA', NULL, 1, NULL, '2015-05-24 08:37:14', NULL, '2015-05-24 08:37:14', 2050, 'U'),
(67, '02758725', 'BINODPUR', NULL, 1, NULL, '2015-05-24 08:37:14', NULL, '2015-05-24 08:37:14', 2051, 'U'),
(67, '02758740', 'CHAR MATUA', NULL, 1, NULL, '2015-05-24 08:37:14', NULL, '2015-05-24 08:37:14', 2052, 'U'),
(67, '02758745', 'DADPUR', NULL, 1, NULL, '2015-05-24 08:37:14', NULL, '2015-05-24 08:37:14', 2053, 'U'),
(67, '02758747', 'DHARMAPUR', NULL, 1, NULL, '2015-05-24 08:37:14', NULL, '2015-05-24 08:37:14', 2054, 'U'),
(67, '02758750', 'EWAZBALIA', NULL, 1, NULL, '2015-05-24 08:37:14', NULL, '2015-05-24 08:37:14', 2055, 'U'),
(67, '02758760', 'KADIR HANIF', NULL, 1, NULL, '2015-05-24 08:37:14', NULL, '2015-05-24 08:37:14', 2056, 'U'),
(67, '02758765', 'KALADARAF', NULL, 1, NULL, '2015-05-24 08:37:14', NULL, '2015-05-24 08:37:14', 2057, 'U'),
(67, '02758775', 'NIAZPUR', NULL, 1, NULL, '2015-05-24 08:37:14', NULL, '2015-05-24 08:37:14', 2058, 'U'),
(67, '02758780', 'NOAKHALI', NULL, 1, NULL, '2015-05-24 08:37:14', NULL, '2015-05-24 08:37:14', 2059, 'U'),
(67, '02758785', 'NOANNAI', NULL, 1, NULL, '2015-05-24 08:37:14', NULL, '2015-05-24 08:37:14', 2060, 'U'),
(67, '02758790', 'PURBA CHAR MATUA', NULL, 1, NULL, '2015-05-24 08:37:14', NULL, '2015-05-24 08:37:14', 2061, 'U'),
(405, '02840701', 'WARD NO-01', NULL, 1, NULL, '2015-05-24 08:12:57', NULL, '2015-05-24 08:12:57', 2062, 'W'),
(405, '02840702', 'WARD NO-02', NULL, 1, NULL, '2015-05-24 08:12:57', NULL, '2015-05-24 08:12:57', 2063, 'W'),
(405, '02840703', 'WARD NO-03', NULL, 1, NULL, '2015-05-24 08:12:57', NULL, '2015-05-24 08:12:57', 2064, 'W'),
(405, '02840704', 'WARD NO-04', NULL, 1, NULL, '2015-05-24 08:12:57', NULL, '2015-05-24 08:12:57', 2065, 'W'),
(405, '02840705', 'WARD NO-05', NULL, 1, NULL, '2015-05-24 08:12:57', NULL, '2015-05-24 08:12:57', 2066, 'W'),
(405, '02840706', 'WARD NO-06', NULL, 1, NULL, '2015-05-24 08:12:57', NULL, '2015-05-24 08:12:57', 2067, 'W'),
(405, '02840707', 'WARD NO-07', NULL, 1, NULL, '2015-05-24 08:12:57', NULL, '2015-05-24 08:12:57', 2068, 'W'),
(405, '02840708', 'WARD NO-08', NULL, 1, NULL, '2015-05-24 08:12:57', NULL, '2015-05-24 08:12:57', 2069, 'W'),
(405, '02840709', 'WARD NO-09', NULL, 1, NULL, '2015-05-24 08:12:57', NULL, '2015-05-24 08:12:57', 2070, 'W'),
(405, '02840710', 'AMTALI', NULL, 1, NULL, '2015-05-24 08:37:14', NULL, '2015-05-24 08:37:14', 2071, 'U'),
(405, '02840711', 'BAGHAI CHHARI', NULL, 1, NULL, '2015-05-24 08:37:14', NULL, '2015-05-24 08:37:14', 2072, 'U'),
(405, '02840723', 'BANGALTALI', NULL, 1, NULL, '2015-05-24 08:37:14', NULL, '2015-05-24 08:37:14', 2073, 'U'),
(405, '02840735', 'SARBOATALI', NULL, 1, NULL, '2015-05-24 08:37:14', NULL, '2015-05-24 08:37:14', 2074, 'U'),
(405, '02840747', 'KEDARMARA UNION', NULL, 1, NULL, '2015-05-24 08:37:14', NULL, '2015-05-24 08:37:14', 2075, 'U'),
(405, '02840759', 'MARISHYA', NULL, 1, NULL, '2015-05-24 08:37:14', NULL, '2015-05-24 08:37:14', 2076, 'U'),
(405, '02840771', 'RUPAKARI', NULL, 1, NULL, '2015-05-24 08:37:14', NULL, '2015-05-24 08:37:14', 2077, 'U'),
(405, '02840783', 'SAJEK  UNION', NULL, 1, NULL, '2015-05-24 08:37:14', NULL, '2015-05-24 08:37:14', 2078, 'U'),
(406, '02842115', 'AIBA CHHARA', NULL, 1, NULL, '2015-05-24 08:37:14', NULL, '2015-05-24 08:37:14', 2079, 'U'),
(406, '02842131', 'BARA HARINA', NULL, 1, NULL, '2015-05-24 08:37:14', NULL, '2015-05-24 08:37:14', 2080, 'U'),
(406, '02842147', 'BARKAL UNION', NULL, 1, NULL, '2015-05-24 08:37:14', NULL, '2015-05-24 08:37:14', 2081, 'U'),
(406, '02842163', 'BHUSHAN CHHARA', NULL, 1, NULL, '2015-05-24 08:37:14', NULL, '2015-05-24 08:37:14', 2082, 'U'),
(406, '02842179', 'SHUBLONG', NULL, 1, NULL, '2015-05-24 08:37:14', NULL, '2015-05-24 08:37:14', 2083, 'U'),
(407, '02842519', 'BETBUNIA UNION', NULL, 1, NULL, '2015-05-24 08:37:14', NULL, '2015-05-24 08:37:14', 2084, 'U'),
(407, '02842538', 'FATIK CHHARI', NULL, 1, NULL, '2015-05-24 08:37:14', NULL, '2015-05-24 08:37:14', 2085, 'U'),
(407, '02842557', 'GHAGRA', NULL, 1, NULL, '2015-05-24 08:37:14', NULL, '2015-05-24 08:37:14', 2086, 'U'),
(407, '02842576', 'KALAMPATI', NULL, 1, NULL, '2015-05-24 08:37:14', NULL, '2015-05-24 08:37:14', 2087, 'U'),
(408, '02842923', 'BELAI CHHARI', NULL, 1, NULL, '2015-05-24 08:37:14', NULL, '2015-05-24 08:37:14', 2088, 'U'),
(408, '02842947', 'FARUA UNION', NULL, 1, NULL, '2015-05-24 08:37:14', NULL, '2015-05-24 08:37:14', 2089, 'U'),
(408, '02842971', 'KANGARA CHHARI UN', NULL, 1, NULL, '2015-05-24 08:37:14', NULL, '2015-05-24 08:37:14', 2090, 'U'),
(409, '02843619', 'CHANDRAGHONA', NULL, 1, NULL, '2015-05-24 08:37:14', NULL, '2015-05-24 08:37:14', 2091, 'U'),
(409, '02843638', 'CHITMARAM', NULL, 1, NULL, '2015-05-24 08:37:14', NULL, '2015-05-24 08:37:14', 2092, 'U'),
(409, '02843657', 'KAPTAI', NULL, 1, NULL, '2015-05-24 08:37:14', NULL, '2015-05-24 08:37:14', 2093, 'U'),
(409, '02843676', 'RAIKHALI', NULL, 1, NULL, '2015-05-24 08:37:14', NULL, '2015-05-24 08:37:14', 2094, 'U'),
(409, '02843686', 'WAGGA UNION', NULL, 1, NULL, '2015-05-24 08:37:14', NULL, '2015-05-24 08:37:14', 2095, 'U'),
(410, '02844719', 'BANJUGI CHHARA UN', NULL, 1, NULL, '2015-05-24 08:37:14', NULL, '2015-05-24 08:37:14', 2096, 'U'),
(410, '02844738', 'DUMDUMYA UNION', NULL, 1, NULL, '2015-05-24 08:37:14', NULL, '2015-05-24 08:37:14', 2097, 'U'),
(410, '02844757', 'JURAI CHHARI', NULL, 1, NULL, '2015-05-24 08:37:14', NULL, '2015-05-24 08:37:14', 2098, 'U'),
(410, '02844776', 'MAIDANG UNION', NULL, 1, NULL, '2015-05-24 08:37:14', NULL, '2015-05-24 08:37:14', 2099, 'U'),
(411, '02845813', 'ADRARAK CHARA UNI', NULL, 1, NULL, '2015-05-24 08:37:14', NULL, '2015-05-24 08:37:14', 2100, 'U'),
(411, '02845827', 'BHASANYA ADAM UNI', NULL, 1, NULL, '2015-05-24 08:37:14', NULL, '2015-05-24 08:37:14', 2101, 'U'),
(411, '02845840', 'BAGACHATAR', NULL, 1, NULL, '2015-05-24 08:37:14', NULL, '2015-05-24 08:37:14', 2102, 'U'),
(411, '02845854', 'GULSHAKHALI UNION', NULL, 1, NULL, '2015-05-24 08:37:14', NULL, '2015-05-24 08:37:14', 2103, 'U'),
(411, '02845860', 'KALAPAKURJYA UNIO', NULL, 1, NULL, '2015-05-24 08:37:14', NULL, '2015-05-24 08:37:14', 2104, 'U'),
(411, '02845867', 'LANGADU UNION', NULL, 1, NULL, '2015-05-24 08:37:14', NULL, '2015-05-24 08:37:14', 2105, 'U'),
(411, '02845881', 'MAYANIMUKH UNION', NULL, 1, NULL, '2015-05-24 08:37:14', NULL, '2015-05-24 08:37:14', 2106, 'U'),
(412, '02847519', 'BURIGHAT UNION', NULL, 1, NULL, '2015-05-24 08:37:14', NULL, '2015-05-24 08:37:14', 2107, 'U'),
(412, '02847538', 'GHILA CHHARI UNIO', NULL, 1, NULL, '2015-05-24 08:37:14', NULL, '2015-05-24 08:37:14', 2108, 'U'),
(412, '02847557', 'NANIARCHAR UNION', NULL, 1, NULL, '2015-05-24 08:37:14', NULL, '2015-05-24 08:37:14', 2109, 'U'),
(412, '02847576', 'SABEKHYONG UNION', NULL, 1, NULL, '2015-05-24 08:37:14', NULL, '2015-05-24 08:37:14', 2110, 'U'),
(413, '02847823', 'BANGALHALIA UNION', NULL, 1, NULL, '2015-05-24 08:37:14', NULL, '2015-05-24 08:37:14', 2111, 'U'),
(413, '02847846', 'GHILA CHHARI UNIO', NULL, 1, NULL, '2015-05-24 08:37:14', NULL, '2015-05-24 08:37:14', 2112, 'U'),
(413, '02847871', 'GAINDA UNION', NULL, 1, NULL, '2015-05-24 08:37:14', NULL, '2015-05-24 08:37:14', 2113, 'U'),
(414, '02848701', 'WARD NO-01', NULL, 1, NULL, '2015-05-24 08:12:57', NULL, '2015-05-24 08:12:57', 2114, 'W'),
(414, '02848702', 'WARD NO-02', NULL, 1, NULL, '2015-05-24 08:12:57', NULL, '2015-05-24 08:12:57', 2115, 'W'),
(414, '02848703', 'WARD NO-03', NULL, 1, NULL, '2015-05-24 08:12:57', NULL, '2015-05-24 08:12:57', 2116, 'W'),
(414, '02848704', 'WARD NO-04', NULL, 1, NULL, '2015-05-24 08:12:57', NULL, '2015-05-24 08:12:57', 2117, 'W'),
(414, '02848705', 'WARD NO-05', NULL, 1, NULL, '2015-05-24 08:12:57', NULL, '2015-05-24 08:12:57', 2118, 'W'),
(414, '02848706', 'WARD NO-06', NULL, 1, NULL, '2015-05-24 08:12:57', NULL, '2015-05-24 08:12:57', 2119, 'W'),
(414, '02848707', 'WARD NO-07', NULL, 1, NULL, '2015-05-24 08:12:57', NULL, '2015-05-24 08:12:57', 2120, 'W'),
(414, '02848708', 'WARD NO-08', NULL, 1, NULL, '2015-05-24 08:12:57', NULL, '2015-05-24 08:12:57', 2121, 'W'),
(414, '02848709', 'WARD NO-09', NULL, 1, NULL, '2015-05-24 08:12:57', NULL, '2015-05-24 08:12:57', 2122, 'W'),
(414, '02848713', 'BANDUK BHANGA', NULL, 1, NULL, '2015-05-24 08:37:14', NULL, '2015-05-24 08:37:14', 2123, 'U'),
(38, '03291806', 'WARD NO-06', NULL, 1, NULL, '2015-05-24 08:12:57', NULL, '2015-05-24 08:12:57', 2124, 'W'),
(38, '03291807', 'WARD NO-07', NULL, 1, NULL, '2015-05-24 08:12:57', NULL, '2015-05-24 08:12:57', 2125, 'W'),
(38, '03291808', 'WARD NO-08', NULL, 1, NULL, '2015-05-24 08:12:57', NULL, '2015-05-24 08:12:57', 2126, 'W'),
(38, '03291809', 'WARD NO-09', NULL, 1, NULL, '2015-05-24 08:12:57', NULL, '2015-05-24 08:12:57', 2127, 'W'),
(38, '03291815', 'BOALMARI', NULL, 1, NULL, '2015-05-24 08:37:14', NULL, '2015-05-24 08:37:14', 2128, 'U'),
(38, '03291820', 'CHANDPUR', NULL, 1, NULL, '2015-05-24 08:37:14', NULL, '2015-05-24 08:37:14', 2129, 'U'),
(38, '03291825', 'CHATUL', NULL, 1, NULL, '2015-05-24 08:37:14', NULL, '2015-05-24 08:37:14', 2130, 'U'),
(38, '03291830', 'DADPUR', NULL, 1, NULL, '2015-05-24 08:37:14', NULL, '2015-05-24 08:37:14', 2131, 'U'),
(38, '03291835', 'GHOSHPUR', NULL, 1, NULL, '2015-05-24 08:37:14', NULL, '2015-05-24 08:37:14', 2132, 'U'),
(38, '03291840', 'GUNBAHA', NULL, 1, NULL, '2015-05-24 08:37:14', NULL, '2015-05-24 08:37:14', 2133, 'U'),
(38, '03291860', 'MOYNA', NULL, 1, NULL, '2015-05-24 08:37:14', NULL, '2015-05-24 08:37:14', 2134, 'U'),
(38, '03291875', 'PARAMESHWARDI', NULL, 1, NULL, '2015-05-24 08:37:14', NULL, '2015-05-24 08:37:14', 2135, 'U'),
(38, '03291885', 'RUPAPAT', NULL, 1, NULL, '2015-05-24 08:37:14', NULL, '2015-05-24 08:37:14', 2136, 'U'),
(38, '03291890', 'SATAIR', NULL, 1, NULL, '2015-05-24 08:37:14', NULL, '2015-05-24 08:37:14', 2137, 'U'),
(38, '03291895', 'SHEKHAR', NULL, 1, NULL, '2015-05-24 08:37:14', NULL, '2015-05-24 08:37:14', 2138, 'U'),
(82, '03292119', 'CHAR BHADRASAN', NULL, 1, NULL, '2015-05-24 08:37:14', NULL, '2015-05-24 08:37:14', 2139, 'U'),
(82, '03292138', 'CHAR HARIRAMPUR', NULL, 1, NULL, '2015-05-24 08:37:14', NULL, '2015-05-24 08:37:14', 2140, 'U'),
(82, '03292157', 'CHAR JHAUKANDA', NULL, 1, NULL, '2015-05-24 08:37:14', NULL, '2015-05-24 08:37:14', 2141, 'U'),
(82, '03292176', 'GAZIRTEK', NULL, 1, NULL, '2015-05-24 08:37:14', NULL, '2015-05-24 08:37:14', 2142, 'U'),
(83, '03294701', 'WARD NO-01', NULL, 1, NULL, '2015-05-24 08:12:57', NULL, '2015-05-24 08:12:57', 2143, 'W'),
(83, '03294702', 'WARD NO-02', NULL, 1, NULL, '2015-05-24 08:12:57', NULL, '2015-05-24 08:12:57', 2144, 'W'),
(83, '03294703', 'WARD NO-03', NULL, 1, NULL, '2015-05-24 08:12:57', NULL, '2015-05-24 08:12:57', 2145, 'W'),
(83, '03294704', 'WARD NO-04', NULL, 1, NULL, '2015-05-24 08:12:57', NULL, '2015-05-24 08:12:57', 2146, 'W'),
(83, '03294705', 'WARD NO-05', NULL, 1, NULL, '2015-05-24 08:12:57', NULL, '2015-05-24 08:12:57', 2147, 'W'),
(83, '03294706', 'WARD NO-06', NULL, 1, NULL, '2015-05-24 08:12:57', NULL, '2015-05-24 08:12:57', 2148, 'W'),
(83, '03294707', 'WARD NO-07', NULL, 1, NULL, '2015-05-24 08:12:57', NULL, '2015-05-24 08:12:57', 2149, 'W'),
(83, '03294708', 'WARD NO-08', NULL, 1, NULL, '2015-05-24 08:12:57', NULL, '2015-05-24 08:12:57', 2150, 'W'),
(83, '03294709', 'WARD NO-09', NULL, 1, NULL, '2015-05-24 08:12:57', NULL, '2015-05-24 08:12:57', 2151, 'W'),
(83, '03294713', 'ALIABAD', NULL, 1, NULL, '2015-05-24 08:37:14', NULL, '2015-05-24 08:37:14', 2152, 'U'),
(83, '03294715', 'AMBIKAPUR', NULL, 1, NULL, '2015-05-24 08:37:14', NULL, '2015-05-24 08:37:14', 2153, 'U'),
(83, '03294723', 'CHAR MADHABDIA', NULL, 1, NULL, '2015-05-24 08:37:14', NULL, '2015-05-24 08:37:14', 2154, 'U'),
(83, '03294731', 'DECREERCHAR', NULL, 1, NULL, '2015-05-24 08:37:14', NULL, '2015-05-24 08:37:14', 2155, 'U'),
(83, '03294739', 'GREDA', NULL, 1, NULL, '2015-05-24 08:37:14', NULL, '2015-05-24 08:37:14', 2156, 'U'),
(83, '03294747', 'ISHAN GOPALPUR', NULL, 1, NULL, '2015-05-24 08:37:14', NULL, '2015-05-24 08:37:14', 2157, 'U'),
(83, '03294755', 'KAIJURI', NULL, 1, NULL, '2015-05-24 08:37:14', NULL, '2015-05-24 08:37:14', 2158, 'U'),
(83, '03294763', 'KANAIPUR', NULL, 1, NULL, '2015-05-24 08:37:14', NULL, '2015-05-24 08:37:14', 2159, 'U'),
(83, '03294771', 'KRISHNANAGAR', NULL, 1, NULL, '2015-05-24 08:37:14', NULL, '2015-05-24 08:37:14', 2160, 'U'),
(83, '03294779', 'MAJCHAR', NULL, 1, NULL, '2015-05-24 08:37:14', NULL, '2015-05-24 08:37:14', 2161, 'U'),
(83, '03294787', 'UTTAR CHANNEL', NULL, 1, NULL, '2015-05-24 08:37:14', NULL, '2015-05-24 08:37:14', 2162, 'U'),
(84, '03295610', 'BAGAT', NULL, 1, NULL, '2015-05-24 08:37:14', NULL, '2015-05-24 08:37:14', 2163, 'U'),
(84, '03295621', 'DUMAIN', NULL, 1, NULL, '2015-05-24 08:37:14', NULL, '2015-05-24 08:37:14', 2164, 'U'),
(84, '03295631', 'GAJNA', NULL, 1, NULL, '2015-05-24 08:37:14', NULL, '2015-05-24 08:37:14', 2165, 'U'),
(84, '03295637', 'JAHAPUR', NULL, 1, NULL, '2015-05-24 08:37:14', NULL, '2015-05-24 08:37:14', 2166, 'U'),
(84, '03295642', 'KAMARKHALI', NULL, 1, NULL, '2015-05-24 08:37:14', NULL, '2015-05-24 08:37:14', 2167, 'U'),
(84, '03295652', 'MADHUKHALI', NULL, 1, NULL, '2015-05-24 08:37:14', NULL, '2015-05-24 08:37:14', 2168, 'U'),
(84, '03295663', 'MEGCHAMI', NULL, 1, NULL, '2015-05-24 08:37:14', NULL, '2015-05-24 08:37:14', 2169, 'U'),
(84, '03295673', 'NOAPARA', NULL, 1, NULL, '2015-05-24 08:37:14', NULL, '2015-05-24 08:37:14', 2170, 'U'),
(84, '03295684', 'RAIPUR', NULL, 1, NULL, '2015-05-24 08:37:14', NULL, '2015-05-24 08:37:14', 2171, 'U'),
(16, '03296201', 'WARD NO-01', NULL, 1, NULL, '2015-05-24 08:12:57', NULL, '2015-05-24 08:12:57', 2172, 'W'),
(16, '03296202', 'WARD NO-02', NULL, 1, NULL, '2015-05-24 08:12:57', NULL, '2015-05-24 08:12:57', 2173, 'W'),
(16, '03296203', 'WARD NO-03', NULL, 1, NULL, '2015-05-24 08:12:57', NULL, '2015-05-24 08:12:57', 2174, 'W'),
(16, '03296204', 'WARD NO-04', NULL, 1, NULL, '2015-05-24 08:12:57', NULL, '2015-05-24 08:12:57', 2175, 'W'),
(16, '03296205', 'WARD NO-05', NULL, 1, NULL, '2015-05-24 08:12:57', NULL, '2015-05-24 08:12:57', 2176, 'W'),
(16, '03296206', 'WARD NO-06', NULL, 1, NULL, '2015-05-24 08:12:57', NULL, '2015-05-24 08:12:57', 2177, 'W'),
(16, '03296207', 'WARD NO-07', NULL, 1, NULL, '2015-05-24 08:12:57', NULL, '2015-05-24 08:12:57', 2178, 'W'),
(16, '03296208', 'WARD NO-08', NULL, 1, NULL, '2015-05-24 08:12:57', NULL, '2015-05-24 08:12:57', 2179, 'W'),
(16, '03296209', 'WARD NO-09', NULL, 1, NULL, '2015-05-24 08:12:57', NULL, '2015-05-24 08:12:57', 2180, 'W'),
(14, '03296210', 'ATGHAR', NULL, 1, NULL, '2015-05-24 08:37:14', NULL, '2015-05-24 08:37:14', 2181, 'U'),
(14, '03296211', 'BALLABHDI', NULL, 1, NULL, '2015-05-24 08:37:14', NULL, '2015-05-24 08:37:14', 2182, 'U'),
(14, '03296216', 'BHAWAL', NULL, 1, NULL, '2015-05-24 08:37:14', NULL, '2015-05-24 08:37:14', 2183, 'U'),
(16, '03296222', 'CHAR JASORDI', NULL, 1, NULL, '2015-05-24 08:37:14', NULL, '2015-05-24 08:37:14', 2184, 'U'),
(16, '03296227', 'DANGI', NULL, 1, NULL, '2015-05-24 08:37:14', NULL, '2015-05-24 08:37:14', 2185, 'U'),
(16, '03296233', 'PHULSUTI', NULL, 1, NULL, '2015-05-24 08:37:14', NULL, '2015-05-24 08:37:14', 2186, 'U'),
(14, '03296239', 'GATTI', NULL, 1, NULL, '2015-05-24 08:37:14', NULL, '2015-05-24 08:37:14', 2187, 'U'),
(14, '03296244', 'JADUNANDI', NULL, 1, NULL, '2015-05-24 08:37:14', NULL, '2015-05-24 08:37:14', 2188, 'U'),
(16, '03296250', 'KAICHAIL', NULL, 1, NULL, '2015-05-24 08:37:14', NULL, '2015-05-24 08:37:14', 2189, 'U'),
(16, '03296255', 'LASKARDIA', NULL, 1, NULL, '2015-05-24 08:37:14', NULL, '2015-05-24 08:37:14', 2190, 'U'),
(14, '03296261', 'MAJHARDIA', NULL, 1, NULL, '2015-05-24 08:37:14', NULL, '2015-05-24 08:37:14', 2191, 'U'),
(16, '03296267', 'KODALIA SHOHIDNAGAR', NULL, 1, NULL, '2015-05-24 08:37:14', NULL, '2015-05-24 08:37:14', 2192, 'U'),
(16, '03296272', 'PURA PARA', NULL, 1, NULL, '2015-05-24 08:37:14', NULL, '2015-05-24 08:37:14', 2193, 'U'),
(14, '03296278', 'RAMKANTAPUR', NULL, 1, NULL, '2015-05-24 08:37:14', NULL, '2015-05-24 08:37:14', 2194, 'U'),
(16, '03296283', 'RAMNAGAR', NULL, 1, NULL, '2015-05-24 08:37:14', NULL, '2015-05-24 08:37:14', 2195, 'U'),
(14, '03296289', 'SONAPUR', NULL, 1, NULL, '2015-05-24 08:37:14', NULL, '2015-05-24 08:37:14', 2196, 'U'),
(16, '03296294', 'TALMA', NULL, 1, NULL, '2015-05-24 08:37:14', NULL, '2015-05-24 08:37:14', 2197, 'U'),
(85, '03298415', 'AKTER CHAR', NULL, 1, NULL, '2015-05-24 08:37:14', NULL, '2015-05-24 08:37:14', 2198, 'U'),
(85, '03298419', 'BHASHANCHAR', NULL, 1, NULL, '2015-05-24 08:37:14', NULL, '2015-05-24 08:37:14', 2199, 'U'),
(85, '03298428', 'CHAR BISHNUPUR', NULL, 1, NULL, '2015-05-24 08:37:14', NULL, '2015-05-24 08:37:14', 2200, 'U'),
(85, '03298438', 'CHAR MANAIR', NULL, 1, NULL, '2015-05-24 08:37:14', NULL, '2015-05-24 08:37:14', 2201, 'U'),
(85, '03298447', 'CHAR NASIRPUR', NULL, 1, NULL, '2015-05-24 08:37:14', NULL, '2015-05-24 08:37:14', 2202, 'U'),
(85, '03298457', 'DHEUKHALI', NULL, 1, NULL, '2015-05-24 08:37:14', NULL, '2015-05-24 08:37:14', 2203, 'U'),
(85, '03298466', 'KRISHNAPUR', NULL, 1, NULL, '2015-05-24 08:37:14', NULL, '2015-05-24 08:37:14', 2204, 'U'),
(85, '03298476', 'NARIKELBARIA', NULL, 1, NULL, '2015-05-24 08:37:14', NULL, '2015-05-24 08:37:14', 2205, 'U'),
(85, '03298485', 'SADARPUR', NULL, 1, NULL, '2015-05-24 08:37:14', NULL, '2015-05-24 08:37:14', 2206, 'U'),
(86, '03333001', 'WARD NO-01', NULL, 1, NULL, '2015-05-24 08:12:57', NULL, '2015-05-24 08:12:57', 2207, 'W'),
(86, '03333002', 'WARD NO-02', NULL, 1, NULL, '2015-05-24 08:12:57', NULL, '2015-05-24 08:12:57', 2208, 'W'),
(86, '03333003', 'WARD NO-03', NULL, 1, NULL, '2015-05-24 08:12:57', NULL, '2015-05-24 08:12:57', 2209, 'W'),
(86, '03333004', 'WARD NO-04', NULL, 1, NULL, '2015-05-24 08:12:57', NULL, '2015-05-24 08:12:57', 2210, 'W'),
(86, '03333005', 'WARD NO-05', NULL, 1, NULL, '2015-05-24 08:12:57', NULL, '2015-05-24 08:12:57', 2211, 'W'),
(86, '03333006', 'WARD NO-06', NULL, 1, NULL, '2015-05-24 08:12:57', NULL, '2015-05-24 08:12:57', 2212, 'W'),
(86, '03333007', 'WARD NO-07', NULL, 1, NULL, '2015-05-24 08:12:57', NULL, '2015-05-24 08:12:57', 2213, 'W'),
(86, '03333008', 'WARD NO-08', NULL, 1, NULL, '2015-05-24 08:12:57', NULL, '2015-05-24 08:12:57', 2214, 'W'),
(86, '03333009', 'WARD NO-09', NULL, 1, NULL, '2015-05-24 08:12:57', NULL, '2015-05-24 08:12:57', 2215, 'W'),
(404, '03338711', 'WARD NO-01 (TONGI)', NULL, 1, NULL, '2015-05-24 08:12:57', NULL, '2015-05-24 08:12:57', 2216, 'W'),
(86, '03333012', 'WARD NO-02', NULL, 1, NULL, '2015-05-24 08:12:57', NULL, '2015-05-24 08:12:57', 2217, 'W'),
(86, '03333013', 'WARD NO-03', NULL, 1, NULL, '2015-05-24 08:12:57', NULL, '2015-05-24 08:12:57', 2218, 'W'),
(86, '03333014', 'WARD NO-04', NULL, 1, NULL, '2015-05-24 08:12:57', NULL, '2015-05-24 08:12:57', 2219, 'W'),
(86, '03333015', 'WARD NO-05', NULL, 1, NULL, '2015-05-24 08:12:57', NULL, '2015-05-24 08:12:57', 2220, 'W'),
(86, '03333016', 'WARD NO-06', NULL, 1, NULL, '2015-05-24 08:12:57', NULL, '2015-05-24 08:12:57', 2221, 'W'),
(86, '03333017', 'WARD NO-07', NULL, 1, NULL, '2015-05-24 08:12:57', NULL, '2015-05-24 08:12:57', 2222, 'W'),
(86, '03333018', 'WARD NO-08', NULL, 1, NULL, '2015-05-24 08:12:57', NULL, '2015-05-24 08:12:57', 2223, 'W'),
(86, '03333019', 'WARD NO-09', NULL, 1, NULL, '2015-05-24 08:12:57', NULL, '2015-05-24 08:12:57', 2224, 'W'),
(86, '03333020', 'WARD NO-10', NULL, 1, NULL, '2015-05-24 08:12:57', NULL, '2015-05-24 08:12:57', 2225, 'W'),
(86, '03333021', 'WARD NO-11', NULL, 1, NULL, '2015-05-24 08:12:57', NULL, '2015-05-24 08:12:57', 2226, 'W'),
(86, '03333022', 'WARD NO-12', NULL, 1, NULL, '2015-05-24 08:12:57', NULL, '2015-05-24 08:12:57', 2227, 'W'),
(86, '03333023', 'BASAN', NULL, 1, NULL, '2015-05-24 08:37:14', NULL, '2015-05-24 08:37:14', 2228, 'U'),
(86, '03333025', 'BARIA', NULL, 1, NULL, '2015-05-24 08:37:14', NULL, '2015-05-24 08:37:14', 2229, 'U'),
(86, '03333031', 'GACHHA', NULL, 1, NULL, '2015-05-24 08:37:14', NULL, '2015-05-24 08:37:14', 2230, 'U'),
(86, '03333047', 'KASHIMPUR', NULL, 1, NULL, '2015-05-24 08:37:14', NULL, '2015-05-24 08:37:14', 2231, 'U'),
(86, '03333054', 'KAYALTIA', NULL, 1, NULL, '2015-05-24 08:37:14', NULL, '2015-05-24 08:37:14', 2232, 'U'),
(86, '03333060', 'KONABARI', NULL, 1, NULL, '2015-05-24 08:37:14', NULL, '2015-05-24 08:37:14', 2233, 'U'),
(86, '03333067', 'MIRZAPUR', NULL, 1, NULL, '2015-05-24 08:37:14', NULL, '2015-05-24 08:37:14', 2234, 'U'),
(86, '03333081', 'PUBAIL', NULL, 1, NULL, '2015-05-24 08:37:14', NULL, '2015-05-24 08:37:14', 2235, 'U'),
(86, '03333098', 'GAZIPUR CANT.', NULL, 1, NULL, '2015-05-24 08:37:14', NULL, '2015-05-24 08:37:14', 2236, 'U'),
(87, '03333201', 'WARD NO-01', NULL, 1, NULL, '2015-05-24 08:12:57', NULL, '2015-05-24 08:12:57', 2237, 'W'),
(87, '03333202', 'WARD NO-02', NULL, 1, NULL, '2015-05-24 08:12:57', NULL, '2015-05-24 08:12:57', 2238, 'W'),
(87, '03333203', 'WARD NO-03', NULL, 1, NULL, '2015-05-24 08:12:57', NULL, '2015-05-24 08:12:57', 2239, 'W'),
(87, '03333204', 'WARD NO-04', NULL, 1, NULL, '2015-05-24 08:12:57', NULL, '2015-05-24 08:12:57', 2240, 'W'),
(87, '03333205', 'WARD NO-05', NULL, 1, NULL, '2015-05-24 08:12:57', NULL, '2015-05-24 08:12:57', 2241, 'W'),
(87, '03333206', 'WARD NO-06', NULL, 1, NULL, '2015-05-24 08:12:57', NULL, '2015-05-24 08:12:57', 2242, 'W'),
(87, '03333207', 'WARD NO-07', NULL, 1, NULL, '2015-05-24 08:12:57', NULL, '2015-05-24 08:12:57', 2243, 'W'),
(87, '03333208', 'WARD NO-08', NULL, 1, NULL, '2015-05-24 08:12:57', NULL, '2015-05-24 08:12:57', 2244, 'W'),
(87, '03333209', 'WARD NO-09', NULL, 1, NULL, '2015-05-24 08:12:57', NULL, '2015-05-24 08:12:57', 2245, 'W'),
(87, '03333213', 'ATABAHA', NULL, 1, NULL, '2015-05-24 08:37:14', NULL, '2015-05-24 08:37:14', 2246, 'U'),
(87, '03333219', 'BOALI', NULL, 1, NULL, '2015-05-24 08:37:14', NULL, '2015-05-24 08:37:14', 2247, 'U'),
(87, '03333228', 'CHAPAIR', NULL, 1, NULL, '2015-05-24 08:37:14', NULL, '2015-05-24 08:37:14', 2248, 'U'),
(87, '03333238', 'DHALJORA', NULL, 1, NULL, '2015-05-24 08:37:14', NULL, '2015-05-24 08:37:14', 2249, 'U'),
(87, '03333247', 'FULBARIA', NULL, 1, NULL, '2015-05-24 08:37:14', NULL, '2015-05-24 08:37:14', 2250, 'U'),
(87, '03333257', 'MADHYAPARA', NULL, 1, NULL, '2015-05-24 08:37:14', NULL, '2015-05-24 08:37:14', 2251, 'U'),
(87, '03333266', 'MOUCHAK', NULL, 1, NULL, '2015-05-24 08:37:14', NULL, '2015-05-24 08:37:14', 2252, 'U'),
(87, '03333276', 'SREEFALTALI', NULL, 1, NULL, '2015-05-24 08:37:14', NULL, '2015-05-24 08:37:14', 2253, 'U'),
(87, '03333285', 'SUTRAPUR', NULL, 1, NULL, '2015-05-24 08:37:14', NULL, '2015-05-24 08:37:14', 2254, 'U'),
(88, '03333415', 'BAHADURSADI', NULL, 1, NULL, '2015-05-24 08:37:14', NULL, '2015-05-24 08:37:14', 2255, 'U'),
(88, '03333417', 'BAKTARPUR', NULL, 1, NULL, '2015-05-24 08:37:14', NULL, '2015-05-24 08:37:14', 2256, 'U'),
(88, '03333460', 'JAMALPUR', NULL, 1, NULL, '2015-05-24 08:37:14', NULL, '2015-05-24 08:37:14', 2257, 'U'),
(88, '03333469', 'JANGALIA', NULL, 1, NULL, '2015-05-24 08:37:14', NULL, '2015-05-24 08:37:14', 2258, 'U'),
(88, '03333486', 'KALIGANJ', NULL, 1, NULL, '2015-05-24 08:37:14', NULL, '2015-05-24 08:37:14', 2259, 'U'),
(88, '03333494', 'MOKTARPUR', NULL, 1, NULL, '2015-05-24 08:37:14', NULL, '2015-05-24 08:37:14', 2260, 'U'),
(88, '03333496', 'NAGARI', NULL, 1, NULL, '2015-05-24 08:37:14', NULL, '2015-05-24 08:37:14', 2261, 'U'),
(88, '03333497', 'TUMULIA', NULL, 1, NULL, '2015-05-24 08:37:14', NULL, '2015-05-24 08:37:14', 2262, 'U'),
(89, '03333613', 'BARISHABA', NULL, 1, NULL, '2015-05-24 08:37:14', NULL, '2015-05-24 08:37:14', 2263, 'U'),
(89, '03333617', 'CHANDPUR', NULL, 1, NULL, '2015-05-24 08:37:14', NULL, '2015-05-24 08:37:14', 2264, 'U'),
(89, '03333625', 'URGAPUR', NULL, 1, NULL, '2015-05-24 08:37:14', NULL, '2015-05-24 08:37:14', 2265, 'U'),
(89, '03333634', 'GHAGOTIA', NULL, 1, NULL, '2015-05-24 08:37:14', NULL, '2015-05-24 08:37:14', 2266, 'U'),
(89, '03333643', 'KAPASIA', NULL, 1, NULL, '2015-05-24 08:37:14', NULL, '2015-05-24 08:37:14', 2267, 'U'),
(89, '03333651', 'KARIHATA', NULL, 1, NULL, '2015-05-24 08:37:14', NULL, '2015-05-24 08:37:14', 2268, 'U'),
(89, '03333660', 'RAYED', NULL, 1, NULL, '2015-05-24 08:37:14', NULL, '2015-05-24 08:37:14', 2269, 'U'),
(89, '03333669', 'SANMANIA', NULL, 1, NULL, '2015-05-24 08:37:14', NULL, '2015-05-24 08:37:14', 2270, 'U'),
(89, '03333677', 'SINGASREE', NULL, 1, NULL, '2015-05-24 08:37:14', NULL, '2015-05-24 08:37:14', 2271, 'U'),
(89, '03333686', 'TARGAON', NULL, 1, NULL, '2015-05-24 08:37:14', NULL, '2015-05-24 08:37:14', 2272, 'U'),
(89, '03333694', 'TOKE', NULL, 1, NULL, '2015-05-24 08:37:14', NULL, '2015-05-24 08:37:14', 2273, 'U'),
(90, '03338601', 'WARD NO-01', NULL, 1, NULL, '2015-05-24 08:12:57', NULL, '2015-05-24 08:12:57', 2274, 'W'),
(90, '03338602', 'WARD NO-02', NULL, 1, NULL, '2015-05-24 08:12:57', NULL, '2015-05-24 08:12:57', 2275, 'W'),
(90, '03338603', 'WARD NO-03', NULL, 1, NULL, '2015-05-24 08:12:57', NULL, '2015-05-24 08:12:57', 2276, 'W'),
(90, '03338604', 'WARD NO-04', NULL, 1, NULL, '2015-05-24 08:12:57', NULL, '2015-05-24 08:12:57', 2277, 'W'),
(90, '03338605', 'WARD NO-05', NULL, 1, NULL, '2015-05-24 08:12:57', NULL, '2015-05-24 08:12:57', 2278, 'W'),
(90, '03338606', 'WARD NO-06', NULL, 1, NULL, '2015-05-24 08:12:57', NULL, '2015-05-24 08:12:57', 2279, 'W'),
(90, '03338607', 'WARD NO-07', NULL, 1, NULL, '2015-05-24 08:12:57', NULL, '2015-05-24 08:12:57', 2280, 'W'),
(90, '03338608', 'WARD NO-08', NULL, 1, NULL, '2015-05-24 08:12:57', NULL, '2015-05-24 08:12:57', 2281, 'W'),
(90, '03338609', 'WARD NO-09', NULL, 1, NULL, '2015-05-24 08:12:57', NULL, '2015-05-24 08:12:57', 2282, 'W'),
(90, '03338621', 'BARMI', NULL, 1, NULL, '2015-05-24 08:37:14', NULL, '2015-05-24 08:37:14', 2283, 'U'),
(90, '03338625', 'GAZIPUR', NULL, 1, NULL, '2015-05-24 08:37:14', NULL, '2015-05-24 08:37:14', 2284, 'U'),
(90, '03338628', 'GOSINGA', NULL, 1, NULL, '2015-05-24 08:37:14', NULL, '2015-05-24 08:37:14', 2285, 'U'),
(90, '03338638', 'KAORAID', NULL, 1, NULL, '2015-05-24 08:37:14', NULL, '2015-05-24 08:37:14', 2286, 'U'),
(90, '03338647', 'MAONA', NULL, 1, NULL, '2015-05-24 08:37:14', NULL, '2015-05-24 08:37:14', 2287, 'U'),
(90, '03338657', 'PRAHLADPUR', NULL, 1, NULL, '2015-05-24 08:37:14', NULL, '2015-05-24 08:37:14', 2288, 'U'),
(90, '03338666', 'RAJABARI', NULL, 1, NULL, '2015-05-24 08:37:14', NULL, '2015-05-24 08:37:14', 2289, 'U'),
(90, '03338676', 'SREEPUR', NULL, 1, NULL, '2015-05-24 08:37:14', NULL, '2015-05-24 08:37:14', 2290, 'U'),
(90, '03338685', 'TELIHATI', NULL, 1, NULL, '2015-05-24 08:37:14', NULL, '2015-05-24 08:37:14', 2291, 'U'),
(91, '03353201', 'WARD NO-01', NULL, 1, NULL, '2015-05-24 08:12:57', NULL, '2015-05-24 08:12:57', 2292, 'W'),
(91, '03353202', 'WARD NO-02', NULL, 1, NULL, '2015-05-24 08:12:57', NULL, '2015-05-24 08:12:57', 2293, 'W'),
(91, '03353203', 'WARD NO-03', NULL, 1, NULL, '2015-05-24 08:12:57', NULL, '2015-05-24 08:12:57', 2294, 'W'),
(91, '03353204', 'WARD NO-04', NULL, 1, NULL, '2015-05-24 08:12:57', NULL, '2015-05-24 08:12:57', 2295, 'W'),
(91, '03353205', 'WARD NO-05', NULL, 1, NULL, '2015-05-24 08:12:57', NULL, '2015-05-24 08:12:57', 2296, 'W'),
(91, '03353206', 'WARD NO-06', NULL, 1, NULL, '2015-05-24 08:12:57', NULL, '2015-05-24 08:12:57', 2297, 'W'),
(91, '03353207', 'WARD NO-07', NULL, 1, NULL, '2015-05-24 08:12:57', NULL, '2015-05-24 08:12:57', 2298, 'W'),
(91, '03353208', 'WARD NO-08', NULL, 1, NULL, '2015-05-24 08:12:57', NULL, '2015-05-24 08:12:57', 2299, 'W'),
(91, '03353209', 'WARD NO-09', NULL, 1, NULL, '2015-05-24 08:12:57', NULL, '2015-05-24 08:12:57', 2300, 'W'),
(91, '03353211', 'BORASI', NULL, 1, NULL, '2015-05-24 08:37:14', NULL, '2015-05-24 08:37:14', 2301, 'U'),
(91, '03353213', 'BAULTALI', NULL, 1, NULL, '2015-05-24 08:37:14', NULL, '2015-05-24 08:37:14', 2302, 'U');
INSERT INTO `sa_unions` (`THANA_ID`, `UD_UNION_CODE`, `UNION_NAME`, `ORDER_SL`, `ACTIVE_FLAG`, `CREATED_BY`, `CREATE_DATE`, `UPDATED_BY`, `UPDATE_DATE`, `UNION_ID`, `UAREA_STATUS`) VALUES
(91, '03353215', 'CHANDRA DIGHALIA', NULL, 1, NULL, '2015-05-24 08:37:14', NULL, '2015-05-24 08:37:14', 2303, 'U'),
(91, '03353217', 'DURGAPUR', NULL, 1, NULL, '2015-05-24 08:37:14', NULL, '2015-05-24 08:37:14', 2304, 'U'),
(91, '03353221', 'GOBRA', NULL, 1, NULL, '2015-05-24 08:37:14', NULL, '2015-05-24 08:37:14', 2305, 'U'),
(91, '03353230', 'GOPINATHPUR', NULL, 1, NULL, '2015-05-24 08:37:14', NULL, '2015-05-24 08:37:14', 2306, 'U'),
(91, '03353234', 'HARIDASPUR', NULL, 1, NULL, '2015-05-24 08:37:14', NULL, '2015-05-24 08:37:14', 2307, 'U'),
(91, '03353238', 'JALALABAD', NULL, 1, NULL, '2015-05-24 08:37:14', NULL, '2015-05-24 08:37:14', 2308, 'U'),
(91, '03353243', 'KAJULIA', NULL, 1, NULL, '2015-05-24 08:37:14', NULL, '2015-05-24 08:37:14', 2309, 'U'),
(91, '03353247', 'KARPARA', NULL, 1, NULL, '2015-05-24 08:37:14', NULL, '2015-05-24 08:37:14', 2310, 'U'),
(91, '03353251', 'KATI', NULL, 1, NULL, '2015-05-24 08:37:14', NULL, '2015-05-24 08:37:14', 2311, 'U'),
(91, '03353256', 'LATIFPUR', NULL, 1, NULL, '2015-05-24 08:37:14', NULL, '2015-05-24 08:37:14', 2312, 'U'),
(91, '03353260', 'MAJHIGATI', NULL, 1, NULL, '2015-05-24 08:37:14', NULL, '2015-05-24 08:37:14', 2313, 'U'),
(91, '03353264', 'NIZRA', NULL, 1, NULL, '2015-05-24 08:37:14', NULL, '2015-05-24 08:37:14', 2314, 'U'),
(91, '03353269', 'PAIKKANDI', NULL, 1, NULL, '2015-05-24 08:37:14', NULL, '2015-05-24 08:37:14', 2315, 'U'),
(91, '03353273', 'RAGHUNATHPUR', NULL, 1, NULL, '2015-05-24 08:37:14', NULL, '2015-05-24 08:37:14', 2316, 'U'),
(91, '03353277', 'SAHAPUR', NULL, 1, NULL, '2015-05-24 08:37:14', NULL, '2015-05-24 08:37:14', 2317, 'U'),
(91, '03353282', 'SATPAR', NULL, 1, NULL, '2015-05-24 08:37:14', NULL, '2015-05-24 08:37:14', 2318, 'U'),
(91, '03353286', 'SUKTAIL', NULL, 1, NULL, '2015-05-24 08:37:14', NULL, '2015-05-24 08:37:14', 2319, 'U'),
(91, '03353290', 'ULPUR', NULL, 1, NULL, '2015-05-24 08:37:14', NULL, '2015-05-24 08:37:14', 2320, 'U'),
(91, '03353294', 'URAFI', NULL, 1, NULL, '2015-05-24 08:37:14', NULL, '2015-05-24 08:37:14', 2321, 'U'),
(92, '03354311', 'BETHURI', NULL, 1, NULL, '2015-05-24 08:37:14', NULL, '2015-05-24 08:37:14', 2322, 'U'),
(92, '03354313', 'FUKURA', NULL, 1, NULL, '2015-05-24 08:37:14', NULL, '2015-05-24 08:37:14', 2323, 'U'),
(92, '03354320', 'HATIARA', NULL, 1, NULL, '2015-05-24 08:37:14', NULL, '2015-05-24 08:37:14', 2324, 'U'),
(92, '03354327', 'KASHIANI', NULL, 1, NULL, '2015-05-24 08:37:14', NULL, '2015-05-24 08:37:14', 2325, 'U'),
(92, '03354333', 'MAMUDPUR', NULL, 1, NULL, '2015-05-24 08:37:14', NULL, '2015-05-24 08:37:14', 2326, 'U'),
(92, '03354340', 'MAHESHPUR', NULL, 1, NULL, '2015-05-24 08:37:14', NULL, '2015-05-24 08:37:14', 2327, 'U'),
(92, '03354347', 'NIJAMKANDI', NULL, 1, NULL, '2015-05-24 08:37:14', NULL, '2015-05-24 08:37:14', 2328, 'U'),
(92, '03354354', 'ORAKANDI', NULL, 1, NULL, '2015-05-24 08:37:14', NULL, '2015-05-24 08:37:14', 2329, 'U'),
(92, '03354361', 'PARULIA', NULL, 1, NULL, '2015-05-24 08:37:14', NULL, '2015-05-24 08:37:14', 2330, 'U'),
(92, '03354367', 'PUISUR', NULL, 1, NULL, '2015-05-24 08:37:14', NULL, '2015-05-24 08:37:14', 2331, 'U'),
(92, '03354374', 'RAJPAT', NULL, 1, NULL, '2015-05-24 08:37:14', NULL, '2015-05-24 08:37:14', 2332, 'U'),
(92, '03354381', 'RATAIL', NULL, 1, NULL, '2015-05-24 08:37:14', NULL, '2015-05-24 08:37:14', 2333, 'U'),
(92, '03354388', 'SAJAIL', NULL, 1, NULL, '2015-05-24 08:37:14', NULL, '2015-05-24 08:37:14', 2334, 'U'),
(92, '03354394', 'SINGA', NULL, 1, NULL, '2015-05-24 08:37:14', NULL, '2015-05-24 08:37:14', 2335, 'U'),
(93, '03355101', 'WARD NO-01', NULL, 1, NULL, '2015-05-24 08:12:57', NULL, '2015-05-24 08:12:57', 2336, 'W'),
(93, '03355102', 'WARD NO-02', NULL, 1, NULL, '2015-05-24 08:12:57', NULL, '2015-05-24 08:12:57', 2337, 'W'),
(93, '03355103', 'WARD NO-03', NULL, 1, NULL, '2015-05-24 08:12:57', NULL, '2015-05-24 08:12:57', 2338, 'W'),
(93, '03355104', 'WARD NO-04', NULL, 1, NULL, '2015-05-24 08:12:57', NULL, '2015-05-24 08:12:57', 2339, 'W'),
(93, '03355105', 'WARD NO-05', NULL, 1, NULL, '2015-05-24 08:12:57', NULL, '2015-05-24 08:12:57', 2340, 'W'),
(93, '03355106', 'WARD NO-06', NULL, 1, NULL, '2015-05-24 08:12:57', NULL, '2015-05-24 08:12:57', 2341, 'W'),
(93, '03355107', 'WARD NO-07', NULL, 1, NULL, '2015-05-24 08:12:57', NULL, '2015-05-24 08:12:57', 2342, 'W'),
(93, '03355108', 'WARD NO-08', NULL, 1, NULL, '2015-05-24 08:12:57', NULL, '2015-05-24 08:12:57', 2343, 'W'),
(93, '03355109', 'WARD NO-09', NULL, 1, NULL, '2015-05-24 08:12:57', NULL, '2015-05-24 08:12:57', 2344, 'W'),
(93, '03355113', 'AMTALI', NULL, 1, NULL, '2015-05-24 08:37:14', NULL, '2015-05-24 08:37:14', 2345, 'U'),
(93, '03355115', 'BANDHABARI', NULL, 1, NULL, '2015-05-24 08:37:14', NULL, '2015-05-24 08:37:14', 2346, 'U'),
(93, '03355123', 'GHAGAR', NULL, 1, NULL, '2015-05-24 08:37:14', NULL, '2015-05-24 08:37:14', 2347, 'U'),
(93, '03355131', 'HIRAN', NULL, 1, NULL, '2015-05-24 08:37:14', NULL, '2015-05-24 08:37:14', 2348, 'U'),
(93, '03355139', 'KALABARI', NULL, 1, NULL, '2015-05-24 08:37:14', NULL, '2015-05-24 08:37:14', 2349, 'U'),
(93, '03355147', 'KANDI', NULL, 1, NULL, '2015-05-24 08:37:14', NULL, '2015-05-24 08:37:14', 2350, 'U'),
(93, '03355155', 'KUSHLA', NULL, 1, NULL, '2015-05-24 08:37:14', NULL, '2015-05-24 08:37:14', 2351, 'U'),
(93, '03355163', 'PINJURI', NULL, 1, NULL, '2015-05-24 08:37:14', NULL, '2015-05-24 08:37:14', 2352, 'U'),
(93, '03355171', 'RADHAGANJ', NULL, 1, NULL, '2015-05-24 08:37:14', NULL, '2015-05-24 08:37:14', 2353, 'U'),
(93, '03355179', 'RAMSHIL', NULL, 1, NULL, '2015-05-24 08:37:14', NULL, '2015-05-24 08:37:14', 2354, 'U'),
(93, '03355187', 'SADULLAPUR', NULL, 1, NULL, '2015-05-24 08:37:14', NULL, '2015-05-24 08:37:14', 2355, 'U'),
(93, '03355194', 'SUAGRAM', NULL, 1, NULL, '2015-05-24 08:37:14', NULL, '2015-05-24 08:37:14', 2356, 'U'),
(94, '03355801', 'WARD NO-01', NULL, 1, NULL, '2015-05-24 08:12:57', NULL, '2015-05-24 08:12:57', 2357, 'W'),
(94, '03355802', 'WARD NO-02', NULL, 1, NULL, '2015-05-24 08:12:57', NULL, '2015-05-24 08:12:57', 2358, 'W'),
(94, '03355803', 'WARD NO-03', NULL, 1, NULL, '2015-05-24 08:12:57', NULL, '2015-05-24 08:12:57', 2359, 'W'),
(94, '03355804', 'WARD NO-04', NULL, 1, NULL, '2015-05-24 08:12:57', NULL, '2015-05-24 08:12:57', 2360, 'W'),
(94, '03355805', 'WARD NO-05', NULL, 1, NULL, '2015-05-24 08:12:57', NULL, '2015-05-24 08:12:57', 2361, 'W'),
(94, '03355806', 'WARD NO-06', NULL, 1, NULL, '2015-05-24 08:12:57', NULL, '2015-05-24 08:12:57', 2362, 'W'),
(94, '03355807', 'WARD NO-07', NULL, 1, NULL, '2015-05-24 08:12:57', NULL, '2015-05-24 08:12:57', 2363, 'W'),
(94, '03355808', 'WARD NO-08', NULL, 1, NULL, '2015-05-24 08:12:57', NULL, '2015-05-24 08:12:57', 2364, 'W'),
(94, '03355809', 'WARD NO-09', NULL, 1, NULL, '2015-05-24 08:12:57', NULL, '2015-05-24 08:12:57', 2365, 'W'),
(94, '03355810', 'BHABRASUR', NULL, 1, NULL, '2015-05-24 08:37:14', NULL, '2015-05-24 08:37:14', 2366, 'U'),
(94, '03355811', 'BAHUGRAM', NULL, 1, NULL, '2015-05-24 08:37:14', NULL, '2015-05-24 08:37:14', 2367, 'U'),
(94, '03355816', 'BANSHBARIA', NULL, 1, NULL, '2015-05-24 08:37:14', NULL, '2015-05-24 08:37:14', 2368, 'U'),
(94, '03355822', 'BATIKAMARI', NULL, 1, NULL, '2015-05-24 08:37:14', NULL, '2015-05-24 08:37:14', 2369, 'U'),
(94, '03355827', 'DIGNAGAR', NULL, 1, NULL, '2015-05-24 08:37:14', NULL, '2015-05-24 08:37:14', 2370, 'U'),
(94, '03355833', 'GOBINDAPUR', NULL, 1, NULL, '2015-05-24 08:37:14', NULL, '2015-05-24 08:37:14', 2371, 'U'),
(94, '03355839', 'GOHALA', NULL, 1, NULL, '2015-05-24 08:37:14', NULL, '2015-05-24 08:37:14', 2372, 'U'),
(94, '03355844', 'JALIRPAR', NULL, 1, NULL, '2015-05-24 08:37:14', NULL, '2015-05-24 08:37:14', 2373, 'U'),
(94, '03355850', 'KASALIA', NULL, 1, NULL, '2015-05-24 08:37:14', NULL, '2015-05-24 08:37:14', 2374, 'U'),
(94, '03355855', 'KHANDARPAR', NULL, 1, NULL, '2015-05-24 08:37:14', NULL, '2015-05-24 08:37:14', 2375, 'U'),
(94, '03355861', 'MAHARAJPUR', NULL, 1, NULL, '2015-05-24 08:37:14', NULL, '2015-05-24 08:37:14', 2376, 'U'),
(94, '03355867', 'MOCHNA', NULL, 1, NULL, '2015-05-24 08:37:14', NULL, '2015-05-24 08:37:14', 2377, 'U'),
(94, '03355872', 'NANIKSHIR', NULL, 1, NULL, '2015-05-24 08:37:14', NULL, '2015-05-24 08:37:14', 2378, 'U'),
(94, '03355878', 'PASARGATI', NULL, 1, NULL, '2015-05-24 08:37:14', NULL, '2015-05-24 08:37:14', 2379, 'U'),
(94, '03355883', 'RAGHDI', NULL, 1, NULL, '2015-05-24 08:37:14', NULL, '2015-05-24 08:37:14', 2380, 'U'),
(94, '03355894', 'UJANI', NULL, 1, NULL, '2015-05-24 08:37:14', NULL, '2015-05-24 08:37:14', 2381, 'U'),
(95, '03359101', 'WARD NO-01', NULL, 1, NULL, '2015-05-24 08:12:57', NULL, '2015-05-24 08:12:57', 2382, 'W'),
(95, '03359102', 'WARD NO-02', NULL, 1, NULL, '2015-05-24 08:12:57', NULL, '2015-05-24 08:12:57', 2383, 'W'),
(95, '03359103', 'WARD NO-03', NULL, 1, NULL, '2015-05-24 08:12:57', NULL, '2015-05-24 08:12:57', 2384, 'W'),
(95, '03359104', 'WARD NO-04', NULL, 1, NULL, '2015-05-24 08:12:57', NULL, '2015-05-24 08:12:57', 2385, 'W'),
(95, '03359105', 'WARD NO-05', NULL, 1, NULL, '2015-05-24 08:12:57', NULL, '2015-05-24 08:12:57', 2386, 'W'),
(95, '03359106', 'WARD NO-06', NULL, 1, NULL, '2015-05-24 08:12:57', NULL, '2015-05-24 08:12:57', 2387, 'W'),
(95, '03359107', 'WARD NO-07', NULL, 1, NULL, '2015-05-24 08:12:57', NULL, '2015-05-24 08:12:57', 2388, 'W'),
(95, '03359108', 'WARD NO-08', NULL, 1, NULL, '2015-05-24 08:12:57', NULL, '2015-05-24 08:12:57', 2389, 'W'),
(95, '03359109', 'WARD NO-09', NULL, 1, NULL, '2015-05-24 08:12:57', NULL, '2015-05-24 08:12:57', 2390, 'W'),
(95, '03359119', 'BARNI', NULL, 1, NULL, '2015-05-24 08:37:14', NULL, '2015-05-24 08:37:14', 2391, 'U'),
(95, '03359128', 'DUMURIA', NULL, 1, NULL, '2015-05-24 08:37:14', NULL, '2015-05-24 08:37:14', 2392, 'U'),
(95, '03359138', 'GOPALPUR', NULL, 1, NULL, '2015-05-24 08:37:14', NULL, '2015-05-24 08:37:14', 2393, 'U'),
(95, '03359166', 'KUSHLI', NULL, 1, NULL, '2015-05-24 08:37:14', NULL, '2015-05-24 08:37:14', 2394, 'U'),
(95, '03359176', 'PATGATI', NULL, 1, NULL, '2015-05-24 08:37:14', NULL, '2015-05-24 08:37:14', 2395, 'U'),
(96, '03390711', 'BAGAR CHAR', NULL, 1, NULL, '2015-05-24 08:37:14', NULL, '2015-05-24 08:37:14', 2396, 'U'),
(96, '03390723', 'BAKSHIGANJ', NULL, 1, NULL, '2015-05-24 08:37:14', NULL, '2015-05-24 08:37:14', 2397, 'U'),
(96, '03390735', 'BATTAJORE', NULL, 1, NULL, '2015-05-24 08:37:14', NULL, '2015-05-24 08:37:14', 2398, 'U'),
(96, '03390747', 'DHANUA KAMALPUR', NULL, 1, NULL, '2015-05-24 08:37:14', NULL, '2015-05-24 08:37:14', 2399, 'U'),
(96, '03390759', 'MERUR CHAR', NULL, 1, NULL, '2015-05-24 08:37:14', NULL, '2015-05-24 08:37:14', 2400, 'U'),
(96, '03390771', 'NILAKSHMIA', NULL, 1, NULL, '2015-05-24 08:37:14', NULL, '2015-05-24 08:37:14', 2401, 'U'),
(96, '03390783', 'SADHUR PARA', NULL, 1, NULL, '2015-05-24 08:37:14', NULL, '2015-05-24 08:37:14', 2402, 'U'),
(97, '03391501', 'WARD NO-01', NULL, 1, NULL, '2015-05-24 08:12:57', NULL, '2015-05-24 08:12:57', 2403, 'W'),
(97, '03391502', 'WARD NO-02', NULL, 1, NULL, '2015-05-24 08:12:57', NULL, '2015-05-24 08:12:57', 2404, 'W'),
(97, '03391503', 'WARD NO-03', NULL, 1, NULL, '2015-05-24 08:12:57', NULL, '2015-05-24 08:12:57', 2405, 'W'),
(97, '03391504', 'WARD NO-04', NULL, 1, NULL, '2015-05-24 08:12:57', NULL, '2015-05-24 08:12:57', 2406, 'W'),
(97, '03391505', 'WARD NO-05', NULL, 1, NULL, '2015-05-24 08:12:57', NULL, '2015-05-24 08:12:57', 2407, 'W'),
(97, '03391506', 'WARD NO-06', NULL, 1, NULL, '2015-05-24 08:12:57', NULL, '2015-05-24 08:12:57', 2408, 'W'),
(97, '03391507', 'WARD NO-07', NULL, 1, NULL, '2015-05-24 08:12:57', NULL, '2015-05-24 08:12:57', 2409, 'W'),
(97, '03391508', 'WARD NO-08', NULL, 1, NULL, '2015-05-24 08:12:57', NULL, '2015-05-24 08:12:57', 2410, 'W'),
(97, '03391509', 'WARD NO-09', NULL, 1, NULL, '2015-05-24 08:12:57', NULL, '2015-05-24 08:12:57', 2411, 'W'),
(97, '03391517', 'BAHADURABAD', NULL, 1, NULL, '2015-05-24 08:37:14', NULL, '2015-05-24 08:37:14', 2412, 'U'),
(97, '03391529', 'CHAR AOMKHAOA', NULL, 1, NULL, '2015-05-24 08:37:14', NULL, '2015-05-24 08:37:14', 2413, 'U'),
(97, '03391536', 'CHIKAJANI', NULL, 1, NULL, '2015-05-24 08:37:14', NULL, '2015-05-24 08:37:14', 2414, 'U'),
(97, '03391543', 'CHUKAIBARI', NULL, 1, NULL, '2015-05-24 08:37:14', NULL, '2015-05-24 08:37:14', 2415, 'U'),
(97, '03391551', 'DANGDHARA', NULL, 1, NULL, '2015-05-24 08:37:14', NULL, '2015-05-24 08:37:14', 2416, 'U'),
(97, '03391558', 'DEWANGANJ UNION', NULL, 1, NULL, '2015-05-24 08:37:14', NULL, '2015-05-24 08:37:14', 2417, 'U'),
(97, '03391565', 'HATEBHANGA', NULL, 1, NULL, '2015-05-24 08:37:14', NULL, '2015-05-24 08:37:14', 2418, 'U'),
(97, '03391587', 'PAR RAMRAMPUR', NULL, 1, NULL, '2015-05-24 08:37:14', NULL, '2015-05-24 08:37:14', 2419, 'U'),
(98, '03392901', 'WARD NO-01', NULL, 1, NULL, '2015-05-24 08:12:57', NULL, '2015-05-24 08:12:57', 2420, 'W'),
(98, '03392902', 'WARD NO-02', NULL, 1, NULL, '2015-05-24 08:12:57', NULL, '2015-05-24 08:12:57', 2421, 'W'),
(98, '03392903', 'WARD NO-03', NULL, 1, NULL, '2015-05-24 08:12:57', NULL, '2015-05-24 08:12:57', 2422, 'W'),
(98, '03392904', 'WARD NO-04', NULL, 1, NULL, '2015-05-24 08:12:57', NULL, '2015-05-24 08:12:57', 2423, 'W'),
(98, '03392905', 'WARD NO-05', NULL, 1, NULL, '2015-05-24 08:12:57', NULL, '2015-05-24 08:12:57', 2424, 'W'),
(98, '03392906', 'WARD NO-06', NULL, 1, NULL, '2015-05-24 08:12:57', NULL, '2015-05-24 08:12:57', 2425, 'W'),
(98, '03392907', 'WARD NO-07', NULL, 1, NULL, '2015-05-24 08:12:57', NULL, '2015-05-24 08:12:57', 2426, 'W'),
(98, '03392908', 'WARD NO-08', NULL, 1, NULL, '2015-05-24 08:12:57', NULL, '2015-05-24 08:12:57', 2427, 'W'),
(98, '03392909', 'WARD NO-09', NULL, 1, NULL, '2015-05-24 08:12:57', NULL, '2015-05-24 08:12:57', 2428, 'W'),
(98, '03392913', 'BELGACHHA', NULL, 1, NULL, '2015-05-24 08:37:14', NULL, '2015-05-24 08:37:14', 2429, 'U'),
(98, '03392915', 'CHAR GOALINI', NULL, 1, NULL, '2015-05-24 08:37:14', NULL, '2015-05-24 08:37:14', 2430, 'U'),
(98, '03392923', 'CHAR PUTIMARI', NULL, 1, NULL, '2015-05-24 08:37:14', NULL, '2015-05-24 08:37:14', 2431, 'U'),
(98, '03392931', 'CHINADULLI', NULL, 1, NULL, '2015-05-24 08:37:14', NULL, '2015-05-24 08:37:14', 2432, 'U'),
(98, '03392939', 'GAIBANDHA', NULL, 1, NULL, '2015-05-24 08:37:14', NULL, '2015-05-24 08:37:14', 2433, 'U'),
(98, '03392947', 'GOALER CHAR', NULL, 1, NULL, '2015-05-24 08:37:14', NULL, '2015-05-24 08:37:14', 2434, 'U'),
(98, '03392955', 'ISLAMPUR', NULL, 1, NULL, '2015-05-24 08:37:14', NULL, '2015-05-24 08:37:14', 2435, 'U'),
(98, '03392963', 'KULKANDI', NULL, 1, NULL, '2015-05-24 08:37:14', NULL, '2015-05-24 08:37:14', 2436, 'U'),
(98, '03392971', 'NOARPARA', NULL, 1, NULL, '2015-05-24 08:37:14', NULL, '2015-05-24 08:37:14', 2437, 'U'),
(98, '03392979', 'PALBANDHA', NULL, 1, NULL, '2015-05-24 08:37:14', NULL, '2015-05-24 08:37:14', 2438, 'U'),
(98, '03392987', 'PATHARSI', NULL, 1, NULL, '2015-05-24 08:37:14', NULL, '2015-05-24 08:37:14', 2439, 'U'),
(98, '03392994', 'SAPDHARI', NULL, 1, NULL, '2015-05-24 08:37:14', NULL, '2015-05-24 08:37:14', 2440, 'U'),
(99, '03393601', 'WARD NO-01', NULL, 1, NULL, '2015-05-24 08:12:57', NULL, '2015-05-24 08:12:57', 2441, 'W'),
(99, '03393602', 'WARD NO-02', NULL, 1, NULL, '2015-05-24 08:12:57', NULL, '2015-05-24 08:12:57', 2442, 'W'),
(99, '03393603', 'WARD NO-03', NULL, 1, NULL, '2015-05-24 08:12:57', NULL, '2015-05-24 08:12:57', 2443, 'W'),
(99, '03393604', 'WARD NO-04', NULL, 1, NULL, '2015-05-24 08:12:57', NULL, '2015-05-24 08:12:57', 2444, 'W'),
(99, '03393605', 'WARD NO-05', NULL, 1, NULL, '2015-05-24 08:12:57', NULL, '2015-05-24 08:12:57', 2445, 'W'),
(99, '03393606', 'WARD NO-06', NULL, 1, NULL, '2015-05-24 08:12:57', NULL, '2015-05-24 08:12:57', 2446, 'W'),
(99, '03393607', 'WARD NO-07', NULL, 1, NULL, '2015-05-24 08:12:57', NULL, '2015-05-24 08:12:57', 2447, 'W'),
(99, '03393608', 'WARD NO-08', NULL, 1, NULL, '2015-05-24 08:12:57', NULL, '2015-05-24 08:12:57', 2448, 'W'),
(99, '03393609', 'WARD NO-09', NULL, 1, NULL, '2015-05-24 08:12:57', NULL, '2015-05-24 08:12:57', 2449, 'W'),
(99, '03393610', 'WARD NO-10', NULL, 1, NULL, '2015-05-24 08:12:57', NULL, '2015-05-24 08:12:57', 2450, 'W'),
(99, '03393611', 'WARD NO-11', NULL, 1, NULL, '2015-05-24 08:12:57', NULL, '2015-05-24 08:12:57', 2451, 'W'),
(99, '03393612', 'WARD NO-12', NULL, 1, NULL, '2015-05-24 08:12:57', NULL, '2015-05-24 08:12:57', 2452, 'W'),
(99, '03393613', 'BANSHCHARA', NULL, 1, NULL, '2015-05-24 08:37:14', NULL, '2015-05-24 08:37:14', 2453, 'U'),
(99, '03393617', 'GHORADHAP', NULL, 1, NULL, '2015-05-24 08:37:14', NULL, '2015-05-24 08:37:14', 2454, 'U'),
(99, '03393619', 'DIGPAITH', NULL, 1, NULL, '2015-05-24 08:37:14', NULL, '2015-05-24 08:37:14', 2455, 'U'),
(99, '03393623', 'ITAIL', NULL, 1, NULL, '2015-05-24 08:37:14', NULL, '2015-05-24 08:37:14', 2456, 'U'),
(99, '03393635', 'KENDUA', NULL, 1, NULL, '2015-05-24 08:37:14', NULL, '2015-05-24 08:37:14', 2457, 'U'),
(99, '03393641', 'LAKSHMIR CHAR', NULL, 1, NULL, '2015-05-24 08:37:14', NULL, '2015-05-24 08:37:14', 2458, 'U'),
(99, '03393647', 'MESHTA', NULL, 1, NULL, '2015-05-24 08:37:14', NULL, '2015-05-24 08:37:14', 2459, 'U'),
(99, '03393653', 'NARUNDI', NULL, 1, NULL, '2015-05-24 08:37:14', NULL, '2015-05-24 08:37:14', 2460, 'U'),
(99, '03393659', 'RANAGACHHA', NULL, 1, NULL, '2015-05-24 08:37:14', NULL, '2015-05-24 08:37:14', 2461, 'U'),
(99, '03393665', 'RASHIDPUR', NULL, 1, NULL, '2015-05-24 08:37:14', NULL, '2015-05-24 08:37:14', 2462, 'U'),
(99, '03393671', 'SAHABAJPUR', NULL, 1, NULL, '2015-05-24 08:37:14', NULL, '2015-05-24 08:37:14', 2463, 'U'),
(99, '03393677', 'SHARIFPUR', NULL, 1, NULL, '2015-05-24 08:37:14', NULL, '2015-05-24 08:37:14', 2464, 'U'),
(99, '03393683', 'SREEPUR', NULL, 1, NULL, '2015-05-24 08:37:14', NULL, '2015-05-24 08:37:14', 2465, 'U'),
(99, '03393689', 'TITPALLA', NULL, 1, NULL, '2015-05-24 08:37:14', NULL, '2015-05-24 08:37:14', 2466, 'U'),
(99, '03393695', 'TULSIR CHAR', NULL, 1, NULL, '2015-05-24 08:37:14', NULL, '2015-05-24 08:37:14', 2467, 'U'),
(100, '03395801', 'WARD NO-01', NULL, 1, NULL, '2015-05-24 08:12:57', NULL, '2015-05-24 08:12:57', 2468, 'W'),
(100, '03395802', 'WARD NO-02', NULL, 1, NULL, '2015-05-24 08:12:57', NULL, '2015-05-24 08:12:57', 2469, 'W'),
(100, '03395803', 'WARD NO-03', NULL, 1, NULL, '2015-05-24 08:12:57', NULL, '2015-05-24 08:12:57', 2470, 'W'),
(100, '03395804', 'WARD NO-04', NULL, 1, NULL, '2015-05-24 08:12:57', NULL, '2015-05-24 08:12:57', 2471, 'W'),
(100, '03395805', 'WARD NO-05', NULL, 1, NULL, '2015-05-24 08:12:57', NULL, '2015-05-24 08:12:57', 2472, 'W'),
(100, '03395806', 'WARD NO-06', NULL, 1, NULL, '2015-05-24 08:12:57', NULL, '2015-05-24 08:12:57', 2473, 'W'),
(100, '03395807', 'WARD NO-07', NULL, 1, NULL, '2015-05-24 08:12:57', NULL, '2015-05-24 08:12:57', 2474, 'W'),
(100, '03395808', 'WARD NO-08', NULL, 1, NULL, '2015-05-24 08:12:57', NULL, '2015-05-24 08:12:57', 2475, 'W'),
(100, '03395809', 'WARD NO-09', NULL, 1, NULL, '2015-05-24 08:12:57', NULL, '2015-05-24 08:12:57', 2476, 'W'),
(100, '03395811', 'ADARBHITA', NULL, 1, NULL, '2015-05-24 08:37:14', NULL, '2015-05-24 08:37:14', 2477, 'U'),
(100, '03395823', 'BALIJURI', NULL, 1, NULL, '2015-05-24 08:37:14', NULL, '2015-05-24 08:37:14', 2478, 'U'),
(100, '03395835', 'CHAR PAKERDAHA', NULL, 1, NULL, '2015-05-24 08:37:14', NULL, '2015-05-24 08:37:14', 2479, 'U'),
(100, '03395847', 'GUNARITALA', NULL, 1, NULL, '2015-05-24 08:37:14', NULL, '2015-05-24 08:37:14', 2480, 'U'),
(100, '03395859', 'JOREKHALI UNION', NULL, 1, NULL, '2015-05-24 08:37:14', NULL, '2015-05-24 08:37:14', 2481, 'U'),
(100, '03395871', 'KARAICHARA', NULL, 1, NULL, '2015-05-24 08:37:14', NULL, '2015-05-24 08:37:14', 2482, 'U'),
(100, '03395883', 'SIDHULI', NULL, 1, NULL, '2015-05-24 08:37:14', NULL, '2015-05-24 08:37:14', 2483, 'U'),
(101, '03396101', 'WARD NO-01', NULL, 1, NULL, '2015-05-24 08:12:57', NULL, '2015-05-24 08:12:57', 2484, 'W'),
(101, '03396102', 'WARD NO-02', NULL, 1, NULL, '2015-05-24 08:12:57', NULL, '2015-05-24 08:12:57', 2485, 'W'),
(101, '03396103', 'WARD NO-03', NULL, 1, NULL, '2015-05-24 08:12:57', NULL, '2015-05-24 08:12:57', 2486, 'W'),
(101, '03396104', 'WARD NO-04', NULL, 1, NULL, '2015-05-24 08:12:57', NULL, '2015-05-24 08:12:57', 2487, 'W'),
(101, '03396105', 'WARD NO-05', NULL, 1, NULL, '2015-05-24 08:12:57', NULL, '2015-05-24 08:12:57', 2488, 'W'),
(101, '03396106', 'WARD NO-06', NULL, 1, NULL, '2015-05-24 08:12:57', NULL, '2015-05-24 08:12:57', 2489, 'W'),
(101, '03396107', 'WARD NO-07', NULL, 1, NULL, '2015-05-24 08:12:57', NULL, '2015-05-24 08:12:57', 2490, 'W'),
(101, '03396108', 'WARD NO-08', NULL, 1, NULL, '2015-05-24 08:12:57', NULL, '2015-05-24 08:12:57', 2491, 'W'),
(101, '03396109', 'WARD NO-09', NULL, 1, NULL, '2015-05-24 08:12:57', NULL, '2015-05-24 08:12:57', 2492, 'W'),
(101, '03396117', 'ADRA', NULL, 1, NULL, '2015-05-24 08:37:14', NULL, '2015-05-24 08:37:14', 2493, 'U'),
(101, '03396119', 'CHAR BANIPAKURI UNION', NULL, 1, NULL, '2015-05-24 08:37:14', NULL, '2015-05-24 08:37:14', 2494, 'U'),
(101, '03396128', 'DURMUT', NULL, 1, NULL, '2015-05-24 08:37:14', NULL, '2015-05-24 08:37:14', 2495, 'U'),
(101, '03396138', 'FULKOCHA', NULL, 1, NULL, '2015-05-24 08:37:14', NULL, '2015-05-24 08:37:14', 2496, 'U'),
(101, '03396147', 'GHOSHER PARA', NULL, 1, NULL, '2015-05-24 08:37:14', NULL, '2015-05-24 08:37:14', 2497, 'U'),
(101, '03396157', 'JHAUGARA', NULL, 1, NULL, '2015-05-24 08:37:14', NULL, '2015-05-24 08:37:14', 2498, 'U'),
(101, '03396166', 'KULIA', NULL, 1, NULL, '2015-05-24 08:37:14', NULL, '2015-05-24 08:37:14', 2499, 'U'),
(101, '03396176', 'MAHMUDPUR', NULL, 1, NULL, '2015-05-24 08:37:14', NULL, '2015-05-24 08:37:14', 2500, 'U'),
(101, '03396185', 'NANGLA', NULL, 1, NULL, '2015-05-24 08:37:14', NULL, '2015-05-24 08:37:14', 2501, 'U'),
(101, '03396195', 'NAYANAGAR', NULL, 1, NULL, '2015-05-24 08:37:14', NULL, '2015-05-24 08:37:14', 2502, 'U'),
(101, '03396197', 'SHAYMPUR', NULL, 1, NULL, '2015-05-24 08:37:14', NULL, '2015-05-24 08:37:14', 2503, 'U'),
(102, '03398501', 'WARD NO-01', NULL, 1, NULL, '2015-05-24 08:12:57', NULL, '2015-05-24 08:12:57', 2504, 'W'),
(102, '03398502', 'WARD NO-02', NULL, 1, NULL, '2015-05-24 08:12:57', NULL, '2015-05-24 08:12:57', 2505, 'W'),
(102, '03398503', 'WARD NO-03', NULL, 1, NULL, '2015-05-24 08:12:57', NULL, '2015-05-24 08:12:57', 2506, 'W'),
(102, '03398504', 'WARD NO-04', NULL, 1, NULL, '2015-05-24 08:12:57', NULL, '2015-05-24 08:12:57', 2507, 'W'),
(102, '03398505', 'WARD NO-05', NULL, 1, NULL, '2015-05-24 08:12:57', NULL, '2015-05-24 08:12:57', 2508, 'W'),
(102, '03398506', 'WARD NO-06', NULL, 1, NULL, '2015-05-24 08:12:57', NULL, '2015-05-24 08:12:57', 2509, 'W'),
(102, '03398507', 'WARD NO-07', NULL, 1, NULL, '2015-05-24 08:12:57', NULL, '2015-05-24 08:12:57', 2510, 'W'),
(102, '03398508', 'WARD NO-08', NULL, 1, NULL, '2015-05-24 08:12:57', NULL, '2015-05-24 08:12:57', 2511, 'W'),
(102, '03398509', 'WARD NO-09', NULL, 1, NULL, '2015-05-24 08:12:57', NULL, '2015-05-24 08:12:57', 2512, 'W'),
(102, '03398510', 'AONA', NULL, 1, NULL, '2015-05-24 08:37:14', NULL, '2015-05-24 08:37:14', 2513, 'U'),
(102, '03398521', 'BHATARA', NULL, 1, NULL, '2015-05-24 08:37:14', NULL, '2015-05-24 08:37:14', 2514, 'U'),
(102, '03398531', 'DOAIL', NULL, 1, NULL, '2015-05-24 08:37:14', NULL, '2015-05-24 08:37:14', 2515, 'U'),
(102, '03398542', 'KAMRABAD', NULL, 1, NULL, '2015-05-24 08:37:14', NULL, '2015-05-24 08:37:14', 2516, 'U'),
(102, '03398552', 'MAHADAN', NULL, 1, NULL, '2015-05-24 08:37:14', NULL, '2015-05-24 08:37:14', 2517, 'U'),
(102, '03398563', 'PINGNA', NULL, 1, NULL, '2015-05-24 08:37:14', NULL, '2015-05-24 08:37:14', 2518, 'U'),
(102, '03398573', 'POGALDIGHA', NULL, 1, NULL, '2015-05-24 08:37:14', NULL, '2015-05-24 08:37:14', 2519, 'U'),
(102, '03398584', 'SATPOA', NULL, 1, NULL, '2015-05-24 08:37:14', NULL, '2015-05-24 08:37:14', 2520, 'U'),
(103, '03480211', 'ADAMPUR', NULL, 1, NULL, '2015-05-24 08:37:14', NULL, '2015-05-24 08:37:14', 2521, 'U'),
(103, '03480223', 'AUSTAGRAM', NULL, 1, NULL, '2015-05-24 08:37:14', NULL, '2015-05-24 08:37:14', 2522, 'U'),
(103, '03480235', 'BANGAL PARA', NULL, 1, NULL, '2015-05-24 08:37:14', NULL, '2015-05-24 08:37:14', 2523, 'U'),
(103, '03480247', 'DEOGHAR', NULL, 1, NULL, '2015-05-24 08:37:14', NULL, '2015-05-24 08:37:14', 2524, 'U'),
(103, '03480259', 'KALMA', NULL, 1, NULL, '2015-05-24 08:37:14', NULL, '2015-05-24 08:37:14', 2525, 'U'),
(103, '03480271', 'KASTAIL', NULL, 1, NULL, '2015-05-24 08:37:14', NULL, '2015-05-24 08:37:14', 2526, 'U'),
(103, '03480283', 'KHAYERPUR ABDULLAHPUR', NULL, 1, NULL, '2015-05-24 08:37:14', NULL, '2015-05-24 08:37:14', 2527, 'U'),
(103, '03480291', 'PURBA AUSTAGRAM', NULL, 1, NULL, '2015-05-24 08:37:14', NULL, '2015-05-24 08:37:14', 2528, 'U'),
(104, '03480601', 'WARD NO-01', NULL, 1, NULL, '2015-05-24 08:12:57', NULL, '2015-05-24 08:12:57', 2529, 'W'),
(104, '03480602', 'WARD NO-02', NULL, 1, NULL, '2015-05-24 08:12:57', NULL, '2015-05-24 08:12:57', 2530, 'W'),
(104, '03480603', 'WARD NO-03', NULL, 1, NULL, '2015-05-24 08:12:57', NULL, '2015-05-24 08:12:57', 2531, 'W'),
(104, '03480604', 'WARD NO-04', NULL, 1, NULL, '2015-05-24 08:12:57', NULL, '2015-05-24 08:12:57', 2532, 'W'),
(104, '03480605', 'WARD NO-05', NULL, 1, NULL, '2015-05-24 08:12:57', NULL, '2015-05-24 08:12:57', 2533, 'W'),
(104, '03480606', 'WARD NO-06', NULL, 1, NULL, '2015-05-24 08:12:57', NULL, '2015-05-24 08:12:57', 2534, 'W'),
(104, '03480607', 'WARD NO-07', NULL, 1, NULL, '2015-05-24 08:12:57', NULL, '2015-05-24 08:12:57', 2535, 'W'),
(104, '03480608', 'WARD NO-08', NULL, 1, NULL, '2015-05-24 08:12:57', NULL, '2015-05-24 08:12:57', 2536, 'W'),
(104, '03480609', 'WARD NO-09', NULL, 1, NULL, '2015-05-24 08:12:57', NULL, '2015-05-24 08:12:57', 2537, 'W'),
(104, '03480617', 'BALIARDI', NULL, 1, NULL, '2015-05-24 08:37:14', NULL, '2015-05-24 08:37:14', 2538, 'U'),
(104, '03480625', 'DIGHIRPAR', NULL, 1, NULL, '2015-05-24 08:37:14', NULL, '2015-05-24 08:37:14', 2539, 'U'),
(104, '03480634', 'DILALPUR', NULL, 1, NULL, '2015-05-24 08:37:14', NULL, '2015-05-24 08:37:14', 2540, 'U'),
(104, '03480643', 'GAZIR CHAR', NULL, 1, NULL, '2015-05-24 08:37:14', NULL, '2015-05-24 08:37:14', 2541, 'U'),
(104, '03480651', 'HALIMPUR', NULL, 1, NULL, '2015-05-24 08:37:14', NULL, '2015-05-24 08:37:14', 2542, 'U'),
(104, '03480660', 'HILACHIA', NULL, 1, NULL, '2015-05-24 08:37:14', NULL, '2015-05-24 08:37:14', 2543, 'U'),
(104, '03480669', 'HUMAIPUR', NULL, 1, NULL, '2015-05-24 08:37:14', NULL, '2015-05-24 08:37:14', 2544, 'U'),
(104, '03480672', 'KAILAG', NULL, 1, NULL, '2015-05-24 08:37:14', NULL, '2015-05-24 08:37:14', 2545, 'U'),
(104, '03480677', 'MAIJ CHAR', NULL, 1, NULL, '2015-05-24 08:37:14', NULL, '2015-05-24 08:37:14', 2546, 'U'),
(104, '03480686', 'PIRIJPUR', NULL, 1, NULL, '2015-05-24 08:37:14', NULL, '2015-05-24 08:37:14', 2547, 'U'),
(104, '03480694', 'SARAR CHAR', NULL, 1, NULL, '2015-05-24 08:37:14', NULL, '2015-05-24 08:37:14', 2548, 'U'),
(105, '03481101', 'WARD NO-01', NULL, 1, NULL, '2015-05-24 08:12:57', NULL, '2015-05-24 08:12:57', 2549, 'W'),
(105, '03481102', 'WARD NO-02', NULL, 1, NULL, '2015-05-24 08:12:57', NULL, '2015-05-24 08:12:57', 2550, 'W'),
(105, '03481103', 'WARD NO-03', NULL, 1, NULL, '2015-05-24 08:12:57', NULL, '2015-05-24 08:12:57', 2551, 'W'),
(105, '03481104', 'WARD NO-04', NULL, 1, NULL, '2015-05-24 08:12:57', NULL, '2015-05-24 08:12:57', 2552, 'W'),
(105, '03481105', 'WARD NO-05', NULL, 1, NULL, '2015-05-24 08:12:57', NULL, '2015-05-24 08:12:57', 2553, 'W'),
(105, '03481106', 'WARD NO-06', NULL, 1, NULL, '2015-05-24 08:12:57', NULL, '2015-05-24 08:12:57', 2554, 'W'),
(105, '03481107', 'WARD NO-07', NULL, 1, NULL, '2015-05-24 08:12:57', NULL, '2015-05-24 08:12:57', 2555, 'W'),
(105, '03481108', 'WARD NO-08', NULL, 1, NULL, '2015-05-24 08:12:57', NULL, '2015-05-24 08:12:57', 2556, 'W'),
(105, '03481109', 'WARD NO-09', NULL, 1, NULL, '2015-05-24 08:12:57', NULL, '2015-05-24 08:12:57', 2557, 'W'),
(105, '03481110', 'WARD NO-10', NULL, 1, NULL, '2015-05-24 08:12:57', NULL, '2015-05-24 08:12:57', 2558, 'W'),
(105, '03481111', 'WARD NO-11', NULL, 1, NULL, '2015-05-24 08:12:57', NULL, '2015-05-24 08:12:57', 2559, 'W'),
(105, '03481112', 'WARD NO-12', NULL, 1, NULL, '2015-05-24 08:12:57', NULL, '2015-05-24 08:12:57', 2560, 'W'),
(57, '02514389', 'TUM CHAR', NULL, 1, NULL, '2015-05-24 08:37:14', NULL, '2015-05-24 08:37:14', 2561, 'U'),
(57, '02514390', 'DAKSHIN HAMCHADI', NULL, 1, NULL, '2015-05-24 08:37:14', NULL, '2015-05-24 08:37:14', 2562, 'U'),
(57, '02514395', 'UTTAR JOYPUR', NULL, 1, NULL, '2015-05-24 08:37:14', NULL, '2015-05-24 08:37:14', 2563, 'U'),
(58, '02515801', 'WARD NO-01', NULL, 1, NULL, '2015-05-24 08:12:57', NULL, '2015-05-24 08:12:57', 2564, 'W'),
(58, '02515802', 'WARD NO-02', NULL, 1, NULL, '2015-05-24 08:12:57', NULL, '2015-05-24 08:12:57', 2565, 'W'),
(58, '02515803', 'WARD NO-03', NULL, 1, NULL, '2015-05-24 08:12:57', NULL, '2015-05-24 08:12:57', 2566, 'W'),
(58, '02515804', 'WARD NO-04', NULL, 1, NULL, '2015-05-24 08:12:57', NULL, '2015-05-24 08:12:57', 2567, 'W'),
(58, '02515805', 'WARD NO-05', NULL, 1, NULL, '2015-05-24 08:12:57', NULL, '2015-05-24 08:12:57', 2568, 'W'),
(58, '02515806', 'WARD NO-06', NULL, 1, NULL, '2015-05-24 08:12:57', NULL, '2015-05-24 08:12:57', 2569, 'W'),
(58, '02515807', 'WARD NO-07', NULL, 1, NULL, '2015-05-24 08:12:57', NULL, '2015-05-24 08:12:57', 2570, 'W'),
(58, '02515808', 'WARD NO-08', NULL, 1, NULL, '2015-05-24 08:12:57', NULL, '2015-05-24 08:12:57', 2571, 'W'),
(58, '02515809', 'WARD NO-09', NULL, 1, NULL, '2015-05-24 08:12:57', NULL, '2015-05-24 08:12:57', 2572, 'W'),
(58, '02515811', 'BAMNI', NULL, 1, NULL, '2015-05-24 08:37:14', NULL, '2015-05-24 08:37:14', 2573, 'U'),
(58, '02515823', 'NORTH CHAR ABABIL', NULL, 1, NULL, '2015-05-24 08:37:14', NULL, '2015-05-24 08:37:14', 2574, 'U'),
(58, '02515828', 'SOUTH CHAR ABABIL', NULL, 1, NULL, '2015-05-24 08:37:14', NULL, '2015-05-24 08:37:14', 2575, 'U'),
(58, '02515835', 'NORTH CHAR BANGSHI', NULL, 1, NULL, '2015-05-24 08:37:14', NULL, '2015-05-24 08:37:14', 2576, 'U'),
(58, '02515838', 'SOUTH CHAR BANGSHI', NULL, 1, NULL, '2015-05-24 08:37:14', NULL, '2015-05-24 08:37:14', 2577, 'U'),
(58, '02515847', 'CHAR MOHANA', NULL, 1, NULL, '2015-05-24 08:37:14', NULL, '2015-05-24 08:37:14', 2578, 'U'),
(58, '02515852', 'CHAR PATA', NULL, 1, NULL, '2015-05-24 08:37:14', NULL, '2015-05-24 08:37:14', 2579, 'U'),
(58, '02515859', 'KEROA', NULL, 1, NULL, '2015-05-24 08:37:14', NULL, '2015-05-24 08:37:14', 2580, 'U'),
(58, '02515871', 'ROYIPUR', NULL, 1, NULL, '2015-05-24 08:37:14', NULL, '2015-05-24 08:37:14', 2581, 'U'),
(58, '02515883', 'SONAPUR', NULL, 1, NULL, '2015-05-24 08:37:14', NULL, '2015-05-24 08:37:14', 2582, 'U'),
(59, '02516501', 'WARD NO-01', NULL, 1, NULL, '2015-05-24 08:12:57', NULL, '2015-05-24 08:12:57', 2583, 'W'),
(59, '02516502', 'WARD NO-02', NULL, 1, NULL, '2015-05-24 08:12:57', NULL, '2015-05-24 08:12:57', 2584, 'W'),
(59, '02516503', 'WARD NO-03', NULL, 1, NULL, '2015-05-24 08:12:57', NULL, '2015-05-24 08:12:57', 2585, 'W'),
(59, '02516504', 'WARD NO-04', NULL, 1, NULL, '2015-05-24 08:12:57', NULL, '2015-05-24 08:12:57', 2586, 'W'),
(59, '02516505', 'WARD NO-05', NULL, 1, NULL, '2015-05-24 08:12:57', NULL, '2015-05-24 08:12:57', 2587, 'W'),
(59, '02516506', 'WARD NO-06', NULL, 1, NULL, '2015-05-24 08:12:57', NULL, '2015-05-24 08:12:57', 2588, 'W'),
(59, '02516507', 'WARD NO-07', NULL, 1, NULL, '2015-05-24 08:12:57', NULL, '2015-05-24 08:12:57', 2589, 'W'),
(59, '02516508', 'WARD NO-08', NULL, 1, NULL, '2015-05-24 08:12:57', NULL, '2015-05-24 08:12:57', 2590, 'W'),
(59, '02516509', 'WARD NO-09', NULL, 1, NULL, '2015-05-24 08:12:57', NULL, '2015-05-24 08:12:57', 2591, 'W'),
(59, '02516513', 'BHADUR', NULL, 1, NULL, '2015-05-24 08:37:14', NULL, '2015-05-24 08:37:14', 2592, 'U'),
(59, '02516514', 'BHATRA', NULL, 1, NULL, '2015-05-24 08:37:14', NULL, '2015-05-24 08:37:14', 2593, 'U'),
(59, '02516519', 'BHOLAKOT', NULL, 1, NULL, '2015-05-24 08:37:14', NULL, '2015-05-24 08:37:14', 2594, 'U'),
(59, '02516523', 'CHANDIPUR', NULL, 1, NULL, '2015-05-24 08:37:14', NULL, '2015-05-24 08:37:14', 2595, 'U'),
(59, '02516533', 'DARBESHPUR', NULL, 1, NULL, '2015-05-24 08:37:14', NULL, '2015-05-24 08:37:14', 2596, 'U'),
(59, '02516538', 'ICHHAPUR', NULL, 1, NULL, '2015-05-24 08:37:14', NULL, '2015-05-24 08:37:14', 2597, 'U'),
(59, '02516542', 'KANCHANPUR', NULL, 1, NULL, '2015-05-24 08:37:14', NULL, '2015-05-24 08:37:14', 2598, 'U'),
(59, '02516547', 'KARPARA', NULL, 1, NULL, '2015-05-24 08:37:14', NULL, '2015-05-24 08:37:14', 2599, 'U'),
(59, '02516557', 'LAMCHAR', NULL, 1, NULL, '2015-05-24 08:37:14', NULL, '2015-05-24 08:37:14', 2600, 'U'),
(59, '02516566', 'NOAGAON', NULL, 1, NULL, '2015-05-24 08:37:14', NULL, '2015-05-24 08:37:14', 2601, 'U'),
(60, '02517301', 'WARD NO-01', NULL, 1, NULL, '2015-05-24 08:12:57', NULL, '2015-05-24 08:12:57', 2602, 'W'),
(60, '02517302', 'WARD NO-02', NULL, 1, NULL, '2015-05-24 08:12:57', NULL, '2015-05-24 08:12:57', 2603, 'W'),
(60, '02517303', 'WARD NO-03', NULL, 1, NULL, '2015-05-24 08:12:57', NULL, '2015-05-24 08:12:57', 2604, 'W'),
(60, '02517304', 'WARD NO-04', NULL, 1, NULL, '2015-05-24 08:12:57', NULL, '2015-05-24 08:12:57', 2605, 'W'),
(60, '02517305', 'WARD NO-05', NULL, 1, NULL, '2015-05-24 08:12:57', NULL, '2015-05-24 08:12:57', 2606, 'W'),
(60, '02517306', 'WARD NO-06', NULL, 1, NULL, '2015-05-24 08:12:57', NULL, '2015-05-24 08:12:57', 2607, 'W'),
(60, '02517307', 'WARD NO-07', NULL, 1, NULL, '2015-05-24 08:12:57', NULL, '2015-05-24 08:12:57', 2608, 'W'),
(60, '02517308', 'WARD NO-08', NULL, 1, NULL, '2015-05-24 08:12:57', NULL, '2015-05-24 08:12:57', 2609, 'W'),
(60, '02517309', 'WARD NO-09', NULL, 1, NULL, '2015-05-24 08:12:57', NULL, '2015-05-24 08:12:57', 2610, 'W'),
(60, '02517313', 'BARA KHERI', NULL, 1, NULL, '2015-05-24 08:37:14', NULL, '2015-05-24 08:37:14', 2611, 'U'),
(60, '02517315', 'CHAR ABDULLAH', NULL, 1, NULL, '2015-05-24 08:37:14', NULL, '2015-05-24 08:37:14', 2612, 'U'),
(60, '02517323', 'CHAR ALEXANDAR', NULL, 1, NULL, '2015-05-24 08:37:14', NULL, '2015-05-24 08:37:14', 2613, 'U'),
(60, '02517331', 'CHAR ALGI', NULL, 1, NULL, '2015-05-24 08:37:14', NULL, '2015-05-24 08:37:14', 2614, 'U'),
(60, '02517339', 'CHAR BADAM', NULL, 1, NULL, '2015-05-24 08:37:14', NULL, '2015-05-24 08:37:14', 2615, 'U'),
(60, '02517355', 'CHAR GAZI', NULL, 1, NULL, '2015-05-24 08:37:14', NULL, '2015-05-24 08:37:14', 2616, 'U'),
(60, '02517365', 'CHAR PORAGACHHA', NULL, 1, NULL, '2015-05-24 08:37:14', NULL, '2015-05-24 08:37:14', 2617, 'U'),
(60, '02517387', 'CHAR RAMIZ', NULL, 1, NULL, '2015-05-24 08:37:14', NULL, '2015-05-24 08:37:14', 2618, 'U'),
(61, '02750701', 'WARD NO-01', NULL, 1, NULL, '2015-05-24 08:12:57', NULL, '2015-05-24 08:12:57', 2619, 'W'),
(61, '02750702', 'WARD NO-02', NULL, 1, NULL, '2015-05-24 08:12:57', NULL, '2015-05-24 08:12:57', 2620, 'W'),
(61, '02750703', 'WARD NO-03', NULL, 1, NULL, '2015-05-24 08:12:57', NULL, '2015-05-24 08:12:57', 2621, 'W'),
(61, '02750704', 'WARD NO-04', NULL, 1, NULL, '2015-05-24 08:12:57', NULL, '2015-05-24 08:12:57', 2622, 'W'),
(61, '02750705', 'WARD NO-05', NULL, 1, NULL, '2015-05-24 08:12:57', NULL, '2015-05-24 08:12:57', 2623, 'W'),
(61, '02750706', 'WARD NO-06', NULL, 1, NULL, '2015-05-24 08:12:57', NULL, '2015-05-24 08:12:57', 2624, 'W'),
(61, '02750707', 'WARD NO-07', NULL, 1, NULL, '2015-05-24 08:12:57', NULL, '2015-05-24 08:12:57', 2625, 'W'),
(61, '02750708', 'WARD NO-08', NULL, 1, NULL, '2015-05-24 08:12:57', NULL, '2015-05-24 08:12:57', 2626, 'W'),
(61, '02750709', 'WARD NO-09', NULL, 1, NULL, '2015-05-24 08:12:57', NULL, '2015-05-24 08:12:57', 2627, 'W'),
(61, '02750710', 'ALYERAPUR', NULL, 1, NULL, '2015-05-24 08:37:14', NULL, '2015-05-24 08:37:14', 2628, 'U'),
(61, '02750712', 'AMANULLAPUR', NULL, 1, NULL, '2015-05-24 08:37:14', NULL, '2015-05-24 08:37:14', 2629, 'U'),
(61, '02750724', 'BEGUMGANJ', NULL, 1, NULL, '2015-05-24 08:37:14', NULL, '2015-05-24 08:37:14', 2630, 'U'),
(61, '02750728', 'CHHAYANI', NULL, 1, NULL, '2015-05-24 08:37:14', NULL, '2015-05-24 08:37:14', 2631, 'U'),
(61, '02750738', 'DURGAPUR', NULL, 1, NULL, '2015-05-24 08:37:14', NULL, '2015-05-24 08:37:14', 2632, 'U'),
(61, '02750742', 'EKLASHPUR', NULL, 1, NULL, '2015-05-24 08:37:14', NULL, '2015-05-24 08:37:14', 2633, 'U'),
(61, '02750745', 'GOPALPUR', NULL, 1, NULL, '2015-05-24 08:37:14', NULL, '2015-05-24 08:37:14', 2634, 'U'),
(61, '02750749', 'NAROTTAMPUR', NULL, 1, NULL, '2015-05-24 08:37:14', NULL, '2015-05-24 08:37:14', 2635, 'U'),
(61, '02750752', 'HAJIPUR', NULL, 1, NULL, '2015-05-24 08:37:14', NULL, '2015-05-24 08:37:14', 2636, 'U'),
(61, '02750756', 'JIRTALI', NULL, 1, NULL, '2015-05-24 08:37:14', NULL, '2015-05-24 08:37:14', 2637, 'U'),
(61, '02750763', 'KADIRPUR', NULL, 1, NULL, '2015-05-24 08:37:14', NULL, '2015-05-24 08:37:14', 2638, 'U'),
(61, '02750766', 'KUTUBPUR', NULL, 1, NULL, '2015-05-24 08:37:14', NULL, '2015-05-24 08:37:14', 2639, 'U'),
(61, '02750770', 'MIR WARISHPUR', NULL, 1, NULL, '2015-05-24 08:37:14', NULL, '2015-05-24 08:37:14', 2640, 'U'),
(61, '02750780', 'RAJGANJ', NULL, 1, NULL, '2015-05-24 08:37:14', NULL, '2015-05-24 08:37:14', 2641, 'U'),
(61, '02750784', 'RASULPUR', NULL, 1, NULL, '2015-05-24 08:37:14', NULL, '2015-05-24 08:37:14', 2642, 'U'),
(61, '02750787', 'SHARIFPUR', NULL, 1, NULL, '2015-05-24 08:37:14', NULL, '2015-05-24 08:37:14', 2643, 'U'),
(62, '02751001', 'WARD NO-01', NULL, 1, NULL, '2015-05-24 08:12:57', NULL, '2015-05-24 08:12:57', 2644, 'W'),
(62, '02751002', 'WARD NO-02', NULL, 1, NULL, '2015-05-24 08:12:57', NULL, '2015-05-24 08:12:57', 2645, 'W'),
(62, '02751003', 'WARD NO-03', NULL, 1, NULL, '2015-05-24 08:12:57', NULL, '2015-05-24 08:12:57', 2646, 'W'),
(62, '02751004', 'WARD NO-04', NULL, 1, NULL, '2015-05-24 08:12:57', NULL, '2015-05-24 08:12:57', 2647, 'W'),
(62, '02751005', 'WARD NO-05', NULL, 1, NULL, '2015-05-24 08:12:57', NULL, '2015-05-24 08:12:57', 2648, 'W'),
(62, '02751006', 'WARD NO-06', NULL, 1, NULL, '2015-05-24 08:12:57', NULL, '2015-05-24 08:12:57', 2649, 'W'),
(62, '02751007', 'WARD NO-07', NULL, 1, NULL, '2015-05-24 08:12:57', NULL, '2015-05-24 08:12:57', 2650, 'W'),
(62, '02751008', 'WARD NO-08', NULL, 1, NULL, '2015-05-24 08:12:57', NULL, '2015-05-24 08:12:57', 2651, 'W'),
(62, '02751009', 'WARD NO-09', NULL, 1, NULL, '2015-05-24 08:12:57', NULL, '2015-05-24 08:12:57', 2652, 'W'),
(62, '02751017', 'BADALKUT', NULL, 1, NULL, '2015-05-24 08:37:14', NULL, '2015-05-24 08:37:14', 2653, 'U'),
(62, '02751019', 'HATPUKURIA GHATLABAG', NULL, 1, NULL, '2015-05-24 08:37:14', NULL, '2015-05-24 08:37:14', 2654, 'U'),
(62, '02751028', 'KHIL PARA', NULL, 1, NULL, '2015-05-24 08:37:14', NULL, '2015-05-24 08:37:14', 2655, 'U'),
(62, '02751038', 'MOHAMMADPUR', NULL, 1, NULL, '2015-05-24 08:37:14', NULL, '2015-05-24 08:37:14', 2656, 'U'),
(62, '02751047', 'NAYAKHOLA', NULL, 1, NULL, '2015-05-24 08:37:14', NULL, '2015-05-24 08:37:14', 2657, 'U'),
(62, '02751057', 'PANCHGAON', NULL, 1, NULL, '2015-05-24 08:37:14', NULL, '2015-05-24 08:37:14', 2658, 'U'),
(62, '02751066', 'PARKOTE', NULL, 1, NULL, '2015-05-24 08:37:14', NULL, '2015-05-24 08:37:14', 2659, 'U'),
(62, '02751076', 'RAMNARAYANPUR', NULL, 1, NULL, '2015-05-24 08:37:14', NULL, '2015-05-24 08:37:14', 2660, 'U'),
(62, '02751085', 'SAHAPUR', NULL, 1, NULL, '2015-05-24 08:37:14', NULL, '2015-05-24 08:37:14', 2661, 'U'),
(31, '02752101', 'WARD NO-01', NULL, 1, NULL, '2015-05-24 08:12:57', NULL, '2015-05-24 08:12:57', 2662, 'W'),
(31, '02752102', 'WARD NO-02', NULL, 1, NULL, '2015-05-24 08:12:57', NULL, '2015-05-24 08:12:57', 2663, 'W'),
(31, '02752103', 'WARD NO-03', NULL, 1, NULL, '2015-05-24 08:12:57', NULL, '2015-05-24 08:12:57', 2664, 'W'),
(31, '02752104', 'WARD NO-04', NULL, 1, NULL, '2015-05-24 08:12:57', NULL, '2015-05-24 08:12:57', 2665, 'W'),
(31, '02752105', 'WARD NO-05', NULL, 1, NULL, '2015-05-24 08:12:57', NULL, '2015-05-24 08:12:57', 2666, 'W'),
(31, '02752106', 'WARD NO-06', NULL, 1, NULL, '2015-05-24 08:12:57', NULL, '2015-05-24 08:12:57', 2667, 'W'),
(31, '02752107', 'WARD NO-07', NULL, 1, NULL, '2015-05-24 08:12:57', NULL, '2015-05-24 08:12:57', 2668, 'W'),
(31, '02752108', 'WARD NO-08', NULL, 1, NULL, '2015-05-24 08:12:57', NULL, '2015-05-24 08:12:57', 2669, 'W'),
(31, '02752109', 'WARD NO-09', NULL, 1, NULL, '2015-05-24 08:12:57', NULL, '2015-05-24 08:12:57', 2670, 'W'),
(31, '02752110', 'CHAR ELAHI', NULL, 1, NULL, '2015-05-24 08:37:14', NULL, '2015-05-24 08:37:14', 2671, 'U'),
(31, '02752111', 'CHAR FAKIRA', NULL, 1, NULL, '2015-05-24 08:37:14', NULL, '2015-05-24 08:37:14', 2672, 'U'),
(31, '02752123', 'CHAR HAZARI', NULL, 1, NULL, '2015-05-24 08:37:14', NULL, '2015-05-24 08:37:14', 2673, 'U'),
(31, '02752135', 'CHAR KAKRA', NULL, 1, NULL, '2015-05-24 08:37:14', NULL, '2015-05-24 08:37:14', 2674, 'U'),
(31, '02752147', 'CHAR PARBATI', NULL, 1, NULL, '2015-05-24 08:37:14', NULL, '2015-05-24 08:37:14', 2675, 'U'),
(31, '02752159', 'MUSAPUR', NULL, 1, NULL, '2015-05-24 08:37:14', NULL, '2015-05-24 08:37:14', 2676, 'U'),
(31, '02752171', 'RAMPUR', NULL, 1, NULL, '2015-05-24 08:37:14', NULL, '2015-05-24 08:37:14', 2677, 'U'),
(31, '02752183', 'SIRAJPUR', NULL, 1, NULL, '2015-05-24 08:37:14', NULL, '2015-05-24 08:37:14', 2678, 'U'),
(15, '02753601', 'WARD NO-01', NULL, 1, NULL, '2015-05-24 08:12:57', NULL, '2015-05-24 08:12:57', 2679, 'W'),
(15, '02753602', 'WARD NO-02', NULL, 1, NULL, '2015-05-24 08:12:57', NULL, '2015-05-24 08:12:57', 2680, 'W'),
(15, '02753603', 'WARD NO-03', NULL, 1, NULL, '2015-05-24 08:12:57', NULL, '2015-05-24 08:12:57', 2681, 'W'),
(15, '02753604', 'WARD NO-04', NULL, 1, NULL, '2015-05-24 08:12:57', NULL, '2015-05-24 08:12:57', 2682, 'W'),
(15, '02753605', 'WARD NO-05', NULL, 1, NULL, '2015-05-24 08:12:57', NULL, '2015-05-24 08:12:57', 2683, 'W'),
(15, '02753606', 'WARD NO-06', NULL, 1, NULL, '2015-05-24 08:12:57', NULL, '2015-05-24 08:12:57', 2684, 'W'),
(15, '02753607', 'WARD NO-07', NULL, 1, NULL, '2015-05-24 08:12:57', NULL, '2015-05-24 08:12:57', 2685, 'W'),
(15, '02753608', 'WARD NO-08', NULL, 1, NULL, '2015-05-24 08:12:57', NULL, '2015-05-24 08:12:57', 2686, 'W'),
(15, '02753609', 'WARD NO-09', NULL, 1, NULL, '2015-05-24 08:12:57', NULL, '2015-05-24 08:12:57', 2687, 'W'),
(15, '02753615', 'BURIR CHAR', NULL, 1, NULL, '2015-05-24 08:37:14', NULL, '2015-05-24 08:37:14', 2688, 'U'),
(15, '02753619', 'HARNI-CHANDNANDI', NULL, 1, NULL, '2015-05-24 08:37:14', NULL, '2015-05-24 08:37:14', 2689, 'U'),
(15, '02753628', 'CHAR ISHWAR', NULL, 1, NULL, '2015-05-24 08:37:14', NULL, '2015-05-24 08:37:14', 2690, 'U'),
(15, '02753638', 'CHAR KING', NULL, 1, NULL, '2015-05-24 08:37:14', NULL, '2015-05-24 08:37:14', 2691, 'U'),
(15, '02753657', 'JAHAJMARA', NULL, 1, NULL, '2015-05-24 08:37:14', NULL, '2015-05-24 08:37:14', 2692, 'U'),
(15, '02753666', 'NALCHIRA', NULL, 1, NULL, '2015-05-24 08:37:14', NULL, '2015-05-24 08:37:14', 2693, 'U'),
(15, '02753676', 'SONADIA', NULL, 1, NULL, '2015-05-24 08:37:14', NULL, '2015-05-24 08:37:14', 2694, 'U'),
(15, '02753685', 'SUKH CHAR', NULL, 1, NULL, '2015-05-24 08:37:14', NULL, '2015-05-24 08:37:14', 2695, 'U'),
(15, '02753695', 'TAMARUDDIN', NULL, 1, NULL, '2015-05-24 08:37:14', NULL, '2015-05-24 08:37:14', 2696, 'U'),
(63, '02754701', 'WARD NO-01', NULL, 1, NULL, '2015-05-24 08:12:57', NULL, '2015-05-24 08:12:57', 2697, 'W'),
(63, '02754702', 'WARD NO-02', NULL, 1, NULL, '2015-05-24 08:12:57', NULL, '2015-05-24 08:12:57', 2698, 'W'),
(63, '02754703', 'WARD NO-03', NULL, 1, NULL, '2015-05-24 08:12:57', NULL, '2015-05-24 08:12:57', 2699, 'W'),
(414, '02848767', 'MAGBAN UNION', NULL, 1, NULL, '2015-05-24 08:37:14', NULL, '2015-05-24 08:37:14', 2700, 'U'),
(414, '02848781', 'SAPCHHARI UNION', NULL, 1, NULL, '2015-05-24 08:37:14', NULL, '2015-05-24 08:37:14', 2701, 'U'),
(415, '03260243', 'WARD NO-43', NULL, 1, NULL, '2015-05-24 08:12:57', NULL, '2015-05-24 08:12:57', 2702, 'W'),
(415, '03260246', 'WARD NO-46 (PART)', NULL, 1, NULL, '2015-05-24 08:12:57', NULL, '2015-05-24 08:12:57', 2703, 'W'),
(28, '03260413', 'BADDA', NULL, 1, NULL, '2015-05-24 08:37:14', NULL, '2015-05-24 08:37:14', 2704, 'U'),
(28, '03260417', 'DHAKA C.C./WARD NO-17 (PART)', NULL, 1, NULL, '2015-05-24 08:37:14', NULL, '2015-05-24 08:37:14', 2705, 'U'),
(28, '03260419', 'BERAID', NULL, 1, NULL, '2015-05-24 08:37:14', NULL, '2015-05-24 08:37:14', 2706, 'U'),
(28, '03260421', 'WARD NO-21', NULL, 1, NULL, '2015-05-24 08:12:57', NULL, '2015-05-24 08:12:57', 2707, 'W'),
(28, '03260457', 'BHATARA', NULL, 1, NULL, '2015-05-24 08:37:14', NULL, '2015-05-24 08:37:14', 2708, 'U'),
(28, '03260482', 'SATARKUL', NULL, 1, NULL, '2015-05-24 08:37:14', NULL, '2015-05-24 08:37:14', 2709, 'U'),
(416, '03260601', 'WARD NO-01(PART)', NULL, 1, NULL, '2015-05-24 08:12:57', NULL, '2015-05-24 08:12:57', 2710, 'W'),
(416, '03260638', 'DAKSHINKHAN(PART)', NULL, 1, NULL, '2015-05-24 08:37:14', NULL, '2015-05-24 08:37:14', 2711, 'U'),
(416, '03260698', 'WARD NO-98(REST. AREA PART)', NULL, 1, NULL, '2015-05-24 08:12:57', NULL, '2015-05-24 08:12:57', 2712, 'W'),
(417, '03260815', 'WARD NO-15 (PART)', NULL, 1, NULL, '2015-05-24 08:12:57', NULL, '2015-05-24 08:12:57', 2713, 'W'),
(417, '03260898', 'WARD NO-98 (REST. AREA)', NULL, 1, NULL, '2015-05-24 08:12:57', NULL, '2015-05-24 08:12:57', 2714, 'W'),
(418, '03261038', 'DAKSHINKHAN (PART)', NULL, 1, NULL, '2015-05-24 08:37:14', NULL, '2015-05-24 08:37:14', 2715, 'U'),
(419, '03261265', 'DEMRA', NULL, 1, NULL, '2015-05-24 08:37:14', NULL, '2015-05-24 08:37:14', 2716, 'U'),
(419, '03261280', 'MATUAIL (PART)', NULL, 1, NULL, '2015-05-24 08:37:14', NULL, '2015-05-24 08:37:14', 2717, 'U'),
(419, '03261293', 'SARALIA', NULL, 1, NULL, '2015-05-24 08:37:14', NULL, '2015-05-24 08:37:14', 2718, 'U'),
(420, '03261401', 'WARD NO-01', NULL, 1, NULL, '2015-05-24 08:12:57', NULL, '2015-05-24 08:12:57', 2719, 'W'),
(420, '03261402', 'WARD NO-02', NULL, 1, NULL, '2015-05-24 08:12:57', NULL, '2015-05-24 08:12:57', 2720, 'W'),
(420, '03261403', 'WARD NO-03', NULL, 1, NULL, '2015-05-24 08:12:57', NULL, '2015-05-24 08:12:57', 2721, 'W'),
(420, '03261404', 'WARD NO-04', NULL, 1, NULL, '2015-05-24 08:12:57', NULL, '2015-05-24 08:12:57', 2722, 'W'),
(420, '03261405', 'WARD NO-05', NULL, 1, NULL, '2015-05-24 08:12:57', NULL, '2015-05-24 08:12:57', 2723, 'W'),
(420, '03261406', 'WARD NO-06', NULL, 1, NULL, '2015-05-24 08:12:57', NULL, '2015-05-24 08:12:57', 2724, 'W'),
(420, '03261407', 'WARD NO-07', NULL, 1, NULL, '2015-05-24 08:12:57', NULL, '2015-05-24 08:12:57', 2725, 'W'),
(420, '03261408', 'WARD NO-08', NULL, 1, NULL, '2015-05-24 08:12:57', NULL, '2015-05-24 08:12:57', 2726, 'W'),
(420, '03261409', 'WARD NO-09', NULL, 1, NULL, '2015-05-24 08:12:57', NULL, '2015-05-24 08:12:57', 2727, 'W'),
(420, '03261410', 'AMTA', NULL, 1, NULL, '2015-05-24 08:37:14', NULL, '2015-05-24 08:37:14', 2728, 'U'),
(420, '03261411', 'BAISAKANDA', NULL, 1, NULL, '2015-05-24 08:37:14', NULL, '2015-05-24 08:37:14', 2729, 'U'),
(420, '03261417', 'BALIA', NULL, 1, NULL, '2015-05-24 08:37:14', NULL, '2015-05-24 08:37:14', 2730, 'U'),
(420, '03261423', 'BHARARIA', NULL, 1, NULL, '2015-05-24 08:37:14', NULL, '2015-05-24 08:37:14', 2731, 'U'),
(420, '03261429', 'CHAUHAT', NULL, 1, NULL, '2015-05-24 08:37:14', NULL, '2015-05-24 08:37:14', 2732, 'U'),
(420, '03261435', 'DHAMRAI', NULL, 1, NULL, '2015-05-24 08:37:14', NULL, '2015-05-24 08:37:14', 2733, 'U'),
(420, '03261441', 'GANGUTIA', NULL, 1, NULL, '2015-05-24 08:37:14', NULL, '2015-05-24 08:37:14', 2734, 'U'),
(420, '03261447', 'JADABPUR', NULL, 1, NULL, '2015-05-24 08:37:14', NULL, '2015-05-24 08:37:14', 2735, 'U'),
(420, '03261453', 'KULLA', NULL, 1, NULL, '2015-05-24 08:37:14', NULL, '2015-05-24 08:37:14', 2736, 'U'),
(420, '03261459', 'KUSHURA', NULL, 1, NULL, '2015-05-24 08:37:14', NULL, '2015-05-24 08:37:14', 2737, 'U'),
(420, '03261465', 'NANNAR', NULL, 1, NULL, '2015-05-24 08:37:14', NULL, '2015-05-24 08:37:14', 2738, 'U'),
(420, '03261471', 'ROWAIL', NULL, 1, NULL, '2015-05-24 08:37:14', NULL, '2015-05-24 08:37:14', 2739, 'U'),
(420, '03261477', 'SANORA', NULL, 1, NULL, '2015-05-24 08:37:14', NULL, '2015-05-24 08:37:14', 2740, 'U'),
(420, '03261483', 'SOMBHAG', NULL, 1, NULL, '2015-05-24 08:37:14', NULL, '2015-05-24 08:37:14', 2741, 'U'),
(420, '03261488', 'SUAPUR', NULL, 1, NULL, '2015-05-24 08:37:14', NULL, '2015-05-24 08:37:14', 2742, 'U'),
(420, '03261494', 'SUTI PARA', NULL, 1, NULL, '2015-05-24 08:37:14', NULL, '2015-05-24 08:37:14', 2743, 'U'),
(421, '03261647', 'WARD NO-47(PART)', NULL, 1, NULL, '2015-05-24 08:12:57', NULL, '2015-05-24 08:12:57', 2744, 'W'),
(421, '03261648', 'WARD NO-48(PART)', NULL, 1, NULL, '2015-05-24 08:12:57', NULL, '2015-05-24 08:12:57', 2745, 'W'),
(421, '03261649', 'WARD NO-49', NULL, 1, NULL, '2015-05-24 08:12:57', NULL, '2015-05-24 08:12:57', 2746, 'W'),
(421, '03261650', 'WARD NO-50', NULL, 1, NULL, '2015-05-24 08:12:57', NULL, '2015-05-24 08:12:57', 2747, 'W'),
(421, '03261651', 'WARD NO-51(PART)', NULL, 1, NULL, '2015-05-24 08:12:57', NULL, '2015-05-24 08:12:57', 2748, 'W'),
(422, '03261801', 'WARD NO-01', NULL, 1, NULL, '2015-05-24 08:12:57', NULL, '2015-05-24 08:12:57', 2749, 'W'),
(422, '03261802', 'WARD NO-02', NULL, 1, NULL, '2015-05-24 08:12:57', NULL, '2015-05-24 08:12:57', 2750, 'W'),
(422, '03261803', 'WARD NO-03', NULL, 1, NULL, '2015-05-24 08:12:57', NULL, '2015-05-24 08:12:57', 2751, 'W'),
(422, '03261804', 'WARD NO-04', NULL, 1, NULL, '2015-05-24 08:12:57', NULL, '2015-05-24 08:12:57', 2752, 'W'),
(422, '03261805', 'WARD NO-05', NULL, 1, NULL, '2015-05-24 08:12:57', NULL, '2015-05-24 08:12:57', 2753, 'W'),
(422, '03261806', 'WARD NO-06', NULL, 1, NULL, '2015-05-24 08:12:57', NULL, '2015-05-24 08:12:57', 2754, 'W'),
(422, '03261807', 'WARD NO-07', NULL, 1, NULL, '2015-05-24 08:12:57', NULL, '2015-05-24 08:12:57', 2755, 'W'),
(422, '03261808', 'WARD NO-08', NULL, 1, NULL, '2015-05-24 08:12:57', NULL, '2015-05-24 08:12:57', 2756, 'W'),
(422, '03261809', 'WARD NO-09', NULL, 1, NULL, '2015-05-24 08:12:57', NULL, '2015-05-24 08:12:57', 2757, 'W'),
(422, '03261813', 'BILASPUR', NULL, 1, NULL, '2015-05-24 08:37:14', NULL, '2015-05-24 08:37:14', 2758, 'U'),
(422, '03261821', 'KUSHUMHATI', NULL, 1, NULL, '2015-05-24 08:37:14', NULL, '2015-05-24 08:37:14', 2759, 'U'),
(422, '03261831', 'MAHMUDPUR', NULL, 1, NULL, '2015-05-24 08:37:14', NULL, '2015-05-24 08:37:14', 2760, 'U'),
(422, '03261842', 'MUKSUDPUR', NULL, 1, NULL, '2015-05-24 08:37:14', NULL, '2015-05-24 08:37:14', 2761, 'U'),
(422, '03261852', 'NARISHA', NULL, 1, NULL, '2015-05-24 08:37:14', NULL, '2015-05-24 08:37:14', 2762, 'U'),
(422, '03261863', 'NAYABARI', NULL, 1, NULL, '2015-05-24 08:37:14', NULL, '2015-05-24 08:37:14', 2763, 'U');
INSERT INTO `sa_unions` (`THANA_ID`, `UD_UNION_CODE`, `UNION_NAME`, `ORDER_SL`, `ACTIVE_FLAG`, `CREATED_BY`, `CREATE_DATE`, `UPDATED_BY`, `UPDATE_DATE`, `UNION_ID`, `UAREA_STATUS`) VALUES
(422, '03261873', 'ROYPARA', NULL, 1, NULL, '2015-05-24 08:37:14', NULL, '2015-05-24 08:37:14', 2764, 'U'),
(422, '03261884', 'SUTAR PARA', NULL, 1, NULL, '2015-05-24 08:37:14', NULL, '2015-05-24 08:37:14', 2765, 'U'),
(423, '03262618', 'WARD NO-18', NULL, 1, NULL, '2015-05-24 08:12:57', NULL, '2015-05-24 08:12:57', 2766, 'W'),
(423, '03262619', 'WARD NO-19', NULL, 1, NULL, '2015-05-24 08:12:57', NULL, '2015-05-24 08:12:57', 2767, 'W'),
(423, '03262620', 'WARD NO-20 (PART)', NULL, 1, NULL, '2015-05-24 08:12:57', NULL, '2015-05-24 08:12:57', 2768, 'W'),
(424, '03262846', 'WARD NO-46 (PART)', NULL, 1, NULL, '2015-05-24 08:12:57', NULL, '2015-05-24 08:12:57', 2769, 'W'),
(424, '03262848', 'WARD NO-48(PART)', NULL, 1, NULL, '2015-05-24 08:12:57', NULL, '2015-05-24 08:12:57', 2770, 'W'),
(424, '03262851', 'SULTANGANJ(PART)', NULL, 1, NULL, '2015-05-24 08:37:14', NULL, '2015-05-24 08:37:14', 2771, 'U'),
(424, '03262858', 'WARD NO-58', NULL, 1, NULL, '2015-05-24 08:12:57', NULL, '2015-05-24 08:12:57', 2772, 'W'),
(425, '03262935', 'DHANIA (PART)', NULL, 1, NULL, '2015-05-24 08:37:14', NULL, '2015-05-24 08:37:14', 2773, 'U'),
(425, '03262976', 'WARD NO-76 (PART)', NULL, 1, NULL, '2015-05-24 08:12:57', NULL, '2015-05-24 08:12:57', 2774, 'W'),
(425, '03262980', 'MATUAIL (PART)', NULL, 1, NULL, '2015-05-24 08:37:14', NULL, '2015-05-24 08:37:14', 2775, 'U'),
(425, '03262984', 'WARD NO-84', NULL, 1, NULL, '2015-05-24 08:12:57', NULL, '2015-05-24 08:12:57', 2776, 'W'),
(425, '03262985', 'WARD NO-85', NULL, 1, NULL, '2015-05-24 08:12:57', NULL, '2015-05-24 08:12:57', 2777, 'W'),
(425, '03262986', 'WARD NO-86', NULL, 1, NULL, '2015-05-24 08:12:57', NULL, '2015-05-24 08:12:57', 2778, 'W'),
(425, '03262987', 'WARD NO-87 (PART)', NULL, 1, NULL, '2015-05-24 08:12:57', NULL, '2015-05-24 08:12:57', 2779, 'W'),
(426, '03263004', 'WARD NO-04', NULL, 1, NULL, '2015-05-24 08:12:57', NULL, '2015-05-24 08:12:57', 2780, 'W'),
(426, '03263014', 'WARD NO-14 (PART)', NULL, 1, NULL, '2015-05-24 08:12:57', NULL, '2015-05-24 08:12:57', 2781, 'W'),
(426, '03263015', 'WARD NO-15 (PART)', NULL, 1, NULL, '2015-05-24 08:12:57', NULL, '2015-05-24 08:12:57', 2782, 'W'),
(426, '03263016', 'WARD NO-16', NULL, 1, NULL, '2015-05-24 08:12:57', NULL, '2015-05-24 08:12:57', 2783, 'W'),
(427, '03263451', 'SULTANGANJ (PART)', NULL, 1, NULL, '2015-05-24 08:37:14', NULL, '2015-05-24 08:37:14', 2784, 'U'),
(428, '03263622', 'WARD NO-22', NULL, 1, NULL, '2015-05-24 08:12:57', NULL, '2015-05-24 08:12:57', 2785, 'W'),
(428, '03263623', 'WARD NO-23', NULL, 1, NULL, '2015-05-24 08:12:57', NULL, '2015-05-24 08:12:57', 2786, 'W'),
(428, '03263624', 'WARD NO-24', NULL, 1, NULL, '2015-05-24 08:12:57', NULL, '2015-05-24 08:12:57', 2787, 'W'),
(428, '03263625', 'WARD NO-25', NULL, 1, NULL, '2015-05-24 08:12:57', NULL, '2015-05-24 08:12:57', 2788, 'W'),
(428, '03263626', 'WARD NO-26', NULL, 1, NULL, '2015-05-24 08:12:57', NULL, '2015-05-24 08:12:57', 2789, 'W'),
(428, '03263660', 'DAKSHINGAON (PART)', NULL, 1, NULL, '2015-05-24 08:37:14', NULL, '2015-05-24 08:37:14', 2790, 'U'),
(428, '03263685', 'NASIRABAD', NULL, 1, NULL, '2015-05-24 08:37:14', NULL, '2015-05-24 08:37:14', 2791, 'U'),
(429, '03263717', 'DHAKA C.C./WARD NO-17 (PART)', NULL, 1, NULL, '2015-05-24 08:37:14', NULL, '2015-05-24 08:37:14', 2792, 'U'),
(429, '03263738', 'DAKSHINKHAN (PART)', NULL, 1, NULL, '2015-05-24 08:37:14', NULL, '2015-05-24 08:37:14', 2793, 'U'),
(429, '03263749', 'DUMNI', NULL, 1, NULL, '2015-05-24 08:37:14', NULL, '2015-05-24 08:37:14', 2794, 'U'),
(430, '03263811', 'AGANAGAR', NULL, 1, NULL, '2015-05-24 08:37:14', NULL, '2015-05-24 08:37:14', 2795, 'U'),
(430, '03263813', 'BASTA', NULL, 1, NULL, '2015-05-24 08:37:14', NULL, '2015-05-24 08:37:14', 2796, 'U'),
(430, '03263817', 'HAZRATPUR', NULL, 1, NULL, '2015-05-24 08:37:14', NULL, '2015-05-24 08:37:14', 2797, 'U'),
(430, '03263825', 'KALATIA', NULL, 1, NULL, '2015-05-24 08:37:14', NULL, '2015-05-24 08:37:14', 2798, 'U'),
(430, '03263834', 'KALINDI', NULL, 1, NULL, '2015-05-24 08:37:14', NULL, '2015-05-24 08:37:14', 2799, 'U'),
(430, '03263843', 'KONDA', NULL, 1, NULL, '2015-05-24 08:37:14', NULL, '2015-05-24 08:37:14', 2800, 'U'),
(430, '03263851', 'RUHITPUR', NULL, 1, NULL, '2015-05-24 08:37:14', NULL, '2015-05-24 08:37:14', 2801, 'U'),
(430, '03263860', 'SAKTA', NULL, 1, NULL, '2015-05-24 08:37:14', NULL, '2015-05-24 08:37:14', 2802, 'U'),
(430, '03263869', 'SUBHADYA', NULL, 1, NULL, '2015-05-24 08:37:14', NULL, '2015-05-24 08:37:14', 2803, 'U'),
(430, '03263877', 'TARANAGAR', NULL, 1, NULL, '2015-05-24 08:37:14', NULL, '2015-05-24 08:37:14', 2804, 'U'),
(430, '03263886', 'TEGHARIA', NULL, 1, NULL, '2015-05-24 08:37:14', NULL, '2015-05-24 08:37:14', 2805, 'U'),
(430, '03263894', 'ZINJIRA', NULL, 1, NULL, '2015-05-24 08:37:14', NULL, '2015-05-24 08:37:14', 2806, 'U'),
(431, '03264063', 'WARD NO-63 (PART)', NULL, 1, NULL, '2015-05-24 08:12:57', NULL, '2015-05-24 08:12:57', 2807, 'W'),
(431, '03264066', 'WARD NO-66 (PART)', NULL, 1, NULL, '2015-05-24 08:12:57', NULL, '2015-05-24 08:12:57', 2808, 'W'),
(431, '03264067', 'WARD NO-67 (PART)', NULL, 1, NULL, '2015-05-24 08:12:57', NULL, '2015-05-24 08:12:57', 2809, 'W'),
(431, '03264068', 'WARD NO-68', NULL, 1, NULL, '2015-05-24 08:12:57', NULL, '2015-05-24 08:12:57', 2810, 'W'),
(431, '03264069', 'WARD NO-69', NULL, 1, NULL, '2015-05-24 08:12:57', NULL, '2015-05-24 08:12:57', 2811, 'W'),
(431, '03264070', 'WARD NO-70', NULL, 1, NULL, '2015-05-24 08:12:57', NULL, '2015-05-24 08:12:57', 2812, 'W'),
(431, '03264071', 'WARD NO-71', NULL, 1, NULL, '2015-05-24 08:12:57', NULL, '2015-05-24 08:12:57', 2813, 'W'),
(431, '03264072', 'WARD NO-72', NULL, 1, NULL, '2015-05-24 08:12:57', NULL, '2015-05-24 08:12:57', 2814, 'W'),
(431, '03264073', 'WARD NO-73', NULL, 1, NULL, '2015-05-24 08:12:57', NULL, '2015-05-24 08:12:57', 2815, 'W'),
(432, '03264256', 'WARD NO-56(PART)', NULL, 1, NULL, '2015-05-24 08:12:57', NULL, '2015-05-24 08:12:57', 2816, 'W'),
(432, '03264259', 'WARD NO-59', NULL, 1, NULL, '2015-05-24 08:12:57', NULL, '2015-05-24 08:12:57', 2817, 'W'),
(432, '03264260', 'WARD NO-60', NULL, 1, NULL, '2015-05-24 08:12:57', NULL, '2015-05-24 08:12:57', 2818, 'W'),
(432, '03264261', 'WARD NO-61', NULL, 1, NULL, '2015-05-24 08:12:57', NULL, '2015-05-24 08:12:57', 2819, 'W'),
(432, '03264262', 'WARD NO-62', NULL, 1, NULL, '2015-05-24 08:12:57', NULL, '2015-05-24 08:12:57', 2820, 'W'),
(432, '03264263', 'WARD NO-63 (PART)', NULL, 1, NULL, '2015-05-24 08:12:57', NULL, '2015-05-24 08:12:57', 2821, 'W'),
(432, '03264264', 'WARD NO-64', NULL, 1, NULL, '2015-05-24 08:12:57', NULL, '2015-05-24 08:12:57', 2822, 'W'),
(432, '03264265', 'WARD NO-65', NULL, 1, NULL, '2015-05-24 08:12:57', NULL, '2015-05-24 08:12:57', 2823, 'W'),
(432, '03264266', 'WARD NO-66 (PART)', NULL, 1, NULL, '2015-05-24 08:12:57', NULL, '2015-05-24 08:12:57', 2824, 'W'),
(432, '03264267', 'WARD NO-67 (PART)', NULL, 1, NULL, '2015-05-24 08:12:57', NULL, '2015-05-24 08:12:57', 2825, 'W'),
(433, '03264803', 'WARD NO-03 (PART)', NULL, 1, NULL, '2015-05-24 08:12:57', NULL, '2015-05-24 08:12:57', 2826, 'W'),
(433, '03264807', 'WARD NO-07 (PART)', NULL, 1, NULL, '2015-05-24 08:12:57', NULL, '2015-05-24 08:12:57', 2827, 'W'),
(433, '03264809', 'WARD NO-09', NULL, 1, NULL, '2015-05-24 08:12:57', NULL, '2015-05-24 08:12:57', 2828, 'W'),
(433, '03264810', 'WARD NO-10', NULL, 1, NULL, '2015-05-24 08:12:57', NULL, '2015-05-24 08:12:57', 2829, 'W'),
(433, '03264811', 'WARD NO-11', NULL, 1, NULL, '2015-05-24 08:12:57', NULL, '2015-05-24 08:12:57', 2830, 'W'),
(433, '03264812', 'WARD NO-12', NULL, 1, NULL, '2015-05-24 08:12:57', NULL, '2015-05-24 08:12:57', 2831, 'W'),
(433, '03264813', 'WARD NO-13', NULL, 1, NULL, '2015-05-24 08:12:57', NULL, '2015-05-24 08:12:57', 2832, 'W'),
(164, '03827316', 'BAHADURPUR', NULL, 1, NULL, '2015-05-24 08:37:14', NULL, '2015-05-24 08:37:14', 2833, 'U'),
(164, '03827318', 'BOALIA', NULL, 1, NULL, '2015-05-24 08:37:14', NULL, '2015-05-24 08:37:14', 2834, 'U'),
(164, '03827320', 'HABASPUR', NULL, 1, NULL, '2015-05-24 08:37:14', NULL, '2015-05-24 08:37:14', 2835, 'U'),
(164, '03827325', 'JASHAI', NULL, 1, NULL, '2015-05-24 08:37:14', NULL, '2015-05-24 08:37:14', 2836, 'U'),
(164, '03827330', 'KALIKAPUR', NULL, 1, NULL, '2015-05-24 08:37:14', NULL, '2015-05-24 08:37:14', 2837, 'U'),
(164, '03827335', 'KALIMAHAR', NULL, 1, NULL, '2015-05-24 08:37:14', NULL, '2015-05-24 08:37:14', 2838, 'U'),
(164, '03827340', 'KASBA MAJHAIL', NULL, 1, NULL, '2015-05-24 08:37:14', NULL, '2015-05-24 08:37:14', 2839, 'U'),
(164, '03827350', 'MACHH PARA', NULL, 1, NULL, '2015-05-24 08:37:14', NULL, '2015-05-24 08:37:14', 2840, 'U'),
(164, '03827355', 'MAJHBARI', NULL, 1, NULL, '2015-05-24 08:37:14', NULL, '2015-05-24 08:37:14', 2841, 'U'),
(164, '03827360', 'MADAPUR', NULL, 1, NULL, '2015-05-24 08:37:14', NULL, '2015-05-24 08:37:14', 2842, 'U'),
(164, '03827365', 'MAURAT', NULL, 1, NULL, '2015-05-24 08:37:14', NULL, '2015-05-24 08:37:14', 2843, 'U'),
(164, '03827370', 'MRIGI', NULL, 1, NULL, '2015-05-24 08:37:14', NULL, '2015-05-24 08:37:14', 2844, 'U'),
(164, '03827375', 'BABUPARA', NULL, 1, NULL, '2015-05-24 08:37:14', NULL, '2015-05-24 08:37:14', 2845, 'U'),
(164, '03827380', 'PATTA', NULL, 1, NULL, '2015-05-24 08:37:14', NULL, '2015-05-24 08:37:14', 2846, 'U'),
(164, '03827385', 'RATANDIA', NULL, 1, NULL, '2015-05-24 08:37:14', NULL, '2015-05-24 08:37:14', 2847, 'U'),
(164, '03827390', 'SARISHA', NULL, 1, NULL, '2015-05-24 08:37:14', NULL, '2015-05-24 08:37:14', 2848, 'U'),
(164, '03827395', 'SAORAIL', NULL, 1, NULL, '2015-05-24 08:37:14', NULL, '2015-05-24 08:37:14', 2849, 'U'),
(165, '03827601', 'WARD NO-01', NULL, 1, NULL, '2015-05-24 08:12:57', NULL, '2015-05-24 08:12:57', 2850, 'W'),
(165, '03827602', 'WARD NO-02', NULL, 1, NULL, '2015-05-24 08:12:57', NULL, '2015-05-24 08:12:57', 2851, 'W'),
(165, '03827603', 'WARD NO-03', NULL, 1, NULL, '2015-05-24 08:12:57', NULL, '2015-05-24 08:12:57', 2852, 'W'),
(165, '03827604', 'WARD NO-04', NULL, 1, NULL, '2015-05-24 08:12:57', NULL, '2015-05-24 08:12:57', 2853, 'W'),
(165, '03827605', 'WARD NO-05', NULL, 1, NULL, '2015-05-24 08:12:57', NULL, '2015-05-24 08:12:57', 2854, 'W'),
(165, '03827606', 'WARD NO-06', NULL, 1, NULL, '2015-05-24 08:12:57', NULL, '2015-05-24 08:12:57', 2855, 'W'),
(165, '03827607', 'WARD NO-07', NULL, 1, NULL, '2015-05-24 08:12:57', NULL, '2015-05-24 08:12:57', 2856, 'W'),
(165, '03827608', 'WARD NO-08', NULL, 1, NULL, '2015-05-24 08:12:57', NULL, '2015-05-24 08:12:57', 2857, 'W'),
(165, '03827609', 'WARD NO-09', NULL, 1, NULL, '2015-05-24 08:12:57', NULL, '2015-05-24 08:12:57', 2858, 'W'),
(165, '03827612', 'ALIPUR', NULL, 1, NULL, '2015-05-24 08:37:14', NULL, '2015-05-24 08:37:14', 2859, 'U'),
(165, '03827614', 'BANIBAHA', NULL, 1, NULL, '2015-05-24 08:37:14', NULL, '2015-05-24 08:37:14', 2860, 'U'),
(165, '03827621', 'BARAT', NULL, 1, NULL, '2015-05-24 08:37:14', NULL, '2015-05-24 08:37:14', 2861, 'U'),
(165, '03827629', 'BASANTAPUR', NULL, 1, NULL, '2015-05-24 08:37:14', NULL, '2015-05-24 08:37:14', 2862, 'U'),
(165, '03827632', 'CHANDANI', NULL, 1, NULL, '2015-05-24 08:37:14', NULL, '2015-05-24 08:37:14', 2863, 'U'),
(165, '03827636', 'DADSHI', NULL, 1, NULL, '2015-05-24 08:37:14', NULL, '2015-05-24 08:37:14', 2864, 'U'),
(165, '03827643', 'KHANKHANAPUR', NULL, 1, NULL, '2015-05-24 08:37:14', NULL, '2015-05-24 08:37:14', 2865, 'U'),
(165, '03827645', 'KHANGANJ', NULL, 1, NULL, '2015-05-24 08:37:14', NULL, '2015-05-24 08:37:14', 2866, 'U'),
(165, '03827651', 'MIZANPUR', NULL, 1, NULL, '2015-05-24 08:37:14', NULL, '2015-05-24 08:37:14', 2867, 'U'),
(165, '03827658', 'MULGHAR', NULL, 1, NULL, '2015-05-24 08:37:14', NULL, '2015-05-24 08:37:14', 2868, 'U'),
(165, '03827665', 'PANCHURIA', NULL, 1, NULL, '2015-05-24 08:37:14', NULL, '2015-05-24 08:37:14', 2869, 'U'),
(165, '03827680', 'RAMKANTAPUR', NULL, 1, NULL, '2015-05-24 08:37:14', NULL, '2015-05-24 08:37:14', 2870, 'U'),
(165, '03827687', 'SHAHID WAHABPUR', NULL, 1, NULL, '2015-05-24 08:37:14', NULL, '2015-05-24 08:37:14', 2871, 'U'),
(165, '03827694', 'SULTANPUR', NULL, 1, NULL, '2015-05-24 08:37:14', NULL, '2015-05-24 08:37:14', 2872, 'U'),
(32, '03861401', 'WARD NO-01', NULL, 1, NULL, '2015-05-24 08:12:57', NULL, '2015-05-24 08:12:57', 2873, 'W'),
(32, '03861402', 'WARD NO-02', NULL, 1, NULL, '2015-05-24 08:12:57', NULL, '2015-05-24 08:12:57', 2874, 'W'),
(32, '03861403', 'WARD NO-03', NULL, 1, NULL, '2015-05-24 08:12:57', NULL, '2015-05-24 08:12:57', 2875, 'W'),
(32, '03861404', 'WARD NO-04', NULL, 1, NULL, '2015-05-24 08:12:57', NULL, '2015-05-24 08:12:57', 2876, 'W'),
(32, '03861405', 'WARD NO-05', NULL, 1, NULL, '2015-05-24 08:12:57', NULL, '2015-05-24 08:12:57', 2877, 'W'),
(32, '03861406', 'WARD NO-06', NULL, 1, NULL, '2015-05-24 08:12:57', NULL, '2015-05-24 08:12:57', 2878, 'W'),
(32, '03861407', 'WARD NO-07', NULL, 1, NULL, '2015-05-24 08:12:57', NULL, '2015-05-24 08:12:57', 2879, 'W'),
(32, '03861408', 'WARD NO-08', NULL, 1, NULL, '2015-05-24 08:12:57', NULL, '2015-05-24 08:12:57', 2880, 'W'),
(32, '03861409', 'WARD NO-09', NULL, 1, NULL, '2015-05-24 08:12:57', NULL, '2015-05-24 08:12:57', 2881, 'W'),
(32, '03861412', 'ARSHI NAGAR', NULL, 1, NULL, '2015-05-24 08:37:14', NULL, '2015-05-24 08:37:14', 2882, 'U'),
(32, '03861415', 'CHAR BHAGA', NULL, 1, NULL, '2015-05-24 08:37:14', NULL, '2015-05-24 08:37:14', 2883, 'U'),
(32, '03861417', 'CHAR KUMARIA', NULL, 1, NULL, '2015-05-24 08:37:14', NULL, '2015-05-24 08:37:14', 2884, 'U'),
(32, '03861425', 'CHHAYGAON', NULL, 1, NULL, '2015-05-24 08:37:14', NULL, '2015-05-24 08:37:14', 2885, 'U'),
(32, '03861428', 'CHAR CENSUS', NULL, 1, NULL, '2015-05-24 08:37:14', NULL, '2015-05-24 08:37:14', 2886, 'U'),
(32, '03861432', 'DHAKHIN TARABUNIA', NULL, 1, NULL, '2015-05-24 08:37:14', NULL, '2015-05-24 08:37:14', 2887, 'U'),
(32, '03861443', 'DIGAR MAHISHKHALI', NULL, 1, NULL, '2015-05-24 08:37:14', NULL, '2015-05-24 08:37:14', 2888, 'U'),
(32, '03861451', 'KACHIKATA', NULL, 1, NULL, '2015-05-24 08:37:14', NULL, '2015-05-24 08:37:14', 2889, 'U'),
(32, '03861460', 'MAHISAR', NULL, 1, NULL, '2015-05-24 08:37:14', NULL, '2015-05-24 08:37:14', 2890, 'U'),
(32, '03861469', 'NARAYANPUR', NULL, 1, NULL, '2015-05-24 08:37:14', NULL, '2015-05-24 08:37:14', 2891, 'U'),
(32, '03861477', 'RAMBHADRAPUR', NULL, 1, NULL, '2015-05-24 08:37:14', NULL, '2015-05-24 08:37:14', 2892, 'U'),
(32, '03861486', 'SAKHIPUR', NULL, 1, NULL, '2015-05-24 08:37:14', NULL, '2015-05-24 08:37:14', 2893, 'U'),
(32, '03861494', 'TARABUNIA', NULL, 1, NULL, '2015-05-24 08:37:14', NULL, '2015-05-24 08:37:14', 2894, 'U'),
(166, '03862501', 'WARD NO-01', NULL, 1, NULL, '2015-05-24 08:12:57', NULL, '2015-05-24 08:12:57', 2895, 'W'),
(166, '03862502', 'WARD NO-02', NULL, 1, NULL, '2015-05-24 08:12:57', NULL, '2015-05-24 08:12:57', 2896, 'W'),
(166, '03862503', 'WARD NO-03', NULL, 1, NULL, '2015-05-24 08:12:57', NULL, '2015-05-24 08:12:57', 2897, 'W'),
(166, '03862504', 'WARD NO-04', NULL, 1, NULL, '2015-05-24 08:12:57', NULL, '2015-05-24 08:12:57', 2898, 'W'),
(166, '03862505', 'WARD NO-05', NULL, 1, NULL, '2015-05-24 08:12:57', NULL, '2015-05-24 08:12:57', 2899, 'W'),
(166, '03862506', 'WARD NO-06', NULL, 1, NULL, '2015-05-24 08:12:57', NULL, '2015-05-24 08:12:57', 2900, 'W'),
(166, '03862507', 'WARD NO-07', NULL, 1, NULL, '2015-05-24 08:12:57', NULL, '2015-05-24 08:12:57', 2901, 'W'),
(166, '03862508', 'WARD NO-08', NULL, 1, NULL, '2015-05-24 08:12:57', NULL, '2015-05-24 08:12:57', 2902, 'W'),
(166, '03862509', 'WARD NO-09', NULL, 1, NULL, '2015-05-24 08:12:57', NULL, '2015-05-24 08:12:57', 2903, 'W'),
(166, '03862523', 'DARUL AMAN', NULL, 1, NULL, '2015-05-24 08:37:14', NULL, '2015-05-24 08:37:14', 2904, 'U'),
(166, '03862535', 'DHANKATI', NULL, 1, NULL, '2015-05-24 08:37:14', NULL, '2015-05-24 08:37:14', 2905, 'U'),
(166, '03862540', 'ISLAM PUR', NULL, 1, NULL, '2015-05-24 08:37:14', NULL, '2015-05-24 08:37:14', 2906, 'U'),
(166, '03862547', 'KANESHWAR', NULL, 1, NULL, '2015-05-24 08:37:14', NULL, '2015-05-24 08:37:14', 2907, 'U'),
(166, '03862559', 'PURBA DAMUDYA', NULL, 1, NULL, '2015-05-24 08:37:14', NULL, '2015-05-24 08:37:14', 2908, 'U'),
(166, '03862571', 'SIDULKURA', NULL, 1, NULL, '2015-05-24 08:37:14', NULL, '2015-05-24 08:37:14', 2909, 'U'),
(166, '03862583', 'SIDYA', NULL, 1, NULL, '2015-05-24 08:37:14', NULL, '2015-05-24 08:37:14', 2910, 'U'),
(167, '03863611', 'GARIBER CHAR', NULL, 1, NULL, '2015-05-24 08:37:14', NULL, '2015-05-24 08:37:14', 2911, 'U'),
(167, '03863623', 'GOSAIRHAT', NULL, 1, NULL, '2015-05-24 08:37:14', NULL, '2015-05-24 08:37:14', 2912, 'U'),
(167, '03863635', 'IDILPUR', NULL, 1, NULL, '2015-05-24 08:37:14', NULL, '2015-05-24 08:37:14', 2913, 'U'),
(167, '03863647', 'KODALPUR', NULL, 1, NULL, '2015-05-24 08:37:14', NULL, '2015-05-24 08:37:14', 2914, 'U'),
(167, '03863651', 'KUCHAIPATTI', NULL, 1, NULL, '2015-05-24 08:37:14', NULL, '2015-05-24 08:37:14', 2915, 'U'),
(167, '03863659', 'NAGER PARA', NULL, 1, NULL, '2015-05-24 08:37:14', NULL, '2015-05-24 08:37:14', 2916, 'U'),
(167, '03863671', 'NALMURI', NULL, 1, NULL, '2015-05-24 08:37:14', NULL, '2015-05-24 08:37:14', 2917, 'U'),
(167, '03863683', 'SAMANTASAR', NULL, 1, NULL, '2015-05-24 08:37:14', NULL, '2015-05-24 08:37:14', 2918, 'U'),
(168, '03866501', 'WARD NO-01', NULL, 1, NULL, '2015-05-24 08:12:57', NULL, '2015-05-24 08:12:57', 2919, 'W'),
(168, '03866502', 'WARD NO-02', NULL, 1, NULL, '2015-05-24 08:12:57', NULL, '2015-05-24 08:12:57', 2920, 'W'),
(168, '03866503', 'WARD NO-03', NULL, 1, NULL, '2015-05-24 08:12:57', NULL, '2015-05-24 08:12:57', 2921, 'W'),
(168, '03866504', 'WARD NO-04', NULL, 1, NULL, '2015-05-24 08:12:57', NULL, '2015-05-24 08:12:57', 2922, 'W'),
(168, '03866505', 'WARD NO-05', NULL, 1, NULL, '2015-05-24 08:12:57', NULL, '2015-05-24 08:12:57', 2923, 'W'),
(168, '03866506', 'WARD NO-06', NULL, 1, NULL, '2015-05-24 08:12:57', NULL, '2015-05-24 08:12:57', 2924, 'W'),
(168, '03866507', 'WARD NO-07', NULL, 1, NULL, '2015-05-24 08:12:57', NULL, '2015-05-24 08:12:57', 2925, 'W'),
(168, '03866508', 'WARD NO-08', NULL, 1, NULL, '2015-05-24 08:12:57', NULL, '2015-05-24 08:12:57', 2926, 'W'),
(168, '03866509', 'WARD NO-09', NULL, 1, NULL, '2015-05-24 08:12:57', NULL, '2015-05-24 08:12:57', 2927, 'W'),
(168, '03866511', 'BHOJESHWAR', NULL, 1, NULL, '2015-05-24 08:37:14', NULL, '2015-05-24 08:37:14', 2928, 'U'),
(168, '03866512', 'BHUMKHARA', NULL, 1, NULL, '2015-05-24 08:37:14', NULL, '2015-05-24 08:37:14', 2929, 'U'),
(168, '03866518', 'BIJHARI', NULL, 1, NULL, '2015-05-24 08:37:14', NULL, '2015-05-24 08:37:14', 2930, 'U'),
(168, '03866525', 'CHAMTA', NULL, 1, NULL, '2015-05-24 08:37:14', NULL, '2015-05-24 08:37:14', 2931, 'U'),
(168, '03866531', 'CHAR ATRA', NULL, 1, NULL, '2015-05-24 08:37:14', NULL, '2015-05-24 08:37:14', 2932, 'U'),
(168, '03866537', 'DINGA MANIK', NULL, 1, NULL, '2015-05-24 08:37:14', NULL, '2015-05-24 08:37:14', 2933, 'U'),
(168, '03866544', 'FATEH JANGAPUR', NULL, 1, NULL, '2015-05-24 08:37:14', NULL, '2015-05-24 08:37:14', 2934, 'U'),
(168, '03866550', 'GHARISAR', NULL, 1, NULL, '2015-05-24 08:37:14', NULL, '2015-05-24 08:37:14', 2935, 'U'),
(168, '03866556', 'JAPSA', NULL, 1, NULL, '2015-05-24 08:37:14', NULL, '2015-05-24 08:37:14', 2936, 'U'),
(168, '03866563', 'KEDARPUR', NULL, 1, NULL, '2015-05-24 08:37:14', NULL, '2015-05-24 08:37:14', 2937, 'U'),
(168, '03866569', 'MUKTARER CHAR', NULL, 1, NULL, '2015-05-24 08:37:14', NULL, '2015-05-24 08:37:14', 2938, 'U'),
(168, '03866582', 'NASASAN', NULL, 1, NULL, '2015-05-24 08:37:14', NULL, '2015-05-24 08:37:14', 2939, 'U'),
(168, '03866588', 'NOAPARA', NULL, 1, NULL, '2015-05-24 08:37:14', NULL, '2015-05-24 08:37:14', 2940, 'U'),
(168, '03866594', 'RAJNAGAR', NULL, 1, NULL, '2015-05-24 08:37:14', NULL, '2015-05-24 08:37:14', 2941, 'U'),
(169, '03866901', 'WARD NO-01', NULL, 1, NULL, '2015-05-24 08:12:57', NULL, '2015-05-24 08:12:57', 2942, 'W'),
(169, '03866902', 'WARD NO-02', NULL, 1, NULL, '2015-05-24 08:12:57', NULL, '2015-05-24 08:12:57', 2943, 'W'),
(169, '03866903', 'WARD NO-03', NULL, 1, NULL, '2015-05-24 08:12:57', NULL, '2015-05-24 08:12:57', 2944, 'W'),
(169, '03866904', 'WARD NO-04', NULL, 1, NULL, '2015-05-24 08:12:57', NULL, '2015-05-24 08:12:57', 2945, 'W'),
(169, '03866905', 'WARD NO-05', NULL, 1, NULL, '2015-05-24 08:12:57', NULL, '2015-05-24 08:12:57', 2946, 'W'),
(169, '03866906', 'WARD NO-06', NULL, 1, NULL, '2015-05-24 08:12:57', NULL, '2015-05-24 08:12:57', 2947, 'W'),
(169, '03866907', 'WARD NO-07', NULL, 1, NULL, '2015-05-24 08:12:57', NULL, '2015-05-24 08:12:57', 2948, 'W'),
(169, '03866908', 'WARD NO-08', NULL, 1, NULL, '2015-05-24 08:12:57', NULL, '2015-05-24 08:12:57', 2949, 'W'),
(169, '03866909', 'WARD NO-09', NULL, 1, NULL, '2015-05-24 08:12:57', NULL, '2015-05-24 08:12:57', 2950, 'W'),
(169, '03866917', 'ANGARIA', NULL, 1, NULL, '2015-05-24 08:37:14', NULL, '2015-05-24 08:37:14', 2951, 'U'),
(169, '03866919', 'BINODPUR', NULL, 1, NULL, '2015-05-24 08:37:14', NULL, '2015-05-24 08:37:14', 2952, 'U'),
(169, '03866928', 'CHANDRAPUR', NULL, 1, NULL, '2015-05-24 08:37:14', NULL, '2015-05-24 08:37:14', 2953, 'U'),
(169, '03866938', 'CHIKANDI', NULL, 1, NULL, '2015-05-24 08:37:14', NULL, '2015-05-24 08:37:14', 2954, 'U'),
(169, '03866947', 'CHITALIA', NULL, 1, NULL, '2015-05-24 08:37:14', NULL, '2015-05-24 08:37:14', 2955, 'U'),
(169, '03866957', 'DOMSAR', NULL, 1, NULL, '2015-05-24 08:37:14', NULL, '2015-05-24 08:37:14', 2956, 'U'),
(169, '03866962', 'MOHAMMADPUR', NULL, 1, NULL, '2015-05-24 08:37:14', NULL, '2015-05-24 08:37:14', 2957, 'U'),
(169, '03866966', 'PALONG', NULL, 1, NULL, '2015-05-24 08:37:14', NULL, '2015-05-24 08:37:14', 2958, 'U'),
(169, '03866976', 'RUDRAKAR', NULL, 1, NULL, '2015-05-24 08:37:14', NULL, '2015-05-24 08:37:14', 2959, 'U'),
(169, '03866985', 'SHAUL PARA', NULL, 1, NULL, '2015-05-24 08:37:14', NULL, '2015-05-24 08:37:14', 2960, 'U'),
(169, '03866995', 'TULASAR', NULL, 1, NULL, '2015-05-24 08:37:14', NULL, '2015-05-24 08:37:14', 2961, 'U'),
(170, '03869401', 'WARD NO-01', NULL, 1, NULL, '2015-05-24 08:12:57', NULL, '2015-05-24 08:12:57', 2962, 'W'),
(170, '03869402', 'WARD NO-02', NULL, 1, NULL, '2015-05-24 08:12:57', NULL, '2015-05-24 08:12:57', 2963, 'W'),
(170, '03869403', 'WARD NO-03', NULL, 1, NULL, '2015-05-24 08:12:57', NULL, '2015-05-24 08:12:57', 2964, 'W'),
(170, '03869404', 'WARD NO-04', NULL, 1, NULL, '2015-05-24 08:12:57', NULL, '2015-05-24 08:12:57', 2965, 'W'),
(170, '03869405', 'WARD NO-05', NULL, 1, NULL, '2015-05-24 08:12:57', NULL, '2015-05-24 08:12:57', 2966, 'W'),
(170, '03869406', 'WARD NO-06', NULL, 1, NULL, '2015-05-24 08:12:57', NULL, '2015-05-24 08:12:57', 2967, 'W'),
(170, '03869407', 'WARD NO-07', NULL, 1, NULL, '2015-05-24 08:12:57', NULL, '2015-05-24 08:12:57', 2968, 'W'),
(170, '03869408', 'WARD NO-08', NULL, 1, NULL, '2015-05-24 08:12:57', NULL, '2015-05-24 08:12:57', 2969, 'W'),
(170, '03869409', 'WARD NO-09', NULL, 1, NULL, '2015-05-24 08:12:57', NULL, '2015-05-24 08:12:57', 2970, 'W'),
(170, '03869412', 'BARA GOPALPUR', NULL, 1, NULL, '2015-05-24 08:37:14', NULL, '2015-05-24 08:37:14', 2971, 'U'),
(170, '03869414', 'BARAKANDI', NULL, 1, NULL, '2015-05-24 08:37:14', NULL, '2015-05-24 08:37:14', 2972, 'U'),
(170, '03869421', 'BARA KRISHNAGAR', NULL, 1, NULL, '2015-05-24 08:37:14', NULL, '2015-05-24 08:37:14', 2973, 'U'),
(170, '03869429', 'BILASPUR', NULL, 1, NULL, '2015-05-24 08:37:14', NULL, '2015-05-24 08:37:14', 2974, 'U'),
(170, '03869443', 'JOYNAGAR', NULL, 1, NULL, '2015-05-24 08:37:14', NULL, '2015-05-24 08:37:14', 2975, 'U'),
(170, '03869451', 'KUNDER CHAR', NULL, 1, NULL, '2015-05-24 08:37:14', NULL, '2015-05-24 08:37:14', 2976, 'U'),
(170, '03869458', 'MULNA', NULL, 1, NULL, '2015-05-24 08:37:14', NULL, '2015-05-24 08:37:14', 2977, 'U'),
(170, '03869465', 'NAODOBA', NULL, 1, NULL, '2015-05-24 08:37:14', NULL, '2015-05-24 08:37:14', 2978, 'U'),
(170, '03869473', 'PALER CHAR', NULL, 1, NULL, '2015-05-24 08:37:14', NULL, '2015-05-24 08:37:14', 2979, 'U'),
(170, '03869480', 'PURBA NAODOBA', NULL, 1, NULL, '2015-05-24 08:37:14', NULL, '2015-05-24 08:37:14', 2980, 'U'),
(105, '03481121', 'AGANAGAR', NULL, 1, NULL, '2015-05-24 08:37:14', NULL, '2015-05-24 08:37:14', 2981, 'U'),
(105, '03481135', 'GAZARIA', NULL, 1, NULL, '2015-05-24 08:37:14', NULL, '2015-05-24 08:37:14', 2982, 'U'),
(105, '03481147', 'KALIKA PRASAD', NULL, 1, NULL, '2015-05-24 08:37:14', NULL, '2015-05-24 08:37:14', 2983, 'U'),
(105, '03481159', 'SADAKPUR', NULL, 1, NULL, '2015-05-24 08:37:14', NULL, '2015-05-24 08:37:14', 2984, 'U'),
(105, '03481171', 'SHIBPUR', NULL, 1, NULL, '2015-05-24 08:37:14', NULL, '2015-05-24 08:37:14', 2985, 'U'),
(105, '03481183', 'SHIMULKANDI', NULL, 1, NULL, '2015-05-24 08:37:14', NULL, '2015-05-24 08:37:14', 2986, 'U'),
(105, '03481185', 'SREENAGAR', NULL, 1, NULL, '2015-05-24 08:37:14', NULL, '2015-05-24 08:37:14', 2987, 'U'),
(17, '03482701', 'WARD NO-01', NULL, 1, NULL, '2015-05-24 08:12:57', NULL, '2015-05-24 08:12:57', 2988, 'W'),
(17, '03482702', 'WARD NO-02', NULL, 1, NULL, '2015-05-24 08:12:57', NULL, '2015-05-24 08:12:57', 2989, 'W'),
(17, '03482703', 'WARD NO-03', NULL, 1, NULL, '2015-05-24 08:12:57', NULL, '2015-05-24 08:12:57', 2990, 'W'),
(17, '03482704', 'WARD NO-04', NULL, 1, NULL, '2015-05-24 08:12:57', NULL, '2015-05-24 08:12:57', 2991, 'W'),
(17, '03482705', 'WARD NO-05', NULL, 1, NULL, '2015-05-24 08:12:57', NULL, '2015-05-24 08:12:57', 2992, 'W'),
(17, '03482706', 'WARD NO-06', NULL, 1, NULL, '2015-05-24 08:12:57', NULL, '2015-05-24 08:12:57', 2993, 'W'),
(17, '03482707', 'WARD NO-07', NULL, 1, NULL, '2015-05-24 08:12:57', NULL, '2015-05-24 08:12:57', 2994, 'W'),
(17, '03482708', 'WARD NO-08', NULL, 1, NULL, '2015-05-24 08:12:57', NULL, '2015-05-24 08:12:57', 2995, 'W'),
(17, '03482709', 'WARD NO-09', NULL, 1, NULL, '2015-05-24 08:12:57', NULL, '2015-05-24 08:12:57', 2996, 'W'),
(17, '03482713', 'ARAIBARIA', NULL, 1, NULL, '2015-05-24 08:37:14', NULL, '2015-05-24 08:37:14', 2997, 'U'),
(17, '03482727', 'GOBINDAPUR', NULL, 1, NULL, '2015-05-24 08:37:14', NULL, '2015-05-24 08:37:14', 2998, 'U'),
(17, '03482740', 'JINARI', NULL, 1, NULL, '2015-05-24 08:37:14', NULL, '2015-05-24 08:37:14', 2999, 'U'),
(17, '03482754', 'PUMDI', NULL, 1, NULL, '2015-05-24 08:37:14', NULL, '2015-05-24 08:37:14', 3000, 'U'),
(17, '03482767', 'SAHEDAL', NULL, 1, NULL, '2015-05-24 08:37:14', NULL, '2015-05-24 08:37:14', 3001, 'U'),
(17, '03482781', 'SIDHLA', NULL, 1, NULL, '2015-05-24 08:37:14', NULL, '2015-05-24 08:37:14', 3002, 'U'),
(106, '03483317', 'BADLA', NULL, 1, NULL, '2015-05-24 08:37:14', NULL, '2015-05-24 08:37:14', 3003, 'U'),
(106, '03483325', 'BARIBARI', NULL, 1, NULL, '2015-05-24 08:37:14', NULL, '2015-05-24 08:37:14', 3004, 'U'),
(106, '03483326', 'CHAUGANGA', NULL, 1, NULL, '2015-05-24 08:37:14', NULL, '2015-05-24 08:37:14', 3005, 'U'),
(106, '03483343', 'DHANPUR', NULL, 1, NULL, '2015-05-24 08:37:14', NULL, '2015-05-24 08:37:14', 3006, 'U'),
(106, '03483347', 'ELONGJURI', NULL, 1, NULL, '2015-05-24 08:37:14', NULL, '2015-05-24 08:37:14', 3007, 'U'),
(106, '03483351', 'ITNA', NULL, 1, NULL, '2015-05-24 08:37:14', NULL, '2015-05-24 08:37:14', 3008, 'U'),
(106, '03483360', 'JOY SIDDHI', NULL, 1, NULL, '2015-05-24 08:37:14', NULL, '2015-05-24 08:37:14', 3009, 'U'),
(106, '03483386', 'MRIGA', NULL, 1, NULL, '2015-05-24 08:37:14', NULL, '2015-05-24 08:37:14', 3010, 'U'),
(106, '03483394', 'RAITUTI', NULL, 1, NULL, '2015-05-24 08:37:14', NULL, '2015-05-24 08:37:14', 3011, 'U'),
(107, '03484201', 'WARD NO-01', NULL, 1, NULL, '2015-05-24 08:12:57', NULL, '2015-05-24 08:12:57', 3012, 'W'),
(107, '03484202', 'WARD NO-02', NULL, 1, NULL, '2015-05-24 08:12:57', NULL, '2015-05-24 08:12:57', 3013, 'W'),
(107, '03484203', 'WARD NO-03', NULL, 1, NULL, '2015-05-24 08:12:57', NULL, '2015-05-24 08:12:57', 3014, 'W'),
(107, '03484204', 'WARD NO-04', NULL, 1, NULL, '2015-05-24 08:12:57', NULL, '2015-05-24 08:12:57', 3015, 'W'),
(107, '03484205', 'WARD NO-05', NULL, 1, NULL, '2015-05-24 08:12:57', NULL, '2015-05-24 08:12:57', 3016, 'W'),
(107, '03484206', 'WARD NO-06', NULL, 1, NULL, '2015-05-24 08:12:57', NULL, '2015-05-24 08:12:57', 3017, 'W'),
(107, '03484207', 'WARD NO-07', NULL, 1, NULL, '2015-05-24 08:12:57', NULL, '2015-05-24 08:12:57', 3018, 'W'),
(107, '03484208', 'WARD NO-08', NULL, 1, NULL, '2015-05-24 08:12:57', NULL, '2015-05-24 08:12:57', 3019, 'W'),
(107, '03484209', 'WARD NO-09', NULL, 1, NULL, '2015-05-24 08:12:57', NULL, '2015-05-24 08:12:57', 3020, 'W'),
(107, '03484213', 'BARAGHARIA', NULL, 1, NULL, '2015-05-24 08:37:14', NULL, '2015-05-24 08:37:14', 3021, 'U'),
(107, '03484217', 'DEHUNDA', NULL, 1, NULL, '2015-05-24 08:37:14', NULL, '2015-05-24 08:37:14', 3022, 'U'),
(107, '03484225', 'GUNDHAR', NULL, 1, NULL, '2015-05-24 08:37:14', NULL, '2015-05-24 08:37:14', 3023, 'U'),
(107, '03484234', 'GUJADIA', NULL, 1, NULL, '2015-05-24 08:37:14', NULL, '2015-05-24 08:37:14', 3024, 'U'),
(107, '03484243', 'JAFARABAD', NULL, 1, NULL, '2015-05-24 08:37:14', NULL, '2015-05-24 08:37:14', 3025, 'U'),
(107, '03484251', 'JOYKA', NULL, 1, NULL, '2015-05-24 08:37:14', NULL, '2015-05-24 08:37:14', 3026, 'U'),
(107, '03484260', 'KADIR JANGAL', NULL, 1, NULL, '2015-05-24 08:37:14', NULL, '2015-05-24 08:37:14', 3027, 'U'),
(107, '03484271', 'KIRATAN', NULL, 1, NULL, '2015-05-24 08:37:14', NULL, '2015-05-24 08:37:14', 3028, 'U'),
(107, '03484277', 'NIAMATPUR', NULL, 1, NULL, '2015-05-24 08:37:14', NULL, '2015-05-24 08:37:14', 3029, 'U'),
(107, '03484286', 'NOABAD', NULL, 1, NULL, '2015-05-24 08:37:14', NULL, '2015-05-24 08:37:14', 3030, 'U'),
(107, '03484294', 'SUTAR PARA', NULL, 1, NULL, '2015-05-24 08:37:14', NULL, '2015-05-24 08:37:14', 3031, 'U'),
(108, '03484501', 'WARD NO-01', NULL, 1, NULL, '2015-05-24 08:12:57', NULL, '2015-05-24 08:12:57', 3032, 'W'),
(108, '03484502', 'WARD NO-02', NULL, 1, NULL, '2015-05-24 08:12:57', NULL, '2015-05-24 08:12:57', 3033, 'W'),
(108, '03484503', 'WARD NO-03', NULL, 1, NULL, '2015-05-24 08:12:57', NULL, '2015-05-24 08:12:57', 3034, 'W'),
(108, '03484504', 'WARD NO-04', NULL, 1, NULL, '2015-05-24 08:12:57', NULL, '2015-05-24 08:12:57', 3035, 'W'),
(108, '03484505', 'WARD NO-05', NULL, 1, NULL, '2015-05-24 08:12:57', NULL, '2015-05-24 08:12:57', 3036, 'W'),
(108, '03484506', 'WARD NO-06', NULL, 1, NULL, '2015-05-24 08:12:57', NULL, '2015-05-24 08:12:57', 3037, 'W'),
(108, '03484507', 'WARD NO-07', NULL, 1, NULL, '2015-05-24 08:12:57', NULL, '2015-05-24 08:12:57', 3038, 'W'),
(108, '03484508', 'WARD NO-08', NULL, 1, NULL, '2015-05-24 08:12:57', NULL, '2015-05-24 08:12:57', 3039, 'W'),
(108, '03484509', 'WARD NO-09', NULL, 1, NULL, '2015-05-24 08:12:57', NULL, '2015-05-24 08:12:57', 3040, 'W'),
(108, '03484513', 'ACHMITA', NULL, 1, NULL, '2015-05-24 08:37:14', NULL, '2015-05-24 08:37:14', 3041, 'U'),
(108, '03484519', 'BANAGRAM', NULL, 1, NULL, '2015-05-24 08:37:14', NULL, '2015-05-24 08:37:14', 3042, 'U'),
(108, '03484528', 'CHANDPUR', NULL, 1, NULL, '2015-05-24 08:37:14', NULL, '2015-05-24 08:37:14', 3043, 'U'),
(108, '03484538', 'JALALPUR', NULL, 1, NULL, '2015-05-24 08:37:14', NULL, '2015-05-24 08:37:14', 3044, 'U'),
(108, '03484547', 'KARGAON', NULL, 1, NULL, '2015-05-24 08:37:14', NULL, '2015-05-24 08:37:14', 3045, 'U'),
(108, '03484557', 'KATIADI', NULL, 1, NULL, '2015-05-24 08:37:14', NULL, '2015-05-24 08:37:14', 3046, 'U'),
(108, '03484566', 'LOHAJURI', NULL, 1, NULL, '2015-05-24 08:37:14', NULL, '2015-05-24 08:37:14', 3047, 'U'),
(108, '03484576', 'MASUA', NULL, 1, NULL, '2015-05-24 08:37:14', NULL, '2015-05-24 08:37:14', 3048, 'U'),
(108, '03484585', 'MUMURDIA', NULL, 1, NULL, '2015-05-24 08:37:14', NULL, '2015-05-24 08:37:14', 3049, 'U'),
(108, '03484595', 'SHAHASRAM DHULDIA', NULL, 1, NULL, '2015-05-24 08:37:14', NULL, '2015-05-24 08:37:14', 3050, 'U'),
(109, '03484901', 'WARD NO-01', NULL, 1, NULL, '2015-05-24 08:12:57', NULL, '2015-05-24 08:12:57', 3051, 'W'),
(109, '03484902', 'WARD NO-02', NULL, 1, NULL, '2015-05-24 08:12:57', NULL, '2015-05-24 08:12:57', 3052, 'W'),
(109, '03484903', 'WARD NO-03', NULL, 1, NULL, '2015-05-24 08:12:57', NULL, '2015-05-24 08:12:57', 3053, 'W'),
(109, '03484904', 'WARD NO-04', NULL, 1, NULL, '2015-05-24 08:12:57', NULL, '2015-05-24 08:12:57', 3054, 'W'),
(109, '03484905', 'WARD NO-05', NULL, 1, NULL, '2015-05-24 08:12:57', NULL, '2015-05-24 08:12:57', 3055, 'W'),
(109, '03484906', 'WARD NO-06', NULL, 1, NULL, '2015-05-24 08:12:57', NULL, '2015-05-24 08:12:57', 3056, 'W'),
(109, '03484907', 'WARD NO-07', NULL, 1, NULL, '2015-05-24 08:12:57', NULL, '2015-05-24 08:12:57', 3057, 'W'),
(109, '03484908', 'WARD NO-08', NULL, 1, NULL, '2015-05-24 08:12:57', NULL, '2015-05-24 08:12:57', 3058, 'W'),
(109, '03484909', 'WARD NO-09', NULL, 1, NULL, '2015-05-24 08:12:57', NULL, '2015-05-24 08:12:57', 3059, 'W'),
(109, '03484916', 'BINNATI', NULL, 1, NULL, '2015-05-24 08:37:14', NULL, '2015-05-24 08:37:14', 3060, 'U'),
(109, '03484917', 'BAULAI', NULL, 1, NULL, '2015-05-24 08:37:14', NULL, '2015-05-24 08:37:14', 3061, 'U'),
(109, '03484925', 'CHAUDDASATA', NULL, 1, NULL, '2015-05-24 08:37:14', NULL, '2015-05-24 08:37:14', 3062, 'U'),
(109, '03484934', 'DANA PATALI', NULL, 1, NULL, '2015-05-24 08:37:14', NULL, '2015-05-24 08:37:14', 3063, 'U'),
(109, '03484943', 'JASODAL', NULL, 1, NULL, '2015-05-24 08:37:14', NULL, '2015-05-24 08:37:14', 3064, 'U'),
(109, '03484951', 'KORSHA KARIAIL', NULL, 1, NULL, '2015-05-24 08:37:14', NULL, '2015-05-24 08:37:14', 3065, 'U'),
(109, '03484960', 'LATIBABAD', NULL, 1, NULL, '2015-05-24 08:37:14', NULL, '2015-05-24 08:37:14', 3066, 'U'),
(109, '03484969', 'MAHINANDA', NULL, 1, NULL, '2015-05-24 08:37:14', NULL, '2015-05-24 08:37:14', 3067, 'U'),
(109, '03484977', 'MAIJ KHAPAN', NULL, 1, NULL, '2015-05-24 08:37:14', NULL, '2015-05-24 08:37:14', 3068, 'U'),
(109, '03484986', 'MARIA', NULL, 1, NULL, '2015-05-24 08:37:14', NULL, '2015-05-24 08:37:14', 3069, 'U'),
(109, '03484994', 'RASHIDABAD', NULL, 1, NULL, '2015-05-24 08:37:14', NULL, '2015-05-24 08:37:14', 3070, 'U'),
(110, '03485401', 'WARD NO-01', NULL, 1, NULL, '2015-05-24 08:12:57', NULL, '2015-05-24 08:12:57', 3071, 'W'),
(110, '03485402', 'WARD NO-02', NULL, 1, NULL, '2015-05-24 08:12:57', NULL, '2015-05-24 08:12:57', 3072, 'W'),
(110, '03485403', 'WARD NO-03', NULL, 1, NULL, '2015-05-24 08:12:57', NULL, '2015-05-24 08:12:57', 3073, 'W'),
(110, '03485404', 'WARD NO-04', NULL, 1, NULL, '2015-05-24 08:12:57', NULL, '2015-05-24 08:12:57', 3074, 'W'),
(110, '03485405', 'WARD NO-05', NULL, 1, NULL, '2015-05-24 08:12:57', NULL, '2015-05-24 08:12:57', 3075, 'W'),
(110, '03485406', 'WARD NO-06', NULL, 1, NULL, '2015-05-24 08:12:57', NULL, '2015-05-24 08:12:57', 3076, 'W'),
(110, '03485407', 'WARD NO-07', NULL, 1, NULL, '2015-05-24 08:12:57', NULL, '2015-05-24 08:12:57', 3077, 'W'),
(110, '03485408', 'WARD NO-08', NULL, 1, NULL, '2015-05-24 08:12:57', NULL, '2015-05-24 08:12:57', 3078, 'W'),
(110, '03485409', 'WARD NO-09', NULL, 1, NULL, '2015-05-24 08:12:57', NULL, '2015-05-24 08:12:57', 3079, 'W'),
(110, '03485411', 'CHHAYSUTI', NULL, 1, NULL, '2015-05-24 08:37:14', NULL, '2015-05-24 08:37:14', 3080, 'U'),
(110, '03485423', 'FARIDPUR', NULL, 1, NULL, '2015-05-24 08:37:14', NULL, '2015-05-24 08:37:14', 3081, 'U'),
(110, '03485435', 'GOBARIA ABDULLAHPUR', NULL, 1, NULL, '2015-05-24 08:37:14', NULL, '2015-05-24 08:37:14', 3082, 'U'),
(110, '03485459', 'OSMANPUR', NULL, 1, NULL, '2015-05-24 08:37:14', NULL, '2015-05-24 08:37:14', 3083, 'U'),
(110, '03485471', 'RAMDI', NULL, 1, NULL, '2015-05-24 08:37:14', NULL, '2015-05-24 08:37:14', 3084, 'U'),
(110, '03485483', 'SALUA', NULL, 1, NULL, '2015-05-24 08:37:14', NULL, '2015-05-24 08:37:14', 3085, 'U'),
(111, '03485911', 'BAIRATI', NULL, 1, NULL, '2015-05-24 08:37:14', NULL, '2015-05-24 08:37:14', 3086, 'U'),
(111, '03485913', 'DHAKI', NULL, 1, NULL, '2015-05-24 08:37:14', NULL, '2015-05-24 08:37:14', 3087, 'U'),
(111, '03485927', 'GHAGRA', NULL, 1, NULL, '2015-05-24 08:37:14', NULL, '2015-05-24 08:37:14', 3088, 'U'),
(111, '03485940', 'GOPEDIGHI', NULL, 1, NULL, '2015-05-24 08:37:14', NULL, '2015-05-24 08:37:14', 3089, 'U'),
(111, '03485954', 'KHATKHAL', NULL, 1, NULL, '2015-05-24 08:37:14', NULL, '2015-05-24 08:37:14', 3090, 'U'),
(111, '03485967', 'KEORJORI', NULL, 1, NULL, '2015-05-24 08:37:14', NULL, '2015-05-24 08:37:14', 3091, 'U'),
(111, '03485981', 'MITHAMAIN', NULL, 1, NULL, '2015-05-24 08:37:14', NULL, '2015-05-24 08:37:14', 3092, 'U'),
(112, '03487623', 'CHHATIR CHAR', NULL, 1, NULL, '2015-05-24 08:37:14', NULL, '2015-05-24 08:37:14', 3093, 'U'),
(112, '03487627', 'DAMPARA', NULL, 1, NULL, '2015-05-24 08:37:14', NULL, '2015-05-24 08:37:14', 3094, 'U'),
(112, '03487638', 'GURAI', NULL, 1, NULL, '2015-05-24 08:37:14', NULL, '2015-05-24 08:37:14', 3095, 'U'),
(112, '03487647', 'JARAITALA', NULL, 1, NULL, '2015-05-24 08:37:14', NULL, '2015-05-24 08:37:14', 3096, 'U'),
(112, '03487657', 'KARPASHA', NULL, 1, NULL, '2015-05-24 08:37:14', NULL, '2015-05-24 08:37:14', 3097, 'U'),
(112, '03487676', 'NIKLI', NULL, 1, NULL, '2015-05-24 08:37:14', NULL, '2015-05-24 08:37:14', 3098, 'U'),
(112, '03487685', 'SINGPUR', NULL, 1, NULL, '2015-05-24 08:37:14', NULL, '2015-05-24 08:37:14', 3099, 'U'),
(113, '03487901', 'WARD NO-01 - WARD NO-09', NULL, 1, NULL, '2015-05-24 08:12:57', NULL, '2015-05-24 08:12:57', 3100, 'W'),
(113, '03487915', 'BARUDIA', NULL, 1, NULL, '2015-05-24 08:37:14', NULL, '2015-05-24 08:37:14', 3101, 'U'),
(113, '03487919', 'CHANDI PASHA', NULL, 1, NULL, '2015-05-24 08:37:14', NULL, '2015-05-24 08:37:14', 3102, 'U'),
(113, '03487928', 'CHAR FARADI', NULL, 1, NULL, '2015-05-24 08:37:14', NULL, '2015-05-24 08:37:14', 3103, 'U'),
(113, '03487938', 'EGARASINDUR', NULL, 1, NULL, '2015-05-24 08:37:14', NULL, '2015-05-24 08:37:14', 3104, 'U'),
(113, '03487947', 'HOSENDI', NULL, 1, NULL, '2015-05-24 08:37:14', NULL, '2015-05-24 08:37:14', 3105, 'U'),
(113, '03487957', 'JANGALIA', NULL, 1, NULL, '2015-05-24 08:37:14', NULL, '2015-05-24 08:37:14', 3106, 'U'),
(113, '03487966', 'NARANDI', NULL, 1, NULL, '2015-05-24 08:37:14', NULL, '2015-05-24 08:37:14', 3107, 'U'),
(113, '03487976', 'PAKUNDIA', NULL, 1, NULL, '2015-05-24 08:37:14', NULL, '2015-05-24 08:37:14', 3108, 'U'),
(113, '03487985', 'PATUABHANGA', NULL, 1, NULL, '2015-05-24 08:37:14', NULL, '2015-05-24 08:37:14', 3109, 'U'),
(113, '03487995', 'SUKHIA', NULL, 1, NULL, '2015-05-24 08:37:14', NULL, '2015-05-24 08:37:14', 3110, 'U'),
(114, '03489213', 'DAMIHA', NULL, 1, NULL, '2015-05-24 08:37:14', NULL, '2015-05-24 08:37:14', 3111, 'U'),
(114, '03489227', 'DHALA', NULL, 1, NULL, '2015-05-24 08:37:14', NULL, '2015-05-24 08:37:14', 3112, 'U'),
(114, '03489240', 'DIGDAIR', NULL, 1, NULL, '2015-05-24 08:37:14', NULL, '2015-05-24 08:37:14', 3113, 'U'),
(114, '03489254', 'JAWAR', NULL, 1, NULL, '2015-05-24 08:37:14', NULL, '2015-05-24 08:37:14', 3114, 'U'),
(114, '03489267', 'RAUTI', NULL, 1, NULL, '2015-05-24 08:37:14', NULL, '2015-05-24 08:37:14', 3115, 'U'),
(114, '03489281', 'TALGANGA', NULL, 1, NULL, '2015-05-24 08:37:14', NULL, '2015-05-24 08:37:14', 3116, 'U'),
(114, '03489294', 'TARAIL SACHAIL', NULL, 1, NULL, '2015-05-24 08:37:14', NULL, '2015-05-24 08:37:14', 3117, 'U'),
(115, '03544001', 'WARD NO-01', NULL, 1, NULL, '2015-05-24 08:12:57', NULL, '2015-05-24 08:12:57', 3118, 'W'),
(115, '03544002', 'WARD NO-02', NULL, 1, NULL, '2015-05-24 08:12:57', NULL, '2015-05-24 08:12:57', 3119, 'W'),
(115, '03544003', 'WARD NO-03', NULL, 1, NULL, '2015-05-24 08:12:57', NULL, '2015-05-24 08:12:57', 3120, 'W'),
(115, '03544004', 'WARD NO-04', NULL, 1, NULL, '2015-05-24 08:12:57', NULL, '2015-05-24 08:12:57', 3121, 'W'),
(115, '03544005', 'WARD NO-05', NULL, 1, NULL, '2015-05-24 08:12:57', NULL, '2015-05-24 08:12:57', 3122, 'W'),
(115, '03544006', 'WARD NO-06', NULL, 1, NULL, '2015-05-24 08:12:57', NULL, '2015-05-24 08:12:57', 3123, 'W'),
(115, '03544007', 'WARD NO-07', NULL, 1, NULL, '2015-05-24 08:12:57', NULL, '2015-05-24 08:12:57', 3124, 'W'),
(115, '03544008', 'WARD NO-08', NULL, 1, NULL, '2015-05-24 08:12:57', NULL, '2015-05-24 08:12:57', 3125, 'W'),
(115, '03544009', 'WARD NO-09', NULL, 1, NULL, '2015-05-24 08:12:57', NULL, '2015-05-24 08:12:57', 3126, 'W'),
(115, '03544011', 'ALINAGAR', NULL, 1, NULL, '2015-05-24 08:37:14', NULL, '2015-05-24 08:37:14', 3127, 'U'),
(115, '03544012', 'BALIGRAM', NULL, 1, NULL, '2015-05-24 08:37:14', NULL, '2015-05-24 08:37:14', 3128, 'U'),
(115, '03544018', 'BANSHGARI', NULL, 1, NULL, '2015-05-24 08:37:14', NULL, '2015-05-24 08:37:14', 3129, 'U'),
(115, '03544025', 'CHAR DAULAT KHAN', NULL, 1, NULL, '2015-05-24 08:37:14', NULL, '2015-05-24 08:37:14', 3130, 'U'),
(115, '03544031', 'DASAR', NULL, 1, NULL, '2015-05-24 08:37:14', NULL, '2015-05-24 08:37:14', 3131, 'U'),
(115, '03544037', 'ENAYETNAGAR', NULL, 1, NULL, '2015-05-24 08:37:14', NULL, '2015-05-24 08:37:14', 3132, 'U'),
(115, '03544044', 'GOPALPUR', NULL, 1, NULL, '2015-05-24 08:37:14', NULL, '2015-05-24 08:37:14', 3133, 'U'),
(115, '03544056', 'KAYARIA', NULL, 1, NULL, '2015-05-24 08:37:14', NULL, '2015-05-24 08:37:14', 3134, 'U'),
(115, '03544063', 'KAZIBAKAI', NULL, 1, NULL, '2015-05-24 08:37:14', NULL, '2015-05-24 08:37:14', 3135, 'U'),
(115, '03544069', 'LAKSHMIPUR', NULL, 1, NULL, '2015-05-24 08:37:14', NULL, '2015-05-24 08:37:14', 3136, 'U'),
(115, '03544075', 'NABAGRAM', NULL, 1, NULL, '2015-05-24 08:37:14', NULL, '2015-05-24 08:37:14', 3137, 'U'),
(115, '03544082', 'RAMJANPUR', NULL, 1, NULL, '2015-05-24 08:37:14', NULL, '2015-05-24 08:37:14', 3138, 'U'),
(115, '03544088', 'SAHEBRAMPUR', NULL, 1, NULL, '2015-05-24 08:37:14', NULL, '2015-05-24 08:37:14', 3139, 'U'),
(115, '03544094', 'SHIKAR MANGAL', NULL, 1, NULL, '2015-05-24 08:37:14', NULL, '2015-05-24 08:37:14', 3140, 'U'),
(116, '03545401', 'WARD NO-01', NULL, 1, NULL, '2015-05-24 08:12:57', NULL, '2015-05-24 08:12:57', 3141, 'W'),
(116, '03545402', 'WARD NO-02', NULL, 1, NULL, '2015-05-24 08:12:57', NULL, '2015-05-24 08:12:57', 3142, 'W'),
(116, '03545403', 'WARD NO-03', NULL, 1, NULL, '2015-05-24 08:12:57', NULL, '2015-05-24 08:12:57', 3143, 'W'),
(116, '03545404', 'WARD NO-04', NULL, 1, NULL, '2015-05-24 08:12:57', NULL, '2015-05-24 08:12:57', 3144, 'W'),
(116, '03545405', 'WARD NO-05', NULL, 1, NULL, '2015-05-24 08:12:57', NULL, '2015-05-24 08:12:57', 3145, 'W'),
(116, '03545406', 'WARD NO-06', NULL, 1, NULL, '2015-05-24 08:12:57', NULL, '2015-05-24 08:12:57', 3146, 'W'),
(116, '03545407', 'WARD NO-07', NULL, 1, NULL, '2015-05-24 08:12:57', NULL, '2015-05-24 08:12:57', 3147, 'W'),
(116, '03545408', 'WARD NO-08', NULL, 1, NULL, '2015-05-24 08:12:57', NULL, '2015-05-24 08:12:57', 3148, 'W'),
(116, '03545409', 'WARD NO-09', NULL, 1, NULL, '2015-05-24 08:12:57', NULL, '2015-05-24 08:12:57', 3149, 'W'),
(116, '03545410', 'BAHADURPUR', NULL, 1, NULL, '2015-05-24 08:37:14', NULL, '2015-05-24 08:37:14', 3150, 'U'),
(116, '03545411', 'CHILAR CHAR', NULL, 1, NULL, '2015-05-24 08:37:14', NULL, '2015-05-24 08:37:14', 3151, 'U'),
(116, '03545417', 'DHURAIL', NULL, 1, NULL, '2015-05-24 08:37:14', NULL, '2015-05-24 08:37:14', 3152, 'U'),
(116, '03545423', 'DUDKHALI', NULL, 1, NULL, '2015-05-24 08:37:14', NULL, '2015-05-24 08:37:14', 3153, 'U'),
(116, '03545429', 'GHATMAJHI', NULL, 1, NULL, '2015-05-24 08:37:14', NULL, '2015-05-24 08:37:14', 3154, 'U'),
(116, '03545435', 'JHAUDI', NULL, 1, NULL, '2015-05-24 08:37:14', NULL, '2015-05-24 08:37:14', 3155, 'U'),
(116, '03545441', 'KALIKAPUR', NULL, 1, NULL, '2015-05-24 08:37:14', NULL, '2015-05-24 08:37:14', 3156, 'U'),
(116, '03545447', 'KENDUA', NULL, 1, NULL, '2015-05-24 08:37:14', NULL, '2015-05-24 08:37:14', 3157, 'U'),
(116, '03545453', 'KHOAJPUR', NULL, 1, NULL, '2015-05-24 08:37:14', NULL, '2015-05-24 08:37:14', 3158, 'U'),
(116, '03545459', 'KUNIA', NULL, 1, NULL, '2015-05-24 08:37:14', NULL, '2015-05-24 08:37:14', 3159, 'U'),
(116, '03545471', 'MUSTAFAPUR', NULL, 1, NULL, '2015-05-24 08:37:14', NULL, '2015-05-24 08:37:14', 3160, 'U'),
(116, '03545477', 'PANCHKHOLA', NULL, 1, NULL, '2015-05-24 08:37:14', NULL, '2015-05-24 08:37:14', 3161, 'U'),
(116, '03545483', 'PEARPUR', NULL, 1, NULL, '2015-05-24 08:37:14', NULL, '2015-05-24 08:37:14', 3162, 'U'),
(116, '03545489', 'RASTI', NULL, 1, NULL, '2015-05-24 08:37:14', NULL, '2015-05-24 08:37:14', 3163, 'U'),
(116, '03545494', 'SIRKHARA', NULL, 1, NULL, '2015-05-24 08:37:14', NULL, '2015-05-24 08:37:14', 3164, 'U'),
(117, '03548013', 'AMGRAM', NULL, 1, NULL, '2015-05-24 08:37:14', NULL, '2015-05-24 08:37:14', 3165, 'U'),
(117, '03548019', 'BADAR PASHA', NULL, 1, NULL, '2015-05-24 08:37:14', NULL, '2015-05-24 08:37:14', 3166, 'U'),
(117, '03548028', 'BAJITPUR', NULL, 1, NULL, '2015-05-24 08:37:14', NULL, '2015-05-24 08:37:14', 3167, 'U'),
(117, '03548031', 'HARIDASDI MAHENDRADI', NULL, 1, NULL, '2015-05-24 08:37:14', NULL, '2015-05-24 08:37:14', 3168, 'U'),
(117, '03548038', 'HOSSAINPUR', NULL, 1, NULL, '2015-05-24 08:37:14', NULL, '2015-05-24 08:37:14', 3169, 'U'),
(117, '03548047', 'ISIBPUR', NULL, 1, NULL, '2015-05-24 08:37:14', NULL, '2015-05-24 08:37:14', 3170, 'U'),
(117, '03548057', 'KABIRAJPUR', NULL, 1, NULL, '2015-05-24 08:37:14', NULL, '2015-05-24 08:37:14', 3171, 'U'),
(117, '03548066', 'KADAMBARI', NULL, 1, NULL, '2015-05-24 08:37:14', NULL, '2015-05-24 08:37:14', 3172, 'U'),
(117, '03548076', 'KHALIA', NULL, 1, NULL, '2015-05-24 08:37:14', NULL, '2015-05-24 08:37:14', 3173, 'U'),
(117, '03548085', 'PAIK PARA', NULL, 1, NULL, '2015-05-24 08:37:14', NULL, '2015-05-24 08:37:14', 3174, 'U'),
(117, '03548095', 'RAJOIR', NULL, 1, NULL, '2015-05-24 08:37:14', NULL, '2015-05-24 08:37:14', 3175, 'U'),
(118, '03548701', 'WARD NO-01', NULL, 1, NULL, '2015-05-24 08:12:57', NULL, '2015-05-24 08:12:57', 3176, 'W'),
(118, '03548702', 'WARD NO-02', NULL, 1, NULL, '2015-05-24 08:12:57', NULL, '2015-05-24 08:12:57', 3177, 'W'),
(118, '03548703', 'WARD NO-03', NULL, 1, NULL, '2015-05-24 08:12:57', NULL, '2015-05-24 08:12:57', 3178, 'W'),
(118, '03548704', 'WARD NO-04', NULL, 1, NULL, '2015-05-24 08:12:57', NULL, '2015-05-24 08:12:57', 3179, 'W'),
(118, '03548705', 'WARD NO-05', NULL, 1, NULL, '2015-05-24 08:12:57', NULL, '2015-05-24 08:12:57', 3180, 'W'),
(118, '03548706', 'WARD NO-06', NULL, 1, NULL, '2015-05-24 08:12:57', NULL, '2015-05-24 08:12:57', 3181, 'W'),
(118, '03548707', 'WARD NO-07', NULL, 1, NULL, '2015-05-24 08:12:57', NULL, '2015-05-24 08:12:57', 3182, 'W'),
(118, '03548708', 'WARD NO-08', NULL, 1, NULL, '2015-05-24 08:12:57', NULL, '2015-05-24 08:12:57', 3183, 'W'),
(118, '03548709', 'WARD NO-09', NULL, 1, NULL, '2015-05-24 08:12:57', NULL, '2015-05-24 08:12:57', 3184, 'W'),
(118, '03548711', 'BANDARKHOLA', NULL, 1, NULL, '2015-05-24 08:37:14', NULL, '2015-05-24 08:37:14', 3185, 'U'),
(118, '03548713', 'BANSHKANDI', NULL, 1, NULL, '2015-05-24 08:37:14', NULL, '2015-05-24 08:37:14', 3186, 'U'),
(118, '03548715', 'BAYRATALA', NULL, 1, NULL, '2015-05-24 08:37:14', NULL, '2015-05-24 08:37:14', 3187, 'U'),
(118, '03548721', 'BHADRASAN', NULL, 1, NULL, '2015-05-24 08:37:14', NULL, '2015-05-24 08:37:14', 3188, 'U'),
(118, '03548726', 'BHANDARIKANDI', NULL, 1, NULL, '2015-05-24 08:37:14', NULL, '2015-05-24 08:37:14', 3189, 'U'),
(118, '03548731', 'CHAR JANAJAT', NULL, 1, NULL, '2015-05-24 08:37:14', NULL, '2015-05-24 08:37:14', 3190, 'U'),
(118, '03548736', 'DATTA PARA', NULL, 1, NULL, '2015-05-24 08:37:14', NULL, '2015-05-24 08:37:14', 3191, 'U'),
(118, '03548742', 'DITIYAKHANDA', NULL, 1, NULL, '2015-05-24 08:37:14', NULL, '2015-05-24 08:37:14', 3192, 'U'),
(118, '03548747', 'KADIRPUR', NULL, 1, NULL, '2015-05-24 08:37:14', NULL, '2015-05-24 08:37:14', 3193, 'U'),
(118, '03548752', 'KANTHALBARI', NULL, 1, NULL, '2015-05-24 08:37:14', NULL, '2015-05-24 08:37:14', 3194, 'U'),
(118, '03548758', 'KUTUBPUR', NULL, 1, NULL, '2015-05-24 08:37:14', NULL, '2015-05-24 08:37:14', 3195, 'U'),
(118, '03548763', 'MATBARER CHAR', NULL, 1, NULL, '2015-05-24 08:37:14', NULL, '2015-05-24 08:37:14', 3196, 'U'),
(118, '03548768', 'NILAKHI', NULL, 1, NULL, '2015-05-24 08:37:14', NULL, '2015-05-24 08:37:14', 3197, 'U'),
(118, '03548773', 'PANCH CHAR', NULL, 1, NULL, '2015-05-24 08:37:14', NULL, '2015-05-24 08:37:14', 3198, 'U'),
(118, '03548779', 'SANNYASIR CHAR', NULL, 1, NULL, '2015-05-24 08:37:14', NULL, '2015-05-24 08:37:14', 3199, 'U'),
(118, '03548784', 'SHIBCHAR', NULL, 1, NULL, '2015-05-24 08:37:14', NULL, '2015-05-24 08:37:14', 3200, 'U'),
(118, '03548789', 'SIRUAIL', NULL, 1, NULL, '2015-05-24 08:37:14', NULL, '2015-05-24 08:37:14', 3201, 'U'),
(118, '03548794', 'UMEDPUR', NULL, 1, NULL, '2015-05-24 08:37:14', NULL, '2015-05-24 08:37:14', 3202, 'U'),
(119, '03561017', 'BACHAMARA', NULL, 1, NULL, '2015-05-24 08:37:14', NULL, '2015-05-24 08:37:14', 3203, 'U'),
(119, '03561019', 'BAGHUTIA', NULL, 1, NULL, '2015-05-24 08:37:14', NULL, '2015-05-24 08:37:14', 3204, 'U'),
(119, '03561028', 'CHAK MIRPUR', NULL, 1, NULL, '2015-05-24 08:37:14', NULL, '2015-05-24 08:37:14', 3205, 'U'),
(119, '03561038', 'CHARKATARI', NULL, 1, NULL, '2015-05-24 08:37:14', NULL, '2015-05-24 08:37:14', 3206, 'U'),
(119, '03561057', 'DHAMSAR', NULL, 1, NULL, '2015-05-24 08:37:14', NULL, '2015-05-24 08:37:14', 3207, 'U'),
(119, '03561066', 'JIYANPUR', NULL, 1, NULL, '2015-05-24 08:37:14', NULL, '2015-05-24 08:37:14', 3208, 'U'),
(119, '03561076', 'KALIA', NULL, 1, NULL, '2015-05-24 08:37:14', NULL, '2015-05-24 08:37:14', 3209, 'U'),
(119, '03561085', 'KHALSI', NULL, 1, NULL, '2015-05-24 08:37:14', NULL, '2015-05-24 08:37:14', 3210, 'U'),
(120, '03562211', 'BALIAKHORA', NULL, 1, NULL, '2015-05-24 08:37:14', NULL, '2015-05-24 08:37:14', 3211, 'U'),
(120, '03562223', 'BANIAJURI', NULL, 1, NULL, '2015-05-24 08:37:14', NULL, '2015-05-24 08:37:14', 3212, 'U'),
(120, '03562235', 'BARATIA', NULL, 1, NULL, '2015-05-24 08:37:14', NULL, '2015-05-24 08:37:14', 3213, 'U'),
(120, '03562247', 'GHIOR', NULL, 1, NULL, '2015-05-24 08:37:14', NULL, '2015-05-24 08:37:14', 3214, 'U'),
(120, '03562259', 'NALI', NULL, 1, NULL, '2015-05-24 08:37:14', NULL, '2015-05-24 08:37:14', 3215, 'U'),
(120, '03562271', 'PAILA', NULL, 1, NULL, '2015-05-24 08:37:14', NULL, '2015-05-24 08:37:14', 3216, 'U'),
(120, '03562283', 'SINGJURI', NULL, 1, NULL, '2015-05-24 08:37:14', NULL, '2015-05-24 08:37:14', 3217, 'U'),
(121, '03562811', 'AZIMNAGAR', NULL, 1, NULL, '2015-05-24 08:37:14', NULL, '2015-05-24 08:37:14', 3218, 'U'),
(121, '03562814', 'BALLA', NULL, 1, NULL, '2015-05-24 08:37:14', NULL, '2015-05-24 08:37:14', 3219, 'U'),
(121, '03562821', 'BALARA', NULL, 1, NULL, '2015-05-24 08:37:14', NULL, '2015-05-24 08:37:14', 3220, 'U'),
(121, '03562829', 'BOYRA', NULL, 1, NULL, '2015-05-24 08:37:14', NULL, '2015-05-24 08:37:14', 3221, 'U'),
(121, '03562836', 'CHALA', NULL, 1, NULL, '2015-05-24 08:37:14', NULL, '2015-05-24 08:37:14', 3222, 'U');
INSERT INTO `sa_unions` (`THANA_ID`, `UD_UNION_CODE`, `UNION_NAME`, `ORDER_SL`, `ACTIVE_FLAG`, `CREATED_BY`, `CREATE_DATE`, `UPDATED_BY`, `UPDATE_DATE`, `UNION_ID`, `UAREA_STATUS`) VALUES
(121, '03562843', 'DHULSUNRA', NULL, 1, NULL, '2015-05-24 08:37:14', NULL, '2015-05-24 08:37:14', 3223, 'U'),
(121, '03562851', 'GALA', NULL, 1, NULL, '2015-05-24 08:37:14', NULL, '2015-05-24 08:37:14', 3224, 'U'),
(121, '03562858', 'GOPINATHPUR', NULL, 1, NULL, '2015-05-24 08:37:14', NULL, '2015-05-24 08:37:14', 3225, 'U'),
(121, '03562865', 'HARUKANDI', NULL, 1, NULL, '2015-05-24 08:37:14', NULL, '2015-05-24 08:37:14', 3226, 'U'),
(121, '03562873', 'KANCHANPUR', NULL, 1, NULL, '2015-05-24 08:37:14', NULL, '2015-05-24 08:37:14', 3227, 'U'),
(121, '03562880', 'LESRAGANJ', NULL, 1, NULL, '2015-05-24 08:37:14', NULL, '2015-05-24 08:37:14', 3228, 'U'),
(121, '03562887', 'RAMKRISHNAPUR', NULL, 1, NULL, '2015-05-24 08:37:14', NULL, '2015-05-24 08:37:14', 3229, 'U'),
(121, '03562894', 'SUTALARI', NULL, 1, NULL, '2015-05-24 08:37:14', NULL, '2015-05-24 08:37:14', 3230, 'U'),
(122, '03564601', 'WARD NO-01', NULL, 1, NULL, '2015-05-24 08:12:57', NULL, '2015-05-24 08:12:57', 3231, 'W'),
(122, '03564602', 'WARD NO-02', NULL, 1, NULL, '2015-05-24 08:12:57', NULL, '2015-05-24 08:12:57', 3232, 'W'),
(122, '03564603', 'WARD NO-03', NULL, 1, NULL, '2015-05-24 08:12:57', NULL, '2015-05-24 08:12:57', 3233, 'W'),
(122, '03564604', 'WARD NO-04', NULL, 1, NULL, '2015-05-24 08:12:57', NULL, '2015-05-24 08:12:57', 3234, 'W'),
(122, '03564605', 'WARD NO-05', NULL, 1, NULL, '2015-05-24 08:12:57', NULL, '2015-05-24 08:12:57', 3235, 'W'),
(122, '03564606', 'WARD NO-06', NULL, 1, NULL, '2015-05-24 08:12:57', NULL, '2015-05-24 08:12:57', 3236, 'W'),
(122, '03564607', 'WARD NO-07', NULL, 1, NULL, '2015-05-24 08:12:57', NULL, '2015-05-24 08:12:57', 3237, 'W'),
(122, '03564608', 'WARD NO-08', NULL, 1, NULL, '2015-05-24 08:12:57', NULL, '2015-05-24 08:12:57', 3238, 'W'),
(122, '03564609', 'WARD NO-09', NULL, 1, NULL, '2015-05-24 08:12:57', NULL, '2015-05-24 08:12:57', 3239, 'W'),
(122, '03564611', 'BETILA MITARA', NULL, 1, NULL, '2015-05-24 08:37:14', NULL, '2015-05-24 08:37:14', 3240, 'U'),
(122, '03564613', 'ATIGRAM', NULL, 1, NULL, '2015-05-24 08:37:14', NULL, '2015-05-24 08:37:14', 3241, 'U'),
(122, '03564615', 'BHARARIA', NULL, 1, NULL, '2015-05-24 08:37:14', NULL, '2015-05-24 08:37:14', 3242, 'U'),
(122, '03564623', 'DIGHI', NULL, 1, NULL, '2015-05-24 08:37:14', NULL, '2015-05-24 08:37:14', 3243, 'U'),
(122, '03564631', 'GARPARA', NULL, 1, NULL, '2015-05-24 08:37:14', NULL, '2015-05-24 08:37:14', 3244, 'U'),
(122, '03564639', 'HATI PARA', NULL, 1, NULL, '2015-05-24 08:37:14', NULL, '2015-05-24 08:37:14', 3245, 'U'),
(122, '03564655', 'JAIGIR', NULL, 1, NULL, '2015-05-24 08:37:14', NULL, '2015-05-24 08:37:14', 3246, 'U'),
(122, '03564671', 'KRISHNAPUR', NULL, 1, NULL, '2015-05-24 08:37:14', NULL, '2015-05-24 08:37:14', 3247, 'U'),
(122, '03564687', 'NABAGRAM', NULL, 1, NULL, '2015-05-24 08:37:14', NULL, '2015-05-24 08:37:14', 3248, 'U'),
(122, '03564694', 'PUTAIL', NULL, 1, NULL, '2015-05-24 08:37:14', NULL, '2015-05-24 08:37:14', 3249, 'U'),
(123, '03567019', 'BALIATI', NULL, 1, NULL, '2015-05-24 08:37:14', NULL, '2015-05-24 08:37:14', 3250, 'U'),
(123, '03567028', 'BARAID', NULL, 1, NULL, '2015-05-24 08:37:14', NULL, '2015-05-24 08:37:14', 3251, 'U'),
(123, '03567038', 'DARAGRAM', NULL, 1, NULL, '2015-05-24 08:37:14', NULL, '2015-05-24 08:37:14', 3252, 'U'),
(123, '03567047', 'DIGHALIA', NULL, 1, NULL, '2015-05-24 08:37:14', NULL, '2015-05-24 08:37:14', 3253, 'U'),
(123, '03567057', 'DHANKORA', NULL, 1, NULL, '2015-05-24 08:37:14', NULL, '2015-05-24 08:37:14', 3254, 'U'),
(123, '03567066', 'FUKURHATI', NULL, 1, NULL, '2015-05-24 08:37:14', NULL, '2015-05-24 08:37:14', 3255, 'U'),
(123, '03567076', 'HARGAZ', NULL, 1, NULL, '2015-05-24 08:37:14', NULL, '2015-05-24 08:37:14', 3256, 'U'),
(123, '03567085', 'SATURIA', NULL, 1, NULL, '2015-05-24 08:37:14', NULL, '2015-05-24 08:37:14', 3257, 'U'),
(123, '03567095', 'TILLI', NULL, 1, NULL, '2015-05-24 08:37:14', NULL, '2015-05-24 08:37:14', 3258, 'U'),
(124, '03567811', 'ARUA', NULL, 1, NULL, '2015-05-24 08:37:14', NULL, '2015-05-24 08:37:14', 3259, 'U'),
(124, '03567823', 'MOHADEBPUR', NULL, 1, NULL, '2015-05-24 08:37:14', NULL, '2015-05-24 08:37:14', 3260, 'U'),
(124, '03567835', 'SHIMULIA', NULL, 1, NULL, '2015-05-24 08:37:14', NULL, '2015-05-24 08:37:14', 3261, 'U'),
(124, '03567847', 'SHIBALAYA', NULL, 1, NULL, '2015-05-24 08:37:14', NULL, '2015-05-24 08:37:14', 3262, 'U'),
(124, '03567859', 'TEOTA', NULL, 1, NULL, '2015-05-24 08:37:14', NULL, '2015-05-24 08:37:14', 3263, 'U'),
(124, '03567871', 'ULAIL', NULL, 1, NULL, '2015-05-24 08:37:14', NULL, '2015-05-24 08:37:14', 3264, 'U'),
(124, '03567883', 'UTHALI', NULL, 1, NULL, '2015-05-24 08:37:14', NULL, '2015-05-24 08:37:14', 3265, 'U'),
(125, '03568201', 'WARD NO-01', NULL, 1, NULL, '2015-05-24 08:12:57', NULL, '2015-05-24 08:12:57', 3266, 'W'),
(125, '03568202', 'WARD NO-02', NULL, 1, NULL, '2015-05-24 08:12:57', NULL, '2015-05-24 08:12:57', 3267, 'W'),
(125, '03568203', 'WARD NO-03', NULL, 1, NULL, '2015-05-24 08:12:57', NULL, '2015-05-24 08:12:57', 3268, 'W'),
(125, '03568204', 'WARD NO-04', NULL, 1, NULL, '2015-05-24 08:12:57', NULL, '2015-05-24 08:12:57', 3269, 'W'),
(125, '03568205', 'WARD NO-05', NULL, 1, NULL, '2015-05-24 08:12:57', NULL, '2015-05-24 08:12:57', 3270, 'W'),
(125, '03568206', 'WARD NO-06', NULL, 1, NULL, '2015-05-24 08:12:57', NULL, '2015-05-24 08:12:57', 3271, 'W'),
(125, '03568207', 'WARD NO-07', NULL, 1, NULL, '2015-05-24 08:12:57', NULL, '2015-05-24 08:12:57', 3272, 'W'),
(125, '03568208', 'WARD NO-08', NULL, 1, NULL, '2015-05-24 08:12:57', NULL, '2015-05-24 08:12:57', 3273, 'W'),
(125, '03568209', 'WARD NO-09', NULL, 1, NULL, '2015-05-24 08:12:57', NULL, '2015-05-24 08:12:57', 3274, 'W'),
(125, '03568217', 'BALDHARA', NULL, 1, NULL, '2015-05-24 08:37:14', NULL, '2015-05-24 08:37:14', 3275, 'U'),
(125, '03568219', 'BOYRA', NULL, 1, NULL, '2015-05-24 08:37:14', NULL, '2015-05-24 08:37:14', 3276, 'U'),
(125, '03568225', 'CHANDHAR', NULL, 1, NULL, '2015-05-24 08:37:14', NULL, '2015-05-24 08:37:14', 3277, 'U'),
(125, '03568234', 'CHARIGRAM', NULL, 1, NULL, '2015-05-24 08:37:14', NULL, '2015-05-24 08:37:14', 3278, 'U'),
(125, '03568243', 'DHALLA', NULL, 1, NULL, '2015-05-24 08:37:14', NULL, '2015-05-24 08:37:14', 3279, 'U'),
(125, '03568251', 'JOY MANTAP', NULL, 1, NULL, '2015-05-24 08:37:14', NULL, '2015-05-24 08:37:14', 3280, 'U'),
(125, '03568260', 'JAMIRTA', NULL, 1, NULL, '2015-05-24 08:37:14', NULL, '2015-05-24 08:37:14', 3281, 'U'),
(125, '03568269', 'JAMSHA', NULL, 1, NULL, '2015-05-24 08:37:14', NULL, '2015-05-24 08:37:14', 3282, 'U'),
(125, '03568277', 'SAISTA', NULL, 1, NULL, '2015-05-24 08:37:14', NULL, '2015-05-24 08:37:14', 3283, 'U'),
(125, '03568286', 'SINGAIR', NULL, 1, NULL, '2015-05-24 08:37:14', NULL, '2015-05-24 08:37:14', 3284, 'U'),
(125, '03568294', 'TALIBPUR', NULL, 1, NULL, '2015-05-24 08:37:14', NULL, '2015-05-24 08:37:14', 3285, 'U'),
(126, '03592410', 'BALUAKANDI', NULL, 1, NULL, '2015-05-24 08:37:14', NULL, '2015-05-24 08:37:14', 3286, 'U'),
(126, '03592421', 'BAUSIA', NULL, 1, NULL, '2015-05-24 08:37:14', NULL, '2015-05-24 08:37:14', 3287, 'U'),
(126, '03592431', 'BHABER CHAR', NULL, 1, NULL, '2015-05-24 08:37:14', NULL, '2015-05-24 08:37:14', 3288, 'U'),
(126, '03592442', 'GAZARIA', NULL, 1, NULL, '2015-05-24 08:37:14', NULL, '2015-05-24 08:37:14', 3289, 'U'),
(126, '03592452', 'GUAGACHHIA', NULL, 1, NULL, '2015-05-24 08:37:14', NULL, '2015-05-24 08:37:14', 3290, 'U'),
(126, '03592463', 'HOSSAINDI', NULL, 1, NULL, '2015-05-24 08:37:14', NULL, '2015-05-24 08:37:14', 3291, 'U'),
(126, '03592473', 'IMAMPUR', NULL, 1, NULL, '2015-05-24 08:37:14', NULL, '2015-05-24 08:37:14', 3292, 'U'),
(126, '03592484', 'TENGER CHAR', NULL, 1, NULL, '2015-05-24 08:37:14', NULL, '2015-05-24 08:37:14', 3293, 'U'),
(18, '03594413', 'BEJGAON', NULL, 1, NULL, '2015-05-24 08:37:14', NULL, '2015-05-24 08:37:14', 3294, 'U'),
(18, '03594415', 'BAULTALI', NULL, 1, NULL, '2015-05-24 08:37:14', NULL, '2015-05-24 08:37:14', 3295, 'U'),
(18, '03594431', 'GAODIA', NULL, 1, NULL, '2015-05-24 08:37:14', NULL, '2015-05-24 08:37:14', 3296, 'U'),
(18, '03594439', 'HALDIA', NULL, 1, NULL, '2015-05-24 08:37:14', NULL, '2015-05-24 08:37:14', 3297, 'U'),
(18, '03594447', 'KALMA', NULL, 1, NULL, '2015-05-24 08:37:14', NULL, '2015-05-24 08:37:14', 3298, 'U'),
(18, '03594455', 'KANAKSAR', NULL, 1, NULL, '2015-05-24 08:37:14', NULL, '2015-05-24 08:37:14', 3299, 'U'),
(18, '03594463', 'KHIDIR PARA', NULL, 1, NULL, '2015-05-24 08:37:14', NULL, '2015-05-24 08:37:14', 3300, 'U'),
(18, '03594471', 'KUMARBHOG', NULL, 1, NULL, '2015-05-24 08:37:14', NULL, '2015-05-24 08:37:14', 3301, 'U'),
(18, '03594487', 'MEDINI MANDAL', NULL, 1, NULL, '2015-05-24 08:37:14', NULL, '2015-05-24 08:37:14', 3302, 'U'),
(18, '03594494', 'LOHAJANG TEOTIA', NULL, 1, NULL, '2015-05-24 08:37:14', NULL, '2015-05-24 08:37:14', 3303, 'U'),
(127, '03595601', 'WARD NO-01', NULL, 1, NULL, '2015-05-24 08:12:57', NULL, '2015-05-24 08:12:57', 3304, 'W'),
(127, '03595602', 'WARD NO-02', NULL, 1, NULL, '2015-05-24 08:12:57', NULL, '2015-05-24 08:12:57', 3305, 'W'),
(127, '03595603', 'WARD NO-03', NULL, 1, NULL, '2015-05-24 08:12:57', NULL, '2015-05-24 08:12:57', 3306, 'W'),
(127, '03595604', 'WARD NO-04', NULL, 1, NULL, '2015-05-24 08:12:57', NULL, '2015-05-24 08:12:57', 3307, 'W'),
(127, '03595605', 'WARD NO-05', NULL, 1, NULL, '2015-05-24 08:12:57', NULL, '2015-05-24 08:12:57', 3308, 'W'),
(127, '03595606', 'WARD NO-06', NULL, 1, NULL, '2015-05-24 08:12:57', NULL, '2015-05-24 08:12:57', 3309, 'W'),
(127, '03595607', 'WARD NO-07', NULL, 1, NULL, '2015-05-24 08:12:57', NULL, '2015-05-24 08:12:57', 3310, 'W'),
(127, '03595608', 'WARD NO-08', NULL, 1, NULL, '2015-05-24 08:12:57', NULL, '2015-05-24 08:12:57', 3311, 'W'),
(127, '03595609', 'WARD NO-09', NULL, 1, NULL, '2015-05-24 08:12:57', NULL, '2015-05-24 08:12:57', 3312, 'W'),
(127, '03595611', 'WARD NO-01', NULL, 1, NULL, '2015-05-24 08:12:57', NULL, '2015-05-24 08:12:57', 3313, 'W'),
(127, '03595612', 'WARD NO-02', NULL, 1, NULL, '2015-05-24 08:12:57', NULL, '2015-05-24 08:12:57', 3314, 'W'),
(127, '03595613', 'WARD NO-03', NULL, 1, NULL, '2015-05-24 08:12:57', NULL, '2015-05-24 08:12:57', 3315, 'W'),
(127, '03595614', 'WARD NO-04', NULL, 1, NULL, '2015-05-24 08:12:57', NULL, '2015-05-24 08:12:57', 3316, 'W'),
(127, '03595615', 'WARD NO-05', NULL, 1, NULL, '2015-05-24 08:12:57', NULL, '2015-05-24 08:12:57', 3317, 'W'),
(127, '03595616', 'WARD NO-06', NULL, 1, NULL, '2015-05-24 08:12:57', NULL, '2015-05-24 08:12:57', 3318, 'W'),
(127, '03595617', 'WARD NO-07', NULL, 1, NULL, '2015-05-24 08:12:57', NULL, '2015-05-24 08:12:57', 3319, 'W'),
(127, '03595618', 'WARD NO-08', NULL, 1, NULL, '2015-05-24 08:12:57', NULL, '2015-05-24 08:12:57', 3320, 'W'),
(127, '03595619', 'WARD NO-09', NULL, 1, NULL, '2015-05-24 08:12:57', NULL, '2015-05-24 08:12:57', 3321, 'W'),
(127, '03595620', 'ADHARA', NULL, 1, NULL, '2015-05-24 08:37:14', NULL, '2015-05-24 08:37:14', 3322, 'U'),
(127, '03595622', 'BAJRA JOGINI', NULL, 1, NULL, '2015-05-24 08:37:14', NULL, '2015-05-24 08:37:14', 3323, 'U'),
(127, '03595623', 'BANGLA BAZAR', NULL, 1, NULL, '2015-05-24 08:37:14', NULL, '2015-05-24 08:37:14', 3324, 'U'),
(127, '03595628', 'CHAR KEWAR', NULL, 1, NULL, '2015-05-24 08:37:14', NULL, '2015-05-24 08:37:14', 3325, 'U'),
(127, '03595638', 'SILAI', NULL, 1, NULL, '2015-05-24 08:37:14', NULL, '2015-05-24 08:37:14', 3326, 'U'),
(127, '03595647', 'MAHAKALI', NULL, 1, NULL, '2015-05-24 08:37:14', NULL, '2015-05-24 08:37:14', 3327, 'U'),
(127, '03595657', 'MOLLAHKANDI', NULL, 1, NULL, '2015-05-24 08:37:14', NULL, '2015-05-24 08:37:14', 3328, 'U'),
(127, '03595676', 'PANCHASAR', NULL, 1, NULL, '2015-05-24 08:37:14', NULL, '2015-05-24 08:37:14', 3329, 'U'),
(127, '03595685', 'RAMPAL', NULL, 1, NULL, '2015-05-24 08:37:14', NULL, '2015-05-24 08:37:14', 3330, 'U'),
(128, '03597411', 'BALUR CHAR', NULL, 1, NULL, '2015-05-24 08:37:14', NULL, '2015-05-24 08:37:14', 3331, 'U'),
(128, '03597413', 'BASAIL', NULL, 1, NULL, '2015-05-24 08:37:14', NULL, '2015-05-24 08:37:14', 3332, 'U'),
(128, '03597420', 'BAYARAGADI', NULL, 1, NULL, '2015-05-24 08:37:14', NULL, '2015-05-24 08:37:14', 3333, 'U'),
(128, '03597427', 'CHITRAKOT', NULL, 1, NULL, '2015-05-24 08:37:14', NULL, '2015-05-24 08:37:14', 3334, 'U'),
(128, '03597433', 'ICHHAPUR', NULL, 1, NULL, '2015-05-24 08:37:14', NULL, '2015-05-24 08:37:14', 3335, 'U'),
(128, '03597440', 'JAINSAR', NULL, 1, NULL, '2015-05-24 08:37:14', NULL, '2015-05-24 08:37:14', 3336, 'U'),
(128, '03597447', 'KAYAIN', NULL, 1, NULL, '2015-05-24 08:37:14', NULL, '2015-05-24 08:37:14', 3337, 'U'),
(128, '03597454', 'KOLA', NULL, 1, NULL, '2015-05-24 08:37:14', NULL, '2015-05-24 08:37:14', 3338, 'U'),
(128, '03597461', 'LATABDI', NULL, 1, NULL, '2015-05-24 08:37:14', NULL, '2015-05-24 08:37:14', 3339, 'U'),
(128, '03597467', 'MADHYAPARA', NULL, 1, NULL, '2015-05-24 08:37:14', NULL, '2015-05-24 08:37:14', 3340, 'U'),
(128, '03597474', 'MALKHANAGAR', NULL, 1, NULL, '2015-05-24 08:37:14', NULL, '2015-05-24 08:37:14', 3341, 'U'),
(128, '03597481', 'RAJANAGAR', NULL, 1, NULL, '2015-05-24 08:37:14', NULL, '2015-05-24 08:37:14', 3342, 'U'),
(128, '03597488', 'RASUNIA', NULL, 1, NULL, '2015-05-24 08:37:14', NULL, '2015-05-24 08:37:14', 3343, 'U'),
(128, '03597494', 'SEKHARNAGAR', NULL, 1, NULL, '2015-05-24 08:37:14', NULL, '2015-05-24 08:37:14', 3344, 'U'),
(129, '03598411', 'ATPARA', NULL, 1, NULL, '2015-05-24 08:37:14', NULL, '2015-05-24 08:37:14', 3345, 'U'),
(129, '03598413', 'BAGHRA', NULL, 1, NULL, '2015-05-24 08:37:14', NULL, '2015-05-24 08:37:14', 3346, 'U'),
(129, '03598420', 'BARAIKHALI', NULL, 1, NULL, '2015-05-24 08:37:14', NULL, '2015-05-24 08:37:14', 3347, 'U'),
(129, '03598427', 'BHAGYAKUL', NULL, 1, NULL, '2015-05-24 08:37:14', NULL, '2015-05-24 08:37:14', 3348, 'U'),
(129, '03598433', 'BIRTARA', NULL, 1, NULL, '2015-05-24 08:37:14', NULL, '2015-05-24 08:37:14', 3349, 'U'),
(129, '03598440', 'HASARA', NULL, 1, NULL, '2015-05-24 08:37:14', NULL, '2015-05-24 08:37:14', 3350, 'U'),
(129, '03598447', 'KOLA PARA', NULL, 1, NULL, '2015-05-24 08:37:14', NULL, '2015-05-24 08:37:14', 3351, 'U'),
(129, '03598454', 'KUKUTIA', NULL, 1, NULL, '2015-05-24 08:37:14', NULL, '2015-05-24 08:37:14', 3352, 'U'),
(129, '03598461', 'PATABHOG', NULL, 1, NULL, '2015-05-24 08:37:14', NULL, '2015-05-24 08:37:14', 3353, 'U'),
(129, '03598467', 'RARIKHAL', NULL, 1, NULL, '2015-05-24 08:37:14', NULL, '2015-05-24 08:37:14', 3354, 'U'),
(129, '03598474', 'SREENAGAR', NULL, 1, NULL, '2015-05-24 08:37:14', NULL, '2015-05-24 08:37:14', 3355, 'U'),
(129, '03598481', 'SHOLAGHAR', NULL, 1, NULL, '2015-05-24 08:37:14', NULL, '2015-05-24 08:37:14', 3356, 'U'),
(129, '03598488', 'SHYAMSIDDHI', NULL, 1, NULL, '2015-05-24 08:37:14', NULL, '2015-05-24 08:37:14', 3357, 'U'),
(129, '03598494', 'TANTAR', NULL, 1, NULL, '2015-05-24 08:37:14', NULL, '2015-05-24 08:37:14', 3358, 'U'),
(130, '03599411', 'ABDULLAHPUR', NULL, 1, NULL, '2015-05-24 08:37:14', NULL, '2015-05-24 08:37:14', 3359, 'U'),
(130, '03599415', 'ARIAL', NULL, 1, NULL, '2015-05-24 08:37:14', NULL, '2015-05-24 08:37:14', 3360, 'U'),
(130, '03599423', 'AUTSHAHI', NULL, 1, NULL, '2015-05-24 08:37:14', NULL, '2015-05-24 08:37:14', 3361, 'U'),
(130, '03599431', 'BETKA', NULL, 1, NULL, '2015-05-24 08:37:14', NULL, '2015-05-24 08:37:14', 3362, 'U'),
(130, '03599439', 'DHIPUR', NULL, 1, NULL, '2015-05-24 08:37:14', NULL, '2015-05-24 08:37:14', 3363, 'U'),
(130, '03599447', 'DIGHIR PARA', NULL, 1, NULL, '2015-05-24 08:37:14', NULL, '2015-05-24 08:37:14', 3364, 'U'),
(130, '03599455', 'HASAIL BANARI', NULL, 1, NULL, '2015-05-24 08:37:14', NULL, '2015-05-24 08:37:14', 3365, 'U'),
(130, '03599463', 'JASHALONG', NULL, 1, NULL, '2015-05-24 08:37:14', NULL, '2015-05-24 08:37:14', 3366, 'U'),
(130, '03599471', 'KAMARKHARA', NULL, 1, NULL, '2015-05-24 08:37:14', NULL, '2015-05-24 08:37:14', 3367, 'U'),
(130, '03599479', 'KATHADIA SHIMULIA', NULL, 1, NULL, '2015-05-24 08:37:14', NULL, '2015-05-24 08:37:14', 3368, 'U'),
(130, '03599487', 'PANCHGAON', NULL, 1, NULL, '2015-05-24 08:37:14', NULL, '2015-05-24 08:37:14', 3369, 'U'),
(130, '03599494', 'SONARANG TONGIBARI', NULL, 1, NULL, '2015-05-24 08:37:14', NULL, '2015-05-24 08:37:14', 3370, 'U'),
(131, '03611301', 'WARD NO-01', NULL, 1, NULL, '2015-05-24 08:12:57', NULL, '2015-05-24 08:12:57', 3371, 'W'),
(131, '03611302', 'WARD NO-02', NULL, 1, NULL, '2015-05-24 08:12:57', NULL, '2015-05-24 08:12:57', 3372, 'W'),
(131, '03611303', 'WARD NO-03', NULL, 1, NULL, '2015-05-24 08:12:57', NULL, '2015-05-24 08:12:57', 3373, 'W'),
(131, '03611304', 'WARD NO-04', NULL, 1, NULL, '2015-05-24 08:12:57', NULL, '2015-05-24 08:12:57', 3374, 'W'),
(131, '03611305', 'WARD NO-05', NULL, 1, NULL, '2015-05-24 08:12:57', NULL, '2015-05-24 08:12:57', 3375, 'W'),
(131, '03611306', 'WARD NO-06', NULL, 1, NULL, '2015-05-24 08:12:57', NULL, '2015-05-24 08:12:57', 3376, 'W'),
(131, '03611307', 'WARD NO-07', NULL, 1, NULL, '2015-05-24 08:12:57', NULL, '2015-05-24 08:12:57', 3377, 'W'),
(131, '03611308', 'WARD NO-08', NULL, 1, NULL, '2015-05-24 08:12:57', NULL, '2015-05-24 08:12:57', 3378, 'W'),
(131, '03611309', 'WARD NO-09', NULL, 1, NULL, '2015-05-24 08:12:57', NULL, '2015-05-24 08:12:57', 3379, 'W'),
(131, '03611314', 'BHALUKA', NULL, 1, NULL, '2015-05-24 08:37:14', NULL, '2015-05-24 08:37:14', 3380, 'U'),
(131, '03611317', 'BHARADOBA', NULL, 1, NULL, '2015-05-24 08:37:14', NULL, '2015-05-24 08:37:14', 3381, 'U'),
(131, '03611325', 'BIRUNIA', NULL, 1, NULL, '2015-05-24 08:37:14', NULL, '2015-05-24 08:37:14', 3382, 'U'),
(131, '03611334', 'DAKATIA', NULL, 1, NULL, '2015-05-24 08:37:14', NULL, '2015-05-24 08:37:14', 3383, 'U'),
(131, '03611343', 'DHITPUR', NULL, 1, NULL, '2015-05-24 08:37:14', NULL, '2015-05-24 08:37:14', 3384, 'U'),
(131, '03611351', 'HABIRBARI', NULL, 1, NULL, '2015-05-24 08:37:14', NULL, '2015-05-24 08:37:14', 3385, 'U'),
(131, '03611360', 'KACHINA', NULL, 1, NULL, '2015-05-24 08:37:14', NULL, '2015-05-24 08:37:14', 3386, 'U'),
(131, '03611369', 'MALLIKBARI', NULL, 1, NULL, '2015-05-24 08:37:14', NULL, '2015-05-24 08:37:14', 3387, 'U'),
(131, '03611377', 'MEDUARY', NULL, 1, NULL, '2015-05-24 08:37:14', NULL, '2015-05-24 08:37:14', 3388, 'U'),
(131, '03611386', 'RAJAI', NULL, 1, NULL, '2015-05-24 08:37:14', NULL, '2015-05-24 08:37:14', 3389, 'U'),
(131, '03611394', 'UTHURA', NULL, 1, NULL, '2015-05-24 08:37:14', NULL, '2015-05-24 08:37:14', 3390, 'U'),
(132, '03611610', 'BAGHBER', NULL, 1, NULL, '2015-05-24 08:37:14', NULL, '2015-05-24 08:37:14', 3391, 'U'),
(132, '03611631', 'DAKSHIN MAIJ PARA', NULL, 1, NULL, '2015-05-24 08:37:14', NULL, '2015-05-24 08:37:14', 3392, 'U'),
(132, '03611636', 'DOBAURA', NULL, 1, NULL, '2015-05-24 08:37:14', NULL, '2015-05-24 08:37:14', 3393, 'U'),
(132, '03611642', 'GAMARITALA', NULL, 1, NULL, '2015-05-24 08:37:14', NULL, '2015-05-24 08:37:14', 3394, 'U'),
(132, '03611647', 'GUATALA', NULL, 1, NULL, '2015-05-24 08:37:14', NULL, '2015-05-24 08:37:14', 3395, 'U'),
(132, '03611652', 'GHOSHGAON', NULL, 1, NULL, '2015-05-24 08:37:14', NULL, '2015-05-24 08:37:14', 3396, 'U'),
(132, '03611673', 'PORA KANDULIA', NULL, 1, NULL, '2015-05-24 08:37:14', NULL, '2015-05-24 08:37:14', 3397, 'U'),
(133, '03612001', 'WARD NO-01', NULL, 1, NULL, '2015-05-24 08:12:57', NULL, '2015-05-24 08:12:57', 3398, 'W'),
(133, '03612002', 'WARD NO-02', NULL, 1, NULL, '2015-05-24 08:12:57', NULL, '2015-05-24 08:12:57', 3399, 'W'),
(133, '03612003', 'WARD NO-03', NULL, 1, NULL, '2015-05-24 08:12:57', NULL, '2015-05-24 08:12:57', 3400, 'W'),
(133, '03612004', 'WARD NO-04', NULL, 1, NULL, '2015-05-24 08:12:57', NULL, '2015-05-24 08:12:57', 3401, 'W'),
(133, '03612005', 'WARD NO-05', NULL, 1, NULL, '2015-05-24 08:12:57', NULL, '2015-05-24 08:12:57', 3402, 'W'),
(133, '03612006', 'WARD NO-06', NULL, 1, NULL, '2015-05-24 08:12:57', NULL, '2015-05-24 08:12:57', 3403, 'W'),
(133, '03612007', 'WARD NO-07', NULL, 1, NULL, '2015-05-24 08:12:57', NULL, '2015-05-24 08:12:57', 3404, 'W'),
(133, '03612008', 'WARD NO-08', NULL, 1, NULL, '2015-05-24 08:12:57', NULL, '2015-05-24 08:12:57', 3405, 'W'),
(133, '03612009', 'WARD NO-09', NULL, 1, NULL, '2015-05-24 08:12:57', NULL, '2015-05-24 08:12:57', 3406, 'W'),
(133, '03612011', 'ACHIM PATULI', NULL, 1, NULL, '2015-05-24 08:37:14', NULL, '2015-05-24 08:37:14', 3407, 'U'),
(133, '03612017', 'BAKTA', NULL, 1, NULL, '2015-05-24 08:37:14', NULL, '2015-05-24 08:37:14', 3408, 'U'),
(133, '03612023', 'BALIAN', NULL, 1, NULL, '2015-05-24 08:37:14', NULL, '2015-05-24 08:37:14', 3409, 'U'),
(133, '03612029', 'BHABANIPUR', NULL, 1, NULL, '2015-05-24 08:37:14', NULL, '2015-05-24 08:37:14', 3410, 'U'),
(133, '03612035', 'DEOKHOLA', NULL, 1, NULL, '2015-05-24 08:37:14', NULL, '2015-05-24 08:37:14', 3411, 'U'),
(133, '03612041', 'ENAYETPUR', NULL, 1, NULL, '2015-05-24 08:37:14', NULL, '2015-05-24 08:37:14', 3412, 'U'),
(133, '03612047', 'FULBARIA', NULL, 1, NULL, '2015-05-24 08:37:14', NULL, '2015-05-24 08:37:14', 3413, 'U'),
(133, '03612053', 'KALADAHA', NULL, 1, NULL, '2015-05-24 08:37:14', NULL, '2015-05-24 08:37:14', 3414, 'U'),
(133, '03612059', 'KUSHMAIL', NULL, 1, NULL, '2015-05-24 08:37:14', NULL, '2015-05-24 08:37:14', 3415, 'U'),
(133, '03612077', 'NAOGAON', NULL, 1, NULL, '2015-05-24 08:37:14', NULL, '2015-05-24 08:37:14', 3416, 'U'),
(133, '03612083', 'PUTIJANA', NULL, 1, NULL, '2015-05-24 08:37:14', NULL, '2015-05-24 08:37:14', 3417, 'U'),
(133, '03612089', 'RADHAKANAI', NULL, 1, NULL, '2015-05-24 08:37:14', NULL, '2015-05-24 08:37:14', 3418, 'U'),
(133, '03612094', 'RANGAMATIA', NULL, 1, NULL, '2015-05-24 08:37:14', NULL, '2015-05-24 08:37:14', 3419, 'U'),
(134, '03612201', 'WARD NO-01', NULL, 1, NULL, '2015-05-24 08:12:57', NULL, '2015-05-24 08:12:57', 3420, 'W'),
(134, '03612202', 'WARD NO-02', NULL, 1, NULL, '2015-05-24 08:12:57', NULL, '2015-05-24 08:12:57', 3421, 'W'),
(134, '03612203', 'WARD NO-03', NULL, 1, NULL, '2015-05-24 08:12:57', NULL, '2015-05-24 08:12:57', 3422, 'W'),
(134, '03612204', 'WARD NO-04', NULL, 1, NULL, '2015-05-24 08:12:57', NULL, '2015-05-24 08:12:57', 3423, 'W'),
(134, '03612205', 'WARD NO-05', NULL, 1, NULL, '2015-05-24 08:12:57', NULL, '2015-05-24 08:12:57', 3424, 'W'),
(134, '03612206', 'WARD NO-06', NULL, 1, NULL, '2015-05-24 08:12:57', NULL, '2015-05-24 08:12:57', 3425, 'W'),
(134, '03612207', 'WARD NO-07', NULL, 1, NULL, '2015-05-24 08:12:57', NULL, '2015-05-24 08:12:57', 3426, 'W'),
(134, '03612208', 'WARD NO-08', NULL, 1, NULL, '2015-05-24 08:12:57', NULL, '2015-05-24 08:12:57', 3427, 'W'),
(134, '03612209', 'WARD NO-09', NULL, 1, NULL, '2015-05-24 08:12:57', NULL, '2015-05-24 08:12:57', 3428, 'W'),
(134, '03612211', 'BARABARIA', NULL, 1, NULL, '2015-05-24 08:37:14', NULL, '2015-05-24 08:37:14', 3429, 'U'),
(134, '03612212', 'CHAR ALGI', NULL, 1, NULL, '2015-05-24 08:37:14', NULL, '2015-05-24 08:37:14', 3430, 'U'),
(134, '03612218', 'DATTER BAZAR', NULL, 1, NULL, '2015-05-24 08:37:14', NULL, '2015-05-24 08:37:14', 3431, 'U'),
(134, '03612225', 'GAFFARGAON', NULL, 1, NULL, '2015-05-24 08:37:14', NULL, '2015-05-24 08:37:14', 3432, 'U'),
(134, '03612231', 'JESSORA', NULL, 1, NULL, '2015-05-24 08:37:14', NULL, '2015-05-24 08:37:14', 3433, 'U'),
(134, '03612237', 'LANGAIR', NULL, 1, NULL, '2015-05-24 08:37:14', NULL, '2015-05-24 08:37:14', 3434, 'U'),
(134, '03612244', 'MASHAKHALI', NULL, 1, NULL, '2015-05-24 08:37:14', NULL, '2015-05-24 08:37:14', 3435, 'U'),
(134, '03612250', 'NIGAIR', NULL, 1, NULL, '2015-05-24 08:37:14', NULL, '2015-05-24 08:37:14', 3436, 'U'),
(134, '03612256', 'PAITHAL', NULL, 1, NULL, '2015-05-24 08:37:14', NULL, '2015-05-24 08:37:14', 3437, 'U'),
(134, '03612263', 'PANCHBHAG', NULL, 1, NULL, '2015-05-24 08:37:14', NULL, '2015-05-24 08:37:14', 3438, 'U'),
(134, '03612269', 'RASULPUR', NULL, 1, NULL, '2015-05-24 08:37:14', NULL, '2015-05-24 08:37:14', 3439, 'U'),
(134, '03612275', 'RAONA', NULL, 1, NULL, '2015-05-24 08:37:14', NULL, '2015-05-24 08:37:14', 3440, 'U'),
(134, '03612282', 'SALTIA', NULL, 1, NULL, '2015-05-24 08:37:14', NULL, '2015-05-24 08:37:14', 3441, 'U'),
(134, '03612288', 'TENGABA', NULL, 1, NULL, '2015-05-24 08:37:14', NULL, '2015-05-24 08:37:14', 3442, 'U'),
(134, '03612294', 'USTHI', NULL, 1, NULL, '2015-05-24 08:37:14', NULL, '2015-05-24 08:37:14', 3443, 'U'),
(135, '03612301', 'WARD NO-01', NULL, 1, NULL, '2015-05-24 08:12:57', NULL, '2015-05-24 08:12:57', 3444, 'W'),
(135, '03612302', 'WARD NO-02', NULL, 1, NULL, '2015-05-24 08:12:57', NULL, '2015-05-24 08:12:57', 3445, 'W'),
(135, '03612303', 'WARD NO-03', NULL, 1, NULL, '2015-05-24 08:12:57', NULL, '2015-05-24 08:12:57', 3446, 'W'),
(135, '03612304', 'WARD NO-04', NULL, 1, NULL, '2015-05-24 08:12:57', NULL, '2015-05-24 08:12:57', 3447, 'W'),
(135, '03612305', 'WARD NO-05', NULL, 1, NULL, '2015-05-24 08:12:57', NULL, '2015-05-24 08:12:57', 3448, 'W'),
(135, '03612306', 'WARD NO-06', NULL, 1, NULL, '2015-05-24 08:12:57', NULL, '2015-05-24 08:12:57', 3449, 'W'),
(135, '03612307', 'WARD NO-07', NULL, 1, NULL, '2015-05-24 08:12:57', NULL, '2015-05-24 08:12:57', 3450, 'W'),
(135, '03612308', 'WARD NO-08', NULL, 1, NULL, '2015-05-24 08:12:57', NULL, '2015-05-24 08:12:57', 3451, 'W'),
(135, '03612309', 'WARD NO-09', NULL, 1, NULL, '2015-05-24 08:12:57', NULL, '2015-05-24 08:12:57', 3452, 'W'),
(135, '03612315', 'ACHINTAPUR', NULL, 1, NULL, '2015-05-24 08:37:14', NULL, '2015-05-24 08:37:14', 3453, 'U'),
(135, '03612318', 'BHANGNAMARI', NULL, 1, NULL, '2015-05-24 08:37:14', NULL, '2015-05-24 08:37:14', 3454, 'U'),
(135, '03612322', 'BOKAINAGAR', NULL, 1, NULL, '2015-05-24 08:37:14', NULL, '2015-05-24 08:37:14', 3455, 'U'),
(135, '03612327', 'DOWHAKHALA', NULL, 1, NULL, '2015-05-24 08:37:14', NULL, '2015-05-24 08:37:14', 3456, 'U'),
(135, '03612331', 'GAURIPUR', NULL, 1, NULL, '2015-05-24 08:37:14', NULL, '2015-05-24 08:37:14', 3457, 'U'),
(135, '03612349', 'MAILAKANDA', NULL, 1, NULL, '2015-05-24 08:37:14', NULL, '2015-05-24 08:37:14', 3458, 'U'),
(135, '03612358', 'MAOHA', NULL, 1, NULL, '2015-05-24 08:37:14', NULL, '2015-05-24 08:37:14', 3459, 'U'),
(135, '03612372', 'RAMGOPALPUR', NULL, 1, NULL, '2015-05-24 08:37:14', NULL, '2015-05-24 08:37:14', 3460, 'U'),
(135, '03612381', 'SAHANATI', NULL, 1, NULL, '2015-05-24 08:37:14', NULL, '2015-05-24 08:37:14', 3461, 'U'),
(135, '03612385', 'SIDHLA', NULL, 1, NULL, '2015-05-24 08:37:14', NULL, '2015-05-24 08:37:14', 3462, 'U'),
(39, '03612417', 'AMTAIL', NULL, 1, NULL, '2015-05-24 08:37:14', NULL, '2015-05-24 08:37:14', 3463, 'U'),
(39, '03612420', 'BHUBANKURA', NULL, 1, NULL, '2015-05-24 08:37:14', NULL, '2015-05-24 08:37:14', 3464, 'U'),
(39, '03612421', 'BILDORA', NULL, 1, NULL, '2015-05-24 08:37:14', NULL, '2015-05-24 08:37:14', 3465, 'U'),
(39, '03612433', 'DHARA', NULL, 1, NULL, '2015-05-24 08:37:14', NULL, '2015-05-24 08:37:14', 3466, 'U'),
(39, '03612440', 'DHURAIL', NULL, 1, NULL, '2015-05-24 08:37:14', NULL, '2015-05-24 08:37:14', 3467, 'U'),
(39, '03612447', 'GAZIR BHITA', NULL, 1, NULL, '2015-05-24 08:37:14', NULL, '2015-05-24 08:37:14', 3468, 'U'),
(39, '03612461', 'HALUAGHAT', NULL, 1, NULL, '2015-05-24 08:37:14', NULL, '2015-05-24 08:37:14', 3469, 'U'),
(39, '03612467', 'JUGLI', NULL, 1, NULL, '2015-05-24 08:37:14', NULL, '2015-05-24 08:37:14', 3470, 'U'),
(39, '03612474', 'KAICHAPUR', NULL, 1, NULL, '2015-05-24 08:37:14', NULL, '2015-05-24 08:37:14', 3471, 'U'),
(39, '03612481', 'NARAIL', NULL, 1, NULL, '2015-05-24 08:37:14', NULL, '2015-05-24 08:37:14', 3472, 'U'),
(39, '03612484', 'SAKUAI', NULL, 1, NULL, '2015-05-24 08:37:14', NULL, '2015-05-24 08:37:14', 3473, 'U'),
(39, '03612494', 'SWADESHI', NULL, 1, NULL, '2015-05-24 08:37:14', NULL, '2015-05-24 08:37:14', 3474, 'U'),
(136, '03613101', 'WARD NO-01', NULL, 1, NULL, '2015-05-24 08:12:57', NULL, '2015-05-24 08:12:57', 3475, 'W'),
(136, '03613102', 'WARD NO-02', NULL, 1, NULL, '2015-05-24 08:12:57', NULL, '2015-05-24 08:12:57', 3476, 'W'),
(136, '03613103', 'WARD NO-03', NULL, 1, NULL, '2015-05-24 08:12:57', NULL, '2015-05-24 08:12:57', 3477, 'W'),
(136, '03613104', 'WARD NO-04', NULL, 1, NULL, '2015-05-24 08:12:57', NULL, '2015-05-24 08:12:57', 3478, 'W'),
(136, '03613105', 'WARD NO-05', NULL, 1, NULL, '2015-05-24 08:12:57', NULL, '2015-05-24 08:12:57', 3479, 'W'),
(136, '03613106', 'WARD NO-06', NULL, 1, NULL, '2015-05-24 08:12:57', NULL, '2015-05-24 08:12:57', 3480, 'W'),
(136, '03613107', 'WARD NO-07', NULL, 1, NULL, '2015-05-24 08:12:57', NULL, '2015-05-24 08:12:57', 3481, 'W'),
(136, '03613108', 'WARD NO-08', NULL, 1, NULL, '2015-05-24 08:12:57', NULL, '2015-05-24 08:12:57', 3482, 'W'),
(136, '03613109', 'WARD NO-09', NULL, 1, NULL, '2015-05-24 08:12:57', NULL, '2015-05-24 08:12:57', 3483, 'W'),
(136, '03613111', 'ATHARABARI', NULL, 1, NULL, '2015-05-24 08:37:14', NULL, '2015-05-24 08:37:14', 3484, 'U'),
(136, '03613113', 'BARAHIT', NULL, 1, NULL, '2015-05-24 08:37:14', NULL, '2015-05-24 08:37:14', 3485, 'U'),
(136, '03613140', 'ISHWARGANJ', NULL, 1, NULL, '2015-05-24 08:37:14', NULL, '2015-05-24 08:37:14', 3486, 'U'),
(136, '03613145', 'JATIA', NULL, 1, NULL, '2015-05-24 08:37:14', NULL, '2015-05-24 08:37:14', 3487, 'U'),
(136, '03613154', 'MAIJBAGH', NULL, 1, NULL, '2015-05-24 08:37:14', NULL, '2015-05-24 08:37:14', 3488, 'U'),
(136, '03613163', 'MAGTALA', NULL, 1, NULL, '2015-05-24 08:37:14', NULL, '2015-05-24 08:37:14', 3489, 'U'),
(136, '03613167', 'RAJIBPUR', NULL, 1, NULL, '2015-05-24 08:37:14', NULL, '2015-05-24 08:37:14', 3490, 'U'),
(136, '03613176', 'SARISHA', NULL, 1, NULL, '2015-05-24 08:37:14', NULL, '2015-05-24 08:37:14', 3491, 'U'),
(136, '03613185', 'SOHAGI', NULL, 1, NULL, '2015-05-24 08:37:14', NULL, '2015-05-24 08:37:14', 3492, 'U'),
(136, '03613190', 'TARUNDIA', NULL, 1, NULL, '2015-05-24 08:37:14', NULL, '2015-05-24 08:37:14', 3493, 'U'),
(136, '03613194', 'UCHAKHILA', NULL, 1, NULL, '2015-05-24 08:37:14', NULL, '2015-05-24 08:37:14', 3494, 'U'),
(137, '03615201', 'WARD NO-01', NULL, 1, NULL, '2015-05-24 08:12:57', NULL, '2015-05-24 08:12:57', 3495, 'W'),
(137, '03615202', 'WARD NO-02', NULL, 1, NULL, '2015-05-24 08:12:57', NULL, '2015-05-24 08:12:57', 3496, 'W'),
(137, '03615203', 'WARD NO-03', NULL, 1, NULL, '2015-05-24 08:12:57', NULL, '2015-05-24 08:12:57', 3497, 'W'),
(137, '03615204', 'WARD NO-04', NULL, 1, NULL, '2015-05-24 08:12:57', NULL, '2015-05-24 08:12:57', 3498, 'W'),
(137, '03615205', 'WARD NO-05', NULL, 1, NULL, '2015-05-24 08:12:57', NULL, '2015-05-24 08:12:57', 3499, 'W'),
(137, '03615206', 'WARD NO-06', NULL, 1, NULL, '2015-05-24 08:12:57', NULL, '2015-05-24 08:12:57', 3500, 'W'),
(137, '03615207', 'WARD NO-07', NULL, 1, NULL, '2015-05-24 08:12:57', NULL, '2015-05-24 08:12:57', 3501, 'W'),
(137, '03615208', 'WARD NO-08', NULL, 1, NULL, '2015-05-24 08:12:57', NULL, '2015-05-24 08:12:57', 3502, 'W'),
(137, '03615209', 'WARD NO-09', NULL, 1, NULL, '2015-05-24 08:12:57', NULL, '2015-05-24 08:12:57', 3503, 'W'),
(137, '03615210', 'WARD NO-10', NULL, 1, NULL, '2015-05-24 08:12:57', NULL, '2015-05-24 08:12:57', 3504, 'W'),
(137, '03615211', 'WARD NO-11', NULL, 1, NULL, '2015-05-24 08:12:57', NULL, '2015-05-24 08:12:57', 3505, 'W'),
(137, '03615212', 'WARD NO-12', NULL, 1, NULL, '2015-05-24 08:12:57', NULL, '2015-05-24 08:12:57', 3506, 'W'),
(137, '03615213', 'WARD NO-13', NULL, 1, NULL, '2015-05-24 08:12:57', NULL, '2015-05-24 08:12:57', 3507, 'W'),
(137, '03615214', 'WARD NO-14', NULL, 1, NULL, '2015-05-24 08:12:57', NULL, '2015-05-24 08:12:57', 3508, 'W'),
(137, '03615215', 'WARD NO-15', NULL, 1, NULL, '2015-05-24 08:12:57', NULL, '2015-05-24 08:12:57', 3509, 'W'),
(137, '03615216', 'WARD NO-16', NULL, 1, NULL, '2015-05-24 08:12:57', NULL, '2015-05-24 08:12:57', 3510, 'W'),
(137, '03615217', 'WARD NO-17', NULL, 1, NULL, '2015-05-24 08:12:57', NULL, '2015-05-24 08:12:57', 3511, 'W'),
(137, '03615218', 'WARD NO-18', NULL, 1, NULL, '2015-05-24 08:12:57', NULL, '2015-05-24 08:12:57', 3512, 'W'),
(137, '03615219', 'WARD NO-19', NULL, 1, NULL, '2015-05-24 08:12:57', NULL, '2015-05-24 08:12:57', 3513, 'W'),
(137, '03615220', 'WARD NO-20', NULL, 1, NULL, '2015-05-24 08:12:57', NULL, '2015-05-24 08:12:57', 3514, 'W'),
(137, '03615221', 'WARD NO-21', NULL, 1, NULL, '2015-05-24 08:12:57', NULL, '2015-05-24 08:12:57', 3515, 'W'),
(137, '03615223', 'AKUA', NULL, 1, NULL, '2015-05-24 08:37:14', NULL, '2015-05-24 08:37:14', 3516, 'U'),
(137, '03615225', 'ASHTADHAR', NULL, 1, NULL, '2015-05-24 08:37:14', NULL, '2015-05-24 08:37:14', 3517, 'U'),
(137, '03615227', 'BAIRA (KEWATKHALI) UNION', NULL, 1, NULL, '2015-05-24 08:37:14', NULL, '2015-05-24 08:37:14', 3518, 'U'),
(137, '03615229', 'BHABKHALI UNION', NULL, 1, NULL, '2015-05-24 08:37:14', NULL, '2015-05-24 08:37:14', 3519, 'U'),
(137, '03615231', 'BORAR CHAR UNION', NULL, 1, NULL, '2015-05-24 08:37:14', NULL, '2015-05-24 08:37:14', 3520, 'U'),
(137, '03615233', 'CHAR ISHWARDIA UNION', NULL, 1, NULL, '2015-05-24 08:37:14', NULL, '2015-05-24 08:37:14', 3521, 'U'),
(137, '03615240', 'CHAR NILAKSHMIA UNION', NULL, 1, NULL, '2015-05-24 08:37:14', NULL, '2015-05-24 08:37:14', 3522, 'U'),
(137, '03615247', 'DAPUNIA UNION', NULL, 1, NULL, '2015-05-24 08:37:14', NULL, '2015-05-24 08:37:14', 3523, 'U'),
(137, '03615254', 'GHAGRA UNION', NULL, 1, NULL, '2015-05-24 08:37:14', NULL, '2015-05-24 08:37:14', 3524, 'U'),
(137, '03615267', 'KHAGDAHAR UNION', NULL, 1, NULL, '2015-05-24 08:37:14', NULL, '2015-05-24 08:37:14', 3525, 'U'),
(137, '03615274', 'KUSHTIA UNION', NULL, 1, NULL, '2015-05-24 08:37:14', NULL, '2015-05-24 08:37:14', 3526, 'U'),
(137, '03615288', 'PARANGANJ UNION', NULL, 1, NULL, '2015-05-24 08:37:14', NULL, '2015-05-24 08:37:14', 3527, 'U'),
(137, '03615294', 'SIRTA UNION', NULL, 1, NULL, '2015-05-24 08:37:14', NULL, '2015-05-24 08:37:14', 3528, 'U'),
(138, '03616501', 'WARD NO-01', NULL, 1, NULL, '2015-05-24 08:12:57', NULL, '2015-05-24 08:12:57', 3529, 'W'),
(138, '03616502', 'WARD NO-02', NULL, 1, NULL, '2015-05-24 08:12:57', NULL, '2015-05-24 08:12:57', 3530, 'W'),
(138, '03616503', 'WARD NO-03', NULL, 1, NULL, '2015-05-24 08:12:57', NULL, '2015-05-24 08:12:57', 3531, 'W'),
(138, '03616504', 'WARD NO-04', NULL, 1, NULL, '2015-05-24 08:12:57', NULL, '2015-05-24 08:12:57', 3532, 'W'),
(138, '03616505', 'WARD NO-05', NULL, 1, NULL, '2015-05-24 08:12:57', NULL, '2015-05-24 08:12:57', 3533, 'W'),
(138, '03616506', 'WARD NO-06', NULL, 1, NULL, '2015-05-24 08:12:57', NULL, '2015-05-24 08:12:57', 3534, 'W'),
(138, '03616507', 'WARD NO-07', NULL, 1, NULL, '2015-05-24 08:12:57', NULL, '2015-05-24 08:12:57', 3535, 'W'),
(138, '03616508', 'WARD NO-08', NULL, 1, NULL, '2015-05-24 08:12:57', NULL, '2015-05-24 08:12:57', 3536, 'W'),
(138, '03616509', 'WARD NO-09', NULL, 1, NULL, '2015-05-24 08:12:57', NULL, '2015-05-24 08:12:57', 3537, 'W'),
(138, '03616516', 'BARAGRAM', NULL, 1, NULL, '2015-05-24 08:37:14', NULL, '2015-05-24 08:37:14', 3538, 'U'),
(138, '03616517', 'BASATI', NULL, 1, NULL, '2015-05-24 08:37:14', NULL, '2015-05-24 08:37:14', 3539, 'U'),
(138, '03616525', 'DAOGAON', NULL, 1, NULL, '2015-05-24 08:37:14', NULL, '2015-05-24 08:37:14', 3540, 'U'),
(138, '03616534', 'DULLA', NULL, 1, NULL, '2015-05-24 08:37:14', NULL, '2015-05-24 08:37:14', 3541, 'U'),
(138, '03616543', 'GHOGA', NULL, 1, NULL, '2015-05-24 08:37:14', NULL, '2015-05-24 08:37:14', 3542, 'U'),
(138, '03616551', 'KASHIMPUR', NULL, 1, NULL, '2015-05-24 08:37:14', NULL, '2015-05-24 08:37:14', 3543, 'U'),
(138, '03616560', 'KHERUAJANI', NULL, 1, NULL, '2015-05-24 08:37:14', NULL, '2015-05-24 08:37:14', 3544, 'U'),
(138, '03616569', 'KUMARGHATA', NULL, 1, NULL, '2015-05-24 08:37:14', NULL, '2015-05-24 08:37:14', 3545, 'U'),
(138, '03616577', 'MANKON UNION', NULL, 1, NULL, '2015-05-24 08:37:14', NULL, '2015-05-24 08:37:14', 3546, 'U'),
(138, '03616594', 'TARATI UNION', NULL, 1, NULL, '2015-05-24 08:37:14', NULL, '2015-05-24 08:37:14', 3547, 'U'),
(139, '03617201', 'WARD NO-01', NULL, 1, NULL, '2015-05-24 08:12:57', NULL, '2015-05-24 08:12:57', 3548, 'W'),
(139, '03617202', 'WARD NO-02', NULL, 1, NULL, '2015-05-24 08:12:57', NULL, '2015-05-24 08:12:57', 3549, 'W'),
(139, '03617203', 'WARD NO-03', NULL, 1, NULL, '2015-05-24 08:12:57', NULL, '2015-05-24 08:12:57', 3550, 'W'),
(139, '03617204', 'WARD NO-04', NULL, 1, NULL, '2015-05-24 08:12:57', NULL, '2015-05-24 08:12:57', 3551, 'W'),
(139, '03617205', 'WARD NO-05', NULL, 1, NULL, '2015-05-24 08:12:57', NULL, '2015-05-24 08:12:57', 3552, 'W'),
(139, '03617206', 'WARD NO-06', NULL, 1, NULL, '2015-05-24 08:12:57', NULL, '2015-05-24 08:12:57', 3553, 'W'),
(139, '03617207', 'WARD NO-07', NULL, 1, NULL, '2015-05-24 08:12:57', NULL, '2015-05-24 08:12:57', 3554, 'W'),
(139, '03617208', 'WARD NO-08', NULL, 1, NULL, '2015-05-24 08:12:57', NULL, '2015-05-24 08:12:57', 3555, 'W'),
(139, '03617209', 'WARD NO-09', NULL, 1, NULL, '2015-05-24 08:12:57', NULL, '2015-05-24 08:12:57', 3556, 'W'),
(139, '03617213', 'ACHARGAON', NULL, 1, NULL, '2015-05-24 08:37:14', NULL, '2015-05-24 08:37:14', 3557, 'U'),
(139, '03617215', 'BETAGAIR', NULL, 1, NULL, '2015-05-24 08:37:14', NULL, '2015-05-24 08:37:14', 3558, 'U'),
(139, '03617223', 'CHANDIPASHA', NULL, 1, NULL, '2015-05-24 08:37:14', NULL, '2015-05-24 08:37:14', 3559, 'U'),
(139, '03617231', 'GANGAIL', NULL, 1, NULL, '2015-05-24 08:37:14', NULL, '2015-05-24 08:37:14', 3560, 'U'),
(139, '03617239', 'JAHANGIRPUR', NULL, 1, NULL, '2015-05-24 08:37:14', NULL, '2015-05-24 08:37:14', 3561, 'U'),
(139, '03617247', 'KHARUA', NULL, 1, NULL, '2015-05-24 08:37:14', NULL, '2015-05-24 08:37:14', 3562, 'U'),
(139, '03617255', 'MOAZZEMPUR', NULL, 1, NULL, '2015-05-24 08:37:14', NULL, '2015-05-24 08:37:14', 3563, 'U'),
(139, '03617263', 'MUSULI', NULL, 1, NULL, '2015-05-24 08:37:14', NULL, '2015-05-24 08:37:14', 3564, 'U'),
(139, '03617271', 'NANDAIL', NULL, 1, NULL, '2015-05-24 08:37:14', NULL, '2015-05-24 08:37:14', 3565, 'U'),
(139, '03617279', 'RAJGATI', NULL, 1, NULL, '2015-05-24 08:37:14', NULL, '2015-05-24 08:37:14', 3566, 'U'),
(139, '03617287', 'SHERPUR', NULL, 1, NULL, '2015-05-24 08:37:14', NULL, '2015-05-24 08:37:14', 3567, 'U'),
(139, '03617294', 'SINGRAIL', NULL, 1, NULL, '2015-05-24 08:37:14', NULL, '2015-05-24 08:37:14', 3568, 'U'),
(140, '03618101', 'WARD NO-01', NULL, 1, NULL, '2015-05-24 08:12:57', NULL, '2015-05-24 08:12:57', 3569, 'W'),
(140, '03618102', 'WARD NO-02', NULL, 1, NULL, '2015-05-24 08:12:57', NULL, '2015-05-24 08:12:57', 3570, 'W'),
(140, '03618103', 'WARD NO-03', NULL, 1, NULL, '2015-05-24 08:12:57', NULL, '2015-05-24 08:12:57', 3571, 'W'),
(140, '03618104', 'WARD NO-04', NULL, 1, NULL, '2015-05-24 08:12:57', NULL, '2015-05-24 08:12:57', 3572, 'W'),
(140, '03618105', 'WARD NO-05', NULL, 1, NULL, '2015-05-24 08:12:57', NULL, '2015-05-24 08:12:57', 3573, 'W'),
(140, '03618106', 'WARD NO-06', NULL, 1, NULL, '2015-05-24 08:12:57', NULL, '2015-05-24 08:12:57', 3574, 'W'),
(140, '03618107', 'WARD NO-07', NULL, 1, NULL, '2015-05-24 08:12:57', NULL, '2015-05-24 08:12:57', 3575, 'W'),
(140, '03618108', 'WARD NO-08', NULL, 1, NULL, '2015-05-24 08:12:57', NULL, '2015-05-24 08:12:57', 3576, 'W'),
(140, '03618109', 'WARD NO-09', NULL, 1, NULL, '2015-05-24 08:12:57', NULL, '2015-05-24 08:12:57', 3577, 'W'),
(140, '03618111', 'BALIA', NULL, 1, NULL, '2015-05-24 08:37:14', NULL, '2015-05-24 08:37:14', 3578, 'U'),
(140, '03618112', 'BALIKHAN', NULL, 1, NULL, '2015-05-24 08:37:14', NULL, '2015-05-24 08:37:14', 3579, 'U'),
(140, '03618113', 'BANIHALA', NULL, 1, NULL, '2015-05-24 08:37:14', NULL, '2015-05-24 08:37:14', 3580, 'U'),
(140, '03618118', 'BHAITKANDI', NULL, 1, NULL, '2015-05-24 08:37:14', NULL, '2015-05-24 08:37:14', 3581, 'U'),
(140, '03618122', 'BISHKA', NULL, 1, NULL, '2015-05-24 08:37:14', NULL, '2015-05-24 08:37:14', 3582, 'U'),
(140, '03618127', 'BAOLA', NULL, 1, NULL, '2015-05-24 08:37:14', NULL, '2015-05-24 08:37:14', 3583, 'U'),
(140, '03618131', 'DHAKUA', NULL, 1, NULL, '2015-05-24 08:37:14', NULL, '2015-05-24 08:37:14', 3584, 'U'),
(140, '03618136', 'GALAGAON', NULL, 1, NULL, '2015-05-24 08:37:14', NULL, '2015-05-24 08:37:14', 3585, 'U'),
(140, '03618140', 'KAKNI', NULL, 1, NULL, '2015-05-24 08:37:14', NULL, '2015-05-24 08:37:14', 3586, 'U'),
(140, '03618145', 'KAMARGAON', NULL, 1, NULL, '2015-05-24 08:37:14', NULL, '2015-05-24 08:37:14', 3587, 'U'),
(140, '03618149', 'KAMARIA', NULL, 1, NULL, '2015-05-24 08:37:14', NULL, '2015-05-24 08:37:14', 3588, 'U'),
(140, '03618154', 'PAYARI', NULL, 1, NULL, '2015-05-24 08:37:14', NULL, '2015-05-24 08:37:14', 3589, 'U'),
(140, '03618158', 'PHULPUR', NULL, 1, NULL, '2015-05-24 08:37:14', NULL, '2015-05-24 08:37:14', 3590, 'U'),
(140, '03618163', 'RAHIMGANJ', NULL, 1, NULL, '2015-05-24 08:37:14', NULL, '2015-05-24 08:37:14', 3591, 'U'),
(140, '03618167', 'RAMBHADRAPUR', NULL, 1, NULL, '2015-05-24 08:37:14', NULL, '2015-05-24 08:37:14', 3592, 'U'),
(140, '03618172', 'RAMPUR', NULL, 1, NULL, '2015-05-24 08:37:14', NULL, '2015-05-24 08:37:14', 3593, 'U'),
(140, '03618176', 'RUPASI', NULL, 1, NULL, '2015-05-24 08:37:14', NULL, '2015-05-24 08:37:14', 3594, 'U'),
(140, '03618181', 'SANDHARA', NULL, 1, NULL, '2015-05-24 08:37:14', NULL, '2015-05-24 08:37:14', 3595, 'U'),
(140, '03618190', 'SINGHESHWAR', NULL, 1, NULL, '2015-05-24 08:37:14', NULL, '2015-05-24 08:37:14', 3596, 'U'),
(140, '03618194', 'TARAKANDA', NULL, 1, NULL, '2015-05-24 08:37:14', NULL, '2015-05-24 08:37:14', 3597, 'U'),
(141, '03619401', 'WARD NO-01', NULL, 1, NULL, '2015-05-24 08:12:57', NULL, '2015-05-24 08:12:57', 3598, 'W'),
(141, '03619402', 'WARD NO-02', NULL, 1, NULL, '2015-05-24 08:12:57', NULL, '2015-05-24 08:12:57', 3599, 'W'),
(141, '03619403', 'WARD NO-03', NULL, 1, NULL, '2015-05-24 08:12:57', NULL, '2015-05-24 08:12:57', 3600, 'W'),
(141, '03619404', 'WARD NO-04', NULL, 1, NULL, '2015-05-24 08:12:57', NULL, '2015-05-24 08:12:57', 3601, 'W'),
(141, '03619405', 'WARD NO-05', NULL, 1, NULL, '2015-05-24 08:12:57', NULL, '2015-05-24 08:12:57', 3602, 'W'),
(141, '03619406', 'WARD NO-06', NULL, 1, NULL, '2015-05-24 08:12:57', NULL, '2015-05-24 08:12:57', 3603, 'W'),
(141, '03619407', 'WARD NO-07', NULL, 1, NULL, '2015-05-24 08:12:57', NULL, '2015-05-24 08:12:57', 3604, 'W'),
(141, '03619408', 'WARD NO-08', NULL, 1, NULL, '2015-05-24 08:12:57', NULL, '2015-05-24 08:12:57', 3605, 'W'),
(141, '03619409', 'WARD NO-09', NULL, 1, NULL, '2015-05-24 08:12:57', NULL, '2015-05-24 08:12:57', 3606, 'W'),
(141, '03619413', 'AMIRABARI', NULL, 1, NULL, '2015-05-24 08:37:14', NULL, '2015-05-24 08:37:14', 3607, 'U'),
(141, '03619415', 'BAILAR', NULL, 1, NULL, '2015-05-24 08:37:14', NULL, '2015-05-24 08:37:14', 3608, 'U'),
(141, '03619419', 'BALI PARA', NULL, 1, NULL, '2015-05-24 08:37:14', NULL, '2015-05-24 08:37:14', 3609, 'U'),
(141, '03619428', 'DHANIKHOLA', NULL, 1, NULL, '2015-05-24 08:37:14', NULL, '2015-05-24 08:37:14', 3610, 'U'),
(141, '03619438', 'HARIRAMPUR', NULL, 1, NULL, '2015-05-24 08:37:14', NULL, '2015-05-24 08:37:14', 3611, 'U'),
(141, '03619447', 'KANIHARI', NULL, 1, NULL, '2015-05-24 08:37:14', NULL, '2015-05-24 08:37:14', 3612, 'U'),
(141, '03619457', 'KANTHAL', NULL, 1, NULL, '2015-05-24 08:37:14', NULL, '2015-05-24 08:37:14', 3613, 'U'),
(141, '03619461', 'MATHBARI', NULL, 1, NULL, '2015-05-24 08:37:14', NULL, '2015-05-24 08:37:14', 3614, 'U'),
(141, '03619463', 'MOKSHAPUR', NULL, 1, NULL, '2015-05-24 08:37:14', NULL, '2015-05-24 08:37:14', 3615, 'U'),
(141, '03619466', 'RAMPUR', NULL, 1, NULL, '2015-05-24 08:37:14', NULL, '2015-05-24 08:37:14', 3616, 'U'),
(141, '03619476', 'SAKHUA', NULL, 1, NULL, '2015-05-24 08:37:14', NULL, '2015-05-24 08:37:14', 3617, 'U'),
(141, '03619485', 'TRISHAL', NULL, 1, NULL, '2015-05-24 08:37:14', NULL, '2015-05-24 08:37:14', 3618, 'U'),
(142, '03670223', 'ARAIHAZAR', NULL, 1, NULL, '2015-05-24 08:37:14', NULL, '2015-05-24 08:37:14', 3619, 'U'),
(142, '03670226', 'BISHNANDI', NULL, 1, NULL, '2015-05-24 08:37:14', NULL, '2015-05-24 08:37:14', 3620, 'U'),
(142, '03670229', 'BRAHMANDI', NULL, 1, NULL, '2015-05-24 08:37:14', NULL, '2015-05-24 08:37:14', 3621, 'U'),
(142, '03670231', 'DUPTARA', NULL, 1, NULL, '2015-05-24 08:37:14', NULL, '2015-05-24 08:37:14', 3622, 'U'),
(142, '03670239', 'FATEHPUR', NULL, 1, NULL, '2015-05-24 08:37:14', NULL, '2015-05-24 08:37:14', 3623, 'U'),
(142, '03670247', 'HAIZADI', NULL, 1, NULL, '2015-05-24 08:37:14', NULL, '2015-05-24 08:37:14', 3624, 'U'),
(142, '03670255', 'KALA PAHARIA', NULL, 1, NULL, '2015-05-24 08:37:14', NULL, '2015-05-24 08:37:14', 3625, 'U'),
(142, '03670263', 'KHAGAKANDA', NULL, 1, NULL, '2015-05-24 08:37:14', NULL, '2015-05-24 08:37:14', 3626, 'U'),
(142, '03670271', 'MAHMUDPUR', NULL, 1, NULL, '2015-05-24 08:37:14', NULL, '2015-05-24 08:37:14', 3627, 'U'),
(142, '03670279', 'SADASARDI', NULL, 1, NULL, '2015-05-24 08:37:14', NULL, '2015-05-24 08:37:14', 3628, 'U'),
(142, '03670287', 'SATGRAM', NULL, 1, NULL, '2015-05-24 08:37:14', NULL, '2015-05-24 08:37:14', 3629, 'U'),
(142, '03670294', 'UCHITPUR', NULL, 1, NULL, '2015-05-24 08:37:14', NULL, '2015-05-24 08:37:14', 3630, 'U'),
(143, '03670401', 'WARD NO-01', NULL, 1, NULL, '2015-05-24 08:12:57', NULL, '2015-05-24 08:12:57', 3631, 'W'),
(143, '03670402', 'WARD NO-02', NULL, 1, NULL, '2015-05-24 08:12:57', NULL, '2015-05-24 08:12:57', 3632, 'W'),
(143, '03670403', 'WARD NO-03', NULL, 1, NULL, '2015-05-24 08:12:57', NULL, '2015-05-24 08:12:57', 3633, 'W'),
(143, '03670404', 'WARD NO-04', NULL, 1, NULL, '2015-05-24 08:12:57', NULL, '2015-05-24 08:12:57', 3634, 'W'),
(143, '03670405', 'WARD NO-05', NULL, 1, NULL, '2015-05-24 08:12:57', NULL, '2015-05-24 08:12:57', 3635, 'W'),
(143, '03670406', 'WARD NO-06', NULL, 1, NULL, '2015-05-24 08:12:57', NULL, '2015-05-24 08:12:57', 3636, 'W'),
(143, '03670407', 'WARD NO-07', NULL, 1, NULL, '2015-05-24 08:12:57', NULL, '2015-05-24 08:12:57', 3637, 'W'),
(143, '03670408', 'WARD NO-08', NULL, 1, NULL, '2015-05-24 08:12:57', NULL, '2015-05-24 08:12:57', 3638, 'W'),
(143, '03670409', 'WARD NO-09', NULL, 1, NULL, '2015-05-24 08:12:57', NULL, '2015-05-24 08:12:57', 3639, 'W'),
(143, '03670424', 'BAIDYER BAZAR', NULL, 1, NULL, '2015-05-24 08:37:14', NULL, '2015-05-24 08:37:14', 3640, 'U'),
(143, '03670427', 'BARADI', NULL, 1, NULL, '2015-05-24 08:37:14', NULL, '2015-05-24 08:37:14', 3641, 'U'),
(143, '03670434', 'JAMPUR', NULL, 1, NULL, '2015-05-24 08:37:14', NULL, '2015-05-24 08:37:14', 3642, 'U'),
(143, '03670443', 'KACHPUR', NULL, 1, NULL, '2015-05-24 08:37:14', NULL, '2015-05-24 08:37:14', 3643, 'U'),
(143, '03670451', 'MUGRA PARA', NULL, 1, NULL, '2015-05-24 08:37:14', NULL, '2015-05-24 08:37:14', 3644, 'U'),
(143, '03670460', 'NOAGAON', NULL, 1, NULL, '2015-05-24 08:37:14', NULL, '2015-05-24 08:37:14', 3645, 'U'),
(143, '03670469', 'PIRIJPUR', NULL, 1, NULL, '2015-05-24 08:37:14', NULL, '2015-05-24 08:37:14', 3646, 'U'),
(143, '03670477', 'SADIPUR', NULL, 1, NULL, '2015-05-24 08:37:14', NULL, '2015-05-24 08:37:14', 3647, 'U'),
(143, '03670486', 'SHAMBHUPURA', NULL, 1, NULL, '2015-05-24 08:37:14', NULL, '2015-05-24 08:37:14', 3648, 'U'),
(143, '03670494', 'SANMANDI', NULL, 1, NULL, '2015-05-24 08:37:14', NULL, '2015-05-24 08:37:14', 3649, 'U'),
(144, '03670601', 'WARD NO-01', NULL, 1, NULL, '2015-05-24 08:12:57', NULL, '2015-05-24 08:12:57', 3650, 'W'),
(144, '03670602', 'WARD NO-02', NULL, 1, NULL, '2015-05-24 08:12:57', NULL, '2015-05-24 08:12:57', 3651, 'W'),
(144, '03670603', 'WARD NO-03', NULL, 1, NULL, '2015-05-24 08:12:57', NULL, '2015-05-24 08:12:57', 3652, 'W'),
(144, '03670604', 'WARD NO-04', NULL, 1, NULL, '2015-05-24 08:12:57', NULL, '2015-05-24 08:12:57', 3653, 'W'),
(144, '03670615', 'BANDAR', NULL, 1, NULL, '2015-05-24 08:37:14', NULL, '2015-05-24 08:37:14', 3654, 'U'),
(144, '03670631', 'DHAMGAR', NULL, 1, NULL, '2015-05-24 08:37:14', NULL, '2015-05-24 08:37:14', 3655, 'U'),
(144, '03670647', 'KALAGACHHIA UNION', NULL, 1, NULL, '2015-05-24 08:37:14', NULL, '2015-05-24 08:37:14', 3656, 'U'),
(144, '03670663', 'MADANPUR', NULL, 1, NULL, '2015-05-24 08:37:14', NULL, '2015-05-24 08:37:14', 3657, 'U'),
(144, '03670679', 'MUSAPUR', NULL, 1, NULL, '2015-05-24 08:37:14', NULL, '2015-05-24 08:37:14', 3658, 'U'),
(19, '03675801', 'WARD NO-01', NULL, 1, NULL, '2015-05-24 08:12:57', NULL, '2015-05-24 08:12:57', 3659, 'W'),
(19, '03675802', 'WARD NO-02', NULL, 1, NULL, '2015-05-24 08:12:57', NULL, '2015-05-24 08:12:57', 3660, 'W'),
(19, '03675803', 'WARD NO-03', NULL, 1, NULL, '2015-05-24 08:12:57', NULL, '2015-05-24 08:12:57', 3661, 'W'),
(19, '03675804', 'WARD NO-04', NULL, 1, NULL, '2015-05-24 08:12:57', NULL, '2015-05-24 08:12:57', 3662, 'W'),
(19, '03675805', 'WARD NO-05', NULL, 1, NULL, '2015-05-24 08:12:57', NULL, '2015-05-24 08:12:57', 3663, 'W'),
(19, '03675806', 'WARD NO-06', NULL, 1, NULL, '2015-05-24 08:12:57', NULL, '2015-05-24 08:12:57', 3664, 'W'),
(19, '03675807', 'WARD NO-07', NULL, 1, NULL, '2015-05-24 08:12:57', NULL, '2015-05-24 08:12:57', 3665, 'W'),
(19, '03675808', 'WARD NO-08', NULL, 1, NULL, '2015-05-24 08:12:57', NULL, '2015-05-24 08:12:57', 3666, 'W'),
(19, '03675809', 'WARD NO-09', NULL, 1, NULL, '2015-05-24 08:12:57', NULL, '2015-05-24 08:12:57', 3667, 'W'),
(19, '03675811', 'WARD NO-01', NULL, 1, NULL, '2015-05-24 08:12:57', NULL, '2015-05-24 08:12:57', 3668, 'W'),
(19, '03675812', 'WARD NO-02', NULL, 1, NULL, '2015-05-24 08:12:57', NULL, '2015-05-24 08:12:57', 3669, 'W'),
(19, '03675813', 'WARD NO-03', NULL, 1, NULL, '2015-05-24 08:12:57', NULL, '2015-05-24 08:12:57', 3670, 'W'),
(19, '03675814', 'WARD NO-04', NULL, 1, NULL, '2015-05-24 08:12:57', NULL, '2015-05-24 08:12:57', 3671, 'W'),
(19, '03675815', 'WARD NO-05', NULL, 1, NULL, '2015-05-24 08:12:57', NULL, '2015-05-24 08:12:57', 3672, 'W'),
(19, '03675816', 'WARD NO-06', NULL, 1, NULL, '2015-05-24 08:12:57', NULL, '2015-05-24 08:12:57', 3673, 'W'),
(19, '03675817', 'WARD NO-07', NULL, 1, NULL, '2015-05-24 08:12:57', NULL, '2015-05-24 08:12:57', 3674, 'W'),
(19, '03675818', 'WARD NO-08', NULL, 1, NULL, '2015-05-24 08:12:57', NULL, '2015-05-24 08:12:57', 3675, 'W'),
(19, '03675819', 'WARD NO-09', NULL, 1, NULL, '2015-05-24 08:12:57', NULL, '2015-05-24 08:12:57', 3676, 'W'),
(19, '03675820', 'ALIR TEK', NULL, 1, NULL, '2015-05-24 08:37:14', NULL, '2015-05-24 08:37:14', 3677, 'U'),
(19, '03675825', 'BAKTABALLI', NULL, 1, NULL, '2015-05-24 08:37:14', NULL, '2015-05-24 08:37:14', 3678, 'U'),
(19, '03675831', 'ENAYETNAGAR', NULL, 1, NULL, '2015-05-24 08:37:14', NULL, '2015-05-24 08:37:14', 3679, 'U'),
(19, '03675837', 'FATULLAH', NULL, 1, NULL, '2015-05-24 08:37:14', NULL, '2015-05-24 08:37:14', 3680, 'U'),
(19, '03675847', 'GOGNAGAR', NULL, 1, NULL, '2015-05-24 08:37:14', NULL, '2015-05-24 08:37:14', 3681, 'U'),
(19, '03675863', 'KASHIPUR', NULL, 1, NULL, '2015-05-24 08:37:14', NULL, '2015-05-24 08:37:14', 3682, 'U'),
(19, '03675879', 'KUTUBPUR', NULL, 1, NULL, '2015-05-24 08:37:14', NULL, '2015-05-24 08:37:14', 3683, 'U');
INSERT INTO `sa_unions` (`THANA_ID`, `UD_UNION_CODE`, `UNION_NAME`, `ORDER_SL`, `ACTIVE_FLAG`, `CREATED_BY`, `CREATE_DATE`, `UPDATED_BY`, `UPDATE_DATE`, `UNION_ID`, `UAREA_STATUS`) VALUES
(145, '03676801', 'WARD NO-01', NULL, 1, NULL, '2015-05-24 08:12:57', NULL, '2015-05-24 08:12:57', 3684, 'W'),
(145, '03676802', 'WARD NO-02', NULL, 1, NULL, '2015-05-24 08:12:57', NULL, '2015-05-24 08:12:57', 3685, 'W'),
(145, '03676803', 'WARD NO-03', NULL, 1, NULL, '2015-05-24 08:12:57', NULL, '2015-05-24 08:12:57', 3686, 'W'),
(145, '03676804', 'WARD NO-04', NULL, 1, NULL, '2015-05-24 08:12:57', NULL, '2015-05-24 08:12:57', 3687, 'W'),
(145, '03676805', 'WARD NO-05', NULL, 1, NULL, '2015-05-24 08:12:57', NULL, '2015-05-24 08:12:57', 3688, 'W'),
(145, '03676806', 'WARD NO-06', NULL, 1, NULL, '2015-05-24 08:12:57', NULL, '2015-05-24 08:12:57', 3689, 'W'),
(145, '03676807', 'WARD NO-07', NULL, 1, NULL, '2015-05-24 08:12:57', NULL, '2015-05-24 08:12:57', 3690, 'W'),
(145, '03676808', 'WARD NO-08', NULL, 1, NULL, '2015-05-24 08:12:57', NULL, '2015-05-24 08:12:57', 3691, 'W'),
(145, '03676809', 'WARD NO-09', NULL, 1, NULL, '2015-05-24 08:12:57', NULL, '2015-05-24 08:12:57', 3692, 'W'),
(145, '03676811', 'WARD NO-01', NULL, 1, NULL, '2015-05-24 08:12:57', NULL, '2015-05-24 08:12:57', 3693, 'W'),
(145, '03676812', 'WARD NO-02', NULL, 1, NULL, '2015-05-24 08:12:57', NULL, '2015-05-24 08:12:57', 3694, 'W'),
(145, '03676813', 'WARD NO-03', NULL, 1, NULL, '2015-05-24 08:12:57', NULL, '2015-05-24 08:12:57', 3695, 'W'),
(145, '03676814', 'WARD NO-04', NULL, 1, NULL, '2015-05-24 08:12:57', NULL, '2015-05-24 08:12:57', 3696, 'W'),
(145, '03676815', 'WARD NO-05', NULL, 1, NULL, '2015-05-24 08:12:57', NULL, '2015-05-24 08:12:57', 3697, 'W'),
(145, '03676816', 'WARD NO-06', NULL, 1, NULL, '2015-05-24 08:12:57', NULL, '2015-05-24 08:12:57', 3698, 'W'),
(145, '03676817', 'WARD NO-07', NULL, 1, NULL, '2015-05-24 08:12:57', NULL, '2015-05-24 08:12:57', 3699, 'W'),
(145, '03676818', 'WARD NO-08', NULL, 1, NULL, '2015-05-24 08:12:57', NULL, '2015-05-24 08:12:57', 3700, 'W'),
(145, '03676819', 'WARD NO-09', NULL, 1, NULL, '2015-05-24 08:12:57', NULL, '2015-05-24 08:12:57', 3701, 'W'),
(145, '03676822', 'BHOLABA', NULL, 1, NULL, '2015-05-24 08:37:14', NULL, '2015-05-24 08:37:14', 3702, 'U'),
(145, '03676825', 'BULTA', NULL, 1, NULL, '2015-05-24 08:37:14', NULL, '2015-05-24 08:37:14', 3703, 'U'),
(145, '03676831', 'DAUDPUR', NULL, 1, NULL, '2015-05-24 08:37:14', NULL, '2015-05-24 08:37:14', 3704, 'U'),
(145, '03676839', 'GOLAKANDAIL', NULL, 1, NULL, '2015-05-24 08:37:14', NULL, '2015-05-24 08:37:14', 3705, 'U'),
(145, '03676855', 'KAYET PARA', NULL, 1, NULL, '2015-05-24 08:37:14', NULL, '2015-05-24 08:37:14', 3706, 'U'),
(145, '03676863', 'MURA PARA', NULL, 1, NULL, '2015-05-24 08:37:14', NULL, '2015-05-24 08:37:14', 3707, 'U'),
(145, '03676879', 'RUPGANJ', NULL, 1, NULL, '2015-05-24 08:37:14', NULL, '2015-05-24 08:37:14', 3708, 'U'),
(146, '03680711', 'AMLABA', NULL, 1, NULL, '2015-05-24 08:37:14', NULL, '2015-05-24 08:37:14', 3709, 'U'),
(146, '03680713', 'BAJNABA', NULL, 1, NULL, '2015-05-24 08:37:14', NULL, '2015-05-24 08:37:14', 3710, 'U'),
(414, '02848727', 'BALUKHALI UNION', NULL, 1, NULL, '2015-05-24 08:37:14', NULL, '2015-05-24 08:37:14', 3711, 'U'),
(414, '02848740', 'JIBTALI UNION', NULL, 1, NULL, '2015-05-24 08:37:14', NULL, '2015-05-24 08:37:14', 3712, 'U'),
(414, '02848754', 'KUTUK CHHARI UNIO', NULL, 1, NULL, '2015-05-24 08:37:14', NULL, '2015-05-24 08:37:14', 3713, 'U'),
(146, '03680771', 'PATULI', NULL, 1, NULL, '2015-05-24 08:37:14', NULL, '2015-05-24 08:37:14', 3714, 'U'),
(146, '03680783', 'SALLABAD', NULL, 1, NULL, '2015-05-24 08:37:14', NULL, '2015-05-24 08:37:14', 3715, 'U'),
(147, '03685201', 'WARD NO-01', NULL, 1, NULL, '2015-05-24 08:12:57', NULL, '2015-05-24 08:12:57', 3716, 'W'),
(147, '03685202', 'WARD NO-02', NULL, 1, NULL, '2015-05-24 08:12:57', NULL, '2015-05-24 08:12:57', 3717, 'W'),
(147, '03685203', 'WARD NO-03', NULL, 1, NULL, '2015-05-24 08:12:57', NULL, '2015-05-24 08:12:57', 3718, 'W'),
(147, '03685204', 'WARD NO-04', NULL, 1, NULL, '2015-05-24 08:12:57', NULL, '2015-05-24 08:12:57', 3719, 'W'),
(147, '03685205', 'WARD NO-05', NULL, 1, NULL, '2015-05-24 08:12:57', NULL, '2015-05-24 08:12:57', 3720, 'W'),
(147, '03685206', 'WARD NO-06', NULL, 1, NULL, '2015-05-24 08:12:57', NULL, '2015-05-24 08:12:57', 3721, 'W'),
(147, '03685207', 'WARD NO-07', NULL, 1, NULL, '2015-05-24 08:12:57', NULL, '2015-05-24 08:12:57', 3722, 'W'),
(147, '03685208', 'WARD NO-08', NULL, 1, NULL, '2015-05-24 08:12:57', NULL, '2015-05-24 08:12:57', 3723, 'W'),
(147, '03685209', 'WARD NO-09', NULL, 1, NULL, '2015-05-24 08:12:57', NULL, '2015-05-24 08:12:57', 3724, 'W'),
(147, '03685221', 'BARA CHAPA', NULL, 1, NULL, '2015-05-24 08:37:14', NULL, '2015-05-24 08:37:14', 3725, 'U'),
(147, '03685227', 'CHALAK CHAR', NULL, 1, NULL, '2015-05-24 08:37:14', NULL, '2015-05-24 08:37:14', 3726, 'U'),
(147, '03685233', 'CHANDANBARI', NULL, 1, NULL, '2015-05-24 08:37:14', NULL, '2015-05-24 08:37:14', 3727, 'U'),
(147, '03685240', 'CHAR MANDALIA', NULL, 1, NULL, '2015-05-24 08:37:14', NULL, '2015-05-24 08:37:14', 3728, 'U'),
(147, '03685247', 'DAULATPUR', NULL, 1, NULL, '2015-05-24 08:37:14', NULL, '2015-05-24 08:37:14', 3729, 'U'),
(147, '03685254', 'EKDUARIA', NULL, 1, NULL, '2015-05-24 08:37:14', NULL, '2015-05-24 08:37:14', 3730, 'U'),
(147, '03685261', 'GOTASHIA', NULL, 1, NULL, '2015-05-24 08:37:14', NULL, '2015-05-24 08:37:14', 3731, 'U'),
(147, '03685267', 'KANCHIKATA', NULL, 1, NULL, '2015-05-24 08:37:14', NULL, '2015-05-24 08:37:14', 3732, 'U'),
(147, '03685274', 'KHIDIRPUR', NULL, 1, NULL, '2015-05-24 08:37:14', NULL, '2015-05-24 08:37:14', 3733, 'U'),
(147, '03685281', 'LEBUTALA', NULL, 1, NULL, '2015-05-24 08:37:14', NULL, '2015-05-24 08:37:14', 3734, 'U'),
(147, '03685294', 'SHUKUNDI', NULL, 1, NULL, '2015-05-24 08:37:14', NULL, '2015-05-24 08:37:14', 3735, 'U'),
(148, '03686001', 'WARD NO-01', NULL, 1, NULL, '2015-05-24 08:12:57', NULL, '2015-05-24 08:12:57', 3736, 'W'),
(148, '03686002', 'WARD NO-02', NULL, 1, NULL, '2015-05-24 08:12:57', NULL, '2015-05-24 08:12:57', 3737, 'W'),
(148, '03686003', 'WARD NO-03', NULL, 1, NULL, '2015-05-24 08:12:57', NULL, '2015-05-24 08:12:57', 3738, 'W'),
(148, '03686004', 'WARD NO-04', NULL, 1, NULL, '2015-05-24 08:12:57', NULL, '2015-05-24 08:12:57', 3739, 'W'),
(148, '03686005', 'WARD NO-05', NULL, 1, NULL, '2015-05-24 08:12:57', NULL, '2015-05-24 08:12:57', 3740, 'W'),
(148, '03686006', 'WARD NO-06', NULL, 1, NULL, '2015-05-24 08:12:57', NULL, '2015-05-24 08:12:57', 3741, 'W'),
(148, '03686007', 'WARD NO-07', NULL, 1, NULL, '2015-05-24 08:12:57', NULL, '2015-05-24 08:12:57', 3742, 'W'),
(148, '03686008', 'WARD NO-08', NULL, 1, NULL, '2015-05-24 08:12:57', NULL, '2015-05-24 08:12:57', 3743, 'W'),
(148, '03686009', 'WARD NO-09', NULL, 1, NULL, '2015-05-24 08:12:57', NULL, '2015-05-24 08:12:57', 3744, 'W'),
(148, '03686011', 'WARD NO-01', NULL, 1, NULL, '2015-05-24 08:12:57', NULL, '2015-05-24 08:12:57', 3745, 'W'),
(148, '03686012', 'WARD NO-02', NULL, 1, NULL, '2015-05-24 08:12:57', NULL, '2015-05-24 08:12:57', 3746, 'W'),
(148, '03686013', 'WARD NO-03', NULL, 1, NULL, '2015-05-24 08:12:57', NULL, '2015-05-24 08:12:57', 3747, 'W'),
(148, '03686014', 'WARD NO-04', NULL, 1, NULL, '2015-05-24 08:12:57', NULL, '2015-05-24 08:12:57', 3748, 'W'),
(148, '03686015', 'WARD NO-05', NULL, 1, NULL, '2015-05-24 08:12:57', NULL, '2015-05-24 08:12:57', 3749, 'W'),
(148, '03686016', 'WARD NO-06', NULL, 1, NULL, '2015-05-24 08:12:57', NULL, '2015-05-24 08:12:57', 3750, 'W'),
(148, '03686017', 'WARD NO-07', NULL, 1, NULL, '2015-05-24 08:12:57', NULL, '2015-05-24 08:12:57', 3751, 'W'),
(148, '03686018', 'WARD NO-08', NULL, 1, NULL, '2015-05-24 08:12:57', NULL, '2015-05-24 08:12:57', 3752, 'W'),
(148, '03686019', 'WARD NO-09', NULL, 1, NULL, '2015-05-24 08:12:57', NULL, '2015-05-24 08:12:57', 3753, 'W'),
(148, '03686020', 'ALOKBALI', NULL, 1, NULL, '2015-05-24 08:37:14', NULL, '2015-05-24 08:37:14', 3754, 'U'),
(148, '03686021', 'AMDIA', NULL, 1, NULL, '2015-05-24 08:37:14', NULL, '2015-05-24 08:37:14', 3755, 'U'),
(148, '03686023', 'CHAR DIGHALDI', NULL, 1, NULL, '2015-05-24 08:37:14', NULL, '2015-05-24 08:37:14', 3756, 'U'),
(148, '03686025', 'CHINISHPUR', NULL, 1, NULL, '2015-05-24 08:37:14', NULL, '2015-05-24 08:37:14', 3757, 'U'),
(148, '03686029', 'HAJIPUR', NULL, 1, NULL, '2015-05-24 08:37:14', NULL, '2015-05-24 08:37:14', 3758, 'U'),
(148, '03686041', 'KARIMPUR', NULL, 1, NULL, '2015-05-24 08:37:14', NULL, '2015-05-24 08:37:14', 3759, 'U'),
(148, '03686047', 'KANTHALIA', NULL, 1, NULL, '2015-05-24 08:37:14', NULL, '2015-05-24 08:37:14', 3760, 'U'),
(148, '03686053', 'NURALLA PUR U/C', NULL, 1, NULL, '2015-05-24 08:37:14', NULL, '2015-05-24 08:37:14', 3761, 'U'),
(148, '03686059', 'MAHISHASURA', NULL, 1, NULL, '2015-05-24 08:37:14', NULL, '2015-05-24 08:37:14', 3762, 'U'),
(148, '03686065', 'MEHER PARA', NULL, 1, NULL, '2015-05-24 08:37:14', NULL, '2015-05-24 08:37:14', 3763, 'U'),
(148, '03686077', 'NAZARPUR', NULL, 1, NULL, '2015-05-24 08:37:14', NULL, '2015-05-24 08:37:14', 3764, 'U'),
(148, '03686083', 'PAIKAR CHAR', NULL, 1, NULL, '2015-05-24 08:37:14', NULL, '2015-05-24 08:37:14', 3765, 'U'),
(148, '03686089', 'PANCHDONA', NULL, 1, NULL, '2015-05-24 08:37:14', NULL, '2015-05-24 08:37:14', 3766, 'U'),
(148, '03686095', 'SILMANDI', NULL, 1, NULL, '2015-05-24 08:37:14', NULL, '2015-05-24 08:37:14', 3767, 'U'),
(149, '03686301', 'WARD NO-01', NULL, 1, NULL, '2015-05-24 08:12:57', NULL, '2015-05-24 08:12:57', 3768, 'W'),
(149, '03686302', 'WARD NO-02', NULL, 1, NULL, '2015-05-24 08:12:57', NULL, '2015-05-24 08:12:57', 3769, 'W'),
(149, '03686303', 'WARD NO-03', NULL, 1, NULL, '2015-05-24 08:12:57', NULL, '2015-05-24 08:12:57', 3770, 'W'),
(149, '03686304', 'WARD NO-04', NULL, 1, NULL, '2015-05-24 08:12:57', NULL, '2015-05-24 08:12:57', 3771, 'W'),
(149, '03686305', 'WARD NO-05', NULL, 1, NULL, '2015-05-24 08:12:57', NULL, '2015-05-24 08:12:57', 3772, 'W'),
(149, '03686306', 'WARD NO-06', NULL, 1, NULL, '2015-05-24 08:12:57', NULL, '2015-05-24 08:12:57', 3773, 'W'),
(149, '03686307', 'WARD NO-07', NULL, 1, NULL, '2015-05-24 08:12:57', NULL, '2015-05-24 08:12:57', 3774, 'W'),
(149, '03686308', 'WARD NO-08', NULL, 1, NULL, '2015-05-24 08:12:57', NULL, '2015-05-24 08:12:57', 3775, 'W'),
(149, '03686309', 'WARD NO-09', NULL, 1, NULL, '2015-05-24 08:12:57', NULL, '2015-05-24 08:12:57', 3776, 'W'),
(149, '03686315', 'CHAR SINDUR', NULL, 1, NULL, '2015-05-24 08:37:14', NULL, '2015-05-24 08:37:14', 3777, 'U'),
(149, '03686331', 'DANGA', NULL, 1, NULL, '2015-05-24 08:37:14', NULL, '2015-05-24 08:37:14', 3778, 'U'),
(149, '03686347', 'GAZARIA', NULL, 1, NULL, '2015-05-24 08:37:14', NULL, '2015-05-24 08:37:14', 3779, 'U'),
(149, '03686379', 'JINARDI', NULL, 1, NULL, '2015-05-24 08:37:14', NULL, '2015-05-24 08:37:14', 3780, 'U'),
(150, '03686401', 'WARD NO-01', NULL, 1, NULL, '2015-05-24 08:12:57', NULL, '2015-05-24 08:12:57', 3781, 'W'),
(150, '03686402', 'WARD NO-02', NULL, 1, NULL, '2015-05-24 08:12:57', NULL, '2015-05-24 08:12:57', 3782, 'W'),
(150, '03686403', 'WARD NO-03', NULL, 1, NULL, '2015-05-24 08:12:57', NULL, '2015-05-24 08:12:57', 3783, 'W'),
(150, '03686404', 'WARD NO-04', NULL, 1, NULL, '2015-05-24 08:12:57', NULL, '2015-05-24 08:12:57', 3784, 'W'),
(150, '03686405', 'WARD NO-05', NULL, 1, NULL, '2015-05-24 08:12:57', NULL, '2015-05-24 08:12:57', 3785, 'W'),
(150, '03686406', 'WARD NO-06', NULL, 1, NULL, '2015-05-24 08:12:57', NULL, '2015-05-24 08:12:57', 3786, 'W'),
(150, '03686407', 'WARD NO-07', NULL, 1, NULL, '2015-05-24 08:12:57', NULL, '2015-05-24 08:12:57', 3787, 'W'),
(150, '03686408', 'WARD NO-08', NULL, 1, NULL, '2015-05-24 08:12:57', NULL, '2015-05-24 08:12:57', 3788, 'W'),
(150, '03686409', 'WARD NO-09', NULL, 1, NULL, '2015-05-24 08:12:57', NULL, '2015-05-24 08:12:57', 3789, 'W'),
(150, '03686410', 'AMIRGANJ', NULL, 1, NULL, '2015-05-24 08:37:14', NULL, '2015-05-24 08:37:14', 3790, 'U'),
(150, '03686412', 'ADIABAD', NULL, 1, NULL, '2015-05-24 08:37:14', NULL, '2015-05-24 08:37:14', 3791, 'U'),
(150, '03686414', 'ALIPURA', NULL, 1, NULL, '2015-05-24 08:37:14', NULL, '2015-05-24 08:37:14', 3792, 'U'),
(150, '03686416', 'BANSHGARI', NULL, 1, NULL, '2015-05-24 08:37:14', NULL, '2015-05-24 08:37:14', 3793, 'U'),
(150, '03686423', 'CHANDERKANDI', NULL, 1, NULL, '2015-05-24 08:37:14', NULL, '2015-05-24 08:37:14', 3794, 'U'),
(150, '03686427', 'CHANDPUR', NULL, 1, NULL, '2015-05-24 08:37:14', NULL, '2015-05-24 08:37:14', 3795, 'U'),
(150, '03686430', 'CHAR ARALIA', NULL, 1, NULL, '2015-05-24 08:37:14', NULL, '2015-05-24 08:37:14', 3796, 'U'),
(150, '03686433', 'CHAR MADHUA', NULL, 1, NULL, '2015-05-24 08:37:14', NULL, '2015-05-24 08:37:14', 3797, 'U'),
(150, '03686437', 'CHAR SUBUDDI', NULL, 1, NULL, '2015-05-24 08:37:14', NULL, '2015-05-24 08:37:14', 3798, 'U'),
(150, '03686440', 'DAUKAR CHAR', NULL, 1, NULL, '2015-05-24 08:37:14', NULL, '2015-05-24 08:37:14', 3799, 'U'),
(150, '03686444', 'HAIRMARA', NULL, 1, NULL, '2015-05-24 08:37:14', NULL, '2015-05-24 08:37:14', 3800, 'U'),
(150, '03686447', 'MAHESHPUR', NULL, 1, NULL, '2015-05-24 08:37:14', NULL, '2015-05-24 08:37:14', 3801, 'U'),
(150, '03686450', 'MARJAL', NULL, 1, NULL, '2015-05-24 08:37:14', NULL, '2015-05-24 08:37:14', 3802, 'U'),
(150, '03686454', 'MIRZANAGAR', NULL, 1, NULL, '2015-05-24 08:37:14', NULL, '2015-05-24 08:37:14', 3803, 'U'),
(150, '03686457', 'MIRZAPUR', NULL, 1, NULL, '2015-05-24 08:37:14', NULL, '2015-05-24 08:37:14', 3804, 'U'),
(150, '03686461', 'MIRZAR CHAR', NULL, 1, NULL, '2015-05-24 08:37:14', NULL, '2015-05-24 08:37:14', 3805, 'U'),
(150, '03686464', 'MUSAPUR', NULL, 1, NULL, '2015-05-24 08:37:14', NULL, '2015-05-24 08:37:14', 3806, 'U'),
(150, '03686471', 'NILAKHYA', NULL, 1, NULL, '2015-05-24 08:37:14', NULL, '2015-05-24 08:37:14', 3807, 'U'),
(150, '03686474', 'PALASHTALI', NULL, 1, NULL, '2015-05-24 08:37:14', NULL, '2015-05-24 08:37:14', 3808, 'U'),
(150, '03686478', 'PARATALI', NULL, 1, NULL, '2015-05-24 08:37:14', NULL, '2015-05-24 08:37:14', 3809, 'U'),
(150, '03686481', 'RADHANAGAR', NULL, 1, NULL, '2015-05-24 08:37:14', NULL, '2015-05-24 08:37:14', 3810, 'U'),
(150, '03686484', 'ROYPURA', NULL, 1, NULL, '2015-05-24 08:37:14', NULL, '2015-05-24 08:37:14', 3811, 'U'),
(150, '03686491', 'SREENAGAR', NULL, 1, NULL, '2015-05-24 08:37:14', NULL, '2015-05-24 08:37:14', 3812, 'U'),
(150, '03686494', 'UTTAR BAKHARNAGAR', NULL, 1, NULL, '2015-05-24 08:37:14', NULL, '2015-05-24 08:37:14', 3813, 'U'),
(151, '03687601', 'WARD NO-01', NULL, 1, NULL, '2015-05-24 08:12:57', NULL, '2015-05-24 08:12:57', 3814, 'W'),
(151, '03687602', 'WARD NO-02', NULL, 1, NULL, '2015-05-24 08:12:57', NULL, '2015-05-24 08:12:57', 3815, 'W'),
(151, '03687603', 'WARD NO-03', NULL, 1, NULL, '2015-05-24 08:12:57', NULL, '2015-05-24 08:12:57', 3816, 'W'),
(151, '03687604', 'WARD NO-04', NULL, 1, NULL, '2015-05-24 08:12:57', NULL, '2015-05-24 08:12:57', 3817, 'W'),
(151, '03687605', 'WARD NO-05', NULL, 1, NULL, '2015-05-24 08:12:57', NULL, '2015-05-24 08:12:57', 3818, 'W'),
(151, '03687606', 'WARD NO-06', NULL, 1, NULL, '2015-05-24 08:12:57', NULL, '2015-05-24 08:12:57', 3819, 'W'),
(151, '03687607', 'WARD NO-07', NULL, 1, NULL, '2015-05-24 08:12:57', NULL, '2015-05-24 08:12:57', 3820, 'W'),
(151, '03687608', 'WARD NO-08', NULL, 1, NULL, '2015-05-24 08:12:57', NULL, '2015-05-24 08:12:57', 3821, 'W'),
(151, '03687609', 'WARD NO-09', NULL, 1, NULL, '2015-05-24 08:12:57', NULL, '2015-05-24 08:12:57', 3822, 'W'),
(151, '03687610', 'AYUBPUR', NULL, 1, NULL, '2015-05-24 08:37:14', NULL, '2015-05-24 08:37:14', 3823, 'U'),
(151, '03687621', 'BAGHABA', NULL, 1, NULL, '2015-05-24 08:37:14', NULL, '2015-05-24 08:37:14', 3824, 'U'),
(151, '03687631', 'CHAK RADHA', NULL, 1, NULL, '2015-05-24 08:37:14', NULL, '2015-05-24 08:37:14', 3825, 'U'),
(151, '03687642', 'DULALPUR', NULL, 1, NULL, '2015-05-24 08:37:14', NULL, '2015-05-24 08:37:14', 3826, 'U'),
(151, '03687652', 'JOSAR', NULL, 1, NULL, '2015-05-24 08:37:14', NULL, '2015-05-24 08:37:14', 3827, 'U'),
(151, '03687663', 'JOYNAGAR', NULL, 1, NULL, '2015-05-24 08:37:14', NULL, '2015-05-24 08:37:14', 3828, 'U'),
(151, '03687673', 'MASIMPUR', NULL, 1, NULL, '2015-05-24 08:37:14', NULL, '2015-05-24 08:37:14', 3829, 'U'),
(151, '03687684', 'PUTIA', NULL, 1, NULL, '2015-05-24 08:37:14', NULL, '2015-05-24 08:37:14', 3830, 'U'),
(151, '03687694', 'SADHAR CHAR', NULL, 1, NULL, '2015-05-24 08:37:14', NULL, '2015-05-24 08:37:14', 3831, 'U'),
(152, '03720411', 'BANIAJAN', NULL, 1, NULL, '2015-05-24 08:37:14', NULL, '2015-05-24 08:37:14', 3832, 'U'),
(152, '03720423', 'DUAZ', NULL, 1, NULL, '2015-05-24 08:37:14', NULL, '2015-05-24 08:37:14', 3833, 'U'),
(152, '03720435', 'LONESHWAR', NULL, 1, NULL, '2015-05-24 08:37:14', NULL, '2015-05-24 08:37:14', 3834, 'U'),
(152, '03720447', 'SARMAISA', NULL, 1, NULL, '2015-05-24 08:37:14', NULL, '2015-05-24 08:37:14', 3835, 'U'),
(152, '03720459', 'SUKHARI', NULL, 1, NULL, '2015-05-24 08:37:14', NULL, '2015-05-24 08:37:14', 3836, 'U'),
(152, '03720471', 'SONAI', NULL, 1, NULL, '2015-05-24 08:37:14', NULL, '2015-05-24 08:37:14', 3837, 'U'),
(152, '03720483', 'TELIGATI', NULL, 1, NULL, '2015-05-24 08:37:14', NULL, '2015-05-24 08:37:14', 3838, 'U'),
(153, '03720911', 'ASMA', NULL, 1, NULL, '2015-05-24 08:37:14', NULL, '2015-05-24 08:37:14', 3839, 'U'),
(153, '03720923', 'BARHATTA', NULL, 1, NULL, '2015-05-24 08:37:14', NULL, '2015-05-24 08:37:14', 3840, 'U'),
(153, '03720935', 'BAUSHI', NULL, 1, NULL, '2015-05-24 08:37:14', NULL, '2015-05-24 08:37:14', 3841, 'U'),
(153, '03720947', 'CHHIRAM', NULL, 1, NULL, '2015-05-24 08:37:14', NULL, '2015-05-24 08:37:14', 3842, 'U'),
(153, '03720959', 'ROYPUR', NULL, 1, NULL, '2015-05-24 08:37:14', NULL, '2015-05-24 08:37:14', 3843, 'U'),
(153, '03720971', 'SAHATA', NULL, 1, NULL, '2015-05-24 08:37:14', NULL, '2015-05-24 08:37:14', 3844, 'U'),
(153, '03720983', 'SINGDHA', NULL, 1, NULL, '2015-05-24 08:37:14', NULL, '2015-05-24 08:37:14', 3845, 'U'),
(154, '03721801', 'WARD NO-01', NULL, 1, NULL, '2015-05-24 08:12:57', NULL, '2015-05-24 08:12:57', 3846, 'W'),
(154, '03721802', 'WARD NO-02', NULL, 1, NULL, '2015-05-24 08:12:57', NULL, '2015-05-24 08:12:57', 3847, 'W'),
(154, '03721803', 'WARD NO-03', NULL, 1, NULL, '2015-05-24 08:12:57', NULL, '2015-05-24 08:12:57', 3848, 'W'),
(154, '03721804', 'WARD NO-04', NULL, 1, NULL, '2015-05-24 08:12:57', NULL, '2015-05-24 08:12:57', 3849, 'W'),
(154, '03721805', 'WARD NO-05', NULL, 1, NULL, '2015-05-24 08:12:57', NULL, '2015-05-24 08:12:57', 3850, 'W'),
(154, '03721806', 'WARD NO-06', NULL, 1, NULL, '2015-05-24 08:12:57', NULL, '2015-05-24 08:12:57', 3851, 'W'),
(154, '03721807', 'WARD NO-07', NULL, 1, NULL, '2015-05-24 08:12:57', NULL, '2015-05-24 08:12:57', 3852, 'W'),
(154, '03721808', 'WARD NO-08', NULL, 1, NULL, '2015-05-24 08:12:57', NULL, '2015-05-24 08:12:57', 3853, 'W'),
(154, '03721809', 'WARD NO-09', NULL, 1, NULL, '2015-05-24 08:12:57', NULL, '2015-05-24 08:12:57', 3854, 'W'),
(154, '03721812', 'BAKALJORA', NULL, 1, NULL, '2015-05-24 08:37:14', NULL, '2015-05-24 08:37:14', 3855, 'U'),
(154, '03721817', 'BIRISIRI', NULL, 1, NULL, '2015-05-24 08:37:14', NULL, '2015-05-24 08:37:14', 3856, 'U'),
(154, '03721825', 'CHANDIGARH', NULL, 1, NULL, '2015-05-24 08:37:14', NULL, '2015-05-24 08:37:14', 3857, 'U'),
(154, '03721851', 'DURGAPUR', NULL, 1, NULL, '2015-05-24 08:37:14', NULL, '2015-05-24 08:37:14', 3858, 'U'),
(154, '03721869', 'GAOKANDIA', NULL, 1, NULL, '2015-05-24 08:37:14', NULL, '2015-05-24 08:37:14', 3859, 'U'),
(154, '03721877', 'KAKAIRGARA', NULL, 1, NULL, '2015-05-24 08:37:14', NULL, '2015-05-24 08:37:14', 3860, 'U'),
(154, '03721886', 'KULLAGORA', NULL, 1, NULL, '2015-05-24 08:37:14', NULL, '2015-05-24 08:37:14', 3861, 'U'),
(155, '03723813', 'CHAKUA', NULL, 1, NULL, '2015-05-24 08:37:14', NULL, '2015-05-24 08:37:14', 3862, 'U'),
(155, '03723827', 'GAZIPUR', NULL, 1, NULL, '2015-05-24 08:37:14', NULL, '2015-05-24 08:37:14', 3863, 'U'),
(155, '03723840', 'KHALIAJURI', NULL, 1, NULL, '2015-05-24 08:37:14', NULL, '2015-05-24 08:37:14', 3864, 'U'),
(155, '03723854', 'KRISHNAPUR', NULL, 1, NULL, '2015-05-24 08:37:14', NULL, '2015-05-24 08:37:14', 3865, 'U'),
(155, '03723867', 'MENDIPUR', NULL, 1, NULL, '2015-05-24 08:37:14', NULL, '2015-05-24 08:37:14', 3866, 'U'),
(155, '03723881', 'NAGAR', NULL, 1, NULL, '2015-05-24 08:37:14', NULL, '2015-05-24 08:37:14', 3867, 'U'),
(156, '03724011', 'BARA KHARPAN', NULL, 1, NULL, '2015-05-24 08:37:14', NULL, '2015-05-24 08:37:14', 3868, 'U'),
(156, '03724023', 'KAILATI', NULL, 1, NULL, '2015-05-24 08:37:14', NULL, '2015-05-24 08:37:14', 3869, 'U'),
(156, '03724035', 'KALMAKANDA', NULL, 1, NULL, '2015-05-24 08:37:14', NULL, '2015-05-24 08:37:14', 3870, 'U'),
(156, '03724047', 'KHARNAI', NULL, 1, NULL, '2015-05-24 08:37:14', NULL, '2015-05-24 08:37:14', 3871, 'U'),
(156, '03724059', 'LENGURA', NULL, 1, NULL, '2015-05-24 08:37:14', NULL, '2015-05-24 08:37:14', 3872, 'U'),
(156, '03724071', 'NAZIRPUR', NULL, 1, NULL, '2015-05-24 08:37:14', NULL, '2015-05-24 08:37:14', 3873, 'U'),
(156, '03724083', 'POGLA', NULL, 1, NULL, '2015-05-24 08:37:14', NULL, '2015-05-24 08:37:14', 3874, 'U'),
(156, '03724095', 'RANGCHHATI', NULL, 1, NULL, '2015-05-24 08:37:14', NULL, '2015-05-24 08:37:14', 3875, 'U'),
(157, '03724701', 'WARD NO-01', NULL, 1, NULL, '2015-05-24 08:12:57', NULL, '2015-05-24 08:12:57', 3876, 'W'),
(157, '03724702', 'WARD NO-02', NULL, 1, NULL, '2015-05-24 08:12:57', NULL, '2015-05-24 08:12:57', 3877, 'W'),
(157, '03724703', 'WARD NO-03', NULL, 1, NULL, '2015-05-24 08:12:57', NULL, '2015-05-24 08:12:57', 3878, 'W'),
(157, '03724704', 'WARD NO-04', NULL, 1, NULL, '2015-05-24 08:12:57', NULL, '2015-05-24 08:12:57', 3879, 'W'),
(157, '03724705', 'WARD NO-05', NULL, 1, NULL, '2015-05-24 08:12:57', NULL, '2015-05-24 08:12:57', 3880, 'W'),
(157, '03724706', 'WARD NO-06', NULL, 1, NULL, '2015-05-24 08:12:57', NULL, '2015-05-24 08:12:57', 3881, 'W'),
(157, '03724707', 'WARD NO-07', NULL, 1, NULL, '2015-05-24 08:12:57', NULL, '2015-05-24 08:12:57', 3882, 'W'),
(157, '03724708', 'WARD NO-08', NULL, 1, NULL, '2015-05-24 08:12:57', NULL, '2015-05-24 08:12:57', 3883, 'W'),
(157, '03724709', 'WARD NO-09', NULL, 1, NULL, '2015-05-24 08:12:57', NULL, '2015-05-24 08:12:57', 3884, 'W'),
(157, '03724711', 'ASUJIA', NULL, 1, NULL, '2015-05-24 08:37:14', NULL, '2015-05-24 08:37:14', 3885, 'U'),
(157, '03724713', 'BALAISHIMUL', NULL, 1, NULL, '2015-05-24 08:37:14', NULL, '2015-05-24 08:37:14', 3886, 'U'),
(157, '03724720', 'CHIRANG', NULL, 1, NULL, '2015-05-24 08:37:14', NULL, '2015-05-24 08:37:14', 3887, 'U'),
(157, '03724727', 'DALPA', NULL, 1, NULL, '2015-05-24 08:37:14', NULL, '2015-05-24 08:37:14', 3888, 'U'),
(157, '03724733', 'GARADOBA', NULL, 1, NULL, '2015-05-24 08:37:14', NULL, '2015-05-24 08:37:14', 3889, 'U'),
(157, '03724740', 'GANDA', NULL, 1, NULL, '2015-05-24 08:37:14', NULL, '2015-05-24 08:37:14', 3890, 'U'),
(157, '03724747', 'KANDIURA', NULL, 1, NULL, '2015-05-24 08:37:14', NULL, '2015-05-24 08:37:14', 3891, 'U'),
(157, '03724761', 'MASHKA', NULL, 1, NULL, '2015-05-24 08:37:14', NULL, '2015-05-24 08:37:14', 3892, 'U'),
(157, '03724767', 'MUZAFFARPUR', NULL, 1, NULL, '2015-05-24 08:37:14', NULL, '2015-05-24 08:37:14', 3893, 'U'),
(157, '03724774', 'NOAPARA', NULL, 1, NULL, '2015-05-24 08:37:14', NULL, '2015-05-24 08:37:14', 3894, 'U'),
(157, '03724781', 'PAIKURA', NULL, 1, NULL, '2015-05-24 08:37:14', NULL, '2015-05-24 08:37:14', 3895, 'U'),
(157, '03724788', 'ROAILBARI', NULL, 1, NULL, '2015-05-24 08:37:14', NULL, '2015-05-24 08:37:14', 3896, 'U'),
(157, '03724794', 'SANDIKONA', NULL, 1, NULL, '2015-05-24 08:37:14', NULL, '2015-05-24 08:37:14', 3897, 'U'),
(158, '03725601', 'WARD NO-01', NULL, 1, NULL, '2015-05-24 08:12:57', NULL, '2015-05-24 08:12:57', 3898, 'W'),
(158, '03725602', 'WARD NO-02', NULL, 1, NULL, '2015-05-24 08:12:57', NULL, '2015-05-24 08:12:57', 3899, 'W'),
(158, '03725603', 'WARD NO-03', NULL, 1, NULL, '2015-05-24 08:12:57', NULL, '2015-05-24 08:12:57', 3900, 'W'),
(158, '03725604', 'WARD NO-04', NULL, 1, NULL, '2015-05-24 08:12:57', NULL, '2015-05-24 08:12:57', 3901, 'W'),
(158, '03725605', 'WARD NO-05', NULL, 1, NULL, '2015-05-24 08:12:57', NULL, '2015-05-24 08:12:57', 3902, 'W'),
(158, '03725606', 'WARD NO-06', NULL, 1, NULL, '2015-05-24 08:12:57', NULL, '2015-05-24 08:12:57', 3903, 'W'),
(158, '03725607', 'WARD NO-07', NULL, 1, NULL, '2015-05-24 08:12:57', NULL, '2015-05-24 08:12:57', 3904, 'W'),
(158, '03725608', 'WARD NO-08', NULL, 1, NULL, '2015-05-24 08:12:57', NULL, '2015-05-24 08:12:57', 3905, 'W'),
(158, '03725609', 'WARD NO-09', NULL, 1, NULL, '2015-05-24 08:12:57', NULL, '2015-05-24 08:12:57', 3906, 'W'),
(158, '03725610', 'FATEHPUR', NULL, 1, NULL, '2015-05-24 08:37:14', NULL, '2015-05-24 08:37:14', 3907, 'U'),
(158, '03725621', 'GOBINDASREE', NULL, 1, NULL, '2015-05-24 08:37:14', NULL, '2015-05-24 08:37:14', 3908, 'U'),
(158, '03725631', 'CHANDGAON', NULL, 1, NULL, '2015-05-24 08:37:14', NULL, '2015-05-24 08:37:14', 3909, 'U'),
(158, '03725642', 'KAITAIL', NULL, 1, NULL, '2015-05-24 08:37:14', NULL, '2015-05-24 08:37:14', 3910, 'U'),
(158, '03725652', 'MADAN', NULL, 1, NULL, '2015-05-24 08:37:14', NULL, '2015-05-24 08:37:14', 3911, 'U'),
(158, '03725663', 'MAGHAN', NULL, 1, NULL, '2015-05-24 08:37:14', NULL, '2015-05-24 08:37:14', 3912, 'U'),
(158, '03725673', 'NAYEKPUR', NULL, 1, NULL, '2015-05-24 08:37:14', NULL, '2015-05-24 08:37:14', 3913, 'U'),
(158, '03725684', 'TIASREE', NULL, 1, NULL, '2015-05-24 08:37:14', NULL, '2015-05-24 08:37:14', 3914, 'U'),
(159, '03726301', 'WARD NO-01', NULL, 1, NULL, '2015-05-24 08:12:57', NULL, '2015-05-24 08:12:57', 3915, 'W'),
(159, '03726302', 'WARD NO-02', NULL, 1, NULL, '2015-05-24 08:12:57', NULL, '2015-05-24 08:12:57', 3916, 'W'),
(159, '03726303', 'WARD NO-03', NULL, 1, NULL, '2015-05-24 08:12:57', NULL, '2015-05-24 08:12:57', 3917, 'W'),
(159, '03726304', 'WARD NO-04', NULL, 1, NULL, '2015-05-24 08:12:57', NULL, '2015-05-24 08:12:57', 3918, 'W'),
(159, '03726305', 'WARD NO-05', NULL, 1, NULL, '2015-05-24 08:12:57', NULL, '2015-05-24 08:12:57', 3919, 'W'),
(159, '03726306', 'WARD NO-06', NULL, 1, NULL, '2015-05-24 08:12:57', NULL, '2015-05-24 08:12:57', 3920, 'W'),
(159, '03726307', 'WARD NO-07', NULL, 1, NULL, '2015-05-24 08:12:57', NULL, '2015-05-24 08:12:57', 3921, 'W'),
(159, '03726308', 'WARD NO-08', NULL, 1, NULL, '2015-05-24 08:12:57', NULL, '2015-05-24 08:12:57', 3922, 'W'),
(159, '03726309', 'WARD NO-09', NULL, 1, NULL, '2015-05-24 08:12:57', NULL, '2015-05-24 08:12:57', 3923, 'W'),
(159, '03726310', 'BARKASHIA BIRAMP', NULL, 1, NULL, '2015-05-24 08:37:14', NULL, '2015-05-24 08:37:14', 3924, 'U'),
(159, '03726321', 'BARATALI BANIHARI', NULL, 1, NULL, '2015-05-24 08:37:14', NULL, '2015-05-24 08:37:14', 3925, 'U'),
(159, '03726331', 'GAGLAJUR', NULL, 1, NULL, '2015-05-24 08:37:14', NULL, '2015-05-24 08:37:14', 3926, 'U'),
(159, '03726342', 'MAGHAN SIADHAR', NULL, 1, NULL, '2015-05-24 08:37:14', NULL, '2015-05-24 08:37:14', 3927, 'U'),
(159, '03726363', 'SAMAJ SAHILDEO', NULL, 1, NULL, '2015-05-24 08:37:14', NULL, '2015-05-24 08:37:14', 3928, 'U'),
(159, '03726373', 'SUAIR', NULL, 1, NULL, '2015-05-24 08:37:14', NULL, '2015-05-24 08:37:14', 3929, 'U'),
(159, '03726384', 'TENTULIA', NULL, 1, NULL, '2015-05-24 08:37:14', NULL, '2015-05-24 08:37:14', 3930, 'U'),
(160, '03727401', 'WARD NO-01', NULL, 1, NULL, '2015-05-24 08:12:57', NULL, '2015-05-24 08:12:57', 3931, 'W'),
(160, '03727402', 'WARD NO-02', NULL, 1, NULL, '2015-05-24 08:12:57', NULL, '2015-05-24 08:12:57', 3932, 'W'),
(160, '03727403', 'WARD NO-03', NULL, 1, NULL, '2015-05-24 08:12:57', NULL, '2015-05-24 08:12:57', 3933, 'W'),
(160, '03727404', 'WARD NO-04', NULL, 1, NULL, '2015-05-24 08:12:57', NULL, '2015-05-24 08:12:57', 3934, 'W'),
(160, '03727405', 'WARD NO-05', NULL, 1, NULL, '2015-05-24 08:12:57', NULL, '2015-05-24 08:12:57', 3935, 'W'),
(160, '03727406', 'WARD NO-06', NULL, 1, NULL, '2015-05-24 08:12:57', NULL, '2015-05-24 08:12:57', 3936, 'W'),
(160, '03727407', 'WARD NO-07', NULL, 1, NULL, '2015-05-24 08:12:57', NULL, '2015-05-24 08:12:57', 3937, 'W'),
(160, '03727408', 'WARD NO-08', NULL, 1, NULL, '2015-05-24 08:12:57', NULL, '2015-05-24 08:12:57', 3938, 'W'),
(160, '03727409', 'WARD NO-09', NULL, 1, NULL, '2015-05-24 08:12:57', NULL, '2015-05-24 08:12:57', 3939, 'W'),
(160, '03727413', 'AMTALA', NULL, 1, NULL, '2015-05-24 08:37:14', NULL, '2015-05-24 08:37:14', 3940, 'U'),
(160, '03727415', 'CHALLISHA', NULL, 1, NULL, '2015-05-24 08:37:14', NULL, '2015-05-24 08:37:14', 3941, 'U'),
(160, '03727423', 'DAKSHIN BISHIURA', NULL, 1, NULL, '2015-05-24 08:37:14', NULL, '2015-05-24 08:37:14', 3942, 'U'),
(160, '03727431', 'KAILATI', NULL, 1, NULL, '2015-05-24 08:37:14', NULL, '2015-05-24 08:37:14', 3943, 'U'),
(160, '03727439', 'KALIARA GABRAGAT', NULL, 1, NULL, '2015-05-24 08:37:14', NULL, '2015-05-24 08:37:14', 3944, 'U'),
(160, '03727447', 'LAKSHMIGANJ', NULL, 1, NULL, '2015-05-24 08:37:14', NULL, '2015-05-24 08:37:14', 3945, 'U'),
(160, '03727454', 'MADANPUR', NULL, 1, NULL, '2015-05-24 08:37:14', NULL, '2015-05-24 08:37:14', 3946, 'U'),
(160, '03727455', 'MEDNI', NULL, 1, NULL, '2015-05-24 08:37:14', NULL, '2015-05-24 08:37:14', 3947, 'U'),
(160, '03727463', 'MAUGATI', NULL, 1, NULL, '2015-05-24 08:37:14', NULL, '2015-05-24 08:37:14', 3948, 'U'),
(160, '03727479', 'RAUHA', NULL, 1, NULL, '2015-05-24 08:37:14', NULL, '2015-05-24 08:37:14', 3949, 'U'),
(160, '03727487', 'SINGHAR BANGLA', NULL, 1, NULL, '2015-05-24 08:37:14', NULL, '2015-05-24 08:37:14', 3950, 'U'),
(160, '03727494', 'THAKURAKONA', NULL, 1, NULL, '2015-05-24 08:37:14', NULL, '2015-05-24 08:37:14', 3951, 'U'),
(161, '03728301', 'WARD NO-01', NULL, 1, NULL, '2015-05-24 08:12:57', NULL, '2015-05-24 08:12:57', 3952, 'W'),
(161, '03728302', 'WARD NO-02', NULL, 1, NULL, '2015-05-24 08:12:57', NULL, '2015-05-24 08:12:57', 3953, 'W'),
(161, '03728303', 'WARD NO-03', NULL, 1, NULL, '2015-05-24 08:12:57', NULL, '2015-05-24 08:12:57', 3954, 'W'),
(161, '03728304', 'WARD NO-04', NULL, 1, NULL, '2015-05-24 08:12:57', NULL, '2015-05-24 08:12:57', 3955, 'W'),
(161, '03728305', 'WARD NO-05', NULL, 1, NULL, '2015-05-24 08:12:57', NULL, '2015-05-24 08:12:57', 3956, 'W'),
(161, '03728306', 'WARD NO-06', NULL, 1, NULL, '2015-05-24 08:12:57', NULL, '2015-05-24 08:12:57', 3957, 'W'),
(161, '03728307', 'WARD NO-07', NULL, 1, NULL, '2015-05-24 08:12:57', NULL, '2015-05-24 08:12:57', 3958, 'W'),
(161, '03728308', 'WARD NO-08', NULL, 1, NULL, '2015-05-24 08:12:57', NULL, '2015-05-24 08:12:57', 3959, 'W'),
(161, '03728309', 'WARD NO-09', NULL, 1, NULL, '2015-05-24 08:12:57', NULL, '2015-05-24 08:12:57', 3960, 'W'),
(161, '03728313', 'AGIA', NULL, 1, NULL, '2015-05-24 08:37:14', NULL, '2015-05-24 08:37:14', 3961, 'U'),
(161, '03728315', 'BAIRATI', NULL, 1, NULL, '2015-05-24 08:37:14', NULL, '2015-05-24 08:37:14', 3962, 'U'),
(161, '03728323', 'BISHKAKUNI', NULL, 1, NULL, '2015-05-24 08:37:14', NULL, '2015-05-24 08:37:14', 3963, 'U'),
(161, '03728331', 'DHALA MULGAON', NULL, 1, NULL, '2015-05-24 08:37:14', NULL, '2015-05-24 08:37:14', 3964, 'U'),
(161, '03728339', 'GHAGRA', NULL, 1, NULL, '2015-05-24 08:37:14', NULL, '2015-05-24 08:37:14', 3965, 'U'),
(161, '03728355', 'GOHALAKANDA', NULL, 1, NULL, '2015-05-24 08:37:14', NULL, '2015-05-24 08:37:14', 3966, 'U'),
(161, '03728363', 'HOGLA', NULL, 1, NULL, '2015-05-24 08:37:14', NULL, '2015-05-24 08:37:14', 3967, 'U'),
(161, '03728371', 'JARIA', NULL, 1, NULL, '2015-05-24 08:37:14', NULL, '2015-05-24 08:37:14', 3968, 'U'),
(161, '03728379', 'KHALISHAUR', NULL, 1, NULL, '2015-05-24 08:37:14', NULL, '2015-05-24 08:37:14', 3969, 'U'),
(161, '03728387', 'NARANDIA', NULL, 1, NULL, '2015-05-24 08:37:14', NULL, '2015-05-24 08:37:14', 3970, 'U'),
(161, '03728394', 'PURBADHALA', NULL, 1, NULL, '2015-05-24 08:37:14', NULL, '2015-05-24 08:37:14', 3971, 'U'),
(162, '03820717', 'BAHARPUR', NULL, 1, NULL, '2015-05-24 08:37:14', NULL, '2015-05-24 08:37:14', 3972, 'U'),
(162, '03820719', 'BALIAKANDI', NULL, 1, NULL, '2015-05-24 08:37:14', NULL, '2015-05-24 08:37:14', 3973, 'U'),
(162, '03820747', 'ISLAMPUR', NULL, 1, NULL, '2015-05-24 08:37:14', NULL, '2015-05-24 08:37:14', 3974, 'U'),
(162, '03820757', 'JAMALPUR', NULL, 1, NULL, '2015-05-24 08:37:14', NULL, '2015-05-24 08:37:14', 3975, 'U'),
(162, '03820766', 'JANGAL', NULL, 1, NULL, '2015-05-24 08:37:14', NULL, '2015-05-24 08:37:14', 3976, 'U'),
(162, '03820785', 'NARUA', NULL, 1, NULL, '2015-05-24 08:37:14', NULL, '2015-05-24 08:37:14', 3977, 'U'),
(162, '03820795', 'NAWABPUR', NULL, 1, NULL, '2015-05-24 08:37:14', NULL, '2015-05-24 08:37:14', 3978, 'U'),
(163, '03822901', 'WARD NO-01', NULL, 1, NULL, '2015-05-24 08:12:57', NULL, '2015-05-24 08:12:57', 3979, 'W'),
(163, '03822902', 'WARD NO-02', NULL, 1, NULL, '2015-05-24 08:12:57', NULL, '2015-05-24 08:12:57', 3980, 'W'),
(163, '03822903', 'WARD NO-03', NULL, 1, NULL, '2015-05-24 08:12:57', NULL, '2015-05-24 08:12:57', 3981, 'W'),
(163, '03822904', 'WARD NO-04', NULL, 1, NULL, '2015-05-24 08:12:57', NULL, '2015-05-24 08:12:57', 3982, 'W'),
(163, '03822905', 'WARD NO-05', NULL, 1, NULL, '2015-05-24 08:12:57', NULL, '2015-05-24 08:12:57', 3983, 'W'),
(163, '03822906', 'WARD NO-06', NULL, 1, NULL, '2015-05-24 08:12:57', NULL, '2015-05-24 08:12:57', 3984, 'W'),
(163, '03822907', 'WARD NO-07', NULL, 1, NULL, '2015-05-24 08:12:57', NULL, '2015-05-24 08:12:57', 3985, 'W'),
(163, '03822908', 'WARD NO-08', NULL, 1, NULL, '2015-05-24 08:12:57', NULL, '2015-05-24 08:12:57', 3986, 'W'),
(163, '03822909', 'WARD NO-09', NULL, 1, NULL, '2015-05-24 08:12:57', NULL, '2015-05-24 08:12:57', 3987, 'W'),
(163, '03822919', 'CHHOTA BHAKLA', NULL, 1, NULL, '2015-05-24 08:37:14', NULL, '2015-05-24 08:37:14', 3988, 'U'),
(163, '03822938', 'DAULATDIA', NULL, 1, NULL, '2015-05-24 08:37:14', NULL, '2015-05-24 08:37:14', 3989, 'U'),
(163, '03822957', 'DEBAGRAM', NULL, 1, NULL, '2015-05-24 08:37:14', NULL, '2015-05-24 08:37:14', 3990, 'U'),
(163, '03822976', 'UJAN CHAR', NULL, 1, NULL, '2015-05-24 08:37:14', NULL, '2015-05-24 08:37:14', 3991, 'U'),
(164, '03827301', 'WARD NO-01', NULL, 1, NULL, '2015-05-24 08:12:57', NULL, '2015-05-24 08:12:57', 3992, 'W'),
(164, '03827302', 'WARD NO-02', NULL, 1, NULL, '2015-05-24 08:12:57', NULL, '2015-05-24 08:12:57', 3993, 'W'),
(164, '03827303', 'WARD NO-03', NULL, 1, NULL, '2015-05-24 08:12:57', NULL, '2015-05-24 08:12:57', 3994, 'W'),
(164, '03827304', 'WARD NO-04', NULL, 1, NULL, '2015-05-24 08:12:57', NULL, '2015-05-24 08:12:57', 3995, 'W'),
(164, '03827305', 'WARD NO-05', NULL, 1, NULL, '2015-05-24 08:12:57', NULL, '2015-05-24 08:12:57', 3996, 'W'),
(164, '03827306', 'WARD NO-06', NULL, 1, NULL, '2015-05-24 08:12:57', NULL, '2015-05-24 08:12:57', 3997, 'W'),
(164, '03827307', 'WARD NO-07', NULL, 1, NULL, '2015-05-24 08:12:57', NULL, '2015-05-24 08:12:57', 3998, 'W'),
(164, '03827308', 'WARD NO-08', NULL, 1, NULL, '2015-05-24 08:12:57', NULL, '2015-05-24 08:12:57', 3999, 'W'),
(164, '03827309', 'WARD NO-09', NULL, 1, NULL, '2015-05-24 08:12:57', NULL, '2015-05-24 08:12:57', 4000, 'W'),
(41, '04183106', 'WARD NO-06', NULL, 1, NULL, '2015-05-24 08:12:57', NULL, '2015-05-24 08:12:57', 4001, 'W'),
(41, '04183107', 'WARD NO-07', NULL, 1, NULL, '2015-05-24 08:12:57', NULL, '2015-05-24 08:12:57', 4002, 'W'),
(41, '04183108', 'WARD NO-08', NULL, 1, NULL, '2015-05-24 08:12:57', NULL, '2015-05-24 08:12:57', 4003, 'W'),
(41, '04183109', 'WARD NO-09', NULL, 1, NULL, '2015-05-24 08:12:57', NULL, '2015-05-24 08:12:57', 4004, 'W'),
(41, '04183111', 'DAMURHUDA', NULL, 1, NULL, '2015-05-24 08:37:14', NULL, '2015-05-24 08:37:14', 4005, 'U'),
(41, '04183123', 'PERKRISHNAPUR MADNA', NULL, 1, NULL, '2015-05-24 08:37:14', NULL, '2015-05-24 08:37:14', 4006, 'U'),
(41, '04183135', 'HOWLI', NULL, 1, NULL, '2015-05-24 08:37:14', NULL, '2015-05-24 08:37:14', 4007, 'U'),
(41, '04183147', 'JURANPUR', NULL, 1, NULL, '2015-05-24 08:37:14', NULL, '2015-05-24 08:37:14', 4008, 'U'),
(41, '04183159', 'KAPASADANGA', NULL, 1, NULL, '2015-05-24 08:37:14', NULL, '2015-05-24 08:37:14', 4009, 'U'),
(41, '04183171', 'KURALGACHHI', NULL, 1, NULL, '2015-05-24 08:37:14', NULL, '2015-05-24 08:37:14', 4010, 'U'),
(41, '04183183', 'NATIPOTA', NULL, 1, NULL, '2015-05-24 08:37:14', NULL, '2015-05-24 08:37:14', 4011, 'U'),
(198, '04185501', 'WARD NO-01', NULL, 1, NULL, '2015-05-24 08:12:57', NULL, '2015-05-24 08:12:57', 4012, 'W'),
(198, '04185502', 'WARD NO-02', NULL, 1, NULL, '2015-05-24 08:12:57', NULL, '2015-05-24 08:12:57', 4013, 'W'),
(198, '04185503', 'WARD NO-03', NULL, 1, NULL, '2015-05-24 08:12:57', NULL, '2015-05-24 08:12:57', 4014, 'W'),
(198, '04185504', 'WARD NO-04', NULL, 1, NULL, '2015-05-24 08:12:57', NULL, '2015-05-24 08:12:57', 4015, 'W'),
(198, '04185505', 'WARD NO-05', NULL, 1, NULL, '2015-05-24 08:12:57', NULL, '2015-05-24 08:12:57', 4016, 'W'),
(198, '04185506', 'WARD NO-06', NULL, 1, NULL, '2015-05-24 08:12:57', NULL, '2015-05-24 08:12:57', 4017, 'W'),
(198, '04185507', 'WARD NO-07', NULL, 1, NULL, '2015-05-24 08:12:57', NULL, '2015-05-24 08:12:57', 4018, 'W'),
(198, '04185508', 'WARD NO-08', NULL, 1, NULL, '2015-05-24 08:12:57', NULL, '2015-05-24 08:12:57', 4019, 'W'),
(198, '04185509', 'WARD NO-09', NULL, 1, NULL, '2015-05-24 08:12:57', NULL, '2015-05-24 08:12:57', 4020, 'W'),
(198, '04185519', 'ANDULBARIA', NULL, 1, NULL, '2015-05-24 08:37:14', NULL, '2015-05-24 08:37:14', 4021, 'U'),
(198, '04185538', 'BANKA', NULL, 1, NULL, '2015-05-24 08:37:14', NULL, '2015-05-24 08:37:14', 4022, 'U'),
(198, '04185557', 'SIMANTA', NULL, 1, NULL, '2015-05-24 08:37:14', NULL, '2015-05-24 08:37:14', 4023, 'U'),
(198, '04185576', 'UTHALI', NULL, 1, NULL, '2015-05-24 08:37:14', NULL, '2015-05-24 08:37:14', 4024, 'U'),
(199, '04410401', 'WARD NO-01', NULL, 1, NULL, '2015-05-24 08:12:57', NULL, '2015-05-24 08:12:57', 4025, 'W'),
(199, '04410402', 'WARD NO-02', NULL, 1, NULL, '2015-05-24 08:12:57', NULL, '2015-05-24 08:12:57', 4026, 'W'),
(199, '04410403', 'WARD NO-03', NULL, 1, NULL, '2015-05-24 08:12:57', NULL, '2015-05-24 08:12:57', 4027, 'W'),
(199, '04410404', 'WARD NO-04', NULL, 1, NULL, '2015-05-24 08:12:57', NULL, '2015-05-24 08:12:57', 4028, 'W'),
(199, '04410405', 'WARD NO-05', NULL, 1, NULL, '2015-05-24 08:12:57', NULL, '2015-05-24 08:12:57', 4029, 'W'),
(199, '04410406', 'WARD NO-06', NULL, 1, NULL, '2015-05-24 08:12:57', NULL, '2015-05-24 08:12:57', 4030, 'W'),
(199, '04410407', 'WARD NO-07', NULL, 1, NULL, '2015-05-24 08:12:57', NULL, '2015-05-24 08:12:57', 4031, 'W'),
(199, '04410408', 'WARD NO-08', NULL, 1, NULL, '2015-05-24 08:12:57', NULL, '2015-05-24 08:12:57', 4032, 'W'),
(199, '04410409', 'WARD NO-09', NULL, 1, NULL, '2015-05-24 08:12:57', NULL, '2015-05-24 08:12:57', 4033, 'W'),
(199, '04410410', 'BAGHUTIA', NULL, 1, NULL, '2015-05-24 08:37:14', NULL, '2015-05-24 08:37:14', 4034, 'U'),
(199, '04410421', 'PRAMBAG', NULL, 1, NULL, '2015-05-24 08:37:14', NULL, '2015-05-24 08:37:14', 4035, 'U'),
(199, '04410427', 'SUNDOLI', NULL, 1, NULL, '2015-05-24 08:37:14', NULL, '2015-05-24 08:37:14', 4036, 'U'),
(199, '04410442', 'PAYRA', NULL, 1, NULL, '2015-05-24 08:37:14', NULL, '2015-05-24 08:37:14', 4037, 'U'),
(199, '04410452', 'CHALISHIA', NULL, 1, NULL, '2015-05-24 08:37:14', NULL, '2015-05-24 08:37:14', 4038, 'U'),
(199, '04410463', 'SIDDHIPASHA', NULL, 1, NULL, '2015-05-24 08:37:14', NULL, '2015-05-24 08:37:14', 4039, 'U'),
(199, '04410473', 'SREEDHARPUR', NULL, 1, NULL, '2015-05-24 08:37:14', NULL, '2015-05-24 08:37:14', 4040, 'U'),
(199, '04410484', 'SUBHA PARA', NULL, 1, NULL, '2015-05-24 08:37:14', NULL, '2015-05-24 08:37:14', 4041, 'U'),
(40, '04410901', 'WARD NO-01', NULL, 1, NULL, '2015-05-24 08:12:57', NULL, '2015-05-24 08:12:57', 4042, 'W'),
(40, '04410902', 'WARD NO-02', NULL, 1, NULL, '2015-05-24 08:12:57', NULL, '2015-05-24 08:12:57', 4043, 'W'),
(40, '04410903', 'WARD NO-03', NULL, 1, NULL, '2015-05-24 08:12:57', NULL, '2015-05-24 08:12:57', 4044, 'W'),
(40, '04410904', 'WARD NO-04', NULL, 1, NULL, '2015-05-24 08:12:57', NULL, '2015-05-24 08:12:57', 4045, 'W'),
(40, '04410905', 'WARD NO-05', NULL, 1, NULL, '2015-05-24 08:12:57', NULL, '2015-05-24 08:12:57', 4046, 'W'),
(40, '04410906', 'WARD NO-06', NULL, 1, NULL, '2015-05-24 08:12:57', NULL, '2015-05-24 08:12:57', 4047, 'W'),
(40, '04410907', 'WARD NO-07', NULL, 1, NULL, '2015-05-24 08:12:57', NULL, '2015-05-24 08:12:57', 4048, 'W'),
(40, '04410908', 'WARD NO-08', NULL, 1, NULL, '2015-05-24 08:12:57', NULL, '2015-05-24 08:12:57', 4049, 'W'),
(40, '04410909', 'WARD NO-09', NULL, 1, NULL, '2015-05-24 08:12:57', NULL, '2015-05-24 08:12:57', 4050, 'W'),
(40, '04410915', 'BASUARI', NULL, 1, NULL, '2015-05-24 08:37:14', NULL, '2015-05-24 08:37:14', 4051, 'U'),
(40, '04410919', 'BANDABILLA', NULL, 1, NULL, '2015-05-24 08:37:14', NULL, '2015-05-24 08:37:14', 4052, 'U'),
(40, '04410928', 'DARAJHAT', NULL, 1, NULL, '2015-05-24 08:37:14', NULL, '2015-05-24 08:37:14', 4053, 'U'),
(40, '04410938', 'DHALGRAM', NULL, 1, NULL, '2015-05-24 08:37:14', NULL, '2015-05-24 08:37:14', 4054, 'U'),
(40, '04410947', 'DOHAKULA', NULL, 1, NULL, '2015-05-24 08:37:14', NULL, '2015-05-24 08:37:14', 4055, 'U'),
(40, '04410957', 'JAMDIA', NULL, 1, NULL, '2015-05-24 08:37:14', NULL, '2015-05-24 08:37:14', 4056, 'U'),
(40, '04410966', 'JAHARPUR', NULL, 1, NULL, '2015-05-24 08:37:14', NULL, '2015-05-24 08:37:14', 4057, 'U'),
(40, '04410976', 'NARIKELBARIA', NULL, 1, NULL, '2015-05-24 08:37:14', NULL, '2015-05-24 08:37:14', 4058, 'U'),
(40, '04410985', 'ROYPUR', NULL, 1, NULL, '2015-05-24 08:37:14', NULL, '2015-05-24 08:37:14', 4059, 'U'),
(200, '04411101', 'WARD NO-01', NULL, 1, NULL, '2015-05-24 08:12:57', NULL, '2015-05-24 08:12:57', 4060, 'W'),
(200, '04411102', 'WARD NO-02', NULL, 1, NULL, '2015-05-24 08:12:57', NULL, '2015-05-24 08:12:57', 4061, 'W'),
(200, '04411103', 'WARD NO-03', NULL, 1, NULL, '2015-05-24 08:12:57', NULL, '2015-05-24 08:12:57', 4062, 'W'),
(200, '04411104', 'WARD NO-04', NULL, 1, NULL, '2015-05-24 08:12:57', NULL, '2015-05-24 08:12:57', 4063, 'W'),
(200, '04411105', 'WARD NO-05', NULL, 1, NULL, '2015-05-24 08:12:57', NULL, '2015-05-24 08:12:57', 4064, 'W'),
(200, '04411106', 'WARD NO-06', NULL, 1, NULL, '2015-05-24 08:12:57', NULL, '2015-05-24 08:12:57', 4065, 'W'),
(200, '04411107', 'WARD NO-07', NULL, 1, NULL, '2015-05-24 08:12:57', NULL, '2015-05-24 08:12:57', 4066, 'W'),
(200, '04411108', 'WARD NO-08', NULL, 1, NULL, '2015-05-24 08:12:57', NULL, '2015-05-24 08:12:57', 4067, 'W'),
(200, '04411109', 'WARD NO-09', NULL, 1, NULL, '2015-05-24 08:12:57', NULL, '2015-05-24 08:12:57', 4068, 'W'),
(200, '04411114', 'CHAUGACHHA', NULL, 1, NULL, '2015-05-24 08:37:14', NULL, '2015-05-24 08:37:14', 4069, 'U'),
(200, '04411117', 'DHULIANI', NULL, 1, NULL, '2015-05-24 08:37:14', NULL, '2015-05-24 08:37:14', 4070, 'U'),
(200, '04411125', 'HAKIMPUR', NULL, 1, NULL, '2015-05-24 08:37:14', NULL, '2015-05-24 08:37:14', 4071, 'U'),
(200, '04411134', 'JAGADISHPUR', NULL, 1, NULL, '2015-05-24 08:37:14', NULL, '2015-05-24 08:37:14', 4072, 'U'),
(200, '04411143', 'SWARUPDAHA', NULL, 1, NULL, '2015-05-24 08:37:14', NULL, '2015-05-24 08:37:14', 4073, 'U'),
(200, '04411151', 'NARAYANPUR', NULL, 1, NULL, '2015-05-24 08:37:14', NULL, '2015-05-24 08:37:14', 4074, 'U'),
(200, '04411160', 'PASHAPOLE', NULL, 1, NULL, '2015-05-24 08:37:14', NULL, '2015-05-24 08:37:14', 4075, 'U'),
(200, '04411169', 'PATIBILA', NULL, 1, NULL, '2015-05-24 08:37:14', NULL, '2015-05-24 08:37:14', 4076, 'U'),
(200, '04411177', 'PHULSARA', NULL, 1, NULL, '2015-05-24 08:37:14', NULL, '2015-05-24 08:37:14', 4077, 'U'),
(200, '04411186', 'SINGHAJHULI', NULL, 1, NULL, '2015-05-24 08:37:14', NULL, '2015-05-24 08:37:14', 4078, 'U'),
(200, '04411194', 'SUKPUKHURIA', NULL, 1, NULL, '2015-05-24 08:37:14', NULL, '2015-05-24 08:37:14', 4079, 'U'),
(201, '04412301', 'WARD NO-01', NULL, 1, NULL, '2015-05-24 08:12:57', NULL, '2015-05-24 08:12:57', 4080, 'W'),
(201, '04412302', 'WARD NO-02', NULL, 1, NULL, '2015-05-24 08:12:57', NULL, '2015-05-24 08:12:57', 4081, 'W'),
(201, '04412303', 'WARD NO-03', NULL, 1, NULL, '2015-05-24 08:12:57', NULL, '2015-05-24 08:12:57', 4082, 'W'),
(201, '04412304', 'WARD NO-04', NULL, 1, NULL, '2015-05-24 08:12:57', NULL, '2015-05-24 08:12:57', 4083, 'W'),
(201, '04412305', 'WARD NO-05', NULL, 1, NULL, '2015-05-24 08:12:57', NULL, '2015-05-24 08:12:57', 4084, 'W'),
(201, '04412306', 'WARD NO-06', NULL, 1, NULL, '2015-05-24 08:12:57', NULL, '2015-05-24 08:12:57', 4085, 'W'),
(201, '04412307', 'WARD NO-07', NULL, 1, NULL, '2015-05-24 08:12:57', NULL, '2015-05-24 08:12:57', 4086, 'W'),
(201, '04412308', 'WARD NO-08', NULL, 1, NULL, '2015-05-24 08:12:57', NULL, '2015-05-24 08:12:57', 4087, 'W'),
(201, '04412309', 'WARD NO-09', NULL, 1, NULL, '2015-05-24 08:12:57', NULL, '2015-05-24 08:12:57', 4088, 'W'),
(201, '04412325', 'BANKRA UNION', NULL, 1, NULL, '2015-05-24 08:37:14', NULL, '2015-05-24 08:37:14', 4089, 'U'),
(201, '04412329', 'GANGANANDAPUR', NULL, 1, NULL, '2015-05-24 08:37:14', NULL, '2015-05-24 08:37:14', 4090, 'U'),
(201, '04412335', 'GADKHALI', NULL, 1, NULL, '2015-05-24 08:37:14', NULL, '2015-05-24 08:37:14', 4091, 'U'),
(201, '04412341', 'HAJIRBAGH', NULL, 1, NULL, '2015-05-24 08:37:14', NULL, '2015-05-24 08:37:14', 4092, 'U'),
(201, '04412347', 'JHIKARGACHHA', NULL, 1, NULL, '2015-05-24 08:37:14', NULL, '2015-05-24 08:37:14', 4093, 'U'),
(201, '04412353', 'MAGURA', NULL, 1, NULL, '2015-05-24 08:37:14', NULL, '2015-05-24 08:37:14', 4094, 'U'),
(201, '04412359', 'NABHARAN', NULL, 1, NULL, '2015-05-24 08:37:14', NULL, '2015-05-24 08:37:14', 4095, 'U'),
(201, '04412365', 'NIBASKHOLA', NULL, 1, NULL, '2015-05-24 08:37:14', NULL, '2015-05-24 08:37:14', 4096, 'U'),
(201, '04412371', 'PANISARA', NULL, 1, NULL, '2015-05-24 08:37:14', NULL, '2015-05-24 08:37:14', 4097, 'U'),
(201, '04412383', 'SHANKARPUR', NULL, 1, NULL, '2015-05-24 08:37:14', NULL, '2015-05-24 08:37:14', 4098, 'U'),
(201, '04412389', 'SHIMULIA', NULL, 1, NULL, '2015-05-24 08:37:14', NULL, '2015-05-24 08:37:14', 4099, 'U'),
(202, '04413801', 'WARD NO-01', NULL, 1, NULL, '2015-05-24 08:12:57', NULL, '2015-05-24 08:12:57', 4100, 'W'),
(202, '04413802', 'WARD NO-02', NULL, 1, NULL, '2015-05-24 08:12:57', NULL, '2015-05-24 08:12:57', 4101, 'W'),
(202, '04413803', 'WARD NO-03', NULL, 1, NULL, '2015-05-24 08:12:57', NULL, '2015-05-24 08:12:57', 4102, 'W'),
(202, '04413804', 'WARD NO-04', NULL, 1, NULL, '2015-05-24 08:12:57', NULL, '2015-05-24 08:12:57', 4103, 'W'),
(202, '04413805', 'WARD NO-05', NULL, 1, NULL, '2015-05-24 08:12:57', NULL, '2015-05-24 08:12:57', 4104, 'W'),
(202, '04413806', 'WARD NO-06', NULL, 1, NULL, '2015-05-24 08:12:57', NULL, '2015-05-24 08:12:57', 4105, 'W'),
(202, '04413807', 'WARD NO-07', NULL, 1, NULL, '2015-05-24 08:12:57', NULL, '2015-05-24 08:12:57', 4106, 'W'),
(202, '04413808', 'WARD NO-08', NULL, 1, NULL, '2015-05-24 08:12:57', NULL, '2015-05-24 08:12:57', 4107, 'W'),
(202, '04413809', 'WARD NO-09', NULL, 1, NULL, '2015-05-24 08:12:57', NULL, '2015-05-24 08:12:57', 4108, 'W'),
(202, '04413817', 'BIDYANANDAKATI', NULL, 1, NULL, '2015-05-24 08:37:14', NULL, '2015-05-24 08:37:14', 4109, 'U'),
(202, '04413819', 'GAURIGHONA', NULL, 1, NULL, '2015-05-24 08:37:14', NULL, '2015-05-24 08:37:14', 4110, 'U'),
(202, '04413828', 'KESHABPUR', NULL, 1, NULL, '2015-05-24 08:37:14', NULL, '2015-05-24 08:37:14', 4111, 'U'),
(202, '04413838', 'MAJIDPUR', NULL, 1, NULL, '2015-05-24 08:37:14', NULL, '2015-05-24 08:37:14', 4112, 'U'),
(202, '04413847', 'MANGALKOT', NULL, 1, NULL, '2015-05-24 08:37:14', NULL, '2015-05-24 08:37:14', 4113, 'U'),
(202, '04413857', 'PANJIA', NULL, 1, NULL, '2015-05-24 08:37:14', NULL, '2015-05-24 08:37:14', 4114, 'U'),
(202, '04413866', 'SAGARDARI', NULL, 1, NULL, '2015-05-24 08:37:14', NULL, '2015-05-24 08:37:14', 4115, 'U'),
(202, '04413876', 'SUFALAKATI', NULL, 1, NULL, '2015-05-24 08:37:14', NULL, '2015-05-24 08:37:14', 4116, 'U'),
(202, '04413885', 'TRIMOHINI', NULL, 1, NULL, '2015-05-24 08:37:14', NULL, '2015-05-24 08:37:14', 4117, 'U'),
(203, '04414701', 'WARD NO-01', NULL, 1, NULL, '2015-05-24 08:12:57', NULL, '2015-05-24 08:12:57', 4118, 'W'),
(203, '04414702', 'WARD NO-02', NULL, 1, NULL, '2015-05-24 08:12:57', NULL, '2015-05-24 08:12:57', 4119, 'W'),
(203, '04414703', 'WARD NO-03', NULL, 1, NULL, '2015-05-24 08:12:57', NULL, '2015-05-24 08:12:57', 4120, 'W'),
(203, '04414704', 'WARD NO-04', NULL, 1, NULL, '2015-05-24 08:12:57', NULL, '2015-05-24 08:12:57', 4121, 'W'),
(203, '04414705', 'WARD NO-05', NULL, 1, NULL, '2015-05-24 08:12:57', NULL, '2015-05-24 08:12:57', 4122, 'W'),
(203, '04414706', 'WARD NO-06', NULL, 1, NULL, '2015-05-24 08:12:57', NULL, '2015-05-24 08:12:57', 4123, 'W'),
(203, '04414707', 'WARD NO-07', NULL, 1, NULL, '2015-05-24 08:12:57', NULL, '2015-05-24 08:12:57', 4124, 'W'),
(203, '04414708', 'WARD NO-08', NULL, 1, NULL, '2015-05-24 08:12:57', NULL, '2015-05-24 08:12:57', 4125, 'W'),
(203, '04414709', 'WARD NO-09', NULL, 1, NULL, '2015-05-24 08:12:57', NULL, '2015-05-24 08:12:57', 4126, 'W'),
(203, '04414710', 'ARABPUR', NULL, 1, NULL, '2015-05-24 08:37:14', NULL, '2015-05-24 08:37:14', 4127, 'U'),
(203, '04414711', 'BASUNDIA', NULL, 1, NULL, '2015-05-24 08:37:14', NULL, '2015-05-24 08:37:14', 4128, 'U'),
(203, '04414723', 'CHANCHRA', NULL, 1, NULL, '2015-05-24 08:37:14', NULL, '2015-05-24 08:37:14', 4129, 'U'),
(203, '04414729', 'CHURAMANKATI', NULL, 1, NULL, '2015-05-24 08:37:14', NULL, '2015-05-24 08:37:14', 4130, 'U'),
(203, '04414735', 'DIARA', NULL, 1, NULL, '2015-05-24 08:37:14', NULL, '2015-05-24 08:37:14', 4131, 'U'),
(203, '04414741', 'FATHEHPUR', NULL, 1, NULL, '2015-05-24 08:37:14', NULL, '2015-05-24 08:37:14', 4132, 'U'),
(203, '04414747', 'HAIBATPUR', NULL, 1, NULL, '2015-05-24 08:37:14', NULL, '2015-05-24 08:37:14', 4133, 'U'),
(203, '04414753', 'ICHHALI', NULL, 1, NULL, '2015-05-24 08:37:14', NULL, '2015-05-24 08:37:14', 4134, 'U'),
(203, '04414765', 'KASHIMPUR', NULL, 1, NULL, '2015-05-24 08:37:14', NULL, '2015-05-24 08:37:14', 4135, 'U'),
(203, '04414771', 'KACHUA', NULL, 1, NULL, '2015-05-24 08:37:14', NULL, '2015-05-24 08:37:14', 4136, 'U'),
(203, '04414777', 'LEBUTALA', NULL, 1, NULL, '2015-05-24 08:37:14', NULL, '2015-05-24 08:37:14', 4137, 'U'),
(203, '04414783', 'NARENDRAPUR', NULL, 1, NULL, '2015-05-24 08:37:14', NULL, '2015-05-24 08:37:14', 4138, 'U'),
(203, '04414789', 'NOAPARA', NULL, 1, NULL, '2015-05-24 08:37:14', NULL, '2015-05-24 08:37:14', 4139, 'U'),
(203, '04414792', 'RAMNAGAR', NULL, 1, NULL, '2015-05-24 08:37:14', NULL, '2015-05-24 08:37:14', 4140, 'U'),
(203, '04414795', 'UPASAHAR', NULL, 1, NULL, '2015-05-24 08:37:14', NULL, '2015-05-24 08:37:14', 4141, 'U'),
(203, '04414798', 'JESSORE CANTONMENT', NULL, 1, NULL, '2015-05-24 08:37:14', NULL, '2015-05-24 08:37:14', 4142, 'U'),
(204, '04416101', 'WARD NO-01', NULL, 1, NULL, '2015-05-24 08:12:57', NULL, '2015-05-24 08:12:57', 4143, 'W');
INSERT INTO `sa_unions` (`THANA_ID`, `UD_UNION_CODE`, `UNION_NAME`, `ORDER_SL`, `ACTIVE_FLAG`, `CREATED_BY`, `CREATE_DATE`, `UPDATED_BY`, `UPDATE_DATE`, `UNION_ID`, `UAREA_STATUS`) VALUES
(244, '04874715', 'BISHNUPUR', NULL, 1, NULL, '2015-05-24 08:37:14', NULL, '2015-05-24 08:37:14', 4144, 'U'),
(179, '03932807', 'WARD NO-07', NULL, 1, NULL, '2015-05-24 08:12:57', NULL, '2015-05-24 08:12:57', 4145, 'W'),
(179, '03932808', 'WARD NO-08', NULL, 1, NULL, '2015-05-24 08:12:57', NULL, '2015-05-24 08:12:57', 4146, 'W'),
(179, '03932809', 'WARD NO-09', NULL, 1, NULL, '2015-05-24 08:12:57', NULL, '2015-05-24 08:12:57', 4147, 'W'),
(179, '03932815', 'ANEHOLA', NULL, 1, NULL, '2015-05-24 08:37:14', NULL, '2015-05-24 08:37:14', 4148, 'U'),
(179, '03932817', 'DEULABARI', NULL, 1, NULL, '2015-05-24 08:37:14', NULL, '2015-05-24 08:37:14', 4149, 'U'),
(179, '03932825', 'DEOPARA', NULL, 1, NULL, '2015-05-24 08:37:14', NULL, '2015-05-24 08:37:14', 4150, 'U'),
(179, '03932834', 'DHALA PARA', NULL, 1, NULL, '2015-05-24 08:37:14', NULL, '2015-05-24 08:37:14', 4151, 'U'),
(179, '03932843', 'DIGALKANDI', NULL, 1, NULL, '2015-05-24 08:37:14', NULL, '2015-05-24 08:37:14', 4152, 'U'),
(179, '03932851', 'DIGAR', NULL, 1, NULL, '2015-05-24 08:37:14', NULL, '2015-05-24 08:37:14', 4153, 'U'),
(179, '03932860', 'GHATAIL', NULL, 1, NULL, '2015-05-24 08:37:14', NULL, '2015-05-24 08:37:14', 4154, 'U'),
(179, '03932869', 'JAMURIA', NULL, 1, NULL, '2015-05-24 08:37:14', NULL, '2015-05-24 08:37:14', 4155, 'U'),
(179, '03932877', 'LAKHER PARA', NULL, 1, NULL, '2015-05-24 08:37:14', NULL, '2015-05-24 08:37:14', 4156, 'U'),
(179, '03932886', 'RASULPUR', NULL, 1, NULL, '2015-05-24 08:37:14', NULL, '2015-05-24 08:37:14', 4157, 'U'),
(179, '03932894', 'SANDHANPUR', NULL, 1, NULL, '2015-05-24 08:37:14', NULL, '2015-05-24 08:37:14', 4158, 'U'),
(179, '03932898', 'GHATAIL CANTT.', NULL, 1, NULL, '2015-05-24 08:37:14', NULL, '2015-05-24 08:37:14', 4159, 'U'),
(180, '03933801', 'WARD NO-01', NULL, 1, NULL, '2015-05-24 08:12:57', NULL, '2015-05-24 08:12:57', 4160, 'W'),
(180, '03933802', 'WARD NO-02', NULL, 1, NULL, '2015-05-24 08:12:57', NULL, '2015-05-24 08:12:57', 4161, 'W'),
(180, '03933803', 'WARD NO-03', NULL, 1, NULL, '2015-05-24 08:12:57', NULL, '2015-05-24 08:12:57', 4162, 'W'),
(180, '03933804', 'WARD NO-04', NULL, 1, NULL, '2015-05-24 08:12:57', NULL, '2015-05-24 08:12:57', 4163, 'W'),
(180, '03933805', 'WARD NO-05', NULL, 1, NULL, '2015-05-24 08:12:57', NULL, '2015-05-24 08:12:57', 4164, 'W'),
(180, '03933806', 'WARD NO-06', NULL, 1, NULL, '2015-05-24 08:12:57', NULL, '2015-05-24 08:12:57', 4165, 'W'),
(180, '03933807', 'WARD NO-07', NULL, 1, NULL, '2015-05-24 08:12:57', NULL, '2015-05-24 08:12:57', 4166, 'W'),
(180, '03933808', 'WARD NO-08', NULL, 1, NULL, '2015-05-24 08:12:57', NULL, '2015-05-24 08:12:57', 4167, 'W'),
(180, '03933809', 'WARD NO-09', NULL, 1, NULL, '2015-05-24 08:12:57', NULL, '2015-05-24 08:12:57', 4168, 'W'),
(180, '03933817', 'ALAMNAGAR', NULL, 1, NULL, '2015-05-24 08:37:14', NULL, '2015-05-24 08:37:14', 4169, 'U'),
(180, '03933821', 'DHOPAKANDI', NULL, 1, NULL, '2015-05-24 08:37:14', NULL, '2015-05-24 08:37:14', 4170, 'U'),
(180, '03933858', 'HADIRA', NULL, 1, NULL, '2015-05-24 08:37:14', NULL, '2015-05-24 08:37:14', 4171, 'U'),
(180, '03933865', 'HEMNAGAR', NULL, 1, NULL, '2015-05-24 08:37:14', NULL, '2015-05-24 08:37:14', 4172, 'U'),
(180, '03933873', 'JHAWAIL', NULL, 1, NULL, '2015-05-24 08:37:14', NULL, '2015-05-24 08:37:14', 4173, 'U'),
(180, '03933880', 'MIRZAPUR', NULL, 1, NULL, '2015-05-24 08:37:14', NULL, '2015-05-24 08:37:14', 4174, 'U'),
(180, '03933894', 'NAGDA SIMLA', NULL, 1, NULL, '2015-05-24 08:37:14', NULL, '2015-05-24 08:37:14', 4175, 'U'),
(181, '03934701', 'WARD NO-01', NULL, 1, NULL, '2015-05-24 08:12:57', NULL, '2015-05-24 08:12:57', 4176, 'W'),
(181, '03934702', 'WARD NO-02', NULL, 1, NULL, '2015-05-24 08:12:57', NULL, '2015-05-24 08:12:57', 4177, 'W'),
(181, '03934703', 'WARD NO-03', NULL, 1, NULL, '2015-05-24 08:12:57', NULL, '2015-05-24 08:12:57', 4178, 'W'),
(181, '03934704', 'WARD NO-04', NULL, 1, NULL, '2015-05-24 08:12:57', NULL, '2015-05-24 08:12:57', 4179, 'W'),
(181, '03934705', 'WARD NO-05', NULL, 1, NULL, '2015-05-24 08:12:57', NULL, '2015-05-24 08:12:57', 4180, 'W'),
(181, '03934706', 'WARD NO-06', NULL, 1, NULL, '2015-05-24 08:12:57', NULL, '2015-05-24 08:12:57', 4181, 'W'),
(181, '03934707', 'WARD NO-07', NULL, 1, NULL, '2015-05-24 08:12:57', NULL, '2015-05-24 08:12:57', 4182, 'W'),
(181, '03934708', 'WARD NO-08', NULL, 1, NULL, '2015-05-24 08:12:57', NULL, '2015-05-24 08:12:57', 4183, 'W'),
(181, '03934709', 'WARD NO-09', NULL, 1, NULL, '2015-05-24 08:12:57', NULL, '2015-05-24 08:12:57', 4184, 'W'),
(181, '03934712', 'BALLA', NULL, 1, NULL, '2015-05-24 08:37:14', NULL, '2015-05-24 08:37:14', 4185, 'U'),
(181, '03934714', 'BANGRA', NULL, 1, NULL, '2015-05-24 08:37:14', NULL, '2015-05-24 08:37:14', 4186, 'U'),
(181, '03934721', 'BIR BASUNDA', NULL, 1, NULL, '2015-05-24 08:37:14', NULL, '2015-05-24 08:37:14', 4187, 'U'),
(181, '03934725', 'DASHKIA', NULL, 1, NULL, '2015-05-24 08:37:14', NULL, '2015-05-24 08:37:14', 4188, 'U'),
(181, '03934729', 'DURGAPUR', NULL, 1, NULL, '2015-05-24 08:37:14', NULL, '2015-05-24 08:37:14', 4189, 'U'),
(181, '03934736', 'ELENGA', NULL, 1, NULL, '2015-05-24 08:37:14', NULL, '2015-05-24 08:37:14', 4190, 'U'),
(181, '03934743', 'GOHALIABARI', NULL, 1, NULL, '2015-05-24 08:37:14', NULL, '2015-05-24 08:37:14', 4191, 'U'),
(181, '03934758', 'KOK DAHARA', NULL, 1, NULL, '2015-05-24 08:37:14', NULL, '2015-05-24 08:37:14', 4192, 'U'),
(181, '03934765', 'NAGBARI', NULL, 1, NULL, '2015-05-24 08:37:14', NULL, '2015-05-24 08:37:14', 4193, 'U'),
(181, '03934773', 'NARANDIA', NULL, 1, NULL, '2015-05-24 08:37:14', NULL, '2015-05-24 08:37:14', 4194, 'U'),
(181, '03934780', 'PAIKARA', NULL, 1, NULL, '2015-05-24 08:37:14', NULL, '2015-05-24 08:37:14', 4195, 'U'),
(181, '03934783', 'PARKI', NULL, 1, NULL, '2015-05-24 08:37:14', NULL, '2015-05-24 08:37:14', 4196, 'U'),
(181, '03934787', 'SALLA', NULL, 1, NULL, '2015-05-24 08:37:14', NULL, '2015-05-24 08:37:14', 4197, 'U'),
(181, '03934794', 'SAHADEBPUR', NULL, 1, NULL, '2015-05-24 08:37:14', NULL, '2015-05-24 08:37:14', 4198, 'U'),
(182, '03935701', 'WARD NO-01', NULL, 1, NULL, '2015-05-24 08:12:57', NULL, '2015-05-24 08:12:57', 4199, 'W'),
(182, '03935702', 'WARD NO-02', NULL, 1, NULL, '2015-05-24 08:12:57', NULL, '2015-05-24 08:12:57', 4200, 'W'),
(182, '03935703', 'WARD NO-03', NULL, 1, NULL, '2015-05-24 08:12:57', NULL, '2015-05-24 08:12:57', 4201, 'W'),
(182, '03935704', 'WARD NO-04', NULL, 1, NULL, '2015-05-24 08:12:57', NULL, '2015-05-24 08:12:57', 4202, 'W'),
(182, '03935705', 'WARD NO-05', NULL, 1, NULL, '2015-05-24 08:12:57', NULL, '2015-05-24 08:12:57', 4203, 'W'),
(182, '03935706', 'WARD NO-06', NULL, 1, NULL, '2015-05-24 08:12:57', NULL, '2015-05-24 08:12:57', 4204, 'W'),
(182, '03935707', 'WARD NO-07', NULL, 1, NULL, '2015-05-24 08:12:57', NULL, '2015-05-24 08:12:57', 4205, 'W'),
(182, '03935708', 'WARD NO-08', NULL, 1, NULL, '2015-05-24 08:12:57', NULL, '2015-05-24 08:12:57', 4206, 'W'),
(182, '03935709', 'WARD NO-09', NULL, 1, NULL, '2015-05-24 08:12:57', NULL, '2015-05-24 08:12:57', 4207, 'W'),
(182, '03935721', 'ALOKDIA', NULL, 1, NULL, '2015-05-24 08:37:14', NULL, '2015-05-24 08:37:14', 4208, 'U'),
(182, '03935724', 'ARANKHOLA', NULL, 1, NULL, '2015-05-24 08:37:14', NULL, '2015-05-24 08:37:14', 4209, 'U'),
(182, '03935728', 'AUSNARA', NULL, 1, NULL, '2015-05-24 08:37:14', NULL, '2015-05-24 08:37:14', 4210, 'U'),
(182, '03935766', 'GOLABARI', NULL, 1, NULL, '2015-05-24 08:37:14', NULL, '2015-05-24 08:37:14', 4211, 'U'),
(182, '03935778', 'MIRZABARI', NULL, 1, NULL, '2015-05-24 08:37:14', NULL, '2015-05-24 08:37:14', 4212, 'U'),
(182, '03935792', 'SOLAKURI', NULL, 1, NULL, '2015-05-24 08:37:14', NULL, '2015-05-24 08:37:14', 4213, 'U'),
(183, '03936601', 'WARD NO-01', NULL, 1, NULL, '2015-05-24 08:12:57', NULL, '2015-05-24 08:12:57', 4214, 'W'),
(183, '03936602', 'WARD NO-02', NULL, 1, NULL, '2015-05-24 08:12:57', NULL, '2015-05-24 08:12:57', 4215, 'W'),
(183, '03936603', 'WARD NO-03', NULL, 1, NULL, '2015-05-24 08:12:57', NULL, '2015-05-24 08:12:57', 4216, 'W'),
(183, '03936604', 'WARD NO-04', NULL, 1, NULL, '2015-05-24 08:12:57', NULL, '2015-05-24 08:12:57', 4217, 'W'),
(183, '03936605', 'WARD NO-05', NULL, 1, NULL, '2015-05-24 08:12:57', NULL, '2015-05-24 08:12:57', 4218, 'W'),
(183, '03936606', 'WARD NO-06', NULL, 1, NULL, '2015-05-24 08:12:57', NULL, '2015-05-24 08:12:57', 4219, 'W'),
(183, '03936607', 'WARD NO-07', NULL, 1, NULL, '2015-05-24 08:12:57', NULL, '2015-05-24 08:12:57', 4220, 'W'),
(183, '03936608', 'WARD NO-08', NULL, 1, NULL, '2015-05-24 08:12:57', NULL, '2015-05-24 08:12:57', 4221, 'W'),
(183, '03936609', 'WARD NO-09', NULL, 1, NULL, '2015-05-24 08:12:57', NULL, '2015-05-24 08:12:57', 4222, 'W'),
(183, '03936613', 'AJGANA', NULL, 1, NULL, '2015-05-24 08:37:14', NULL, '2015-05-24 08:37:14', 4223, 'U'),
(183, '03936615', 'ANAITARA', NULL, 1, NULL, '2015-05-24 08:37:14', NULL, '2015-05-24 08:37:14', 4224, 'U'),
(183, '03936623', 'BAHURIA', NULL, 1, NULL, '2015-05-24 08:37:14', NULL, '2015-05-24 08:37:14', 4225, 'U'),
(183, '03936631', 'BANAIL', NULL, 1, NULL, '2015-05-24 08:37:14', NULL, '2015-05-24 08:37:14', 4226, 'U'),
(183, '03936634', 'BANSHTAIL', NULL, 1, NULL, '2015-05-24 08:37:14', NULL, '2015-05-24 08:37:14', 4227, 'U'),
(183, '03936639', 'BHATGRAM', NULL, 1, NULL, '2015-05-24 08:37:14', NULL, '2015-05-24 08:37:14', 4228, 'U'),
(183, '03936647', 'FATEHPUR', NULL, 1, NULL, '2015-05-24 08:37:14', NULL, '2015-05-24 08:37:14', 4229, 'U'),
(183, '03936655', 'GORAI', NULL, 1, NULL, '2015-05-24 08:37:14', NULL, '2015-05-24 08:37:14', 4230, 'U'),
(183, '03936663', 'JAMURKI', NULL, 1, NULL, '2015-05-24 08:37:14', NULL, '2015-05-24 08:37:14', 4231, 'U'),
(183, '03936671', 'MAHERA', NULL, 1, NULL, '2015-05-24 08:37:14', NULL, '2015-05-24 08:37:14', 4232, 'U'),
(183, '03936687', 'TARAFPUR', NULL, 1, NULL, '2015-05-24 08:37:14', NULL, '2015-05-24 08:37:14', 4233, 'U'),
(183, '03936694', 'UARSI', NULL, 1, NULL, '2015-05-24 08:37:14', NULL, '2015-05-24 08:37:14', 4234, 'U'),
(184, '03937610', 'BEKRA', NULL, 1, NULL, '2015-05-24 08:37:14', NULL, '2015-05-24 08:37:14', 4235, 'U'),
(184, '03937612', 'BHADRA', NULL, 1, NULL, '2015-05-24 08:37:14', NULL, '2015-05-24 08:37:14', 4236, 'U'),
(184, '03937614', 'BHARA', NULL, 1, NULL, '2015-05-24 08:37:14', NULL, '2015-05-24 08:37:14', 4237, 'U'),
(184, '03937621', 'DUPTIAIR', NULL, 1, NULL, '2015-05-24 08:37:14', NULL, '2015-05-24 08:37:14', 4238, 'U'),
(184, '03937636', 'DHUBARIA', NULL, 1, NULL, '2015-05-24 08:37:14', NULL, '2015-05-24 08:37:14', 4239, 'U'),
(184, '03937643', 'GAYHATA', NULL, 1, NULL, '2015-05-24 08:37:14', NULL, '2015-05-24 08:37:14', 4240, 'U'),
(184, '03937658', 'MAMUDNAGAR', NULL, 1, NULL, '2015-05-24 08:37:14', NULL, '2015-05-24 08:37:14', 4241, 'U'),
(184, '03937665', 'MOKHNA', NULL, 1, NULL, '2015-05-24 08:37:14', NULL, '2015-05-24 08:37:14', 4242, 'U'),
(184, '03937673', 'NAGARPUR', NULL, 1, NULL, '2015-05-24 08:37:14', NULL, '2015-05-24 08:37:14', 4243, 'U'),
(184, '03937680', 'PAKUTIA', NULL, 1, NULL, '2015-05-24 08:37:14', NULL, '2015-05-24 08:37:14', 4244, 'U'),
(184, '03937687', 'SAHABATPUR', NULL, 1, NULL, '2015-05-24 08:37:14', NULL, '2015-05-24 08:37:14', 4245, 'U'),
(184, '03937694', 'SALIMABAD', NULL, 1, NULL, '2015-05-24 08:37:14', NULL, '2015-05-24 08:37:14', 4246, 'U'),
(185, '03938501', 'WARD NO-01', NULL, 1, NULL, '2015-05-24 08:12:57', NULL, '2015-05-24 08:12:57', 4247, 'W'),
(185, '03938502', 'WARD NO-02', NULL, 1, NULL, '2015-05-24 08:12:57', NULL, '2015-05-24 08:12:57', 4248, 'W'),
(185, '03938503', 'WARD NO-03', NULL, 1, NULL, '2015-05-24 08:12:57', NULL, '2015-05-24 08:12:57', 4249, 'W'),
(185, '03938504', 'WARD NO-04', NULL, 1, NULL, '2015-05-24 08:12:57', NULL, '2015-05-24 08:12:57', 4250, 'W'),
(185, '03938505', 'WARD NO-05', NULL, 1, NULL, '2015-05-24 08:12:57', NULL, '2015-05-24 08:12:57', 4251, 'W'),
(185, '03938506', 'WARD NO-06', NULL, 1, NULL, '2015-05-24 08:12:57', NULL, '2015-05-24 08:12:57', 4252, 'W'),
(185, '03938507', 'WARD NO-07', NULL, 1, NULL, '2015-05-24 08:12:57', NULL, '2015-05-24 08:12:57', 4253, 'W'),
(185, '03938508', 'WARD NO-08', NULL, 1, NULL, '2015-05-24 08:12:57', NULL, '2015-05-24 08:12:57', 4254, 'W'),
(185, '03938509', 'WARD NO-09', NULL, 1, NULL, '2015-05-24 08:12:57', NULL, '2015-05-24 08:12:57', 4255, 'W'),
(185, '03938513', 'BAHERATAIL', NULL, 1, NULL, '2015-05-24 08:37:14', NULL, '2015-05-24 08:37:14', 4256, 'U'),
(185, '03938527', 'GAZARIA', NULL, 1, NULL, '2015-05-24 08:37:14', NULL, '2015-05-24 08:37:14', 4257, 'U'),
(185, '03938540', 'HATIBANDHA', NULL, 1, NULL, '2015-05-24 08:37:14', NULL, '2015-05-24 08:37:14', 4258, 'U'),
(185, '03938554', 'JADABPUR', NULL, 1, NULL, '2015-05-24 08:37:14', NULL, '2015-05-24 08:37:14', 4259, 'U'),
(185, '03938567', 'KAKRAJAN', NULL, 1, NULL, '2015-05-24 08:37:14', NULL, '2015-05-24 08:37:14', 4260, 'U'),
(185, '03938581', 'KALIA', NULL, 1, NULL, '2015-05-24 08:37:14', NULL, '2015-05-24 08:37:14', 4261, 'U'),
(186, '03939501', 'WARD NO-01', NULL, 1, NULL, '2015-05-24 08:12:57', NULL, '2015-05-24 08:12:57', 4262, 'W'),
(186, '03939502', 'WARD NO-02', NULL, 1, NULL, '2015-05-24 08:12:57', NULL, '2015-05-24 08:12:57', 4263, 'W'),
(186, '03939503', 'WARD NO-03', NULL, 1, NULL, '2015-05-24 08:12:57', NULL, '2015-05-24 08:12:57', 4264, 'W'),
(186, '03939504', 'WARD NO-04', NULL, 1, NULL, '2015-05-24 08:12:57', NULL, '2015-05-24 08:12:57', 4265, 'W'),
(186, '03939505', 'WARD NO-05', NULL, 1, NULL, '2015-05-24 08:12:57', NULL, '2015-05-24 08:12:57', 4266, 'W'),
(186, '03939506', 'WARD NO-06', NULL, 1, NULL, '2015-05-24 08:12:57', NULL, '2015-05-24 08:12:57', 4267, 'W'),
(186, '03939507', 'WARD NO-07', NULL, 1, NULL, '2015-05-24 08:12:57', NULL, '2015-05-24 08:12:57', 4268, 'W'),
(186, '03939508', 'WARD NO-08', NULL, 1, NULL, '2015-05-24 08:12:57', NULL, '2015-05-24 08:12:57', 4269, 'W'),
(186, '03939509', 'WARD NO-09', NULL, 1, NULL, '2015-05-24 08:12:57', NULL, '2015-05-24 08:12:57', 4270, 'W'),
(186, '03939510', 'WARD NO-10', NULL, 1, NULL, '2015-05-24 08:12:57', NULL, '2015-05-24 08:12:57', 4271, 'W'),
(186, '03939511', 'WARD NO-11', NULL, 1, NULL, '2015-05-24 08:12:57', NULL, '2015-05-24 08:12:57', 4272, 'W'),
(186, '03939512', 'WARD NO-12', NULL, 1, NULL, '2015-05-24 08:12:57', NULL, '2015-05-24 08:12:57', 4273, 'W'),
(186, '03939513', 'WARD NO-13', NULL, 1, NULL, '2015-05-24 08:12:57', NULL, '2015-05-24 08:12:57', 4274, 'W'),
(186, '03939514', 'WARD NO-14', NULL, 1, NULL, '2015-05-24 08:12:57', NULL, '2015-05-24 08:12:57', 4275, 'W'),
(186, '03939515', 'WARD NO-15', NULL, 1, NULL, '2015-05-24 08:12:57', NULL, '2015-05-24 08:12:57', 4276, 'W'),
(186, '03939516', 'WARD NO-16', NULL, 1, NULL, '2015-05-24 08:12:57', NULL, '2015-05-24 08:12:57', 4277, 'W'),
(186, '03939517', 'WARD NO-17', NULL, 1, NULL, '2015-05-24 08:12:57', NULL, '2015-05-24 08:12:57', 4278, 'W'),
(186, '03939518', 'WARD NO-18', NULL, 1, NULL, '2015-05-24 08:12:57', NULL, '2015-05-24 08:12:57', 4279, 'W'),
(186, '03939537', 'BAGHIL', NULL, 1, NULL, '2015-05-24 08:37:14', NULL, '2015-05-24 08:37:14', 4280, 'U'),
(186, '03939539', 'DANYA', NULL, 1, NULL, '2015-05-24 08:37:14', NULL, '2015-05-24 08:37:14', 4281, 'U'),
(186, '03939541', 'GALA', NULL, 1, NULL, '2015-05-24 08:37:14', NULL, '2015-05-24 08:37:14', 4282, 'U'),
(186, '03939547', 'GHARINDA', NULL, 1, NULL, '2015-05-24 08:37:14', NULL, '2015-05-24 08:37:14', 4283, 'U'),
(186, '03939553', 'HUGRA', NULL, 1, NULL, '2015-05-24 08:37:14', NULL, '2015-05-24 08:37:14', 4284, 'U'),
(186, '03939559', 'KARATIA', NULL, 1, NULL, '2015-05-24 08:37:14', NULL, '2015-05-24 08:37:14', 4285, 'U'),
(186, '03939565', 'KATULI', NULL, 1, NULL, '2015-05-24 08:37:14', NULL, '2015-05-24 08:37:14', 4286, 'U'),
(186, '03939571', 'KAKUA', NULL, 1, NULL, '2015-05-24 08:37:14', NULL, '2015-05-24 08:37:14', 4287, 'U'),
(186, '03939577', 'MAGRA', NULL, 1, NULL, '2015-05-24 08:37:14', NULL, '2015-05-24 08:37:14', 4288, 'U'),
(186, '03939580', 'MAHAMUDNAGAR', NULL, 1, NULL, '2015-05-24 08:37:14', NULL, '2015-05-24 08:37:14', 4289, 'U'),
(186, '03939583', 'SILIMPUR', NULL, 1, NULL, '2015-05-24 08:37:14', NULL, '2015-05-24 08:37:14', 4290, 'U'),
(186, '03939590', 'PORABARI', NULL, 1, NULL, '2015-05-24 08:37:14', NULL, '2015-05-24 08:37:14', 4291, 'U'),
(204, '04416102', 'WARD NO-02', NULL, 1, NULL, '2015-05-24 08:12:57', NULL, '2015-05-24 08:12:57', 4292, 'W'),
(204, '04416103', 'WARD NO-03', NULL, 1, NULL, '2015-05-24 08:12:57', NULL, '2015-05-24 08:12:57', 4293, 'W'),
(204, '04416104', 'WARD NO-04', NULL, 1, NULL, '2015-05-24 08:12:57', NULL, '2015-05-24 08:12:57', 4294, 'W'),
(204, '04416105', 'WARD NO-05', NULL, 1, NULL, '2015-05-24 08:12:57', NULL, '2015-05-24 08:12:57', 4295, 'W'),
(204, '04416106', 'WARD NO-06', NULL, 1, NULL, '2015-05-24 08:12:57', NULL, '2015-05-24 08:12:57', 4296, 'W'),
(204, '04416107', 'WARD NO-07', NULL, 1, NULL, '2015-05-24 08:12:57', NULL, '2015-05-24 08:12:57', 4297, 'W'),
(204, '04416108', 'WARD NO-08', NULL, 1, NULL, '2015-05-24 08:12:57', NULL, '2015-05-24 08:12:57', 4298, 'W'),
(204, '04416109', 'WARD NO-09', NULL, 1, NULL, '2015-05-24 08:12:57', NULL, '2015-05-24 08:12:57', 4299, 'W'),
(204, '04416110', 'BHOJGATI', NULL, 1, NULL, '2015-05-24 08:37:14', NULL, '2015-05-24 08:37:14', 4300, 'U'),
(204, '04416111', 'CHALUAHATI', NULL, 1, NULL, '2015-05-24 08:37:14', NULL, '2015-05-24 08:37:14', 4301, 'U'),
(204, '04416116', 'DHAKURIA', NULL, 1, NULL, '2015-05-24 08:37:14', NULL, '2015-05-24 08:37:14', 4302, 'U'),
(204, '04416122', 'DURBADANGA', NULL, 1, NULL, '2015-05-24 08:37:14', NULL, '2015-05-24 08:37:14', 4303, 'U'),
(204, '04416127', 'HARIDASKATI', NULL, 1, NULL, '2015-05-24 08:37:14', NULL, '2015-05-24 08:37:14', 4304, 'U'),
(204, '04416133', 'HARIHARNAGAR', NULL, 1, NULL, '2015-05-24 08:37:14', NULL, '2015-05-24 08:37:14', 4305, 'U'),
(204, '04416139', 'JHANPA', NULL, 1, NULL, '2015-05-24 08:37:14', NULL, '2015-05-24 08:37:14', 4306, 'U'),
(204, '04416144', 'KASHIMNAGAR', NULL, 1, NULL, '2015-05-24 08:37:14', NULL, '2015-05-24 08:37:14', 4307, 'U'),
(204, '04416150', 'KHANPUR', NULL, 1, NULL, '2015-05-24 08:37:14', NULL, '2015-05-24 08:37:14', 4308, 'U'),
(204, '04416155', 'KHEDA PARA', NULL, 1, NULL, '2015-05-24 08:37:14', NULL, '2015-05-24 08:37:14', 4309, 'U'),
(204, '04416161', 'KULTIA', NULL, 1, NULL, '2015-05-24 08:37:14', NULL, '2015-05-24 08:37:14', 4310, 'U'),
(204, '04416167', 'MANIRAMPUR', NULL, 1, NULL, '2015-05-24 08:37:14', NULL, '2015-05-24 08:37:14', 4311, 'U'),
(204, '04416172', 'MANOHARPUR', NULL, 1, NULL, '2015-05-24 08:37:14', NULL, '2015-05-24 08:37:14', 4312, 'U'),
(204, '04416178', 'MASWIMNAGAR', NULL, 1, NULL, '2015-05-24 08:37:14', NULL, '2015-05-24 08:37:14', 4313, 'U'),
(204, '04416183', 'NEHALPUR', NULL, 1, NULL, '2015-05-24 08:37:14', NULL, '2015-05-24 08:37:14', 4314, 'U'),
(204, '04416189', 'ROHITA', NULL, 1, NULL, '2015-05-24 08:37:14', NULL, '2015-05-24 08:37:14', 4315, 'U'),
(204, '04416194', 'SHYAMKUR', NULL, 1, NULL, '2015-05-24 08:37:14', NULL, '2015-05-24 08:37:14', 4316, 'U'),
(205, '04419001', 'WARD NO-01', NULL, 1, NULL, '2015-05-24 08:12:57', NULL, '2015-05-24 08:12:57', 4317, 'W'),
(205, '04419002', 'WARD NO-02', NULL, 1, NULL, '2015-05-24 08:12:57', NULL, '2015-05-24 08:12:57', 4318, 'W'),
(205, '04419003', 'WARD NO-03', NULL, 1, NULL, '2015-05-24 08:12:57', NULL, '2015-05-24 08:12:57', 4319, 'W'),
(205, '04419004', 'WARD NO-04', NULL, 1, NULL, '2015-05-24 08:12:57', NULL, '2015-05-24 08:12:57', 4320, 'W'),
(205, '04419005', 'WARD NO-05', NULL, 1, NULL, '2015-05-24 08:12:57', NULL, '2015-05-24 08:12:57', 4321, 'W'),
(205, '04419006', 'WARD NO-06', NULL, 1, NULL, '2015-05-24 08:12:57', NULL, '2015-05-24 08:12:57', 4322, 'W'),
(205, '04419007', 'WARD NO-07', NULL, 1, NULL, '2015-05-24 08:12:57', NULL, '2015-05-24 08:12:57', 4323, 'W'),
(205, '04419008', 'WARD NO-08', NULL, 1, NULL, '2015-05-24 08:12:57', NULL, '2015-05-24 08:12:57', 4324, 'W'),
(205, '04419009', 'WARD NO-09', NULL, 1, NULL, '2015-05-24 08:12:57', NULL, '2015-05-24 08:12:57', 4325, 'W'),
(205, '04419013', 'BAGACHRA', NULL, 1, NULL, '2015-05-24 08:37:14', NULL, '2015-05-24 08:37:14', 4326, 'U'),
(205, '04419017', 'BAHADURPUR', NULL, 1, NULL, '2015-05-24 08:37:14', NULL, '2015-05-24 08:37:14', 4327, 'U'),
(205, '04419025', 'BENAPOLE', NULL, 1, NULL, '2015-05-24 08:37:14', NULL, '2015-05-24 08:37:14', 4328, 'U'),
(205, '04419034', 'DIHI', NULL, 1, NULL, '2015-05-24 08:37:14', NULL, '2015-05-24 08:37:14', 4329, 'U'),
(205, '04419043', 'GOGA', NULL, 1, NULL, '2015-05-24 08:37:14', NULL, '2015-05-24 08:37:14', 4330, 'U'),
(205, '04419051', 'KAYBA', NULL, 1, NULL, '2015-05-24 08:37:14', NULL, '2015-05-24 08:37:14', 4331, 'U'),
(205, '04419060', 'LAKSHMANPUR', NULL, 1, NULL, '2015-05-24 08:37:14', NULL, '2015-05-24 08:37:14', 4332, 'U'),
(205, '04419069', 'NIZAMPUR', NULL, 1, NULL, '2015-05-24 08:37:14', NULL, '2015-05-24 08:37:14', 4333, 'U'),
(205, '04419077', 'PUTKHALI', NULL, 1, NULL, '2015-05-24 08:37:14', NULL, '2015-05-24 08:37:14', 4334, 'U'),
(205, '04419086', 'SHARSHA', NULL, 1, NULL, '2015-05-24 08:37:14', NULL, '2015-05-24 08:37:14', 4335, 'U'),
(205, '04419094', 'ULASHI', NULL, 1, NULL, '2015-05-24 08:37:14', NULL, '2015-05-24 08:37:14', 4336, 'U'),
(206, '04441401', 'WARD NO-01', NULL, 1, NULL, '2015-05-24 08:12:57', NULL, '2015-05-24 08:12:57', 4337, 'W'),
(206, '04441402', 'WARD NO-02', NULL, 1, NULL, '2015-05-24 08:12:57', NULL, '2015-05-24 08:12:57', 4338, 'W'),
(206, '04441403', 'WARD NO-03', NULL, 1, NULL, '2015-05-24 08:12:57', NULL, '2015-05-24 08:12:57', 4339, 'W'),
(206, '04441404', 'WARD NO-04', NULL, 1, NULL, '2015-05-24 08:12:57', NULL, '2015-05-24 08:12:57', 4340, 'W'),
(206, '04441405', 'WARD NO-05', NULL, 1, NULL, '2015-05-24 08:12:57', NULL, '2015-05-24 08:12:57', 4341, 'W'),
(206, '04441406', 'WARD NO-06', NULL, 1, NULL, '2015-05-24 08:12:57', NULL, '2015-05-24 08:12:57', 4342, 'W'),
(206, '04441407', 'WARD NO-07', NULL, 1, NULL, '2015-05-24 08:12:57', NULL, '2015-05-24 08:12:57', 4343, 'W'),
(206, '04441408', 'WARD NO-08', NULL, 1, NULL, '2015-05-24 08:12:57', NULL, '2015-05-24 08:12:57', 4344, 'W'),
(206, '04441409', 'WARD NO-09', NULL, 1, NULL, '2015-05-24 08:12:57', NULL, '2015-05-24 08:12:57', 4345, 'W'),
(206, '04441410', 'BHAYNA', NULL, 1, NULL, '2015-05-24 08:37:14', NULL, '2015-05-24 08:37:14', 4346, 'U'),
(206, '04441421', 'CHANDPUR', NULL, 1, NULL, '2015-05-24 08:37:14', NULL, '2015-05-24 08:37:14', 4347, 'U'),
(206, '04441431', 'DAULATPUR', NULL, 1, NULL, '2015-05-24 08:37:14', NULL, '2015-05-24 08:37:14', 4348, 'U'),
(206, '04441442', 'PHALSI', NULL, 1, NULL, '2015-05-24 08:37:14', NULL, '2015-05-24 08:37:14', 4349, 'U'),
(206, '04441452', 'JORADAHA', NULL, 1, NULL, '2015-05-24 08:37:14', NULL, '2015-05-24 08:37:14', 4350, 'U'),
(206, '04441463', 'KAPASHATI', NULL, 1, NULL, '2015-05-24 08:37:14', NULL, '2015-05-24 08:37:14', 4351, 'U'),
(206, '04441473', 'RAGHUNATHPUR', NULL, 1, NULL, '2015-05-24 08:37:14', NULL, '2015-05-24 08:37:14', 4352, 'U'),
(206, '04441484', 'TAHERHUDA', NULL, 1, NULL, '2015-05-24 08:37:14', NULL, '2015-05-24 08:37:14', 4353, 'U'),
(207, '04441901', 'WARD NO-01', NULL, 1, NULL, '2015-05-24 08:12:57', NULL, '2015-05-24 08:12:57', 4354, 'W'),
(207, '04441902', 'WARD NO-02', NULL, 1, NULL, '2015-05-24 08:12:57', NULL, '2015-05-24 08:12:57', 4355, 'W'),
(207, '04441903', 'WARD NO-03', NULL, 1, NULL, '2015-05-24 08:12:57', NULL, '2015-05-24 08:12:57', 4356, 'W'),
(207, '04441904', 'WARD NO-04', NULL, 1, NULL, '2015-05-24 08:12:57', NULL, '2015-05-24 08:12:57', 4357, 'W'),
(207, '04441905', 'WARD NO-05', NULL, 1, NULL, '2015-05-24 08:12:57', NULL, '2015-05-24 08:12:57', 4358, 'W'),
(207, '04441906', 'WARD NO-06', NULL, 1, NULL, '2015-05-24 08:12:57', NULL, '2015-05-24 08:12:57', 4359, 'W'),
(207, '04441907', 'WARD NO-07', NULL, 1, NULL, '2015-05-24 08:12:57', NULL, '2015-05-24 08:12:57', 4360, 'W'),
(207, '04441908', 'WARD NO-08', NULL, 1, NULL, '2015-05-24 08:12:57', NULL, '2015-05-24 08:12:57', 4361, 'W'),
(207, '04441909', 'WARD NO-09', NULL, 1, NULL, '2015-05-24 08:12:57', NULL, '2015-05-24 08:12:57', 4362, 'W'),
(207, '04441911', 'DOGACHHI', NULL, 1, NULL, '2015-05-24 08:37:14', NULL, '2015-05-24 08:37:14', 4363, 'U'),
(207, '04441913', 'FURSANDI', NULL, 1, NULL, '2015-05-24 08:37:14', NULL, '2015-05-24 08:37:14', 4364, 'U'),
(207, '04441915', 'GANNA', NULL, 1, NULL, '2015-05-24 08:37:14', NULL, '2015-05-24 08:37:14', 4365, 'U'),
(207, '04441921', 'GHORSHAL', NULL, 1, NULL, '2015-05-24 08:37:14', NULL, '2015-05-24 08:37:14', 4366, 'U'),
(207, '04441926', 'HALIDHANI', NULL, 1, NULL, '2015-05-24 08:37:14', NULL, '2015-05-24 08:37:14', 4367, 'U'),
(207, '04441931', 'HARISHANKARPUR', NULL, 1, NULL, '2015-05-24 08:37:14', NULL, '2015-05-24 08:37:14', 4368, 'U'),
(207, '04441942', 'KALICHARANPUR', NULL, 1, NULL, '2015-05-24 08:37:14', NULL, '2015-05-24 08:37:14', 4369, 'U'),
(207, '04441947', 'KUMRABARIA', NULL, 1, NULL, '2015-05-24 08:37:14', NULL, '2015-05-24 08:37:14', 4370, 'U'),
(207, '04441952', 'MADHUHATI', NULL, 1, NULL, '2015-05-24 08:37:14', NULL, '2015-05-24 08:37:14', 4371, 'U'),
(207, '04441958', 'MOHARAJPUR', NULL, 1, NULL, '2015-05-24 08:37:14', NULL, '2015-05-24 08:37:14', 4372, 'U'),
(207, '04441963', 'NALDANGA', NULL, 1, NULL, '2015-05-24 08:37:14', NULL, '2015-05-24 08:37:14', 4373, 'U'),
(207, '04441968', 'PADMAKAR', NULL, 1, NULL, '2015-05-24 08:37:14', NULL, '2015-05-24 08:37:14', 4374, 'U'),
(207, '04441973', 'PAGLAKANAI', NULL, 1, NULL, '2015-05-24 08:37:14', NULL, '2015-05-24 08:37:14', 4375, 'U'),
(207, '04441979', 'PORAHATI', NULL, 1, NULL, '2015-05-24 08:37:14', NULL, '2015-05-24 08:37:14', 4376, 'U'),
(207, '04441984', 'SAGANNA', NULL, 1, NULL, '2015-05-24 08:37:14', NULL, '2015-05-24 08:37:14', 4377, 'U'),
(207, '04441989', 'SADHUHATI', NULL, 1, NULL, '2015-05-24 08:37:14', NULL, '2015-05-24 08:37:14', 4378, 'U'),
(207, '04441994', 'SURAT', NULL, 1, NULL, '2015-05-24 08:37:14', NULL, '2015-05-24 08:37:14', 4379, 'U'),
(208, '04443301', 'WARD NO-01', NULL, 1, NULL, '2015-05-24 08:12:57', NULL, '2015-05-24 08:12:57', 4380, 'W'),
(208, '04443302', 'WARD NO-02', NULL, 1, NULL, '2015-05-24 08:12:57', NULL, '2015-05-24 08:12:57', 4381, 'W'),
(208, '04443303', 'WARD NO-03', NULL, 1, NULL, '2015-05-24 08:12:57', NULL, '2015-05-24 08:12:57', 4382, 'W'),
(208, '04443304', 'WARD NO-04', NULL, 1, NULL, '2015-05-24 08:12:57', NULL, '2015-05-24 08:12:57', 4383, 'W'),
(208, '04443305', 'WARD NO-05', NULL, 1, NULL, '2015-05-24 08:12:57', NULL, '2015-05-24 08:12:57', 4384, 'W'),
(208, '04443306', 'WARD NO-06', NULL, 1, NULL, '2015-05-24 08:12:57', NULL, '2015-05-24 08:12:57', 4385, 'W'),
(208, '04443307', 'WARD NO-07', NULL, 1, NULL, '2015-05-24 08:12:57', NULL, '2015-05-24 08:12:57', 4386, 'W'),
(208, '04443308', 'WARD NO-08', NULL, 1, NULL, '2015-05-24 08:12:57', NULL, '2015-05-24 08:12:57', 4387, 'W'),
(208, '04443309', 'WARD NO-09', NULL, 1, NULL, '2015-05-24 08:12:57', NULL, '2015-05-24 08:12:57', 4388, 'W'),
(208, '04443310', 'BARA BAZAR', NULL, 1, NULL, '2015-05-24 08:37:14', NULL, '2015-05-24 08:37:14', 4389, 'U'),
(208, '04443320', 'JAMAL', NULL, 1, NULL, '2015-05-24 08:37:14', NULL, '2015-05-24 08:37:14', 4390, 'U'),
(208, '04443333', 'SUNDARPUR DURGAPUR', NULL, 1, NULL, '2015-05-24 08:37:14', NULL, '2015-05-24 08:37:14', 4391, 'U'),
(208, '04443340', 'KASHTABHANGA', NULL, 1, NULL, '2015-05-24 08:37:14', NULL, '2015-05-24 08:37:14', 4392, 'U'),
(208, '04443347', 'KOLA', NULL, 1, NULL, '2015-05-24 08:37:14', NULL, '2015-05-24 08:37:14', 4393, 'U'),
(208, '04443354', 'MALIAT', NULL, 1, NULL, '2015-05-24 08:37:14', NULL, '2015-05-24 08:37:14', 4394, 'U'),
(208, '04443361', 'NIAMATPUR', NULL, 1, NULL, '2015-05-24 08:37:14', NULL, '2015-05-24 08:37:14', 4395, 'U'),
(208, '04443374', 'ROYGRAM', NULL, 1, NULL, '2015-05-24 08:37:14', NULL, '2015-05-24 08:37:14', 4396, 'U'),
(208, '04443381', 'RAKHALGACHHI', NULL, 1, NULL, '2015-05-24 08:37:14', NULL, '2015-05-24 08:37:14', 4397, 'U'),
(208, '04443388', 'SIMLA ROKONPUR', NULL, 1, NULL, '2015-05-24 08:37:14', NULL, '2015-05-24 08:37:14', 4398, 'U'),
(208, '04443394', 'TRILOCHANPUR', NULL, 1, NULL, '2015-05-24 08:37:14', NULL, '2015-05-24 08:37:14', 4399, 'U'),
(209, '04444201', 'WARD NO-01', NULL, 1, NULL, '2015-05-24 08:12:57', NULL, '2015-05-24 08:12:57', 4400, 'W'),
(209, '04444202', 'WARD NO-02', NULL, 1, NULL, '2015-05-24 08:12:57', NULL, '2015-05-24 08:12:57', 4401, 'W'),
(209, '04444203', 'WARD NO-03', NULL, 1, NULL, '2015-05-24 08:12:57', NULL, '2015-05-24 08:12:57', 4402, 'W'),
(209, '04444204', 'WARD NO-04', NULL, 1, NULL, '2015-05-24 08:12:57', NULL, '2015-05-24 08:12:57', 4403, 'W'),
(209, '04444205', 'WARD NO-05', NULL, 1, NULL, '2015-05-24 08:12:57', NULL, '2015-05-24 08:12:57', 4404, 'W'),
(209, '04444206', 'WARD NO-06', NULL, 1, NULL, '2015-05-24 08:12:57', NULL, '2015-05-24 08:12:57', 4405, 'W'),
(209, '04444207', 'WARD NO-07', NULL, 1, NULL, '2015-05-24 08:12:57', NULL, '2015-05-24 08:12:57', 4406, 'W'),
(209, '04444208', 'WARD NO-08', NULL, 1, NULL, '2015-05-24 08:12:57', NULL, '2015-05-24 08:12:57', 4407, 'W'),
(209, '04444209', 'WARD NO-09', NULL, 1, NULL, '2015-05-24 08:12:57', NULL, '2015-05-24 08:12:57', 4408, 'W'),
(209, '04444213', 'BALUHAR', NULL, 1, NULL, '2015-05-24 08:37:14', NULL, '2015-05-24 08:37:14', 4409, 'U'),
(209, '04444227', 'DORA', NULL, 1, NULL, '2015-05-24 08:37:14', NULL, '2015-05-24 08:37:14', 4410, 'U'),
(209, '04444240', 'ELANGI', NULL, 1, NULL, '2015-05-24 08:37:14', NULL, '2015-05-24 08:37:14', 4411, 'U'),
(209, '04444267', 'KUSHNA', NULL, 1, NULL, '2015-05-24 08:37:14', NULL, '2015-05-24 08:37:14', 4412, 'U'),
(209, '04444281', 'SABDALPUR', NULL, 1, NULL, '2015-05-24 08:37:14', NULL, '2015-05-24 08:37:14', 4413, 'U'),
(210, '04447101', 'WARD NO-01', NULL, 1, NULL, '2015-05-24 08:12:57', NULL, '2015-05-24 08:12:57', 4414, 'W'),
(210, '04447102', 'WARD NO-02', NULL, 1, NULL, '2015-05-24 08:12:57', NULL, '2015-05-24 08:12:57', 4415, 'W'),
(210, '04447103', 'WARD NO-03', NULL, 1, NULL, '2015-05-24 08:12:57', NULL, '2015-05-24 08:12:57', 4416, 'W'),
(210, '04447104', 'WARD NO-04', NULL, 1, NULL, '2015-05-24 08:12:57', NULL, '2015-05-24 08:12:57', 4417, 'W'),
(210, '04447105', 'WARD NO-05', NULL, 1, NULL, '2015-05-24 08:12:57', NULL, '2015-05-24 08:12:57', 4418, 'W'),
(210, '04447106', 'WARD NO-06', NULL, 1, NULL, '2015-05-24 08:12:57', NULL, '2015-05-24 08:12:57', 4419, 'W'),
(210, '04447107', 'WARD NO-07', NULL, 1, NULL, '2015-05-24 08:12:57', NULL, '2015-05-24 08:12:57', 4420, 'W'),
(210, '04447108', 'WARD NO-08', NULL, 1, NULL, '2015-05-24 08:12:57', NULL, '2015-05-24 08:12:57', 4421, 'W'),
(210, '04447109', 'WARD NO-09', NULL, 1, NULL, '2015-05-24 08:12:57', NULL, '2015-05-24 08:12:57', 4422, 'W'),
(210, '04447110', 'AZAMPUR', NULL, 1, NULL, '2015-05-24 08:37:14', NULL, '2015-05-24 08:37:14', 4423, 'U'),
(210, '04447111', 'BANSHBARIA', NULL, 1, NULL, '2015-05-24 08:37:14', NULL, '2015-05-24 08:37:14', 4424, 'U'),
(210, '04447117', 'FATEHPUR', NULL, 1, NULL, '2015-05-24 08:37:14', NULL, '2015-05-24 08:37:14', 4425, 'U'),
(210, '04447123', 'JADABPUR', NULL, 1, NULL, '2015-05-24 08:37:14', NULL, '2015-05-24 08:37:14', 4426, 'U'),
(210, '04447129', 'KAZIRBER', NULL, 1, NULL, '2015-05-24 08:37:14', NULL, '2015-05-24 08:37:14', 4427, 'U'),
(210, '04447135', 'MANDERBARI', NULL, 1, NULL, '2015-05-24 08:37:14', NULL, '2015-05-24 08:37:14', 4428, 'U'),
(210, '04447153', 'NATIMA', NULL, 1, NULL, '2015-05-24 08:37:14', NULL, '2015-05-24 08:37:14', 4429, 'U'),
(210, '04447159', 'NEPA', NULL, 1, NULL, '2015-05-24 08:37:14', NULL, '2015-05-24 08:37:14', 4430, 'U'),
(210, '04447165', 'PANTHA PARA', NULL, 1, NULL, '2015-05-24 08:37:14', NULL, '2015-05-24 08:37:14', 4431, 'U'),
(210, '04447177', 'SHYAMKUR', NULL, 1, NULL, '2015-05-24 08:37:14', NULL, '2015-05-24 08:37:14', 4432, 'U'),
(210, '04447183', 'S.B.K', NULL, 1, NULL, '2015-05-24 08:37:14', NULL, '2015-05-24 08:37:14', 4433, 'U'),
(210, '04447189', 'SWARUPPUR', NULL, 1, NULL, '2015-05-24 08:37:14', NULL, '2015-05-24 08:37:14', 4434, 'U'),
(211, '04448001', 'WARD NO-01', NULL, 1, NULL, '2015-05-24 08:12:57', NULL, '2015-05-24 08:12:57', 4435, 'W'),
(211, '04448002', 'WARD NO-02', NULL, 1, NULL, '2015-05-24 08:12:57', NULL, '2015-05-24 08:12:57', 4436, 'W'),
(211, '04448003', 'WARD NO-03', NULL, 1, NULL, '2015-05-24 08:12:57', NULL, '2015-05-24 08:12:57', 4437, 'W'),
(211, '04448004', 'WARD NO-04', NULL, 1, NULL, '2015-05-24 08:12:57', NULL, '2015-05-24 08:12:57', 4438, 'W'),
(211, '04448005', 'WARD NO-05', NULL, 1, NULL, '2015-05-24 08:12:57', NULL, '2015-05-24 08:12:57', 4439, 'W'),
(211, '04448006', 'WARD NO-06', NULL, 1, NULL, '2015-05-24 08:12:57', NULL, '2015-05-24 08:12:57', 4440, 'W'),
(211, '04448007', 'WARD NO-07', NULL, 1, NULL, '2015-05-24 08:12:57', NULL, '2015-05-24 08:12:57', 4441, 'W'),
(211, '04448008', 'WARD NO-08', NULL, 1, NULL, '2015-05-24 08:12:57', NULL, '2015-05-24 08:12:57', 4442, 'W'),
(211, '04448009', 'WARD NO-09', NULL, 1, NULL, '2015-05-24 08:12:57', NULL, '2015-05-24 08:12:57', 4443, 'W'),
(211, '04448010', 'ABAIPUR', NULL, 1, NULL, '2015-05-24 08:37:14', NULL, '2015-05-24 08:37:14', 4444, 'U'),
(211, '04448012', 'BAGURA', NULL, 1, NULL, '2015-05-24 08:37:14', NULL, '2015-05-24 08:37:14', 4445, 'U'),
(211, '04448018', 'DHALHARA CHANDRA', NULL, 1, NULL, '2015-05-24 08:37:14', NULL, '2015-05-24 08:37:14', 4446, 'U'),
(211, '04448025', 'DIGNAGAR', NULL, 1, NULL, '2015-05-24 08:37:14', NULL, '2015-05-24 08:37:14', 4447, 'U'),
(211, '04448031', 'DUDHSAR', NULL, 1, NULL, '2015-05-24 08:37:14', NULL, '2015-05-24 08:37:14', 4448, 'U'),
(211, '04448037', 'MANOHARPUR', NULL, 1, NULL, '2015-05-24 08:37:14', NULL, '2015-05-24 08:37:14', 4449, 'U'),
(211, '04448044', 'FULHARI', NULL, 1, NULL, '2015-05-24 08:37:14', NULL, '2015-05-24 08:37:14', 4450, 'U'),
(211, '04448050', 'HAKIMPUR', NULL, 1, NULL, '2015-05-24 08:37:14', NULL, '2015-05-24 08:37:14', 4451, 'U'),
(211, '04448056', 'KANCHERKOL', NULL, 1, NULL, '2015-05-24 08:37:14', NULL, '2015-05-24 08:37:14', 4452, 'U'),
(211, '04448063', 'MIRZAPUR', NULL, 1, NULL, '2015-05-24 08:37:14', NULL, '2015-05-24 08:37:14', 4453, 'U'),
(211, '04448069', 'NITYANANDAPUR', NULL, 1, NULL, '2015-05-24 08:37:14', NULL, '2015-05-24 08:37:14', 4454, 'U'),
(211, '04448075', 'SARUTIA', NULL, 1, NULL, '2015-05-24 08:37:14', NULL, '2015-05-24 08:37:14', 4455, 'U'),
(211, '04448088', 'TRIBENI', NULL, 1, NULL, '2015-05-24 08:37:14', NULL, '2015-05-24 08:37:14', 4456, 'U'),
(211, '04448094', 'UMEDPUR', NULL, 1, NULL, '2015-05-24 08:37:14', NULL, '2015-05-24 08:37:14', 4457, 'U'),
(212, '04471211', 'AMIRPUR', NULL, 1, NULL, '2015-05-24 08:37:14', NULL, '2015-05-24 08:37:14', 4458, 'U'),
(212, '04471223', 'BALIADANGA', NULL, 1, NULL, '2015-05-24 08:37:14', NULL, '2015-05-24 08:37:14', 4459, 'U'),
(212, '04471235', 'BATIAGHATA', NULL, 1, NULL, '2015-05-24 08:37:14', NULL, '2015-05-24 08:37:14', 4460, 'U'),
(212, '04471247', 'BHANDERKOTE', NULL, 1, NULL, '2015-05-24 08:37:14', NULL, '2015-05-24 08:37:14', 4461, 'U'),
(212, '04471259', 'GANGARAMPUR', NULL, 1, NULL, '2015-05-24 08:37:14', NULL, '2015-05-24 08:37:14', 4462, 'U'),
(212, '04471271', 'JALMA', NULL, 1, NULL, '2015-05-24 08:37:14', NULL, '2015-05-24 08:37:14', 4463, 'U'),
(212, '04471283', 'SURKHALI', NULL, 1, NULL, '2015-05-24 08:37:14', NULL, '2015-05-24 08:37:14', 4464, 'U'),
(213, '04471701', 'WARD NO-01', NULL, 1, NULL, '2015-05-24 08:12:57', NULL, '2015-05-24 08:12:57', 4465, 'W'),
(213, '04471702', 'WARD NO-02', NULL, 1, NULL, '2015-05-24 08:12:57', NULL, '2015-05-24 08:12:57', 4466, 'W'),
(213, '04471703', 'WARD NO-03', NULL, 1, NULL, '2015-05-24 08:12:57', NULL, '2015-05-24 08:12:57', 4467, 'W'),
(213, '04471704', 'WARD NO-04', NULL, 1, NULL, '2015-05-24 08:12:57', NULL, '2015-05-24 08:12:57', 4468, 'W'),
(213, '04471705', 'WARD NO-05', NULL, 1, NULL, '2015-05-24 08:12:57', NULL, '2015-05-24 08:12:57', 4469, 'W'),
(213, '04471706', 'WARD NO-06', NULL, 1, NULL, '2015-05-24 08:12:57', NULL, '2015-05-24 08:12:57', 4470, 'W'),
(213, '04471707', 'WARD NO-07', NULL, 1, NULL, '2015-05-24 08:12:57', NULL, '2015-05-24 08:12:57', 4471, 'W'),
(213, '04471708', 'WARD NO-08', NULL, 1, NULL, '2015-05-24 08:12:57', NULL, '2015-05-24 08:12:57', 4472, 'W'),
(213, '04471709', 'WARD NO-09', NULL, 1, NULL, '2015-05-24 08:12:57', NULL, '2015-05-24 08:12:57', 4473, 'W'),
(213, '04471710', 'BAJUA', NULL, 1, NULL, '2015-05-24 08:37:14', NULL, '2015-05-24 08:37:14', 4474, 'U'),
(213, '04471713', 'BANISHANTA', NULL, 1, NULL, '2015-05-24 08:37:14', NULL, '2015-05-24 08:37:14', 4475, 'U'),
(213, '04471721', 'LAUDUBI', NULL, 1, NULL, '2015-05-24 08:37:14', NULL, '2015-05-24 08:37:14', 4476, 'U'),
(213, '04471742', 'DACOPE', NULL, 1, NULL, '2015-05-24 08:37:14', NULL, '2015-05-24 08:37:14', 4477, 'U'),
(213, '04471752', 'KAILASGANJ', NULL, 1, NULL, '2015-05-24 08:37:14', NULL, '2015-05-24 08:37:14', 4478, 'U'),
(213, '04471763', 'KAMARKHOLA', NULL, 1, NULL, '2015-05-24 08:37:14', NULL, '2015-05-24 08:37:14', 4479, 'U'),
(213, '04471769', 'PANKHALI', NULL, 1, NULL, '2015-05-24 08:37:14', NULL, '2015-05-24 08:37:14', 4480, 'U'),
(213, '04471773', 'SUTARKHALI', NULL, 1, NULL, '2015-05-24 08:37:14', NULL, '2015-05-24 08:37:14', 4481, 'U'),
(213, '04471784', 'TILDANGA', NULL, 1, NULL, '2015-05-24 08:37:14', NULL, '2015-05-24 08:37:14', 4482, 'U'),
(213, '04471797', 'KHULNA RANGE', NULL, 1, NULL, '2015-05-24 08:37:14', NULL, '2015-05-24 08:37:14', 4483, 'U'),
(214, '04472101', 'WARD NO-01', NULL, 1, NULL, '2015-05-24 08:12:57', NULL, '2015-05-24 08:12:57', 4484, 'W'),
(214, '04472102', 'WARD NO-02 (PART)', NULL, 1, NULL, '2015-05-24 08:12:57', NULL, '2015-05-24 08:12:57', 4485, 'W'),
(214, '04472103', 'WARD NO-03', NULL, 1, NULL, '2015-05-24 08:12:57', NULL, '2015-05-24 08:12:57', 4486, 'W'),
(214, '04472104', 'WARD NO-04', NULL, 1, NULL, '2015-05-24 08:12:57', NULL, '2015-05-24 08:12:57', 4487, 'W'),
(214, '04472105', 'WARD NO-05', NULL, 1, NULL, '2015-05-24 08:12:57', NULL, '2015-05-24 08:12:57', 4488, 'W'),
(214, '04472106', 'WARD NO-06', NULL, 1, NULL, '2015-05-24 08:12:57', NULL, '2015-05-24 08:12:57', 4489, 'W'),
(215, '04473011', 'ATLIA UNION', NULL, 1, NULL, '2015-05-24 08:37:14', NULL, '2015-05-24 08:37:14', 4490, 'U'),
(215, '04473013', 'BHANDAR PARA', NULL, 1, NULL, '2015-05-24 08:37:14', NULL, '2015-05-24 08:37:14', 4491, 'U'),
(215, '04473020', 'DHAMALIA', NULL, 1, NULL, '2015-05-24 08:37:14', NULL, '2015-05-24 08:37:14', 4492, 'U'),
(215, '04473027', 'DUMURIA', NULL, 1, NULL, '2015-05-24 08:37:14', NULL, '2015-05-24 08:37:14', 4493, 'U'),
(215, '04473033', 'GUTUDIA', NULL, 1, NULL, '2015-05-24 08:37:14', NULL, '2015-05-24 08:37:14', 4494, 'U'),
(215, '04473040', 'KHARNIA', NULL, 1, NULL, '2015-05-24 08:37:14', NULL, '2015-05-24 08:37:14', 4495, 'U'),
(215, '04473047', 'MAGURKHALI', NULL, 1, NULL, '2015-05-24 08:37:14', NULL, '2015-05-24 08:37:14', 4496, 'U'),
(215, '04473054', 'MAGURAGHONA', NULL, 1, NULL, '2015-05-24 08:37:14', NULL, '2015-05-24 08:37:14', 4497, 'U'),
(215, '04473061', 'RAGHUNATHPUR', NULL, 1, NULL, '2015-05-24 08:37:14', NULL, '2015-05-24 08:37:14', 4498, 'U'),
(215, '04473067', 'RANGPUR', NULL, 1, NULL, '2015-05-24 08:37:14', NULL, '2015-05-24 08:37:14', 4499, 'U'),
(215, '04473074', 'RUDAGHARA', NULL, 1, NULL, '2015-05-24 08:37:14', NULL, '2015-05-24 08:37:14', 4500, 'U'),
(215, '04473081', 'SAHAS', NULL, 1, NULL, '2015-05-24 08:37:14', NULL, '2015-05-24 08:37:14', 4501, 'U'),
(215, '04473088', 'SARAPPUR', NULL, 1, NULL, '2015-05-24 08:37:14', NULL, '2015-05-24 08:37:14', 4502, 'U'),
(215, '04473094', 'SOBHANA', NULL, 1, NULL, '2015-05-24 08:37:14', NULL, '2015-05-24 08:37:14', 4503, 'U'),
(216, '04474010', 'ARANGHATA', NULL, 1, NULL, '2015-05-24 08:37:14', NULL, '2015-05-24 08:37:14', 4504, 'U'),
(216, '04474017', 'BARAKPUR', NULL, 1, NULL, '2015-05-24 08:37:14', NULL, '2015-05-24 08:37:14', 4505, 'U'),
(216, '04474057', 'DIGHALIA', NULL, 1, NULL, '2015-05-24 08:37:14', NULL, '2015-05-24 08:37:14', 4506, 'U'),
(216, '04474066', 'GAZIR HAT', NULL, 1, NULL, '2015-05-24 08:37:14', NULL, '2015-05-24 08:37:14', 4507, 'U'),
(216, '04474075', 'JUGIPOLE', NULL, 1, NULL, '2015-05-24 08:37:14', NULL, '2015-05-24 08:37:14', 4508, 'U'),
(216, '04474085', 'SENHATI', NULL, 1, NULL, '2015-05-24 08:37:14', NULL, '2015-05-24 08:37:14', 4509, 'U'),
(217, '04474507', 'WARD NO-07', NULL, 1, NULL, '2015-05-24 08:12:57', NULL, '2015-05-24 08:12:57', 4510, 'W'),
(217, '04474508', 'WARD NO-08', NULL, 1, NULL, '2015-05-24 08:12:57', NULL, '2015-05-24 08:12:57', 4511, 'W'),
(217, '04474509', 'WARD NO-09', NULL, 1, NULL, '2015-05-24 08:12:57', NULL, '2015-05-24 08:12:57', 4512, 'W'),
(217, '04474510', 'WARD NO-10', NULL, 1, NULL, '2015-05-24 08:12:57', NULL, '2015-05-24 08:12:57', 4513, 'W'),
(217, '04474511', 'WARD NO-11', NULL, 1, NULL, '2015-05-24 08:12:57', NULL, '2015-05-24 08:12:57', 4514, 'W'),
(217, '04474512', 'WARD NO-12', NULL, 1, NULL, '2015-05-24 08:12:57', NULL, '2015-05-24 08:12:57', 4515, 'W'),
(217, '04474513', 'WARD NO-13', NULL, 1, NULL, '2015-05-24 08:12:57', NULL, '2015-05-24 08:12:57', 4516, 'W'),
(217, '04474514', 'WARD NO-14', NULL, 1, NULL, '2015-05-24 08:12:57', NULL, '2015-05-24 08:12:57', 4517, 'W'),
(217, '04474515', 'WARD NO-15(PART)', NULL, 1, NULL, '2015-05-24 08:12:57', NULL, '2015-05-24 08:12:57', 4518, 'W'),
(217, '04474516', 'WARD NO-16(PART)', NULL, 1, NULL, '2015-05-24 08:12:57', NULL, '2015-05-24 08:12:57', 4519, 'W'),
(218, '04474802', 'WARD NO-02 (PART)', NULL, 1, NULL, '2015-05-24 08:12:57', NULL, '2015-05-24 08:12:57', 4520, 'W'),
(219, '04475121', 'WARD NO-21', NULL, 1, NULL, '2015-05-24 08:12:57', NULL, '2015-05-24 08:12:57', 4521, 'W'),
(219, '04475122', 'WARD NO-22', NULL, 1, NULL, '2015-05-24 08:12:57', NULL, '2015-05-24 08:12:57', 4522, 'W'),
(219, '04475123', 'WARD NO-23', NULL, 1, NULL, '2015-05-24 08:12:57', NULL, '2015-05-24 08:12:57', 4523, 'W'),
(219, '04475124', 'WARD NO-24', NULL, 1, NULL, '2015-05-24 08:12:57', NULL, '2015-05-24 08:12:57', 4524, 'W'),
(219, '04475127', 'WARD NO-27', NULL, 1, NULL, '2015-05-24 08:12:57', NULL, '2015-05-24 08:12:57', 4525, 'W'),
(219, '04475128', 'WARD NO-28', NULL, 1, NULL, '2015-05-24 08:12:57', NULL, '2015-05-24 08:12:57', 4526, 'W'),
(219, '04475129', 'WARD NO-29', NULL, 1, NULL, '2015-05-24 08:12:57', NULL, '2015-05-24 08:12:57', 4527, 'W'),
(219, '04475130', 'WARD NO-30', NULL, 1, NULL, '2015-05-24 08:12:57', NULL, '2015-05-24 08:12:57', 4528, 'W'),
(219, '04475131', 'WARD NO-31', NULL, 1, NULL, '2015-05-24 08:12:57', NULL, '2015-05-24 08:12:57', 4529, 'W'),
(220, '04475310', 'AMADI', NULL, 1, NULL, '2015-05-24 08:37:14', NULL, '2015-05-24 08:37:14', 4530, 'U'),
(220, '04475311', 'BAGALI', NULL, 1, NULL, '2015-05-24 08:37:14', NULL, '2015-05-24 08:37:14', 4531, 'U'),
(220, '04475322', 'DAKSHIN BEDKASHI', NULL, 1, NULL, '2015-05-24 08:37:14', NULL, '2015-05-24 08:37:14', 4532, 'U'),
(220, '04475355', 'KOYRA', NULL, 1, NULL, '2015-05-24 08:37:14', NULL, '2015-05-24 08:37:14', 4533, 'U'),
(220, '04475372', 'MAHARAJPUR', NULL, 1, NULL, '2015-05-24 08:37:14', NULL, '2015-05-24 08:37:14', 4534, 'U'),
(220, '04475378', 'MAHESHWARIPUR', NULL, 1, NULL, '2015-05-24 08:37:14', NULL, '2015-05-24 08:37:14', 4535, 'U'),
(220, '04475394', 'UTTAR BEDKASHI', NULL, 1, NULL, '2015-05-24 08:37:14', NULL, '2015-05-24 08:37:14', 4536, 'U'),
(221, '04476401', 'WARD NO-01', NULL, 1, NULL, '2015-05-24 08:12:57', NULL, '2015-05-24 08:12:57', 4537, 'W'),
(221, '04476402', 'WARD NO-02', NULL, 1, NULL, '2015-05-24 08:12:57', NULL, '2015-05-24 08:12:57', 4538, 'W'),
(221, '04476403', 'WARD NO-03', NULL, 1, NULL, '2015-05-24 08:12:57', NULL, '2015-05-24 08:12:57', 4539, 'W'),
(221, '04476404', 'WARD NO-04', NULL, 1, NULL, '2015-05-24 08:12:57', NULL, '2015-05-24 08:12:57', 4540, 'W'),
(221, '04476405', 'WARD NO-05', NULL, 1, NULL, '2015-05-24 08:12:57', NULL, '2015-05-24 08:12:57', 4541, 'W'),
(221, '04476406', 'WARD NO-06', NULL, 1, NULL, '2015-05-24 08:12:57', NULL, '2015-05-24 08:12:57', 4542, 'W'),
(221, '04476407', 'WARD NO-07', NULL, 1, NULL, '2015-05-24 08:12:57', NULL, '2015-05-24 08:12:57', 4543, 'W'),
(221, '04476408', 'WARD NO-08', NULL, 1, NULL, '2015-05-24 08:12:57', NULL, '2015-05-24 08:12:57', 4544, 'W'),
(221, '04476409', 'WARD NO-09', NULL, 1, NULL, '2015-05-24 08:12:57', NULL, '2015-05-24 08:12:57', 4545, 'W'),
(221, '04476416', 'CHANDKHALI', NULL, 1, NULL, '2015-05-24 08:37:14', NULL, '2015-05-24 08:37:14', 4546, 'U'),
(221, '04476427', 'DELUTI', NULL, 1, NULL, '2015-05-24 08:37:14', NULL, '2015-05-24 08:37:14', 4547, 'U'),
(221, '04476433', 'GADAIPUR', NULL, 1, NULL, '2015-05-24 08:37:14', NULL, '2015-05-24 08:37:14', 4548, 'U'),
(221, '04476439', 'GARUIKHALI', NULL, 1, NULL, '2015-05-24 08:37:14', NULL, '2015-05-24 08:37:14', 4549, 'U'),
(221, '04476444', 'HARIDHALI', NULL, 1, NULL, '2015-05-24 08:37:14', NULL, '2015-05-24 08:37:14', 4550, 'U'),
(221, '04476450', 'KAPILMUNI', NULL, 1, NULL, '2015-05-24 08:37:14', NULL, '2015-05-24 08:37:14', 4551, 'U'),
(221, '04476461', 'LASKAR', NULL, 1, NULL, '2015-05-24 08:37:14', NULL, '2015-05-24 08:37:14', 4552, 'U'),
(221, '04476467', 'LATA', NULL, 1, NULL, '2015-05-24 08:37:14', NULL, '2015-05-24 08:37:14', 4553, 'U'),
(221, '04476483', 'RARULI', NULL, 1, NULL, '2015-05-24 08:37:14', NULL, '2015-05-24 08:37:14', 4554, 'U'),
(221, '04476489', 'SHOLADANA', NULL, 1, NULL, '2015-05-24 08:37:14', NULL, '2015-05-24 08:37:14', 4555, 'U'),
(222, '04476919', 'ATRA GILATALA', NULL, 1, NULL, '2015-05-24 08:37:14', NULL, '2015-05-24 08:37:14', 4556, 'U'),
(222, '04476938', 'DAMODAR', NULL, 1, NULL, '2015-05-24 08:37:14', NULL, '2015-05-24 08:37:14', 4557, 'U'),
(222, '04476957', 'JAMIRA', NULL, 1, NULL, '2015-05-24 08:37:14', NULL, '2015-05-24 08:37:14', 4558, 'U'),
(222, '04476976', 'PHULTALA', NULL, 1, NULL, '2015-05-24 08:37:14', NULL, '2015-05-24 08:37:14', 4559, 'U'),
(222, '04476998', 'GILATALA CANTT.', NULL, 1, NULL, '2015-05-24 08:37:14', NULL, '2015-05-24 08:37:14', 4560, 'U'),
(223, '04477513', 'AIJGANTI', NULL, 1, NULL, '2015-05-24 08:37:14', NULL, '2015-05-24 08:37:14', 4561, 'U'),
(223, '04477527', 'GHATBHOGH', NULL, 1, NULL, '2015-05-24 08:37:14', NULL, '2015-05-24 08:37:14', 4562, 'U'),
(223, '04477554', 'NAIHATI', NULL, 1, NULL, '2015-05-24 08:37:14', NULL, '2015-05-24 08:37:14', 4563, 'U'),
(223, '04477567', 'SREEFALTALA', NULL, 1, NULL, '2015-05-24 08:37:14', NULL, '2015-05-24 08:37:14', 4564, 'U'),
(223, '04477581', 'T. S. BAHIRDIA', NULL, 1, NULL, '2015-05-24 08:37:14', NULL, '2015-05-24 08:37:14', 4565, 'U'),
(224, '04478516', 'WARD NO-16(PART)', NULL, 1, NULL, '2015-05-24 08:12:57', NULL, '2015-05-24 08:12:57', 4566, 'W'),
(224, '04478517', 'WARD NO-17', NULL, 1, NULL, '2015-05-24 08:12:57', NULL, '2015-05-24 08:12:57', 4567, 'W'),
(224, '04478518', 'WARD NO-18', NULL, 1, NULL, '2015-05-24 08:12:57', NULL, '2015-05-24 08:12:57', 4568, 'W'),
(224, '04478519', 'WARD NO-19', NULL, 1, NULL, '2015-05-24 08:12:57', NULL, '2015-05-24 08:12:57', 4569, 'W'),
(224, '04478520', 'WARD NO-20', NULL, 1, NULL, '2015-05-24 08:12:57', NULL, '2015-05-24 08:12:57', 4570, 'W'),
(224, '04478525', 'WARD NO-25', NULL, 1, NULL, '2015-05-24 08:12:57', NULL, '2015-05-24 08:12:57', 4571, 'W'),
(224, '04478526', 'WARD NO-26', NULL, 1, NULL, '2015-05-24 08:12:57', NULL, '2015-05-24 08:12:57', 4572, 'W'),
(225, '04479413', 'AJUGARA', NULL, 1, NULL, '2015-05-24 08:37:14', NULL, '2015-05-24 08:37:14', 4573, 'U'),
(225, '04479427', 'BARASAT', NULL, 1, NULL, '2015-05-24 08:37:14', NULL, '2015-05-24 08:37:14', 4574, 'U'),
(225, '04479440', 'MADHUPUR', NULL, 1, NULL, '2015-05-24 08:37:14', NULL, '2015-05-24 08:37:14', 4575, 'U'),
(225, '04479454', 'SACHIADAH', NULL, 1, NULL, '2015-05-24 08:37:14', NULL, '2015-05-24 08:37:14', 4576, 'U'),
(225, '04479467', 'SAGLADAH', NULL, 1, NULL, '2015-05-24 08:37:14', NULL, '2015-05-24 08:37:14', 4577, 'U'),
(225, '04479481', 'TEROKHADA', NULL, 1, NULL, '2015-05-24 08:37:14', NULL, '2015-05-24 08:37:14', 4578, 'U'),
(226, '04501501', 'WARD NO-01', NULL, 1, NULL, '2015-05-24 08:12:57', NULL, '2015-05-24 08:12:57', 4579, 'W'),
(226, '04501502', 'WARD NO-02', NULL, 1, NULL, '2015-05-24 08:12:57', NULL, '2015-05-24 08:12:57', 4580, 'W'),
(226, '04501503', 'WARD NO-03', NULL, 1, NULL, '2015-05-24 08:12:57', NULL, '2015-05-24 08:12:57', 4581, 'W'),
(226, '04501504', 'WARD NO-04', NULL, 1, NULL, '2015-05-24 08:12:57', NULL, '2015-05-24 08:12:57', 4582, 'W'),
(226, '04501505', 'WARD NO-05', NULL, 1, NULL, '2015-05-24 08:12:57', NULL, '2015-05-24 08:12:57', 4583, 'W'),
(226, '04501506', 'WARD NO-06', NULL, 1, NULL, '2015-05-24 08:12:57', NULL, '2015-05-24 08:12:57', 4584, 'W'),
(226, '04501507', 'WARD NO-07', NULL, 1, NULL, '2015-05-24 08:12:57', NULL, '2015-05-24 08:12:57', 4585, 'W'),
(226, '04501508', 'WARD NO-08', NULL, 1, NULL, '2015-05-24 08:12:57', NULL, '2015-05-24 08:12:57', 4586, 'W'),
(226, '04501509', 'WARD NO-09', NULL, 1, NULL, '2015-05-24 08:12:57', NULL, '2015-05-24 08:12:57', 4587, 'W'),
(226, '04501513', 'BAHADURPUR', NULL, 1, NULL, '2015-05-24 08:37:14', NULL, '2015-05-24 08:37:14', 4588, 'U'),
(226, '04501527', 'BAHIR CHAR', NULL, 1, NULL, '2015-05-24 08:37:14', NULL, '2015-05-24 08:37:14', 4589, 'U'),
(226, '04501540', 'CHANDGRAM', NULL, 1, NULL, '2015-05-24 08:37:14', NULL, '2015-05-24 08:37:14', 4590, 'U'),
(226, '04501554', 'DHARAMPUR', NULL, 1, NULL, '2015-05-24 08:37:14', NULL, '2015-05-24 08:37:14', 4591, 'U'),
(226, '04501567', 'JUNIADAHA', NULL, 1, NULL, '2015-05-24 08:37:14', NULL, '2015-05-24 08:37:14', 4592, 'U'),
(226, '04501581', 'MOKARIMPUR', NULL, 1, NULL, '2015-05-24 08:37:14', NULL, '2015-05-24 08:37:14', 4593, 'U'),
(227, '04503911', 'ADABARIA', NULL, 1, NULL, '2015-05-24 08:37:14', NULL, '2015-05-24 08:37:14', 4594, 'U'),
(227, '04503913', 'ARIA', NULL, 1, NULL, '2015-05-24 08:37:14', NULL, '2015-05-24 08:37:14', 4595, 'U'),
(227, '04503920', 'BOALIA', NULL, 1, NULL, '2015-05-24 08:37:14', NULL, '2015-05-24 08:37:14', 4596, 'U'),
(227, '04503927', 'CHILMARI', NULL, 1, NULL, '2015-05-24 08:37:14', NULL, '2015-05-24 08:37:14', 4597, 'U'),
(227, '04503933', 'DAULATPUR', NULL, 1, NULL, '2015-05-24 08:37:14', NULL, '2015-05-24 08:37:14', 4598, 'U'),
(227, '04503940', 'HOGALBARIA', NULL, 1, NULL, '2015-05-24 08:37:14', NULL, '2015-05-24 08:37:14', 4599, 'U'),
(227, '04503947', 'KHALISHAKUNDI', NULL, 1, NULL, '2015-05-24 08:37:14', NULL, '2015-05-24 08:37:14', 4600, 'U'),
(227, '04503954', 'MARICHA', NULL, 1, NULL, '2015-05-24 08:37:14', NULL, '2015-05-24 08:37:14', 4601, 'U'),
(227, '04503961', 'MATHURAPUR', NULL, 1, NULL, '2015-05-24 08:37:14', NULL, '2015-05-24 08:37:14', 4602, 'U'),
(227, '04503967', 'PEARPUR', NULL, 1, NULL, '2015-05-24 08:37:14', NULL, '2015-05-24 08:37:14', 4603, 'U');
INSERT INTO `sa_unions` (`THANA_ID`, `UD_UNION_CODE`, `UNION_NAME`, `ORDER_SL`, `ACTIVE_FLAG`, `CREATED_BY`, `CREATE_DATE`, `UPDATED_BY`, `UPDATE_DATE`, `UNION_ID`, `UAREA_STATUS`) VALUES
(227, '04503974', 'PHILIPNAGAR', NULL, 1, NULL, '2015-05-24 08:37:14', NULL, '2015-05-24 08:37:14', 4604, 'U'),
(227, '04503981', 'PRAYAGPUR', NULL, 1, NULL, '2015-05-24 08:37:14', NULL, '2015-05-24 08:37:14', 4605, 'U'),
(227, '04503988', 'RAMKRISHNAPUR', NULL, 1, NULL, '2015-05-24 08:37:14', NULL, '2015-05-24 08:37:14', 4606, 'U'),
(227, '04503994', 'REFAYETPUR', NULL, 1, NULL, '2015-05-24 08:37:14', NULL, '2015-05-24 08:37:14', 4607, 'U'),
(228, '04506301', 'WARD NO-01', NULL, 1, NULL, '2015-05-24 08:12:57', NULL, '2015-05-24 08:12:57', 4608, 'W'),
(228, '04506302', 'WARD NO-02', NULL, 1, NULL, '2015-05-24 08:12:57', NULL, '2015-05-24 08:12:57', 4609, 'W'),
(228, '04506303', 'WARD NO-03', NULL, 1, NULL, '2015-05-24 08:12:57', NULL, '2015-05-24 08:12:57', 4610, 'W'),
(228, '04506304', 'WARD NO-04', NULL, 1, NULL, '2015-05-24 08:12:57', NULL, '2015-05-24 08:12:57', 4611, 'W'),
(228, '04506305', 'WARD NO-05', NULL, 1, NULL, '2015-05-24 08:12:57', NULL, '2015-05-24 08:12:57', 4612, 'W'),
(228, '04506306', 'WARD NO-06', NULL, 1, NULL, '2015-05-24 08:12:57', NULL, '2015-05-24 08:12:57', 4613, 'W'),
(228, '04506307', 'WARD NO-07', NULL, 1, NULL, '2015-05-24 08:12:57', NULL, '2015-05-24 08:12:57', 4614, 'W'),
(228, '04506308', 'WARD NO-08', NULL, 1, NULL, '2015-05-24 08:12:57', NULL, '2015-05-24 08:12:57', 4615, 'W'),
(228, '04506309', 'WARD NO-09', NULL, 1, NULL, '2015-05-24 08:12:57', NULL, '2015-05-24 08:12:57', 4616, 'W'),
(228, '04506317', 'AMBARIA', NULL, 1, NULL, '2015-05-24 08:37:14', NULL, '2015-05-24 08:37:14', 4617, 'U'),
(228, '04506325', 'BETBARIA', NULL, 1, NULL, '2015-05-24 08:37:14', NULL, '2015-05-24 08:37:14', 4618, 'U'),
(228, '04506331', 'GOPAGRAM', NULL, 1, NULL, '2015-05-24 08:37:14', NULL, '2015-05-24 08:37:14', 4619, 'U'),
(228, '04506337', 'JANIPUR', NULL, 1, NULL, '2015-05-24 08:37:14', NULL, '2015-05-24 08:37:14', 4620, 'U'),
(228, '04506343', 'JAYANTI HAJRA', NULL, 1, NULL, '2015-05-24 08:37:14', NULL, '2015-05-24 08:37:14', 4621, 'U'),
(228, '04506347', 'KHOKSA', NULL, 1, NULL, '2015-05-24 08:37:14', NULL, '2015-05-24 08:37:14', 4622, 'U'),
(228, '04506357', 'OSMANPUR', NULL, 1, NULL, '2015-05-24 08:37:14', NULL, '2015-05-24 08:37:14', 4623, 'U'),
(228, '04506371', 'SAMASPUR', NULL, 1, NULL, '2015-05-24 08:37:14', NULL, '2015-05-24 08:37:14', 4624, 'U'),
(228, '04506377', 'SHIMULIA', NULL, 1, NULL, '2015-05-24 08:37:14', NULL, '2015-05-24 08:37:14', 4625, 'U'),
(229, '04507101', 'WARD NO-01', NULL, 1, NULL, '2015-05-24 08:12:57', NULL, '2015-05-24 08:12:57', 4626, 'W'),
(229, '04507102', 'WARD NO-02', NULL, 1, NULL, '2015-05-24 08:12:57', NULL, '2015-05-24 08:12:57', 4627, 'W'),
(229, '04507103', 'WARD NO-03', NULL, 1, NULL, '2015-05-24 08:12:57', NULL, '2015-05-24 08:12:57', 4628, 'W'),
(229, '04507104', 'WARD NO-04', NULL, 1, NULL, '2015-05-24 08:12:57', NULL, '2015-05-24 08:12:57', 4629, 'W'),
(229, '04507105', 'WARD NO-05', NULL, 1, NULL, '2015-05-24 08:12:57', NULL, '2015-05-24 08:12:57', 4630, 'W'),
(229, '04507106', 'WARD NO-06', NULL, 1, NULL, '2015-05-24 08:12:57', NULL, '2015-05-24 08:12:57', 4631, 'W'),
(229, '04507107', 'WARD NO-07', NULL, 1, NULL, '2015-05-24 08:12:57', NULL, '2015-05-24 08:12:57', 4632, 'W'),
(229, '04507108', 'WARD NO-08', NULL, 1, NULL, '2015-05-24 08:12:57', NULL, '2015-05-24 08:12:57', 4633, 'W'),
(229, '04507109', 'WARD NO-09', NULL, 1, NULL, '2015-05-24 08:12:57', NULL, '2015-05-24 08:12:57', 4634, 'W'),
(229, '04507116', 'BAGULAT', NULL, 1, NULL, '2015-05-24 08:37:14', NULL, '2015-05-24 08:37:14', 4635, 'U'),
(229, '04507117', 'CHANDPUR', NULL, 1, NULL, '2015-05-24 08:37:14', NULL, '2015-05-24 08:37:14', 4636, 'U'),
(229, '04507125', 'CHAPRA', NULL, 1, NULL, '2015-05-24 08:37:14', NULL, '2015-05-24 08:37:14', 4637, 'U'),
(229, '04507134', 'JADU BOYRA', NULL, 1, NULL, '2015-05-24 08:37:14', NULL, '2015-05-24 08:37:14', 4638, 'U'),
(229, '04507143', 'JAGANNATHPUR', NULL, 1, NULL, '2015-05-24 08:37:14', NULL, '2015-05-24 08:37:14', 4639, 'U'),
(229, '04507151', 'KAYA', NULL, 1, NULL, '2015-05-24 08:37:14', NULL, '2015-05-24 08:37:14', 4640, 'U'),
(229, '04507169', 'NANDALALPUR', NULL, 1, NULL, '2015-05-24 08:37:14', NULL, '2015-05-24 08:37:14', 4641, 'U'),
(229, '04507177', 'PANTI', NULL, 1, NULL, '2015-05-24 08:37:14', NULL, '2015-05-24 08:37:14', 4642, 'U'),
(229, '04507186', 'SADAKI', NULL, 1, NULL, '2015-05-24 08:37:14', NULL, '2015-05-24 08:37:14', 4643, 'U'),
(229, '04507190', 'SADIPUR', NULL, 1, NULL, '2015-05-24 08:37:14', NULL, '2015-05-24 08:37:14', 4644, 'U'),
(229, '04507194', 'SHELAIDAHA', NULL, 1, NULL, '2015-05-24 08:37:14', NULL, '2015-05-24 08:37:14', 4645, 'U'),
(230, '04507901', 'WARD NO-01', NULL, 1, NULL, '2015-05-24 08:12:57', NULL, '2015-05-24 08:12:57', 4646, 'W'),
(230, '04507902', 'WARD NO-02', NULL, 1, NULL, '2015-05-24 08:12:57', NULL, '2015-05-24 08:12:57', 4647, 'W'),
(230, '04507903', 'WARD NO-03', NULL, 1, NULL, '2015-05-24 08:12:57', NULL, '2015-05-24 08:12:57', 4648, 'W'),
(230, '04507904', 'WARD NO-04', NULL, 1, NULL, '2015-05-24 08:12:57', NULL, '2015-05-24 08:12:57', 4649, 'W'),
(230, '04507905', 'WARD NO-05', NULL, 1, NULL, '2015-05-24 08:12:57', NULL, '2015-05-24 08:12:57', 4650, 'W'),
(230, '04507906', 'WARD NO-06', NULL, 1, NULL, '2015-05-24 08:12:57', NULL, '2015-05-24 08:12:57', 4651, 'W'),
(230, '04507907', 'WARD NO-07', NULL, 1, NULL, '2015-05-24 08:12:57', NULL, '2015-05-24 08:12:57', 4652, 'W'),
(230, '04507908', 'WARD NO-08', NULL, 1, NULL, '2015-05-24 08:12:57', NULL, '2015-05-24 08:12:57', 4653, 'W'),
(230, '04507909', 'WARD NO-09', NULL, 1, NULL, '2015-05-24 08:12:57', NULL, '2015-05-24 08:12:57', 4654, 'W'),
(230, '04507910', 'WARD NO-10', NULL, 1, NULL, '2015-05-24 08:12:57', NULL, '2015-05-24 08:12:57', 4655, 'W'),
(230, '04507911', 'WARD NO-11', NULL, 1, NULL, '2015-05-24 08:12:57', NULL, '2015-05-24 08:12:57', 4656, 'W'),
(230, '04507912', 'WARD NO-12', NULL, 1, NULL, '2015-05-24 08:12:57', NULL, '2015-05-24 08:12:57', 4657, 'W'),
(230, '04507916', 'ABDULPUR', NULL, 1, NULL, '2015-05-24 08:37:14', NULL, '2015-05-24 08:37:14', 4658, 'U'),
(230, '04507917', 'AILCHARA', NULL, 1, NULL, '2015-05-24 08:37:14', NULL, '2015-05-24 08:37:14', 4659, 'U'),
(230, '04507918', 'ALAMPUR', NULL, 1, NULL, '2015-05-24 08:37:14', NULL, '2015-05-24 08:37:14', 4660, 'U'),
(230, '04507925', 'BARAKHADA', NULL, 1, NULL, '2015-05-24 08:37:14', NULL, '2015-05-24 08:37:14', 4661, 'U'),
(230, '04507931', 'GOSIND DURGAPUR', NULL, 1, NULL, '2015-05-24 08:37:14', NULL, '2015-05-24 08:37:14', 4662, 'U'),
(230, '04507937', 'HARINARAYANPUR', NULL, 1, NULL, '2015-05-24 08:37:14', NULL, '2015-05-24 08:37:14', 4663, 'U'),
(230, '04507944', 'HATAS HARIPUR', NULL, 1, NULL, '2015-05-24 08:37:14', NULL, '2015-05-24 08:37:14', 4664, 'U'),
(230, '04507950', 'JAGATI', NULL, 1, NULL, '2015-05-24 08:37:14', NULL, '2015-05-24 08:37:14', 4665, 'U'),
(230, '04507956', 'JIARAKHI', NULL, 1, NULL, '2015-05-24 08:37:14', NULL, '2015-05-24 08:37:14', 4666, 'U'),
(230, '04507963', 'JHAUDIA', NULL, 1, NULL, '2015-05-24 08:37:14', NULL, '2015-05-24 08:37:14', 4667, 'U'),
(230, '04507975', 'MAZAMPUR', NULL, 1, NULL, '2015-05-24 08:37:14', NULL, '2015-05-24 08:37:14', 4668, 'U'),
(230, '04507982', 'MANOHARDIA', NULL, 1, NULL, '2015-05-24 08:37:14', NULL, '2015-05-24 08:37:14', 4669, 'U'),
(230, '04507988', 'PAITKABARI', NULL, 1, NULL, '2015-05-24 08:37:14', NULL, '2015-05-24 08:37:14', 4670, 'U'),
(230, '04507994', 'UJANGRAM', NULL, 1, NULL, '2015-05-24 08:37:14', NULL, '2015-05-24 08:37:14', 4671, 'U'),
(231, '04509401', 'WARD NO-01', NULL, 1, NULL, '2015-05-24 08:12:57', NULL, '2015-05-24 08:12:57', 4672, 'W'),
(231, '04509402', 'WARD NO-02', NULL, 1, NULL, '2015-05-24 08:12:57', NULL, '2015-05-24 08:12:57', 4673, 'W'),
(231, '04509403', 'WARD NO-03', NULL, 1, NULL, '2015-05-24 08:12:57', NULL, '2015-05-24 08:12:57', 4674, 'W'),
(231, '04509404', 'WARD NO-04', NULL, 1, NULL, '2015-05-24 08:12:57', NULL, '2015-05-24 08:12:57', 4675, 'W'),
(231, '04509405', 'WARD NO-05', NULL, 1, NULL, '2015-05-24 08:12:57', NULL, '2015-05-24 08:12:57', 4676, 'W'),
(231, '04509406', 'WARD NO-06', NULL, 1, NULL, '2015-05-24 08:12:57', NULL, '2015-05-24 08:12:57', 4677, 'W'),
(231, '04509407', 'WARD NO-07', NULL, 1, NULL, '2015-05-24 08:12:57', NULL, '2015-05-24 08:12:57', 4678, 'W'),
(231, '04509408', 'WARD NO-08', NULL, 1, NULL, '2015-05-24 08:12:57', NULL, '2015-05-24 08:12:57', 4679, 'W'),
(231, '04509409', 'WARD NO-09', NULL, 1, NULL, '2015-05-24 08:12:57', NULL, '2015-05-24 08:12:57', 4680, 'W'),
(231, '04509413', 'AMBARIA', NULL, 1, NULL, '2015-05-24 08:37:14', NULL, '2015-05-24 08:37:14', 4681, 'U'),
(231, '04509414', 'AMLA', NULL, 1, NULL, '2015-05-24 08:37:14', NULL, '2015-05-24 08:37:14', 4682, 'U'),
(231, '04509421', 'BAHALBARIA', NULL, 1, NULL, '2015-05-24 08:37:14', NULL, '2015-05-24 08:37:14', 4683, 'U'),
(231, '04509429', 'BARUI PARA', NULL, 1, NULL, '2015-05-24 08:37:14', NULL, '2015-05-24 08:37:14', 4684, 'U'),
(231, '04509436', 'CHHATIAN', NULL, 1, NULL, '2015-05-24 08:37:14', NULL, '2015-05-24 08:37:14', 4685, 'U'),
(231, '04509443', 'CHITHULIA', NULL, 1, NULL, '2015-05-24 08:37:14', NULL, '2015-05-24 08:37:14', 4686, 'U'),
(231, '04509458', 'KURSHA', NULL, 1, NULL, '2015-05-24 08:37:14', NULL, '2015-05-24 08:37:14', 4687, 'U'),
(231, '04509465', 'MALIHAD', NULL, 1, NULL, '2015-05-24 08:37:14', NULL, '2015-05-24 08:37:14', 4688, 'U'),
(231, '04509473', 'FULBARIA', NULL, 1, NULL, '2015-05-24 08:37:14', NULL, '2015-05-24 08:37:14', 4689, 'U'),
(231, '04509480', 'PORADAHA', NULL, 1, NULL, '2015-05-24 08:37:14', NULL, '2015-05-24 08:37:14', 4690, 'U'),
(231, '04509487', 'SARDARPUR', NULL, 1, NULL, '2015-05-24 08:37:14', NULL, '2015-05-24 08:37:14', 4691, 'U'),
(231, '04509494', 'TALBARIA', NULL, 1, NULL, '2015-05-24 08:37:14', NULL, '2015-05-24 08:37:14', 4692, 'U'),
(232, '04555701', 'WARD NO-01', NULL, 1, NULL, '2015-05-24 08:12:57', NULL, '2015-05-24 08:12:57', 4693, 'W'),
(232, '04555702', 'WARD NO-02', NULL, 1, NULL, '2015-05-24 08:12:57', NULL, '2015-05-24 08:12:57', 4694, 'W'),
(232, '04555703', 'WARD NO-03', NULL, 1, NULL, '2015-05-24 08:12:57', NULL, '2015-05-24 08:12:57', 4695, 'W'),
(232, '04555704', 'WARD NO-04', NULL, 1, NULL, '2015-05-24 08:12:57', NULL, '2015-05-24 08:12:57', 4696, 'W'),
(232, '04555705', 'WARD NO-05', NULL, 1, NULL, '2015-05-24 08:12:57', NULL, '2015-05-24 08:12:57', 4697, 'W'),
(232, '04555706', 'WARD NO-06', NULL, 1, NULL, '2015-05-24 08:12:57', NULL, '2015-05-24 08:12:57', 4698, 'W'),
(232, '04555707', 'WARD NO-07', NULL, 1, NULL, '2015-05-24 08:12:57', NULL, '2015-05-24 08:12:57', 4699, 'W'),
(232, '04555708', 'WARD NO-08', NULL, 1, NULL, '2015-05-24 08:12:57', NULL, '2015-05-24 08:12:57', 4700, 'W'),
(232, '04555709', 'WARD NO-09', NULL, 1, NULL, '2015-05-24 08:12:57', NULL, '2015-05-24 08:12:57', 4701, 'W'),
(232, '04555721', 'ATHARAKHADA', NULL, 1, NULL, '2015-05-24 08:37:14', NULL, '2015-05-24 08:37:14', 4702, 'U'),
(232, '04555723', 'BIRAIL PALITA', NULL, 1, NULL, '2015-05-24 08:37:14', NULL, '2015-05-24 08:37:14', 4703, 'U'),
(232, '04555725', 'BAGIA', NULL, 1, NULL, '2015-05-24 08:37:14', NULL, '2015-05-24 08:37:14', 4704, 'U'),
(232, '04555727', 'CHAULIA', NULL, 1, NULL, '2015-05-24 08:37:14', NULL, '2015-05-24 08:37:14', 4705, 'U'),
(232, '04555733', 'GOPALGRAM', NULL, 1, NULL, '2015-05-24 08:37:14', NULL, '2015-05-24 08:37:14', 4706, 'U'),
(232, '04555740', 'HAZIPUR', NULL, 1, NULL, '2015-05-24 08:37:14', NULL, '2015-05-24 08:37:14', 4707, 'U'),
(232, '04555747', 'HAZRAPUR', NULL, 1, NULL, '2015-05-24 08:37:14', NULL, '2015-05-24 08:37:14', 4708, 'U'),
(232, '04555754', 'JAGDAL', NULL, 1, NULL, '2015-05-24 08:37:14', NULL, '2015-05-24 08:37:14', 4709, 'U'),
(232, '04555761', 'KASUNDI', NULL, 1, NULL, '2015-05-24 08:37:14', NULL, '2015-05-24 08:37:14', 4710, 'U'),
(232, '04555767', 'KUCHIAMORA', NULL, 1, NULL, '2015-05-24 08:37:14', NULL, '2015-05-24 08:37:14', 4711, 'U'),
(232, '04555774', 'MAGHI', NULL, 1, NULL, '2015-05-24 08:37:14', NULL, '2015-05-24 08:37:14', 4712, 'U'),
(232, '04555788', 'RAGHAB DAIR', NULL, 1, NULL, '2015-05-24 08:37:14', NULL, '2015-05-24 08:37:14', 4713, 'U'),
(232, '04555794', 'SATRUJITPUR', NULL, 1, NULL, '2015-05-24 08:37:14', NULL, '2015-05-24 08:37:14', 4714, 'U'),
(233, '04556610', 'BABUKHALI', NULL, 1, NULL, '2015-05-24 08:37:14', NULL, '2015-05-24 08:37:14', 4715, 'U'),
(233, '04556621', 'BALIDIA', NULL, 1, NULL, '2015-05-24 08:37:14', NULL, '2015-05-24 08:37:14', 4716, 'U'),
(233, '04556631', 'BINODEPUR', NULL, 1, NULL, '2015-05-24 08:37:14', NULL, '2015-05-24 08:37:14', 4717, 'U'),
(233, '04556642', 'DIGHA', NULL, 1, NULL, '2015-05-24 08:37:14', NULL, '2015-05-24 08:37:14', 4718, 'U'),
(233, '04556652', 'MOHAMMADPUR', NULL, 1, NULL, '2015-05-24 08:37:14', NULL, '2015-05-24 08:37:14', 4719, 'U'),
(233, '04556663', 'NAHATA', NULL, 1, NULL, '2015-05-24 08:37:14', NULL, '2015-05-24 08:37:14', 4720, 'U'),
(233, '04556673', 'PALASHBARIA', NULL, 1, NULL, '2015-05-24 08:37:14', NULL, '2015-05-24 08:37:14', 4721, 'U'),
(233, '04556684', 'RAJAPUR', NULL, 1, NULL, '2015-05-24 08:37:14', NULL, '2015-05-24 08:37:14', 4722, 'U'),
(234, '04558511', 'ARPARA', NULL, 1, NULL, '2015-05-24 08:37:14', NULL, '2015-05-24 08:37:14', 4723, 'U'),
(234, '04558523', 'BUNAGATI', NULL, 1, NULL, '2015-05-24 08:37:14', NULL, '2015-05-24 08:37:14', 4724, 'U'),
(234, '04558535', 'DHANESHWARGATI', NULL, 1, NULL, '2015-05-24 08:37:14', NULL, '2015-05-24 08:37:14', 4725, 'U'),
(234, '04558547', 'GANGARAMPUR', NULL, 1, NULL, '2015-05-24 08:37:14', NULL, '2015-05-24 08:37:14', 4726, 'U'),
(234, '04558559', 'SHALIKHA', NULL, 1, NULL, '2015-05-24 08:37:14', NULL, '2015-05-24 08:37:14', 4727, 'U'),
(234, '04558571', 'SHATAKHALI', NULL, 1, NULL, '2015-05-24 08:37:14', NULL, '2015-05-24 08:37:14', 4728, 'U'),
(234, '04558583', 'TALKHARI', NULL, 1, NULL, '2015-05-24 08:37:14', NULL, '2015-05-24 08:37:14', 4729, 'U'),
(33, '04559510', 'AMALSAR', NULL, 1, NULL, '2015-05-24 08:37:14', NULL, '2015-05-24 08:37:14', 4730, 'U'),
(170, '03869487', 'SENER CHAR', NULL, 1, NULL, '2015-05-24 08:37:14', NULL, '2015-05-24 08:37:14', 4731, 'U'),
(170, '03869494', 'ZANJIRA', NULL, 1, NULL, '2015-05-24 08:37:14', NULL, '2015-05-24 08:37:14', 4732, 'U'),
(171, '03893712', 'DHANSHAIL', NULL, 1, NULL, '2015-05-24 08:37:14', NULL, '2015-05-24 08:37:14', 4733, 'U'),
(171, '03893715', 'GAURIPUR', NULL, 1, NULL, '2015-05-24 08:37:14', NULL, '2015-05-24 08:37:14', 4734, 'U'),
(171, '03893717', 'HATIBANDHA', NULL, 1, NULL, '2015-05-24 08:37:14', NULL, '2015-05-24 08:37:14', 4735, 'U'),
(171, '03893725', 'JHENAIGATI', NULL, 1, NULL, '2015-05-24 08:37:14', NULL, '2015-05-24 08:37:14', 4736, 'U'),
(171, '03893743', 'KANGSHA', NULL, 1, NULL, '2015-05-24 08:37:14', NULL, '2015-05-24 08:37:14', 4737, 'U'),
(171, '03893750', 'MALIJHIKANDA', NULL, 1, NULL, '2015-05-24 08:37:14', NULL, '2015-05-24 08:37:14', 4738, 'U'),
(171, '03893760', 'NALKURA', NULL, 1, NULL, '2015-05-24 08:37:14', NULL, '2015-05-24 08:37:14', 4739, 'U'),
(20, '03896701', 'WARD NO-01', NULL, 1, NULL, '2015-05-24 08:12:57', NULL, '2015-05-24 08:12:57', 4740, 'W'),
(20, '03896702', 'WARD NO-02', NULL, 1, NULL, '2015-05-24 08:12:57', NULL, '2015-05-24 08:12:57', 4741, 'W'),
(20, '03896703', 'WARD NO-03', NULL, 1, NULL, '2015-05-24 08:12:57', NULL, '2015-05-24 08:12:57', 4742, 'W'),
(20, '03896704', 'WARD NO-04', NULL, 1, NULL, '2015-05-24 08:12:57', NULL, '2015-05-24 08:12:57', 4743, 'W'),
(20, '03896705', 'WARD NO-05', NULL, 1, NULL, '2015-05-24 08:12:57', NULL, '2015-05-24 08:12:57', 4744, 'W'),
(20, '03896706', 'WARD NO-06', NULL, 1, NULL, '2015-05-24 08:12:57', NULL, '2015-05-24 08:12:57', 4745, 'W'),
(20, '03896707', 'WARD NO-07', NULL, 1, NULL, '2015-05-24 08:12:57', NULL, '2015-05-24 08:12:57', 4746, 'W'),
(20, '03896708', 'WARD NO-08', NULL, 1, NULL, '2015-05-24 08:12:57', NULL, '2015-05-24 08:12:57', 4747, 'W'),
(20, '03896709', 'WARD NO-09', NULL, 1, NULL, '2015-05-24 08:12:57', NULL, '2015-05-24 08:12:57', 4748, 'W'),
(20, '03896717', 'BANESHWARDI', NULL, 1, NULL, '2015-05-24 08:37:14', NULL, '2015-05-24 08:37:14', 4749, 'U'),
(20, '03896719', 'CHANDRAKONA', NULL, 1, NULL, '2015-05-24 08:37:14', NULL, '2015-05-24 08:37:14', 4750, 'U'),
(20, '03896728', 'CHAR ASHTADHAR', NULL, 1, NULL, '2015-05-24 08:37:14', NULL, '2015-05-24 08:37:14', 4751, 'U'),
(20, '03896738', 'GANAPADDI', NULL, 1, NULL, '2015-05-24 08:37:14', NULL, '2015-05-24 08:37:14', 4752, 'U'),
(20, '03896747', 'GOURDWAR', NULL, 1, NULL, '2015-05-24 08:37:14', NULL, '2015-05-24 08:37:14', 4753, 'U'),
(20, '03896757', 'NAKLA', NULL, 1, NULL, '2015-05-24 08:37:14', NULL, '2015-05-24 08:37:14', 4754, 'U'),
(20, '03896766', 'PATHAKATA', NULL, 1, NULL, '2015-05-24 08:37:14', NULL, '2015-05-24 08:37:14', 4755, 'U'),
(20, '03896776', 'TALKI', NULL, 1, NULL, '2015-05-24 08:37:14', NULL, '2015-05-24 08:37:14', 4756, 'U'),
(20, '03896785', 'URPHA', NULL, 1, NULL, '2015-05-24 08:37:14', NULL, '2015-05-24 08:37:14', 4757, 'U'),
(172, '03897001', 'WARD NO-01', NULL, 1, NULL, '2015-05-24 08:12:57', NULL, '2015-05-24 08:12:57', 4758, 'W'),
(172, '03897002', 'WARD NO-02', NULL, 1, NULL, '2015-05-24 08:12:57', NULL, '2015-05-24 08:12:57', 4759, 'W'),
(172, '03897003', 'WARD NO-03', NULL, 1, NULL, '2015-05-24 08:12:57', NULL, '2015-05-24 08:12:57', 4760, 'W'),
(172, '03897004', 'WARD NO-04', NULL, 1, NULL, '2015-05-24 08:12:57', NULL, '2015-05-24 08:12:57', 4761, 'W'),
(172, '03897005', 'WARD NO-05', NULL, 1, NULL, '2015-05-24 08:12:57', NULL, '2015-05-24 08:12:57', 4762, 'W'),
(172, '03897006', 'WARD NO-06', NULL, 1, NULL, '2015-05-24 08:12:57', NULL, '2015-05-24 08:12:57', 4763, 'W'),
(172, '03897007', 'WARD NO-07', NULL, 1, NULL, '2015-05-24 08:12:57', NULL, '2015-05-24 08:12:57', 4764, 'W'),
(172, '03897008', 'WARD NO-08', NULL, 1, NULL, '2015-05-24 08:12:57', NULL, '2015-05-24 08:12:57', 4765, 'W'),
(172, '03897009', 'WARD NO-09', NULL, 1, NULL, '2015-05-24 08:12:57', NULL, '2015-05-24 08:12:57', 4766, 'W'),
(172, '03897030', 'BAGHBER', NULL, 1, NULL, '2015-05-24 08:37:14', NULL, '2015-05-24 08:37:14', 4767, 'U'),
(172, '03897034', 'JOGANIA', NULL, 1, NULL, '2015-05-24 08:37:14', NULL, '2015-05-24 08:37:14', 4768, 'U'),
(172, '03897038', 'KAKARKANDI', NULL, 1, NULL, '2015-05-24 08:37:14', NULL, '2015-05-24 08:37:14', 4769, 'U'),
(172, '03897041', 'KALASPUR', NULL, 1, NULL, '2015-05-24 08:37:14', NULL, '2015-05-24 08:37:14', 4770, 'U'),
(172, '03897051', 'NALITABARI', NULL, 1, NULL, '2015-05-24 08:37:14', NULL, '2015-05-24 08:37:14', 4771, 'U'),
(172, '03897055', 'NAYABIL', NULL, 1, NULL, '2015-05-24 08:37:14', NULL, '2015-05-24 08:37:14', 4772, 'U'),
(172, '03897069', 'NUNNI', NULL, 1, NULL, '2015-05-24 08:37:14', NULL, '2015-05-24 08:37:14', 4773, 'U'),
(172, '03897072', 'MARICHPURA', NULL, 1, NULL, '2015-05-24 08:37:14', NULL, '2015-05-24 08:37:14', 4774, 'U'),
(172, '03897075', 'PORAGAON', NULL, 1, NULL, '2015-05-24 08:37:14', NULL, '2015-05-24 08:37:14', 4775, 'U'),
(172, '03897077', 'RAJNAGAR', NULL, 1, NULL, '2015-05-24 08:37:14', NULL, '2015-05-24 08:37:14', 4776, 'U'),
(172, '03897086', 'RAMCHANDRAKURA MANDALIA', NULL, 1, NULL, '2015-05-24 08:37:14', NULL, '2015-05-24 08:37:14', 4777, 'U'),
(172, '03897094', 'RUPNARAYANKURA', NULL, 1, NULL, '2015-05-24 08:37:14', NULL, '2015-05-24 08:37:14', 4778, 'U'),
(173, '03898801', 'WARD NO-01', NULL, 1, NULL, '2015-05-24 08:12:57', NULL, '2015-05-24 08:12:57', 4779, 'W'),
(173, '03898802', 'WARD NO-02', NULL, 1, NULL, '2015-05-24 08:12:57', NULL, '2015-05-24 08:12:57', 4780, 'W'),
(173, '03898803', 'WARD NO-03', NULL, 1, NULL, '2015-05-24 08:12:57', NULL, '2015-05-24 08:12:57', 4781, 'W'),
(173, '03898804', 'WARD NO-04', NULL, 1, NULL, '2015-05-24 08:12:57', NULL, '2015-05-24 08:12:57', 4782, 'W'),
(173, '03898805', 'WARD NO-05', NULL, 1, NULL, '2015-05-24 08:12:57', NULL, '2015-05-24 08:12:57', 4783, 'W'),
(173, '03898806', 'WARD NO-06', NULL, 1, NULL, '2015-05-24 08:12:57', NULL, '2015-05-24 08:12:57', 4784, 'W'),
(173, '03898807', 'WARD NO-07', NULL, 1, NULL, '2015-05-24 08:12:57', NULL, '2015-05-24 08:12:57', 4785, 'W'),
(173, '03898808', 'WARD NO-08', NULL, 1, NULL, '2015-05-24 08:12:57', NULL, '2015-05-24 08:12:57', 4786, 'W'),
(173, '03898809', 'WARD NO-09', NULL, 1, NULL, '2015-05-24 08:12:57', NULL, '2015-05-24 08:12:57', 4787, 'W'),
(173, '03898811', 'BAJITKHILA', NULL, 1, NULL, '2015-05-24 08:37:14', NULL, '2015-05-24 08:37:14', 4788, 'U'),
(173, '03898813', 'BALAIR CHAR', NULL, 1, NULL, '2015-05-24 08:37:14', NULL, '2015-05-24 08:37:14', 4789, 'U'),
(173, '03898815', 'BETMARI GHUGHURAKANDI', NULL, 1, NULL, '2015-05-24 08:37:14', NULL, '2015-05-24 08:37:14', 4790, 'U'),
(173, '03898820', 'BHATSALA', NULL, 1, NULL, '2015-05-24 08:37:14', NULL, '2015-05-24 08:37:14', 4791, 'U'),
(173, '03898827', 'CHAR MUCHARIA', NULL, 1, NULL, '2015-05-24 08:37:14', NULL, '2015-05-24 08:37:14', 4792, 'U'),
(173, '03898833', 'CHAR PAKSHIMARI', NULL, 1, NULL, '2015-05-24 08:37:14', NULL, '2015-05-24 08:37:14', 4793, 'U'),
(173, '03898840', 'CHAR SHERPUR', NULL, 1, NULL, '2015-05-24 08:37:14', NULL, '2015-05-24 08:37:14', 4794, 'U'),
(173, '03898847', 'DHALA', NULL, 1, NULL, '2015-05-24 08:37:14', NULL, '2015-05-24 08:37:14', 4795, 'U'),
(173, '03898854', 'GHAZIR KHAMAR', NULL, 1, NULL, '2015-05-24 08:37:14', NULL, '2015-05-24 08:37:14', 4796, 'U'),
(173, '03898861', 'KAMARER CHAR', NULL, 1, NULL, '2015-05-24 08:37:14', NULL, '2015-05-24 08:37:14', 4797, 'U'),
(173, '03898867', 'KAMARIA', NULL, 1, NULL, '2015-05-24 08:37:14', NULL, '2015-05-24 08:37:14', 4798, 'U'),
(173, '03898874', 'LAKSHMANPUR', NULL, 1, NULL, '2015-05-24 08:37:14', NULL, '2015-05-24 08:37:14', 4799, 'U'),
(173, '03898881', 'PAKURIA', NULL, 1, NULL, '2015-05-24 08:37:14', NULL, '2015-05-24 08:37:14', 4800, 'U'),
(173, '03898888', 'RAUHA', NULL, 1, NULL, '2015-05-24 08:37:14', NULL, '2015-05-24 08:37:14', 4801, 'U'),
(174, '03899001', 'WARD NO-01', NULL, 1, NULL, '2015-05-24 08:12:57', NULL, '2015-05-24 08:12:57', 4802, 'W'),
(174, '03899002', 'WARD NO-02', NULL, 1, NULL, '2015-05-24 08:12:57', NULL, '2015-05-24 08:12:57', 4803, 'W'),
(174, '03899003', 'WARD NO-03', NULL, 1, NULL, '2015-05-24 08:12:57', NULL, '2015-05-24 08:12:57', 4804, 'W'),
(174, '03899004', 'WARD NO-04', NULL, 1, NULL, '2015-05-24 08:12:57', NULL, '2015-05-24 08:12:57', 4805, 'W'),
(174, '03899005', 'WARD NO-05', NULL, 1, NULL, '2015-05-24 08:12:57', NULL, '2015-05-24 08:12:57', 4806, 'W'),
(174, '03899006', 'WARD NO-06', NULL, 1, NULL, '2015-05-24 08:12:57', NULL, '2015-05-24 08:12:57', 4807, 'W'),
(174, '03899007', 'WARD NO-07', NULL, 1, NULL, '2015-05-24 08:12:57', NULL, '2015-05-24 08:12:57', 4808, 'W'),
(174, '03899008', 'WARD NO-08', NULL, 1, NULL, '2015-05-24 08:12:57', NULL, '2015-05-24 08:12:57', 4809, 'W'),
(174, '03899009', 'WARD NO-09', NULL, 1, NULL, '2015-05-24 08:12:57', NULL, '2015-05-24 08:12:57', 4810, 'W'),
(174, '03899015', 'BHELUA', NULL, 1, NULL, '2015-05-24 08:37:14', NULL, '2015-05-24 08:37:14', 4811, 'U'),
(174, '03899031', 'GARJARIPA', NULL, 1, NULL, '2015-05-24 08:37:14', NULL, '2015-05-24 08:37:14', 4812, 'U'),
(174, '03899039', 'GOSAIPUR', NULL, 1, NULL, '2015-05-24 08:37:14', NULL, '2015-05-24 08:37:14', 4813, 'U'),
(174, '03899047', 'KAKILAKURA', NULL, 1, NULL, '2015-05-24 08:37:14', NULL, '2015-05-24 08:37:14', 4814, 'U'),
(174, '03899055', 'KHARIA KAZIR CHAR', NULL, 1, NULL, '2015-05-24 08:37:14', NULL, '2015-05-24 08:37:14', 4815, 'U'),
(174, '03899063', 'KURIKAHANIA', NULL, 1, NULL, '2015-05-24 08:37:14', NULL, '2015-05-24 08:37:14', 4816, 'U'),
(174, '03899071', 'RANI SHIMUL', NULL, 1, NULL, '2015-05-24 08:37:14', NULL, '2015-05-24 08:37:14', 4817, 'U'),
(174, '03899079', 'SINGA BARUNA', NULL, 1, NULL, '2015-05-24 08:37:14', NULL, '2015-05-24 08:37:14', 4818, 'U'),
(174, '03899086', 'SREEBARDI', NULL, 1, NULL, '2015-05-24 08:37:14', NULL, '2015-05-24 08:37:14', 4819, 'U'),
(174, '03899094', 'TANTIHATI', NULL, 1, NULL, '2015-05-24 08:37:14', NULL, '2015-05-24 08:37:14', 4820, 'U'),
(175, '03930911', 'BASAIL', NULL, 1, NULL, '2015-05-24 08:37:14', NULL, '2015-05-24 08:37:14', 4821, 'U'),
(175, '03930935', 'FULKI', NULL, 1, NULL, '2015-05-24 08:37:14', NULL, '2015-05-24 08:37:14', 4822, 'U'),
(175, '03930947', 'HABLA', NULL, 1, NULL, '2015-05-24 08:37:14', NULL, '2015-05-24 08:37:14', 4823, 'U'),
(175, '03930959', 'KANCHANPUR', NULL, 1, NULL, '2015-05-24 08:37:14', NULL, '2015-05-24 08:37:14', 4824, 'U'),
(175, '03930971', 'KASHIL', NULL, 1, NULL, '2015-05-24 08:37:14', NULL, '2015-05-24 08:37:14', 4825, 'U'),
(175, '03930983', 'KAOALJANI', NULL, 1, NULL, '2015-05-24 08:37:14', NULL, '2015-05-24 08:37:14', 4826, 'U'),
(176, '03931901', 'WARD NO-01', NULL, 1, NULL, '2015-05-24 08:12:57', NULL, '2015-05-24 08:12:57', 4827, 'W'),
(176, '03931902', 'WARD NO-02', NULL, 1, NULL, '2015-05-24 08:12:57', NULL, '2015-05-24 08:12:57', 4828, 'W'),
(176, '03931903', 'WARD NO-03', NULL, 1, NULL, '2015-05-24 08:12:57', NULL, '2015-05-24 08:12:57', 4829, 'W'),
(176, '03931904', 'WARD NO-04', NULL, 1, NULL, '2015-05-24 08:12:57', NULL, '2015-05-24 08:12:57', 4830, 'W'),
(176, '03931905', 'WARD NO-05', NULL, 1, NULL, '2015-05-24 08:12:57', NULL, '2015-05-24 08:12:57', 4831, 'W'),
(176, '03931906', 'WARD NO-06', NULL, 1, NULL, '2015-05-24 08:12:57', NULL, '2015-05-24 08:12:57', 4832, 'W'),
(176, '03931907', 'WARD NO-07', NULL, 1, NULL, '2015-05-24 08:12:57', NULL, '2015-05-24 08:12:57', 4833, 'W'),
(176, '03931908', 'WARD NO-08', NULL, 1, NULL, '2015-05-24 08:12:57', NULL, '2015-05-24 08:12:57', 4834, 'W'),
(176, '03931909', 'WARD NO-09', NULL, 1, NULL, '2015-05-24 08:12:57', NULL, '2015-05-24 08:12:57', 4835, 'W'),
(176, '03931913', 'ARJUNA', NULL, 1, NULL, '2015-05-24 08:37:14', NULL, '2015-05-24 08:37:14', 4836, 'U'),
(176, '03931927', 'BIRHATI', NULL, 1, NULL, '2015-05-24 08:37:14', NULL, '2015-05-24 08:37:14', 4837, 'U'),
(176, '03931940', 'FALDA', NULL, 1, NULL, '2015-05-24 08:37:14', NULL, '2015-05-24 08:37:14', 4838, 'U'),
(176, '03931954', 'GABSARA', NULL, 1, NULL, '2015-05-24 08:37:14', NULL, '2015-05-24 08:37:14', 4839, 'U'),
(176, '03931967', 'GOBINDASI', NULL, 1, NULL, '2015-05-24 08:37:14', NULL, '2015-05-24 08:37:14', 4840, 'U'),
(176, '03931981', 'NIKRAIL', NULL, 1, NULL, '2015-05-24 08:37:14', NULL, '2015-05-24 08:37:14', 4841, 'U'),
(177, '03932311', 'ATIA', NULL, 1, NULL, '2015-05-24 08:37:14', NULL, '2015-05-24 08:37:14', 4842, 'U'),
(177, '03932323', 'DELDUAR', NULL, 1, NULL, '2015-05-24 08:37:14', NULL, '2015-05-24 08:37:14', 4843, 'U'),
(177, '03932335', 'DEOLI', NULL, 1, NULL, '2015-05-24 08:37:14', NULL, '2015-05-24 08:37:14', 4844, 'U'),
(177, '03932341', 'DUBAIL', NULL, 1, NULL, '2015-05-24 08:37:14', NULL, '2015-05-24 08:37:14', 4845, 'U'),
(177, '03932347', 'ELASIN', NULL, 1, NULL, '2015-05-24 08:37:14', NULL, '2015-05-24 08:37:14', 4846, 'U'),
(177, '03932359', 'FAZILHATI', NULL, 1, NULL, '2015-05-24 08:37:14', NULL, '2015-05-24 08:37:14', 4847, 'U'),
(177, '03932365', 'LAUHATI', NULL, 1, NULL, '2015-05-24 08:37:14', NULL, '2015-05-24 08:37:14', 4848, 'U'),
(177, '03932371', 'PATHRAIL', NULL, 1, NULL, '2015-05-24 08:37:14', NULL, '2015-05-24 08:37:14', 4849, 'U'),
(178, '03932501', 'WARD NO-01', NULL, 1, NULL, '2015-05-24 08:12:57', NULL, '2015-05-24 08:12:57', 4850, 'W'),
(178, '03932502', 'WARD NO-02', NULL, 1, NULL, '2015-05-24 08:12:57', NULL, '2015-05-24 08:12:57', 4851, 'W'),
(178, '03932503', 'WARD NO-03', NULL, 1, NULL, '2015-05-24 08:12:57', NULL, '2015-05-24 08:12:57', 4852, 'W'),
(178, '03932504', 'WARD NO-04', NULL, 1, NULL, '2015-05-24 08:12:57', NULL, '2015-05-24 08:12:57', 4853, 'W'),
(178, '03932505', 'WARD NO-05', NULL, 1, NULL, '2015-05-24 08:12:57', NULL, '2015-05-24 08:12:57', 4854, 'W'),
(178, '03932506', 'WARD NO-06', NULL, 1, NULL, '2015-05-24 08:12:57', NULL, '2015-05-24 08:12:57', 4855, 'W'),
(178, '03932507', 'WARD NO-07', NULL, 1, NULL, '2015-05-24 08:12:57', NULL, '2015-05-24 08:12:57', 4856, 'W'),
(178, '03932508', 'WARD NO-08', NULL, 1, NULL, '2015-05-24 08:12:57', NULL, '2015-05-24 08:12:57', 4857, 'W'),
(178, '03932509', 'WARD NO-09', NULL, 1, NULL, '2015-05-24 08:12:57', NULL, '2015-05-24 08:12:57', 4858, 'W'),
(178, '03932521', 'BALIBHADRA', NULL, 1, NULL, '2015-05-24 08:37:14', NULL, '2015-05-24 08:37:14', 4859, 'U'),
(178, '03932525', 'BANIAJAN', NULL, 1, NULL, '2015-05-24 08:37:14', NULL, '2015-05-24 08:37:14', 4860, 'U'),
(178, '03932538', 'BIRTARA', NULL, 1, NULL, '2015-05-24 08:37:14', NULL, '2015-05-24 08:37:14', 4861, 'U'),
(178, '03932547', 'DHANBARI', NULL, 1, NULL, '2015-05-24 08:37:14', NULL, '2015-05-24 08:37:14', 4862, 'U'),
(178, '03932557', 'DHOPAKHALI', NULL, 1, NULL, '2015-05-24 08:37:14', NULL, '2015-05-24 08:37:14', 4863, 'U'),
(178, '03932580', 'MUSUDDI', NULL, 1, NULL, '2015-05-24 08:37:14', NULL, '2015-05-24 08:37:14', 4864, 'U'),
(178, '03932585', 'PAISKA', NULL, 1, NULL, '2015-05-24 08:37:14', NULL, '2015-05-24 08:37:14', 4865, 'U'),
(179, '03932801', 'WARD NO-01', NULL, 1, NULL, '2015-05-24 08:12:57', NULL, '2015-05-24 08:12:57', 4866, 'W'),
(179, '03932802', 'WARD NO-02', NULL, 1, NULL, '2015-05-24 08:12:57', NULL, '2015-05-24 08:12:57', 4867, 'W'),
(179, '03932803', 'WARD NO-03', NULL, 1, NULL, '2015-05-24 08:12:57', NULL, '2015-05-24 08:12:57', 4868, 'W'),
(179, '03932804', 'WARD NO-04', NULL, 1, NULL, '2015-05-24 08:12:57', NULL, '2015-05-24 08:12:57', 4869, 'W'),
(179, '03932805', 'WARD NO-05', NULL, 1, NULL, '2015-05-24 08:12:57', NULL, '2015-05-24 08:12:57', 4870, 'W'),
(179, '03932806', 'WARD NO-06', NULL, 1, NULL, '2015-05-24 08:12:57', NULL, '2015-05-24 08:12:57', 4871, 'W'),
(146, '03680720', 'BELABO', NULL, 1, NULL, '2015-05-24 08:37:14', NULL, '2015-05-24 08:37:14', 4872, 'U'),
(146, '03680725', 'BINYABAID', NULL, 1, NULL, '2015-05-24 08:37:14', NULL, '2015-05-24 08:37:14', 4873, 'U'),
(146, '03680731', 'CHAR UJILABA', NULL, 1, NULL, '2015-05-24 08:37:14', NULL, '2015-05-24 08:37:14', 4874, 'U'),
(146, '03680759', 'NARAYANPUR', NULL, 1, NULL, '2015-05-24 08:37:14', NULL, '2015-05-24 08:37:14', 4875, 'U'),
(187, '04010804', 'WARD NO-04', NULL, 1, NULL, '2015-05-24 08:12:57', NULL, '2015-05-24 08:12:57', 4876, 'W'),
(187, '04010805', 'WARD NO-05', NULL, 1, NULL, '2015-05-24 08:12:57', NULL, '2015-05-24 08:12:57', 4877, 'W'),
(187, '04010806', 'WARD NO-06', NULL, 1, NULL, '2015-05-24 08:12:57', NULL, '2015-05-24 08:12:57', 4878, 'W'),
(187, '04010807', 'WARD NO-07', NULL, 1, NULL, '2015-05-24 08:12:57', NULL, '2015-05-24 08:12:57', 4879, 'W'),
(187, '04010808', 'WARD NO-08', NULL, 1, NULL, '2015-05-24 08:12:57', NULL, '2015-05-24 08:12:57', 4880, 'W'),
(187, '04010809', 'WARD NO-09', NULL, 1, NULL, '2015-05-24 08:12:57', NULL, '2015-05-24 08:12:57', 4881, 'W'),
(187, '04010817', 'BARAI PARA', NULL, 1, NULL, '2015-05-24 08:37:14', NULL, '2015-05-24 08:37:14', 4882, 'U'),
(187, '04010825', 'BEMARTA', NULL, 1, NULL, '2015-05-24 08:37:14', NULL, '2015-05-24 08:37:14', 4883, 'U'),
(187, '04010834', 'BISHNUPUR', NULL, 1, NULL, '2015-05-24 08:37:14', NULL, '2015-05-24 08:37:14', 4884, 'U'),
(187, '04010835', 'DEMA', NULL, 1, NULL, '2015-05-24 08:37:14', NULL, '2015-05-24 08:37:14', 4885, 'U'),
(187, '04010851', 'GOTA PARA', NULL, 1, NULL, '2015-05-24 08:37:14', NULL, '2015-05-24 08:37:14', 4886, 'U'),
(187, '04010860', 'JATRAPUR', NULL, 1, NULL, '2015-05-24 08:37:14', NULL, '2015-05-24 08:37:14', 4887, 'U'),
(187, '04010869', 'KARA PARA', NULL, 1, NULL, '2015-05-24 08:37:14', NULL, '2015-05-24 08:37:14', 4888, 'U'),
(187, '04010877', 'KHANPUR', NULL, 1, NULL, '2015-05-24 08:37:14', NULL, '2015-05-24 08:37:14', 4889, 'U'),
(187, '04010886', 'RAKHALGACHHI', NULL, 1, NULL, '2015-05-24 08:37:14', NULL, '2015-05-24 08:37:14', 4890, 'U'),
(187, '04010894', 'SHAT GAMBUJ', NULL, 1, NULL, '2015-05-24 08:37:14', NULL, '2015-05-24 08:37:14', 4891, 'U'),
(188, '04011415', 'CHAR BANIARI', NULL, 1, NULL, '2015-05-24 08:37:14', NULL, '2015-05-24 08:37:14', 4892, 'U'),
(188, '04011419', 'BARA BARIA', NULL, 1, NULL, '2015-05-24 08:37:14', NULL, '2015-05-24 08:37:14', 4893, 'U'),
(188, '04011431', 'CHITALMARI', NULL, 1, NULL, '2015-05-24 08:37:14', NULL, '2015-05-24 08:37:14', 4894, 'U'),
(188, '04011447', 'HIZLA', NULL, 1, NULL, '2015-05-24 08:37:14', NULL, '2015-05-24 08:37:14', 4895, 'U'),
(188, '04011463', 'SANTOSHPUR', NULL, 1, NULL, '2015-05-24 08:37:14', NULL, '2015-05-24 08:37:14', 4896, 'U'),
(188, '04011466', 'KALATALA', NULL, 1, NULL, '2015-05-24 08:37:14', NULL, '2015-05-24 08:37:14', 4897, 'U'),
(188, '04011479', 'SHIBPUR', NULL, 1, NULL, '2015-05-24 08:37:14', NULL, '2015-05-24 08:37:14', 4898, 'U'),
(189, '04013410', 'BAHIRDIA MANSA', NULL, 1, NULL, '2015-05-24 08:37:14', NULL, '2015-05-24 08:37:14', 4899, 'U'),
(189, '04013421', 'BETAGA', NULL, 1, NULL, '2015-05-24 08:37:14', NULL, '2015-05-24 08:37:14', 4900, 'U'),
(189, '04013431', 'FAKIRHAT', NULL, 1, NULL, '2015-05-24 08:37:14', NULL, '2015-05-24 08:37:14', 4901, 'U'),
(189, '04013442', 'LAKHPUR', NULL, 1, NULL, '2015-05-24 08:37:14', NULL, '2015-05-24 08:37:14', 4902, 'U'),
(189, '04013452', 'MULGHAR', NULL, 1, NULL, '2015-05-24 08:37:14', NULL, '2015-05-24 08:37:14', 4903, 'U'),
(189, '04013463', 'NALDHA MAUBHOG', NULL, 1, NULL, '2015-05-24 08:37:14', NULL, '2015-05-24 08:37:14', 4904, 'U'),
(189, '04013473', 'PILJANGA', NULL, 1, NULL, '2015-05-24 08:37:14', NULL, '2015-05-24 08:37:14', 4905, 'U'),
(189, '04013484', 'SUBHADIA', NULL, 1, NULL, '2015-05-24 08:37:14', NULL, '2015-05-24 08:37:14', 4906, 'U'),
(190, '04013815', 'BADHAL', NULL, 1, NULL, '2015-05-24 08:37:14', NULL, '2015-05-24 08:37:14', 4907, 'U'),
(190, '04013828', 'DHOPAKHALI', NULL, 1, NULL, '2015-05-24 08:37:14', NULL, '2015-05-24 08:37:14', 4908, 'U'),
(190, '04013838', 'GAZALIA', NULL, 1, NULL, '2015-05-24 08:37:14', NULL, '2015-05-24 08:37:14', 4909, 'U'),
(190, '04013847', 'GOPALPUR', NULL, 1, NULL, '2015-05-24 08:37:14', NULL, '2015-05-24 08:37:14', 4910, 'U'),
(190, '04013857', 'KACHUA', NULL, 1, NULL, '2015-05-24 08:37:14', NULL, '2015-05-24 08:37:14', 4911, 'U'),
(190, '04013866', 'MAGHIA', NULL, 1, NULL, '2015-05-24 08:37:14', NULL, '2015-05-24 08:37:14', 4912, 'U'),
(190, '04013876', 'RARI PARA', NULL, 1, NULL, '2015-05-24 08:37:14', NULL, '2015-05-24 08:37:14', 4913, 'U'),
(191, '04015617', 'ATJURI', NULL, 1, NULL, '2015-05-24 08:37:14', NULL, '2015-05-24 08:37:14', 4914, 'U'),
(191, '04015628', 'CHUNKHOLA', NULL, 1, NULL, '2015-05-24 08:37:14', NULL, '2015-05-24 08:37:14', 4915, 'U'),
(191, '04015638', 'GANGNI', NULL, 1, NULL, '2015-05-24 08:37:14', NULL, '2015-05-24 08:37:14', 4916, 'U'),
(191, '04015647', 'GAOLA', NULL, 1, NULL, '2015-05-24 08:37:14', NULL, '2015-05-24 08:37:14', 4917, 'U'),
(191, '04015676', 'KODALIA', NULL, 1, NULL, '2015-05-24 08:37:14', NULL, '2015-05-24 08:37:14', 4918, 'U'),
(191, '04015685', 'KULIA', NULL, 1, NULL, '2015-05-24 08:37:14', NULL, '2015-05-24 08:37:14', 4919, 'U'),
(191, '04015695', 'UDAYPUR', NULL, 1, NULL, '2015-05-24 08:37:14', NULL, '2015-05-24 08:37:14', 4920, 'U'),
(192, '04015801', 'WARD NO-01', NULL, 1, NULL, '2015-05-24 08:12:57', NULL, '2015-05-24 08:12:57', 4921, 'W'),
(192, '04015802', 'WARD NO-02', NULL, 1, NULL, '2015-05-24 08:12:57', NULL, '2015-05-24 08:12:57', 4922, 'W'),
(192, '04015803', 'WARD NO-03', NULL, 1, NULL, '2015-05-24 08:12:57', NULL, '2015-05-24 08:12:57', 4923, 'W'),
(192, '04015804', 'WARD NO-04', NULL, 1, NULL, '2015-05-24 08:12:57', NULL, '2015-05-24 08:12:57', 4924, 'W'),
(192, '04015805', 'WARD NO-05', NULL, 1, NULL, '2015-05-24 08:12:57', NULL, '2015-05-24 08:12:57', 4925, 'W'),
(192, '04015806', 'WARD NO-06', NULL, 1, NULL, '2015-05-24 08:12:57', NULL, '2015-05-24 08:12:57', 4926, 'W'),
(192, '04015807', 'WARD NO-07', NULL, 1, NULL, '2015-05-24 08:12:57', NULL, '2015-05-24 08:12:57', 4927, 'W'),
(192, '04015808', 'WARD NO-08', NULL, 1, NULL, '2015-05-24 08:12:57', NULL, '2015-05-24 08:12:57', 4928, 'W'),
(192, '04015809', 'WARD NO-09', NULL, 1, NULL, '2015-05-24 08:12:57', NULL, '2015-05-24 08:12:57', 4929, 'W'),
(192, '04015823', 'CHANDPI', NULL, 1, NULL, '2015-05-24 08:37:14', NULL, '2015-05-24 08:37:14', 4930, 'U'),
(192, '04015827', 'BURIRDANGA', NULL, 1, NULL, '2015-05-24 08:37:14', NULL, '2015-05-24 08:37:14', 4931, 'U'),
(192, '04015829', 'CHILA', NULL, 1, NULL, '2015-05-24 08:37:14', NULL, '2015-05-24 08:37:14', 4932, 'U'),
(192, '04015859', 'MITHAKHALI', NULL, 1, NULL, '2015-05-24 08:37:14', NULL, '2015-05-24 08:37:14', 4933, 'U'),
(192, '04015883', 'SUNILTALA', NULL, 1, NULL, '2015-05-24 08:37:14', NULL, '2015-05-24 08:37:14', 4934, 'U'),
(192, '04015889', 'SUNDARBAN', NULL, 1, NULL, '2015-05-24 08:37:14', NULL, '2015-05-24 08:37:14', 4935, 'U'),
(193, '04016001', 'WARD NO-01', NULL, 1, NULL, '2015-05-24 08:12:57', NULL, '2015-05-24 08:12:57', 4936, 'W'),
(193, '04016002', 'WARD NO-02', NULL, 1, NULL, '2015-05-24 08:12:57', NULL, '2015-05-24 08:12:57', 4937, 'W'),
(193, '04016003', 'WARD NO-03', NULL, 1, NULL, '2015-05-24 08:12:57', NULL, '2015-05-24 08:12:57', 4938, 'W'),
(193, '04016004', 'WARD NO-04', NULL, 1, NULL, '2015-05-24 08:12:57', NULL, '2015-05-24 08:12:57', 4939, 'W'),
(193, '04016005', 'WARD NO-05', NULL, 1, NULL, '2015-05-24 08:12:57', NULL, '2015-05-24 08:12:57', 4940, 'W'),
(193, '04016006', 'WARD NO-06', NULL, 1, NULL, '2015-05-24 08:12:57', NULL, '2015-05-24 08:12:57', 4941, 'W'),
(193, '04016007', 'WARD NO-07', NULL, 1, NULL, '2015-05-24 08:12:57', NULL, '2015-05-24 08:12:57', 4942, 'W'),
(193, '04016008', 'WARD NO-08', NULL, 1, NULL, '2015-05-24 08:12:57', NULL, '2015-05-24 08:12:57', 4943, 'W'),
(193, '04016009', 'WARD NO-09', NULL, 1, NULL, '2015-05-24 08:12:57', NULL, '2015-05-24 08:12:57', 4944, 'W'),
(193, '04016010', 'BAHARBUNIA', NULL, 1, NULL, '2015-05-24 08:37:14', NULL, '2015-05-24 08:37:14', 4945, 'U'),
(193, '04016011', 'BALAIBUNIA', NULL, 1, NULL, '2015-05-24 08:37:14', NULL, '2015-05-24 08:37:14', 4946, 'U'),
(193, '04016017', 'BANAGRAM', NULL, 1, NULL, '2015-05-24 08:37:14', NULL, '2015-05-24 08:37:14', 4947, 'U'),
(193, '04016023', 'BARAIKHALI', NULL, 1, NULL, '2015-05-24 08:37:14', NULL, '2015-05-24 08:37:14', 4948, 'U'),
(193, '04016029', 'CHINGRAKHALI', NULL, 1, NULL, '2015-05-24 08:37:14', NULL, '2015-05-24 08:37:14', 4949, 'U'),
(193, '04016035', 'DAIBAGNYAHATI', NULL, 1, NULL, '2015-05-24 08:37:14', NULL, '2015-05-24 08:37:14', 4950, 'U'),
(193, '04016041', 'HOGLABUNIA', NULL, 1, NULL, '2015-05-24 08:37:14', NULL, '2015-05-24 08:37:14', 4951, 'U'),
(193, '04016047', 'HOGLA PASHA', NULL, 1, NULL, '2015-05-24 08:37:14', NULL, '2015-05-24 08:37:14', 4952, 'U'),
(193, '04016053', 'JIUDHARA', NULL, 1, NULL, '2015-05-24 08:37:14', NULL, '2015-05-24 08:37:14', 4953, 'U'),
(193, '04016059', 'KHUOLIA', NULL, 1, NULL, '2015-05-24 08:37:14', NULL, '2015-05-24 08:37:14', 4954, 'U'),
(193, '04016065', 'MORRELGANJ', NULL, 1, NULL, '2015-05-24 08:37:14', NULL, '2015-05-24 08:37:14', 4955, 'U'),
(193, '04016071', 'NISHANBARIA', NULL, 1, NULL, '2015-05-24 08:37:14', NULL, '2015-05-24 08:37:14', 4956, 'U'),
(193, '04016077', 'PANCHAKARAN', NULL, 1, NULL, '2015-05-24 08:37:14', NULL, '2015-05-24 08:37:14', 4957, 'U'),
(193, '04016083', 'PUTIKHALI', NULL, 1, NULL, '2015-05-24 08:37:14', NULL, '2015-05-24 08:37:14', 4958, 'U'),
(193, '04016089', 'RAMCHANDRAPUR', NULL, 1, NULL, '2015-05-24 08:37:14', NULL, '2015-05-24 08:37:14', 4959, 'U'),
(193, '04016095', 'TELIGATI', NULL, 1, NULL, '2015-05-24 08:37:14', NULL, '2015-05-24 08:37:14', 4960, 'U'),
(194, '04017310', 'BAINTALA', NULL, 1, NULL, '2015-05-24 08:37:14', NULL, '2015-05-24 08:37:14', 4961, 'U'),
(194, '04017311', 'BANSHTALI', NULL, 1, NULL, '2015-05-24 08:37:14', NULL, '2015-05-24 08:37:14', 4962, 'U'),
(194, '04017317', 'BHOJPATIA', NULL, 1, NULL, '2015-05-24 08:37:14', NULL, '2015-05-24 08:37:14', 4963, 'U'),
(194, '04017341', 'GAURAMBHA', NULL, 1, NULL, '2015-05-24 08:37:14', NULL, '2015-05-24 08:37:14', 4964, 'U'),
(194, '04017347', 'HURKA', NULL, 1, NULL, '2015-05-24 08:37:14', NULL, '2015-05-24 08:37:14', 4965, 'U'),
(194, '04017353', 'MALLIKER BER', NULL, 1, NULL, '2015-05-24 08:37:14', NULL, '2015-05-24 08:37:14', 4966, 'U'),
(194, '04017371', 'PERIKHALI', NULL, 1, NULL, '2015-05-24 08:37:14', NULL, '2015-05-24 08:37:14', 4967, 'U'),
(194, '04017377', 'RAJNAGAR', NULL, 1, NULL, '2015-05-24 08:37:14', NULL, '2015-05-24 08:37:14', 4968, 'U'),
(194, '04017383', 'RAMPAL', NULL, 1, NULL, '2015-05-24 08:37:14', NULL, '2015-05-24 08:37:14', 4969, 'U'),
(194, '04017394', 'UJALKUR', NULL, 1, NULL, '2015-05-24 08:37:14', NULL, '2015-05-24 08:37:14', 4970, 'U'),
(195, '04017719', 'DHANSAGAR', NULL, 1, NULL, '2015-05-24 08:37:14', NULL, '2015-05-24 08:37:14', 4971, 'U'),
(195, '04017738', 'KHONTAKATA', NULL, 1, NULL, '2015-05-24 08:37:14', NULL, '2015-05-24 08:37:14', 4972, 'U'),
(195, '04017757', 'ROYENDA', NULL, 1, NULL, '2015-05-24 08:37:14', NULL, '2015-05-24 08:37:14', 4973, 'U'),
(195, '04017776', 'DAKHIN KHALI', NULL, 1, NULL, '2015-05-24 08:37:14', NULL, '2015-05-24 08:37:14', 4974, 'U'),
(195, '04017797', 'SHARANKHOLA RANGE', NULL, 1, NULL, '2015-05-24 08:37:14', NULL, '2015-05-24 08:37:14', 4975, 'U'),
(196, '04180701', 'WARD NO-01', NULL, 1, NULL, '2015-05-24 08:12:57', NULL, '2015-05-24 08:12:57', 4976, 'W'),
(196, '04180702', 'WARD NO-02', NULL, 1, NULL, '2015-05-24 08:12:57', NULL, '2015-05-24 08:12:57', 4977, 'W'),
(196, '04180703', 'WARD NO-03', NULL, 1, NULL, '2015-05-24 08:12:57', NULL, '2015-05-24 08:12:57', 4978, 'W'),
(196, '04180704', 'WARD NO-04', NULL, 1, NULL, '2015-05-24 08:12:57', NULL, '2015-05-24 08:12:57', 4979, 'W'),
(196, '04180705', 'WARD NO-05', NULL, 1, NULL, '2015-05-24 08:12:57', NULL, '2015-05-24 08:12:57', 4980, 'W'),
(196, '04180706', 'WARD NO-06', NULL, 1, NULL, '2015-05-24 08:12:57', NULL, '2015-05-24 08:12:57', 4981, 'W'),
(196, '04180707', 'WARD NO-07', NULL, 1, NULL, '2015-05-24 08:12:57', NULL, '2015-05-24 08:12:57', 4982, 'W'),
(196, '04180708', 'WARD NO-08', NULL, 1, NULL, '2015-05-24 08:12:57', NULL, '2015-05-24 08:12:57', 4983, 'W'),
(196, '04180709', 'WARD NO-09', NULL, 1, NULL, '2015-05-24 08:12:57', NULL, '2015-05-24 08:12:57', 4984, 'W'),
(196, '04180713', 'BELGACHHI', NULL, 1, NULL, '2015-05-24 08:37:14', NULL, '2015-05-24 08:37:14', 4985, 'U'),
(196, '04180715', 'BARADI', NULL, 1, NULL, '2015-05-24 08:37:14', NULL, '2015-05-24 08:37:14', 4986, 'U'),
(196, '04180723', 'BHANGABARIA', NULL, 1, NULL, '2015-05-24 08:37:14', NULL, '2015-05-24 08:37:14', 4987, 'U'),
(196, '04180731', 'DAUKI', NULL, 1, NULL, '2015-05-24 08:37:14', NULL, '2015-05-24 08:37:14', 4988, 'U'),
(196, '04180739', 'GANGNI', NULL, 1, NULL, '2015-05-24 08:37:14', NULL, '2015-05-24 08:37:14', 4989, 'U'),
(196, '04180747', 'HARDI', NULL, 1, NULL, '2015-05-24 08:37:14', NULL, '2015-05-24 08:37:14', 4990, 'U'),
(196, '04180751', 'KALIDASHPUR', NULL, 1, NULL, '2015-05-24 08:37:14', NULL, '2015-05-24 08:37:14', 4991, 'U'),
(196, '04180755', 'JAMJAMI', NULL, 1, NULL, '2015-05-24 08:37:14', NULL, '2015-05-24 08:37:14', 4992, 'U'),
(196, '04180763', 'JEHALA', NULL, 1, NULL, '2015-05-24 08:37:14', NULL, '2015-05-24 08:37:14', 4993, 'U'),
(196, '04180771', 'KHADIMPUR', NULL, 1, NULL, '2015-05-24 08:37:14', NULL, '2015-05-24 08:37:14', 4994, 'U'),
(196, '04180779', 'KHASKARA', NULL, 1, NULL, '2015-05-24 08:37:14', NULL, '2015-05-24 08:37:14', 4995, 'U'),
(196, '04180787', 'KUMARI', NULL, 1, NULL, '2015-05-24 08:37:14', NULL, '2015-05-24 08:37:14', 4996, 'U'),
(196, '04180794', 'NAGDAHA', NULL, 1, NULL, '2015-05-24 08:37:14', NULL, '2015-05-24 08:37:14', 4997, 'U'),
(197, '04182301', 'WARD NO-01', NULL, 1, NULL, '2015-05-24 08:12:57', NULL, '2015-05-24 08:12:57', 4998, 'W'),
(197, '04182302', 'WARD NO-02', NULL, 1, NULL, '2015-05-24 08:12:57', NULL, '2015-05-24 08:12:57', 4999, 'W'),
(197, '04182303', 'WARD NO-03', NULL, 1, NULL, '2015-05-24 08:12:57', NULL, '2015-05-24 08:12:57', 5000, 'W'),
(197, '04182304', 'WARD NO-04', NULL, 1, NULL, '2015-05-24 08:12:57', NULL, '2015-05-24 08:12:57', 5001, 'W'),
(197, '04182305', 'WARD NO-05', NULL, 1, NULL, '2015-05-24 08:12:57', NULL, '2015-05-24 08:12:57', 5002, 'W'),
(197, '04182306', 'WARD NO-06', NULL, 1, NULL, '2015-05-24 08:12:57', NULL, '2015-05-24 08:12:57', 5003, 'W'),
(197, '04182307', 'WARD NO-07', NULL, 1, NULL, '2015-05-24 08:12:57', NULL, '2015-05-24 08:12:57', 5004, 'W'),
(197, '04182308', 'WARD NO-08', NULL, 1, NULL, '2015-05-24 08:12:57', NULL, '2015-05-24 08:12:57', 5005, 'W'),
(197, '04182309', 'WARD NO-09', NULL, 1, NULL, '2015-05-24 08:12:57', NULL, '2015-05-24 08:12:57', 5006, 'W'),
(197, '04182311', 'ALOKDIA', NULL, 1, NULL, '2015-05-24 08:37:14', NULL, '2015-05-24 08:37:14', 5007, 'U'),
(197, '04182323', 'BEGAMPUR', NULL, 1, NULL, '2015-05-24 08:37:14', NULL, '2015-05-24 08:37:14', 5008, 'U'),
(197, '04182347', 'KUTUBPUR', NULL, 1, NULL, '2015-05-24 08:37:14', NULL, '2015-05-24 08:37:14', 5009, 'U'),
(197, '04182359', 'MOMINPUR', NULL, 1, NULL, '2015-05-24 08:37:14', NULL, '2015-05-24 08:37:14', 5010, 'U'),
(197, '04182362', 'PADMABILA', NULL, 1, NULL, '2015-05-24 08:37:14', NULL, '2015-05-24 08:37:14', 5011, 'U'),
(197, '04182371', 'SHANKAR CHANDRA', NULL, 1, NULL, '2015-05-24 08:37:14', NULL, '2015-05-24 08:37:14', 5012, 'U'),
(197, '04182383', 'TITUDAHA', NULL, 1, NULL, '2015-05-24 08:37:14', NULL, '2015-05-24 08:37:14', 5013, 'U'),
(41, '04183101', 'WARD NO-01', NULL, 1, NULL, '2015-05-24 08:12:57', NULL, '2015-05-24 08:12:57', 5014, 'W'),
(41, '04183102', 'WARD NO-02', NULL, 1, NULL, '2015-05-24 08:12:57', NULL, '2015-05-24 08:12:57', 5015, 'W'),
(41, '04183103', 'WARD NO-03', NULL, 1, NULL, '2015-05-24 08:12:57', NULL, '2015-05-24 08:12:57', 5016, 'W'),
(41, '04183104', 'WARD NO-04', NULL, 1, NULL, '2015-05-24 08:12:57', NULL, '2015-05-24 08:12:57', 5017, 'W'),
(41, '04183105', 'WARD NO-05', NULL, 1, NULL, '2015-05-24 08:12:57', NULL, '2015-05-24 08:12:57', 5018, 'W'),
(23, '05646910', 'BAHADURPUR', NULL, 1, NULL, '2015-05-24 08:37:14', NULL, '2015-05-24 08:37:14', 5019, 'U'),
(23, '05646921', 'BHABICHA', NULL, 1, NULL, '2015-05-24 08:37:14', NULL, '2015-05-24 08:37:14', 5020, 'U'),
(23, '05646931', 'CHANDAN NAGAR', NULL, 1, NULL, '2015-05-24 08:37:14', NULL, '2015-05-24 08:37:14', 5021, 'U'),
(23, '05646942', 'HAJINAGAR', NULL, 1, NULL, '2015-05-24 08:37:14', NULL, '2015-05-24 08:37:14', 5022, 'U'),
(23, '05646952', 'NIAMATPUR', NULL, 1, NULL, '2015-05-24 08:37:14', NULL, '2015-05-24 08:37:14', 5023, 'U'),
(23, '05646963', 'PARAIL', NULL, 1, NULL, '2015-05-24 08:37:14', NULL, '2015-05-24 08:37:14', 5024, 'U'),
(23, '05646973', 'RASULPUR', NULL, 1, NULL, '2015-05-24 08:37:14', NULL, '2015-05-24 08:37:14', 5025, 'U'),
(23, '05646984', 'SREEMANTAPUR', NULL, 1, NULL, '2015-05-24 08:37:14', NULL, '2015-05-24 08:37:14', 5026, 'U'),
(303, '05647501', 'WARD NO-01', NULL, 1, NULL, '2015-05-24 08:12:57', NULL, '2015-05-24 08:12:57', 5027, 'W'),
(303, '05647502', 'WARD NO-02', NULL, 1, NULL, '2015-05-24 08:12:57', NULL, '2015-05-24 08:12:57', 5028, 'W'),
(303, '05647503', 'WARD NO-03', NULL, 1, NULL, '2015-05-24 08:12:57', NULL, '2015-05-24 08:12:57', 5029, 'W'),
(303, '05647504', 'WARD NO-04', NULL, 1, NULL, '2015-05-24 08:12:57', NULL, '2015-05-24 08:12:57', 5030, 'W'),
(303, '05647505', 'WARD NO-05', NULL, 1, NULL, '2015-05-24 08:12:57', NULL, '2015-05-24 08:12:57', 5031, 'W'),
(303, '05647506', 'WARD NO-06', NULL, 1, NULL, '2015-05-24 08:12:57', NULL, '2015-05-24 08:12:57', 5032, 'W'),
(303, '05647507', 'WARD NO-07', NULL, 1, NULL, '2015-05-24 08:12:57', NULL, '2015-05-24 08:12:57', 5033, 'W'),
(303, '05647508', 'WARD NO-08', NULL, 1, NULL, '2015-05-24 08:12:57', NULL, '2015-05-24 08:12:57', 5034, 'W'),
(303, '05647509', 'WARD NO-09', NULL, 1, NULL, '2015-05-24 08:12:57', NULL, '2015-05-24 08:12:57', 5035, 'W'),
(303, '05647512', 'AKBARPUR', NULL, 1, NULL, '2015-05-24 08:37:14', NULL, '2015-05-24 08:37:14', 5036, 'U'),
(303, '05647517', 'AMAIR', NULL, 1, NULL, '2015-05-24 08:37:14', NULL, '2015-05-24 08:37:14', 5037, 'U'),
(303, '05647525', 'DIBAR', NULL, 1, NULL, '2015-05-24 08:37:14', NULL, '2015-05-24 08:37:14', 5038, 'U'),
(303, '05647534', 'GHOSHNAGAR', NULL, 1, NULL, '2015-05-24 08:37:14', NULL, '2015-05-24 08:37:14', 5039, 'U'),
(303, '05647543', 'KRISHNAPUR', NULL, 1, NULL, '2015-05-24 08:37:14', NULL, '2015-05-24 08:37:14', 5040, 'U'),
(303, '05647551', 'MATINDHAR', NULL, 1, NULL, '2015-05-24 08:37:14', NULL, '2015-05-24 08:37:14', 5041, 'U'),
(303, '05647560', 'NAZIPUR', NULL, 1, NULL, '2015-05-24 08:37:14', NULL, '2015-05-24 08:37:14', 5042, 'U'),
(303, '05647569', 'NIRMAIL', NULL, 1, NULL, '2015-05-24 08:37:14', NULL, '2015-05-24 08:37:14', 5043, 'U'),
(303, '05647577', 'PATICHARA', NULL, 1, NULL, '2015-05-24 08:37:14', NULL, '2015-05-24 08:37:14', 5044, 'U'),
(303, '05647586', 'PATNITALA', NULL, 1, NULL, '2015-05-24 08:37:14', NULL, '2015-05-24 08:37:14', 5045, 'U'),
(303, '05647594', 'SHIHARA', NULL, 1, NULL, '2015-05-24 08:37:14', NULL, '2015-05-24 08:37:14', 5046, 'U'),
(304, '05647915', 'CHHAOR', NULL, 1, NULL, '2015-05-24 08:37:14', NULL, '2015-05-24 08:37:14', 5047, 'U'),
(304, '05647923', 'GANGURIA', NULL, 1, NULL, '2015-05-24 08:37:14', NULL, '2015-05-24 08:37:14', 5048, 'U'),
(304, '05647931', 'GHATNAGAR', NULL, 1, NULL, '2015-05-24 08:37:14', NULL, '2015-05-24 08:37:14', 5049, 'U'),
(304, '05647947', 'MASIDPUR', NULL, 1, NULL, '2015-05-24 08:37:14', NULL, '2015-05-24 08:37:14', 5050, 'U'),
(304, '05647955', 'NITHPUR', NULL, 1, NULL, '2015-05-24 08:37:14', NULL, '2015-05-24 08:37:14', 5051, 'U'),
(304, '05647987', 'TENTULIA', NULL, 1, NULL, '2015-05-24 08:37:14', NULL, '2015-05-24 08:37:14', 5052, 'U'),
(34, '05648510', 'BARGACHHA', NULL, 1, NULL, '2015-05-24 08:37:14', NULL, '2015-05-24 08:37:14', 5053, 'U'),
(34, '05648521', 'EKDALA', NULL, 1, NULL, '2015-05-24 08:37:14', NULL, '2015-05-24 08:37:14', 5054, 'U'),
(34, '05648531', 'GONA', NULL, 1, NULL, '2015-05-24 08:37:14', NULL, '2015-05-24 08:37:14', 5055, 'U'),
(34, '05648542', 'KALIGRAM', NULL, 1, NULL, '2015-05-24 08:37:14', NULL, '2015-05-24 08:37:14', 5056, 'U'),
(34, '05648552', 'KASHIMPUR', NULL, 1, NULL, '2015-05-24 08:37:14', NULL, '2015-05-24 08:37:14', 5057, 'U'),
(34, '05648563', 'MIRAT', NULL, 1, NULL, '2015-05-24 08:37:14', NULL, '2015-05-24 08:37:14', 5058, 'U'),
(34, '05648573', 'PARAIL', NULL, 1, NULL, '2015-05-24 08:37:14', NULL, '2015-05-24 08:37:14', 5059, 'U'),
(34, '05648584', 'RANINAGAR', NULL, 1, NULL, '2015-05-24 08:37:14', NULL, '2015-05-24 08:37:14', 5060, 'U'),
(305, '05648617', 'AIHAI', NULL, 1, NULL, '2015-05-24 08:37:14', NULL, '2015-05-24 08:37:14', 5061, 'U'),
(305, '05648639', 'GOALA', NULL, 1, NULL, '2015-05-24 08:37:14', NULL, '2015-05-24 08:37:14', 5062, 'U'),
(305, '05648663', 'PATHARI', NULL, 1, NULL, '2015-05-24 08:37:14', NULL, '2015-05-24 08:37:14', 5063, 'U'),
(305, '05648671', 'SAPAHAR', NULL, 1, NULL, '2015-05-24 08:37:14', NULL, '2015-05-24 08:37:14', 5064, 'U');
INSERT INTO `sa_unions` (`THANA_ID`, `UD_UNION_CODE`, `UNION_NAME`, `ORDER_SL`, `ACTIVE_FLAG`, `CREATED_BY`, `CREATE_DATE`, `UPDATED_BY`, `UPDATE_DATE`, `UNION_ID`, `UAREA_STATUS`) VALUES
(305, '05648679', 'SHIRANTI', NULL, 1, NULL, '2015-05-24 08:37:14', NULL, '2015-05-24 08:37:14', 5065, 'U'),
(305, '05648694', 'TILNA', NULL, 1, NULL, '2015-05-24 08:37:14', NULL, '2015-05-24 08:37:14', 5066, 'U'),
(306, '05690901', 'WARD NO-01', NULL, 1, NULL, '2015-05-24 08:12:57', NULL, '2015-05-24 08:12:57', 5067, 'W'),
(306, '05690902', 'WARD NO-02', NULL, 1, NULL, '2015-05-24 08:12:57', NULL, '2015-05-24 08:12:57', 5068, 'W'),
(306, '05690903', 'WARD NO-03', NULL, 1, NULL, '2015-05-24 08:12:57', NULL, '2015-05-24 08:12:57', 5069, 'W'),
(306, '05690904', 'WARD NO-04', NULL, 1, NULL, '2015-05-24 08:12:57', NULL, '2015-05-24 08:12:57', 5070, 'W'),
(306, '05690905', 'WARD NO-05', NULL, 1, NULL, '2015-05-24 08:12:57', NULL, '2015-05-24 08:12:57', 5071, 'W'),
(306, '05690906', 'WARD NO-06', NULL, 1, NULL, '2015-05-24 08:12:57', NULL, '2015-05-24 08:12:57', 5072, 'W'),
(306, '05690907', 'WARD NO-07', NULL, 1, NULL, '2015-05-24 08:12:57', NULL, '2015-05-24 08:12:57', 5073, 'W'),
(306, '05690908', 'WARD NO-08', NULL, 1, NULL, '2015-05-24 08:12:57', NULL, '2015-05-24 08:12:57', 5074, 'W'),
(306, '05690909', 'WARD NO-09', NULL, 1, NULL, '2015-05-24 08:12:57', NULL, '2015-05-24 08:12:57', 5075, 'W'),
(306, '05690919', 'BAGATIPARA', NULL, 1, NULL, '2015-05-24 08:37:14', NULL, '2015-05-24 08:37:14', 5076, 'U'),
(306, '05690938', 'DAYARAMPUR', NULL, 1, NULL, '2015-05-24 08:37:14', NULL, '2015-05-24 08:37:14', 5077, 'U'),
(306, '05690942', 'FHAGURADIAR', NULL, 1, NULL, '2015-05-24 08:37:14', NULL, '2015-05-24 08:37:14', 5078, 'U'),
(306, '05690957', 'PANKA', NULL, 1, NULL, '2015-05-24 08:37:14', NULL, '2015-05-24 08:37:14', 5079, 'U'),
(306, '05690976', 'JAMNAGAR', NULL, 1, NULL, '2015-05-24 08:37:14', NULL, '2015-05-24 08:37:14', 5080, 'U'),
(307, '05691501', 'WARD NO-01', NULL, 1, NULL, '2015-05-24 08:12:57', NULL, '2015-05-24 08:12:57', 5081, 'W'),
(307, '05691502', 'WARD NO-02', NULL, 1, NULL, '2015-05-24 08:12:57', NULL, '2015-05-24 08:12:57', 5082, 'W'),
(307, '05691503', 'WARD NO-03', NULL, 1, NULL, '2015-05-24 08:12:57', NULL, '2015-05-24 08:12:57', 5083, 'W'),
(307, '05691504', 'WARD NO-04', NULL, 1, NULL, '2015-05-24 08:12:57', NULL, '2015-05-24 08:12:57', 5084, 'W'),
(307, '05691505', 'WARD NO-05', NULL, 1, NULL, '2015-05-24 08:12:57', NULL, '2015-05-24 08:12:57', 5085, 'W'),
(307, '05691506', 'WARD NO-06', NULL, 1, NULL, '2015-05-24 08:12:57', NULL, '2015-05-24 08:12:57', 5086, 'W'),
(307, '05691507', 'WARD NO-07', NULL, 1, NULL, '2015-05-24 08:12:57', NULL, '2015-05-24 08:12:57', 5087, 'W'),
(307, '05691508', 'WARD NO-08', NULL, 1, NULL, '2015-05-24 08:12:57', NULL, '2015-05-24 08:12:57', 5088, 'W'),
(307, '05691509', 'WARD NO-09', NULL, 1, NULL, '2015-05-24 08:12:57', NULL, '2015-05-24 08:12:57', 5089, 'W'),
(307, '05691511', 'WARD NO-01', NULL, 1, NULL, '2015-05-24 08:12:57', NULL, '2015-05-24 08:12:57', 5090, 'W'),
(307, '05691512', 'WARD NO-02', NULL, 1, NULL, '2015-05-24 08:12:57', NULL, '2015-05-24 08:12:57', 5091, 'W'),
(307, '05691513', 'WARD NO-03', NULL, 1, NULL, '2015-05-24 08:12:57', NULL, '2015-05-24 08:12:57', 5092, 'W'),
(307, '05691514', 'WARD NO-04', NULL, 1, NULL, '2015-05-24 08:12:57', NULL, '2015-05-24 08:12:57', 5093, 'W'),
(307, '05691515', 'WARD NO-05', NULL, 1, NULL, '2015-05-24 08:12:57', NULL, '2015-05-24 08:12:57', 5094, 'W'),
(307, '05691516', 'WARD NO-06', NULL, 1, NULL, '2015-05-24 08:12:57', NULL, '2015-05-24 08:12:57', 5095, 'W'),
(307, '05691517', 'WARD NO-07', NULL, 1, NULL, '2015-05-24 08:12:57', NULL, '2015-05-24 08:12:57', 5096, 'W'),
(307, '05691518', 'WARD NO-08', NULL, 1, NULL, '2015-05-24 08:12:57', NULL, '2015-05-24 08:12:57', 5097, 'W'),
(307, '05691519', 'WARD NO-09', NULL, 1, NULL, '2015-05-24 08:12:57', NULL, '2015-05-24 08:12:57', 5098, 'W'),
(307, '05691521', 'BARAIGRAM', NULL, 1, NULL, '2015-05-24 08:37:14', NULL, '2015-05-24 08:37:14', 5099, 'U'),
(307, '05691523', 'CHANDI', NULL, 1, NULL, '2015-05-24 08:37:14', NULL, '2015-05-24 08:37:14', 5100, 'U'),
(307, '05691535', 'GOPALPUR', NULL, 1, NULL, '2015-05-24 08:37:14', NULL, '2015-05-24 08:37:14', 5101, 'U'),
(307, '05691547', 'JOARI', NULL, 1, NULL, '2015-05-24 08:37:14', NULL, '2015-05-24 08:37:14', 5102, 'U'),
(307, '05691559', 'JONAIL', NULL, 1, NULL, '2015-05-24 08:37:14', NULL, '2015-05-24 08:37:14', 5103, 'U'),
(307, '05691571', 'MAJGAON', NULL, 1, NULL, '2015-05-24 08:37:14', NULL, '2015-05-24 08:37:14', 5104, 'U'),
(307, '05691583', 'NAGAR', NULL, 1, NULL, '2015-05-24 08:37:14', NULL, '2015-05-24 08:37:14', 5105, 'U'),
(308, '05694101', 'WARD NO-01', NULL, 1, NULL, '2015-05-24 08:12:57', NULL, '2015-05-24 08:12:57', 5106, 'W'),
(308, '05694102', 'WARD NO-02', NULL, 1, NULL, '2015-05-24 08:12:57', NULL, '2015-05-24 08:12:57', 5107, 'W'),
(308, '05694103', 'WARD NO-03', NULL, 1, NULL, '2015-05-24 08:12:57', NULL, '2015-05-24 08:12:57', 5108, 'W'),
(308, '05694104', 'WARD NO-04', NULL, 1, NULL, '2015-05-24 08:12:57', NULL, '2015-05-24 08:12:57', 5109, 'W'),
(308, '05694105', 'WARD NO-05', NULL, 1, NULL, '2015-05-24 08:12:57', NULL, '2015-05-24 08:12:57', 5110, 'W'),
(308, '05694106', 'WARD NO-06', NULL, 1, NULL, '2015-05-24 08:12:57', NULL, '2015-05-24 08:12:57', 5111, 'W'),
(308, '05694107', 'WARD NO-07', NULL, 1, NULL, '2015-05-24 08:12:57', NULL, '2015-05-24 08:12:57', 5112, 'W'),
(308, '05694108', 'WARD NO-08', NULL, 1, NULL, '2015-05-24 08:12:57', NULL, '2015-05-24 08:12:57', 5113, 'W'),
(308, '05694109', 'WARD NO-09', NULL, 1, NULL, '2015-05-24 08:12:57', NULL, '2015-05-24 08:12:57', 5114, 'W'),
(308, '05694113', 'BIAGHAT', NULL, 1, NULL, '2015-05-24 08:37:14', NULL, '2015-05-24 08:37:14', 5115, 'U'),
(308, '05694127', 'CHAPILA', NULL, 1, NULL, '2015-05-24 08:37:14', NULL, '2015-05-24 08:37:14', 5116, 'U'),
(308, '05694140', 'DHARABARISHA', NULL, 1, NULL, '2015-05-24 08:37:14', NULL, '2015-05-24 08:37:14', 5117, 'U'),
(308, '05694160', 'KHUBJIPUR', NULL, 1, NULL, '2015-05-24 08:37:14', NULL, '2015-05-24 08:37:14', 5118, 'U'),
(308, '05694167', 'MOSHINDA', NULL, 1, NULL, '2015-05-24 08:37:14', NULL, '2015-05-24 08:37:14', 5119, 'U'),
(308, '05694181', 'NAZIRPUR', NULL, 1, NULL, '2015-05-24 08:37:14', NULL, '2015-05-24 08:37:14', 5120, 'U'),
(309, '05694401', 'WARD NO-01', NULL, 1, NULL, '2015-05-24 08:12:57', NULL, '2015-05-24 08:12:57', 5121, 'W'),
(309, '05694402', 'WARD NO-02', NULL, 1, NULL, '2015-05-24 08:12:57', NULL, '2015-05-24 08:12:57', 5122, 'W'),
(309, '05694403', 'WARD NO-03', NULL, 1, NULL, '2015-05-24 08:12:57', NULL, '2015-05-24 08:12:57', 5123, 'W'),
(309, '05694404', 'WARD NO-04', NULL, 1, NULL, '2015-05-24 08:12:57', NULL, '2015-05-24 08:12:57', 5124, 'W'),
(309, '05694405', 'WARD NO-05', NULL, 1, NULL, '2015-05-24 08:12:57', NULL, '2015-05-24 08:12:57', 5125, 'W'),
(309, '05694406', 'WARD NO-06', NULL, 1, NULL, '2015-05-24 08:12:57', NULL, '2015-05-24 08:12:57', 5126, 'W'),
(309, '05694407', 'WARD NO-07', NULL, 1, NULL, '2015-05-24 08:12:57', NULL, '2015-05-24 08:12:57', 5127, 'W'),
(309, '05694408', 'WARD NO-08', NULL, 1, NULL, '2015-05-24 08:12:57', NULL, '2015-05-24 08:12:57', 5128, 'W'),
(309, '05694409', 'WARD NO-09', NULL, 1, NULL, '2015-05-24 08:12:57', NULL, '2015-05-24 08:12:57', 5129, 'W'),
(309, '05694417', 'ARBAB', NULL, 1, NULL, '2015-05-24 08:37:14', NULL, '2015-05-24 08:37:14', 5130, 'U'),
(309, '05694419', 'BILMARIA', NULL, 1, NULL, '2015-05-24 08:37:14', NULL, '2015-05-24 08:37:14', 5131, 'U'),
(309, '05694428', 'CHANGDHUPAIL', NULL, 1, NULL, '2015-05-24 08:37:14', NULL, '2015-05-24 08:37:14', 5132, 'U'),
(309, '05694438', 'DUARIA', NULL, 1, NULL, '2015-05-24 08:37:14', NULL, '2015-05-24 08:37:14', 5133, 'U'),
(309, '05694447', 'DURDURIA', NULL, 1, NULL, '2015-05-24 08:37:14', NULL, '2015-05-24 08:37:14', 5134, 'U'),
(309, '05694457', 'ARJUNPUR BOROMHATI', NULL, 1, NULL, '2015-05-24 08:37:14', NULL, '2015-05-24 08:37:14', 5135, 'U'),
(309, '05694466', 'ISHWARDI', NULL, 1, NULL, '2015-05-24 08:37:14', NULL, '2015-05-24 08:37:14', 5136, 'U'),
(309, '05694476', 'KADAM CHILAN', NULL, 1, NULL, '2015-05-24 08:37:14', NULL, '2015-05-24 08:37:14', 5137, 'U'),
(309, '05694485', 'LALPUR', NULL, 1, NULL, '2015-05-24 08:37:14', NULL, '2015-05-24 08:37:14', 5138, 'U'),
(309, '05694495', 'WALIA', NULL, 1, NULL, '2015-05-24 08:37:14', NULL, '2015-05-24 08:37:14', 5139, 'U'),
(310, '05696301', 'WARD NO-01', NULL, 1, NULL, '2015-05-24 08:12:57', NULL, '2015-05-24 08:12:57', 5140, 'W'),
(310, '05696302', 'WARD NO-02', NULL, 1, NULL, '2015-05-24 08:12:57', NULL, '2015-05-24 08:12:57', 5141, 'W'),
(310, '05696303', 'WARD NO-03', NULL, 1, NULL, '2015-05-24 08:12:57', NULL, '2015-05-24 08:12:57', 5142, 'W'),
(310, '05696304', 'WARD NO-04', NULL, 1, NULL, '2015-05-24 08:12:57', NULL, '2015-05-24 08:12:57', 5143, 'W'),
(310, '05696305', 'WARD NO-05', NULL, 1, NULL, '2015-05-24 08:12:57', NULL, '2015-05-24 08:12:57', 5144, 'W'),
(310, '05696306', 'WARD NO-06', NULL, 1, NULL, '2015-05-24 08:12:57', NULL, '2015-05-24 08:12:57', 5145, 'W'),
(310, '05696307', 'WARD NO-07', NULL, 1, NULL, '2015-05-24 08:12:57', NULL, '2015-05-24 08:12:57', 5146, 'W'),
(310, '05696308', 'WARD NO-08', NULL, 1, NULL, '2015-05-24 08:12:57', NULL, '2015-05-24 08:12:57', 5147, 'W'),
(310, '05696309', 'WARD NO-09', NULL, 1, NULL, '2015-05-24 08:12:57', NULL, '2015-05-24 08:12:57', 5148, 'W'),
(310, '05696311', 'WARD NO-01', NULL, 1, NULL, '2015-05-24 08:12:57', NULL, '2015-05-24 08:12:57', 5149, 'W'),
(310, '05696312', 'WARD NO-02', NULL, 1, NULL, '2015-05-24 08:12:57', NULL, '2015-05-24 08:12:57', 5150, 'W'),
(310, '05696313', 'WARD NO-03', NULL, 1, NULL, '2015-05-24 08:12:57', NULL, '2015-05-24 08:12:57', 5151, 'W'),
(310, '05696314', 'WARD NO-04', NULL, 1, NULL, '2015-05-24 08:12:57', NULL, '2015-05-24 08:12:57', 5152, 'W'),
(310, '05696315', 'WARD NO-05', NULL, 1, NULL, '2015-05-24 08:12:57', NULL, '2015-05-24 08:12:57', 5153, 'W'),
(310, '05696316', 'WARD NO-06', NULL, 1, NULL, '2015-05-24 08:12:57', NULL, '2015-05-24 08:12:57', 5154, 'W'),
(310, '05696317', 'WARD NO-07', NULL, 1, NULL, '2015-05-24 08:12:57', NULL, '2015-05-24 08:12:57', 5155, 'W'),
(310, '05696318', 'WARD NO-08', NULL, 1, NULL, '2015-05-24 08:12:57', NULL, '2015-05-24 08:12:57', 5156, 'W'),
(310, '05696319', 'WARD NO-09', NULL, 1, NULL, '2015-05-24 08:12:57', NULL, '2015-05-24 08:12:57', 5157, 'W'),
(310, '05696320', 'BARA HARISHPUR', NULL, 1, NULL, '2015-05-24 08:37:14', NULL, '2015-05-24 08:37:14', 5158, 'U'),
(310, '05696323', 'BIPRA BELGHARIA', NULL, 1, NULL, '2015-05-24 08:37:14', NULL, '2015-05-24 08:37:14', 5159, 'U'),
(310, '05696326', 'BRAHMAPUR', NULL, 1, NULL, '2015-05-24 08:37:14', NULL, '2015-05-24 08:37:14', 5160, 'U'),
(310, '05696329', 'CHHATNI', NULL, 1, NULL, '2015-05-24 08:37:14', NULL, '2015-05-24 08:37:14', 5161, 'U'),
(310, '05696336', 'DIGHAPATIA', NULL, 1, NULL, '2015-05-24 08:37:14', NULL, '2015-05-24 08:37:14', 5162, 'U'),
(310, '05696343', 'HALSA', NULL, 1, NULL, '2015-05-24 08:37:14', NULL, '2015-05-24 08:37:14', 5163, 'U'),
(310, '05696351', 'KAFURIA', NULL, 1, NULL, '2015-05-24 08:37:14', NULL, '2015-05-24 08:37:14', 5164, 'U'),
(33, '04559521', 'DARIAPUR', NULL, 1, NULL, '2015-05-24 08:37:14', NULL, '2015-05-24 08:37:14', 5165, 'U'),
(33, '04559531', 'GAYESHPUR', NULL, 1, NULL, '2015-05-24 08:37:14', NULL, '2015-05-24 08:37:14', 5166, 'U'),
(33, '04559542', 'KADIR PARA', NULL, 1, NULL, '2015-05-24 08:37:14', NULL, '2015-05-24 08:37:14', 5167, 'U'),
(33, '04559552', 'NAKOL', NULL, 1, NULL, '2015-05-24 08:37:14', NULL, '2015-05-24 08:37:14', 5168, 'U'),
(33, '04559563', 'SABDALPUR', NULL, 1, NULL, '2015-05-24 08:37:14', NULL, '2015-05-24 08:37:14', 5169, 'U'),
(33, '04559573', 'SREEKOL', NULL, 1, NULL, '2015-05-24 08:37:14', NULL, '2015-05-24 08:37:14', 5170, 'U'),
(33, '04559584', 'SREEPUR', NULL, 1, NULL, '2015-05-24 08:37:14', NULL, '2015-05-24 08:37:14', 5171, 'U'),
(235, '04574701', 'WARD NO-01', NULL, 1, NULL, '2015-05-24 08:12:57', NULL, '2015-05-24 08:12:57', 5172, 'W'),
(235, '04574702', 'WARD NO-02', NULL, 1, NULL, '2015-05-24 08:12:57', NULL, '2015-05-24 08:12:57', 5173, 'W'),
(235, '04574703', 'WARD NO-03', NULL, 1, NULL, '2015-05-24 08:12:57', NULL, '2015-05-24 08:12:57', 5174, 'W'),
(235, '04574704', 'WARD NO-04', NULL, 1, NULL, '2015-05-24 08:12:57', NULL, '2015-05-24 08:12:57', 5175, 'W'),
(235, '04574705', 'WARD NO-05', NULL, 1, NULL, '2015-05-24 08:12:57', NULL, '2015-05-24 08:12:57', 5176, 'W'),
(235, '04574706', 'WARD NO-06', NULL, 1, NULL, '2015-05-24 08:12:57', NULL, '2015-05-24 08:12:57', 5177, 'W'),
(235, '04574707', 'WARD NO-07', NULL, 1, NULL, '2015-05-24 08:12:57', NULL, '2015-05-24 08:12:57', 5178, 'W'),
(235, '04574708', 'WARD NO-08', NULL, 1, NULL, '2015-05-24 08:12:57', NULL, '2015-05-24 08:12:57', 5179, 'W'),
(235, '04574709', 'WARD NO-09', NULL, 1, NULL, '2015-05-24 08:12:57', NULL, '2015-05-24 08:12:57', 5180, 'W'),
(235, '04574710', 'BAMANDI', NULL, 1, NULL, '2015-05-24 08:37:14', NULL, '2015-05-24 08:37:14', 5181, 'U'),
(235, '04574721', 'DHANKHOLA', NULL, 1, NULL, '2015-05-24 08:37:14', NULL, '2015-05-24 08:37:14', 5182, 'U'),
(235, '04574742', 'KATHULI', NULL, 1, NULL, '2015-05-24 08:37:14', NULL, '2015-05-24 08:37:14', 5183, 'U'),
(235, '04574752', 'KAZIPUR', NULL, 1, NULL, '2015-05-24 08:37:14', NULL, '2015-05-24 08:37:14', 5184, 'U'),
(235, '04574763', 'MATMURA', NULL, 1, NULL, '2015-05-24 08:37:14', NULL, '2015-05-24 08:37:14', 5185, 'U'),
(235, '04574769', 'ROYPUR', NULL, 1, NULL, '2015-05-24 08:37:14', NULL, '2015-05-24 08:37:14', 5186, 'U'),
(235, '04574773', 'SHAHARBATI', NULL, 1, NULL, '2015-05-24 08:37:14', NULL, '2015-05-24 08:37:14', 5187, 'U'),
(235, '04574784', 'SHOLA TAKA', NULL, 1, NULL, '2015-05-24 08:37:14', NULL, '2015-05-24 08:37:14', 5188, 'U'),
(235, '04574794', 'TENTULBARIA', NULL, 1, NULL, '2015-05-24 08:37:14', NULL, '2015-05-24 08:37:14', 5189, 'U'),
(236, '04576028', 'BAGOAN', NULL, 1, NULL, '2015-05-24 08:37:14', NULL, '2015-05-24 08:37:14', 5190, 'U'),
(236, '04576047', 'DARIAPUR', NULL, 1, NULL, '2015-05-24 08:37:14', NULL, '2015-05-24 08:37:14', 5191, 'U'),
(236, '04576076', 'MAHAJANPUR', NULL, 1, NULL, '2015-05-24 08:37:14', NULL, '2015-05-24 08:37:14', 5192, 'U'),
(236, '04576085', 'MONAKHALI', NULL, 1, NULL, '2015-05-24 08:37:14', NULL, '2015-05-24 08:37:14', 5193, 'U'),
(237, '04578701', 'WARD NO-01', NULL, 1, NULL, '2015-05-24 08:12:57', NULL, '2015-05-24 08:12:57', 5194, 'W'),
(237, '04578702', 'WARD NO-02', NULL, 1, NULL, '2015-05-24 08:12:57', NULL, '2015-05-24 08:12:57', 5195, 'W'),
(237, '04578703', 'WARD NO-03', NULL, 1, NULL, '2015-05-24 08:12:57', NULL, '2015-05-24 08:12:57', 5196, 'W'),
(237, '04578704', 'WARD NO-04', NULL, 1, NULL, '2015-05-24 08:12:57', NULL, '2015-05-24 08:12:57', 5197, 'W'),
(237, '04578705', 'WARD NO-05', NULL, 1, NULL, '2015-05-24 08:12:57', NULL, '2015-05-24 08:12:57', 5198, 'W'),
(237, '04578706', 'WARD NO-06', NULL, 1, NULL, '2015-05-24 08:12:57', NULL, '2015-05-24 08:12:57', 5199, 'W'),
(237, '04578707', 'WARD NO-07', NULL, 1, NULL, '2015-05-24 08:12:57', NULL, '2015-05-24 08:12:57', 5200, 'W'),
(237, '04578708', 'WARD NO-08', NULL, 1, NULL, '2015-05-24 08:12:57', NULL, '2015-05-24 08:12:57', 5201, 'W'),
(237, '04578709', 'WARD NO-09', NULL, 1, NULL, '2015-05-24 08:12:57', NULL, '2015-05-24 08:12:57', 5202, 'W'),
(237, '04578714', 'AMDA', NULL, 1, NULL, '2015-05-24 08:37:14', NULL, '2015-05-24 08:37:14', 5203, 'U'),
(237, '04578719', 'AMJHUPI', NULL, 1, NULL, '2015-05-24 08:37:14', NULL, '2015-05-24 08:37:14', 5204, 'U'),
(237, '04578738', 'BURIPOTA', NULL, 1, NULL, '2015-05-24 08:37:14', NULL, '2015-05-24 08:37:14', 5205, 'U'),
(237, '04578757', 'KUTUBPUR', NULL, 1, NULL, '2015-05-24 08:37:14', NULL, '2015-05-24 08:37:14', 5206, 'U'),
(237, '04578795', 'PIROJPUR', NULL, 1, NULL, '2015-05-24 08:37:14', NULL, '2015-05-24 08:37:14', 5207, 'U'),
(238, '04652801', 'WARD NO-01', NULL, 1, NULL, '2015-05-24 08:12:57', NULL, '2015-05-24 08:12:57', 5208, 'W'),
(238, '04652802', 'WARD NO-02', NULL, 1, NULL, '2015-05-24 08:12:57', NULL, '2015-05-24 08:12:57', 5209, 'W'),
(238, '04652803', 'WARD NO-03', NULL, 1, NULL, '2015-05-24 08:12:57', NULL, '2015-05-24 08:12:57', 5210, 'W'),
(238, '04652804', 'WARD NO-04', NULL, 1, NULL, '2015-05-24 08:12:57', NULL, '2015-05-24 08:12:57', 5211, 'W'),
(238, '04652805', 'WARD NO-05', NULL, 1, NULL, '2015-05-24 08:12:57', NULL, '2015-05-24 08:12:57', 5212, 'W'),
(238, '04652806', 'WARD NO-06', NULL, 1, NULL, '2015-05-24 08:12:57', NULL, '2015-05-24 08:12:57', 5213, 'W'),
(238, '04652807', 'WARD NO-07', NULL, 1, NULL, '2015-05-24 08:12:57', NULL, '2015-05-24 08:12:57', 5214, 'W'),
(238, '04652808', 'WARD NO-08', NULL, 1, NULL, '2015-05-24 08:12:57', NULL, '2015-05-24 08:12:57', 5215, 'W'),
(238, '04652809', 'WARD NO-09', NULL, 1, NULL, '2015-05-24 08:12:57', NULL, '2015-05-24 08:12:57', 5216, 'W'),
(238, '04652813', 'BABRA HACHLA', NULL, 1, NULL, '2015-05-24 08:37:14', NULL, '2015-05-24 08:37:14', 5217, 'U'),
(238, '04652814', 'BORANAL ELIASABAD', NULL, 1, NULL, '2015-05-24 08:37:14', NULL, '2015-05-24 08:37:14', 5218, 'U'),
(238, '04652815', 'BAUISENA', NULL, 1, NULL, '2015-05-24 08:37:14', NULL, '2015-05-24 08:37:14', 5219, 'U'),
(238, '04652823', 'HAMIDPUR', NULL, 1, NULL, '2015-05-24 08:37:14', NULL, '2015-05-24 08:37:14', 5220, 'U'),
(238, '04652831', 'CHANCHARI', NULL, 1, NULL, '2015-05-24 08:37:14', NULL, '2015-05-24 08:37:14', 5221, 'U'),
(238, '04652839', 'JOYNAGAR', NULL, 1, NULL, '2015-05-24 08:37:14', NULL, '2015-05-24 08:37:14', 5222, 'U'),
(238, '04652847', 'KALABARIA', NULL, 1, NULL, '2015-05-24 08:37:14', NULL, '2015-05-24 08:37:14', 5223, 'U'),
(238, '04652863', 'KHASIAL', NULL, 1, NULL, '2015-05-24 08:37:14', NULL, '2015-05-24 08:37:14', 5224, 'U'),
(238, '04652871', 'MAULI', NULL, 1, NULL, '2015-05-24 08:37:14', NULL, '2015-05-24 08:37:14', 5225, 'U'),
(238, '04652879', 'PAHARDANGA', NULL, 1, NULL, '2015-05-24 08:37:14', NULL, '2015-05-24 08:37:14', 5226, 'U'),
(238, '04652887', 'PERULI UNION', NULL, 1, NULL, '2015-05-24 08:37:14', NULL, '2015-05-24 08:37:14', 5227, 'U'),
(238, '04652894', 'PURULIA', NULL, 1, NULL, '2015-05-24 08:37:14', NULL, '2015-05-24 08:37:14', 5228, 'U'),
(238, '04652895', 'SALAMABAD', NULL, 1, NULL, '2015-05-24 08:37:14', NULL, '2015-05-24 08:37:14', 5229, 'U'),
(239, '04655201', 'WARD NO-01', NULL, 1, NULL, '2015-05-24 08:12:57', NULL, '2015-05-24 08:12:57', 5230, 'W'),
(239, '04655202', 'WARD NO-02', NULL, 1, NULL, '2015-05-24 08:12:57', NULL, '2015-05-24 08:12:57', 5231, 'W'),
(239, '04655203', 'WARD NO-03', NULL, 1, NULL, '2015-05-24 08:12:57', NULL, '2015-05-24 08:12:57', 5232, 'W'),
(239, '04655204', 'WARD NO-04', NULL, 1, NULL, '2015-05-24 08:12:57', NULL, '2015-05-24 08:12:57', 5233, 'W'),
(239, '04655205', 'WARD NO-05', NULL, 1, NULL, '2015-05-24 08:12:57', NULL, '2015-05-24 08:12:57', 5234, 'W'),
(239, '04655206', 'WARD NO-06', NULL, 1, NULL, '2015-05-24 08:12:57', NULL, '2015-05-24 08:12:57', 5235, 'W'),
(239, '04655207', 'WARD NO-07', NULL, 1, NULL, '2015-05-24 08:12:57', NULL, '2015-05-24 08:12:57', 5236, 'W'),
(239, '04655208', 'WARD NO-08', NULL, 1, NULL, '2015-05-24 08:12:57', NULL, '2015-05-24 08:12:57', 5237, 'W'),
(239, '04655209', 'WARD NO-09', NULL, 1, NULL, '2015-05-24 08:12:57', NULL, '2015-05-24 08:12:57', 5238, 'W'),
(239, '04655215', 'DIGHALIA', NULL, 1, NULL, '2015-05-24 08:37:14', NULL, '2015-05-24 08:37:14', 5239, 'U'),
(239, '04655218', 'ITNA', NULL, 1, NULL, '2015-05-24 08:37:14', NULL, '2015-05-24 08:37:14', 5240, 'U'),
(239, '04655223', 'JOYPUR', NULL, 1, NULL, '2015-05-24 08:37:14', NULL, '2015-05-24 08:37:14', 5241, 'U'),
(239, '04655231', 'KASHIPUR', NULL, 1, NULL, '2015-05-24 08:37:14', NULL, '2015-05-24 08:37:14', 5242, 'U'),
(239, '04655239', 'KOTAKUL', NULL, 1, NULL, '2015-05-24 08:37:14', NULL, '2015-05-24 08:37:14', 5243, 'U'),
(239, '04655247', 'LAHURIA', NULL, 1, NULL, '2015-05-24 08:37:14', NULL, '2015-05-24 08:37:14', 5244, 'U'),
(239, '04655255', 'LAKSHMIPASHA', NULL, 1, NULL, '2015-05-24 08:37:14', NULL, '2015-05-24 08:37:14', 5245, 'U'),
(239, '04655263', 'LOHAGARA', NULL, 1, NULL, '2015-05-24 08:37:14', NULL, '2015-05-24 08:37:14', 5246, 'U'),
(239, '04655271', 'MALLIKPUR', NULL, 1, NULL, '2015-05-24 08:37:14', NULL, '2015-05-24 08:37:14', 5247, 'U'),
(239, '04655279', 'NALDI', NULL, 1, NULL, '2015-05-24 08:37:14', NULL, '2015-05-24 08:37:14', 5248, 'U'),
(239, '04655287', 'NOAGRAM', NULL, 1, NULL, '2015-05-24 08:37:14', NULL, '2015-05-24 08:37:14', 5249, 'U'),
(239, '04655294', 'SHALNAGAR', NULL, 1, NULL, '2015-05-24 08:37:14', NULL, '2015-05-24 08:37:14', 5250, 'U'),
(240, '04657601', 'WARD NO-01', NULL, 1, NULL, '2015-05-24 08:12:57', NULL, '2015-05-24 08:12:57', 5251, 'W'),
(240, '04657602', 'WARD NO-02', NULL, 1, NULL, '2015-05-24 08:12:57', NULL, '2015-05-24 08:12:57', 5252, 'W'),
(240, '04657603', 'WARD NO-03', NULL, 1, NULL, '2015-05-24 08:12:57', NULL, '2015-05-24 08:12:57', 5253, 'W'),
(240, '04657604', 'WARD NO-04', NULL, 1, NULL, '2015-05-24 08:12:57', NULL, '2015-05-24 08:12:57', 5254, 'W'),
(240, '04657605', 'WARD NO-05', NULL, 1, NULL, '2015-05-24 08:12:57', NULL, '2015-05-24 08:12:57', 5255, 'W'),
(240, '04657606', 'WARD NO-06', NULL, 1, NULL, '2015-05-24 08:12:57', NULL, '2015-05-24 08:12:57', 5256, 'W'),
(240, '04657607', 'WARD NO-07', NULL, 1, NULL, '2015-05-24 08:12:57', NULL, '2015-05-24 08:12:57', 5257, 'W'),
(240, '04657608', 'WARD NO-08', NULL, 1, NULL, '2015-05-24 08:12:57', NULL, '2015-05-24 08:12:57', 5258, 'W'),
(240, '04657609', 'WARD NO-09', NULL, 1, NULL, '2015-05-24 08:12:57', NULL, '2015-05-24 08:12:57', 5259, 'W'),
(240, '04657611', 'AURIA', NULL, 1, NULL, '2015-05-24 08:37:14', NULL, '2015-05-24 08:37:14', 5260, 'U'),
(240, '04657613', 'BANSHGRAM', NULL, 1, NULL, '2015-05-24 08:37:14', NULL, '2015-05-24 08:37:14', 5261, 'U'),
(240, '04657620', 'BHADRABILA', NULL, 1, NULL, '2015-05-24 08:37:14', NULL, '2015-05-24 08:37:14', 5262, 'U'),
(240, '04657627', 'BICHHALI', NULL, 1, NULL, '2015-05-24 08:37:14', NULL, '2015-05-24 08:37:14', 5263, 'U'),
(240, '04657633', 'CHANDIBARPUR', NULL, 1, NULL, '2015-05-24 08:37:14', NULL, '2015-05-24 08:37:14', 5264, 'U'),
(240, '04657640', 'HABAKHALI', NULL, 1, NULL, '2015-05-24 08:37:14', NULL, '2015-05-24 08:37:14', 5265, 'U'),
(240, '04657647', 'KALORA', NULL, 1, NULL, '2015-05-24 08:37:14', NULL, '2015-05-24 08:37:14', 5266, 'U'),
(240, '04657654', 'MAIJ PARA', NULL, 1, NULL, '2015-05-24 08:37:14', NULL, '2015-05-24 08:37:14', 5267, 'U'),
(240, '04657661', 'MULIA', NULL, 1, NULL, '2015-05-24 08:37:14', NULL, '2015-05-24 08:37:14', 5268, 'U'),
(240, '04657674', 'SAHABAD', NULL, 1, NULL, '2015-05-24 08:37:14', NULL, '2015-05-24 08:37:14', 5269, 'U'),
(240, '04657681', 'SHAIKHATI', NULL, 1, NULL, '2015-05-24 08:37:14', NULL, '2015-05-24 08:37:14', 5270, 'U'),
(240, '04657688', 'SINGASOLPUR', NULL, 1, NULL, '2015-05-24 08:37:14', NULL, '2015-05-24 08:37:14', 5271, 'U'),
(240, '04657694', 'TULARAMPUR', NULL, 1, NULL, '2015-05-24 08:37:14', NULL, '2015-05-24 08:37:14', 5272, 'U'),
(241, '04870415', 'ANULIA', NULL, 1, NULL, '2015-05-24 08:37:14', NULL, '2015-05-24 08:37:14', 5273, 'U'),
(241, '04870417', 'ASSASUNI', NULL, 1, NULL, '2015-05-24 08:37:14', NULL, '2015-05-24 08:37:14', 5274, 'U'),
(241, '04870425', 'BARADAL', NULL, 1, NULL, '2015-05-24 08:37:14', NULL, '2015-05-24 08:37:14', 5275, 'U'),
(241, '04870434', 'BUDHHATA', NULL, 1, NULL, '2015-05-24 08:37:14', NULL, '2015-05-24 08:37:14', 5276, 'U'),
(241, '04870443', 'DURGAPUR', NULL, 1, NULL, '2015-05-24 08:37:14', NULL, '2015-05-24 08:37:14', 5277, 'U'),
(241, '04870456', 'KADAKATI', NULL, 1, NULL, '2015-05-24 08:37:14', NULL, '2015-05-24 08:37:14', 5278, 'U'),
(241, '04870460', 'KHAJRA', NULL, 1, NULL, '2015-05-24 08:37:14', NULL, '2015-05-24 08:37:14', 5279, 'U'),
(241, '04870469', 'KULLA', NULL, 1, NULL, '2015-05-24 08:37:14', NULL, '2015-05-24 08:37:14', 5280, 'U'),
(241, '04870477', 'PRATAP NAGAR', NULL, 1, NULL, '2015-05-24 08:37:14', NULL, '2015-05-24 08:37:14', 5281, 'U'),
(241, '04870486', 'SOBHNALI', NULL, 1, NULL, '2015-05-24 08:37:14', NULL, '2015-05-24 08:37:14', 5282, 'U'),
(241, '04870494', 'SREEULA', NULL, 1, NULL, '2015-05-24 08:37:14', NULL, '2015-05-24 08:37:14', 5283, 'U'),
(242, '04872515', 'DEBHATA', NULL, 1, NULL, '2015-05-24 08:37:14', NULL, '2015-05-24 08:37:14', 5284, 'U'),
(242, '04872531', 'KULIA', NULL, 1, NULL, '2015-05-24 08:37:14', NULL, '2015-05-24 08:37:14', 5285, 'U'),
(242, '04872547', 'NOAPARA', NULL, 1, NULL, '2015-05-24 08:37:14', NULL, '2015-05-24 08:37:14', 5286, 'U'),
(242, '04872563', 'PARULIA', NULL, 1, NULL, '2015-05-24 08:37:14', NULL, '2015-05-24 08:37:14', 5287, 'U'),
(242, '04872579', 'SAKHIPUR', NULL, 1, NULL, '2015-05-24 08:37:14', NULL, '2015-05-24 08:37:14', 5288, 'U'),
(243, '04874301', 'WARD NO-01', NULL, 1, NULL, '2015-05-24 08:12:57', NULL, '2015-05-24 08:12:57', 5289, 'W'),
(243, '04874302', 'WARD NO-02', NULL, 1, NULL, '2015-05-24 08:12:57', NULL, '2015-05-24 08:12:57', 5290, 'W'),
(243, '04874303', 'WARD NO-03', NULL, 1, NULL, '2015-05-24 08:12:57', NULL, '2015-05-24 08:12:57', 5291, 'W'),
(243, '04874304', 'WARD NO-04', NULL, 1, NULL, '2015-05-24 08:12:57', NULL, '2015-05-24 08:12:57', 5292, 'W'),
(243, '04874305', 'WARD NO-05', NULL, 1, NULL, '2015-05-24 08:12:57', NULL, '2015-05-24 08:12:57', 5293, 'W'),
(243, '04874306', 'WARD NO-06', NULL, 1, NULL, '2015-05-24 08:12:57', NULL, '2015-05-24 08:12:57', 5294, 'W'),
(243, '04874307', 'WARD NO-07', NULL, 1, NULL, '2015-05-24 08:12:57', NULL, '2015-05-24 08:12:57', 5295, 'W'),
(243, '04874308', 'WARD NO-08', NULL, 1, NULL, '2015-05-24 08:12:57', NULL, '2015-05-24 08:12:57', 5296, 'W'),
(243, '04874309', 'WARD NO-09', NULL, 1, NULL, '2015-05-24 08:12:57', NULL, '2015-05-24 08:12:57', 5297, 'W'),
(243, '04874313', 'CHANDANPUR', NULL, 1, NULL, '2015-05-24 08:37:14', NULL, '2015-05-24 08:37:14', 5298, 'U'),
(243, '04874315', 'DIARA', NULL, 1, NULL, '2015-05-24 08:37:14', NULL, '2015-05-24 08:37:14', 5299, 'U'),
(243, '04874323', 'LANGALJHARA', NULL, 1, NULL, '2015-05-24 08:37:14', NULL, '2015-05-24 08:37:14', 5300, 'U'),
(243, '04874331', 'HELATALA', NULL, 1, NULL, '2015-05-24 08:37:14', NULL, '2015-05-24 08:37:14', 5301, 'U'),
(243, '04874339', 'JALLABAD', NULL, 1, NULL, '2015-05-24 08:37:14', NULL, '2015-05-24 08:37:14', 5302, 'U'),
(243, '04874347', 'JOYNAGAR', NULL, 1, NULL, '2015-05-24 08:37:14', NULL, '2015-05-24 08:37:14', 5303, 'U'),
(243, '04874355', 'JOGIKHALI', NULL, 1, NULL, '2015-05-24 08:37:14', NULL, '2015-05-24 08:37:14', 5304, 'U'),
(243, '04874363', 'KERAGACHHI', NULL, 1, NULL, '2015-05-24 08:37:14', NULL, '2015-05-24 08:37:14', 5305, 'U'),
(243, '04874371', 'KERALKATA', NULL, 1, NULL, '2015-05-24 08:37:14', NULL, '2015-05-24 08:37:14', 5306, 'U'),
(243, '04874379', 'KUSHADANGA', NULL, 1, NULL, '2015-05-24 08:37:14', NULL, '2015-05-24 08:37:14', 5307, 'U'),
(243, '04874387', 'KAILA', NULL, 1, NULL, '2015-05-24 08:37:14', NULL, '2015-05-24 08:37:14', 5308, 'U'),
(243, '04874394', 'SONABARIA', NULL, 1, NULL, '2015-05-24 08:37:14', NULL, '2015-05-24 08:37:14', 5309, 'U'),
(244, '04874713', 'BHARA SIMLA', NULL, 1, NULL, '2015-05-24 08:37:14', NULL, '2015-05-24 08:37:14', 5310, 'U'),
(361, '05886714', 'GALA', NULL, 1, NULL, '2015-05-24 08:37:14', NULL, '2015-05-24 08:37:14', 5311, 'U'),
(244, '04874723', 'CHAMPAPHUL', NULL, 1, NULL, '2015-05-24 08:37:14', NULL, '2015-05-24 08:37:14', 5312, 'U'),
(244, '04874731', 'DAKSHIN SREEPUR', NULL, 1, NULL, '2015-05-24 08:37:14', NULL, '2015-05-24 08:37:14', 5313, 'U'),
(244, '04874739', 'DHALBARIA', NULL, 1, NULL, '2015-05-24 08:37:14', NULL, '2015-05-24 08:37:14', 5314, 'U'),
(244, '04874747', 'KRISHNANAGAR', NULL, 1, NULL, '2015-05-24 08:37:14', NULL, '2015-05-24 08:37:14', 5315, 'U'),
(244, '04874755', 'KUSHLIA', NULL, 1, NULL, '2015-05-24 08:37:14', NULL, '2015-05-24 08:37:14', 5316, 'U'),
(244, '04874763', 'MATHURESHPUR', NULL, 1, NULL, '2015-05-24 08:37:14', NULL, '2015-05-24 08:37:14', 5317, 'U'),
(244, '04874771', 'MAUTALA', NULL, 1, NULL, '2015-05-24 08:37:14', NULL, '2015-05-24 08:37:14', 5318, 'U'),
(244, '04874779', 'NALTA', NULL, 1, NULL, '2015-05-24 08:37:14', NULL, '2015-05-24 08:37:14', 5319, 'U'),
(244, '04874787', 'RATANPUR', NULL, 1, NULL, '2015-05-24 08:37:14', NULL, '2015-05-24 08:37:14', 5320, 'U'),
(244, '04874794', 'TARALI', NULL, 1, NULL, '2015-05-24 08:37:14', NULL, '2015-05-24 08:37:14', 5321, 'U'),
(245, '04878201', 'WARD NO-01', NULL, 1, NULL, '2015-05-24 08:12:57', NULL, '2015-05-24 08:12:57', 5322, 'W'),
(245, '04878202', 'WARD NO-02', NULL, 1, NULL, '2015-05-24 08:12:57', NULL, '2015-05-24 08:12:57', 5323, 'W'),
(245, '04878203', 'WARD NO-03', NULL, 1, NULL, '2015-05-24 08:12:57', NULL, '2015-05-24 08:12:57', 5324, 'W'),
(245, '04878204', 'WARD NO-04', NULL, 1, NULL, '2015-05-24 08:12:57', NULL, '2015-05-24 08:12:57', 5325, 'W'),
(245, '04878205', 'WARD NO-05', NULL, 1, NULL, '2015-05-24 08:12:57', NULL, '2015-05-24 08:12:57', 5326, 'W'),
(245, '04878206', 'WARD NO-06', NULL, 1, NULL, '2015-05-24 08:12:57', NULL, '2015-05-24 08:12:57', 5327, 'W'),
(245, '04878207', 'WARD NO-07', NULL, 1, NULL, '2015-05-24 08:12:57', NULL, '2015-05-24 08:12:57', 5328, 'W'),
(245, '04878208', 'WARD NO-08', NULL, 1, NULL, '2015-05-24 08:12:57', NULL, '2015-05-24 08:12:57', 5329, 'W'),
(245, '04878209', 'WARD NO-09', NULL, 1, NULL, '2015-05-24 08:12:57', NULL, '2015-05-24 08:12:57', 5330, 'W'),
(245, '04878213', 'AGARDARI', NULL, 1, NULL, '2015-05-24 08:37:14', NULL, '2015-05-24 08:37:14', 5331, 'U'),
(245, '04878216', 'ALIPUR', NULL, 1, NULL, '2015-05-24 08:37:14', NULL, '2015-05-24 08:37:14', 5332, 'U'),
(245, '04878220', 'BAIKARI', NULL, 1, NULL, '2015-05-24 08:37:14', NULL, '2015-05-24 08:37:14', 5333, 'U'),
(245, '04878227', 'BALLI', NULL, 1, NULL, '2015-05-24 08:37:14', NULL, '2015-05-24 08:37:14', 5334, 'U'),
(245, '04878233', 'BANSHDAHA', NULL, 1, NULL, '2015-05-24 08:37:14', NULL, '2015-05-24 08:37:14', 5335, 'U'),
(245, '04878240', 'BHOMRA', NULL, 1, NULL, '2015-05-24 08:37:14', NULL, '2015-05-24 08:37:14', 5336, 'U'),
(245, '04878247', 'BRAHMA RAJPUR', NULL, 1, NULL, '2015-05-24 08:37:14', NULL, '2015-05-24 08:37:14', 5337, 'U'),
(245, '04878251', 'FINGRI', NULL, 1, NULL, '2015-05-24 08:37:14', NULL, '2015-05-24 08:37:14', 5338, 'U'),
(245, '04878254', 'DHULIHAR', NULL, 1, NULL, '2015-05-24 08:37:14', NULL, '2015-05-24 08:37:14', 5339, 'U'),
(245, '04878261', 'GHONA', NULL, 1, NULL, '2015-05-24 08:37:14', NULL, '2015-05-24 08:37:14', 5340, 'U'),
(245, '04878267', 'JHAUDANGA', NULL, 1, NULL, '2015-05-24 08:37:14', NULL, '2015-05-24 08:37:14', 5341, 'U'),
(245, '04878274', 'KUSKHALI', NULL, 1, NULL, '2015-05-24 08:37:14', NULL, '2015-05-24 08:37:14', 5342, 'U'),
(245, '04878281', 'LABSA', NULL, 1, NULL, '2015-05-24 08:37:14', NULL, '2015-05-24 08:37:14', 5343, 'U'),
(245, '04878294', 'SHIBPUR', NULL, 1, NULL, '2015-05-24 08:37:14', NULL, '2015-05-24 08:37:14', 5344, 'U'),
(246, '04878611', 'ATULIA', NULL, 1, NULL, '2015-05-24 08:37:14', NULL, '2015-05-24 08:37:14', 5345, 'U'),
(246, '04878615', 'BHURULIA', NULL, 1, NULL, '2015-05-24 08:37:14', NULL, '2015-05-24 08:37:14', 5346, 'U'),
(246, '04878623', 'BURI GOALINI', NULL, 1, NULL, '2015-05-24 08:37:14', NULL, '2015-05-24 08:37:14', 5347, 'U'),
(246, '04878631', 'GABURA', NULL, 1, NULL, '2015-05-24 08:37:14', NULL, '2015-05-24 08:37:14', 5348, 'U'),
(246, '04878639', 'ISHWARIPUR', NULL, 1, NULL, '2015-05-24 08:37:14', NULL, '2015-05-24 08:37:14', 5349, 'U'),
(246, '04878647', 'KAIKHALI', NULL, 1, NULL, '2015-05-24 08:37:14', NULL, '2015-05-24 08:37:14', 5350, 'U'),
(246, '04878655', 'KASHIMARI', NULL, 1, NULL, '2015-05-24 08:37:14', NULL, '2015-05-24 08:37:14', 5351, 'U'),
(246, '04878663', 'MUNSHIGANJ', NULL, 1, NULL, '2015-05-24 08:37:14', NULL, '2015-05-24 08:37:14', 5352, 'U'),
(246, '04878671', 'NURNAGAR', NULL, 1, NULL, '2015-05-24 08:37:14', NULL, '2015-05-24 08:37:14', 5353, 'U'),
(246, '04878679', 'PADMA PUKUR', NULL, 1, NULL, '2015-05-24 08:37:14', NULL, '2015-05-24 08:37:14', 5354, 'U'),
(246, '04878687', 'RAMJAN NAGAR', NULL, 1, NULL, '2015-05-24 08:37:14', NULL, '2015-05-24 08:37:14', 5355, 'U'),
(246, '04878694', 'SHYAMNAGAR', NULL, 1, NULL, '2015-05-24 08:37:14', NULL, '2015-05-24 08:37:14', 5356, 'U'),
(246, '04878697', 'SATKHIRA RANGE', NULL, 1, NULL, '2015-05-24 08:37:14', NULL, '2015-05-24 08:37:14', 5357, 'U'),
(247, '04879011', 'DHANDIA', NULL, 1, NULL, '2015-05-24 08:37:14', NULL, '2015-05-24 08:37:14', 5358, 'U'),
(247, '04879015', 'ISLAMKATI', NULL, 1, NULL, '2015-05-24 08:37:14', NULL, '2015-05-24 08:37:14', 5359, 'U'),
(247, '04879023', 'JALALPUR', NULL, 1, NULL, '2015-05-24 08:37:14', NULL, '2015-05-24 08:37:14', 5360, 'U'),
(247, '04879031', 'KHALILNAGAR', NULL, 1, NULL, '2015-05-24 08:37:14', NULL, '2015-05-24 08:37:14', 5361, 'U'),
(247, '04879039', 'KHALISHKHALI', NULL, 1, NULL, '2015-05-24 08:37:14', NULL, '2015-05-24 08:37:14', 5362, 'U'),
(247, '04879047', 'KHESRA', NULL, 1, NULL, '2015-05-24 08:37:14', NULL, '2015-05-24 08:37:14', 5363, 'U'),
(247, '04879055', 'KUMIRA', NULL, 1, NULL, '2015-05-24 08:37:14', NULL, '2015-05-24 08:37:14', 5364, 'U'),
(247, '04879063', 'MAGURA', NULL, 1, NULL, '2015-05-24 08:37:14', NULL, '2015-05-24 08:37:14', 5365, 'U'),
(247, '04879071', 'NAGARGHATA', NULL, 1, NULL, '2015-05-24 08:37:14', NULL, '2015-05-24 08:37:14', 5366, 'U'),
(247, '04879079', 'SARULIA', NULL, 1, NULL, '2015-05-24 08:37:14', NULL, '2015-05-24 08:37:14', 5367, 'U'),
(247, '04879087', 'TALA', NULL, 1, NULL, '2015-05-24 08:37:14', NULL, '2015-05-24 08:37:14', 5368, 'U'),
(247, '04879094', 'TENTULIA', NULL, 1, NULL, '2015-05-24 08:37:14', NULL, '2015-05-24 08:37:14', 5369, 'U'),
(248, '05100601', 'WARD NO-01', NULL, 1, NULL, '2015-05-24 08:12:57', NULL, '2015-05-24 08:12:57', 5370, 'W'),
(248, '05100602', 'WARD NO-02', NULL, 1, NULL, '2015-05-24 08:12:57', NULL, '2015-05-24 08:12:57', 5371, 'W'),
(248, '05100603', 'WARD NO-03', NULL, 1, NULL, '2015-05-24 08:12:57', NULL, '2015-05-24 08:12:57', 5372, 'W'),
(248, '05100604', 'WARD NO-04', NULL, 1, NULL, '2015-05-24 08:12:57', NULL, '2015-05-24 08:12:57', 5373, 'W'),
(248, '05100605', 'WARD NO-05', NULL, 1, NULL, '2015-05-24 08:12:57', NULL, '2015-05-24 08:12:57', 5374, 'W'),
(248, '05100606', 'WARD NO-06', NULL, 1, NULL, '2015-05-24 08:12:57', NULL, '2015-05-24 08:12:57', 5375, 'W'),
(248, '05100607', 'WARD NO-07', NULL, 1, NULL, '2015-05-24 08:12:57', NULL, '2015-05-24 08:12:57', 5376, 'W'),
(248, '05100608', 'WARD NO-08', NULL, 1, NULL, '2015-05-24 08:12:57', NULL, '2015-05-24 08:12:57', 5377, 'W'),
(248, '05100609', 'WARD NO-09', NULL, 1, NULL, '2015-05-24 08:12:57', NULL, '2015-05-24 08:12:57', 5378, 'W'),
(248, '05100613', 'ADAM DIGHI', NULL, 1, NULL, '2015-05-24 08:37:14', NULL, '2015-05-24 08:37:14', 5379, 'U'),
(248, '05100627', 'CHAMPAPUR', NULL, 1, NULL, '2015-05-24 08:37:14', NULL, '2015-05-24 08:37:14', 5380, 'U'),
(248, '05100640', 'CHHATIANGRAM', NULL, 1, NULL, '2015-05-24 08:37:14', NULL, '2015-05-24 08:37:14', 5381, 'U'),
(248, '05100654', 'KUNDAGRAM', NULL, 1, NULL, '2015-05-24 08:37:14', NULL, '2015-05-24 08:37:14', 5382, 'U'),
(248, '05100667', 'NASRATPUR', NULL, 1, NULL, '2015-05-24 08:37:14', NULL, '2015-05-24 08:37:14', 5383, 'U'),
(248, '05100681', 'SHANTAHAR', NULL, 1, NULL, '2015-05-24 08:37:14', NULL, '2015-05-24 08:37:14', 5384, 'U'),
(249, '05102001', 'WARD NO-01', NULL, 1, NULL, '2015-05-24 08:12:57', NULL, '2015-05-24 08:12:57', 5385, 'W'),
(249, '05102002', 'WARD NO-02', NULL, 1, NULL, '2015-05-24 08:12:57', NULL, '2015-05-24 08:12:57', 5386, 'W'),
(249, '05102003', 'WARD NO-03', NULL, 1, NULL, '2015-05-24 08:12:57', NULL, '2015-05-24 08:12:57', 5387, 'W'),
(249, '05102004', 'WARD NO-04', NULL, 1, NULL, '2015-05-24 08:12:57', NULL, '2015-05-24 08:12:57', 5388, 'W'),
(249, '05102005', 'WARD NO-05', NULL, 1, NULL, '2015-05-24 08:12:57', NULL, '2015-05-24 08:12:57', 5389, 'W'),
(249, '05102006', 'WARD NO-06', NULL, 1, NULL, '2015-05-24 08:12:57', NULL, '2015-05-24 08:12:57', 5390, 'W'),
(249, '05102007', 'WARD NO-07', NULL, 1, NULL, '2015-05-24 08:12:57', NULL, '2015-05-24 08:12:57', 5391, 'W'),
(249, '05102008', 'WARD NO-08', NULL, 1, NULL, '2015-05-24 08:12:57', NULL, '2015-05-24 08:12:57', 5392, 'W'),
(249, '05102009', 'WARD NO-09', NULL, 1, NULL, '2015-05-24 08:12:57', NULL, '2015-05-24 08:12:57', 5393, 'W'),
(249, '05102010', 'WARD NO-10', NULL, 1, NULL, '2015-05-24 08:12:57', NULL, '2015-05-24 08:12:57', 5394, 'W'),
(249, '05102011', 'WARD NO-11', NULL, 1, NULL, '2015-05-24 08:12:57', NULL, '2015-05-24 08:12:57', 5395, 'W'),
(249, '05102012', 'WARD NO-12', NULL, 1, NULL, '2015-05-24 08:12:57', NULL, '2015-05-24 08:12:57', 5396, 'W'),
(249, '05102013', 'WARD NO-13 (PART)', NULL, 1, NULL, '2015-05-24 08:12:57', NULL, '2015-05-24 08:12:57', 5397, 'W'),
(249, '05102014', 'WARD NO-14 (PART)', NULL, 1, NULL, '2015-05-24 08:12:57', NULL, '2015-05-24 08:12:57', 5398, 'W'),
(249, '05102015', 'WARD NO-15', NULL, 1, NULL, '2015-05-24 08:12:57', NULL, '2015-05-24 08:12:57', 5399, 'W'),
(249, '05102016', 'WARD NO-16', NULL, 1, NULL, '2015-05-24 08:12:57', NULL, '2015-05-24 08:12:57', 5400, 'W'),
(249, '05102017', 'WARD NO-17', NULL, 1, NULL, '2015-05-24 08:12:57', NULL, '2015-05-24 08:12:57', 5401, 'W'),
(249, '05102018', 'WARD NO-18', NULL, 1, NULL, '2015-05-24 08:12:57', NULL, '2015-05-24 08:12:57', 5402, 'W'),
(249, '05102019', 'WARD NO-19', NULL, 1, NULL, '2015-05-24 08:12:57', NULL, '2015-05-24 08:12:57', 5403, 'W'),
(249, '05102020', 'WARD NO-20', NULL, 1, NULL, '2015-05-24 08:12:57', NULL, '2015-05-24 08:12:57', 5404, 'W'),
(249, '05102021', 'WARD NO-21 (PART)', NULL, 1, NULL, '2015-05-24 08:12:57', NULL, '2015-05-24 08:12:57', 5405, 'W'),
(249, '05102023', 'ERULIA', NULL, 1, NULL, '2015-05-24 08:37:14', NULL, '2015-05-24 08:37:14', 5406, 'U'),
(249, '05102025', 'FAPORE', NULL, 1, NULL, '2015-05-24 08:37:14', NULL, '2015-05-24 08:37:14', 5407, 'U'),
(249, '05102034', 'GOKUL', NULL, 1, NULL, '2015-05-24 08:37:14', NULL, '2015-05-24 08:37:14', 5408, 'U'),
(249, '05102047', 'LAHIRI PARA', NULL, 1, NULL, '2015-05-24 08:37:14', NULL, '2015-05-24 08:37:14', 5409, 'U'),
(249, '05102060', 'NAMUJA', NULL, 1, NULL, '2015-05-24 08:37:14', NULL, '2015-05-24 08:37:14', 5410, 'U'),
(249, '05102064', 'NISHINDARA', NULL, 1, NULL, '2015-05-24 08:37:14', NULL, '2015-05-24 08:37:14', 5411, 'U'),
(249, '05102069', 'NOONGOLA', NULL, 1, NULL, '2015-05-24 08:37:14', NULL, '2015-05-24 08:37:14', 5412, 'U'),
(249, '05102073', 'RAJAPUR', NULL, 1, NULL, '2015-05-24 08:37:14', NULL, '2015-05-24 08:37:14', 5413, 'U'),
(249, '05102077', 'SHABGRAM', NULL, 1, NULL, '2015-05-24 08:37:14', NULL, '2015-05-24 08:37:14', 5414, 'U'),
(249, '05102082', 'SHAKHARIA', NULL, 1, NULL, '2015-05-24 08:37:14', NULL, '2015-05-24 08:37:14', 5415, 'U'),
(249, '05102086', 'SEKHERKOLA', NULL, 1, NULL, '2015-05-24 08:37:14', NULL, '2015-05-24 08:37:14', 5416, 'U'),
(250, '05102701', 'WARD NO-01', NULL, 1, NULL, '2015-05-24 08:12:57', NULL, '2015-05-24 08:12:57', 5417, 'W'),
(250, '05102702', 'WARD NO-02', NULL, 1, NULL, '2015-05-24 08:12:57', NULL, '2015-05-24 08:12:57', 5418, 'W'),
(250, '05102703', 'WARD NO-03', NULL, 1, NULL, '2015-05-24 08:12:57', NULL, '2015-05-24 08:12:57', 5419, 'W'),
(250, '05102704', 'WARD NO-04', NULL, 1, NULL, '2015-05-24 08:12:57', NULL, '2015-05-24 08:12:57', 5420, 'W'),
(250, '05102705', 'WARD NO-05', NULL, 1, NULL, '2015-05-24 08:12:57', NULL, '2015-05-24 08:12:57', 5421, 'W'),
(250, '05102706', 'WARD NO-06', NULL, 1, NULL, '2015-05-24 08:12:57', NULL, '2015-05-24 08:12:57', 5422, 'W'),
(250, '05102707', 'WARD NO-07', NULL, 1, NULL, '2015-05-24 08:12:57', NULL, '2015-05-24 08:12:57', 5423, 'W'),
(250, '05102708', 'WARD NO-08', NULL, 1, NULL, '2015-05-24 08:12:57', NULL, '2015-05-24 08:12:57', 5424, 'W'),
(250, '05102709', 'WARD NO-09', NULL, 1, NULL, '2015-05-24 08:12:57', NULL, '2015-05-24 08:12:57', 5425, 'W'),
(250, '05102715', 'BHANDARBARI', NULL, 1, NULL, '2015-05-24 08:37:14', NULL, '2015-05-24 08:37:14', 5426, 'U'),
(250, '05102719', 'CHAUKIBARI', NULL, 1, NULL, '2015-05-24 08:37:14', NULL, '2015-05-24 08:37:14', 5427, 'U'),
(250, '05102728', 'CHIKASHI', NULL, 1, NULL, '2015-05-24 08:37:14', NULL, '2015-05-24 08:37:14', 5428, 'U'),
(250, '05102738', 'DHUNAT', NULL, 1, NULL, '2015-05-24 08:37:14', NULL, '2015-05-24 08:37:14', 5429, 'U'),
(250, '05102747', 'ELANGI', NULL, 1, NULL, '2015-05-24 08:37:14', NULL, '2015-05-24 08:37:14', 5430, 'U'),
(250, '05102757', 'GOPALNAGAR', NULL, 1, NULL, '2015-05-24 08:37:14', NULL, '2015-05-24 08:37:14', 5431, 'U'),
(250, '05102766', 'GOSAINBARI', NULL, 1, NULL, '2015-05-24 08:37:14', NULL, '2015-05-24 08:37:14', 5432, 'U'),
(250, '05102776', 'KALER PARA', NULL, 1, NULL, '2015-05-24 08:37:14', NULL, '2015-05-24 08:37:14', 5433, 'U'),
(250, '05102785', 'MATHURAPUR', NULL, 1, NULL, '2015-05-24 08:37:14', NULL, '2015-05-24 08:37:14', 5434, 'U'),
(250, '05102795', 'NIMGACHHI', NULL, 1, NULL, '2015-05-24 08:37:14', NULL, '2015-05-24 08:37:14', 5435, 'U'),
(251, '05103301', 'WARD NO-01', NULL, 1, NULL, '2015-05-24 08:12:57', NULL, '2015-05-24 08:12:57', 5436, 'W'),
(251, '05103302', 'WARD NO-02', NULL, 1, NULL, '2015-05-24 08:12:57', NULL, '2015-05-24 08:12:57', 5437, 'W'),
(251, '05103303', 'WARD NO-03', NULL, 1, NULL, '2015-05-24 08:12:57', NULL, '2015-05-24 08:12:57', 5438, 'W'),
(251, '05103304', 'WARD NO-04', NULL, 1, NULL, '2015-05-24 08:12:57', NULL, '2015-05-24 08:12:57', 5439, 'W'),
(251, '05103305', 'WARD NO-05', NULL, 1, NULL, '2015-05-24 08:12:57', NULL, '2015-05-24 08:12:57', 5440, 'W'),
(251, '05103306', 'WARD NO-06', NULL, 1, NULL, '2015-05-24 08:12:57', NULL, '2015-05-24 08:12:57', 5441, 'W'),
(251, '05103307', 'WARD NO-07', NULL, 1, NULL, '2015-05-24 08:12:57', NULL, '2015-05-24 08:12:57', 5442, 'W'),
(251, '05103308', 'WARD NO-08', NULL, 1, NULL, '2015-05-24 08:12:57', NULL, '2015-05-24 08:12:57', 5443, 'W'),
(251, '05103309', 'WARD NO-09', NULL, 1, NULL, '2015-05-24 08:12:57', NULL, '2015-05-24 08:12:57', 5444, 'W'),
(251, '05103313', 'CHAMRUL UNION', NULL, 1, NULL, '2015-05-24 08:37:14', NULL, '2015-05-24 08:37:14', 5445, 'U'),
(251, '05103327', 'DHUPCHANCHIA', NULL, 1, NULL, '2015-05-24 08:37:14', NULL, '2015-05-24 08:37:14', 5446, 'U'),
(251, '05103340', 'GOBINDAPUR', NULL, 1, NULL, '2015-05-24 08:37:14', NULL, '2015-05-24 08:37:14', 5447, 'U'),
(251, '05103354', 'GUNAHAR', NULL, 1, NULL, '2015-05-24 08:37:14', NULL, '2015-05-24 08:37:14', 5448, 'U'),
(251, '05103367', 'TALORA UNION', NULL, 1, NULL, '2015-05-24 08:37:14', NULL, '2015-05-24 08:37:14', 5449, 'U'),
(251, '05103381', 'ZIANAGAR', NULL, 1, NULL, '2015-05-24 08:37:14', NULL, '2015-05-24 08:37:14', 5450, 'U'),
(252, '05104001', 'WARD NO-01', NULL, 1, NULL, '2015-05-24 08:12:57', NULL, '2015-05-24 08:12:57', 5451, 'W'),
(252, '05104002', 'WARD NO-02', NULL, 1, NULL, '2015-05-24 08:12:57', NULL, '2015-05-24 08:12:57', 5452, 'W'),
(252, '05104003', 'WARD NO-03', NULL, 1, NULL, '2015-05-24 08:12:57', NULL, '2015-05-24 08:12:57', 5453, 'W'),
(252, '05104004', 'WARD NO-04', NULL, 1, NULL, '2015-05-24 08:12:57', NULL, '2015-05-24 08:12:57', 5454, 'W'),
(252, '05104005', 'WARD NO-05', NULL, 1, NULL, '2015-05-24 08:12:57', NULL, '2015-05-24 08:12:57', 5455, 'W'),
(252, '05104006', 'WARD NO-06', NULL, 1, NULL, '2015-05-24 08:12:57', NULL, '2015-05-24 08:12:57', 5456, 'W'),
(252, '05104007', 'WARD NO-07', NULL, 1, NULL, '2015-05-24 08:12:57', NULL, '2015-05-24 08:12:57', 5457, 'W'),
(252, '05104008', 'WARD NO-08', NULL, 1, NULL, '2015-05-24 08:12:57', NULL, '2015-05-24 08:12:57', 5458, 'W'),
(252, '05104009', 'WARD NO-09', NULL, 1, NULL, '2015-05-24 08:12:57', NULL, '2015-05-24 08:12:57', 5459, 'W'),
(252, '05104011', 'BALIA DIGHI', NULL, 1, NULL, '2015-05-24 08:37:14', NULL, '2015-05-24 08:37:14', 5460, 'U'),
(252, '05104017', 'DAKSHINPARA', NULL, 1, NULL, '2015-05-24 08:37:14', NULL, '2015-05-24 08:37:14', 5461, 'U'),
(252, '05104027', 'DURGAHATA', NULL, 1, NULL, '2015-05-24 08:37:14', NULL, '2015-05-24 08:37:14', 5462, 'U'),
(252, '05104033', 'GABTALI', NULL, 1, NULL, '2015-05-24 08:37:14', NULL, '2015-05-24 08:37:14', 5463, 'U'),
(252, '05104047', 'KAGAIL', NULL, 1, NULL, '2015-05-24 08:37:14', NULL, '2015-05-24 08:37:14', 5464, 'U'),
(252, '05104054', 'MAHISHABAN', NULL, 1, NULL, '2015-05-24 08:37:14', NULL, '2015-05-24 08:37:14', 5465, 'U'),
(252, '05104061', 'NARUAMALA', NULL, 1, NULL, '2015-05-24 08:37:14', NULL, '2015-05-24 08:37:14', 5466, 'U'),
(252, '05104067', 'NASIPUR', NULL, 1, NULL, '2015-05-24 08:37:14', NULL, '2015-05-24 08:37:14', 5467, 'U'),
(252, '05104074', 'NEPALTALI', NULL, 1, NULL, '2015-05-24 08:37:14', NULL, '2015-05-24 08:37:14', 5468, 'U'),
(252, '05104081', 'RAMESHWARPUR', NULL, 1, NULL, '2015-05-24 08:37:14', NULL, '2015-05-24 08:37:14', 5469, 'U'),
(252, '05104088', 'SONARAI', NULL, 1, NULL, '2015-05-24 08:37:14', NULL, '2015-05-24 08:37:14', 5470, 'U'),
(253, '05105401', 'WARD NO-01', NULL, 1, NULL, '2015-05-24 08:12:57', NULL, '2015-05-24 08:12:57', 5471, 'W'),
(253, '05105402', 'WARD NO-02', NULL, 1, NULL, '2015-05-24 08:12:57', NULL, '2015-05-24 08:12:57', 5472, 'W'),
(253, '05105403', 'WARD NO-03', NULL, 1, NULL, '2015-05-24 08:12:57', NULL, '2015-05-24 08:12:57', 5473, 'W'),
(253, '05105404', 'WARD NO-04', NULL, 1, NULL, '2015-05-24 08:12:57', NULL, '2015-05-24 08:12:57', 5474, 'W'),
(253, '05105405', 'WARD NO-05', NULL, 1, NULL, '2015-05-24 08:12:57', NULL, '2015-05-24 08:12:57', 5475, 'W'),
(253, '05105406', 'WARD NO-06', NULL, 1, NULL, '2015-05-24 08:12:57', NULL, '2015-05-24 08:12:57', 5476, 'W'),
(253, '05105407', 'WARD NO-07', NULL, 1, NULL, '2015-05-24 08:12:57', NULL, '2015-05-24 08:12:57', 5477, 'W'),
(253, '05105408', 'WARD NO-08', NULL, 1, NULL, '2015-05-24 08:12:57', NULL, '2015-05-24 08:12:57', 5478, 'W'),
(253, '05105409', 'WARD NO-09', NULL, 1, NULL, '2015-05-24 08:12:57', NULL, '2015-05-24 08:12:57', 5479, 'W'),
(253, '05105413', 'BIR KEDAR', NULL, 1, NULL, '2015-05-24 08:37:14', NULL, '2015-05-24 08:37:14', 5480, 'U'),
(253, '05105419', 'DURGAPUR', NULL, 1, NULL, '2015-05-24 08:37:14', NULL, '2015-05-24 08:37:14', 5481, 'U'),
(253, '05105428', 'JAMGAON', NULL, 1, NULL, '2015-05-24 08:37:14', NULL, '2015-05-24 08:37:14', 5482, 'U'),
(253, '05105438', 'KAHALOO', NULL, 1, NULL, '2015-05-24 08:37:14', NULL, '2015-05-24 08:37:14', 5483, 'U'),
(253, '05105447', 'KALAI MAJH PARA', NULL, 1, NULL, '2015-05-24 08:37:14', NULL, '2015-05-24 08:37:14', 5484, 'U'),
(253, '05105457', 'MALANCHA', NULL, 1, NULL, '2015-05-24 08:37:14', NULL, '2015-05-24 08:37:14', 5485, 'U'),
(253, '05105466', 'MURAIL', NULL, 1, NULL, '2015-05-24 08:37:14', NULL, '2015-05-24 08:37:14', 5486, 'U'),
(253, '05105476', 'NARAHATTA', NULL, 1, NULL, '2015-05-24 08:37:14', NULL, '2015-05-24 08:37:14', 5487, 'U'),
(253, '05105485', 'PAIKAR', NULL, 1, NULL, '2015-05-24 08:37:14', NULL, '2015-05-24 08:37:14', 5488, 'U'),
(254, '05106701', 'WARD NO-01', NULL, 1, NULL, '2015-05-24 08:12:57', NULL, '2015-05-24 08:12:57', 5489, 'W'),
(254, '05106702', 'WARD NO-02', NULL, 1, NULL, '2015-05-24 08:12:57', NULL, '2015-05-24 08:12:57', 5490, 'W'),
(254, '05106703', 'WARD NO-03', NULL, 1, NULL, '2015-05-24 08:12:57', NULL, '2015-05-24 08:12:57', 5491, 'W'),
(254, '05106704', 'WARD NO-04', NULL, 1, NULL, '2015-05-24 08:12:57', NULL, '2015-05-24 08:12:57', 5492, 'W'),
(254, '05106705', 'WARD NO-05', NULL, 1, NULL, '2015-05-24 08:12:57', NULL, '2015-05-24 08:12:57', 5493, 'W'),
(254, '05106706', 'WARD NO-06', NULL, 1, NULL, '2015-05-24 08:12:57', NULL, '2015-05-24 08:12:57', 5494, 'W'),
(254, '05106707', 'WARD NO-07', NULL, 1, NULL, '2015-05-24 08:12:57', NULL, '2015-05-24 08:12:57', 5495, 'W'),
(254, '05106708', 'WARD NO-08', NULL, 1, NULL, '2015-05-24 08:12:57', NULL, '2015-05-24 08:12:57', 5496, 'W'),
(254, '05106709', 'WARD NO-09', NULL, 1, NULL, '2015-05-24 08:12:57', NULL, '2015-05-24 08:12:57', 5497, 'W'),
(254, '05106710', 'BHATGRAM', NULL, 1, NULL, '2015-05-24 08:37:14', NULL, '2015-05-24 08:37:14', 5498, 'U'),
(254, '05106721', 'BHATRA', NULL, 1, NULL, '2015-05-24 08:37:14', NULL, '2015-05-24 08:37:14', 5499, 'U'),
(254, '05106731', 'BURAIL', NULL, 1, NULL, '2015-05-24 08:37:14', NULL, '2015-05-24 08:37:14', 5500, 'U'),
(254, '05106773', 'NANDIGRAM', NULL, 1, NULL, '2015-05-24 08:37:14', NULL, '2015-05-24 08:37:14', 5501, 'U'),
(254, '05106784', 'THALTA MAJHGRAM', NULL, 1, NULL, '2015-05-24 08:37:14', NULL, '2015-05-24 08:37:14', 5502, 'U'),
(255, '05108101', 'WARD NO-01', NULL, 1, NULL, '2015-05-24 08:12:57', NULL, '2015-05-24 08:12:57', 5503, 'W'),
(255, '05108102', 'WARD NO-02', NULL, 1, NULL, '2015-05-24 08:12:57', NULL, '2015-05-24 08:12:57', 5504, 'W'),
(255, '05108103', 'WARD NO-03', NULL, 1, NULL, '2015-05-24 08:12:57', NULL, '2015-05-24 08:12:57', 5505, 'W'),
(255, '05108104', 'WARD NO-04', NULL, 1, NULL, '2015-05-24 08:12:57', NULL, '2015-05-24 08:12:57', 5506, 'W'),
(255, '05108105', 'WARD NO-05', NULL, 1, NULL, '2015-05-24 08:12:57', NULL, '2015-05-24 08:12:57', 5507, 'W'),
(255, '05108106', 'WARD NO-06', NULL, 1, NULL, '2015-05-24 08:12:57', NULL, '2015-05-24 08:12:57', 5508, 'W'),
(255, '05108107', 'WARD NO-07', NULL, 1, NULL, '2015-05-24 08:12:57', NULL, '2015-05-24 08:12:57', 5509, 'W'),
(255, '05108108', 'WARD NO-08', NULL, 1, NULL, '2015-05-24 08:12:57', NULL, '2015-05-24 08:12:57', 5510, 'W'),
(255, '05108109', 'WARD NO-09', NULL, 1, NULL, '2015-05-24 08:12:57', NULL, '2015-05-24 08:12:57', 5511, 'W'),
(255, '05108111', 'BHELABARI', NULL, 1, NULL, '2015-05-24 08:37:14', NULL, '2015-05-24 08:37:14', 5512, 'U'),
(255, '05108112', 'BOHAIL', NULL, 1, NULL, '2015-05-24 08:37:14', NULL, '2015-05-24 08:37:14', 5513, 'U'),
(255, '05108119', 'CHALUABARI', NULL, 1, NULL, '2015-05-24 08:37:14', NULL, '2015-05-24 08:37:14', 5514, 'U'),
(255, '05108125', 'CHANDAN BAISHA', NULL, 1, NULL, '2015-05-24 08:37:14', NULL, '2015-05-24 08:37:14', 5515, 'U'),
(255, '05108131', 'FULBARI UNION', NULL, 1, NULL, '2015-05-24 08:37:14', NULL, '2015-05-24 08:37:14', 5516, 'U'),
(255, '05108137', 'HAT SHERPUR', NULL, 1, NULL, '2015-05-24 08:37:14', NULL, '2015-05-24 08:37:14', 5517, 'U'),
(255, '05108144', 'KAMALPUR', NULL, 1, NULL, '2015-05-24 08:37:14', NULL, '2015-05-24 08:37:14', 5518, 'U'),
(255, '05108155', 'KAZLA', NULL, 1, NULL, '2015-05-24 08:37:14', NULL, '2015-05-24 08:37:14', 5519, 'U'),
(255, '05108156', 'KARNIBARI', NULL, 1, NULL, '2015-05-24 08:37:14', NULL, '2015-05-24 08:37:14', 5520, 'U'),
(255, '05108163', 'KUTUBPUR', NULL, 1, NULL, '2015-05-24 08:37:14', NULL, '2015-05-24 08:37:14', 5521, 'U'),
(255, '05108175', 'NARCHI', NULL, 1, NULL, '2015-05-24 08:37:14', NULL, '2015-05-24 08:37:14', 5522, 'U'),
(255, '05108188', 'SARIAKANDI', NULL, 1, NULL, '2015-05-24 08:37:14', NULL, '2015-05-24 08:37:14', 5523, 'U'),
(256, '05108513', 'WARD NO-13 (PART) BOGRA PSA', NULL, 1, NULL, '2015-05-24 08:12:57', NULL, '2015-05-24 08:12:57', 5524, 'W');
INSERT INTO `sa_unions` (`THANA_ID`, `UD_UNION_CODE`, `UNION_NAME`, `ORDER_SL`, `ACTIVE_FLAG`, `CREATED_BY`, `CREATE_DATE`, `UPDATED_BY`, `UPDATE_DATE`, `UNION_ID`, `UAREA_STATUS`) VALUES
(256, '05108514', 'WARD NO-14 (PART) BOGRA PSA', NULL, 1, NULL, '2015-05-24 08:12:57', NULL, '2015-05-24 08:12:57', 5525, 'W'),
(256, '05108516', 'AMROOL', NULL, 1, NULL, '2015-05-24 08:37:14', NULL, '2015-05-24 08:37:14', 5526, 'U'),
(256, '05108517', 'ARIA', NULL, 1, NULL, '2015-05-24 08:37:14', NULL, '2015-05-24 08:37:14', 5527, 'U'),
(256, '05108518', 'ASEKPUR', NULL, 1, NULL, '2015-05-24 08:37:14', NULL, '2015-05-24 08:37:14', 5528, 'U'),
(256, '05108519', 'CHOPINAGAR', NULL, 1, NULL, '2015-05-24 08:37:14', NULL, '2015-05-24 08:37:14', 5529, 'U'),
(256, '05108521', 'WARD NO-21 (PART) BOGRA PSA', NULL, 1, NULL, '2015-05-24 08:12:57', NULL, '2015-05-24 08:12:57', 5530, 'W'),
(256, '05108530', 'GOHAIL', NULL, 1, NULL, '2015-05-24 08:37:14', NULL, '2015-05-24 08:37:14', 5531, 'U'),
(256, '05108538', 'KHARNA', NULL, 1, NULL, '2015-05-24 08:37:14', NULL, '2015-05-24 08:37:14', 5532, 'U'),
(256, '05108543', 'KHOTTA PARA', NULL, 1, NULL, '2015-05-24 08:37:14', NULL, '2015-05-24 08:37:14', 5533, 'U'),
(256, '05108551', 'MADLA', NULL, 1, NULL, '2015-05-24 08:37:14', NULL, '2015-05-24 08:37:14', 5534, 'U'),
(256, '05108556', 'MAJHIRA', NULL, 1, NULL, '2015-05-24 08:37:14', NULL, '2015-05-24 08:37:14', 5535, 'U'),
(256, '05108598', 'BOGRA CANTONMENT', NULL, 1, NULL, '2015-05-24 08:37:14', NULL, '2015-05-24 08:37:14', 5536, 'U'),
(257, '05108801', 'WARD NO-01', NULL, 1, NULL, '2015-05-24 08:12:57', NULL, '2015-05-24 08:12:57', 5537, 'W'),
(257, '05108802', 'WARD NO-02', NULL, 1, NULL, '2015-05-24 08:12:57', NULL, '2015-05-24 08:12:57', 5538, 'W'),
(257, '05108803', 'WARD NO-03', NULL, 1, NULL, '2015-05-24 08:12:57', NULL, '2015-05-24 08:12:57', 5539, 'W'),
(257, '05108804', 'WARD NO-04', NULL, 1, NULL, '2015-05-24 08:12:57', NULL, '2015-05-24 08:12:57', 5540, 'W'),
(257, '05108805', 'WARD NO-05', NULL, 1, NULL, '2015-05-24 08:12:57', NULL, '2015-05-24 08:12:57', 5541, 'W'),
(257, '05108806', 'WARD NO-06', NULL, 1, NULL, '2015-05-24 08:12:57', NULL, '2015-05-24 08:12:57', 5542, 'W'),
(257, '05108807', 'WARD NO-07', NULL, 1, NULL, '2015-05-24 08:12:57', NULL, '2015-05-24 08:12:57', 5543, 'W'),
(257, '05108808', 'WARD NO-08', NULL, 1, NULL, '2015-05-24 08:12:57', NULL, '2015-05-24 08:12:57', 5544, 'W'),
(257, '05108809', 'WARD NO-09', NULL, 1, NULL, '2015-05-24 08:12:57', NULL, '2015-05-24 08:12:57', 5545, 'W'),
(257, '05108817', 'BHABANIPUR', NULL, 1, NULL, '2015-05-24 08:37:14', NULL, '2015-05-24 08:37:14', 5546, 'U'),
(257, '05108819', 'BISHALPUR', NULL, 1, NULL, '2015-05-24 08:37:14', NULL, '2015-05-24 08:37:14', 5547, 'U'),
(257, '05108828', 'GARIDAHA', NULL, 1, NULL, '2015-05-24 08:37:14', NULL, '2015-05-24 08:37:14', 5548, 'U'),
(257, '05108838', 'KHAMARKANDI', NULL, 1, NULL, '2015-05-24 08:37:14', NULL, '2015-05-24 08:37:14', 5549, 'U'),
(257, '05108847', 'KHANPUR', NULL, 1, NULL, '2015-05-24 08:37:14', NULL, '2015-05-24 08:37:14', 5550, 'U'),
(257, '05108857', 'KUSUMBI', NULL, 1, NULL, '2015-05-24 08:37:14', NULL, '2015-05-24 08:37:14', 5551, 'U'),
(257, '05108866', 'MIRZAPUR', NULL, 1, NULL, '2015-05-24 08:37:14', NULL, '2015-05-24 08:37:14', 5552, 'U'),
(257, '05108877', 'SHAH-BANDEGI', NULL, 1, NULL, '2015-05-24 08:37:14', NULL, '2015-05-24 08:37:14', 5553, 'U'),
(257, '05108885', 'SHIMABARI', NULL, 1, NULL, '2015-05-24 08:37:14', NULL, '2015-05-24 08:37:14', 5554, 'U'),
(257, '05108895', 'SUGHAT', NULL, 1, NULL, '2015-05-24 08:37:14', NULL, '2015-05-24 08:37:14', 5555, 'U'),
(258, '05109401', 'WARD NO-01', NULL, 1, NULL, '2015-05-24 08:12:57', NULL, '2015-05-24 08:12:57', 5556, 'W'),
(258, '05109402', 'WARD NO-02', NULL, 1, NULL, '2015-05-24 08:12:57', NULL, '2015-05-24 08:12:57', 5557, 'W'),
(258, '05109403', 'WARD NO-03', NULL, 1, NULL, '2015-05-24 08:12:57', NULL, '2015-05-24 08:12:57', 5558, 'W'),
(258, '05109404', 'WARD NO-04', NULL, 1, NULL, '2015-05-24 08:12:57', NULL, '2015-05-24 08:12:57', 5559, 'W'),
(258, '05109405', 'WARD NO-05', NULL, 1, NULL, '2015-05-24 08:12:57', NULL, '2015-05-24 08:12:57', 5560, 'W'),
(258, '05109406', 'WARD NO-06', NULL, 1, NULL, '2015-05-24 08:12:57', NULL, '2015-05-24 08:12:57', 5561, 'W'),
(258, '05109407', 'WARD NO-07', NULL, 1, NULL, '2015-05-24 08:12:57', NULL, '2015-05-24 08:12:57', 5562, 'W'),
(258, '05109408', 'WARD NO-08', NULL, 1, NULL, '2015-05-24 08:12:57', NULL, '2015-05-24 08:12:57', 5563, 'W'),
(258, '05109409', 'WARD NO-09', NULL, 1, NULL, '2015-05-24 08:12:57', NULL, '2015-05-24 08:12:57', 5564, 'W'),
(258, '05109411', 'ATMUL', NULL, 1, NULL, '2015-05-24 08:37:14', NULL, '2015-05-24 08:37:14', 5565, 'U'),
(258, '05109415', 'BIHAR', NULL, 1, NULL, '2015-05-24 08:37:14', NULL, '2015-05-24 08:37:14', 5566, 'U'),
(258, '05109423', 'BURIGANJ', NULL, 1, NULL, '2015-05-24 08:37:14', NULL, '2015-05-24 08:37:14', 5567, 'U'),
(258, '05109431', 'DEULI', NULL, 1, NULL, '2015-05-24 08:37:14', NULL, '2015-05-24 08:37:14', 5568, 'U'),
(258, '05109439', 'KICHAK', NULL, 1, NULL, '2015-05-24 08:37:14', NULL, '2015-05-24 08:37:14', 5569, 'U'),
(258, '05109447', 'MAIDANHATA', NULL, 1, NULL, '2015-05-24 08:37:14', NULL, '2015-05-24 08:37:14', 5570, 'U'),
(258, '05109455', 'MAJHIHATTA', NULL, 1, NULL, '2015-05-24 08:37:14', NULL, '2015-05-24 08:37:14', 5571, 'U'),
(258, '05109463', 'MOKAMTALA', NULL, 1, NULL, '2015-05-24 08:37:14', NULL, '2015-05-24 08:37:14', 5572, 'U'),
(258, '05109471', 'PIRAB', NULL, 1, NULL, '2015-05-24 08:37:14', NULL, '2015-05-24 08:37:14', 5573, 'U'),
(258, '05109479', 'ROYNAGAR', NULL, 1, NULL, '2015-05-24 08:37:14', NULL, '2015-05-24 08:37:14', 5574, 'U'),
(258, '05109487', 'SAIDPUR', NULL, 1, NULL, '2015-05-24 08:37:14', NULL, '2015-05-24 08:37:14', 5575, 'U'),
(258, '05109494', 'SHIBGANJ', NULL, 1, NULL, '2015-05-24 08:37:14', NULL, '2015-05-24 08:37:14', 5576, 'U'),
(259, '05109501', 'WARD NO-01', NULL, 1, NULL, '2015-05-24 08:12:57', NULL, '2015-05-24 08:12:57', 5577, 'W'),
(259, '05109502', 'WARD NO-02', NULL, 1, NULL, '2015-05-24 08:12:57', NULL, '2015-05-24 08:12:57', 5578, 'W'),
(259, '05109503', 'WARD NO-03', NULL, 1, NULL, '2015-05-24 08:12:57', NULL, '2015-05-24 08:12:57', 5579, 'W'),
(259, '05109504', 'WARD NO-04', NULL, 1, NULL, '2015-05-24 08:12:57', NULL, '2015-05-24 08:12:57', 5580, 'W'),
(259, '05109505', 'WARD NO-05', NULL, 1, NULL, '2015-05-24 08:12:57', NULL, '2015-05-24 08:12:57', 5581, 'W'),
(259, '05109506', 'WARD NO-06', NULL, 1, NULL, '2015-05-24 08:12:57', NULL, '2015-05-24 08:12:57', 5582, 'W'),
(259, '05109507', 'WARD NO-07', NULL, 1, NULL, '2015-05-24 08:12:57', NULL, '2015-05-24 08:12:57', 5583, 'W'),
(259, '05109508', 'WARD NO-08', NULL, 1, NULL, '2015-05-24 08:12:57', NULL, '2015-05-24 08:12:57', 5584, 'W'),
(259, '05109509', 'WARD NO-09', NULL, 1, NULL, '2015-05-24 08:12:57', NULL, '2015-05-24 08:12:57', 5585, 'W'),
(259, '05109510', 'BALUA', NULL, 1, NULL, '2015-05-24 08:37:14', NULL, '2015-05-24 08:37:14', 5586, 'U'),
(259, '05109531', 'DIGDAIR', NULL, 1, NULL, '2015-05-24 08:37:14', NULL, '2015-05-24 08:37:14', 5587, 'U'),
(259, '05109542', 'JORGACHHA', NULL, 1, NULL, '2015-05-24 08:37:14', NULL, '2015-05-24 08:37:14', 5588, 'U'),
(259, '05109552', 'MADHUPUR', NULL, 1, NULL, '2015-05-24 08:37:14', NULL, '2015-05-24 08:37:14', 5589, 'U'),
(259, '05109573', 'SONATALA', NULL, 1, NULL, '2015-05-24 08:37:14', NULL, '2015-05-24 08:37:14', 5590, 'U'),
(259, '05109581', 'PAKULLA', NULL, 1, NULL, '2015-05-24 08:37:14', NULL, '2015-05-24 08:37:14', 5591, 'U'),
(259, '05109584', 'TEKANI CHUKAINA', NULL, 1, NULL, '2015-05-24 08:37:14', NULL, '2015-05-24 08:37:14', 5592, 'U'),
(260, '05271001', 'WARD NO-01', NULL, 1, NULL, '2015-05-24 08:12:57', NULL, '2015-05-24 08:12:57', 5593, 'W'),
(260, '05271002', 'WARD NO-02', NULL, 1, NULL, '2015-05-24 08:12:57', NULL, '2015-05-24 08:12:57', 5594, 'W'),
(260, '05271003', 'WARD NO-03', NULL, 1, NULL, '2015-05-24 08:12:57', NULL, '2015-05-24 08:12:57', 5595, 'W'),
(260, '05271004', 'WARD NO-04', NULL, 1, NULL, '2015-05-24 08:12:57', NULL, '2015-05-24 08:12:57', 5596, 'W'),
(260, '05271005', 'WARD NO-05', NULL, 1, NULL, '2015-05-24 08:12:57', NULL, '2015-05-24 08:12:57', 5597, 'W'),
(260, '05271006', 'WARD NO-06', NULL, 1, NULL, '2015-05-24 08:12:57', NULL, '2015-05-24 08:12:57', 5598, 'W'),
(260, '05271007', 'WARD NO-07', NULL, 1, NULL, '2015-05-24 08:12:57', NULL, '2015-05-24 08:12:57', 5599, 'W'),
(260, '05271008', 'WARD NO-08', NULL, 1, NULL, '2015-05-24 08:12:57', NULL, '2015-05-24 08:12:57', 5600, 'W'),
(260, '05271009', 'WARD NO-09', NULL, 1, NULL, '2015-05-24 08:12:57', NULL, '2015-05-24 08:12:57', 5601, 'W'),
(260, '05271011', 'BENAIL', NULL, 1, NULL, '2015-05-24 08:37:14', NULL, '2015-05-24 08:37:14', 5602, 'U'),
(260, '05271023', 'MUKUNDAPUR', NULL, 1, NULL, '2015-05-24 08:37:14', NULL, '2015-05-24 08:37:14', 5603, 'U'),
(260, '05271035', 'DEOR', NULL, 1, NULL, '2015-05-24 08:37:14', NULL, '2015-05-24 08:37:14', 5604, 'U'),
(260, '05271047', 'JOTBANI', NULL, 1, NULL, '2015-05-24 08:37:14', NULL, '2015-05-24 08:37:14', 5605, 'U'),
(260, '05271059', 'KATLA', NULL, 1, NULL, '2015-05-24 08:37:14', NULL, '2015-05-24 08:37:14', 5606, 'U'),
(260, '05271071', 'KHANPUR', NULL, 1, NULL, '2015-05-24 08:37:14', NULL, '2015-05-24 08:37:14', 5607, 'U'),
(260, '05271083', 'PALI PRAYAGPUR', NULL, 1, NULL, '2015-05-24 08:37:14', NULL, '2015-05-24 08:37:14', 5608, 'U'),
(261, '05271201', 'WARD NO-01', NULL, 1, NULL, '2015-05-24 08:12:57', NULL, '2015-05-24 08:12:57', 5609, 'W'),
(261, '05271202', 'WARD NO-02', NULL, 1, NULL, '2015-05-24 08:12:57', NULL, '2015-05-24 08:12:57', 5610, 'W'),
(261, '05271203', 'WARD NO-03', NULL, 1, NULL, '2015-05-24 08:12:57', NULL, '2015-05-24 08:12:57', 5611, 'W'),
(261, '05271204', 'WARD NO-04', NULL, 1, NULL, '2015-05-24 08:12:57', NULL, '2015-05-24 08:12:57', 5612, 'W'),
(261, '05271205', 'WARD NO-05', NULL, 1, NULL, '2015-05-24 08:12:57', NULL, '2015-05-24 08:12:57', 5613, 'W'),
(261, '05271206', 'WARD NO-06', NULL, 1, NULL, '2015-05-24 08:12:57', NULL, '2015-05-24 08:12:57', 5614, 'W'),
(261, '05271207', 'WARD NO-07', NULL, 1, NULL, '2015-05-24 08:12:57', NULL, '2015-05-24 08:12:57', 5615, 'W'),
(261, '05271208', 'WARD NO-08', NULL, 1, NULL, '2015-05-24 08:12:57', NULL, '2015-05-24 08:12:57', 5616, 'W'),
(261, '05271209', 'WARD NO-09', NULL, 1, NULL, '2015-05-24 08:12:57', NULL, '2015-05-24 08:12:57', 5617, 'W'),
(261, '05271213', 'BHOGNAGAR', NULL, 1, NULL, '2015-05-24 08:37:14', NULL, '2015-05-24 08:37:14', 5618, 'U'),
(261, '05271217', 'MARICHA', NULL, 1, NULL, '2015-05-24 08:37:14', NULL, '2015-05-24 08:37:14', 5619, 'U'),
(261, '05271225', 'MOHAMMADPUR', NULL, 1, NULL, '2015-05-24 08:37:14', NULL, '2015-05-24 08:37:14', 5620, 'U'),
(261, '05271234', 'MOHANPUR', NULL, 1, NULL, '2015-05-24 08:37:14', NULL, '2015-05-24 08:37:14', 5621, 'U'),
(261, '05271243', 'NIJPARA', NULL, 1, NULL, '2015-05-24 08:37:14', NULL, '2015-05-24 08:37:14', 5622, 'U'),
(261, '05271251', 'PALASHBARI', NULL, 1, NULL, '2015-05-24 08:37:14', NULL, '2015-05-24 08:37:14', 5623, 'U'),
(261, '05271260', 'PALTAPUR', NULL, 1, NULL, '2015-05-24 08:37:14', NULL, '2015-05-24 08:37:14', 5624, 'U'),
(261, '05271269', 'SHATAGRAM', NULL, 1, NULL, '2015-05-24 08:37:14', NULL, '2015-05-24 08:37:14', 5625, 'U'),
(261, '05271277', 'SATAIR', NULL, 1, NULL, '2015-05-24 08:37:14', NULL, '2015-05-24 08:37:14', 5626, 'U'),
(261, '05271286', 'SHIBRAMPUR', NULL, 1, NULL, '2015-05-24 08:37:14', NULL, '2015-05-24 08:37:14', 5627, 'U'),
(261, '05271294', 'SUJALPUR', NULL, 1, NULL, '2015-05-24 08:37:14', NULL, '2015-05-24 08:37:14', 5628, 'U'),
(262, '05271713', 'AZIMPUR', NULL, 1, NULL, '2015-05-24 08:37:14', NULL, '2015-05-24 08:37:14', 5629, 'U'),
(262, '05271719', 'BHANDARA', NULL, 1, NULL, '2015-05-24 08:37:14', NULL, '2015-05-24 08:37:14', 5630, 'U'),
(262, '05271728', 'BIRAL', NULL, 1, NULL, '2015-05-24 08:37:14', NULL, '2015-05-24 08:37:14', 5631, 'U'),
(262, '05271738', 'BIJORA', NULL, 1, NULL, '2015-05-24 08:37:14', NULL, '2015-05-24 08:37:14', 5632, 'U'),
(262, '05271747', 'DHAMAIR', NULL, 1, NULL, '2015-05-24 08:37:14', NULL, '2015-05-24 08:37:14', 5633, 'U'),
(262, '05271757', 'DHARMAPUR', NULL, 1, NULL, '2015-05-24 08:37:14', NULL, '2015-05-24 08:37:14', 5634, 'U'),
(262, '05271766', 'FARAKKABAD', NULL, 1, NULL, '2015-05-24 08:37:14', NULL, '2015-05-24 08:37:14', 5635, 'U'),
(262, '05271776', 'MANGALPUR', NULL, 1, NULL, '2015-05-24 08:37:14', NULL, '2015-05-24 08:37:14', 5636, 'U'),
(262, '05271785', 'RANI PUKUR', NULL, 1, NULL, '2015-05-24 08:37:14', NULL, '2015-05-24 08:37:14', 5637, 'U'),
(262, '05271795', 'SAHARGRAM', NULL, 1, NULL, '2015-05-24 08:37:14', NULL, '2015-05-24 08:37:14', 5638, 'U'),
(263, '05272101', 'WARD NO-01', NULL, 1, NULL, '2015-05-24 08:12:57', NULL, '2015-05-24 08:12:57', 5639, 'W'),
(263, '05272102', 'WARD NO-02', NULL, 1, NULL, '2015-05-24 08:12:57', NULL, '2015-05-24 08:12:57', 5640, 'W'),
(263, '05272103', 'WARD NO-03', NULL, 1, NULL, '2015-05-24 08:12:57', NULL, '2015-05-24 08:12:57', 5641, 'W'),
(263, '05272104', 'WARD NO-04', NULL, 1, NULL, '2015-05-24 08:12:57', NULL, '2015-05-24 08:12:57', 5642, 'W'),
(263, '05272105', 'WARD NO-05', NULL, 1, NULL, '2015-05-24 08:12:57', NULL, '2015-05-24 08:12:57', 5643, 'W'),
(263, '05272106', 'WARD NO-06', NULL, 1, NULL, '2015-05-24 08:12:57', NULL, '2015-05-24 08:12:57', 5644, 'W'),
(263, '05272107', 'WARD NO-07', NULL, 1, NULL, '2015-05-24 08:12:57', NULL, '2015-05-24 08:12:57', 5645, 'W'),
(263, '05272108', 'WARD NO-08', NULL, 1, NULL, '2015-05-24 08:12:57', NULL, '2015-05-24 08:12:57', 5646, 'W'),
(263, '05272109', 'WARD NO-09', NULL, 1, NULL, '2015-05-24 08:12:57', NULL, '2015-05-24 08:12:57', 5647, 'W'),
(263, '05272113', 'ATGAON', NULL, 1, NULL, '2015-05-24 08:37:14', NULL, '2015-05-24 08:37:14', 5648, 'U'),
(263, '05272127', 'CHHATAIL', NULL, 1, NULL, '2015-05-24 08:37:14', NULL, '2015-05-24 08:37:14', 5649, 'U'),
(263, '05272140', 'ISHANIA', NULL, 1, NULL, '2015-05-24 08:37:14', NULL, '2015-05-24 08:37:14', 5650, 'U'),
(263, '05272154', 'MUSHIDHAT', NULL, 1, NULL, '2015-05-24 08:37:14', NULL, '2015-05-24 08:37:14', 5651, 'U'),
(263, '05272167', 'NAFANAGAR', NULL, 1, NULL, '2015-05-24 08:37:14', NULL, '2015-05-24 08:37:14', 5652, 'U'),
(263, '05272181', 'RANGAON', NULL, 1, NULL, '2015-05-24 08:37:14', NULL, '2015-05-24 08:37:14', 5653, 'U'),
(264, '05273013', 'ABDULPUR', NULL, 1, NULL, '2015-05-24 08:37:14', NULL, '2015-05-24 08:37:14', 5654, 'U'),
(264, '05273015', 'ALOKDIHI', NULL, 1, NULL, '2015-05-24 08:37:14', NULL, '2015-05-24 08:37:14', 5655, 'U'),
(264, '05273023', 'AMARPUR', NULL, 1, NULL, '2015-05-24 08:37:14', NULL, '2015-05-24 08:37:14', 5656, 'U'),
(264, '05273031', 'AULIA PUKUR', NULL, 1, NULL, '2015-05-24 08:37:14', NULL, '2015-05-24 08:37:14', 5657, 'U'),
(264, '05273039', 'BHIAIL', NULL, 1, NULL, '2015-05-24 08:37:14', NULL, '2015-05-24 08:37:14', 5658, 'U'),
(264, '05273047', 'FATEHJANAPUR', NULL, 1, NULL, '2015-05-24 08:37:14', NULL, '2015-05-24 08:37:14', 5659, 'U'),
(264, '05273055', 'ISABPUR', NULL, 1, NULL, '2015-05-24 08:37:14', NULL, '2015-05-24 08:37:14', 5660, 'U'),
(264, '05273063', 'NASRATPUR', NULL, 1, NULL, '2015-05-24 08:37:14', NULL, '2015-05-24 08:37:14', 5661, 'U'),
(264, '05273071', 'PUNATTI', NULL, 1, NULL, '2015-05-24 08:37:14', NULL, '2015-05-24 08:37:14', 5662, 'U'),
(264, '05273079', 'SAINTARA', NULL, 1, NULL, '2015-05-24 08:37:14', NULL, '2015-05-24 08:37:14', 5663, 'U'),
(264, '05273087', 'SATNALA', NULL, 1, NULL, '2015-05-24 08:37:14', NULL, '2015-05-24 08:37:14', 5664, 'U'),
(264, '05273094', 'TENTULIA', NULL, 1, NULL, '2015-05-24 08:37:14', NULL, '2015-05-24 08:37:14', 5665, 'U'),
(21, '05273801', 'WARD NO-01', NULL, 1, NULL, '2015-05-24 08:12:57', NULL, '2015-05-24 08:12:57', 5666, 'W'),
(21, '05273802', 'WARD NO-02', NULL, 1, NULL, '2015-05-24 08:12:57', NULL, '2015-05-24 08:12:57', 5667, 'W'),
(21, '05273803', 'WARD NO-03', NULL, 1, NULL, '2015-05-24 08:12:57', NULL, '2015-05-24 08:12:57', 5668, 'W'),
(21, '05273804', 'WARD NO-04', NULL, 1, NULL, '2015-05-24 08:12:57', NULL, '2015-05-24 08:12:57', 5669, 'W'),
(21, '05273805', 'WARD NO-05', NULL, 1, NULL, '2015-05-24 08:12:57', NULL, '2015-05-24 08:12:57', 5670, 'W'),
(21, '05273806', 'WARD NO-06', NULL, 1, NULL, '2015-05-24 08:12:57', NULL, '2015-05-24 08:12:57', 5671, 'W'),
(21, '05273807', 'WARD NO-07', NULL, 1, NULL, '2015-05-24 08:12:57', NULL, '2015-05-24 08:12:57', 5672, 'W'),
(21, '05273808', 'WARD NO-08', NULL, 1, NULL, '2015-05-24 08:12:57', NULL, '2015-05-24 08:12:57', 5673, 'W'),
(21, '05273809', 'WARD NO-09', NULL, 1, NULL, '2015-05-24 08:12:57', NULL, '2015-05-24 08:12:57', 5674, 'W'),
(21, '05273825', 'ALADIPUR', NULL, 1, NULL, '2015-05-24 08:37:14', NULL, '2015-05-24 08:37:14', 5675, 'U'),
(21, '05273828', 'BETDIGHI', NULL, 1, NULL, '2015-05-24 08:37:14', NULL, '2015-05-24 08:37:14', 5676, 'U'),
(21, '05273838', 'DAULATPUR', NULL, 1, NULL, '2015-05-24 08:37:14', NULL, '2015-05-24 08:37:14', 5677, 'U'),
(21, '05273847', 'ELUARY', NULL, 1, NULL, '2015-05-24 08:37:14', NULL, '2015-05-24 08:37:14', 5678, 'U'),
(21, '05273866', 'KAZIHAL', NULL, 1, NULL, '2015-05-24 08:37:14', NULL, '2015-05-24 08:37:14', 5679, 'U'),
(21, '05273876', 'KHAYERBARI', NULL, 1, NULL, '2015-05-24 08:37:14', NULL, '2015-05-24 08:37:14', 5680, 'U'),
(21, '05273884', 'SHIBNAGAR', NULL, 1, NULL, '2015-05-24 08:37:14', NULL, '2015-05-24 08:37:14', 5681, 'U'),
(265, '05274301', 'WARD NO-01', NULL, 1, NULL, '2015-05-24 08:12:57', NULL, '2015-05-24 08:12:57', 5682, 'W'),
(265, '05274302', 'WARD NO-02', NULL, 1, NULL, '2015-05-24 08:12:57', NULL, '2015-05-24 08:12:57', 5683, 'W'),
(265, '05274303', 'WARD NO-03', NULL, 1, NULL, '2015-05-24 08:12:57', NULL, '2015-05-24 08:12:57', 5684, 'W'),
(265, '05274304', 'WARD NO-04', NULL, 1, NULL, '2015-05-24 08:12:57', NULL, '2015-05-24 08:12:57', 5685, 'W'),
(265, '05274305', 'WARD NO-05', NULL, 1, NULL, '2015-05-24 08:12:57', NULL, '2015-05-24 08:12:57', 5686, 'W'),
(265, '05274306', 'WARD NO-06', NULL, 1, NULL, '2015-05-24 08:12:57', NULL, '2015-05-24 08:12:57', 5687, 'W'),
(265, '05274307', 'WARD NO-07', NULL, 1, NULL, '2015-05-24 08:12:57', NULL, '2015-05-24 08:12:57', 5688, 'W'),
(265, '05274308', 'WARD NO-08', NULL, 1, NULL, '2015-05-24 08:12:57', NULL, '2015-05-24 08:12:57', 5689, 'W'),
(265, '05274309', 'WARD NO-09', NULL, 1, NULL, '2015-05-24 08:12:57', NULL, '2015-05-24 08:12:57', 5690, 'W'),
(265, '05274319', 'BULAKIPUR', NULL, 1, NULL, '2015-05-24 08:37:14', NULL, '2015-05-24 08:37:14', 5691, 'U'),
(265, '05274338', 'GHORAGHAT', NULL, 1, NULL, '2015-05-24 08:37:14', NULL, '2015-05-24 08:37:14', 5692, 'U'),
(265, '05274357', 'PALSA', NULL, 1, NULL, '2015-05-24 08:37:14', NULL, '2015-05-24 08:37:14', 5693, 'U'),
(265, '05274376', 'SINGRA', NULL, 1, NULL, '2015-05-24 08:37:14', NULL, '2015-05-24 08:37:14', 5694, 'U'),
(266, '05274701', 'WARD NO-01', NULL, 1, NULL, '2015-05-24 08:12:57', NULL, '2015-05-24 08:12:57', 5695, 'W'),
(266, '05274702', 'WARD NO-02', NULL, 1, NULL, '2015-05-24 08:12:57', NULL, '2015-05-24 08:12:57', 5696, 'W'),
(266, '05274703', 'WARD NO-03', NULL, 1, NULL, '2015-05-24 08:12:57', NULL, '2015-05-24 08:12:57', 5697, 'W'),
(266, '05274704', 'WARD NO-04', NULL, 1, NULL, '2015-05-24 08:12:57', NULL, '2015-05-24 08:12:57', 5698, 'W'),
(266, '05274705', 'WARD NO-05', NULL, 1, NULL, '2015-05-24 08:12:57', NULL, '2015-05-24 08:12:57', 5699, 'W'),
(266, '05274706', 'WARD NO-06', NULL, 1, NULL, '2015-05-24 08:12:57', NULL, '2015-05-24 08:12:57', 5700, 'W'),
(266, '05274707', 'WARD NO-07', NULL, 1, NULL, '2015-05-24 08:12:57', NULL, '2015-05-24 08:12:57', 5701, 'W'),
(266, '05274708', 'WARD NO-08', NULL, 1, NULL, '2015-05-24 08:12:57', NULL, '2015-05-24 08:12:57', 5702, 'W'),
(266, '05274709', 'WARD NO-09', NULL, 1, NULL, '2015-05-24 08:12:57', NULL, '2015-05-24 08:12:57', 5703, 'W'),
(266, '05274713', 'ALIHAT', NULL, 1, NULL, '2015-05-24 08:37:14', NULL, '2015-05-24 08:37:14', 5704, 'U'),
(266, '05274740', 'BOALDAR', NULL, 1, NULL, '2015-05-24 08:37:14', NULL, '2015-05-24 08:37:14', 5705, 'U'),
(266, '05274781', 'KHATTA MADHAB PARA', NULL, 1, NULL, '2015-05-24 08:37:14', NULL, '2015-05-24 08:37:14', 5706, 'U'),
(267, '05275615', 'DABAR', NULL, 1, NULL, '2015-05-24 08:37:14', NULL, '2015-05-24 08:37:14', 5707, 'U'),
(267, '05275631', 'MUKUNDAPUR', NULL, 1, NULL, '2015-05-24 08:37:14', NULL, '2015-05-24 08:37:14', 5708, 'U'),
(267, '05275647', 'RAMCHANDRAPUR', NULL, 1, NULL, '2015-05-24 08:37:14', NULL, '2015-05-24 08:37:14', 5709, 'U'),
(267, '05275663', 'RASULPUR', NULL, 1, NULL, '2015-05-24 08:37:14', NULL, '2015-05-24 08:37:14', 5710, 'U'),
(267, '05275679', 'SUNDARPUR', NULL, 1, NULL, '2015-05-24 08:37:14', NULL, '2015-05-24 08:37:14', 5711, 'U'),
(267, '05275694', 'TARGAON', NULL, 1, NULL, '2015-05-24 08:37:14', NULL, '2015-05-24 08:37:14', 5712, 'U'),
(268, '05276015', 'ALOKJHARI', NULL, 1, NULL, '2015-05-24 08:37:14', NULL, '2015-05-24 08:37:14', 5713, 'U'),
(268, '05276031', 'ANGAR PARA', NULL, 1, NULL, '2015-05-24 08:37:14', NULL, '2015-05-24 08:37:14', 5714, 'U'),
(268, '05276047', 'BHABKI', NULL, 1, NULL, '2015-05-24 08:37:14', NULL, '2015-05-24 08:37:14', 5715, 'U'),
(268, '05276063', 'BHERBHERI', NULL, 1, NULL, '2015-05-24 08:37:14', NULL, '2015-05-24 08:37:14', 5716, 'U'),
(268, '05276079', 'GOALDIHI', NULL, 1, NULL, '2015-05-24 08:37:14', NULL, '2015-05-24 08:37:14', 5717, 'U'),
(268, '05276094', 'KHAMAR PARA', NULL, 1, NULL, '2015-05-24 08:37:14', NULL, '2015-05-24 08:37:14', 5718, 'U'),
(269, '05276401', 'WARD NO-01', NULL, 1, NULL, '2015-05-24 08:12:57', NULL, '2015-05-24 08:12:57', 5719, 'W'),
(269, '05276402', 'WARD NO-02', NULL, 1, NULL, '2015-05-24 08:12:57', NULL, '2015-05-24 08:12:57', 5720, 'W'),
(269, '05276403', 'WARD NO-03', NULL, 1, NULL, '2015-05-24 08:12:57', NULL, '2015-05-24 08:12:57', 5721, 'W'),
(269, '05276404', 'WARD NO-04', NULL, 1, NULL, '2015-05-24 08:12:57', NULL, '2015-05-24 08:12:57', 5722, 'W'),
(269, '05276405', 'WARD NO-05', NULL, 1, NULL, '2015-05-24 08:12:57', NULL, '2015-05-24 08:12:57', 5723, 'W'),
(269, '05276406', 'WARD NO-06', NULL, 1, NULL, '2015-05-24 08:12:57', NULL, '2015-05-24 08:12:57', 5724, 'W'),
(269, '05276407', 'WARD NO-07', NULL, 1, NULL, '2015-05-24 08:12:57', NULL, '2015-05-24 08:12:57', 5725, 'W'),
(269, '05276408', 'WARD NO-08', NULL, 1, NULL, '2015-05-24 08:12:57', NULL, '2015-05-24 08:12:57', 5726, 'W'),
(269, '05276409', 'WARD NO-09', NULL, 1, NULL, '2015-05-24 08:12:57', NULL, '2015-05-24 08:12:57', 5727, 'W'),
(269, '05276410', 'WARD NO-10', NULL, 1, NULL, '2015-05-24 08:12:57', NULL, '2015-05-24 08:12:57', 5728, 'W'),
(269, '05276411', 'WARD NO-11', NULL, 1, NULL, '2015-05-24 08:12:57', NULL, '2015-05-24 08:12:57', 5729, 'W'),
(269, '05276412', 'WARD NO-12', NULL, 1, NULL, '2015-05-24 08:12:57', NULL, '2015-05-24 08:12:57', 5730, 'W'),
(269, '05276416', 'ASKARPUR', NULL, 1, NULL, '2015-05-24 08:37:14', NULL, '2015-05-24 08:37:14', 5731, 'U'),
(269, '05276417', 'AULIAPUR', NULL, 1, NULL, '2015-05-24 08:37:14', NULL, '2015-05-24 08:37:14', 5732, 'U'),
(269, '05276425', 'CHEHELGAZI', NULL, 1, NULL, '2015-05-24 08:37:14', NULL, '2015-05-24 08:37:14', 5733, 'U'),
(269, '05276434', 'FAZILPUR', NULL, 1, NULL, '2015-05-24 08:37:14', NULL, '2015-05-24 08:37:14', 5734, 'U'),
(269, '05276443', 'KAMALPUR', NULL, 1, NULL, '2015-05-24 08:37:14', NULL, '2015-05-24 08:37:14', 5735, 'U'),
(269, '05276460', 'SHANKARPUR', NULL, 1, NULL, '2015-05-24 08:37:14', NULL, '2015-05-24 08:37:14', 5736, 'U'),
(269, '05276469', 'SHASHARA', NULL, 1, NULL, '2015-05-24 08:37:14', NULL, '2015-05-24 08:37:14', 5737, 'U'),
(269, '05276477', 'SEKHPURA', NULL, 1, NULL, '2015-05-24 08:37:14', NULL, '2015-05-24 08:37:14', 5738, 'U'),
(269, '05276486', 'SUNDARBAN', NULL, 1, NULL, '2015-05-24 08:37:14', NULL, '2015-05-24 08:37:14', 5739, 'U'),
(269, '05276494', 'UTHRAIL', NULL, 1, NULL, '2015-05-24 08:37:14', NULL, '2015-05-24 08:37:14', 5740, 'U'),
(270, '05276913', 'BHADURIA', NULL, 1, NULL, '2015-05-24 08:37:14', NULL, '2015-05-24 08:37:14', 5741, 'U'),
(270, '05276917', 'BINODNAGAR', NULL, 1, NULL, '2015-05-24 08:37:14', NULL, '2015-05-24 08:37:14', 5742, 'U'),
(270, '05276925', 'DAUDPUR', NULL, 1, NULL, '2015-05-24 08:37:14', NULL, '2015-05-24 08:37:14', 5743, 'U'),
(270, '05276943', 'GOLAPGANJ', NULL, 1, NULL, '2015-05-24 08:37:14', NULL, '2015-05-24 08:37:14', 5744, 'U'),
(270, '05276951', 'JOYPUR', NULL, 1, NULL, '2015-05-24 08:37:14', NULL, '2015-05-24 08:37:14', 5745, 'U'),
(270, '05276969', 'KUSHDAHA', NULL, 1, NULL, '2015-05-24 08:37:14', NULL, '2015-05-24 08:37:14', 5746, 'U'),
(270, '05276977', 'MAHMUDPUR', NULL, 1, NULL, '2015-05-24 08:37:14', NULL, '2015-05-24 08:37:14', 5747, 'U'),
(270, '05276986', 'PUTIMARA', NULL, 1, NULL, '2015-05-24 08:37:14', NULL, '2015-05-24 08:37:14', 5748, 'U'),
(270, '05276994', 'SHALKHURIA', NULL, 1, NULL, '2015-05-24 08:37:14', NULL, '2015-05-24 08:37:14', 5749, 'U'),
(271, '05277701', 'WARD NO-01', NULL, 1, NULL, '2015-05-24 08:12:57', NULL, '2015-05-24 08:12:57', 5750, 'W'),
(271, '05277702', 'WARD NO-02', NULL, 1, NULL, '2015-05-24 08:12:57', NULL, '2015-05-24 08:12:57', 5751, 'W'),
(271, '05277703', 'WARD NO-03', NULL, 1, NULL, '2015-05-24 08:12:57', NULL, '2015-05-24 08:12:57', 5752, 'W'),
(271, '05277704', 'WARD NO-04', NULL, 1, NULL, '2015-05-24 08:12:57', NULL, '2015-05-24 08:12:57', 5753, 'W'),
(271, '05277705', 'WARD NO-05', NULL, 1, NULL, '2015-05-24 08:12:57', NULL, '2015-05-24 08:12:57', 5754, 'W'),
(271, '05277706', 'WARD NO-06', NULL, 1, NULL, '2015-05-24 08:12:57', NULL, '2015-05-24 08:12:57', 5755, 'W'),
(271, '05277707', 'WARD NO-07', NULL, 1, NULL, '2015-05-24 08:12:57', NULL, '2015-05-24 08:12:57', 5756, 'W'),
(271, '05277708', 'WARD NO-08', NULL, 1, NULL, '2015-05-24 08:12:57', NULL, '2015-05-24 08:12:57', 5757, 'W'),
(271, '05277709', 'WARD NO-09', NULL, 1, NULL, '2015-05-24 08:12:57', NULL, '2015-05-24 08:12:57', 5758, 'W'),
(271, '05277716', 'BELAICHANDI', NULL, 1, NULL, '2015-05-24 08:37:14', NULL, '2015-05-24 08:37:14', 5759, 'U'),
(271, '05277717', 'CHANDIPUR', NULL, 1, NULL, '2015-05-24 08:37:14', NULL, '2015-05-24 08:37:14', 5760, 'U'),
(271, '05277725', 'HABRA', NULL, 1, NULL, '2015-05-24 08:37:14', NULL, '2015-05-24 08:37:14', 5761, 'U'),
(271, '05277734', 'HAMIDPUR', NULL, 1, NULL, '2015-05-24 08:37:14', NULL, '2015-05-24 08:37:14', 5762, 'U'),
(271, '05277743', 'HARIRAMPUR', NULL, 1, NULL, '2015-05-24 08:37:14', NULL, '2015-05-24 08:37:14', 5763, 'U'),
(271, '05277751', 'MANMATHAPUR', NULL, 1, NULL, '2015-05-24 08:37:14', NULL, '2015-05-24 08:37:14', 5764, 'U'),
(271, '05277760', 'MOMINPUR', NULL, 1, NULL, '2015-05-24 08:37:14', NULL, '2015-05-24 08:37:14', 5765, 'U'),
(271, '05277769', 'MOSTAFAPUR', NULL, 1, NULL, '2015-05-24 08:37:14', NULL, '2015-05-24 08:37:14', 5766, 'U'),
(271, '05277777', 'PALASHBARI', NULL, 1, NULL, '2015-05-24 08:37:14', NULL, '2015-05-24 08:37:14', 5767, 'U'),
(271, '05277786', 'RAMPUR', NULL, 1, NULL, '2015-05-24 08:37:14', NULL, '2015-05-24 08:37:14', 5768, 'U'),
(272, '05322111', 'ERENDABARI', NULL, 1, NULL, '2015-05-24 08:37:14', NULL, '2015-05-24 08:37:14', 5769, 'U'),
(272, '05322123', 'FAZLUPUR', NULL, 1, NULL, '2015-05-24 08:37:14', NULL, '2015-05-24 08:37:14', 5770, 'U'),
(272, '05322135', 'FULCHHARI', NULL, 1, NULL, '2015-05-24 08:37:14', NULL, '2015-05-24 08:37:14', 5771, 'U'),
(272, '05322147', 'GAZARIA', NULL, 1, NULL, '2015-05-24 08:37:14', NULL, '2015-05-24 08:37:14', 5772, 'U'),
(272, '05322159', 'KANCHI PARA', NULL, 1, NULL, '2015-05-24 08:37:14', NULL, '2015-05-24 08:37:14', 5773, 'U'),
(272, '05322171', 'UDAKHALI', NULL, 1, NULL, '2015-05-24 08:37:14', NULL, '2015-05-24 08:37:14', 5774, 'U'),
(272, '05322183', 'URIA', NULL, 1, NULL, '2015-05-24 08:37:14', NULL, '2015-05-24 08:37:14', 5775, 'U'),
(273, '05322401', 'WARD NO-01', NULL, 1, NULL, '2015-05-24 08:12:57', NULL, '2015-05-24 08:12:57', 5776, 'W'),
(273, '05322402', 'WARD NO-02', NULL, 1, NULL, '2015-05-24 08:12:57', NULL, '2015-05-24 08:12:57', 5777, 'W'),
(273, '05322403', 'WARD NO-03', NULL, 1, NULL, '2015-05-24 08:12:57', NULL, '2015-05-24 08:12:57', 5778, 'W'),
(273, '05322404', 'WARD NO-04', NULL, 1, NULL, '2015-05-24 08:12:57', NULL, '2015-05-24 08:12:57', 5779, 'W'),
(273, '05322405', 'WARD NO-05', NULL, 1, NULL, '2015-05-24 08:12:57', NULL, '2015-05-24 08:12:57', 5780, 'W'),
(273, '05322406', 'WARD NO-06', NULL, 1, NULL, '2015-05-24 08:12:57', NULL, '2015-05-24 08:12:57', 5781, 'W'),
(273, '05322407', 'WARD NO-07', NULL, 1, NULL, '2015-05-24 08:12:57', NULL, '2015-05-24 08:12:57', 5782, 'W'),
(273, '05322408', 'WARD NO-08', NULL, 1, NULL, '2015-05-24 08:12:57', NULL, '2015-05-24 08:12:57', 5783, 'W'),
(273, '05322409', 'WARD NO-09', NULL, 1, NULL, '2015-05-24 08:12:57', NULL, '2015-05-24 08:12:57', 5784, 'W'),
(273, '05322412', 'BADIAKHALI', NULL, 1, NULL, '2015-05-24 08:37:14', NULL, '2015-05-24 08:37:14', 5785, 'U'),
(273, '05322414', 'BALLAMJHAR', NULL, 1, NULL, '2015-05-24 08:37:14', NULL, '2015-05-24 08:37:14', 5786, 'U'),
(273, '05322421', 'BOALI', NULL, 1, NULL, '2015-05-24 08:37:14', NULL, '2015-05-24 08:37:14', 5787, 'U'),
(273, '05322436', 'GHAGOA', NULL, 1, NULL, '2015-05-24 08:37:14', NULL, '2015-05-24 08:37:14', 5788, 'U'),
(273, '05322443', 'GIDARI', NULL, 1, NULL, '2015-05-24 08:37:14', NULL, '2015-05-24 08:37:14', 5789, 'U'),
(273, '05322451', 'KAMARJANI', NULL, 1, NULL, '2015-05-24 08:37:14', NULL, '2015-05-24 08:37:14', 5790, 'U'),
(273, '05322458', 'KHOLAHATI', NULL, 1, NULL, '2015-05-24 08:37:14', NULL, '2015-05-24 08:37:14', 5791, 'U'),
(273, '05322465', 'KUPTALA', NULL, 1, NULL, '2015-05-24 08:37:14', NULL, '2015-05-24 08:37:14', 5792, 'U'),
(273, '05322473', 'LAKSHMIPUR', NULL, 1, NULL, '2015-05-24 08:37:14', NULL, '2015-05-24 08:37:14', 5793, 'U'),
(273, '05322480', 'MALIBARI', NULL, 1, NULL, '2015-05-24 08:37:14', NULL, '2015-05-24 08:37:14', 5794, 'U'),
(273, '05322485', 'MOLLAR CHAR', NULL, 1, NULL, '2015-05-24 08:37:14', NULL, '2015-05-24 08:37:14', 5795, 'U'),
(273, '05322487', 'RAMCHANDRAPUR', NULL, 1, NULL, '2015-05-24 08:37:14', NULL, '2015-05-24 08:37:14', 5796, 'U'),
(273, '05322494', 'SAHA PARA', NULL, 1, NULL, '2015-05-24 08:37:14', NULL, '2015-05-24 08:37:14', 5797, 'U'),
(274, '05323001', 'WARD NO-01', NULL, 1, NULL, '2015-05-24 08:12:57', NULL, '2015-05-24 08:12:57', 5798, 'W'),
(274, '05323002', 'WARD NO-02', NULL, 1, NULL, '2015-05-24 08:12:57', NULL, '2015-05-24 08:12:57', 5799, 'W'),
(274, '05323003', 'WARD NO-03', NULL, 1, NULL, '2015-05-24 08:12:57', NULL, '2015-05-24 08:12:57', 5800, 'W'),
(274, '05323004', 'WARD NO-04', NULL, 1, NULL, '2015-05-24 08:12:57', NULL, '2015-05-24 08:12:57', 5801, 'W'),
(274, '05323005', 'WARD NO-05', NULL, 1, NULL, '2015-05-24 08:12:57', NULL, '2015-05-24 08:12:57', 5802, 'W'),
(274, '05323006', 'WARD NO-06', NULL, 1, NULL, '2015-05-24 08:12:57', NULL, '2015-05-24 08:12:57', 5803, 'W'),
(274, '05323007', 'WARD NO-07', NULL, 1, NULL, '2015-05-24 08:12:57', NULL, '2015-05-24 08:12:57', 5804, 'W'),
(274, '05323008', 'WARD NO-08', NULL, 1, NULL, '2015-05-24 08:12:57', NULL, '2015-05-24 08:12:57', 5805, 'W'),
(274, '05323009', 'WARD NO-09', NULL, 1, NULL, '2015-05-24 08:12:57', NULL, '2015-05-24 08:12:57', 5806, 'W'),
(274, '05323010', 'DARBASTA', NULL, 1, NULL, '2015-05-24 08:37:14', NULL, '2015-05-24 08:37:14', 5807, 'U'),
(274, '05323011', 'FULBARI', NULL, 1, NULL, '2015-05-24 08:37:14', NULL, '2015-05-24 08:37:14', 5808, 'U'),
(274, '05323016', 'GUMANIGANJ', NULL, 1, NULL, '2015-05-24 08:37:14', NULL, '2015-05-24 08:37:14', 5809, 'U'),
(274, '05323022', 'HARIRAMPUR', NULL, 1, NULL, '2015-05-24 08:37:14', NULL, '2015-05-24 08:37:14', 5810, 'U'),
(274, '05323027', 'KAMARDAHA', NULL, 1, NULL, '2015-05-24 08:37:14', NULL, '2015-05-24 08:37:14', 5811, 'U'),
(274, '05323033', 'KAMDIA', NULL, 1, NULL, '2015-05-24 08:37:14', NULL, '2015-05-24 08:37:14', 5812, 'U'),
(274, '05323039', 'KATABARI', NULL, 1, NULL, '2015-05-24 08:37:14', NULL, '2015-05-24 08:37:14', 5813, 'U'),
(274, '05323044', 'KOCHASAHAR', NULL, 1, NULL, '2015-05-24 08:37:14', NULL, '2015-05-24 08:37:14', 5814, 'U'),
(274, '05323050', 'MAHIMAGANJ', NULL, 1, NULL, '2015-05-24 08:37:14', NULL, '2015-05-24 08:37:14', 5815, 'U'),
(274, '05323055', 'NAKAI', NULL, 1, NULL, '2015-05-24 08:37:14', NULL, '2015-05-24 08:37:14', 5816, 'U'),
(274, '05323061', 'RAJAHAR', NULL, 1, NULL, '2015-05-24 08:37:14', NULL, '2015-05-24 08:37:14', 5817, 'U'),
(274, '05323067', 'RAKHAL BURUZ', NULL, 1, NULL, '2015-05-24 08:37:14', NULL, '2015-05-24 08:37:14', 5818, 'U'),
(274, '05323072', 'SHALMARA', NULL, 1, NULL, '2015-05-24 08:37:14', NULL, '2015-05-24 08:37:14', 5819, 'U'),
(274, '05323078', 'SAPMARA', NULL, 1, NULL, '2015-05-24 08:37:14', NULL, '2015-05-24 08:37:14', 5820, 'U'),
(274, '05323083', 'SHAKHAHAR', NULL, 1, NULL, '2015-05-24 08:37:14', NULL, '2015-05-24 08:37:14', 5821, 'U'),
(274, '05323089', 'SHIBPUR', NULL, 1, NULL, '2015-05-24 08:37:14', NULL, '2015-05-24 08:37:14', 5822, 'U'),
(274, '05323094', 'TALUK KANUPUR', NULL, 1, NULL, '2015-05-24 08:37:14', NULL, '2015-05-24 08:37:14', 5823, 'U'),
(275, '05326713', 'BARISAL', NULL, 1, NULL, '2015-05-24 08:37:14', NULL, '2015-05-24 08:37:14', 5824, 'U'),
(275, '05326719', 'BETKAPA', NULL, 1, NULL, '2015-05-24 08:37:14', NULL, '2015-05-24 08:37:14', 5825, 'U'),
(275, '05326728', 'HARINATHPUR', NULL, 1, NULL, '2015-05-24 08:37:14', NULL, '2015-05-24 08:37:14', 5826, 'U'),
(275, '05326738', 'HOSSAINPUR', NULL, 1, NULL, '2015-05-24 08:37:14', NULL, '2015-05-24 08:37:14', 5827, 'U'),
(275, '05326747', 'KISHOREGARI', NULL, 1, NULL, '2015-05-24 08:37:14', NULL, '2015-05-24 08:37:14', 5828, 'U'),
(275, '05326757', 'MOHADIPUR', NULL, 1, NULL, '2015-05-24 08:37:14', NULL, '2015-05-24 08:37:14', 5829, 'U'),
(275, '05326766', 'MANOHARPUR', NULL, 1, NULL, '2015-05-24 08:37:14', NULL, '2015-05-24 08:37:14', 5830, 'U'),
(275, '05326776', 'PABNAPUR', NULL, 1, NULL, '2015-05-24 08:37:14', NULL, '2015-05-24 08:37:14', 5831, 'U'),
(275, '05326785', 'PALASHBARI', NULL, 1, NULL, '2015-05-24 08:37:14', NULL, '2015-05-24 08:37:14', 5832, 'U'),
(276, '05328213', 'BANAGRAM', NULL, 1, NULL, '2015-05-24 08:37:14', NULL, '2015-05-24 08:37:14', 5833, 'U'),
(276, '05328217', 'BHATGRAM', NULL, 1, NULL, '2015-05-24 08:37:14', NULL, '2015-05-24 08:37:14', 5834, 'U'),
(276, '05328225', 'DAMODARPUR', NULL, 1, NULL, '2015-05-24 08:37:14', NULL, '2015-05-24 08:37:14', 5835, 'U'),
(276, '05328234', 'DHAPERHAT', NULL, 1, NULL, '2015-05-24 08:37:14', NULL, '2015-05-24 08:37:14', 5836, 'U'),
(276, '05328243', 'FARIDPUR', NULL, 1, NULL, '2015-05-24 08:37:14', NULL, '2015-05-24 08:37:14', 5837, 'U'),
(276, '05328251', 'IDILPUR', NULL, 1, NULL, '2015-05-24 08:37:14', NULL, '2015-05-24 08:37:14', 5838, 'U'),
(276, '05328260', 'JAMALPUR', NULL, 1, NULL, '2015-05-24 08:37:14', NULL, '2015-05-24 08:37:14', 5839, 'U'),
(276, '05328269', 'KHURDA KAMARPUR', NULL, 1, NULL, '2015-05-24 08:37:14', NULL, '2015-05-24 08:37:14', 5840, 'U'),
(276, '05328277', 'KAMAR PARA', NULL, 1, NULL, '2015-05-24 08:37:14', NULL, '2015-05-24 08:37:14', 5841, 'U'),
(276, '05328286', 'NALDANGA', NULL, 1, NULL, '2015-05-24 08:37:14', NULL, '2015-05-24 08:37:14', 5842, 'U'),
(276, '05328294', 'RASULPUR', NULL, 1, NULL, '2015-05-24 08:37:14', NULL, '2015-05-24 08:37:14', 5843, 'U'),
(277, '05328813', 'BHARTKHALI', NULL, 1, NULL, '2015-05-24 08:37:14', NULL, '2015-05-24 08:37:14', 5844, 'U'),
(277, '05328819', 'BONAR PARA', NULL, 1, NULL, '2015-05-24 08:37:14', NULL, '2015-05-24 08:37:14', 5845, 'U'),
(277, '05328828', 'GHURIDAHA', NULL, 1, NULL, '2015-05-24 08:37:14', NULL, '2015-05-24 08:37:14', 5846, 'U'),
(277, '05328838', 'HALDIA', NULL, 1, NULL, '2015-05-24 08:37:14', NULL, '2015-05-24 08:37:14', 5847, 'U'),
(277, '05328847', 'JUMMERBARI', NULL, 1, NULL, '2015-05-24 08:37:14', NULL, '2015-05-24 08:37:14', 5848, 'U'),
(277, '05328857', 'KACHUA', NULL, 1, NULL, '2015-05-24 08:37:14', NULL, '2015-05-24 08:37:14', 5849, 'U'),
(277, '05328866', 'KAMALER PARA', NULL, 1, NULL, '2015-05-24 08:37:14', NULL, '2015-05-24 08:37:14', 5850, 'U'),
(277, '05328876', 'PADUMSAHAR', NULL, 1, NULL, '2015-05-24 08:37:14', NULL, '2015-05-24 08:37:14', 5851, 'U'),
(277, '05328885', 'SAGHATA', NULL, 1, NULL, '2015-05-24 08:37:14', NULL, '2015-05-24 08:37:14', 5852, 'U'),
(277, '05328895', 'MUKTANAGAR', NULL, 1, NULL, '2015-05-24 08:37:14', NULL, '2015-05-24 08:37:14', 5853, 'U'),
(278, '05329101', 'WARD NO-01', NULL, 1, NULL, '2015-05-24 08:12:57', NULL, '2015-05-24 08:12:57', 5854, 'W'),
(278, '05329102', 'WARD NO-02', NULL, 1, NULL, '2015-05-24 08:12:57', NULL, '2015-05-24 08:12:57', 5855, 'W'),
(278, '05329103', 'WARD NO-03', NULL, 1, NULL, '2015-05-24 08:12:57', NULL, '2015-05-24 08:12:57', 5856, 'W'),
(278, '05329104', 'WARD NO-04', NULL, 1, NULL, '2015-05-24 08:12:57', NULL, '2015-05-24 08:12:57', 5857, 'W'),
(278, '05329105', 'WARD NO-05', NULL, 1, NULL, '2015-05-24 08:12:57', NULL, '2015-05-24 08:12:57', 5858, 'W'),
(278, '05329106', 'WARD NO-06', NULL, 1, NULL, '2015-05-24 08:12:57', NULL, '2015-05-24 08:12:57', 5859, 'W'),
(278, '05329107', 'WARD NO-07', NULL, 1, NULL, '2015-05-24 08:12:57', NULL, '2015-05-24 08:12:57', 5860, 'W'),
(278, '05329108', 'WARD NO-08', NULL, 1, NULL, '2015-05-24 08:12:57', NULL, '2015-05-24 08:12:57', 5861, 'W'),
(278, '05329109', 'WARD NO-09', NULL, 1, NULL, '2015-05-24 08:12:57', NULL, '2015-05-24 08:12:57', 5862, 'W'),
(278, '05329111', 'BAMANDANGA', NULL, 1, NULL, '2015-05-24 08:37:14', NULL, '2015-05-24 08:37:14', 5863, 'U'),
(278, '05329112', 'BELKA', NULL, 1, NULL, '2015-05-24 08:37:14', NULL, '2015-05-24 08:37:14', 5864, 'U'),
(278, '05329118', 'CHANDIPUR', NULL, 1, NULL, '2015-05-24 08:37:14', NULL, '2015-05-24 08:37:14', 5865, 'U'),
(278, '05329125', 'CHHAPARHATI', NULL, 1, NULL, '2015-05-24 08:37:14', NULL, '2015-05-24 08:37:14', 5866, 'U'),
(278, '05329131', 'DAHABANDA', NULL, 1, NULL, '2015-05-24 08:37:14', NULL, '2015-05-24 08:37:14', 5867, 'U'),
(278, '05329137', 'DHOPADANGA', NULL, 1, NULL, '2015-05-24 08:37:14', NULL, '2015-05-24 08:37:14', 5868, 'U'),
(278, '05329144', 'HARIPUR', NULL, 1, NULL, '2015-05-24 08:37:14', NULL, '2015-05-24 08:37:14', 5869, 'U'),
(278, '05329150', 'KANCHIBARI', NULL, 1, NULL, '2015-05-24 08:37:14', NULL, '2015-05-24 08:37:14', 5870, 'U'),
(278, '05329156', 'KAPASIA', NULL, 1, NULL, '2015-05-24 08:37:14', NULL, '2015-05-24 08:37:14', 5871, 'U'),
(278, '05329163', 'RAMJIBAN', NULL, 1, NULL, '2015-05-24 08:37:14', NULL, '2015-05-24 08:37:14', 5872, 'U'),
(278, '05329169', 'SHANTIRAM', NULL, 1, NULL, '2015-05-24 08:37:14', NULL, '2015-05-24 08:37:14', 5873, 'U'),
(278, '05329175', 'SARBANANDA', NULL, 1, NULL, '2015-05-24 08:37:14', NULL, '2015-05-24 08:37:14', 5874, 'U'),
(278, '05329182', 'SONAROY', NULL, 1, NULL, '2015-05-24 08:37:14', NULL, '2015-05-24 08:37:14', 5875, 'U'),
(278, '05329188', 'SREEPUR', NULL, 1, NULL, '2015-05-24 08:37:14', NULL, '2015-05-24 08:37:14', 5876, 'U'),
(278, '05329194', 'TARAPUR', NULL, 1, NULL, '2015-05-24 08:37:14', NULL, '2015-05-24 08:37:14', 5877, 'U'),
(279, '05381301', 'WARD NO-01', NULL, 1, NULL, '2015-05-24 08:12:57', NULL, '2015-05-24 08:12:57', 5878, 'W'),
(279, '05381302', 'WARD NO-02', NULL, 1, NULL, '2015-05-24 08:12:57', NULL, '2015-05-24 08:12:57', 5879, 'W'),
(279, '05381303', 'WARD NO-03', NULL, 1, NULL, '2015-05-24 08:12:57', NULL, '2015-05-24 08:12:57', 5880, 'W'),
(279, '05381304', 'WARD NO-04', NULL, 1, NULL, '2015-05-24 08:12:57', NULL, '2015-05-24 08:12:57', 5881, 'W'),
(279, '05381305', 'WARD NO-05', NULL, 1, NULL, '2015-05-24 08:12:57', NULL, '2015-05-24 08:12:57', 5882, 'W'),
(279, '05381306', 'WARD NO-06', NULL, 1, NULL, '2015-05-24 08:12:57', NULL, '2015-05-24 08:12:57', 5883, 'W'),
(279, '05381307', 'WARD NO-07', NULL, 1, NULL, '2015-05-24 08:12:57', NULL, '2015-05-24 08:12:57', 5884, 'W'),
(279, '05381308', 'WARD NO-08', NULL, 1, NULL, '2015-05-24 08:12:57', NULL, '2015-05-24 08:12:57', 5885, 'W'),
(279, '05381309', 'WARD NO-09', NULL, 1, NULL, '2015-05-24 08:12:57', NULL, '2015-05-24 08:12:57', 5886, 'W'),
(279, '05381315', 'GOPINATHPUR', NULL, 1, NULL, '2015-05-24 08:37:14', NULL, '2015-05-24 08:37:14', 5887, 'U'),
(279, '05381331', 'RAIKALI', NULL, 1, NULL, '2015-05-24 08:37:14', NULL, '2015-05-24 08:37:14', 5888, 'U'),
(187, '04010801', 'WARD NO-01', NULL, 1, NULL, '2015-05-24 08:12:57', NULL, '2015-05-24 08:12:57', 5889, 'W'),
(187, '04010802', 'WARD NO-02', NULL, 1, NULL, '2015-05-24 08:12:57', NULL, '2015-05-24 08:12:57', 5890, 'W'),
(187, '04010803', 'WARD NO-03', NULL, 1, NULL, '2015-05-24 08:12:57', NULL, '2015-05-24 08:12:57', 5891, 'W'),
(279, '05381363', 'SONAMUKHI', NULL, 1, NULL, '2015-05-24 08:37:14', NULL, '2015-05-24 08:37:14', 5892, 'U'),
(279, '05381379', 'TILAKPUR', NULL, 1, NULL, '2015-05-24 08:37:14', NULL, '2015-05-24 08:37:14', 5893, 'U'),
(280, '05384701', 'WARD NO-01', NULL, 1, NULL, '2015-05-24 08:12:57', NULL, '2015-05-24 08:12:57', 5894, 'W'),
(280, '05384702', 'WARD NO-02', NULL, 1, NULL, '2015-05-24 08:12:57', NULL, '2015-05-24 08:12:57', 5895, 'W'),
(280, '05384703', 'WARD NO-03', NULL, 1, NULL, '2015-05-24 08:12:57', NULL, '2015-05-24 08:12:57', 5896, 'W'),
(280, '05384704', 'WARD NO-04', NULL, 1, NULL, '2015-05-24 08:12:57', NULL, '2015-05-24 08:12:57', 5897, 'W'),
(280, '05384705', 'WARD NO-05', NULL, 1, NULL, '2015-05-24 08:12:57', NULL, '2015-05-24 08:12:57', 5898, 'W'),
(280, '05384706', 'WARD NO-06', NULL, 1, NULL, '2015-05-24 08:12:57', NULL, '2015-05-24 08:12:57', 5899, 'W'),
(280, '05384707', 'WARD NO-07', NULL, 1, NULL, '2015-05-24 08:12:57', NULL, '2015-05-24 08:12:57', 5900, 'W'),
(280, '05384708', 'WARD NO-08', NULL, 1, NULL, '2015-05-24 08:12:57', NULL, '2015-05-24 08:12:57', 5901, 'W'),
(280, '05384709', 'WARD NO-09', NULL, 1, NULL, '2015-05-24 08:12:57', NULL, '2015-05-24 08:12:57', 5902, 'W'),
(280, '05384717', 'AMDAI', NULL, 1, NULL, '2015-05-24 08:37:14', NULL, '2015-05-24 08:37:14', 5903, 'U'),
(280, '05384719', 'BAMBU', NULL, 1, NULL, '2015-05-24 08:37:14', NULL, '2015-05-24 08:37:14', 5904, 'U'),
(280, '05384728', 'BHADSA', NULL, 1, NULL, '2015-05-24 08:37:14', NULL, '2015-05-24 08:37:14', 5905, 'U'),
(280, '05384732', 'CHAK BARKAT', NULL, 1, NULL, '2015-05-24 08:37:14', NULL, '2015-05-24 08:37:14', 5906, 'U'),
(280, '05384738', 'DHALAHAR', NULL, 1, NULL, '2015-05-24 08:37:14', NULL, '2015-05-24 08:37:14', 5907, 'U'),
(280, '05384747', 'DOGACHHI', NULL, 1, NULL, '2015-05-24 08:37:14', NULL, '2015-05-24 08:37:14', 5908, 'U'),
(280, '05384766', 'JAMALPUR', NULL, 1, NULL, '2015-05-24 08:37:14', NULL, '2015-05-24 08:37:14', 5909, 'U'),
(280, '05384776', 'MOHAMMADABAD', NULL, 1, NULL, '2015-05-24 08:37:14', NULL, '2015-05-24 08:37:14', 5910, 'U'),
(280, '05384785', 'PURANAPAIL', NULL, 1, NULL, '2015-05-24 08:37:14', NULL, '2015-05-24 08:37:14', 5911, 'U'),
(281, '05385801', 'WARD NO-01', NULL, 1, NULL, '2015-05-24 08:12:57', NULL, '2015-05-24 08:12:57', 5912, 'W'),
(281, '05385802', 'WARD NO-02', NULL, 1, NULL, '2015-05-24 08:12:57', NULL, '2015-05-24 08:12:57', 5913, 'W'),
(281, '05385803', 'WARD NO-03', NULL, 1, NULL, '2015-05-24 08:12:57', NULL, '2015-05-24 08:12:57', 5914, 'W'),
(281, '05385804', 'WARD NO-04', NULL, 1, NULL, '2015-05-24 08:12:57', NULL, '2015-05-24 08:12:57', 5915, 'W'),
(281, '05385805', 'WARD NO-05', NULL, 1, NULL, '2015-05-24 08:12:57', NULL, '2015-05-24 08:12:57', 5916, 'W'),
(281, '05385806', 'WARD NO-06', NULL, 1, NULL, '2015-05-24 08:12:57', NULL, '2015-05-24 08:12:57', 5917, 'W'),
(281, '05385807', 'WARD NO-07', NULL, 1, NULL, '2015-05-24 08:12:57', NULL, '2015-05-24 08:12:57', 5918, 'W'),
(281, '05385808', 'WARD NO-08', NULL, 1, NULL, '2015-05-24 08:12:57', NULL, '2015-05-24 08:12:57', 5919, 'W'),
(281, '05385809', 'WARD NO-09', NULL, 1, NULL, '2015-05-24 08:12:57', NULL, '2015-05-24 08:12:57', 5920, 'W'),
(281, '05385838', 'AHMMEDABAD', NULL, 1, NULL, '2015-05-24 08:37:14', NULL, '2015-05-24 08:37:14', 5921, 'U'),
(281, '05385866', 'MATRAI', NULL, 1, NULL, '2015-05-24 08:37:14', NULL, '2015-05-24 08:37:14', 5922, 'U'),
(281, '05385876', 'PUNAT', NULL, 1, NULL, '2015-05-24 08:37:14', NULL, '2015-05-24 08:37:14', 5923, 'U'),
(281, '05385885', 'UDAYPUR', NULL, 1, NULL, '2015-05-24 08:37:14', NULL, '2015-05-24 08:37:14', 5924, 'U'),
(281, '05385895', 'ZINDARPUR', NULL, 1, NULL, '2015-05-24 08:37:14', NULL, '2015-05-24 08:37:14', 5925, 'U'),
(282, '05386115', 'ALAMPUR', NULL, 1, NULL, '2015-05-24 08:37:14', NULL, '2015-05-24 08:37:14', 5926, 'U'),
(282, '05386119', 'BARATARA', NULL, 1, NULL, '2015-05-24 08:37:14', NULL, '2015-05-24 08:37:14', 5927, 'U'),
(282, '05386128', 'BARAIL', NULL, 1, NULL, '2015-05-24 08:37:14', NULL, '2015-05-24 08:37:14', 5928, 'U'),
(282, '05386147', 'KHETLAL', NULL, 1, NULL, '2015-05-24 08:37:14', NULL, '2015-05-24 08:37:14', 5929, 'U'),
(282, '05386157', 'MAMUDPUR', NULL, 1, NULL, '2015-05-24 08:37:14', NULL, '2015-05-24 08:37:14', 5930, 'U'),
(22, '05387401', 'WARD NO-01', NULL, 1, NULL, '2015-05-24 08:12:57', NULL, '2015-05-24 08:12:57', 5931, 'W'),
(22, '05387402', 'WARD NO-02', NULL, 1, NULL, '2015-05-24 08:12:57', NULL, '2015-05-24 08:12:57', 5932, 'W'),
(22, '05387403', 'WARD NO-03', NULL, 1, NULL, '2015-05-24 08:12:57', NULL, '2015-05-24 08:12:57', 5933, 'W'),
(22, '05387404', 'WARD NO-04', NULL, 1, NULL, '2015-05-24 08:12:57', NULL, '2015-05-24 08:12:57', 5934, 'W'),
(22, '05387405', 'WARD NO-05', NULL, 1, NULL, '2015-05-24 08:12:57', NULL, '2015-05-24 08:12:57', 5935, 'W'),
(22, '05387406', 'WARD NO-06', NULL, 1, NULL, '2015-05-24 08:12:57', NULL, '2015-05-24 08:12:57', 5936, 'W'),
(22, '05387407', 'WARD NO-07', NULL, 1, NULL, '2015-05-24 08:12:57', NULL, '2015-05-24 08:12:57', 5937, 'W'),
(22, '05387408', 'WARD NO-08', NULL, 1, NULL, '2015-05-24 08:12:57', NULL, '2015-05-24 08:12:57', 5938, 'W'),
(22, '05387409', 'WARD NO-09', NULL, 1, NULL, '2015-05-24 08:12:57', NULL, '2015-05-24 08:12:57', 5939, 'W'),
(22, '05387410', 'AOLAI', NULL, 1, NULL, '2015-05-24 08:37:14', NULL, '2015-05-24 08:37:14', 5940, 'U'),
(22, '05387421', 'ATAPUR', NULL, 1, NULL, '2015-05-24 08:37:14', NULL, '2015-05-24 08:37:14', 5941, 'U'),
(22, '05387431', 'AYMARASULPUR', NULL, 1, NULL, '2015-05-24 08:37:14', NULL, '2015-05-24 08:37:14', 5942, 'U'),
(22, '05387442', 'BAGJANA', NULL, 1, NULL, '2015-05-24 08:37:14', NULL, '2015-05-24 08:37:14', 5943, 'U'),
(22, '05387452', 'BALIGHATA', NULL, 1, NULL, '2015-05-24 08:37:14', NULL, '2015-05-24 08:37:14', 5944, 'U'),
(22, '05387463', 'DHARANJI', NULL, 1, NULL, '2015-05-24 08:37:14', NULL, '2015-05-24 08:37:14', 5945, 'U'),
(22, '05387473', 'KUSUMBA', NULL, 1, NULL, '2015-05-24 08:37:14', NULL, '2015-05-24 08:37:14', 5946, 'U'),
(22, '05387484', 'MOHAMADPUR', NULL, 1, NULL, '2015-05-24 08:37:14', NULL, '2015-05-24 08:37:14', 5947, 'U'),
(283, '05490613', 'ANDHARI JHAR', NULL, 1, NULL, '2015-05-24 08:37:14', NULL, '2015-05-24 08:37:14', 5948, 'U'),
(283, '05490619', 'BHURUNGAMARI', NULL, 1, NULL, '2015-05-24 08:37:14', NULL, '2015-05-24 08:37:14', 5949, 'U'),
(283, '05490628', 'BOLDIA', NULL, 1, NULL, '2015-05-24 08:37:14', NULL, '2015-05-24 08:37:14', 5950, 'U'),
(283, '05490638', 'BANGASONAHAT', NULL, 1, NULL, '2015-05-24 08:37:14', NULL, '2015-05-24 08:37:14', 5951, 'U'),
(283, '05490647', 'CHAR BHURUNGAMARI', NULL, 1, NULL, '2015-05-24 08:37:14', NULL, '2015-05-24 08:37:14', 5952, 'U'),
(283, '05490657', 'JOYMANIRHAT', NULL, 1, NULL, '2015-05-24 08:37:14', NULL, '2015-05-24 08:37:14', 5953, 'U'),
(283, '05490666', 'PAIKER CHHARA', NULL, 1, NULL, '2015-05-24 08:37:14', NULL, '2015-05-24 08:37:14', 5954, 'U'),
(283, '05490676', 'PATHARDUBI', NULL, 1, NULL, '2015-05-24 08:37:14', NULL, '2015-05-24 08:37:14', 5955, 'U'),
(283, '05490685', 'SHILKHURI', NULL, 1, NULL, '2015-05-24 08:37:14', NULL, '2015-05-24 08:37:14', 5956, 'U'),
(283, '05490695', 'TILAI', NULL, 1, NULL, '2015-05-24 08:37:14', NULL, '2015-05-24 08:37:14', 5957, 'U'),
(284, '05490819', 'CHAR RAJIBPUR', NULL, 1, NULL, '2015-05-24 08:37:14', NULL, '2015-05-24 08:37:14', 5958, 'U'),
(284, '05490857', 'KODAILKATI', NULL, 1, NULL, '2015-05-24 08:37:14', NULL, '2015-05-24 08:37:14', 5959, 'U'),
(284, '05490876', 'MOHANGANJ', NULL, 1, NULL, '2015-05-24 08:37:14', NULL, '2015-05-24 08:37:14', 5960, 'U'),
(285, '05490911', 'ASHTAMIR CHAR', NULL, 1, NULL, '2015-05-24 08:37:14', NULL, '2015-05-24 08:37:14', 5961, 'U'),
(285, '05490923', 'CHILMARI', NULL, 1, NULL, '2015-05-24 08:37:14', NULL, '2015-05-24 08:37:14', 5962, 'U'),
(285, '05490947', 'NAYERHAT', NULL, 1, NULL, '2015-05-24 08:37:14', NULL, '2015-05-24 08:37:14', 5963, 'U'),
(285, '05490959', 'RAMNA', NULL, 1, NULL, '2015-05-24 08:37:14', NULL, '2015-05-24 08:37:14', 5964, 'U'),
(285, '05490971', 'RANIGANJ', NULL, 1, NULL, '2015-05-24 08:37:14', NULL, '2015-05-24 08:37:14', 5965, 'U'),
(285, '05490983', 'THANAHAT', NULL, 1, NULL, '2015-05-24 08:37:14', NULL, '2015-05-24 08:37:14', 5966, 'U'),
(286, '05491813', 'BARA BHITA', NULL, 1, NULL, '2015-05-24 08:37:14', NULL, '2015-05-24 08:37:14', 5967, 'U'),
(286, '05491827', 'BHANAGMORE', NULL, 1, NULL, '2015-05-24 08:37:14', NULL, '2015-05-24 08:37:14', 5968, 'U'),
(286, '05491840', 'PHULBARI', NULL, 1, NULL, '2015-05-24 08:37:14', NULL, '2015-05-24 08:37:14', 5969, 'U'),
(286, '05491854', 'KASHIPUR', NULL, 1, NULL, '2015-05-24 08:37:14', NULL, '2015-05-24 08:37:14', 5970, 'U'),
(286, '05491867', 'NAODANGA', NULL, 1, NULL, '2015-05-24 08:37:14', NULL, '2015-05-24 08:37:14', 5971, 'U'),
(286, '05491881', 'SHIMULBARI', NULL, 1, NULL, '2015-05-24 08:37:14', NULL, '2015-05-24 08:37:14', 5972, 'U'),
(287, '05495201', 'WARD NO-01', NULL, 1, NULL, '2015-05-24 08:12:57', NULL, '2015-05-24 08:12:57', 5973, 'W'),
(287, '05495202', 'WARD NO-02', NULL, 1, NULL, '2015-05-24 08:12:57', NULL, '2015-05-24 08:12:57', 5974, 'W'),
(287, '05495203', 'WARD NO-03', NULL, 1, NULL, '2015-05-24 08:12:57', NULL, '2015-05-24 08:12:57', 5975, 'W'),
(287, '05495204', 'WARD NO-04', NULL, 1, NULL, '2015-05-24 08:12:57', NULL, '2015-05-24 08:12:57', 5976, 'W'),
(287, '05495205', 'WARD NO-05', NULL, 1, NULL, '2015-05-24 08:12:57', NULL, '2015-05-24 08:12:57', 5977, 'W'),
(287, '05495206', 'WARD NO-06', NULL, 1, NULL, '2015-05-24 08:12:57', NULL, '2015-05-24 08:12:57', 5978, 'W'),
(287, '05495207', 'WARD NO-07', NULL, 1, NULL, '2015-05-24 08:12:57', NULL, '2015-05-24 08:12:57', 5979, 'W'),
(287, '05495208', 'WARD NO-08', NULL, 1, NULL, '2015-05-24 08:12:57', NULL, '2015-05-24 08:12:57', 5980, 'W'),
(287, '05495209', 'WARD NO-09', NULL, 1, NULL, '2015-05-24 08:12:57', NULL, '2015-05-24 08:12:57', 5981, 'W'),
(287, '05495217', 'BELGACHHA', NULL, 1, NULL, '2015-05-24 08:37:14', NULL, '2015-05-24 08:37:14', 5982, 'U'),
(287, '05495219', 'BHOGDANGA', NULL, 1, NULL, '2015-05-24 08:37:14', NULL, '2015-05-24 08:37:14', 5983, 'U'),
(287, '05495228', 'GHOGADAHA', NULL, 1, NULL, '2015-05-24 08:37:14', NULL, '2015-05-24 08:37:14', 5984, 'U');
INSERT INTO `sa_unions` (`THANA_ID`, `UD_UNION_CODE`, `UNION_NAME`, `ORDER_SL`, `ACTIVE_FLAG`, `CREATED_BY`, `CREATE_DATE`, `UPDATED_BY`, `UPDATE_DATE`, `UNION_ID`, `UAREA_STATUS`) VALUES
(287, '05495238', 'HOLOKHANA', NULL, 1, NULL, '2015-05-24 08:37:14', NULL, '2015-05-24 08:37:14', 5985, 'U'),
(287, '05495247', 'JATRAPUR', NULL, 1, NULL, '2015-05-24 08:37:14', NULL, '2015-05-24 08:37:14', 5986, 'U'),
(287, '05495257', 'KANTHALBARI', NULL, 1, NULL, '2015-05-24 08:37:14', NULL, '2015-05-24 08:37:14', 5987, 'U'),
(287, '05495276', 'MOGALBACHHA', NULL, 1, NULL, '2015-05-24 08:37:14', NULL, '2015-05-24 08:37:14', 5988, 'U'),
(287, '05495285', 'PUNCHGACHHI', NULL, 1, NULL, '2015-05-24 08:37:14', NULL, '2015-05-24 08:37:14', 5989, 'U'),
(288, '05496101', 'WARD NO-01', NULL, 1, NULL, '2015-05-24 08:12:57', NULL, '2015-05-24 08:12:57', 5990, 'W'),
(288, '05496102', 'WARD NO-02', NULL, 1, NULL, '2015-05-24 08:12:57', NULL, '2015-05-24 08:12:57', 5991, 'W'),
(288, '05496103', 'WARD NO-03', NULL, 1, NULL, '2015-05-24 08:12:57', NULL, '2015-05-24 08:12:57', 5992, 'W'),
(288, '05496104', 'WARD NO-04', NULL, 1, NULL, '2015-05-24 08:12:57', NULL, '2015-05-24 08:12:57', 5993, 'W'),
(288, '05496105', 'WARD NO-05', NULL, 1, NULL, '2015-05-24 08:12:57', NULL, '2015-05-24 08:12:57', 5994, 'W'),
(288, '05496106', 'WARD NO-06', NULL, 1, NULL, '2015-05-24 08:12:57', NULL, '2015-05-24 08:12:57', 5995, 'W'),
(288, '05496107', 'WARD NO-07', NULL, 1, NULL, '2015-05-24 08:12:57', NULL, '2015-05-24 08:12:57', 5996, 'W'),
(288, '05496108', 'WARD NO-08', NULL, 1, NULL, '2015-05-24 08:12:57', NULL, '2015-05-24 08:12:57', 5997, 'W'),
(288, '05496109', 'WARD NO-09', NULL, 1, NULL, '2015-05-24 08:12:57', NULL, '2015-05-24 08:12:57', 5998, 'W'),
(288, '05496111', 'BALLABHER KHAS', NULL, 1, NULL, '2015-05-24 08:37:14', NULL, '2015-05-24 08:37:14', 5999, 'U'),
(288, '05496112', 'BAMANDANGA', NULL, 1, NULL, '2015-05-24 08:37:14', NULL, '2015-05-24 08:37:14', 6000, 'U'),
(288, '05496118', 'BERUBARI', NULL, 1, NULL, '2015-05-24 08:37:14', NULL, '2015-05-24 08:37:14', 6001, 'U'),
(288, '05496125', 'BHITARBAND', NULL, 1, NULL, '2015-05-24 08:37:14', NULL, '2015-05-24 08:37:14', 6002, 'U'),
(288, '05496131', 'HASNABAD', NULL, 1, NULL, '2015-05-24 08:37:14', NULL, '2015-05-24 08:37:14', 6003, 'U'),
(288, '05496137', 'KACHAKATA', NULL, 1, NULL, '2015-05-24 08:37:14', NULL, '2015-05-24 08:37:14', 6004, 'U'),
(288, '05496144', 'KALIGANJ', NULL, 1, NULL, '2015-05-24 08:37:14', NULL, '2015-05-24 08:37:14', 6005, 'U'),
(288, '05496150', 'KEDAR', NULL, 1, NULL, '2015-05-24 08:37:14', NULL, '2015-05-24 08:37:14', 6006, 'U'),
(288, '05496163', 'NARAYANPUR', NULL, 1, NULL, '2015-05-24 08:37:14', NULL, '2015-05-24 08:37:14', 6007, 'U'),
(288, '05496169', 'NEWASHI', NULL, 1, NULL, '2015-05-24 08:37:14', NULL, '2015-05-24 08:37:14', 6008, 'U'),
(288, '05496175', 'NOONKHAWA', NULL, 1, NULL, '2015-05-24 08:37:14', NULL, '2015-05-24 08:37:14', 6009, 'U'),
(288, '05496182', 'ROYGANJ', NULL, 1, NULL, '2015-05-24 08:37:14', NULL, '2015-05-24 08:37:14', 6010, 'U'),
(288, '05496188', 'RAMKHANA', NULL, 1, NULL, '2015-05-24 08:37:14', NULL, '2015-05-24 08:37:14', 6011, 'U'),
(288, '05496194', 'SANTOSHPUR', NULL, 1, NULL, '2015-05-24 08:37:14', NULL, '2015-05-24 08:37:14', 6012, 'U'),
(289, '05497710', 'BIDYANANDA', NULL, 1, NULL, '2015-05-24 08:37:14', NULL, '2015-05-24 08:37:14', 6013, 'U'),
(289, '05497721', 'CHAKIRPASHAR', NULL, 1, NULL, '2015-05-24 08:37:14', NULL, '2015-05-24 08:37:14', 6014, 'U'),
(289, '05497731', 'CHHINAI', NULL, 1, NULL, '2015-05-24 08:37:14', NULL, '2015-05-24 08:37:14', 6015, 'U'),
(289, '05497742', 'GHARIALDANGA', NULL, 1, NULL, '2015-05-24 08:37:14', NULL, '2015-05-24 08:37:14', 6016, 'U'),
(289, '05497752', 'NAZIMKHAN', NULL, 1, NULL, '2015-05-24 08:37:14', NULL, '2015-05-24 08:37:14', 6017, 'U'),
(289, '05497773', 'RAJARHAT', NULL, 1, NULL, '2015-05-24 08:37:14', NULL, '2015-05-24 08:37:14', 6018, 'U'),
(289, '05497784', 'OMAR MAJID', NULL, 1, NULL, '2015-05-24 08:37:14', NULL, '2015-05-24 08:37:14', 6019, 'U'),
(290, '05497911', 'BANDABER', NULL, 1, NULL, '2015-05-24 08:37:14', NULL, '2015-05-24 08:37:14', 6020, 'U'),
(290, '05497923', 'DANTBHANGA', NULL, 1, NULL, '2015-05-24 08:37:14', NULL, '2015-05-24 08:37:14', 6021, 'U'),
(290, '05497935', 'JADUR CHAR', NULL, 1, NULL, '2015-05-24 08:37:14', NULL, '2015-05-24 08:37:14', 6022, 'U'),
(290, '05497971', 'RAUMARI', NULL, 1, NULL, '2015-05-24 08:37:14', NULL, '2015-05-24 08:37:14', 6023, 'U'),
(290, '05497983', 'SAULMARI', NULL, 1, NULL, '2015-05-24 08:37:14', NULL, '2015-05-24 08:37:14', 6024, 'U'),
(291, '05499401', 'WARD NO-01', NULL, 1, NULL, '2015-05-24 08:12:57', NULL, '2015-05-24 08:12:57', 6025, 'W'),
(291, '05499402', 'WARD NO-02', NULL, 1, NULL, '2015-05-24 08:12:57', NULL, '2015-05-24 08:12:57', 6026, 'W'),
(291, '05499403', 'WARD NO-03', NULL, 1, NULL, '2015-05-24 08:12:57', NULL, '2015-05-24 08:12:57', 6027, 'W'),
(291, '05499404', 'WARD NO-04', NULL, 1, NULL, '2015-05-24 08:12:57', NULL, '2015-05-24 08:12:57', 6028, 'W'),
(291, '05499405', 'WARD NO-05', NULL, 1, NULL, '2015-05-24 08:12:57', NULL, '2015-05-24 08:12:57', 6029, 'W'),
(291, '05499406', 'WARD NO-06', NULL, 1, NULL, '2015-05-24 08:12:57', NULL, '2015-05-24 08:12:57', 6030, 'W'),
(291, '05499407', 'WARD NO-07', NULL, 1, NULL, '2015-05-24 08:12:57', NULL, '2015-05-24 08:12:57', 6031, 'W'),
(291, '05499408', 'WARD NO-08', NULL, 1, NULL, '2015-05-24 08:12:57', NULL, '2015-05-24 08:12:57', 6032, 'W'),
(291, '05499409', 'WARD NO-09', NULL, 1, NULL, '2015-05-24 08:12:57', NULL, '2015-05-24 08:12:57', 6033, 'W'),
(291, '05499414', 'BEGUMGANJ', NULL, 1, NULL, '2015-05-24 08:37:14', NULL, '2015-05-24 08:37:14', 6034, 'U'),
(291, '05499416', 'BAZRA', NULL, 1, NULL, '2015-05-24 08:37:14', NULL, '2015-05-24 08:37:14', 6035, 'U'),
(291, '05499422', 'BURABURI', NULL, 1, NULL, '2015-05-24 08:37:14', NULL, '2015-05-24 08:37:14', 6036, 'U'),
(291, '05499433', 'DALDALIA', NULL, 1, NULL, '2015-05-24 08:37:14', NULL, '2015-05-24 08:37:14', 6037, 'U'),
(291, '05499439', 'DHAMSERNI', NULL, 1, NULL, '2015-05-24 08:37:14', NULL, '2015-05-24 08:37:14', 6038, 'U'),
(291, '05499444', 'DHARANIBARI', NULL, 1, NULL, '2015-05-24 08:37:14', NULL, '2015-05-24 08:37:14', 6039, 'U'),
(291, '05499450', 'DURGAPUR', NULL, 1, NULL, '2015-05-24 08:37:14', NULL, '2015-05-24 08:37:14', 6040, 'U'),
(291, '05499455', 'GUNAIGACHH', NULL, 1, NULL, '2015-05-24 08:37:14', NULL, '2015-05-24 08:37:14', 6041, 'U'),
(291, '05499461', 'HATIA', NULL, 1, NULL, '2015-05-24 08:37:14', NULL, '2015-05-24 08:37:14', 6042, 'U'),
(291, '05499472', 'PANDUL', NULL, 1, NULL, '2015-05-24 08:37:14', NULL, '2015-05-24 08:37:14', 6043, 'U'),
(291, '05499475', 'SAHEBER ALGA', NULL, 1, NULL, '2015-05-24 08:37:14', NULL, '2015-05-24 08:37:14', 6044, 'U'),
(291, '05499478', 'TABAKPUR', NULL, 1, NULL, '2015-05-24 08:37:14', NULL, '2015-05-24 08:37:14', 6045, 'U'),
(291, '05499483', 'THETROY', NULL, 1, NULL, '2015-05-24 08:37:14', NULL, '2015-05-24 08:37:14', 6046, 'U'),
(292, '05520210', 'BHADAI', NULL, 1, NULL, '2015-05-24 08:37:14', NULL, '2015-05-24 08:37:14', 6047, 'U'),
(292, '05520211', 'BHELABARI', NULL, 1, NULL, '2015-05-24 08:37:14', NULL, '2015-05-24 08:37:14', 6048, 'U'),
(292, '05520241', 'DURGAPUR', NULL, 1, NULL, '2015-05-24 08:37:14', NULL, '2015-05-24 08:37:14', 6049, 'U'),
(292, '05520259', 'KAMALABARI', NULL, 1, NULL, '2015-05-24 08:37:14', NULL, '2015-05-24 08:37:14', 6050, 'U'),
(292, '05520271', 'MAHISHKHOCHA', NULL, 1, NULL, '2015-05-24 08:37:14', NULL, '2015-05-24 08:37:14', 6051, 'U'),
(292, '05520277', 'PALASHI', NULL, 1, NULL, '2015-05-24 08:37:14', NULL, '2015-05-24 08:37:14', 6052, 'U'),
(292, '05520283', 'SAPTIBARI', NULL, 1, NULL, '2015-05-24 08:37:14', NULL, '2015-05-24 08:37:14', 6053, 'U'),
(292, '05520289', 'SARPUKUR', NULL, 1, NULL, '2015-05-24 08:37:14', NULL, '2015-05-24 08:37:14', 6054, 'U'),
(293, '05523315', 'BARAKHATA', NULL, 1, NULL, '2015-05-24 08:37:14', NULL, '2015-05-24 08:37:14', 6055, 'U'),
(293, '05523319', 'BHALAGURI', NULL, 1, NULL, '2015-05-24 08:37:14', NULL, '2015-05-24 08:37:14', 6056, 'U'),
(293, '05523328', 'DAOABARI', NULL, 1, NULL, '2015-05-24 08:37:14', NULL, '2015-05-24 08:37:14', 6057, 'U'),
(293, '05523338', 'GODDIMARI', NULL, 1, NULL, '2015-05-24 08:37:14', NULL, '2015-05-24 08:37:14', 6058, 'U'),
(293, '05523347', 'GOTAMARI', NULL, 1, NULL, '2015-05-24 08:37:14', NULL, '2015-05-24 08:37:14', 6059, 'U'),
(293, '05523357', 'NOWDABASH', NULL, 1, NULL, '2015-05-24 08:37:14', NULL, '2015-05-24 08:37:14', 6060, 'U'),
(293, '05523366', 'PATIKA PARA', NULL, 1, NULL, '2015-05-24 08:37:14', NULL, '2015-05-24 08:37:14', 6061, 'U'),
(293, '05523376', 'SHINGIMARI', NULL, 1, NULL, '2015-05-24 08:37:14', NULL, '2015-05-24 08:37:14', 6062, 'U'),
(293, '05523385', 'SINDURNA', NULL, 1, NULL, '2015-05-24 08:37:14', NULL, '2015-05-24 08:37:14', 6063, 'U'),
(293, '05523395', 'TANGBHANGA', NULL, 1, NULL, '2015-05-24 08:37:14', NULL, '2015-05-24 08:37:14', 6064, 'U'),
(294, '05523917', 'BHOTEMARI', NULL, 1, NULL, '2015-05-24 08:37:14', NULL, '2015-05-24 08:37:14', 6065, 'U'),
(294, '05523923', 'CHALBALA', NULL, 1, NULL, '2015-05-24 08:37:14', NULL, '2015-05-24 08:37:14', 6066, 'U'),
(294, '05523929', 'CHANDRAPUR', NULL, 1, NULL, '2015-05-24 08:37:14', NULL, '2015-05-24 08:37:14', 6067, 'U'),
(294, '05523935', 'DALAGRAM', NULL, 1, NULL, '2015-05-24 08:37:14', NULL, '2015-05-24 08:37:14', 6068, 'U'),
(294, '05523947', 'GORAL', NULL, 1, NULL, '2015-05-24 08:37:14', NULL, '2015-05-24 08:37:14', 6069, 'U'),
(294, '05523953', 'KAKINA', NULL, 1, NULL, '2015-05-24 08:37:14', NULL, '2015-05-24 08:37:14', 6070, 'U'),
(294, '05523965', 'MADATI', NULL, 1, NULL, '2015-05-24 08:37:14', NULL, '2015-05-24 08:37:14', 6071, 'U'),
(294, '05523995', 'TUSHBHANDAR', NULL, 1, NULL, '2015-05-24 08:37:14', NULL, '2015-05-24 08:37:14', 6072, 'U'),
(295, '05525501', 'WARD NO-01', NULL, 1, NULL, '2015-05-24 08:12:57', NULL, '2015-05-24 08:12:57', 6073, 'W'),
(295, '05525502', 'WARD NO-02', NULL, 1, NULL, '2015-05-24 08:12:57', NULL, '2015-05-24 08:12:57', 6074, 'W'),
(295, '05525503', 'WARD NO-03', NULL, 1, NULL, '2015-05-24 08:12:57', NULL, '2015-05-24 08:12:57', 6075, 'W'),
(295, '05525504', 'WARD NO-04', NULL, 1, NULL, '2015-05-24 08:12:57', NULL, '2015-05-24 08:12:57', 6076, 'W'),
(295, '05525505', 'WARD NO-05', NULL, 1, NULL, '2015-05-24 08:12:57', NULL, '2015-05-24 08:12:57', 6077, 'W'),
(295, '05525506', 'WARD NO-06', NULL, 1, NULL, '2015-05-24 08:12:57', NULL, '2015-05-24 08:12:57', 6078, 'W'),
(295, '05525507', 'WARD NO-07', NULL, 1, NULL, '2015-05-24 08:12:57', NULL, '2015-05-24 08:12:57', 6079, 'W'),
(295, '05525508', 'WARD NO-08', NULL, 1, NULL, '2015-05-24 08:12:57', NULL, '2015-05-24 08:12:57', 6080, 'W'),
(295, '05525509', 'WARD NO-09', NULL, 1, NULL, '2015-05-24 08:12:57', NULL, '2015-05-24 08:12:57', 6081, 'W'),
(295, '05525520', 'BARABARI', NULL, 1, NULL, '2015-05-24 08:37:14', NULL, '2015-05-24 08:37:14', 6082, 'U'),
(295, '05525529', 'GOKUNDA', NULL, 1, NULL, '2015-05-24 08:37:14', NULL, '2015-05-24 08:37:14', 6083, 'U'),
(295, '05525536', 'HARATI', NULL, 1, NULL, '2015-05-24 08:37:14', NULL, '2015-05-24 08:37:14', 6084, 'U'),
(295, '05525543', 'KHUNIAGACHH', NULL, 1, NULL, '2015-05-24 08:37:14', NULL, '2015-05-24 08:37:14', 6085, 'U'),
(295, '05525551', 'KULAGHAT', NULL, 1, NULL, '2015-05-24 08:37:14', NULL, '2015-05-24 08:37:14', 6086, 'U'),
(295, '05525565', 'MOGALHAT', NULL, 1, NULL, '2015-05-24 08:37:14', NULL, '2015-05-24 08:37:14', 6087, 'U'),
(295, '05525573', 'MAHENDRANAGAR', NULL, 1, NULL, '2015-05-24 08:37:14', NULL, '2015-05-24 08:37:14', 6088, 'U'),
(295, '05525583', 'PANCHAGRAM', NULL, 1, NULL, '2015-05-24 08:37:14', NULL, '2015-05-24 08:37:14', 6089, 'U'),
(295, '05525594', 'RAJPUR', NULL, 1, NULL, '2015-05-24 08:37:14', NULL, '2015-05-24 08:37:14', 6090, 'U'),
(296, '05527001', 'WARD NO-01', NULL, 1, NULL, '2015-05-24 08:12:57', NULL, '2015-05-24 08:12:57', 6091, 'W'),
(296, '05527002', 'WARD NO-02', NULL, 1, NULL, '2015-05-24 08:12:57', NULL, '2015-05-24 08:12:57', 6092, 'W'),
(296, '05527003', 'WARD NO-03', NULL, 1, NULL, '2015-05-24 08:12:57', NULL, '2015-05-24 08:12:57', 6093, 'W'),
(296, '05527004', 'WARD NO-04', NULL, 1, NULL, '2015-05-24 08:12:57', NULL, '2015-05-24 08:12:57', 6094, 'W'),
(296, '05527005', 'WARD NO-05', NULL, 1, NULL, '2015-05-24 08:12:57', NULL, '2015-05-24 08:12:57', 6095, 'W'),
(296, '05527006', 'WARD NO-06', NULL, 1, NULL, '2015-05-24 08:12:57', NULL, '2015-05-24 08:12:57', 6096, 'W'),
(296, '05527007', 'WARD NO-07', NULL, 1, NULL, '2015-05-24 08:12:57', NULL, '2015-05-24 08:12:57', 6097, 'W'),
(296, '05527008', 'WARD NO-08', NULL, 1, NULL, '2015-05-24 08:12:57', NULL, '2015-05-24 08:12:57', 6098, 'W'),
(296, '05527009', 'WARD NO-09', NULL, 1, NULL, '2015-05-24 08:12:57', NULL, '2015-05-24 08:12:57', 6099, 'W'),
(296, '05527013', 'BAURA', NULL, 1, NULL, '2015-05-24 08:37:14', NULL, '2015-05-24 08:37:14', 6100, 'U'),
(296, '05527019', 'DAHAGRAM', NULL, 1, NULL, '2015-05-24 08:37:14', NULL, '2015-05-24 08:37:14', 6101, 'U'),
(296, '05527027', 'JAGATBER', NULL, 1, NULL, '2015-05-24 08:37:14', NULL, '2015-05-24 08:37:14', 6102, 'U'),
(296, '05527040', 'JONGRA', NULL, 1, NULL, '2015-05-24 08:37:14', NULL, '2015-05-24 08:37:14', 6103, 'U'),
(296, '05527054', 'KUCHLIBARI', NULL, 1, NULL, '2015-05-24 08:37:14', NULL, '2015-05-24 08:37:14', 6104, 'U'),
(296, '05527067', 'PATGRAM', NULL, 1, NULL, '2015-05-24 08:37:14', NULL, '2015-05-24 08:37:14', 6105, 'U'),
(296, '05527081', 'SREERAMPUR', NULL, 1, NULL, '2015-05-24 08:37:14', NULL, '2015-05-24 08:37:14', 6106, 'U'),
(297, '05640310', 'AHSANGANJ', NULL, 1, NULL, '2015-05-24 08:37:14', NULL, '2015-05-24 08:37:14', 6107, 'U'),
(297, '05640321', 'BHOPARA', NULL, 1, NULL, '2015-05-24 08:37:14', NULL, '2015-05-24 08:37:14', 6108, 'U'),
(297, '05640331', 'BISHA', NULL, 1, NULL, '2015-05-24 08:37:14', NULL, '2015-05-24 08:37:14', 6109, 'U'),
(297, '05640342', 'HATKALU PARA', NULL, 1, NULL, '2015-05-24 08:37:14', NULL, '2015-05-24 08:37:14', 6110, 'U'),
(297, '05640352', 'KALIKAPUR', NULL, 1, NULL, '2015-05-24 08:37:14', NULL, '2015-05-24 08:37:14', 6111, 'U'),
(297, '05640363', 'MANIARI', NULL, 1, NULL, '2015-05-24 08:37:14', NULL, '2015-05-24 08:37:14', 6112, 'U'),
(297, '05640373', 'PANCHUPUR', NULL, 1, NULL, '2015-05-24 08:37:14', NULL, '2015-05-24 08:37:14', 6113, 'U'),
(297, '05640384', 'SAHAGOLA', NULL, 1, NULL, '2015-05-24 08:37:14', NULL, '2015-05-24 08:37:14', 6114, 'U'),
(298, '05640610', 'ADHAIPUR', NULL, 1, NULL, '2015-05-24 08:37:14', NULL, '2015-05-24 08:37:14', 6115, 'U'),
(298, '05640621', 'BADALGACHHI', NULL, 1, NULL, '2015-05-24 08:37:14', NULL, '2015-05-24 08:37:14', 6116, 'U'),
(298, '05640631', 'BALUBHARA', NULL, 1, NULL, '2015-05-24 08:37:14', NULL, '2015-05-24 08:37:14', 6117, 'U'),
(298, '05640642', 'BILASBARI', NULL, 1, NULL, '2015-05-24 08:37:14', NULL, '2015-05-24 08:37:14', 6118, 'U'),
(298, '05640652', 'PAHAR PUR', NULL, 1, NULL, '2015-05-24 08:37:14', NULL, '2015-05-24 08:37:14', 6119, 'U'),
(298, '05640663', 'KOLA', NULL, 1, NULL, '2015-05-24 08:37:14', NULL, '2015-05-24 08:37:14', 6120, 'U'),
(298, '05640673', 'MATHURAPUR', NULL, 1, NULL, '2015-05-24 08:37:14', NULL, '2015-05-24 08:37:14', 6121, 'U'),
(298, '05640684', 'MITHAPUR', NULL, 1, NULL, '2015-05-24 08:37:14', NULL, '2015-05-24 08:37:14', 6122, 'U'),
(299, '05642801', 'WARD NO-01', NULL, 1, NULL, '2015-05-24 08:12:57', NULL, '2015-05-24 08:12:57', 6123, 'W'),
(299, '05642802', 'WARD NO-02', NULL, 1, NULL, '2015-05-24 08:12:57', NULL, '2015-05-24 08:12:57', 6124, 'W'),
(299, '05642803', 'WARD NO-03', NULL, 1, NULL, '2015-05-24 08:12:57', NULL, '2015-05-24 08:12:57', 6125, 'W'),
(299, '05642804', 'WARD NO-04', NULL, 1, NULL, '2015-05-24 08:12:57', NULL, '2015-05-24 08:12:57', 6126, 'W'),
(299, '05642805', 'WARD NO-05', NULL, 1, NULL, '2015-05-24 08:12:57', NULL, '2015-05-24 08:12:57', 6127, 'W'),
(299, '05642806', 'WARD NO-06', NULL, 1, NULL, '2015-05-24 08:12:57', NULL, '2015-05-24 08:12:57', 6128, 'W'),
(299, '05642807', 'WARD NO-07', NULL, 1, NULL, '2015-05-24 08:12:57', NULL, '2015-05-24 08:12:57', 6129, 'W'),
(299, '05642808', 'WARD NO-08', NULL, 1, NULL, '2015-05-24 08:12:57', NULL, '2015-05-24 08:12:57', 6130, 'W'),
(299, '05642809', 'WARD NO-09', NULL, 1, NULL, '2015-05-24 08:12:57', NULL, '2015-05-24 08:12:57', 6131, 'W'),
(299, '05642810', 'AGRA DIGUN', NULL, 1, NULL, '2015-05-24 08:37:14', NULL, '2015-05-24 08:37:14', 6132, 'U'),
(299, '05642821', 'ALAMPUR', NULL, 1, NULL, '2015-05-24 08:37:14', NULL, '2015-05-24 08:37:14', 6133, 'U'),
(299, '05642831', 'ARANAGAR', NULL, 1, NULL, '2015-05-24 08:37:14', NULL, '2015-05-24 08:37:14', 6134, 'U'),
(299, '05642842', 'DHAMOIRHAT', NULL, 1, NULL, '2015-05-24 08:37:14', NULL, '2015-05-24 08:37:14', 6135, 'U'),
(299, '05642852', 'ISABPUR', NULL, 1, NULL, '2015-05-24 08:37:14', NULL, '2015-05-24 08:37:14', 6136, 'U'),
(299, '05642863', 'JAHANPUR', NULL, 1, NULL, '2015-05-24 08:37:14', NULL, '2015-05-24 08:37:14', 6137, 'U'),
(299, '05642877', 'KHELNA', NULL, 1, NULL, '2015-05-24 08:37:14', NULL, '2015-05-24 08:37:14', 6138, 'U'),
(299, '05642884', 'OMAR', NULL, 1, NULL, '2015-05-24 08:37:14', NULL, '2015-05-24 08:37:14', 6139, 'U'),
(300, '05644712', 'BHALAIN', NULL, 1, NULL, '2015-05-24 08:37:14', NULL, '2015-05-24 08:37:14', 6140, 'U'),
(300, '05644713', 'BHARSO', NULL, 1, NULL, '2015-05-24 08:37:14', NULL, '2015-05-24 08:37:14', 6141, 'U'),
(300, '05644720', 'BISHNUPUR', NULL, 1, NULL, '2015-05-24 08:37:14', NULL, '2015-05-24 08:37:14', 6142, 'U'),
(300, '05644727', 'GANESHPUR', NULL, 1, NULL, '2015-05-24 08:37:14', NULL, '2015-05-24 08:37:14', 6143, 'U'),
(300, '05644733', 'KALIKAPUR', NULL, 1, NULL, '2015-05-24 08:37:14', NULL, '2015-05-24 08:37:14', 6144, 'U'),
(300, '05644740', 'KANSO PARA', NULL, 1, NULL, '2015-05-24 08:37:14', NULL, '2015-05-24 08:37:14', 6145, 'U'),
(300, '05644747', 'KASHAB', NULL, 1, NULL, '2015-05-24 08:37:14', NULL, '2015-05-24 08:37:14', 6146, 'U'),
(300, '05644754', 'KUSUMBA', NULL, 1, NULL, '2015-05-24 08:37:14', NULL, '2015-05-24 08:37:14', 6147, 'U'),
(300, '05644761', 'MAINANI', NULL, 1, NULL, '2015-05-24 08:37:14', NULL, '2015-05-24 08:37:14', 6148, 'U'),
(300, '05644767', 'MANDA', NULL, 1, NULL, '2015-05-24 08:37:14', NULL, '2015-05-24 08:37:14', 6149, 'U'),
(300, '05644774', 'NURULLABAD', NULL, 1, NULL, '2015-05-24 08:37:14', NULL, '2015-05-24 08:37:14', 6150, 'U'),
(300, '05644781', 'PARANPUR', NULL, 1, NULL, '2015-05-24 08:37:14', NULL, '2015-05-24 08:37:14', 6151, 'U'),
(300, '05644788', 'PRASADPUR', NULL, 1, NULL, '2015-05-24 08:37:14', NULL, '2015-05-24 08:37:14', 6152, 'U'),
(300, '05644794', 'TENTULIA', NULL, 1, NULL, '2015-05-24 08:37:14', NULL, '2015-05-24 08:37:14', 6153, 'U'),
(301, '05645015', 'BHIMPUR', NULL, 1, NULL, '2015-05-24 08:37:14', NULL, '2015-05-24 08:37:14', 6154, 'U'),
(301, '05645019', 'CHANDAS', NULL, 1, NULL, '2015-05-24 08:37:14', NULL, '2015-05-24 08:37:14', 6155, 'U'),
(301, '05645028', 'CHERAGPUR', NULL, 1, NULL, '2015-05-24 08:37:14', NULL, '2015-05-24 08:37:14', 6156, 'U'),
(301, '05645038', 'ENAYETPUR', NULL, 1, NULL, '2015-05-24 08:37:14', NULL, '2015-05-24 08:37:14', 6157, 'U'),
(301, '05645047', 'HATUR', NULL, 1, NULL, '2015-05-24 08:37:14', NULL, '2015-05-24 08:37:14', 6158, 'U'),
(301, '05645057', 'KHAJUR', NULL, 1, NULL, '2015-05-24 08:37:14', NULL, '2015-05-24 08:37:14', 6159, 'U'),
(301, '05645066', 'MAHADEBPUR', NULL, 1, NULL, '2015-05-24 08:37:14', NULL, '2015-05-24 08:37:14', 6160, 'U'),
(301, '05645076', 'ROYGAON', NULL, 1, NULL, '2015-05-24 08:37:14', NULL, '2015-05-24 08:37:14', 6161, 'U'),
(301, '05645085', 'SAFAPUR', NULL, 1, NULL, '2015-05-24 08:37:14', NULL, '2015-05-24 08:37:14', 6162, 'U'),
(301, '05645095', 'UTTARGRAM', NULL, 1, NULL, '2015-05-24 08:37:14', NULL, '2015-05-24 08:37:14', 6163, 'U'),
(302, '05646001', 'WARD NO-01', NULL, 1, NULL, '2015-05-24 08:12:57', NULL, '2015-05-24 08:12:57', 6164, 'W'),
(302, '05646002', 'WARD NO-02', NULL, 1, NULL, '2015-05-24 08:12:57', NULL, '2015-05-24 08:12:57', 6165, 'W'),
(302, '05646003', 'WARD NO-03', NULL, 1, NULL, '2015-05-24 08:12:57', NULL, '2015-05-24 08:12:57', 6166, 'W'),
(302, '05646004', 'WARD NO-04', NULL, 1, NULL, '2015-05-24 08:12:57', NULL, '2015-05-24 08:12:57', 6167, 'W'),
(302, '05646005', 'WARD NO-05', NULL, 1, NULL, '2015-05-24 08:12:57', NULL, '2015-05-24 08:12:57', 6168, 'W'),
(302, '05646006', 'WARD NO-06', NULL, 1, NULL, '2015-05-24 08:12:57', NULL, '2015-05-24 08:12:57', 6169, 'W'),
(302, '05646007', 'WARD NO-07', NULL, 1, NULL, '2015-05-24 08:12:57', NULL, '2015-05-24 08:12:57', 6170, 'W'),
(302, '05646008', 'WARD NO-08', NULL, 1, NULL, '2015-05-24 08:12:57', NULL, '2015-05-24 08:12:57', 6171, 'W'),
(302, '05646009', 'WARD NO-09', NULL, 1, NULL, '2015-05-24 08:12:57', NULL, '2015-05-24 08:12:57', 6172, 'W'),
(302, '05646013', 'BAKTIARPUR', NULL, 1, NULL, '2015-05-24 08:37:14', NULL, '2015-05-24 08:37:14', 6173, 'U'),
(302, '05646014', 'BALIHAR', NULL, 1, NULL, '2015-05-24 08:37:14', NULL, '2015-05-24 08:37:14', 6174, 'U'),
(302, '05646021', 'BARSHAIL', NULL, 1, NULL, '2015-05-24 08:37:14', NULL, '2015-05-24 08:37:14', 6175, 'U'),
(302, '05646029', 'BOALIA', NULL, 1, NULL, '2015-05-24 08:37:14', NULL, '2015-05-24 08:37:14', 6176, 'U'),
(302, '05646036', 'SAILGACHHI', NULL, 1, NULL, '2015-05-24 08:37:14', NULL, '2015-05-24 08:37:14', 6177, 'U'),
(302, '05646043', 'CHANDIPUR', NULL, 1, NULL, '2015-05-24 08:37:14', NULL, '2015-05-24 08:37:14', 6178, 'U'),
(302, '05646051', 'DUBALHATI', NULL, 1, NULL, '2015-05-24 08:37:14', NULL, '2015-05-24 08:37:14', 6179, 'U'),
(302, '05646058', 'HAPANIA', NULL, 1, NULL, '2015-05-24 08:37:14', NULL, '2015-05-24 08:37:14', 6180, 'U'),
(302, '05646065', 'HASHAIGHARI', NULL, 1, NULL, '2015-05-24 08:37:14', NULL, '2015-05-24 08:37:14', 6181, 'U'),
(302, '05646073', 'KIRTIPUR', NULL, 1, NULL, '2015-05-24 08:37:14', NULL, '2015-05-24 08:37:14', 6182, 'U'),
(302, '05646087', 'SEKHERPUR', NULL, 1, NULL, '2015-05-24 08:37:14', NULL, '2015-05-24 08:37:14', 6183, 'U'),
(302, '05646094', 'TILAKPUR', NULL, 1, NULL, '2015-05-24 08:37:14', NULL, '2015-05-24 08:37:14', 6184, 'U'),
(335, '05779054', 'BURABURI', NULL, 1, NULL, '2015-05-24 08:37:14', NULL, '2015-05-24 08:37:14', 6185, 'U'),
(335, '05779067', 'SALBAHAN', NULL, 1, NULL, '2015-05-24 08:37:14', NULL, '2015-05-24 08:37:14', 6186, 'U'),
(335, '05779081', 'TENTULIA', NULL, 1, NULL, '2015-05-24 08:37:14', NULL, '2015-05-24 08:37:14', 6187, 'U'),
(335, '05779094', 'TIMAIHAT', NULL, 1, NULL, '2015-05-24 08:37:14', NULL, '2015-05-24 08:37:14', 6188, 'U'),
(336, '05811001', 'WARD NO-01', NULL, 1, NULL, '2015-05-24 08:12:57', NULL, '2015-05-24 08:12:57', 6189, 'W'),
(336, '05811002', 'WARD NO-02', NULL, 1, NULL, '2015-05-24 08:12:57', NULL, '2015-05-24 08:12:57', 6190, 'W'),
(336, '05811003', 'WARD NO-03', NULL, 1, NULL, '2015-05-24 08:12:57', NULL, '2015-05-24 08:12:57', 6191, 'W'),
(336, '05811004', 'WARD NO-04', NULL, 1, NULL, '2015-05-24 08:12:57', NULL, '2015-05-24 08:12:57', 6192, 'W'),
(336, '05811005', 'WARD NO-05', NULL, 1, NULL, '2015-05-24 08:12:57', NULL, '2015-05-24 08:12:57', 6193, 'W'),
(336, '05811006', 'WARD NO-06', NULL, 1, NULL, '2015-05-24 08:12:57', NULL, '2015-05-24 08:12:57', 6194, 'W'),
(336, '05811007', 'WARD NO-07', NULL, 1, NULL, '2015-05-24 08:12:57', NULL, '2015-05-24 08:12:57', 6195, 'W'),
(336, '05811008', 'WARD NO-08', NULL, 1, NULL, '2015-05-24 08:12:57', NULL, '2015-05-24 08:12:57', 6196, 'W'),
(336, '05811009', 'WARD NO-09', NULL, 1, NULL, '2015-05-24 08:12:57', NULL, '2015-05-24 08:12:57', 6197, 'W'),
(336, '05811011', 'WARD NO-01', NULL, 1, NULL, '2015-05-24 08:12:57', NULL, '2015-05-24 08:12:57', 6198, 'W'),
(336, '05811012', 'WARD NO-02', NULL, 1, NULL, '2015-05-24 08:12:57', NULL, '2015-05-24 08:12:57', 6199, 'W'),
(336, '05811013', 'WARD NO-03', NULL, 1, NULL, '2015-05-24 08:12:57', NULL, '2015-05-24 08:12:57', 6200, 'W'),
(336, '05811014', 'WARD NO-04', NULL, 1, NULL, '2015-05-24 08:12:57', NULL, '2015-05-24 08:12:57', 6201, 'W'),
(336, '05811015', 'WARD NO-05', NULL, 1, NULL, '2015-05-24 08:12:57', NULL, '2015-05-24 08:12:57', 6202, 'W'),
(336, '05811016', 'WARD NO-06', NULL, 1, NULL, '2015-05-24 08:12:57', NULL, '2015-05-24 08:12:57', 6203, 'W'),
(336, '05811017', 'WARD NO-07', NULL, 1, NULL, '2015-05-24 08:12:57', NULL, '2015-05-24 08:12:57', 6204, 'W'),
(336, '05811018', 'WARD NO-08', NULL, 1, NULL, '2015-05-24 08:12:57', NULL, '2015-05-24 08:12:57', 6205, 'W'),
(336, '05811019', 'WARD NO-09', NULL, 1, NULL, '2015-05-24 08:12:57', NULL, '2015-05-24 08:12:57', 6206, 'W'),
(336, '05811021', 'ARANI', NULL, 1, NULL, '2015-05-24 08:37:14', NULL, '2015-05-24 08:37:14', 6207, 'U'),
(336, '05811022', 'BAJUBAGHA', NULL, 1, NULL, '2015-05-24 08:37:14', NULL, '2015-05-24 08:37:14', 6208, 'U'),
(336, '05811023', 'BAUSA', NULL, 1, NULL, '2015-05-24 08:37:14', NULL, '2015-05-24 08:37:14', 6209, 'U'),
(336, '05811055', 'GARGARI', NULL, 1, NULL, '2015-05-24 08:37:14', NULL, '2015-05-24 08:37:14', 6210, 'U'),
(336, '05811063', 'MANIGRAM', NULL, 1, NULL, '2015-05-24 08:37:14', NULL, '2015-05-24 08:37:14', 6211, 'U'),
(336, '05811079', 'PAKURIA', NULL, 1, NULL, '2015-05-24 08:37:14', NULL, '2015-05-24 08:37:14', 6212, 'U'),
(337, '05811201', 'WARD NO-01', NULL, 1, NULL, '2015-05-24 08:12:57', NULL, '2015-05-24 08:12:57', 6213, 'W'),
(337, '05811202', 'WARD NO-02', NULL, 1, NULL, '2015-05-24 08:12:57', NULL, '2015-05-24 08:12:57', 6214, 'W'),
(337, '05811203', 'WARD NO-03', NULL, 1, NULL, '2015-05-24 08:12:57', NULL, '2015-05-24 08:12:57', 6215, 'W'),
(337, '05811204', 'WARD NO-04', NULL, 1, NULL, '2015-05-24 08:12:57', NULL, '2015-05-24 08:12:57', 6216, 'W'),
(337, '05811205', 'WARD NO-05', NULL, 1, NULL, '2015-05-24 08:12:57', NULL, '2015-05-24 08:12:57', 6217, 'W'),
(337, '05811206', 'WARD NO-06', NULL, 1, NULL, '2015-05-24 08:12:57', NULL, '2015-05-24 08:12:57', 6218, 'W'),
(337, '05811207', 'WARD NO-07', NULL, 1, NULL, '2015-05-24 08:12:57', NULL, '2015-05-24 08:12:57', 6219, 'W'),
(337, '05811208', 'WARD NO-08', NULL, 1, NULL, '2015-05-24 08:12:57', NULL, '2015-05-24 08:12:57', 6220, 'W'),
(337, '05811209', 'WARD NO-09', NULL, 1, NULL, '2015-05-24 08:12:57', NULL, '2015-05-24 08:12:57', 6221, 'W'),
(337, '05811211', 'WARD NO-01', NULL, 1, NULL, '2015-05-24 08:12:57', NULL, '2015-05-24 08:12:57', 6222, 'W'),
(337, '05811212', 'WARD NO-02', NULL, 1, NULL, '2015-05-24 08:12:57', NULL, '2015-05-24 08:12:57', 6223, 'W'),
(337, '05811213', 'WARD NO-03', NULL, 1, NULL, '2015-05-24 08:12:57', NULL, '2015-05-24 08:12:57', 6224, 'W'),
(337, '05811214', 'WARD NO-04', NULL, 1, NULL, '2015-05-24 08:12:57', NULL, '2015-05-24 08:12:57', 6225, 'W'),
(337, '05811215', 'WARD NO-05', NULL, 1, NULL, '2015-05-24 08:12:57', NULL, '2015-05-24 08:12:57', 6226, 'W'),
(337, '05811216', 'WARD NO-06', NULL, 1, NULL, '2015-05-24 08:12:57', NULL, '2015-05-24 08:12:57', 6227, 'W'),
(337, '05811217', 'WARD NO-07', NULL, 1, NULL, '2015-05-24 08:12:57', NULL, '2015-05-24 08:12:57', 6228, 'W'),
(337, '05811218', 'WARD NO-08', NULL, 1, NULL, '2015-05-24 08:12:57', NULL, '2015-05-24 08:12:57', 6229, 'W'),
(337, '05811219', 'WARD NO-09', NULL, 1, NULL, '2015-05-24 08:12:57', NULL, '2015-05-24 08:12:57', 6230, 'W'),
(337, '05811220', 'AUCH PARA', NULL, 1, NULL, '2015-05-24 08:37:14', NULL, '2015-05-24 08:37:14', 6231, 'U'),
(337, '05811222', 'BARA BIHANALI', NULL, 1, NULL, '2015-05-24 08:37:14', NULL, '2015-05-24 08:37:14', 6232, 'U'),
(337, '05811224', 'BASU PARA', NULL, 1, NULL, '2015-05-24 08:37:14', NULL, '2015-05-24 08:37:14', 6233, 'U'),
(337, '05811231', 'DWIPPUR', NULL, 1, NULL, '2015-05-24 08:37:14', NULL, '2015-05-24 08:37:14', 6234, 'U'),
(337, '05811237', 'GOALKANDI', NULL, 1, NULL, '2015-05-24 08:37:14', NULL, '2015-05-24 08:37:14', 6235, 'U'),
(337, '05811244', 'GOBINDA PARA', NULL, 1, NULL, '2015-05-24 08:37:14', NULL, '2015-05-24 08:37:14', 6236, 'U'),
(337, '05811250', 'GANIPUR', NULL, 1, NULL, '2015-05-24 08:37:14', NULL, '2015-05-24 08:37:14', 6237, 'U'),
(337, '05811256', 'HAMIR KUTSHA', NULL, 1, NULL, '2015-05-24 08:37:14', NULL, '2015-05-24 08:37:14', 6238, 'U'),
(337, '05811263', 'JHIKRA', NULL, 1, NULL, '2015-05-24 08:37:14', NULL, '2015-05-24 08:37:14', 6239, 'U'),
(337, '05811269', 'JOGI PARA', NULL, 1, NULL, '2015-05-24 08:37:14', NULL, '2015-05-24 08:37:14', 6240, 'U'),
(337, '05811272', 'KACHHARI KAYALI PARA', NULL, 1, NULL, '2015-05-24 08:37:14', NULL, '2015-05-24 08:37:14', 6241, 'U'),
(337, '05811275', 'MARIA', NULL, 1, NULL, '2015-05-24 08:37:14', NULL, '2015-05-24 08:37:14', 6242, 'U'),
(337, '05811282', 'NARDAS', NULL, 1, NULL, '2015-05-24 08:37:14', NULL, '2015-05-24 08:37:14', 6243, 'U'),
(337, '05811285', 'SONADANGA', NULL, 1, NULL, '2015-05-24 08:37:14', NULL, '2015-05-24 08:37:14', 6244, 'U'),
(337, '05811288', 'SREEPUR', NULL, 1, NULL, '2015-05-24 08:37:14', NULL, '2015-05-24 08:37:14', 6245, 'U'),
(337, '05811294', 'SUBHADANGA', NULL, 1, NULL, '2015-05-24 08:37:14', NULL, '2015-05-24 08:37:14', 6246, 'U'),
(338, '05812209', 'WARD NO-09', NULL, 1, NULL, '2015-05-24 08:12:57', NULL, '2015-05-24 08:12:57', 6247, 'W'),
(338, '05812210', 'WARD NO-10 (PART)', NULL, 1, NULL, '2015-05-24 08:12:57', NULL, '2015-05-24 08:12:57', 6248, 'W'),
(338, '05812211', 'WARD NO-11', NULL, 1, NULL, '2015-05-24 08:12:57', NULL, '2015-05-24 08:12:57', 6249, 'W'),
(338, '05812212', 'WARD NO-12', NULL, 1, NULL, '2015-05-24 08:12:57', NULL, '2015-05-24 08:12:57', 6250, 'W'),
(338, '05812213', 'WARD NO-13', NULL, 1, NULL, '2015-05-24 08:12:57', NULL, '2015-05-24 08:12:57', 6251, 'W'),
(338, '05812214', 'WARD NO-14 (PART)', NULL, 1, NULL, '2015-05-24 08:12:57', NULL, '2015-05-24 08:12:57', 6252, 'W'),
(338, '05812215', 'WARD NO-15', NULL, 1, NULL, '2015-05-24 08:12:57', NULL, '2015-05-24 08:12:57', 6253, 'W'),
(338, '05812216', 'WARD NO-16', NULL, 1, NULL, '2015-05-24 08:12:57', NULL, '2015-05-24 08:12:57', 6254, 'W'),
(338, '05812218', 'WARD NO-18 (PART)', NULL, 1, NULL, '2015-05-24 08:12:57', NULL, '2015-05-24 08:12:57', 6255, 'W'),
(338, '05812219', 'WARD NO-19', NULL, 1, NULL, '2015-05-24 08:12:57', NULL, '2015-05-24 08:12:57', 6256, 'W'),
(338, '05812220', 'WARD NO-20', NULL, 1, NULL, '2015-05-24 08:12:57', NULL, '2015-05-24 08:12:57', 6257, 'W'),
(338, '05812221', 'WARD NO-21', NULL, 1, NULL, '2015-05-24 08:12:57', NULL, '2015-05-24 08:12:57', 6258, 'W'),
(338, '05812222', 'WARD NO-22', NULL, 1, NULL, '2015-05-24 08:12:57', NULL, '2015-05-24 08:12:57', 6259, 'W'),
(338, '05812223', 'WARD NO-23', NULL, 1, NULL, '2015-05-24 08:12:57', NULL, '2015-05-24 08:12:57', 6260, 'W'),
(338, '05812224', 'WARD NO-24', NULL, 1, NULL, '2015-05-24 08:12:57', NULL, '2015-05-24 08:12:57', 6261, 'W'),
(338, '05812225', 'WARD NO-25', NULL, 1, NULL, '2015-05-24 08:12:57', NULL, '2015-05-24 08:12:57', 6262, 'W'),
(338, '05812226', 'WARD NO-26', NULL, 1, NULL, '2015-05-24 08:12:57', NULL, '2015-05-24 08:12:57', 6263, 'W'),
(338, '05812227', 'WARD NO-27 (PART)', NULL, 1, NULL, '2015-05-24 08:12:57', NULL, '2015-05-24 08:12:57', 6264, 'W'),
(339, '05812501', 'WARD NO-01', NULL, 1, NULL, '2015-05-24 08:12:57', NULL, '2015-05-24 08:12:57', 6265, 'W'),
(339, '05812502', 'WARD NO-02', NULL, 1, NULL, '2015-05-24 08:12:57', NULL, '2015-05-24 08:12:57', 6266, 'W'),
(339, '05812503', 'WARD NO-03', NULL, 1, NULL, '2015-05-24 08:12:57', NULL, '2015-05-24 08:12:57', 6267, 'W'),
(339, '05812504', 'WARD NO-04', NULL, 1, NULL, '2015-05-24 08:12:57', NULL, '2015-05-24 08:12:57', 6268, 'W'),
(339, '05812505', 'WARD NO-05', NULL, 1, NULL, '2015-05-24 08:12:57', NULL, '2015-05-24 08:12:57', 6269, 'W'),
(339, '05812506', 'WARD NO-06', NULL, 1, NULL, '2015-05-24 08:12:57', NULL, '2015-05-24 08:12:57', 6270, 'W'),
(339, '05812507', 'WARD NO-07', NULL, 1, NULL, '2015-05-24 08:12:57', NULL, '2015-05-24 08:12:57', 6271, 'W'),
(339, '05812508', 'WARD NO-08', NULL, 1, NULL, '2015-05-24 08:12:57', NULL, '2015-05-24 08:12:57', 6272, 'W'),
(339, '05812509', 'WARD NO-09', NULL, 1, NULL, '2015-05-24 08:12:57', NULL, '2015-05-24 08:12:57', 6273, 'W'),
(339, '05812531', 'BHAYA LAKSHMIPUR', NULL, 1, NULL, '2015-05-24 08:37:14', NULL, '2015-05-24 08:37:14', 6274, 'U'),
(339, '05812539', 'CHARGHAT', NULL, 1, NULL, '2015-05-24 08:37:14', NULL, '2015-05-24 08:37:14', 6275, 'U'),
(339, '05812547', 'YUSUFPUR', NULL, 1, NULL, '2015-05-24 08:37:14', NULL, '2015-05-24 08:37:14', 6276, 'U'),
(339, '05812571', 'NIMPARA', NULL, 1, NULL, '2015-05-24 08:37:14', NULL, '2015-05-24 08:37:14', 6277, 'U'),
(339, '05812587', 'SALUA', NULL, 1, NULL, '2015-05-24 08:37:14', NULL, '2015-05-24 08:37:14', 6278, 'U'),
(339, '05812594', 'SARDAH', NULL, 1, NULL, '2015-05-24 08:37:14', NULL, '2015-05-24 08:37:14', 6279, 'U'),
(340, '05813101', 'WARD NO-01', NULL, 1, NULL, '2015-05-24 08:12:57', NULL, '2015-05-24 08:12:57', 6280, 'W'),
(340, '05813102', 'WARD NO-02', NULL, 1, NULL, '2015-05-24 08:12:57', NULL, '2015-05-24 08:12:57', 6281, 'W'),
(340, '05813103', 'WARD NO-03', NULL, 1, NULL, '2015-05-24 08:12:57', NULL, '2015-05-24 08:12:57', 6282, 'W'),
(340, '05813104', 'WARD NO-04', NULL, 1, NULL, '2015-05-24 08:12:57', NULL, '2015-05-24 08:12:57', 6283, 'W'),
(340, '05813105', 'WARD NO-05', NULL, 1, NULL, '2015-05-24 08:12:57', NULL, '2015-05-24 08:12:57', 6284, 'W'),
(340, '05813106', 'WARD NO-06', NULL, 1, NULL, '2015-05-24 08:12:57', NULL, '2015-05-24 08:12:57', 6285, 'W'),
(340, '05813107', 'WARD NO-07', NULL, 1, NULL, '2015-05-24 08:12:57', NULL, '2015-05-24 08:12:57', 6286, 'W'),
(340, '05813108', 'WARD NO-08', NULL, 1, NULL, '2015-05-24 08:12:57', NULL, '2015-05-24 08:12:57', 6287, 'W'),
(340, '05813109', 'WARD NO-09', NULL, 1, NULL, '2015-05-24 08:12:57', NULL, '2015-05-24 08:12:57', 6288, 'W'),
(340, '05813111', 'DELUABARI', NULL, 1, NULL, '2015-05-24 08:37:14', NULL, '2015-05-24 08:37:14', 6289, 'U'),
(340, '05813123', 'DHARMAPUR (PANANAGAR)', NULL, 1, NULL, '2015-05-24 08:37:14', NULL, '2015-05-24 08:37:14', 6290, 'U'),
(340, '05813135', 'JHALUKA', NULL, 1, NULL, '2015-05-24 08:37:14', NULL, '2015-05-24 08:37:14', 6291, 'U'),
(340, '05813147', 'JOYNAGAR', NULL, 1, NULL, '2015-05-24 08:37:14', NULL, '2015-05-24 08:37:14', 6292, 'U'),
(340, '05813159', 'KISMAT GANKAIR', NULL, 1, NULL, '2015-05-24 08:37:14', NULL, '2015-05-24 08:37:14', 6293, 'U'),
(340, '05813171', 'MARIA', NULL, 1, NULL, '2015-05-24 08:37:14', NULL, '2015-05-24 08:37:14', 6294, 'U'),
(340, '05813183', 'NOAPARA', NULL, 1, NULL, '2015-05-24 08:37:14', NULL, '2015-05-24 08:37:14', 6295, 'U'),
(341, '05813401', 'WARD NO-01', NULL, 1, NULL, '2015-05-24 08:12:57', NULL, '2015-05-24 08:12:57', 6296, 'W'),
(341, '05813402', 'WARD NO-02', NULL, 1, NULL, '2015-05-24 08:12:57', NULL, '2015-05-24 08:12:57', 6297, 'W'),
(341, '05813403', 'WARD NO-03', NULL, 1, NULL, '2015-05-24 08:12:57', NULL, '2015-05-24 08:12:57', 6298, 'W'),
(341, '05813404', 'WARD NO-04', NULL, 1, NULL, '2015-05-24 08:12:57', NULL, '2015-05-24 08:12:57', 6299, 'W'),
(341, '05813405', 'WARD NO-05', NULL, 1, NULL, '2015-05-24 08:12:57', NULL, '2015-05-24 08:12:57', 6300, 'W'),
(341, '05813406', 'WARD NO-06', NULL, 1, NULL, '2015-05-24 08:12:57', NULL, '2015-05-24 08:12:57', 6301, 'W'),
(341, '05813407', 'WARD NO-07', NULL, 1, NULL, '2015-05-24 08:12:57', NULL, '2015-05-24 08:12:57', 6302, 'W'),
(341, '05813408', 'WARD NO-08', NULL, 1, NULL, '2015-05-24 08:12:57', NULL, '2015-05-24 08:12:57', 6303, 'W'),
(341, '05813409', 'WARD NO-09', NULL, 1, NULL, '2015-05-24 08:12:57', NULL, '2015-05-24 08:12:57', 6304, 'W'),
(341, '05813411', 'WARD NO-01', NULL, 1, NULL, '2015-05-24 08:12:57', NULL, '2015-05-24 08:12:57', 6305, 'W'),
(341, '05813412', 'WARD NO-02', NULL, 1, NULL, '2015-05-24 08:12:57', NULL, '2015-05-24 08:12:57', 6306, 'W'),
(341, '05813413', 'WARD NO-03', NULL, 1, NULL, '2015-05-24 08:12:57', NULL, '2015-05-24 08:12:57', 6307, 'W'),
(341, '05813414', 'WARD NO-04', NULL, 1, NULL, '2015-05-24 08:12:57', NULL, '2015-05-24 08:12:57', 6308, 'W'),
(341, '05813415', 'WARD NO-05', NULL, 1, NULL, '2015-05-24 08:12:57', NULL, '2015-05-24 08:12:57', 6309, 'W'),
(341, '05813416', 'WARD NO-06', NULL, 1, NULL, '2015-05-24 08:12:57', NULL, '2015-05-24 08:12:57', 6310, 'W'),
(341, '05813417', 'WARD NO-07', NULL, 1, NULL, '2015-05-24 08:12:57', NULL, '2015-05-24 08:12:57', 6311, 'W'),
(341, '05813418', 'WARD NO-08', NULL, 1, NULL, '2015-05-24 08:12:57', NULL, '2015-05-24 08:12:57', 6312, 'W'),
(341, '05813419', 'WARD NO-09', NULL, 1, NULL, '2015-05-24 08:12:57', NULL, '2015-05-24 08:12:57', 6313, 'W'),
(341, '05813422', 'BASUDEBPUR', NULL, 1, NULL, '2015-05-24 08:37:14', NULL, '2015-05-24 08:37:14', 6314, 'U'),
(341, '05813425', 'CHAR ASHARIADAHA', NULL, 1, NULL, '2015-05-24 08:37:14', NULL, '2015-05-24 08:37:14', 6315, 'U'),
(341, '05813428', 'DEOPARA', NULL, 1, NULL, '2015-05-24 08:37:14', NULL, '2015-05-24 08:37:14', 6316, 'U'),
(341, '05813438', 'GODAGARI', NULL, 1, NULL, '2015-05-24 08:37:14', NULL, '2015-05-24 08:37:14', 6317, 'U'),
(341, '05813447', 'GOGRAM', NULL, 1, NULL, '2015-05-24 08:37:14', NULL, '2015-05-24 08:37:14', 6318, 'U'),
(341, '05813457', 'MATIKATA', NULL, 1, NULL, '2015-05-24 08:37:14', NULL, '2015-05-24 08:37:14', 6319, 'U'),
(341, '05813466', 'MOHANPUR', NULL, 1, NULL, '2015-05-24 08:37:14', NULL, '2015-05-24 08:37:14', 6320, 'U'),
(341, '05813476', 'PAKRI', NULL, 1, NULL, '2015-05-24 08:37:14', NULL, '2015-05-24 08:37:14', 6321, 'U'),
(341, '05813485', 'RISHIKUL', NULL, 1, NULL, '2015-05-24 08:37:14', NULL, '2015-05-24 08:37:14', 6322, 'U'),
(342, '05814027', 'WARD NO-27 (PART)', NULL, 1, NULL, '2015-05-24 08:12:57', NULL, '2015-05-24 08:12:57', 6323, 'W'),
(342, '05814028', 'WARD NO-28', NULL, 1, NULL, '2015-05-24 08:12:57', NULL, '2015-05-24 08:12:57', 6324, 'W'),
(318, '05731595', 'SONAROY', NULL, 1, NULL, '2015-05-24 08:37:14', NULL, '2015-05-24 08:37:14', 6325, 'U'),
(319, '05733601', 'WARD NO-01', NULL, 1, NULL, '2015-05-24 08:12:57', NULL, '2015-05-24 08:12:57', 6326, 'W'),
(319, '05733602', 'WARD NO-02', NULL, 1, NULL, '2015-05-24 08:12:57', NULL, '2015-05-24 08:12:57', 6327, 'W'),
(319, '05733603', 'WARD NO-03', NULL, 1, NULL, '2015-05-24 08:12:57', NULL, '2015-05-24 08:12:57', 6328, 'W'),
(319, '05733604', 'WARD NO-04', NULL, 1, NULL, '2015-05-24 08:12:57', NULL, '2015-05-24 08:12:57', 6329, 'W'),
(319, '05733605', 'WARD NO-05', NULL, 1, NULL, '2015-05-24 08:12:57', NULL, '2015-05-24 08:12:57', 6330, 'W'),
(319, '05733606', 'WARD NO-06', NULL, 1, NULL, '2015-05-24 08:12:57', NULL, '2015-05-24 08:12:57', 6331, 'W'),
(319, '05733607', 'WARD NO-07', NULL, 1, NULL, '2015-05-24 08:12:57', NULL, '2015-05-24 08:12:57', 6332, 'W'),
(319, '05733608', 'WARD NO-08', NULL, 1, NULL, '2015-05-24 08:12:57', NULL, '2015-05-24 08:12:57', 6333, 'W'),
(319, '05733609', 'WARD NO-09', NULL, 1, NULL, '2015-05-24 08:12:57', NULL, '2015-05-24 08:12:57', 6334, 'W'),
(319, '05733613', 'BALAGRAM', NULL, 1, NULL, '2015-05-24 08:37:14', NULL, '2015-05-24 08:37:14', 6335, 'U'),
(319, '05733614', 'DAOABARI', NULL, 1, NULL, '2015-05-24 08:37:14', NULL, '2015-05-24 08:37:14', 6336, 'U'),
(319, '05733621', 'DHARMAPAL', NULL, 1, NULL, '2015-05-24 08:37:14', NULL, '2015-05-24 08:37:14', 6337, 'U'),
(319, '05733629', 'GOLMUNDA', NULL, 1, NULL, '2015-05-24 08:37:14', NULL, '2015-05-24 08:37:14', 6338, 'U'),
(319, '05733636', 'GOLNA', NULL, 1, NULL, '2015-05-24 08:37:14', NULL, '2015-05-24 08:37:14', 6339, 'U'),
(319, '05733651', 'KAIMARI', NULL, 1, NULL, '2015-05-24 08:37:14', NULL, '2015-05-24 08:37:14', 6340, 'U'),
(319, '05733658', 'KANTHALI', NULL, 1, NULL, '2015-05-24 08:37:14', NULL, '2015-05-24 08:37:14', 6341, 'U'),
(319, '05733665', 'KHUTAMARA', NULL, 1, NULL, '2015-05-24 08:37:14', NULL, '2015-05-24 08:37:14', 6342, 'U'),
(319, '05733680', 'MIRGANJ', NULL, 1, NULL, '2015-05-24 08:37:14', NULL, '2015-05-24 08:37:14', 6343, 'U'),
(319, '05733687', 'SHIMULBARI', NULL, 1, NULL, '2015-05-24 08:37:14', NULL, '2015-05-24 08:37:14', 6344, 'U'),
(319, '05733694', 'SAULMARI', NULL, 1, NULL, '2015-05-24 08:37:14', NULL, '2015-05-24 08:37:14', 6345, 'U'),
(320, '05734517', 'BAHAGILI', NULL, 1, NULL, '2015-05-24 08:37:14', NULL, '2015-05-24 08:37:14', 6346, 'U'),
(320, '05734525', 'BARABHITA', NULL, 1, NULL, '2015-05-24 08:37:14', NULL, '2015-05-24 08:37:14', 6347, 'U'),
(320, '05734534', 'CHANDKHANA', NULL, 1, NULL, '2015-05-24 08:37:14', NULL, '2015-05-24 08:37:14', 6348, 'U'),
(320, '05734543', 'GARAGRAM', NULL, 1, NULL, '2015-05-24 08:37:14', NULL, '2015-05-24 08:37:14', 6349, 'U'),
(320, '05734551', 'KISHOREGANJ', NULL, 1, NULL, '2015-05-24 08:37:14', NULL, '2015-05-24 08:37:14', 6350, 'U'),
(320, '05734560', 'MAGURA', NULL, 1, NULL, '2015-05-24 08:37:14', NULL, '2015-05-24 08:37:14', 6351, 'U'),
(320, '05734569', 'NITAI', NULL, 1, NULL, '2015-05-24 08:37:14', NULL, '2015-05-24 08:37:14', 6352, 'U'),
(320, '05734586', 'PUTIMARI', NULL, 1, NULL, '2015-05-24 08:37:14', NULL, '2015-05-24 08:37:14', 6353, 'U'),
(320, '05734594', 'RANACHANDI', NULL, 1, NULL, '2015-05-24 08:37:14', NULL, '2015-05-24 08:37:14', 6354, 'U'),
(321, '05736401', 'WARD NO-01', NULL, 1, NULL, '2015-05-24 08:12:57', NULL, '2015-05-24 08:12:57', 6355, 'W'),
(321, '05736402', 'WARD NO-02', NULL, 1, NULL, '2015-05-24 08:12:57', NULL, '2015-05-24 08:12:57', 6356, 'W'),
(321, '05736403', 'WARD NO-03', NULL, 1, NULL, '2015-05-24 08:12:57', NULL, '2015-05-24 08:12:57', 6357, 'W'),
(321, '05736404', 'WARD NO-04', NULL, 1, NULL, '2015-05-24 08:12:57', NULL, '2015-05-24 08:12:57', 6358, 'W'),
(321, '05736405', 'WARD NO-05', NULL, 1, NULL, '2015-05-24 08:12:57', NULL, '2015-05-24 08:12:57', 6359, 'W'),
(321, '05736406', 'WARD NO-06', NULL, 1, NULL, '2015-05-24 08:12:57', NULL, '2015-05-24 08:12:57', 6360, 'W'),
(321, '05736407', 'WARD NO-07', NULL, 1, NULL, '2015-05-24 08:12:57', NULL, '2015-05-24 08:12:57', 6361, 'W'),
(321, '05736408', 'WARD NO-08', NULL, 1, NULL, '2015-05-24 08:12:57', NULL, '2015-05-24 08:12:57', 6362, 'W'),
(321, '05736409', 'WARD NO-09', NULL, 1, NULL, '2015-05-24 08:12:57', NULL, '2015-05-24 08:12:57', 6363, 'W'),
(321, '05736411', 'CHAPRA SARAMJANI', NULL, 1, NULL, '2015-05-24 08:37:14', NULL, '2015-05-24 08:37:14', 6364, 'U'),
(321, '05736412', 'CHARAIKHOLA', NULL, 1, NULL, '2015-05-24 08:37:14', NULL, '2015-05-24 08:37:14', 6365, 'U'),
(321, '05736418', 'CHAORA BARGACHHA', NULL, 1, NULL, '2015-05-24 08:37:14', NULL, '2015-05-24 08:37:14', 6366, 'U'),
(321, '05736425', 'GORGRAM', NULL, 1, NULL, '2015-05-24 08:37:14', NULL, '2015-05-24 08:37:14', 6367, 'U'),
(321, '05736431', 'ITAKHOLA', NULL, 1, NULL, '2015-05-24 08:37:14', NULL, '2015-05-24 08:37:14', 6368, 'U'),
(321, '05736437', 'KACHUKATA', NULL, 1, NULL, '2015-05-24 08:37:14', NULL, '2015-05-24 08:37:14', 6369, 'U'),
(321, '05736444', 'KHOKSHABARI', NULL, 1, NULL, '2015-05-24 08:37:14', NULL, '2015-05-24 08:37:14', 6370, 'U'),
(321, '05736450', 'KUNDA PUKUR', NULL, 1, NULL, '2015-05-24 08:37:14', NULL, '2015-05-24 08:37:14', 6371, 'U'),
(321, '05736463', 'PANCH PUKUR', NULL, 1, NULL, '2015-05-24 08:37:14', NULL, '2015-05-24 08:37:14', 6372, 'U'),
(321, '05736469', 'PALASHBARI', NULL, 1, NULL, '2015-05-24 08:37:14', NULL, '2015-05-24 08:37:14', 6373, 'U'),
(321, '05736473', 'LAKSHMI CHAP', NULL, 1, NULL, '2015-05-24 08:37:14', NULL, '2015-05-24 08:37:14', 6374, 'U'),
(321, '05736475', 'RAMNAGAR', NULL, 1, NULL, '2015-05-24 08:37:14', NULL, '2015-05-24 08:37:14', 6375, 'U'),
(321, '05736482', 'SANGALSHI', NULL, 1, NULL, '2015-05-24 08:37:14', NULL, '2015-05-24 08:37:14', 6376, 'U'),
(321, '05736488', 'SONAROY', NULL, 1, NULL, '2015-05-24 08:37:14', NULL, '2015-05-24 08:37:14', 6377, 'U'),
(321, '05736494', 'TUPAMARI', NULL, 1, NULL, '2015-05-24 08:37:14', NULL, '2015-05-24 08:37:14', 6378, 'U'),
(322, '05738501', 'WARD NO-01', NULL, 1, NULL, '2015-05-24 08:12:57', NULL, '2015-05-24 08:12:57', 6379, 'W'),
(322, '05738502', 'WARD NO-02', NULL, 1, NULL, '2015-05-24 08:12:57', NULL, '2015-05-24 08:12:57', 6380, 'W'),
(322, '05738503', 'WARD NO-03', NULL, 1, NULL, '2015-05-24 08:12:57', NULL, '2015-05-24 08:12:57', 6381, 'W'),
(322, '05738504', 'WARD NO-04', NULL, 1, NULL, '2015-05-24 08:12:57', NULL, '2015-05-24 08:12:57', 6382, 'W'),
(322, '05738505', 'WARD NO-05', NULL, 1, NULL, '2015-05-24 08:12:57', NULL, '2015-05-24 08:12:57', 6383, 'W'),
(322, '05738506', 'WARD NO-06', NULL, 1, NULL, '2015-05-24 08:12:57', NULL, '2015-05-24 08:12:57', 6384, 'W'),
(322, '05738507', 'WARD NO-07', NULL, 1, NULL, '2015-05-24 08:12:57', NULL, '2015-05-24 08:12:57', 6385, 'W'),
(322, '05738508', 'WARD NO-08', NULL, 1, NULL, '2015-05-24 08:12:57', NULL, '2015-05-24 08:12:57', 6386, 'W'),
(322, '05738509', 'WARD NO-09', NULL, 1, NULL, '2015-05-24 08:12:57', NULL, '2015-05-24 08:12:57', 6387, 'W'),
(322, '05738510', 'WARD NO-10', NULL, 1, NULL, '2015-05-24 08:12:57', NULL, '2015-05-24 08:12:57', 6388, 'W'),
(322, '05738511', 'WARD NO-11', NULL, 1, NULL, '2015-05-24 08:12:57', NULL, '2015-05-24 08:12:57', 6389, 'W'),
(322, '05738512', 'WARD NO-12', NULL, 1, NULL, '2015-05-24 08:12:57', NULL, '2015-05-24 08:12:57', 6390, 'W'),
(322, '05738513', 'WARD NO-13', NULL, 1, NULL, '2015-05-24 08:12:57', NULL, '2015-05-24 08:12:57', 6391, 'W'),
(322, '05738514', 'WARD NO-14', NULL, 1, NULL, '2015-05-24 08:12:57', NULL, '2015-05-24 08:12:57', 6392, 'W'),
(322, '05738515', 'WARD NO-15', NULL, 1, NULL, '2015-05-24 08:12:57', NULL, '2015-05-24 08:12:57', 6393, 'W'),
(322, '05738523', 'BANGALIPUR', NULL, 1, NULL, '2015-05-24 08:37:14', NULL, '2015-05-24 08:37:14', 6394, 'U'),
(322, '05738527', 'BOTHLAGARI', NULL, 1, NULL, '2015-05-24 08:37:14', NULL, '2015-05-24 08:37:14', 6395, 'U'),
(322, '05738540', 'KAMAR PUKUR', NULL, 1, NULL, '2015-05-24 08:37:14', NULL, '2015-05-24 08:37:14', 6396, 'U'),
(322, '05738554', 'KHATA MADHUPUR', NULL, 1, NULL, '2015-05-24 08:37:14', NULL, '2015-05-24 08:37:14', 6397, 'U'),
(322, '05738567', 'KUSHIRAM BELPUKUR', NULL, 1, NULL, '2015-05-24 08:37:14', NULL, '2015-05-24 08:37:14', 6398, 'U'),
(322, '05738598', 'CANTONMENT', NULL, 1, NULL, '2015-05-24 08:37:14', NULL, '2015-05-24 08:37:14', 6399, 'U'),
(24, '05760501', 'WARD NO-01', NULL, 1, NULL, '2015-05-24 08:12:57', NULL, '2015-05-24 08:12:57', 6400, 'W'),
(24, '05760515', 'CHANDBA', NULL, 1, NULL, '2015-05-24 08:37:14', NULL, '2015-05-24 08:37:14', 6401, 'U'),
(24, '05760531', 'DEBOTTAR', NULL, 1, NULL, '2015-05-24 08:37:14', NULL, '2015-05-24 08:37:14', 6402, 'U'),
(24, '05760547', 'EKDANTA', NULL, 1, NULL, '2015-05-24 08:37:14', NULL, '2015-05-24 08:37:14', 6403, 'U'),
(24, '05760563', 'LAKSHMIPUR', NULL, 1, NULL, '2015-05-24 08:37:14', NULL, '2015-05-24 08:37:14', 6404, 'U'),
(24, '05760579', 'MAJH PARA', NULL, 1, NULL, '2015-05-24 08:37:14', NULL, '2015-05-24 08:37:14', 6405, 'U'),
(323, '05761601', 'WARD NO-01', NULL, 1, NULL, '2015-05-24 08:12:57', NULL, '2015-05-24 08:12:57', 6406, 'W'),
(323, '05761602', 'WARD NO-02', NULL, 1, NULL, '2015-05-24 08:12:57', NULL, '2015-05-24 08:12:57', 6407, 'W'),
(323, '05761603', 'WARD NO-03', NULL, 1, NULL, '2015-05-24 08:12:57', NULL, '2015-05-24 08:12:57', 6408, 'W'),
(323, '05761604', 'WARD NO-04', NULL, 1, NULL, '2015-05-24 08:12:57', NULL, '2015-05-24 08:12:57', 6409, 'W'),
(323, '05761605', 'WARD NO-05', NULL, 1, NULL, '2015-05-24 08:12:57', NULL, '2015-05-24 08:12:57', 6410, 'W'),
(323, '05761606', 'WARD NO-06', NULL, 1, NULL, '2015-05-24 08:12:57', NULL, '2015-05-24 08:12:57', 6411, 'W'),
(323, '05761607', 'WARD NO-07', NULL, 1, NULL, '2015-05-24 08:12:57', NULL, '2015-05-24 08:12:57', 6412, 'W'),
(323, '05761608', 'WARD NO-08', NULL, 1, NULL, '2015-05-24 08:12:57', NULL, '2015-05-24 08:12:57', 6413, 'W'),
(323, '05761609', 'WARD NO-09', NULL, 1, NULL, '2015-05-24 08:12:57', NULL, '2015-05-24 08:12:57', 6414, 'W'),
(323, '05761615', 'CHAKLA', NULL, 1, NULL, '2015-05-24 08:37:14', NULL, '2015-05-24 08:37:14', 6415, 'U'),
(323, '05761621', 'DHALAR CHAR', NULL, 1, NULL, '2015-05-24 08:37:14', NULL, '2015-05-24 08:37:14', 6416, 'U'),
(323, '05761631', 'HATURIA NAKALIA', NULL, 1, NULL, '2015-05-24 08:37:14', NULL, '2015-05-24 08:37:14', 6417, 'U'),
(323, '05761642', 'JATSAKHNI', NULL, 1, NULL, '2015-05-24 08:37:14', NULL, '2015-05-24 08:37:14', 6418, 'U'),
(323, '05761647', 'KYTOLA', NULL, 1, NULL, '2015-05-24 08:37:14', NULL, '2015-05-24 08:37:14', 6419, 'U'),
(323, '05761652', 'MASUNDIA', NULL, 1, NULL, '2015-05-24 08:37:14', NULL, '2015-05-24 08:37:14', 6420, 'U'),
(323, '05761663', 'NUTAN BHARENGA', NULL, 1, NULL, '2015-05-24 08:37:14', NULL, '2015-05-24 08:37:14', 6421, 'U'),
(323, '05761673', 'PURAN BHARENGA', NULL, 1, NULL, '2015-05-24 08:37:14', NULL, '2015-05-24 08:37:14', 6422, 'U'),
(323, '05761684', 'RUPPUR', NULL, 1, NULL, '2015-05-24 08:37:14', NULL, '2015-05-24 08:37:14', 6423, 'U'),
(324, '05761901', 'WARD NO-01', NULL, 1, NULL, '2015-05-24 08:12:57', NULL, '2015-05-24 08:12:57', 6424, 'W'),
(324, '05761902', 'WARD NO-02', NULL, 1, NULL, '2015-05-24 08:12:57', NULL, '2015-05-24 08:12:57', 6425, 'W'),
(324, '05761903', 'WARD NO-03', NULL, 1, NULL, '2015-05-24 08:12:57', NULL, '2015-05-24 08:12:57', 6426, 'W'),
(324, '05761904', 'WARD NO-04', NULL, 1, NULL, '2015-05-24 08:12:57', NULL, '2015-05-24 08:12:57', 6427, 'W'),
(324, '05761905', 'WARD NO-05', NULL, 1, NULL, '2015-05-24 08:12:57', NULL, '2015-05-24 08:12:57', 6428, 'W'),
(324, '05761906', 'WARD NO-06', NULL, 1, NULL, '2015-05-24 08:12:57', NULL, '2015-05-24 08:12:57', 6429, 'W'),
(324, '05761907', 'WARD NO-07', NULL, 1, NULL, '2015-05-24 08:12:57', NULL, '2015-05-24 08:12:57', 6430, 'W'),
(324, '05761908', 'WARD NO-08', NULL, 1, NULL, '2015-05-24 08:12:57', NULL, '2015-05-24 08:12:57', 6431, 'W'),
(324, '05761909', 'WARD NO-09', NULL, 1, NULL, '2015-05-24 08:12:57', NULL, '2015-05-24 08:12:57', 6432, 'W'),
(324, '05761915', 'ASHTA MANISHA', NULL, 1, NULL, '2015-05-24 08:37:14', NULL, '2015-05-24 08:37:14', 6433, 'U'),
(324, '05761931', 'BHANGURA', NULL, 1, NULL, '2015-05-24 08:37:14', NULL, '2015-05-24 08:37:14', 6434, 'U'),
(324, '05761947', 'DIL PASAR', NULL, 1, NULL, '2015-05-24 08:37:14', NULL, '2015-05-24 08:37:14', 6435, 'U'),
(324, '05761963', 'KHAN MARICH', NULL, 1, NULL, '2015-05-24 08:37:14', NULL, '2015-05-24 08:37:14', 6436, 'U'),
(324, '05761979', 'PARBHANGURIA', NULL, 1, NULL, '2015-05-24 08:37:14', NULL, '2015-05-24 08:37:14', 6437, 'U'),
(325, '05762201', 'WARD NO-01', NULL, 1, NULL, '2015-05-24 08:12:57', NULL, '2015-05-24 08:12:57', 6438, 'W'),
(325, '05762202', 'WARD NO-02', NULL, 1, NULL, '2015-05-24 08:12:57', NULL, '2015-05-24 08:12:57', 6439, 'W'),
(325, '05762203', 'WARD NO-03', NULL, 1, NULL, '2015-05-24 08:12:57', NULL, '2015-05-24 08:12:57', 6440, 'W'),
(325, '05762204', 'WARD NO-04', NULL, 1, NULL, '2015-05-24 08:12:57', NULL, '2015-05-24 08:12:57', 6441, 'W'),
(325, '05762205', 'WARD NO-05', NULL, 1, NULL, '2015-05-24 08:12:57', NULL, '2015-05-24 08:12:57', 6442, 'W'),
(325, '05762206', 'WARD NO-06', NULL, 1, NULL, '2015-05-24 08:12:57', NULL, '2015-05-24 08:12:57', 6443, 'W');
INSERT INTO `sa_unions` (`THANA_ID`, `UD_UNION_CODE`, `UNION_NAME`, `ORDER_SL`, `ACTIVE_FLAG`, `CREATED_BY`, `CREATE_DATE`, `UPDATED_BY`, `UPDATE_DATE`, `UNION_ID`, `UAREA_STATUS`) VALUES
(325, '05762207', 'WARD NO-07', NULL, 1, NULL, '2015-05-24 08:12:57', NULL, '2015-05-24 08:12:57', 6444, 'W'),
(325, '05762208', 'WARD NO-08', NULL, 1, NULL, '2015-05-24 08:12:57', NULL, '2015-05-24 08:12:57', 6445, 'W'),
(325, '05762209', 'WARD NO-09', NULL, 1, NULL, '2015-05-24 08:12:57', NULL, '2015-05-24 08:12:57', 6446, 'W'),
(325, '05762211', 'CHHAIKHOLA', NULL, 1, NULL, '2015-05-24 08:37:14', NULL, '2015-05-24 08:37:14', 6447, 'U'),
(325, '05762213', 'BILCHALAN', NULL, 1, NULL, '2015-05-24 08:37:14', NULL, '2015-05-24 08:37:14', 6448, 'U'),
(325, '05762225', 'DANTHIA BAMANGRAM', NULL, 1, NULL, '2015-05-24 08:37:14', NULL, '2015-05-24 08:37:14', 6449, 'U'),
(325, '05762234', 'FAILJANA', NULL, 1, NULL, '2015-05-24 08:37:14', NULL, '2015-05-24 08:37:14', 6450, 'U'),
(325, '05762243', 'GUNAIGACHHA', NULL, 1, NULL, '2015-05-24 08:37:14', NULL, '2015-05-24 08:37:14', 6451, 'U'),
(325, '05762251', 'HANDIAL', NULL, 1, NULL, '2015-05-24 08:37:14', NULL, '2015-05-24 08:37:14', 6452, 'U'),
(325, '05762260', 'HARIPUR', NULL, 1, NULL, '2015-05-24 08:37:14', NULL, '2015-05-24 08:37:14', 6453, 'U'),
(325, '05762270', 'MOTHURAPUR', NULL, 1, NULL, '2015-05-24 08:37:14', NULL, '2015-05-24 08:37:14', 6454, 'U'),
(325, '05762277', 'MULGRAM', NULL, 1, NULL, '2015-05-24 08:37:14', NULL, '2015-05-24 08:37:14', 6455, 'U'),
(325, '05762286', 'NIMAICHARA', NULL, 1, NULL, '2015-05-24 08:37:14', NULL, '2015-05-24 08:37:14', 6456, 'U'),
(325, '05762294', 'PARSHADANGA', NULL, 1, NULL, '2015-05-24 08:37:14', NULL, '2015-05-24 08:37:14', 6457, 'U'),
(326, '05763301', 'WARD NO-01', NULL, 1, NULL, '2015-05-24 08:12:57', NULL, '2015-05-24 08:12:57', 6458, 'W'),
(326, '05763302', 'WARD NO-02', NULL, 1, NULL, '2015-05-24 08:12:57', NULL, '2015-05-24 08:12:57', 6459, 'W'),
(326, '05763303', 'WARD NO-03', NULL, 1, NULL, '2015-05-24 08:12:57', NULL, '2015-05-24 08:12:57', 6460, 'W'),
(326, '05763304', 'WARD NO-04', NULL, 1, NULL, '2015-05-24 08:12:57', NULL, '2015-05-24 08:12:57', 6461, 'W'),
(326, '05763305', 'WARD NO-05', NULL, 1, NULL, '2015-05-24 08:12:57', NULL, '2015-05-24 08:12:57', 6462, 'W'),
(326, '05763306', 'WARD NO-06', NULL, 1, NULL, '2015-05-24 08:12:57', NULL, '2015-05-24 08:12:57', 6463, 'W'),
(326, '05763307', 'WARD NO-07', NULL, 1, NULL, '2015-05-24 08:12:57', NULL, '2015-05-24 08:12:57', 6464, 'W'),
(326, '05763308', 'WARD NO-08', NULL, 1, NULL, '2015-05-24 08:12:57', NULL, '2015-05-24 08:12:57', 6465, 'W'),
(342, '05814029', 'WARD NO-29', NULL, 1, NULL, '2015-05-24 08:12:57', NULL, '2015-05-24 08:12:57', 6466, 'W'),
(342, '05814030', 'WARD NO-30', NULL, 1, NULL, '2015-05-24 08:12:57', NULL, '2015-05-24 08:12:57', 6467, 'W'),
(343, '05815301', 'WARD NO-01', NULL, 1, NULL, '2015-05-24 08:12:57', NULL, '2015-05-24 08:12:57', 6468, 'W'),
(343, '05815302', 'WARD NO-02', NULL, 1, NULL, '2015-05-24 08:12:57', NULL, '2015-05-24 08:12:57', 6469, 'W'),
(343, '05815303', 'WARD NO-03', NULL, 1, NULL, '2015-05-24 08:12:57', NULL, '2015-05-24 08:12:57', 6470, 'W'),
(343, '05815304', 'WARD NO-04', NULL, 1, NULL, '2015-05-24 08:12:57', NULL, '2015-05-24 08:12:57', 6471, 'W'),
(343, '05815305', 'WARD NO-05', NULL, 1, NULL, '2015-05-24 08:12:57', NULL, '2015-05-24 08:12:57', 6472, 'W'),
(343, '05815306', 'WARD NO-06', NULL, 1, NULL, '2015-05-24 08:12:57', NULL, '2015-05-24 08:12:57', 6473, 'W'),
(343, '05815307', 'WARD NO-07', NULL, 1, NULL, '2015-05-24 08:12:57', NULL, '2015-05-24 08:12:57', 6474, 'W'),
(343, '05815308', 'WARD NO-08', NULL, 1, NULL, '2015-05-24 08:12:57', NULL, '2015-05-24 08:12:57', 6475, 'W'),
(343, '05815309', 'WARD NO-09', NULL, 1, NULL, '2015-05-24 08:12:57', NULL, '2015-05-24 08:12:57', 6476, 'W'),
(343, '05815313', 'BAKSHIMAIL', NULL, 1, NULL, '2015-05-24 08:37:14', NULL, '2015-05-24 08:37:14', 6477, 'U'),
(343, '05815327', 'DHURAIL', NULL, 1, NULL, '2015-05-24 08:37:14', NULL, '2015-05-24 08:37:14', 6478, 'U'),
(343, '05815340', 'GHASIGRAM', NULL, 1, NULL, '2015-05-24 08:37:14', NULL, '2015-05-24 08:37:14', 6479, 'U'),
(343, '05815354', 'JAHANABAD', NULL, 1, NULL, '2015-05-24 08:37:14', NULL, '2015-05-24 08:37:14', 6480, 'U'),
(343, '05815367', 'MAUGACHHI', NULL, 1, NULL, '2015-05-24 08:37:14', NULL, '2015-05-24 08:37:14', 6481, 'U'),
(343, '05815381', 'ROYGHATI', NULL, 1, NULL, '2015-05-24 08:37:14', NULL, '2015-05-24 08:37:14', 6482, 'U'),
(344, '05817201', 'WARD NO-01', NULL, 1, NULL, '2015-05-24 08:12:57', NULL, '2015-05-24 08:12:57', 6483, 'W'),
(344, '05817202', 'WARD NO-02', NULL, 1, NULL, '2015-05-24 08:12:57', NULL, '2015-05-24 08:12:57', 6484, 'W'),
(344, '05817203', 'WARD NO-03', NULL, 1, NULL, '2015-05-24 08:12:57', NULL, '2015-05-24 08:12:57', 6485, 'W'),
(344, '05817204', 'WARD NO-04', NULL, 1, NULL, '2015-05-24 08:12:57', NULL, '2015-05-24 08:12:57', 6486, 'W'),
(344, '05817205', 'WARD NO-05', NULL, 1, NULL, '2015-05-24 08:12:57', NULL, '2015-05-24 08:12:57', 6487, 'W'),
(344, '05817206', 'WARD NO-06', NULL, 1, NULL, '2015-05-24 08:12:57', NULL, '2015-05-24 08:12:57', 6488, 'W'),
(344, '05817207', 'WARD NO-07', NULL, 1, NULL, '2015-05-24 08:12:57', NULL, '2015-05-24 08:12:57', 6489, 'W'),
(344, '05817208', 'WARD NO-08', NULL, 1, NULL, '2015-05-24 08:12:57', NULL, '2015-05-24 08:12:57', 6490, 'W'),
(344, '05817209', 'WARD NO-09', NULL, 1, NULL, '2015-05-24 08:12:57', NULL, '2015-05-24 08:12:57', 6491, 'W'),
(344, '05817211', 'WARD NO-01', NULL, 1, NULL, '2015-05-24 08:12:57', NULL, '2015-05-24 08:12:57', 6492, 'W'),
(344, '05817212', 'WARD NO-02', NULL, 1, NULL, '2015-05-24 08:12:57', NULL, '2015-05-24 08:12:57', 6493, 'W'),
(344, '05817213', 'WARD NO-03', NULL, 1, NULL, '2015-05-24 08:12:57', NULL, '2015-05-24 08:12:57', 6494, 'W'),
(344, '05817214', 'WARD NO-04', NULL, 1, NULL, '2015-05-24 08:12:57', NULL, '2015-05-24 08:12:57', 6495, 'W'),
(344, '05817215', 'WARD NO-05', NULL, 1, NULL, '2015-05-24 08:12:57', NULL, '2015-05-24 08:12:57', 6496, 'W'),
(344, '05817216', 'WARD NO-06', NULL, 1, NULL, '2015-05-24 08:12:57', NULL, '2015-05-24 08:12:57', 6497, 'W'),
(344, '05817217', 'WARD NO-07', NULL, 1, NULL, '2015-05-24 08:12:57', NULL, '2015-05-24 08:12:57', 6498, 'W'),
(344, '05817218', 'WARD NO-08', NULL, 1, NULL, '2015-05-24 08:12:57', NULL, '2015-05-24 08:12:57', 6499, 'W'),
(344, '05817219', 'WARD NO-09', NULL, 1, NULL, '2015-05-24 08:12:57', NULL, '2015-05-24 08:12:57', 6500, 'W'),
(344, '05817227', 'BARAGACHHI', NULL, 1, NULL, '2015-05-24 08:37:14', NULL, '2015-05-24 08:37:14', 6501, 'U'),
(344, '05817235', 'DAMKUR', NULL, 1, NULL, '2015-05-24 08:37:14', NULL, '2015-05-24 08:37:14', 6502, 'U'),
(344, '05817243', 'DARSHAN PARA', NULL, 1, NULL, '2015-05-24 08:37:14', NULL, '2015-05-24 08:37:14', 6503, 'U'),
(344, '05817251', 'HARAGRAM', NULL, 1, NULL, '2015-05-24 08:37:14', NULL, '2015-05-24 08:37:14', 6504, 'U'),
(344, '05817254', 'HARIAN', NULL, 1, NULL, '2015-05-24 08:37:14', NULL, '2015-05-24 08:37:14', 6505, 'U'),
(344, '05817261', 'HARIPUR', NULL, 1, NULL, '2015-05-24 08:37:14', NULL, '2015-05-24 08:37:14', 6506, 'U'),
(344, '05817265', 'HUJURI PARA', NULL, 1, NULL, '2015-05-24 08:37:14', NULL, '2015-05-24 08:37:14', 6507, 'U'),
(344, '05817287', 'PARILA', NULL, 1, NULL, '2015-05-24 08:37:14', NULL, '2015-05-24 08:37:14', 6508, 'U'),
(345, '05818201', 'WARD NO-01', NULL, 1, NULL, '2015-05-24 08:12:57', NULL, '2015-05-24 08:12:57', 6509, 'W'),
(345, '05818202', 'WARD NO-02', NULL, 1, NULL, '2015-05-24 08:12:57', NULL, '2015-05-24 08:12:57', 6510, 'W'),
(345, '05818203', 'WARD NO-03', NULL, 1, NULL, '2015-05-24 08:12:57', NULL, '2015-05-24 08:12:57', 6511, 'W'),
(345, '05818204', 'WARD NO-04', NULL, 1, NULL, '2015-05-24 08:12:57', NULL, '2015-05-24 08:12:57', 6512, 'W'),
(345, '05818205', 'WARD NO-05', NULL, 1, NULL, '2015-05-24 08:12:57', NULL, '2015-05-24 08:12:57', 6513, 'W'),
(345, '05818206', 'WARD NO-06', NULL, 1, NULL, '2015-05-24 08:12:57', NULL, '2015-05-24 08:12:57', 6514, 'W'),
(345, '05818207', 'WARD NO-07', NULL, 1, NULL, '2015-05-24 08:12:57', NULL, '2015-05-24 08:12:57', 6515, 'W'),
(345, '05818208', 'WARD NO-08', NULL, 1, NULL, '2015-05-24 08:12:57', NULL, '2015-05-24 08:12:57', 6516, 'W'),
(345, '05818209', 'WARD NO-09', NULL, 1, NULL, '2015-05-24 08:12:57', NULL, '2015-05-24 08:12:57', 6517, 'W'),
(345, '05818213', 'BANESHWAR', NULL, 1, NULL, '2015-05-24 08:37:14', NULL, '2015-05-24 08:37:14', 6518, 'U'),
(345, '05818227', 'BELPUKURIA', NULL, 1, NULL, '2015-05-24 08:37:14', NULL, '2015-05-24 08:37:14', 6519, 'U'),
(345, '05818240', 'BHALUKGACHHI', NULL, 1, NULL, '2015-05-24 08:37:14', NULL, '2015-05-24 08:37:14', 6520, 'U'),
(345, '05818254', 'JEOPARA', NULL, 1, NULL, '2015-05-24 08:37:14', NULL, '2015-05-24 08:37:14', 6521, 'U'),
(345, '05818267', 'PUTHIA', NULL, 1, NULL, '2015-05-24 08:37:14', NULL, '2015-05-24 08:37:14', 6522, 'U'),
(345, '05818281', 'SILMARIA', NULL, 1, NULL, '2015-05-24 08:37:14', NULL, '2015-05-24 08:37:14', 6523, 'U'),
(346, '05818501', 'WARD NO-01', NULL, 1, NULL, '2015-05-24 08:12:57', NULL, '2015-05-24 08:12:57', 6524, 'W'),
(346, '05818502', 'WARD NO-02', NULL, 1, NULL, '2015-05-24 08:12:57', NULL, '2015-05-24 08:12:57', 6525, 'W'),
(346, '05818503', 'WARD NO-03', NULL, 1, NULL, '2015-05-24 08:12:57', NULL, '2015-05-24 08:12:57', 6526, 'W'),
(346, '05818504', 'WARD NO-04', NULL, 1, NULL, '2015-05-24 08:12:57', NULL, '2015-05-24 08:12:57', 6527, 'W'),
(346, '05818505', 'WARD NO-05', NULL, 1, NULL, '2015-05-24 08:12:57', NULL, '2015-05-24 08:12:57', 6528, 'W'),
(346, '05818506', 'WARD NO-06', NULL, 1, NULL, '2015-05-24 08:12:57', NULL, '2015-05-24 08:12:57', 6529, 'W'),
(346, '05818507', 'WARD NO-07', NULL, 1, NULL, '2015-05-24 08:12:57', NULL, '2015-05-24 08:12:57', 6530, 'W'),
(346, '05818508', 'WARD NO-08', NULL, 1, NULL, '2015-05-24 08:12:57', NULL, '2015-05-24 08:12:57', 6531, 'W'),
(346, '05818510', 'WARD NO-10 (PART)', NULL, 1, NULL, '2015-05-24 08:12:57', NULL, '2015-05-24 08:12:57', 6532, 'W'),
(346, '05818514', 'WARD NO-14 (PART)', NULL, 1, NULL, '2015-05-24 08:12:57', NULL, '2015-05-24 08:12:57', 6533, 'W'),
(347, '05819017', 'WARD NO-17', NULL, 1, NULL, '2015-05-24 08:12:57', NULL, '2015-05-24 08:12:57', 6534, 'W'),
(347, '05819018', 'WARD NO-18 (PART)', NULL, 1, NULL, '2015-05-24 08:12:57', NULL, '2015-05-24 08:12:57', 6535, 'W'),
(348, '05819401', 'WARD NO-01', NULL, 1, NULL, '2015-05-24 08:12:57', NULL, '2015-05-24 08:12:57', 6536, 'W'),
(348, '05819402', 'WARD NO-02', NULL, 1, NULL, '2015-05-24 08:12:57', NULL, '2015-05-24 08:12:57', 6537, 'W'),
(348, '05819403', 'WARD NO-03', NULL, 1, NULL, '2015-05-24 08:12:57', NULL, '2015-05-24 08:12:57', 6538, 'W'),
(348, '05819404', 'WARD NO-04', NULL, 1, NULL, '2015-05-24 08:12:57', NULL, '2015-05-24 08:12:57', 6539, 'W'),
(348, '05819405', 'WARD NO-05', NULL, 1, NULL, '2015-05-24 08:12:57', NULL, '2015-05-24 08:12:57', 6540, 'W'),
(348, '05819406', 'WARD NO-06', NULL, 1, NULL, '2015-05-24 08:12:57', NULL, '2015-05-24 08:12:57', 6541, 'W'),
(348, '05819407', 'WARD NO-07', NULL, 1, NULL, '2015-05-24 08:12:57', NULL, '2015-05-24 08:12:57', 6542, 'W'),
(348, '05819408', 'WARD NO-08', NULL, 1, NULL, '2015-05-24 08:12:57', NULL, '2015-05-24 08:12:57', 6543, 'W'),
(348, '05819409', 'WARD NO-09', NULL, 1, NULL, '2015-05-24 08:12:57', NULL, '2015-05-24 08:12:57', 6544, 'W'),
(348, '05819411', 'WARD NO-01', NULL, 1, NULL, '2015-05-24 08:12:57', NULL, '2015-05-24 08:12:57', 6545, 'W'),
(348, '05819412', 'WARD NO-02', NULL, 1, NULL, '2015-05-24 08:12:57', NULL, '2015-05-24 08:12:57', 6546, 'W'),
(348, '05819413', 'WARD NO-03', NULL, 1, NULL, '2015-05-24 08:12:57', NULL, '2015-05-24 08:12:57', 6547, 'W'),
(348, '05819414', 'WARD NO-04', NULL, 1, NULL, '2015-05-24 08:12:57', NULL, '2015-05-24 08:12:57', 6548, 'W'),
(348, '05819415', 'WARD NO-05', NULL, 1, NULL, '2015-05-24 08:12:57', NULL, '2015-05-24 08:12:57', 6549, 'W'),
(348, '05819416', 'WARD NO-06', NULL, 1, NULL, '2015-05-24 08:12:57', NULL, '2015-05-24 08:12:57', 6550, 'W'),
(348, '05819417', 'WARD NO-07', NULL, 1, NULL, '2015-05-24 08:12:57', NULL, '2015-05-24 08:12:57', 6551, 'W'),
(348, '05819418', 'WARD NO-08', NULL, 1, NULL, '2015-05-24 08:12:57', NULL, '2015-05-24 08:12:57', 6552, 'W'),
(348, '05819419', 'WARD NO-09', NULL, 1, NULL, '2015-05-24 08:12:57', NULL, '2015-05-24 08:12:57', 6553, 'W'),
(348, '05819427', 'BADHAIR', NULL, 1, NULL, '2015-05-24 08:37:14', NULL, '2015-05-24 08:37:14', 6554, 'U'),
(348, '05819440', 'CHANDURIA', NULL, 1, NULL, '2015-05-24 08:37:14', NULL, '2015-05-24 08:37:14', 6555, 'U'),
(348, '05819454', 'KALMA', NULL, 1, NULL, '2015-05-24 08:37:14', NULL, '2015-05-24 08:37:14', 6556, 'U'),
(348, '05819457', 'KAMARGAON', NULL, 1, NULL, '2015-05-24 08:37:14', NULL, '2015-05-24 08:37:14', 6557, 'U'),
(348, '05819470', 'PACHANDAR', NULL, 1, NULL, '2015-05-24 08:37:14', NULL, '2015-05-24 08:37:14', 6558, 'U'),
(348, '05819477', 'SARANJAI', NULL, 1, NULL, '2015-05-24 08:37:14', NULL, '2015-05-24 08:37:14', 6559, 'U'),
(348, '05819481', 'TALANDA', NULL, 1, NULL, '2015-05-24 08:37:14', NULL, '2015-05-24 08:37:14', 6560, 'U'),
(349, '05850301', 'WARD NO-01', NULL, 1, NULL, '2015-05-24 08:12:57', NULL, '2015-05-24 08:12:57', 6561, 'W'),
(349, '05850302', 'WARD NO-02', NULL, 1, NULL, '2015-05-24 08:12:57', NULL, '2015-05-24 08:12:57', 6562, 'W'),
(349, '05850303', 'WARD NO-03', NULL, 1, NULL, '2015-05-24 08:12:57', NULL, '2015-05-24 08:12:57', 6563, 'W'),
(349, '05850304', 'WARD NO-04', NULL, 1, NULL, '2015-05-24 08:12:57', NULL, '2015-05-24 08:12:57', 6564, 'W'),
(349, '05850305', 'WARD NO-05', NULL, 1, NULL, '2015-05-24 08:12:57', NULL, '2015-05-24 08:12:57', 6565, 'W'),
(349, '05850306', 'WARD NO-06', NULL, 1, NULL, '2015-05-24 08:12:57', NULL, '2015-05-24 08:12:57', 6566, 'W'),
(349, '05850307', 'WARD NO-07', NULL, 1, NULL, '2015-05-24 08:12:57', NULL, '2015-05-24 08:12:57', 6567, 'W'),
(349, '05850308', 'WARD NO-08', NULL, 1, NULL, '2015-05-24 08:12:57', NULL, '2015-05-24 08:12:57', 6568, 'W'),
(349, '05850309', 'WARD NO-09', NULL, 1, NULL, '2015-05-24 08:12:57', NULL, '2015-05-24 08:12:57', 6569, 'W'),
(349, '05850316', 'BADARGANJ', NULL, 1, NULL, '2015-05-24 08:37:14', NULL, '2015-05-24 08:37:14', 6570, 'U'),
(349, '05850318', 'BISHNUPUR', NULL, 1, NULL, '2015-05-24 08:37:14', NULL, '2015-05-24 08:37:14', 6571, 'U'),
(349, '05850325', 'DAMODARPUR', NULL, 1, NULL, '2015-05-24 08:37:14', NULL, '2015-05-24 08:37:14', 6572, 'U'),
(349, '05850331', 'GOPALPUR', NULL, 1, NULL, '2015-05-24 08:37:14', NULL, '2015-05-24 08:37:14', 6573, 'U'),
(349, '05850337', 'GOPINATHPUR', NULL, 1, NULL, '2015-05-24 08:37:14', NULL, '2015-05-24 08:37:14', 6574, 'U'),
(349, '05850363', 'KUTUBPUR', NULL, 1, NULL, '2015-05-24 08:37:14', NULL, '2015-05-24 08:37:14', 6575, 'U'),
(349, '05850369', 'LOHANI PARA', NULL, 1, NULL, '2015-05-24 08:37:14', NULL, '2015-05-24 08:37:14', 6576, 'U'),
(349, '05850375', 'MADHUPUR', NULL, 1, NULL, '2015-05-24 08:37:14', NULL, '2015-05-24 08:37:14', 6577, 'U'),
(349, '05850382', 'RADHANAGAR', NULL, 1, NULL, '2015-05-24 08:37:14', NULL, '2015-05-24 08:37:14', 6578, 'U'),
(349, '05850388', 'RAMNATHPUR', NULL, 1, NULL, '2015-05-24 08:37:14', NULL, '2015-05-24 08:37:14', 6579, 'U'),
(350, '05852716', 'ALAM BIDITAR', NULL, 1, NULL, '2015-05-24 08:37:14', NULL, '2015-05-24 08:37:14', 6580, 'U'),
(350, '05852719', 'BARABIL', NULL, 1, NULL, '2015-05-24 08:37:14', NULL, '2015-05-24 08:37:14', 6581, 'U'),
(350, '05852721', 'BETGARI', NULL, 1, NULL, '2015-05-24 08:37:14', NULL, '2015-05-24 08:37:14', 6582, 'U'),
(350, '05852731', 'GANGACHARA', NULL, 1, NULL, '2015-05-24 08:37:14', NULL, '2015-05-24 08:37:14', 6583, 'U'),
(350, '05852742', 'GAJAGHANTA', NULL, 1, NULL, '2015-05-24 08:37:14', NULL, '2015-05-24 08:37:14', 6584, 'U'),
(350, '05852752', 'KHALEYA', NULL, 1, NULL, '2015-05-24 08:37:14', NULL, '2015-05-24 08:37:14', 6585, 'U'),
(350, '05852763', 'KOLKANDA', NULL, 1, NULL, '2015-05-24 08:37:14', NULL, '2015-05-24 08:37:14', 6586, 'U'),
(350, '05852773', 'LAKSHMITARI', NULL, 1, NULL, '2015-05-24 08:37:14', NULL, '2015-05-24 08:37:14', 6587, 'U'),
(350, '05852777', 'NOHALI', NULL, 1, NULL, '2015-05-24 08:37:14', NULL, '2015-05-24 08:37:14', 6588, 'U'),
(350, '05852784', 'MARANIA', NULL, 1, NULL, '2015-05-24 08:37:14', NULL, '2015-05-24 08:37:14', 6589, 'U'),
(25, '05854201', 'WARD NO-01', NULL, 1, NULL, '2015-05-24 08:12:57', NULL, '2015-05-24 08:12:57', 6590, 'W'),
(25, '05854202', 'WARD NO-02', NULL, 1, NULL, '2015-05-24 08:12:57', NULL, '2015-05-24 08:12:57', 6591, 'W'),
(25, '05854203', 'WARD NO-03', NULL, 1, NULL, '2015-05-24 08:12:57', NULL, '2015-05-24 08:12:57', 6592, 'W'),
(25, '05854204', 'WARD NO-04', NULL, 1, NULL, '2015-05-24 08:12:57', NULL, '2015-05-24 08:12:57', 6593, 'W'),
(25, '05854205', 'WARD NO-05', NULL, 1, NULL, '2015-05-24 08:12:57', NULL, '2015-05-24 08:12:57', 6594, 'W'),
(25, '05854206', 'WARD NO-06', NULL, 1, NULL, '2015-05-24 08:12:57', NULL, '2015-05-24 08:12:57', 6595, 'W'),
(25, '05854207', 'WARD NO-07', NULL, 1, NULL, '2015-05-24 08:12:57', NULL, '2015-05-24 08:12:57', 6596, 'W'),
(25, '05854208', 'WARD NO-08', NULL, 1, NULL, '2015-05-24 08:12:57', NULL, '2015-05-24 08:12:57', 6597, 'W'),
(25, '05854209', 'WARD NO-09', NULL, 1, NULL, '2015-05-24 08:12:57', NULL, '2015-05-24 08:12:57', 6598, 'W'),
(25, '05854223', 'HARAGACHH', NULL, 1, NULL, '2015-05-24 08:37:14', NULL, '2015-05-24 08:37:14', 6599, 'U'),
(25, '05854227', 'KAUNIA BALA PARA', NULL, 1, NULL, '2015-05-24 08:37:14', NULL, '2015-05-24 08:37:14', 6600, 'U'),
(25, '05854240', 'KURSHA', NULL, 1, NULL, '2015-05-24 08:37:14', NULL, '2015-05-24 08:37:14', 6601, 'U'),
(25, '05854254', 'SARAI', NULL, 1, NULL, '2015-05-24 08:37:14', NULL, '2015-05-24 08:37:14', 6602, 'U'),
(25, '05854267', 'SHAHIDBAGH', NULL, 1, NULL, '2015-05-24 08:37:14', NULL, '2015-05-24 08:37:14', 6603, 'U'),
(25, '05854281', 'TEPA MADHUPUR', NULL, 1, NULL, '2015-05-24 08:37:14', NULL, '2015-05-24 08:37:14', 6604, 'U'),
(351, '05854901', 'WARD NO-01', NULL, 1, NULL, '2015-05-24 08:12:57', NULL, '2015-05-24 08:12:57', 6605, 'W'),
(351, '05854902', 'WARD NO-02', NULL, 1, NULL, '2015-05-24 08:12:57', NULL, '2015-05-24 08:12:57', 6606, 'W'),
(351, '05854903', 'WARD NO-03', NULL, 1, NULL, '2015-05-24 08:12:57', NULL, '2015-05-24 08:12:57', 6607, 'W'),
(351, '05854904', 'WARD NO-04', NULL, 1, NULL, '2015-05-24 08:12:57', NULL, '2015-05-24 08:12:57', 6608, 'W'),
(351, '05854905', 'WARD NO-05', NULL, 1, NULL, '2015-05-24 08:12:57', NULL, '2015-05-24 08:12:57', 6609, 'W'),
(351, '05854906', 'WARD NO-06', NULL, 1, NULL, '2015-05-24 08:12:57', NULL, '2015-05-24 08:12:57', 6610, 'W'),
(351, '05854907', 'WARD NO-07', NULL, 1, NULL, '2015-05-24 08:12:57', NULL, '2015-05-24 08:12:57', 6611, 'W'),
(351, '05854908', 'WARD NO-08', NULL, 1, NULL, '2015-05-24 08:12:57', NULL, '2015-05-24 08:12:57', 6612, 'W'),
(351, '05854909', 'WARD NO-09', NULL, 1, NULL, '2015-05-24 08:12:57', NULL, '2015-05-24 08:12:57', 6613, 'W'),
(351, '05854910', 'WARD NO-10', NULL, 1, NULL, '2015-05-24 08:12:57', NULL, '2015-05-24 08:12:57', 6614, 'W'),
(351, '05854911', 'WARD NO-11', NULL, 1, NULL, '2015-05-24 08:12:57', NULL, '2015-05-24 08:12:57', 6615, 'W'),
(351, '05854912', 'WARD NO-12', NULL, 1, NULL, '2015-05-24 08:12:57', NULL, '2015-05-24 08:12:57', 6616, 'W'),
(351, '05854913', 'WARD NO-13', NULL, 1, NULL, '2015-05-24 08:12:57', NULL, '2015-05-24 08:12:57', 6617, 'W'),
(351, '05854914', 'WARD NO-14', NULL, 1, NULL, '2015-05-24 08:12:57', NULL, '2015-05-24 08:12:57', 6618, 'W'),
(351, '05854915', 'WARD NO-15', NULL, 1, NULL, '2015-05-24 08:12:57', NULL, '2015-05-24 08:12:57', 6619, 'W'),
(351, '05854917', 'CHANDANPAT', NULL, 1, NULL, '2015-05-24 08:37:14', NULL, '2015-05-24 08:37:14', 6620, 'U'),
(351, '05854919', 'DARSHANA', NULL, 1, NULL, '2015-05-24 08:37:14', NULL, '2015-05-24 08:37:14', 6621, 'U'),
(351, '05854923', 'HARIDEBPUR', NULL, 1, NULL, '2015-05-24 08:37:14', NULL, '2015-05-24 08:37:14', 6622, 'U'),
(351, '05854931', 'MOMINPUR', NULL, 1, NULL, '2015-05-24 08:37:14', NULL, '2015-05-24 08:37:14', 6623, 'U'),
(351, '05854939', 'PASHURAM', NULL, 1, NULL, '2015-05-24 08:37:14', NULL, '2015-05-24 08:37:14', 6624, 'U'),
(351, '05854947', 'RAJENDRAPUR', NULL, 1, NULL, '2015-05-24 08:37:14', NULL, '2015-05-24 08:37:14', 6625, 'U'),
(351, '05854963', 'SADYA PUSHKARNI', NULL, 1, NULL, '2015-05-24 08:37:14', NULL, '2015-05-24 08:37:14', 6626, 'U'),
(351, '05854971', 'SATGARA', NULL, 1, NULL, '2015-05-24 08:37:14', NULL, '2015-05-24 08:37:14', 6627, 'U'),
(351, '05854979', 'TAMPHAT', NULL, 1, NULL, '2015-05-24 08:37:14', NULL, '2015-05-24 08:37:14', 6628, 'U'),
(351, '05854987', 'TAPODHAN', NULL, 1, NULL, '2015-05-24 08:37:14', NULL, '2015-05-24 08:37:14', 6629, 'U'),
(351, '05854994', 'UTTAM', NULL, 1, NULL, '2015-05-24 08:37:14', NULL, '2015-05-24 08:37:14', 6630, 'U'),
(351, '05854998', 'CANTONMENT', NULL, 1, NULL, '2015-05-24 08:37:14', NULL, '2015-05-24 08:37:14', 6631, 'U'),
(352, '05855817', 'BALUA MASIMPUR', NULL, 1, NULL, '2015-05-24 08:37:14', NULL, '2015-05-24 08:37:14', 6632, 'U'),
(352, '05855821', 'BARABALA', NULL, 1, NULL, '2015-05-24 08:37:14', NULL, '2015-05-24 08:37:14', 6633, 'U'),
(352, '05855826', 'BARA HAZRATPUR', NULL, 1, NULL, '2015-05-24 08:37:14', NULL, '2015-05-24 08:37:14', 6634, 'U'),
(352, '05855832', 'BALARHAT', NULL, 1, NULL, '2015-05-24 08:37:14', NULL, '2015-05-24 08:37:14', 6635, 'U'),
(352, '05855837', 'BHANGNI', NULL, 1, NULL, '2015-05-24 08:37:14', NULL, '2015-05-24 08:37:14', 6636, 'U'),
(352, '05855843', 'CHENGMARI', NULL, 1, NULL, '2015-05-24 08:37:14', NULL, '2015-05-24 08:37:14', 6637, 'U'),
(352, '05855849', 'DURGAPUR', NULL, 1, NULL, '2015-05-24 08:37:14', NULL, '2015-05-24 08:37:14', 6638, 'U'),
(352, '05855854', 'EMADPUR', NULL, 1, NULL, '2015-05-24 08:37:14', NULL, '2015-05-24 08:37:14', 6639, 'U'),
(352, '05855860', 'GOPALPUR', NULL, 1, NULL, '2015-05-24 08:37:14', NULL, '2015-05-24 08:37:14', 6640, 'U'),
(352, '05855862', 'KAFRIKHAL', NULL, 1, NULL, '2015-05-24 08:37:14', NULL, '2015-05-24 08:37:14', 6641, 'U'),
(352, '05855865', 'KHORAGACHH', NULL, 1, NULL, '2015-05-24 08:37:14', NULL, '2015-05-24 08:37:14', 6642, 'U'),
(352, '05855867', 'LATIFPUR', NULL, 1, NULL, '2015-05-24 08:37:14', NULL, '2015-05-24 08:37:14', 6643, 'U'),
(352, '05855872', 'MILANPUR', NULL, 1, NULL, '2015-05-24 08:37:14', NULL, '2015-05-24 08:37:14', 6644, 'U'),
(352, '05855878', 'MIRZAPUR', NULL, 1, NULL, '2015-05-24 08:37:14', NULL, '2015-05-24 08:37:14', 6645, 'U'),
(352, '05855883', 'MAYENPUR', NULL, 1, NULL, '2015-05-24 08:37:14', NULL, '2015-05-24 08:37:14', 6646, 'U'),
(352, '05855889', 'PAIRABAND', NULL, 1, NULL, '2015-05-24 08:37:14', NULL, '2015-05-24 08:37:14', 6647, 'U'),
(352, '05855894', 'RANI PUKUR', NULL, 1, NULL, '2015-05-24 08:37:14', NULL, '2015-05-24 08:37:14', 6648, 'U'),
(353, '05857317', 'ANNADANAGAR', NULL, 1, NULL, '2015-05-24 08:37:14', NULL, '2015-05-24 08:37:14', 6649, 'U'),
(353, '05857319', 'CHHAOLA', NULL, 1, NULL, '2015-05-24 08:37:14', NULL, '2015-05-24 08:37:14', 6650, 'U'),
(353, '05857328', 'ITAKUMARI', NULL, 1, NULL, '2015-05-24 08:37:14', NULL, '2015-05-24 08:37:14', 6651, 'U'),
(353, '05857338', 'KAIKURI', NULL, 1, NULL, '2015-05-24 08:37:14', NULL, '2015-05-24 08:37:14', 6652, 'U'),
(353, '05857347', 'KALYANI', NULL, 1, NULL, '2015-05-24 08:37:14', NULL, '2015-05-24 08:37:14', 6653, 'U'),
(353, '05857357', 'KANDI', NULL, 1, NULL, '2015-05-24 08:37:14', NULL, '2015-05-24 08:37:14', 6654, 'U'),
(353, '05857366', 'PARUL', NULL, 1, NULL, '2015-05-24 08:37:14', NULL, '2015-05-24 08:37:14', 6655, 'U'),
(353, '05857376', 'PIRGACHHA', NULL, 1, NULL, '2015-05-24 08:37:14', NULL, '2015-05-24 08:37:14', 6656, 'U'),
(353, '05857385', 'TAMBULPUR', NULL, 1, NULL, '2015-05-24 08:37:14', NULL, '2015-05-24 08:37:14', 6657, 'U'),
(354, '05857616', 'BARA ALAMPUR', NULL, 1, NULL, '2015-05-24 08:37:14', NULL, '2015-05-24 08:37:14', 6658, 'U'),
(354, '05857622', 'BARA DARGAH', NULL, 1, NULL, '2015-05-24 08:37:14', NULL, '2015-05-24 08:37:14', 6659, 'U'),
(354, '05857628', 'BHENDABARI', NULL, 1, NULL, '2015-05-24 08:37:14', NULL, '2015-05-24 08:37:14', 6660, 'U'),
(354, '05857635', 'CHAITRAKUL', NULL, 1, NULL, '2015-05-24 08:37:14', NULL, '2015-05-24 08:37:14', 6661, 'U'),
(354, '05857641', 'CHATRA', NULL, 1, NULL, '2015-05-24 08:37:14', NULL, '2015-05-24 08:37:14', 6662, 'U'),
(354, '05857647', 'KABILPUR', NULL, 1, NULL, '2015-05-24 08:37:14', NULL, '2015-05-24 08:37:14', 6663, 'U'),
(354, '05857654', 'KUMEDPUR', NULL, 1, NULL, '2015-05-24 08:37:14', NULL, '2015-05-24 08:37:14', 6664, 'U'),
(354, '05857656', 'MADANKHALI', NULL, 1, NULL, '2015-05-24 08:37:14', NULL, '2015-05-24 08:37:14', 6665, 'U'),
(354, '05857658', 'MITHAPUR', NULL, 1, NULL, '2015-05-24 08:37:14', NULL, '2015-05-24 08:37:14', 6666, 'U'),
(354, '05857663', 'PANCHGACHHA', NULL, 1, NULL, '2015-05-24 08:37:14', NULL, '2015-05-24 08:37:14', 6667, 'U'),
(354, '05857669', 'PIRGANJ', NULL, 1, NULL, '2015-05-24 08:37:14', NULL, '2015-05-24 08:37:14', 6668, 'U'),
(354, '05857675', 'ROYPUR', NULL, 1, NULL, '2015-05-24 08:37:14', NULL, '2015-05-24 08:37:14', 6669, 'U'),
(354, '05857682', 'RAMNATHPUR', NULL, 1, NULL, '2015-05-24 08:37:14', NULL, '2015-05-24 08:37:14', 6670, 'U'),
(354, '05857688', 'SHANERHAT', NULL, 1, NULL, '2015-05-24 08:37:14', NULL, '2015-05-24 08:37:14', 6671, 'U'),
(354, '05857695', 'TUKURIA', NULL, 1, NULL, '2015-05-24 08:37:14', NULL, '2015-05-24 08:37:14', 6672, 'U'),
(355, '05859225', 'ALAMPUR', NULL, 1, NULL, '2015-05-24 08:37:14', NULL, '2015-05-24 08:37:14', 6673, 'U'),
(355, '05859247', 'EKARCHALI', NULL, 1, NULL, '2015-05-24 08:37:14', NULL, '2015-05-24 08:37:14', 6674, 'U'),
(355, '05859263', 'HARIARKUTI', NULL, 1, NULL, '2015-05-24 08:37:14', NULL, '2015-05-24 08:37:14', 6675, 'U'),
(355, '05859271', 'KURSHA', NULL, 1, NULL, '2015-05-24 08:37:14', NULL, '2015-05-24 08:37:14', 6676, 'U'),
(355, '05859279', 'SAYAR', NULL, 1, NULL, '2015-05-24 08:37:14', NULL, '2015-05-24 08:37:14', 6677, 'U'),
(356, '05881101', 'WARD NO-01', NULL, 1, NULL, '2015-05-24 08:12:57', NULL, '2015-05-24 08:12:57', 6678, 'W'),
(356, '05881102', 'WARD NO-02', NULL, 1, NULL, '2015-05-24 08:12:57', NULL, '2015-05-24 08:12:57', 6679, 'W'),
(356, '05881103', 'WARD NO-03', NULL, 1, NULL, '2015-05-24 08:12:57', NULL, '2015-05-24 08:12:57', 6680, 'W'),
(356, '05881104', 'WARD NO-04', NULL, 1, NULL, '2015-05-24 08:12:57', NULL, '2015-05-24 08:12:57', 6681, 'W'),
(356, '05881105', 'WARD NO-05', NULL, 1, NULL, '2015-05-24 08:12:57', NULL, '2015-05-24 08:12:57', 6682, 'W'),
(356, '05881106', 'WARD NO-06', NULL, 1, NULL, '2015-05-24 08:12:57', NULL, '2015-05-24 08:12:57', 6683, 'W'),
(356, '05881107', 'WARD NO-07', NULL, 1, NULL, '2015-05-24 08:12:57', NULL, '2015-05-24 08:12:57', 6684, 'W'),
(356, '05881108', 'WARD NO-08', NULL, 1, NULL, '2015-05-24 08:12:57', NULL, '2015-05-24 08:12:57', 6685, 'W'),
(356, '05881109', 'WARD NO-09', NULL, 1, NULL, '2015-05-24 08:12:57', NULL, '2015-05-24 08:12:57', 6686, 'W'),
(356, '05881113', 'BARA DHUL', NULL, 1, NULL, '2015-05-24 08:37:14', NULL, '2015-05-24 08:37:14', 6687, 'U'),
(356, '05881127', 'BELKUCHI', NULL, 1, NULL, '2015-05-24 08:37:14', NULL, '2015-05-24 08:37:14', 6688, 'U'),
(356, '05881140', 'BHANGABARI', NULL, 1, NULL, '2015-05-24 08:37:14', NULL, '2015-05-24 08:37:14', 6689, 'U'),
(356, '05881154', 'DAULATPUR', NULL, 1, NULL, '2015-05-24 08:37:14', NULL, '2015-05-24 08:37:14', 6690, 'U'),
(356, '05881167', 'DHUKARIA BERA', NULL, 1, NULL, '2015-05-24 08:37:14', NULL, '2015-05-24 08:37:14', 6691, 'U'),
(356, '05881181', 'RAJAPUR', NULL, 1, NULL, '2015-05-24 08:37:14', NULL, '2015-05-24 08:37:14', 6692, 'U'),
(357, '05882721', 'BAGUTIA', NULL, 1, NULL, '2015-05-24 08:37:14', NULL, '2015-05-24 08:37:14', 6693, 'U'),
(357, '05882723', 'GHARJAN', NULL, 1, NULL, '2015-05-24 08:37:14', NULL, '2015-05-24 08:37:14', 6694, 'U'),
(357, '05882727', 'KHAS KAULIA', NULL, 1, NULL, '2015-05-24 08:37:14', NULL, '2015-05-24 08:37:14', 6695, 'U'),
(357, '05882731', 'KHAS PUKURIA', NULL, 1, NULL, '2015-05-24 08:37:14', NULL, '2015-05-24 08:37:14', 6696, 'U'),
(357, '05882737', 'OMARPUR', NULL, 1, NULL, '2015-05-24 08:37:14', NULL, '2015-05-24 08:37:14', 6697, 'U'),
(357, '05882747', 'SADIA CHANDPUR', NULL, 1, NULL, '2015-05-24 08:37:14', NULL, '2015-05-24 08:37:14', 6698, 'U'),
(357, '05882771', 'STHAL', NULL, 1, NULL, '2015-05-24 08:37:14', NULL, '2015-05-24 08:37:14', 6699, 'U'),
(358, '05884419', 'BHADRAGHAT', NULL, 1, NULL, '2015-05-24 08:37:14', NULL, '2015-05-24 08:37:14', 6700, 'U'),
(358, '05884438', 'JAMTAIL', NULL, 1, NULL, '2015-05-24 08:37:14', NULL, '2015-05-24 08:37:14', 6701, 'U'),
(358, '05884457', 'JHAWAIL', NULL, 1, NULL, '2015-05-24 08:37:14', NULL, '2015-05-24 08:37:14', 6702, 'U'),
(358, '05884476', 'ROY DAULATPUR', NULL, 1, NULL, '2015-05-24 08:37:14', NULL, '2015-05-24 08:37:14', 6703, 'U'),
(359, '05885001', 'WARD NO-01', NULL, 1, NULL, '2015-05-24 08:12:57', NULL, '2015-05-24 08:12:57', 6704, 'W'),
(359, '05885002', 'WARD NO-02', NULL, 1, NULL, '2015-05-24 08:12:57', NULL, '2015-05-24 08:12:57', 6705, 'W'),
(359, '05885003', 'WARD NO-03', NULL, 1, NULL, '2015-05-24 08:12:57', NULL, '2015-05-24 08:12:57', 6706, 'W'),
(359, '05885004', 'WARD NO-04', NULL, 1, NULL, '2015-05-24 08:12:57', NULL, '2015-05-24 08:12:57', 6707, 'W'),
(359, '05885005', 'WARD NO-05', NULL, 1, NULL, '2015-05-24 08:12:57', NULL, '2015-05-24 08:12:57', 6708, 'W'),
(359, '05885006', 'WARD NO-06', NULL, 1, NULL, '2015-05-24 08:12:57', NULL, '2015-05-24 08:12:57', 6709, 'W'),
(359, '05885007', 'WARD NO-07', NULL, 1, NULL, '2015-05-24 08:12:57', NULL, '2015-05-24 08:12:57', 6710, 'W'),
(359, '05885008', 'WARD NO-08', NULL, 1, NULL, '2015-05-24 08:12:57', NULL, '2015-05-24 08:12:57', 6711, 'W'),
(359, '05885009', 'WARD NO-09', NULL, 1, NULL, '2015-05-24 08:12:57', NULL, '2015-05-24 08:12:57', 6712, 'W'),
(359, '05885015', 'CHAR GIRISH', NULL, 1, NULL, '2015-05-24 08:37:14', NULL, '2015-05-24 08:37:14', 6713, 'U'),
(359, '05885017', 'CHALITADANGA', NULL, 1, NULL, '2015-05-24 08:37:14', NULL, '2015-05-24 08:37:14', 6714, 'U'),
(359, '05885025', 'GANDAIL', NULL, 1, NULL, '2015-05-24 08:37:14', NULL, '2015-05-24 08:37:14', 6715, 'U'),
(359, '05885034', 'KAZIPUR', NULL, 1, NULL, '2015-05-24 08:37:14', NULL, '2015-05-24 08:37:14', 6716, 'U'),
(359, '05885043', 'KHAS RAJBARI', NULL, 1, NULL, '2015-05-24 08:37:14', NULL, '2015-05-24 08:37:14', 6717, 'U'),
(359, '05885051', 'MAIJBARI', NULL, 1, NULL, '2015-05-24 08:37:14', NULL, '2015-05-24 08:37:14', 6718, 'U'),
(359, '05885056', 'MANSUR NAGAR', NULL, 1, NULL, '2015-05-24 08:37:14', NULL, '2015-05-24 08:37:14', 6719, 'U'),
(359, '05885060', 'NATUAR PARA', NULL, 1, NULL, '2015-05-24 08:37:14', NULL, '2015-05-24 08:37:14', 6720, 'U'),
(359, '05885069', 'NISHCHINTAPUR', NULL, 1, NULL, '2015-05-24 08:37:14', NULL, '2015-05-24 08:37:14', 6721, 'U'),
(359, '05885077', 'SONAMUKHI', NULL, 1, NULL, '2015-05-24 08:37:14', NULL, '2015-05-24 08:37:14', 6722, 'U'),
(359, '05885086', 'SUBHAGACHHA', NULL, 1, NULL, '2015-05-24 08:37:14', NULL, '2015-05-24 08:37:14', 6723, 'U'),
(359, '05885094', 'TEKANI', NULL, 1, NULL, '2015-05-24 08:37:14', NULL, '2015-05-24 08:37:14', 6724, 'U'),
(360, '05886101', 'WARD NO-01', NULL, 1, NULL, '2015-05-24 08:12:57', NULL, '2015-05-24 08:12:57', 6725, 'W'),
(360, '05886102', 'WARD NO-02', NULL, 1, NULL, '2015-05-24 08:12:57', NULL, '2015-05-24 08:12:57', 6726, 'W'),
(360, '05886103', 'WARD NO-03', NULL, 1, NULL, '2015-05-24 08:12:57', NULL, '2015-05-24 08:12:57', 6727, 'W'),
(360, '05886104', 'WARD NO-04', NULL, 1, NULL, '2015-05-24 08:12:57', NULL, '2015-05-24 08:12:57', 6728, 'W'),
(360, '05886105', 'WARD NO-05', NULL, 1, NULL, '2015-05-24 08:12:57', NULL, '2015-05-24 08:12:57', 6729, 'W'),
(360, '05886106', 'WARD NO-06', NULL, 1, NULL, '2015-05-24 08:12:57', NULL, '2015-05-24 08:12:57', 6730, 'W'),
(360, '05886107', 'WARD NO-07', NULL, 1, NULL, '2015-05-24 08:12:57', NULL, '2015-05-24 08:12:57', 6731, 'W'),
(360, '05886108', 'WARD NO-08', NULL, 1, NULL, '2015-05-24 08:12:57', NULL, '2015-05-24 08:12:57', 6732, 'W'),
(360, '05886109', 'WARD NO-09', NULL, 1, NULL, '2015-05-24 08:12:57', NULL, '2015-05-24 08:12:57', 6733, 'W'),
(360, '05886113', 'BRAHMAGACHHA', NULL, 1, NULL, '2015-05-24 08:37:14', NULL, '2015-05-24 08:37:14', 6734, 'U'),
(360, '05886119', 'CHANDAIKONA', NULL, 1, NULL, '2015-05-24 08:37:14', NULL, '2015-05-24 08:37:14', 6735, 'U'),
(360, '05886128', 'DHAMAINAGAR', NULL, 1, NULL, '2015-05-24 08:37:14', NULL, '2015-05-24 08:37:14', 6736, 'U'),
(360, '05886138', 'DHANGARA', NULL, 1, NULL, '2015-05-24 08:37:14', NULL, '2015-05-24 08:37:14', 6737, 'U'),
(360, '05886147', 'DHUBIL', NULL, 1, NULL, '2015-05-24 08:37:14', NULL, '2015-05-24 08:37:14', 6738, 'U'),
(360, '05886157', 'GHURKA', NULL, 1, NULL, '2015-05-24 08:37:14', NULL, '2015-05-24 08:37:14', 6739, 'U'),
(360, '05886166', 'NALKA', NULL, 1, NULL, '2015-05-24 08:37:14', NULL, '2015-05-24 08:37:14', 6740, 'U'),
(360, '05886176', 'PANGASHI', NULL, 1, NULL, '2015-05-24 08:37:14', NULL, '2015-05-24 08:37:14', 6741, 'U'),
(360, '05886185', 'SONAKHARA', NULL, 1, NULL, '2015-05-24 08:37:14', NULL, '2015-05-24 08:37:14', 6742, 'U'),
(361, '05886701', 'WARD NO-01', NULL, 1, NULL, '2015-05-24 08:12:57', NULL, '2015-05-24 08:12:57', 6743, 'W'),
(361, '05886702', 'WARD NO-02', NULL, 1, NULL, '2015-05-24 08:12:57', NULL, '2015-05-24 08:12:57', 6744, 'W'),
(361, '05886703', 'WARD NO-03', NULL, 1, NULL, '2015-05-24 08:12:57', NULL, '2015-05-24 08:12:57', 6745, 'W'),
(361, '05886704', 'WARD NO-04', NULL, 1, NULL, '2015-05-24 08:12:57', NULL, '2015-05-24 08:12:57', 6746, 'W'),
(361, '05886705', 'WARD NO-05', NULL, 1, NULL, '2015-05-24 08:12:57', NULL, '2015-05-24 08:12:57', 6747, 'W'),
(361, '05886706', 'WARD NO-06', NULL, 1, NULL, '2015-05-24 08:12:57', NULL, '2015-05-24 08:12:57', 6748, 'W'),
(361, '05886707', 'WARD NO-07', NULL, 1, NULL, '2015-05-24 08:12:57', NULL, '2015-05-24 08:12:57', 6749, 'W'),
(361, '05886708', 'WARD NO-08', NULL, 1, NULL, '2015-05-24 08:12:57', NULL, '2015-05-24 08:12:57', 6750, 'W'),
(361, '05886709', 'WARD NO-09', NULL, 1, NULL, '2015-05-24 08:12:57', NULL, '2015-05-24 08:12:57', 6751, 'W'),
(361, '05886712', 'BELTAIL', NULL, 1, NULL, '2015-05-24 08:37:14', NULL, '2015-05-24 08:37:14', 6752, 'U'),
(361, '05886721', 'GARADAHA', NULL, 1, NULL, '2015-05-24 08:37:14', NULL, '2015-05-24 08:37:14', 6753, 'U'),
(361, '05886729', 'JALALPUR', NULL, 1, NULL, '2015-05-24 08:37:14', NULL, '2015-05-24 08:37:14', 6754, 'U'),
(361, '05886736', 'KAIJURI', NULL, 1, NULL, '2015-05-24 08:37:14', NULL, '2015-05-24 08:37:14', 6755, 'U'),
(361, '05886743', 'KAYEMPUR', NULL, 1, NULL, '2015-05-24 08:37:14', NULL, '2015-05-24 08:37:14', 6756, 'U'),
(361, '05886751', 'KHUKNI', NULL, 1, NULL, '2015-05-24 08:37:14', NULL, '2015-05-24 08:37:14', 6757, 'U'),
(361, '05886758', 'NARNIA', NULL, 1, NULL, '2015-05-24 08:37:14', NULL, '2015-05-24 08:37:14', 6758, 'U'),
(361, '05886765', 'PORJANA', NULL, 1, NULL, '2015-05-24 08:37:14', NULL, '2015-05-24 08:37:14', 6759, 'U'),
(361, '05886773', 'POTAJIA', NULL, 1, NULL, '2015-05-24 08:37:14', NULL, '2015-05-24 08:37:14', 6760, 'U'),
(361, '05886780', 'RUPABATI', NULL, 1, NULL, '2015-05-24 08:37:14', NULL, '2015-05-24 08:37:14', 6761, 'U'),
(361, '05886787', 'HABIBULLANAGAR', NULL, 1, NULL, '2015-05-24 08:37:14', NULL, '2015-05-24 08:37:14', 6762, 'U'),
(361, '05886794', 'SONATANI', NULL, 1, NULL, '2015-05-24 08:37:14', NULL, '2015-05-24 08:37:14', 6763, 'U'),
(362, '05887801', 'WARD NO-01', NULL, 1, NULL, '2015-05-24 08:12:57', NULL, '2015-05-24 08:12:57', 6764, 'W'),
(362, '05887802', 'WARD NO-02', NULL, 1, NULL, '2015-05-24 08:12:57', NULL, '2015-05-24 08:12:57', 6765, 'W'),
(362, '05887803', 'WARD NO-03', NULL, 1, NULL, '2015-05-24 08:12:57', NULL, '2015-05-24 08:12:57', 6766, 'W'),
(362, '05887804', 'WARD NO-04', NULL, 1, NULL, '2015-05-24 08:12:57', NULL, '2015-05-24 08:12:57', 6767, 'W'),
(362, '05887805', 'WARD NO-05', NULL, 1, NULL, '2015-05-24 08:12:57', NULL, '2015-05-24 08:12:57', 6768, 'W'),
(362, '05887806', 'WARD NO-06', NULL, 1, NULL, '2015-05-24 08:12:57', NULL, '2015-05-24 08:12:57', 6769, 'W'),
(362, '05887807', 'WARD NO-07', NULL, 1, NULL, '2015-05-24 08:12:57', NULL, '2015-05-24 08:12:57', 6770, 'W'),
(362, '05887808', 'WARD NO-08', NULL, 1, NULL, '2015-05-24 08:12:57', NULL, '2015-05-24 08:12:57', 6771, 'W'),
(362, '05887809', 'WARD NO-09', NULL, 1, NULL, '2015-05-24 08:12:57', NULL, '2015-05-24 08:12:57', 6772, 'W'),
(362, '05887810', 'WARD NO-10', NULL, 1, NULL, '2015-05-24 08:12:57', NULL, '2015-05-24 08:12:57', 6773, 'W'),
(362, '05887811', 'WARD NO-11', NULL, 1, NULL, '2015-05-24 08:12:57', NULL, '2015-05-24 08:12:57', 6774, 'W'),
(362, '05887812', 'WARD NO-12', NULL, 1, NULL, '2015-05-24 08:12:57', NULL, '2015-05-24 08:12:57', 6775, 'W'),
(362, '05887813', 'WARD NO-13', NULL, 1, NULL, '2015-05-24 08:12:57', NULL, '2015-05-24 08:12:57', 6776, 'W'),
(362, '05887814', 'WARD NO-14', NULL, 1, NULL, '2015-05-24 08:12:57', NULL, '2015-05-24 08:12:57', 6777, 'W'),
(362, '05887815', 'WARD NO-15', NULL, 1, NULL, '2015-05-24 08:12:57', NULL, '2015-05-24 08:12:57', 6778, 'W'),
(362, '05887816', 'BAGHBATI', NULL, 1, NULL, '2015-05-24 08:37:14', NULL, '2015-05-24 08:37:14', 6779, 'U'),
(362, '05887817', 'BAHULI', NULL, 1, NULL, '2015-05-24 08:37:14', NULL, '2015-05-24 08:37:14', 6780, 'U'),
(362, '05887825', 'KALIA HARIPUR', NULL, 1, NULL, '2015-05-24 08:37:14', NULL, '2015-05-24 08:37:14', 6781, 'U'),
(362, '05887834', 'KAOAKOLA', NULL, 1, NULL, '2015-05-24 08:37:14', NULL, '2015-05-24 08:37:14', 6782, 'U'),
(362, '05887843', 'KHOKSABARI', NULL, 1, NULL, '2015-05-24 08:37:14', NULL, '2015-05-24 08:37:14', 6783, 'U'),
(362, '05887851', 'MECHHRA', NULL, 1, NULL, '2015-05-24 08:37:14', NULL, '2015-05-24 08:37:14', 6784, 'U'),
(362, '05887860', 'RATANKANDI', NULL, 1, NULL, '2015-05-24 08:37:14', NULL, '2015-05-24 08:37:14', 6785, 'U'),
(362, '05887869', 'SAIDABAD', NULL, 1, NULL, '2015-05-24 08:37:14', NULL, '2015-05-24 08:37:14', 6786, 'U'),
(362, '05887877', 'SHIALKUL', NULL, 1, NULL, '2015-05-24 08:37:14', NULL, '2015-05-24 08:37:14', 6787, 'U'),
(362, '05887894', 'CHHANGACHHA', NULL, 1, NULL, '2015-05-24 08:37:14', NULL, '2015-05-24 08:37:14', 6788, 'U'),
(363, '05888910', 'BARUHAS', NULL, 1, NULL, '2015-05-24 08:37:14', NULL, '2015-05-24 08:37:14', 6789, 'U'),
(363, '05888921', 'DESHIGRAM', NULL, 1, NULL, '2015-05-24 08:37:14', NULL, '2015-05-24 08:37:14', 6790, 'U'),
(363, '05888931', 'MADHAINAGAR', NULL, 1, NULL, '2015-05-24 08:37:14', NULL, '2015-05-24 08:37:14', 6791, 'U'),
(363, '05888942', 'MAGURA BINOD', NULL, 1, NULL, '2015-05-24 08:37:14', NULL, '2015-05-24 08:37:14', 6792, 'U'),
(363, '05888952', 'NAOGAON', NULL, 1, NULL, '2015-05-24 08:37:14', NULL, '2015-05-24 08:37:14', 6793, 'U'),
(363, '05888963', 'SAGUNA', NULL, 1, NULL, '2015-05-24 08:37:14', NULL, '2015-05-24 08:37:14', 6794, 'U'),
(363, '05888973', 'TALAM', NULL, 1, NULL, '2015-05-24 08:37:14', NULL, '2015-05-24 08:37:14', 6795, 'U'),
(363, '05888984', 'TARASH', NULL, 1, NULL, '2015-05-24 08:37:14', NULL, '2015-05-24 08:37:14', 6796, 'U'),
(364, '05889401', 'WARD NO-01', NULL, 1, NULL, '2015-05-24 08:12:57', NULL, '2015-05-24 08:12:57', 6797, 'W'),
(364, '05889402', 'WARD NO-02', NULL, 1, NULL, '2015-05-24 08:12:57', NULL, '2015-05-24 08:12:57', 6798, 'W'),
(364, '05889403', 'WARD NO-03', NULL, 1, NULL, '2015-05-24 08:12:57', NULL, '2015-05-24 08:12:57', 6799, 'W'),
(364, '05889404', 'WARD NO-04', NULL, 1, NULL, '2015-05-24 08:12:57', NULL, '2015-05-24 08:12:57', 6800, 'W'),
(364, '05889405', 'WARD NO-05', NULL, 1, NULL, '2015-05-24 08:12:57', NULL, '2015-05-24 08:12:57', 6801, 'W'),
(364, '05889406', 'WARD NO-06', NULL, 1, NULL, '2015-05-24 08:12:57', NULL, '2015-05-24 08:12:57', 6802, 'W'),
(364, '05889407', 'WARD NO-07', NULL, 1, NULL, '2015-05-24 08:12:57', NULL, '2015-05-24 08:12:57', 6803, 'W'),
(364, '05889408', 'WARD NO-08', NULL, 1, NULL, '2015-05-24 08:12:57', NULL, '2015-05-24 08:12:57', 6804, 'W'),
(364, '05889409', 'WARD NO-09', NULL, 1, NULL, '2015-05-24 08:12:57', NULL, '2015-05-24 08:12:57', 6805, 'W'),
(364, '05889412', 'BANGALA', NULL, 1, NULL, '2015-05-24 08:37:14', NULL, '2015-05-24 08:37:14', 6806, 'U'),
(364, '05889414', 'BARAHAR', NULL, 1, NULL, '2015-05-24 08:37:14', NULL, '2015-05-24 08:37:14', 6807, 'U'),
(364, '05889421', 'BARA PANGASHI', NULL, 1, NULL, '2015-05-24 08:37:14', NULL, '2015-05-24 08:37:14', 6808, 'U'),
(364, '05889429', 'DURGANAGAR', NULL, 1, NULL, '2015-05-24 08:37:14', NULL, '2015-05-24 08:37:14', 6809, 'U'),
(364, '05889436', 'HATIKUMRUL', NULL, 1, NULL, '2015-05-24 08:37:14', NULL, '2015-05-24 08:37:14', 6810, 'U'),
(364, '05889443', 'MOHANPUR', NULL, 1, NULL, '2015-05-24 08:37:14', NULL, '2015-05-24 08:37:14', 6811, 'U'),
(364, '05889451', 'PANCHA KRUSHI', NULL, 1, NULL, '2015-05-24 08:37:14', NULL, '2015-05-24 08:37:14', 6812, 'U'),
(364, '05889458', 'PURNIMAGANTI', NULL, 1, NULL, '2015-05-24 08:37:14', NULL, '2015-05-24 08:37:14', 6813, 'U'),
(364, '05889465', 'RAMKRISHNAPUR', NULL, 1, NULL, '2015-05-24 08:37:14', NULL, '2015-05-24 08:37:14', 6814, 'U'),
(364, '05889473', 'SALANGA', NULL, 1, NULL, '2015-05-24 08:37:14', NULL, '2015-05-24 08:37:14', 6815, 'U'),
(364, '05889480', 'SALAP', NULL, 1, NULL, '2015-05-24 08:37:14', NULL, '2015-05-24 08:37:14', 6816, 'U'),
(364, '05889487', 'UDHUNIA', NULL, 1, NULL, '2015-05-24 08:37:14', NULL, '2015-05-24 08:37:14', 6817, 'U'),
(364, '05889494', 'ULLAH PARA', NULL, 1, NULL, '2015-05-24 08:37:14', NULL, '2015-05-24 08:37:14', 6818, 'U'),
(365, '05940810', 'AMJANKHORE', NULL, 1, NULL, '2015-05-24 08:37:14', NULL, '2015-05-24 08:37:14', 6819, 'U'),
(365, '05940821', 'BARABARI', NULL, 1, NULL, '2015-05-24 08:37:14', NULL, '2015-05-24 08:37:14', 6820, 'U'),
(365, '05940831', 'BARA PALASHBARI', NULL, 1, NULL, '2015-05-24 08:37:14', NULL, '2015-05-24 08:37:14', 6821, 'U'),
(365, '05940842', 'BHANOR', NULL, 1, NULL, '2015-05-24 08:37:14', NULL, '2015-05-24 08:37:14', 6822, 'U'),
(365, '05940852', 'CHAROL', NULL, 1, NULL, '2015-05-24 08:37:14', NULL, '2015-05-24 08:37:14', 6823, 'U'),
(365, '05940863', 'DHANTALA', NULL, 1, NULL, '2015-05-24 08:37:14', NULL, '2015-05-24 08:37:14', 6824, 'U'),
(365, '05940873', 'DUOSUO', NULL, 1, NULL, '2015-05-24 08:37:14', NULL, '2015-05-24 08:37:14', 6825, 'U'),
(365, '05940884', 'PARIA', NULL, 1, NULL, '2015-05-24 08:37:14', NULL, '2015-05-24 08:37:14', 6826, 'U'),
(366, '05945113', 'AMGAON', NULL, 1, NULL, '2015-05-24 08:37:14', NULL, '2015-05-24 08:37:14', 6827, 'U'),
(366, '05945127', 'BAKUA', NULL, 1, NULL, '2015-05-24 08:37:14', NULL, '2015-05-24 08:37:14', 6828, 'U'),
(366, '05945140', 'BHATURIA', NULL, 1, NULL, '2015-05-24 08:37:14', NULL, '2015-05-24 08:37:14', 6829, 'U'),
(366, '05945154', 'DANGI PARA', NULL, 1, NULL, '2015-05-24 08:37:14', NULL, '2015-05-24 08:37:14', 6830, 'U'),
(366, '05945167', 'GEDURA', NULL, 1, NULL, '2015-05-24 08:37:14', NULL, '2015-05-24 08:37:14', 6831, 'U'),
(366, '05945181', 'HARIPUR', NULL, 1, NULL, '2015-05-24 08:37:14', NULL, '2015-05-24 08:37:14', 6832, 'U'),
(367, '05948201', 'WARD NO-01', NULL, 1, NULL, '2015-05-24 08:12:57', NULL, '2015-05-24 08:12:57', 6833, 'W'),
(367, '05948202', 'WARD NO-02', NULL, 1, NULL, '2015-05-24 08:12:57', NULL, '2015-05-24 08:12:57', 6834, 'W'),
(367, '05948203', 'WARD NO-03', NULL, 1, NULL, '2015-05-24 08:12:57', NULL, '2015-05-24 08:12:57', 6835, 'W'),
(367, '05948204', 'WARD NO-04', NULL, 1, NULL, '2015-05-24 08:12:57', NULL, '2015-05-24 08:12:57', 6836, 'W'),
(367, '05948205', 'WARD NO-05', NULL, 1, NULL, '2015-05-24 08:12:57', NULL, '2015-05-24 08:12:57', 6837, 'W'),
(367, '05948206', 'WARD NO-06', NULL, 1, NULL, '2015-05-24 08:12:57', NULL, '2015-05-24 08:12:57', 6838, 'W'),
(367, '05948207', 'WARD NO-07', NULL, 1, NULL, '2015-05-24 08:12:57', NULL, '2015-05-24 08:12:57', 6839, 'W'),
(367, '05948208', 'WARD NO-08', NULL, 1, NULL, '2015-05-24 08:12:57', NULL, '2015-05-24 08:12:57', 6840, 'W'),
(367, '05948209', 'WARD NO-09', NULL, 1, NULL, '2015-05-24 08:12:57', NULL, '2015-05-24 08:12:57', 6841, 'W'),
(367, '05948223', 'BAIRCHUNA', NULL, 1, NULL, '2015-05-24 08:37:14', NULL, '2015-05-24 08:37:14', 6842, 'U'),
(367, '05948225', 'BHOMRADAHA', NULL, 1, NULL, '2015-05-24 08:37:14', NULL, '2015-05-24 08:37:14', 6843, 'U'),
(367, '05948234', 'DAULATPUR', NULL, 1, NULL, '2015-05-24 08:37:14', NULL, '2015-05-24 08:37:14', 6844, 'U'),
(367, '05948243', 'HAJIPUR', NULL, 1, NULL, '2015-05-24 08:37:14', NULL, '2015-05-24 08:37:14', 6845, 'U'),
(367, '05948251', 'JABARHAT', NULL, 1, NULL, '2015-05-24 08:37:14', NULL, '2015-05-24 08:37:14', 6846, 'U'),
(367, '05948260', 'KHANGAON', NULL, 1, NULL, '2015-05-24 08:37:14', NULL, '2015-05-24 08:37:14', 6847, 'U'),
(367, '05948269', 'KUSHA RANIGANJ', NULL, 1, NULL, '2015-05-24 08:37:14', NULL, '2015-05-24 08:37:14', 6848, 'U'),
(367, '05948277', 'PIRGANJ', NULL, 1, NULL, '2015-05-24 08:37:14', NULL, '2015-05-24 08:37:14', 6849, 'U'),
(367, '05948286', 'SAIDPUR', NULL, 1, NULL, '2015-05-24 08:37:14', NULL, '2015-05-24 08:37:14', 6850, 'U'),
(367, '05948294', 'SENGAON', NULL, 1, NULL, '2015-05-24 08:37:14', NULL, '2015-05-24 08:37:14', 6851, 'U'),
(368, '05948601', 'WARD NO-01', NULL, 1, NULL, '2015-05-24 08:12:57', NULL, '2015-05-24 08:12:57', 6852, 'W'),
(368, '05948602', 'WARD NO-02', NULL, 1, NULL, '2015-05-24 08:12:57', NULL, '2015-05-24 08:12:57', 6853, 'W'),
(368, '05948603', 'WARD NO-03', NULL, 1, NULL, '2015-05-24 08:12:57', NULL, '2015-05-24 08:12:57', 6854, 'W'),
(368, '05948604', 'WARD NO-04', NULL, 1, NULL, '2015-05-24 08:12:57', NULL, '2015-05-24 08:12:57', 6855, 'W'),
(368, '05948605', 'WARD NO-05', NULL, 1, NULL, '2015-05-24 08:12:57', NULL, '2015-05-24 08:12:57', 6856, 'W'),
(368, '05948606', 'WARD NO-06', NULL, 1, NULL, '2015-05-24 08:12:57', NULL, '2015-05-24 08:12:57', 6857, 'W'),
(368, '05948607', 'WARD NO-07', NULL, 1, NULL, '2015-05-24 08:12:57', NULL, '2015-05-24 08:12:57', 6858, 'W'),
(368, '05948608', 'WARD NO-08', NULL, 1, NULL, '2015-05-24 08:12:57', NULL, '2015-05-24 08:12:57', 6859, 'W'),
(368, '05948609', 'WARD NO-09', NULL, 1, NULL, '2015-05-24 08:12:57', NULL, '2015-05-24 08:12:57', 6860, 'W'),
(368, '05948615', 'BACHOR', NULL, 1, NULL, '2015-05-24 08:37:14', NULL, '2015-05-24 08:37:14', 6861, 'U'),
(368, '05948631', 'DHARMAGARH', NULL, 1, NULL, '2015-05-24 08:37:14', NULL, '2015-05-24 08:37:14', 6862, 'U'),
(368, '05948647', 'HOSSAIN GAON', NULL, 1, NULL, '2015-05-24 08:37:14', NULL, '2015-05-24 08:37:14', 6863, 'U'),
(368, '05948655', 'KASHIPUR', NULL, 1, NULL, '2015-05-24 08:37:14', NULL, '2015-05-24 08:37:14', 6864, 'U'),
(368, '05948663', 'LEHEMBA', NULL, 1, NULL, '2015-05-24 08:37:14', NULL, '2015-05-24 08:37:14', 6865, 'U'),
(368, '05948671', 'NONDUAR', NULL, 1, NULL, '2015-05-24 08:37:14', NULL, '2015-05-24 08:37:14', 6866, 'U'),
(368, '05948679', 'NEKMARAD', NULL, 1, NULL, '2015-05-24 08:37:14', NULL, '2015-05-24 08:37:14', 6867, 'U'),
(368, '05948687', 'RATOR', NULL, 1, NULL, '2015-05-24 08:37:14', NULL, '2015-05-24 08:37:14', 6868, 'U'),
(26, '05949401', 'WARD NO-01', NULL, 1, NULL, '2015-05-24 08:12:57', NULL, '2015-05-24 08:12:57', 6869, 'W'),
(26, '05949402', 'WARD NO-02', NULL, 1, NULL, '2015-05-24 08:12:57', NULL, '2015-05-24 08:12:57', 6870, 'W'),
(26, '05949403', 'WARD NO-03', NULL, 1, NULL, '2015-05-24 08:12:57', NULL, '2015-05-24 08:12:57', 6871, 'W'),
(26, '05949404', 'WARD NO-04', NULL, 1, NULL, '2015-05-24 08:12:57', NULL, '2015-05-24 08:12:57', 6872, 'W'),
(26, '05949405', 'WARD NO-05', NULL, 1, NULL, '2015-05-24 08:12:57', NULL, '2015-05-24 08:12:57', 6873, 'W'),
(26, '05949406', 'WARD NO-06', NULL, 1, NULL, '2015-05-24 08:12:57', NULL, '2015-05-24 08:12:57', 6874, 'W'),
(26, '05949407', 'WARD NO-07', NULL, 1, NULL, '2015-05-24 08:12:57', NULL, '2015-05-24 08:12:57', 6875, 'W'),
(26, '05949408', 'WARD NO-08', NULL, 1, NULL, '2015-05-24 08:12:57', NULL, '2015-05-24 08:12:57', 6876, 'W'),
(26, '05949409', 'WARD NO-09', NULL, 1, NULL, '2015-05-24 08:12:57', NULL, '2015-05-24 08:12:57', 6877, 'W'),
(26, '05949410', 'WARD NO-10', NULL, 1, NULL, '2015-05-24 08:12:57', NULL, '2015-05-24 08:12:57', 6878, 'W'),
(26, '05949411', 'WARD NO-11', NULL, 1, NULL, '2015-05-24 08:12:57', NULL, '2015-05-24 08:12:57', 6879, 'W'),
(26, '05949412', 'WARD NO-12', NULL, 1, NULL, '2015-05-24 08:12:57', NULL, '2015-05-24 08:12:57', 6880, 'W'),
(26, '05949413', 'AKHANAGAR', NULL, 1, NULL, '2015-05-24 08:37:14', NULL, '2015-05-24 08:37:14', 6881, 'U'),
(26, '05949414', 'AKCHA', NULL, 1, NULL, '2015-05-24 08:37:14', NULL, '2015-05-24 08:37:14', 6882, 'U'),
(26, '05949415', 'AULIAPUR', NULL, 1, NULL, '2015-05-24 08:37:14', NULL, '2015-05-24 08:37:14', 6883, 'U'),
(26, '05949417', 'BEGUNBARI', NULL, 1, NULL, '2015-05-24 08:37:14', NULL, '2015-05-24 08:37:14', 6884, 'U'),
(26, '05949421', 'BALIA', NULL, 1, NULL, '2015-05-24 08:37:14', NULL, '2015-05-24 08:37:14', 6885, 'U'),
(26, '05949426', 'BARAGAON', NULL, 1, NULL, '2015-05-24 08:37:14', NULL, '2015-05-24 08:37:14', 6886, 'U'),
(26, '05949431', 'CHILARANG', NULL, 1, NULL, '2015-05-24 08:37:14', NULL, '2015-05-24 08:37:14', 6887, 'U'),
(26, '05949436', 'DEBIPUR', NULL, 1, NULL, '2015-05-24 08:37:14', NULL, '2015-05-24 08:37:14', 6888, 'U'),
(26, '05949442', 'GAREYA', NULL, 1, NULL, '2015-05-24 08:37:14', NULL, '2015-05-24 08:37:14', 6889, 'U'),
(26, '05949447', 'JAGANNATHPUR', NULL, 1, NULL, '2015-05-24 08:37:14', NULL, '2015-05-24 08:37:14', 6890, 'U'),
(26, '05949452', 'JAMALPUR', NULL, 1, NULL, '2015-05-24 08:37:14', NULL, '2015-05-24 08:37:14', 6891, 'U'),
(26, '05949458', 'MOHAMMADPUR', NULL, 1, NULL, '2015-05-24 08:37:14', NULL, '2015-05-24 08:37:14', 6892, 'U'),
(26, '05949463', 'NARGUN', NULL, 1, NULL, '2015-05-24 08:37:14', NULL, '2015-05-24 08:37:14', 6893, 'U'),
(26, '05949468', 'RAHIMANPUR', NULL, 1, NULL, '2015-05-24 08:37:14', NULL, '2015-05-24 08:37:14', 6894, 'U'),
(26, '05949473', 'ROYPUR', NULL, 1, NULL, '2015-05-24 08:37:14', NULL, '2015-05-24 08:37:14', 6895, 'U'),
(26, '05949479', 'RAJAGAON', NULL, 1, NULL, '2015-05-24 08:37:14', NULL, '2015-05-24 08:37:14', 6896, 'U'),
(26, '05949484', 'RUHEA', NULL, 1, NULL, '2015-05-24 08:37:14', NULL, '2015-05-24 08:37:14', 6897, 'U'),
(26, '05949489', 'SALANDAR', NULL, 1, NULL, '2015-05-24 08:37:14', NULL, '2015-05-24 08:37:14', 6898, 'U'),
(26, '05949494', 'SUKHANPUKHARI', NULL, 1, NULL, '2015-05-24 08:37:14', NULL, '2015-05-24 08:37:14', 6899, 'U'),
(369, '06360201', 'WARD NO-01', NULL, 1, NULL, '2015-05-24 08:12:57', NULL, '2015-05-24 08:12:57', 6900, 'W'),
(310, '05696358', 'KHAJURIA', NULL, 1, NULL, '2015-05-24 08:37:14', NULL, '2015-05-24 08:37:14', 6901, 'U'),
(310, '05696365', 'LAKSHMIPUR KHOLABA', NULL, 1, NULL, '2015-05-24 08:37:14', NULL, '2015-05-24 08:37:14', 6902, 'U'),
(310, '05696373', 'MADHNAGAR', NULL, 1, NULL, '2015-05-24 08:37:14', NULL, '2015-05-24 08:37:14', 6903, 'U');
INSERT INTO `sa_unions` (`THANA_ID`, `UD_UNION_CODE`, `UNION_NAME`, `ORDER_SL`, `ACTIVE_FLAG`, `CREATED_BY`, `CREATE_DATE`, `UPDATED_BY`, `UPDATE_DATE`, `UNION_ID`, `UAREA_STATUS`) VALUES
(310, '05696387', 'PIPRUL', NULL, 1, NULL, '2015-05-24 08:37:14', NULL, '2015-05-24 08:37:14', 6904, 'U'),
(310, '05696394', 'TEBARIA', NULL, 1, NULL, '2015-05-24 08:37:14', NULL, '2015-05-24 08:37:14', 6905, 'U'),
(311, '05699101', 'WARD NO-01', NULL, 1, NULL, '2015-05-24 08:12:57', NULL, '2015-05-24 08:12:57', 6906, 'W'),
(311, '05699102', 'WARD NO-02', NULL, 1, NULL, '2015-05-24 08:12:57', NULL, '2015-05-24 08:12:57', 6907, 'W'),
(311, '05699103', 'WARD NO-03', NULL, 1, NULL, '2015-05-24 08:12:57', NULL, '2015-05-24 08:12:57', 6908, 'W'),
(311, '05699104', 'WARD NO-04', NULL, 1, NULL, '2015-05-24 08:12:57', NULL, '2015-05-24 08:12:57', 6909, 'W'),
(311, '05699105', 'WARD NO-05', NULL, 1, NULL, '2015-05-24 08:12:57', NULL, '2015-05-24 08:12:57', 6910, 'W'),
(311, '05699106', 'WARD NO-06', NULL, 1, NULL, '2015-05-24 08:12:57', NULL, '2015-05-24 08:12:57', 6911, 'W'),
(311, '05699107', 'WARD NO-07', NULL, 1, NULL, '2015-05-24 08:12:57', NULL, '2015-05-24 08:12:57', 6912, 'W'),
(311, '05699108', 'WARD NO-08', NULL, 1, NULL, '2015-05-24 08:12:57', NULL, '2015-05-24 08:12:57', 6913, 'W'),
(311, '05699109', 'WARD NO-09', NULL, 1, NULL, '2015-05-24 08:12:57', NULL, '2015-05-24 08:12:57', 6914, 'W'),
(311, '05699112', 'CHAMARI', NULL, 1, NULL, '2015-05-24 08:37:14', NULL, '2015-05-24 08:37:14', 6915, 'U'),
(311, '05699115', 'CHHATAR DIGHI', NULL, 1, NULL, '2015-05-24 08:37:14', NULL, '2015-05-24 08:37:14', 6916, 'U'),
(311, '05699123', 'CHAUGRAM', NULL, 1, NULL, '2015-05-24 08:37:14', NULL, '2015-05-24 08:37:14', 6917, 'U'),
(311, '05699131', 'DAHIA', NULL, 1, NULL, '2015-05-24 08:37:14', NULL, '2015-05-24 08:37:14', 6918, 'U'),
(311, '05699139', 'HATIANDAHA', NULL, 1, NULL, '2015-05-24 08:37:14', NULL, '2015-05-24 08:37:14', 6919, 'U'),
(311, '05699147', 'ITALY', NULL, 1, NULL, '2015-05-24 08:37:14', NULL, '2015-05-24 08:37:14', 6920, 'U'),
(311, '05699155', 'KALAM', NULL, 1, NULL, '2015-05-24 08:37:14', NULL, '2015-05-24 08:37:14', 6921, 'U'),
(311, '05699163', 'LALORE', NULL, 1, NULL, '2015-05-24 08:37:14', NULL, '2015-05-24 08:37:14', 6922, 'U'),
(311, '05699171', 'RAMANANDA KHAJURA', NULL, 1, NULL, '2015-05-24 08:37:14', NULL, '2015-05-24 08:37:14', 6923, 'U'),
(311, '05699179', 'SHERKUL', NULL, 1, NULL, '2015-05-24 08:37:14', NULL, '2015-05-24 08:37:14', 6924, 'U'),
(311, '05699187', 'TAJPUR', NULL, 1, NULL, '2015-05-24 08:37:14', NULL, '2015-05-24 08:37:14', 6925, 'U'),
(311, '05699194', 'SUKASH', NULL, 1, NULL, '2015-05-24 08:37:14', NULL, '2015-05-24 08:37:14', 6926, 'U'),
(312, '05701818', 'BHOLAHAT', NULL, 1, NULL, '2015-05-24 08:37:14', NULL, '2015-05-24 08:37:14', 6927, 'U'),
(312, '05701837', 'DALDALI', NULL, 1, NULL, '2015-05-24 08:37:14', NULL, '2015-05-24 08:37:14', 6928, 'U'),
(312, '05701856', 'GOHALBARI', NULL, 1, NULL, '2015-05-24 08:37:14', NULL, '2015-05-24 08:37:14', 6929, 'U'),
(312, '05701875', 'JAMBARIA', NULL, 1, NULL, '2015-05-24 08:37:14', NULL, '2015-05-24 08:37:14', 6930, 'U'),
(313, '05703701', 'WARD NO-01', NULL, 1, NULL, '2015-05-24 08:12:57', NULL, '2015-05-24 08:12:57', 6931, 'W'),
(313, '05703702', 'WARD NO-02', NULL, 1, NULL, '2015-05-24 08:12:57', NULL, '2015-05-24 08:12:57', 6932, 'W'),
(313, '05703703', 'WARD NO-03', NULL, 1, NULL, '2015-05-24 08:12:57', NULL, '2015-05-24 08:12:57', 6933, 'W'),
(313, '05703704', 'WARD NO-04', NULL, 1, NULL, '2015-05-24 08:12:57', NULL, '2015-05-24 08:12:57', 6934, 'W'),
(313, '05703705', 'WARD NO-05', NULL, 1, NULL, '2015-05-24 08:12:57', NULL, '2015-05-24 08:12:57', 6935, 'W'),
(313, '05703706', 'WARD NO-06', NULL, 1, NULL, '2015-05-24 08:12:57', NULL, '2015-05-24 08:12:57', 6936, 'W'),
(313, '05703707', 'WARD NO-07', NULL, 1, NULL, '2015-05-24 08:12:57', NULL, '2015-05-24 08:12:57', 6937, 'W'),
(313, '05703708', 'WARD NO-08', NULL, 1, NULL, '2015-05-24 08:12:57', NULL, '2015-05-24 08:12:57', 6938, 'W'),
(313, '05703709', 'WARD NO-09', NULL, 1, NULL, '2015-05-24 08:12:57', NULL, '2015-05-24 08:12:57', 6939, 'W'),
(313, '05703710', 'ALINAGAR', NULL, 1, NULL, '2015-05-24 08:37:14', NULL, '2015-05-24 08:37:14', 6940, 'U'),
(313, '05703721', 'BHANGABARIA', NULL, 1, NULL, '2015-05-24 08:37:14', NULL, '2015-05-24 08:37:14', 6941, 'U'),
(313, '05703731', 'BOALIA', NULL, 1, NULL, '2015-05-24 08:37:14', NULL, '2015-05-24 08:37:14', 6942, 'U'),
(313, '05703742', 'CHOWDALA', NULL, 1, NULL, '2015-05-24 08:37:14', NULL, '2015-05-24 08:37:14', 6943, 'U'),
(313, '05703752', 'GOMASTAPUR', NULL, 1, NULL, '2015-05-24 08:37:14', NULL, '2015-05-24 08:37:14', 6944, 'U'),
(313, '05703763', 'PARBATIPUR', NULL, 1, NULL, '2015-05-24 08:37:14', NULL, '2015-05-24 08:37:14', 6945, 'U'),
(313, '05703773', 'RADHANAGAR', NULL, 1, NULL, '2015-05-24 08:37:14', NULL, '2015-05-24 08:37:14', 6946, 'U'),
(313, '05703784', 'ROHANPUR', NULL, 1, NULL, '2015-05-24 08:37:14', NULL, '2015-05-24 08:37:14', 6947, 'U'),
(314, '05705601', 'WARD NO-01', NULL, 1, NULL, '2015-05-24 08:12:57', NULL, '2015-05-24 08:12:57', 6948, 'W'),
(314, '05705602', 'WARD NO-02', NULL, 1, NULL, '2015-05-24 08:12:57', NULL, '2015-05-24 08:12:57', 6949, 'W'),
(314, '05705603', 'WARD NO-03', NULL, 1, NULL, '2015-05-24 08:12:57', NULL, '2015-05-24 08:12:57', 6950, 'W'),
(314, '05705604', 'WARD NO-04', NULL, 1, NULL, '2015-05-24 08:12:57', NULL, '2015-05-24 08:12:57', 6951, 'W'),
(314, '05705605', 'WARD NO-05', NULL, 1, NULL, '2015-05-24 08:12:57', NULL, '2015-05-24 08:12:57', 6952, 'W'),
(314, '05705606', 'WARD NO-06', NULL, 1, NULL, '2015-05-24 08:12:57', NULL, '2015-05-24 08:12:57', 6953, 'W'),
(314, '05705607', 'WARD NO-07', NULL, 1, NULL, '2015-05-24 08:12:57', NULL, '2015-05-24 08:12:57', 6954, 'W'),
(314, '05705608', 'WARD NO-08', NULL, 1, NULL, '2015-05-24 08:12:57', NULL, '2015-05-24 08:12:57', 6955, 'W'),
(314, '05705609', 'WARD NO-09', NULL, 1, NULL, '2015-05-24 08:12:57', NULL, '2015-05-24 08:12:57', 6956, 'W'),
(314, '05705619', 'FATEHPUR', NULL, 1, NULL, '2015-05-24 08:37:14', NULL, '2015-05-24 08:37:14', 6957, 'U'),
(314, '05705638', 'KASBA UNION', NULL, 1, NULL, '2015-05-24 08:37:14', NULL, '2015-05-24 08:37:14', 6958, 'U'),
(314, '05705657', 'NACHOLE', NULL, 1, NULL, '2015-05-24 08:37:14', NULL, '2015-05-24 08:37:14', 6959, 'U'),
(314, '05705676', 'NIZAMPUR', NULL, 1, NULL, '2015-05-24 08:37:14', NULL, '2015-05-24 08:37:14', 6960, 'U'),
(315, '05706601', 'WARD NO-01', NULL, 1, NULL, '2015-05-24 08:12:57', NULL, '2015-05-24 08:12:57', 6961, 'W'),
(315, '05706602', 'WARD NO-02', NULL, 1, NULL, '2015-05-24 08:12:57', NULL, '2015-05-24 08:12:57', 6962, 'W'),
(315, '05706603', 'WARD NO-03', NULL, 1, NULL, '2015-05-24 08:12:57', NULL, '2015-05-24 08:12:57', 6963, 'W'),
(315, '05706604', 'WARD NO-04', NULL, 1, NULL, '2015-05-24 08:12:57', NULL, '2015-05-24 08:12:57', 6964, 'W'),
(315, '05706605', 'WARD NO-05', NULL, 1, NULL, '2015-05-24 08:12:57', NULL, '2015-05-24 08:12:57', 6965, 'W'),
(315, '05706606', 'WARD NO-06', NULL, 1, NULL, '2015-05-24 08:12:57', NULL, '2015-05-24 08:12:57', 6966, 'W'),
(315, '05706607', 'WARD NO-07', NULL, 1, NULL, '2015-05-24 08:12:57', NULL, '2015-05-24 08:12:57', 6967, 'W'),
(315, '05706608', 'WARD NO-08', NULL, 1, NULL, '2015-05-24 08:12:57', NULL, '2015-05-24 08:12:57', 6968, 'W'),
(315, '05706609', 'WARD NO-09', NULL, 1, NULL, '2015-05-24 08:12:57', NULL, '2015-05-24 08:12:57', 6969, 'W'),
(315, '05706610', 'WARD NO-10', NULL, 1, NULL, '2015-05-24 08:12:57', NULL, '2015-05-24 08:12:57', 6970, 'W'),
(315, '05706611', 'WARD NO-11', NULL, 1, NULL, '2015-05-24 08:12:57', NULL, '2015-05-24 08:12:57', 6971, 'W'),
(315, '05706612', 'WARD NO-12', NULL, 1, NULL, '2015-05-24 08:12:57', NULL, '2015-05-24 08:12:57', 6972, 'W'),
(315, '05706613', 'WARD NO-13', NULL, 1, NULL, '2015-05-24 08:12:57', NULL, '2015-05-24 08:12:57', 6973, 'W'),
(315, '05706614', 'WARD NO-14', NULL, 1, NULL, '2015-05-24 08:12:57', NULL, '2015-05-24 08:12:57', 6974, 'W'),
(315, '05706615', 'WARD NO-15', NULL, 1, NULL, '2015-05-24 08:12:57', NULL, '2015-05-24 08:12:57', 6975, 'W'),
(315, '05706617', 'ALATULI', NULL, 1, NULL, '2015-05-24 08:37:14', NULL, '2015-05-24 08:37:14', 6976, 'U'),
(315, '05706618', 'BALIDANGA', NULL, 1, NULL, '2015-05-24 08:37:14', NULL, '2015-05-24 08:37:14', 6977, 'U'),
(315, '05706619', 'BARAGHARIA', NULL, 1, NULL, '2015-05-24 08:37:14', NULL, '2015-05-24 08:37:14', 6978, 'U'),
(315, '05706620', 'CHAR ANUPNAGAR', NULL, 1, NULL, '2015-05-24 08:37:14', NULL, '2015-05-24 08:37:14', 6979, 'U'),
(315, '05706622', 'CHAR BAGDANGA', NULL, 1, NULL, '2015-05-24 08:37:14', NULL, '2015-05-24 08:37:14', 6980, 'U'),
(315, '05706627', 'DEBINAGAR', NULL, 1, NULL, '2015-05-24 08:37:14', NULL, '2015-05-24 08:37:14', 6981, 'U'),
(315, '05706633', 'GOBRATALA', NULL, 1, NULL, '2015-05-24 08:37:14', NULL, '2015-05-24 08:37:14', 6982, 'U'),
(315, '05706639', 'ISLAMPUR', NULL, 1, NULL, '2015-05-24 08:37:14', NULL, '2015-05-24 08:37:14', 6983, 'U'),
(315, '05706644', 'JHILIM', NULL, 1, NULL, '2015-05-24 08:37:14', NULL, '2015-05-24 08:37:14', 6984, 'U'),
(315, '05706655', 'MAHARAJPUR', NULL, 1, NULL, '2015-05-24 08:37:14', NULL, '2015-05-24 08:37:14', 6985, 'U'),
(315, '05706667', 'NARAYANPUR', NULL, 1, NULL, '2015-05-24 08:37:14', NULL, '2015-05-24 08:37:14', 6986, 'U'),
(315, '05706683', 'RANIHATI', NULL, 1, NULL, '2015-05-24 08:37:14', NULL, '2015-05-24 08:37:14', 6987, 'U'),
(315, '05706689', 'SHAHJAHANPUR', NULL, 1, NULL, '2015-05-24 08:37:14', NULL, '2015-05-24 08:37:14', 6988, 'U'),
(315, '05706694', 'SUNDARPUR', NULL, 1, NULL, '2015-05-24 08:37:14', NULL, '2015-05-24 08:37:14', 6989, 'U'),
(316, '05708801', 'WARD NO-01', NULL, 1, NULL, '2015-05-24 08:12:57', NULL, '2015-05-24 08:12:57', 6990, 'W'),
(316, '05708802', 'WARD NO-02', NULL, 1, NULL, '2015-05-24 08:12:57', NULL, '2015-05-24 08:12:57', 6991, 'W'),
(316, '05708803', 'WARD NO-03', NULL, 1, NULL, '2015-05-24 08:12:57', NULL, '2015-05-24 08:12:57', 6992, 'W'),
(316, '05708804', 'WARD NO-04', NULL, 1, NULL, '2015-05-24 08:12:57', NULL, '2015-05-24 08:12:57', 6993, 'W'),
(316, '05708805', 'WARD NO-05', NULL, 1, NULL, '2015-05-24 08:12:57', NULL, '2015-05-24 08:12:57', 6994, 'W'),
(316, '05708806', 'WARD NO-06', NULL, 1, NULL, '2015-05-24 08:12:57', NULL, '2015-05-24 08:12:57', 6995, 'W'),
(316, '05708807', 'WARD NO-07', NULL, 1, NULL, '2015-05-24 08:12:57', NULL, '2015-05-24 08:12:57', 6996, 'W'),
(316, '05708808', 'WARD NO-08', NULL, 1, NULL, '2015-05-24 08:12:57', NULL, '2015-05-24 08:12:57', 6997, 'W'),
(316, '05708809', 'WARD NO-09', NULL, 1, NULL, '2015-05-24 08:12:57', NULL, '2015-05-24 08:12:57', 6998, 'W'),
(316, '05708810', 'BINODPUR', NULL, 1, NULL, '2015-05-24 08:37:14', NULL, '2015-05-24 08:37:14', 6999, 'U'),
(316, '05708811', 'CHAK KIRTI', NULL, 1, NULL, '2015-05-24 08:37:14', NULL, '2015-05-24 08:37:14', 7000, 'U'),
(316, '05708817', 'DAIPUKURIA', NULL, 1, NULL, '2015-05-24 08:37:14', NULL, '2015-05-24 08:37:14', 7001, 'U'),
(316, '05708823', 'DHAINAGAR', NULL, 1, NULL, '2015-05-24 08:37:14', NULL, '2015-05-24 08:37:14', 7002, 'U'),
(316, '05708829', 'DURLABHPUR', NULL, 1, NULL, '2015-05-24 08:37:14', NULL, '2015-05-24 08:37:14', 7003, 'U'),
(316, '05708835', 'GHORAPAKHIA', NULL, 1, NULL, '2015-05-24 08:37:14', NULL, '2015-05-24 08:37:14', 7004, 'U'),
(316, '05708841', 'KANSAT', NULL, 1, NULL, '2015-05-24 08:37:14', NULL, '2015-05-24 08:37:14', 7005, 'U'),
(316, '05708847', 'MOBARAKPUR', NULL, 1, NULL, '2015-05-24 08:37:14', NULL, '2015-05-24 08:37:14', 7006, 'U'),
(316, '05708853', 'MANAKOSA', NULL, 1, NULL, '2015-05-24 08:37:14', NULL, '2015-05-24 08:37:14', 7007, 'U'),
(316, '05708859', 'NAYA NAOBHANGA', NULL, 1, NULL, '2015-05-24 08:37:14', NULL, '2015-05-24 08:37:14', 7008, 'U'),
(316, '05708865', 'PANKA', NULL, 1, NULL, '2015-05-24 08:37:14', NULL, '2015-05-24 08:37:14', 7009, 'U'),
(316, '05708871', 'SATRUJITPUR', NULL, 1, NULL, '2015-05-24 08:37:14', NULL, '2015-05-24 08:37:14', 7010, 'U'),
(316, '05708877', 'SHAHBAJPUR', NULL, 1, NULL, '2015-05-24 08:37:14', NULL, '2015-05-24 08:37:14', 7011, 'U'),
(316, '05708889', 'SHYAMPUR', NULL, 1, NULL, '2015-05-24 08:37:14', NULL, '2015-05-24 08:37:14', 7012, 'U'),
(316, '05708895', 'UZIRPUR', NULL, 1, NULL, '2015-05-24 08:37:14', NULL, '2015-05-24 08:37:14', 7013, 'U'),
(317, '05731213', 'BALA PARA', NULL, 1, NULL, '2015-05-24 08:37:14', NULL, '2015-05-24 08:37:14', 7014, 'U'),
(317, '05731219', 'DIMLA', NULL, 1, NULL, '2015-05-24 08:37:14', NULL, '2015-05-24 08:37:14', 7015, 'U'),
(317, '05731228', 'GAYABARI', NULL, 1, NULL, '2015-05-24 08:37:14', NULL, '2015-05-24 08:37:14', 7016, 'U'),
(317, '05731238', 'JHUNAGACHH CHAPANI', NULL, 1, NULL, '2015-05-24 08:37:14', NULL, '2015-05-24 08:37:14', 7017, 'U'),
(317, '05731247', 'KHALISA CHAPANI', NULL, 1, NULL, '2015-05-24 08:37:14', NULL, '2015-05-24 08:37:14', 7018, 'U'),
(317, '05731257', 'KHOGA KHARIBARI', NULL, 1, NULL, '2015-05-24 08:37:14', NULL, '2015-05-24 08:37:14', 7019, 'U'),
(317, '05731266', 'NAOTARA UNION', NULL, 1, NULL, '2015-05-24 08:37:14', NULL, '2015-05-24 08:37:14', 7020, 'U'),
(317, '05731276', 'PASCHIM CHHATNAI', NULL, 1, NULL, '2015-05-24 08:37:14', NULL, '2015-05-24 08:37:14', 7021, 'U'),
(317, '05731285', 'PURBA CHHATNAI', NULL, 1, NULL, '2015-05-24 08:37:14', NULL, '2015-05-24 08:37:14', 7022, 'U'),
(317, '05731295', 'TEPA KHARIBARI', NULL, 1, NULL, '2015-05-24 08:37:14', NULL, '2015-05-24 08:37:14', 7023, 'U'),
(318, '05731501', 'WARD NO-01', NULL, 1, NULL, '2015-05-24 08:12:57', NULL, '2015-05-24 08:12:57', 7024, 'W'),
(318, '05731502', 'WARD NO-02', NULL, 1, NULL, '2015-05-24 08:12:57', NULL, '2015-05-24 08:12:57', 7025, 'W'),
(318, '05731503', 'WARD NO-03', NULL, 1, NULL, '2015-05-24 08:12:57', NULL, '2015-05-24 08:12:57', 7026, 'W'),
(318, '05731504', 'WARD NO-04', NULL, 1, NULL, '2015-05-24 08:12:57', NULL, '2015-05-24 08:12:57', 7027, 'W'),
(318, '05731505', 'WARD NO-05', NULL, 1, NULL, '2015-05-24 08:12:57', NULL, '2015-05-24 08:12:57', 7028, 'W'),
(318, '05731506', 'WARD NO-06', NULL, 1, NULL, '2015-05-24 08:12:57', NULL, '2015-05-24 08:12:57', 7029, 'W'),
(318, '05731507', 'WARD NO-07', NULL, 1, NULL, '2015-05-24 08:12:57', NULL, '2015-05-24 08:12:57', 7030, 'W'),
(318, '05731508', 'WARD NO-08', NULL, 1, NULL, '2015-05-24 08:12:57', NULL, '2015-05-24 08:12:57', 7031, 'W'),
(318, '05731509', 'WARD NO-09', NULL, 1, NULL, '2015-05-24 08:12:57', NULL, '2015-05-24 08:12:57', 7032, 'W'),
(318, '05731517', 'BAMUNIA UNION', NULL, 1, NULL, '2015-05-24 08:37:14', NULL, '2015-05-24 08:37:14', 7033, 'U'),
(318, '05731519', 'BHOGDABARI UNION', NULL, 1, NULL, '2015-05-24 08:37:14', NULL, '2015-05-24 08:37:14', 7034, 'U'),
(318, '05731528', 'BORAGARI UNION', NULL, 1, NULL, '2015-05-24 08:37:14', NULL, '2015-05-24 08:37:14', 7035, 'U'),
(318, '05731538', 'DOMAR UNION', NULL, 1, NULL, '2015-05-24 08:37:14', NULL, '2015-05-24 08:37:14', 7036, 'U'),
(318, '05731547', 'GOMNATI UNION', NULL, 1, NULL, '2015-05-24 08:37:14', NULL, '2015-05-24 08:37:14', 7037, 'U'),
(318, '05731557', 'HARINCHARA', NULL, 1, NULL, '2015-05-24 08:37:14', NULL, '2015-05-24 08:37:14', 7038, 'U'),
(318, '05731566', 'JORABARI', NULL, 1, NULL, '2015-05-24 08:37:14', NULL, '2015-05-24 08:37:14', 7039, 'U'),
(318, '05731576', 'KETKIBARI', NULL, 1, NULL, '2015-05-24 08:37:14', NULL, '2015-05-24 08:37:14', 7040, 'U'),
(318, '05731585', 'PANGA MATUKPUR', NULL, 1, NULL, '2015-05-24 08:37:14', NULL, '2015-05-24 08:37:14', 7041, 'U'),
(279, '05381347', 'RUKINDIPUR', NULL, 1, NULL, '2015-05-24 08:37:14', NULL, '2015-05-24 08:37:14', 7042, 'U'),
(326, '05763310', 'BANWARINAGAR', NULL, 1, NULL, '2015-05-24 08:37:14', NULL, '2015-05-24 08:37:14', 7043, 'U'),
(326, '05763331', 'BRI-LAHIRIBARI', NULL, 1, NULL, '2015-05-24 08:37:14', NULL, '2015-05-24 08:37:14', 7044, 'U'),
(326, '05763342', 'DEMRA', NULL, 1, NULL, '2015-05-24 08:37:14', NULL, '2015-05-24 08:37:14', 7045, 'U'),
(326, '05763352', 'FARIDPUR', NULL, 1, NULL, '2015-05-24 08:37:14', NULL, '2015-05-24 08:37:14', 7046, 'U'),
(326, '05763363', 'HADAL', NULL, 1, NULL, '2015-05-24 08:37:14', NULL, '2015-05-24 08:37:14', 7047, 'U'),
(326, '05763384', 'PUNGALI', NULL, 1, NULL, '2015-05-24 08:37:14', NULL, '2015-05-24 08:37:14', 7048, 'U'),
(327, '05763901', 'WARD NO-01', NULL, 1, NULL, '2015-05-24 08:12:57', NULL, '2015-05-24 08:12:57', 7049, 'W'),
(327, '05763902', 'WARD NO-02', NULL, 1, NULL, '2015-05-24 08:12:57', NULL, '2015-05-24 08:12:57', 7050, 'W'),
(327, '05763903', 'WARD NO-03', NULL, 1, NULL, '2015-05-24 08:12:57', NULL, '2015-05-24 08:12:57', 7051, 'W'),
(327, '05763904', 'WARD NO-04', NULL, 1, NULL, '2015-05-24 08:12:57', NULL, '2015-05-24 08:12:57', 7052, 'W'),
(327, '05763905', 'WARD NO-05', NULL, 1, NULL, '2015-05-24 08:12:57', NULL, '2015-05-24 08:12:57', 7053, 'W'),
(327, '05763906', 'WARD NO-06', NULL, 1, NULL, '2015-05-24 08:12:57', NULL, '2015-05-24 08:12:57', 7054, 'W'),
(327, '05763907', 'WARD NO-07', NULL, 1, NULL, '2015-05-24 08:12:57', NULL, '2015-05-24 08:12:57', 7055, 'W'),
(327, '05763908', 'WARD NO-08', NULL, 1, NULL, '2015-05-24 08:12:57', NULL, '2015-05-24 08:12:57', 7056, 'W'),
(327, '05763909', 'WARD NO-09', NULL, 1, NULL, '2015-05-24 08:12:57', NULL, '2015-05-24 08:12:57', 7057, 'W'),
(327, '05763921', 'DASHURIA', NULL, 1, NULL, '2015-05-24 08:37:14', NULL, '2015-05-24 08:37:14', 7058, 'U'),
(327, '05763931', 'LAKSHMIKUNDI', NULL, 1, NULL, '2015-05-24 08:37:14', NULL, '2015-05-24 08:37:14', 7059, 'U'),
(327, '05763942', 'MULADULI', NULL, 1, NULL, '2015-05-24 08:37:14', NULL, '2015-05-24 08:37:14', 7060, 'U'),
(327, '05763952', 'PAKSHI', NULL, 1, NULL, '2015-05-24 08:37:14', NULL, '2015-05-24 08:37:14', 7061, 'U'),
(327, '05763963', 'SAHAPUR', NULL, 1, NULL, '2015-05-24 08:37:14', NULL, '2015-05-24 08:37:14', 7062, 'U'),
(327, '05763973', 'SILIMPUR', NULL, 1, NULL, '2015-05-24 08:37:14', NULL, '2015-05-24 08:37:14', 7063, 'U'),
(327, '05763984', 'SARA', NULL, 1, NULL, '2015-05-24 08:37:14', NULL, '2015-05-24 08:37:14', 7064, 'U'),
(328, '05765501', 'WARD NO-01', NULL, 1, NULL, '2015-05-24 08:12:57', NULL, '2015-05-24 08:12:57', 7065, 'W'),
(328, '05765502', 'WARD NO-02', NULL, 1, NULL, '2015-05-24 08:12:57', NULL, '2015-05-24 08:12:57', 7066, 'W'),
(328, '05765503', 'WARD NO-03', NULL, 1, NULL, '2015-05-24 08:12:57', NULL, '2015-05-24 08:12:57', 7067, 'W'),
(328, '05765504', 'WARD NO-04', NULL, 1, NULL, '2015-05-24 08:12:57', NULL, '2015-05-24 08:12:57', 7068, 'W'),
(328, '05765505', 'WARD NO-05', NULL, 1, NULL, '2015-05-24 08:12:57', NULL, '2015-05-24 08:12:57', 7069, 'W'),
(328, '05765506', 'WARD NO-06', NULL, 1, NULL, '2015-05-24 08:12:57', NULL, '2015-05-24 08:12:57', 7070, 'W'),
(328, '05765507', 'WARD NO-07', NULL, 1, NULL, '2015-05-24 08:12:57', NULL, '2015-05-24 08:12:57', 7071, 'W'),
(328, '05765508', 'WARD NO-08', NULL, 1, NULL, '2015-05-24 08:12:57', NULL, '2015-05-24 08:12:57', 7072, 'W'),
(328, '05765509', 'WARD NO-09', NULL, 1, NULL, '2015-05-24 08:12:57', NULL, '2015-05-24 08:12:57', 7073, 'W'),
(328, '05765510', 'WARD NO-10', NULL, 1, NULL, '2015-05-24 08:12:57', NULL, '2015-05-24 08:12:57', 7074, 'W'),
(328, '05765511', 'WARD NO-11', NULL, 1, NULL, '2015-05-24 08:12:57', NULL, '2015-05-24 08:12:57', 7075, 'W'),
(328, '05765512', 'WARD NO-12', NULL, 1, NULL, '2015-05-24 08:12:57', NULL, '2015-05-24 08:12:57', 7076, 'W'),
(328, '05765513', 'WARD NO-13', NULL, 1, NULL, '2015-05-24 08:12:57', NULL, '2015-05-24 08:12:57', 7077, 'W'),
(328, '05765514', 'WARD NO-14', NULL, 1, NULL, '2015-05-24 08:12:57', NULL, '2015-05-24 08:12:57', 7078, 'W'),
(328, '05765515', 'WARD NO-15', NULL, 1, NULL, '2015-05-24 08:12:57', NULL, '2015-05-24 08:12:57', 7079, 'W'),
(328, '05765516', 'ATAIKOLA', NULL, 1, NULL, '2015-05-24 08:37:14', NULL, '2015-05-24 08:37:14', 7080, 'U'),
(328, '05765517', 'BHARARA', NULL, 1, NULL, '2015-05-24 08:37:14', NULL, '2015-05-24 08:37:14', 7081, 'U'),
(328, '05765525', 'CHAR TARAPUR', NULL, 1, NULL, '2015-05-24 08:37:14', NULL, '2015-05-24 08:37:14', 7082, 'U'),
(328, '05765534', 'DAPUNIA', NULL, 1, NULL, '2015-05-24 08:37:14', NULL, '2015-05-24 08:37:14', 7083, 'U'),
(328, '05765543', 'DOGACHHI', NULL, 1, NULL, '2015-05-24 08:37:14', NULL, '2015-05-24 08:37:14', 7084, 'U'),
(328, '05765551', 'GAYESHPUR', NULL, 1, NULL, '2015-05-24 08:37:14', NULL, '2015-05-24 08:37:14', 7085, 'U'),
(328, '05765560', 'HEMAYETPUR', NULL, 1, NULL, '2015-05-24 08:37:14', NULL, '2015-05-24 08:37:14', 7086, 'U'),
(328, '05765569', 'MALANCHI', NULL, 1, NULL, '2015-05-24 08:37:14', NULL, '2015-05-24 08:37:14', 7087, 'U'),
(328, '05765577', 'MALIGACHHA', NULL, 1, NULL, '2015-05-24 08:37:14', NULL, '2015-05-24 08:37:14', 7088, 'U'),
(328, '05765594', 'SADULLAHPUR', NULL, 1, NULL, '2015-05-24 08:37:14', NULL, '2015-05-24 08:37:14', 7089, 'U'),
(329, '05767201', 'WARD NO-01', NULL, 1, NULL, '2015-05-24 08:12:57', NULL, '2015-05-24 08:12:57', 7090, 'W'),
(329, '05767202', 'WARD NO-02', NULL, 1, NULL, '2015-05-24 08:12:57', NULL, '2015-05-24 08:12:57', 7091, 'W'),
(329, '05767203', 'WARD NO-03', NULL, 1, NULL, '2015-05-24 08:12:57', NULL, '2015-05-24 08:12:57', 7092, 'W'),
(329, '05767204', 'WARD NO-04', NULL, 1, NULL, '2015-05-24 08:12:57', NULL, '2015-05-24 08:12:57', 7093, 'W'),
(329, '05767205', 'WARD NO-05', NULL, 1, NULL, '2015-05-24 08:12:57', NULL, '2015-05-24 08:12:57', 7094, 'W'),
(329, '05767206', 'WARD NO-06', NULL, 1, NULL, '2015-05-24 08:12:57', NULL, '2015-05-24 08:12:57', 7095, 'W'),
(329, '05767207', 'WARD NO-07', NULL, 1, NULL, '2015-05-24 08:12:57', NULL, '2015-05-24 08:12:57', 7096, 'W'),
(329, '05767208', 'WARD NO-08', NULL, 1, NULL, '2015-05-24 08:12:57', NULL, '2015-05-24 08:12:57', 7097, 'W'),
(329, '05767209', 'WARD NO-09', NULL, 1, NULL, '2015-05-24 08:12:57', NULL, '2015-05-24 08:12:57', 7098, 'W'),
(329, '05767215', 'ATAIKOLA', NULL, 1, NULL, '2015-05-24 08:37:14', NULL, '2015-05-24 08:37:14', 7099, 'U'),
(329, '05767217', 'BHULBARIA', NULL, 1, NULL, '2015-05-24 08:37:14', NULL, '2015-05-24 08:37:14', 7100, 'U'),
(329, '05767225', 'DHOPADAHA', NULL, 1, NULL, '2015-05-24 08:37:14', NULL, '2015-05-24 08:37:14', 7101, 'U'),
(329, '05767234', 'DHULAURI', NULL, 1, NULL, '2015-05-24 08:37:14', NULL, '2015-05-24 08:37:14', 7102, 'U'),
(329, '05767243', 'GAURIGRAM', NULL, 1, NULL, '2015-05-24 08:37:14', NULL, '2015-05-24 08:37:14', 7103, 'U'),
(329, '05767251', 'KARANJA', NULL, 1, NULL, '2015-05-24 08:37:14', NULL, '2015-05-24 08:37:14', 7104, 'U'),
(329, '05767260', 'KASHINATHPUR', NULL, 1, NULL, '2015-05-24 08:37:14', NULL, '2015-05-24 08:37:14', 7105, 'U'),
(329, '05767269', 'KHATU PARA', NULL, 1, NULL, '2015-05-24 08:37:14', NULL, '2015-05-24 08:37:14', 7106, 'U'),
(329, '05767277', 'NAGDEMRA', NULL, 1, NULL, '2015-05-24 08:37:14', NULL, '2015-05-24 08:37:14', 7107, 'U'),
(329, '05767286', 'NANDANPUR', NULL, 1, NULL, '2015-05-24 08:37:14', NULL, '2015-05-24 08:37:14', 7108, 'U'),
(330, '05768301', 'WARD NO-01', NULL, 1, NULL, '2015-05-24 08:12:57', NULL, '2015-05-24 08:12:57', 7109, 'W'),
(330, '05768302', 'WARD NO-02', NULL, 1, NULL, '2015-05-24 08:12:57', NULL, '2015-05-24 08:12:57', 7110, 'W'),
(330, '05768303', 'WARD NO-03', NULL, 1, NULL, '2015-05-24 08:12:57', NULL, '2015-05-24 08:12:57', 7111, 'W'),
(330, '05768304', 'WARD NO-04', NULL, 1, NULL, '2015-05-24 08:12:57', NULL, '2015-05-24 08:12:57', 7112, 'W'),
(330, '05768305', 'WARD NO-05', NULL, 1, NULL, '2015-05-24 08:12:57', NULL, '2015-05-24 08:12:57', 7113, 'W'),
(330, '05768306', 'WARD NO-06', NULL, 1, NULL, '2015-05-24 08:12:57', NULL, '2015-05-24 08:12:57', 7114, 'W'),
(330, '05768307', 'WARD NO-07', NULL, 1, NULL, '2015-05-24 08:12:57', NULL, '2015-05-24 08:12:57', 7115, 'W'),
(330, '05768308', 'WARD NO-08', NULL, 1, NULL, '2015-05-24 08:12:57', NULL, '2015-05-24 08:12:57', 7116, 'W'),
(330, '05768309', 'WARD NO-09', NULL, 1, NULL, '2015-05-24 08:12:57', NULL, '2015-05-24 08:12:57', 7117, 'W'),
(330, '05768317', 'AHAMMEDPUR', NULL, 1, NULL, '2015-05-24 08:37:14', NULL, '2015-05-24 08:37:14', 7118, 'U'),
(330, '05768319', 'DULAI', NULL, 1, NULL, '2015-05-24 08:37:14', NULL, '2015-05-24 08:37:14', 7119, 'U'),
(330, '05768328', 'HATKHALI', NULL, 1, NULL, '2015-05-24 08:37:14', NULL, '2015-05-24 08:37:14', 7120, 'U'),
(330, '05768338', 'MANIKHAT', NULL, 1, NULL, '2015-05-24 08:37:14', NULL, '2015-05-24 08:37:14', 7121, 'U'),
(330, '05768347', 'NAZIRGANJ', NULL, 1, NULL, '2015-05-24 08:37:14', NULL, '2015-05-24 08:37:14', 7122, 'U'),
(330, '05768357', 'RANINAGAR', NULL, 1, NULL, '2015-05-24 08:37:14', NULL, '2015-05-24 08:37:14', 7123, 'U'),
(330, '05768366', 'SAGARKANDI', NULL, 1, NULL, '2015-05-24 08:37:14', NULL, '2015-05-24 08:37:14', 7124, 'U'),
(330, '05768376', 'SATBARIA', NULL, 1, NULL, '2015-05-24 08:37:14', NULL, '2015-05-24 08:37:14', 7125, 'U'),
(330, '05768385', 'BHAYNA  (SUJANAGAR)', NULL, 1, NULL, '2015-05-24 08:37:14', NULL, '2015-05-24 08:37:14', 7126, 'U'),
(330, '05768395', 'TANTIBANDA', NULL, 1, NULL, '2015-05-24 08:37:14', NULL, '2015-05-24 08:37:14', 7127, 'U'),
(331, '05770413', 'ALOWA KHOWA', NULL, 1, NULL, '2015-05-24 08:37:14', NULL, '2015-05-24 08:37:14', 7128, 'U'),
(331, '05770427', 'BALARAMPUR', NULL, 1, NULL, '2015-05-24 08:37:14', NULL, '2015-05-24 08:37:14', 7129, 'U'),
(331, '05770440', 'DHAMOR', NULL, 1, NULL, '2015-05-24 08:37:14', NULL, '2015-05-24 08:37:14', 7130, 'U'),
(331, '05770454', 'MIRZAPUR', NULL, 1, NULL, '2015-05-24 08:37:14', NULL, '2015-05-24 08:37:14', 7131, 'U'),
(331, '05770467', 'RADHANAGAR', NULL, 1, NULL, '2015-05-24 08:37:14', NULL, '2015-05-24 08:37:14', 7132, 'U'),
(331, '05770481', 'TARIA', NULL, 1, NULL, '2015-05-24 08:37:14', NULL, '2015-05-24 08:37:14', 7133, 'U'),
(332, '05772501', 'WARD NO-01', NULL, 1, NULL, '2015-05-24 08:12:57', NULL, '2015-05-24 08:12:57', 7134, 'W'),
(332, '05772502', 'WARD NO-02', NULL, 1, NULL, '2015-05-24 08:12:57', NULL, '2015-05-24 08:12:57', 7135, 'W'),
(332, '05772503', 'WARD NO-03', NULL, 1, NULL, '2015-05-24 08:12:57', NULL, '2015-05-24 08:12:57', 7136, 'W'),
(332, '05772504', 'WARD NO-04', NULL, 1, NULL, '2015-05-24 08:12:57', NULL, '2015-05-24 08:12:57', 7137, 'W'),
(332, '05772505', 'WARD NO-05', NULL, 1, NULL, '2015-05-24 08:12:57', NULL, '2015-05-24 08:12:57', 7138, 'W'),
(332, '05772506', 'WARD NO-06', NULL, 1, NULL, '2015-05-24 08:12:57', NULL, '2015-05-24 08:12:57', 7139, 'W'),
(332, '05772507', 'WARD NO-07', NULL, 1, NULL, '2015-05-24 08:12:57', NULL, '2015-05-24 08:12:57', 7140, 'W'),
(332, '05772508', 'WARD NO-08', NULL, 1, NULL, '2015-05-24 08:12:57', NULL, '2015-05-24 08:12:57', 7141, 'W'),
(332, '05772509', 'WARD NO-09', NULL, 1, NULL, '2015-05-24 08:12:57', NULL, '2015-05-24 08:12:57', 7142, 'W'),
(332, '05772512', 'BARA SHASHI', NULL, 1, NULL, '2015-05-24 08:37:14', NULL, '2015-05-24 08:37:14', 7143, 'U'),
(332, '05772514', 'BANAGRAM', NULL, 1, NULL, '2015-05-24 08:37:14', NULL, '2015-05-24 08:37:14', 7144, 'U'),
(332, '05772521', 'BODA', NULL, 1, NULL, '2015-05-24 08:37:14', NULL, '2015-05-24 08:37:14', 7145, 'U'),
(332, '05772529', 'CHANDANBARI', NULL, 1, NULL, '2015-05-24 08:37:14', NULL, '2015-05-24 08:37:14', 7146, 'U'),
(332, '05772551', 'JHALAISHALSIRI', NULL, 1, NULL, '2015-05-24 08:37:14', NULL, '2015-05-24 08:37:14', 7147, 'U'),
(332, '05772558', 'KAJAL DIGHI KALIGANJ', NULL, 1, NULL, '2015-05-24 08:37:14', NULL, '2015-05-24 08:37:14', 7148, 'U'),
(332, '05772573', 'MAIDAN DIGHI', NULL, 1, NULL, '2015-05-24 08:37:14', NULL, '2015-05-24 08:37:14', 7149, 'U'),
(332, '05772580', 'MAREA BAMANHAT', NULL, 1, NULL, '2015-05-24 08:37:14', NULL, '2015-05-24 08:37:14', 7150, 'U'),
(332, '05772587', 'PANCHPIR', NULL, 1, NULL, '2015-05-24 08:37:14', NULL, '2015-05-24 08:37:14', 7151, 'U'),
(332, '05772594', 'SAKOA', NULL, 1, NULL, '2015-05-24 08:37:14', NULL, '2015-05-24 08:37:14', 7152, 'U'),
(333, '05773419', 'CHILAHATI', NULL, 1, NULL, '2015-05-24 08:37:14', NULL, '2015-05-24 08:37:14', 7153, 'U'),
(333, '05773428', 'DANDAPAL', NULL, 1, NULL, '2015-05-24 08:37:14', NULL, '2015-05-24 08:37:14', 7154, 'U'),
(333, '05773438', 'DEBIDOBA', NULL, 1, NULL, '2015-05-24 08:37:14', NULL, '2015-05-24 08:37:14', 7155, 'U'),
(333, '05773447', 'DEBIGANJ', NULL, 1, NULL, '2015-05-24 08:37:14', NULL, '2015-05-24 08:37:14', 7156, 'U'),
(333, '05773453', 'HAZRADANGA', NULL, 1, NULL, '2015-05-24 08:37:14', NULL, '2015-05-24 08:37:14', 7157, 'U'),
(333, '05773457', 'PAMULI', NULL, 1, NULL, '2015-05-24 08:37:14', NULL, '2015-05-24 08:37:14', 7158, 'U'),
(333, '05773466', 'SALDANGA', NULL, 1, NULL, '2015-05-24 08:37:14', NULL, '2015-05-24 08:37:14', 7159, 'U'),
(333, '05773476', 'MALLIKADAHA', NULL, 1, NULL, '2015-05-24 08:37:14', NULL, '2015-05-24 08:37:14', 7160, 'U'),
(333, '05773485', 'SUNDAR DIGHI', NULL, 1, NULL, '2015-05-24 08:37:14', NULL, '2015-05-24 08:37:14', 7161, 'U'),
(333, '05773495', 'TEPRIGANJ', NULL, 1, NULL, '2015-05-24 08:37:14', NULL, '2015-05-24 08:37:14', 7162, 'U'),
(334, '05777301', 'WARD NO-01', NULL, 1, NULL, '2015-05-24 08:12:57', NULL, '2015-05-24 08:12:57', 7163, 'W'),
(334, '05777302', 'WARD NO-02', NULL, 1, NULL, '2015-05-24 08:12:57', NULL, '2015-05-24 08:12:57', 7164, 'W'),
(334, '05777303', 'WARD NO-03', NULL, 1, NULL, '2015-05-24 08:12:57', NULL, '2015-05-24 08:12:57', 7165, 'W'),
(334, '05777304', 'WARD NO-04', NULL, 1, NULL, '2015-05-24 08:12:57', NULL, '2015-05-24 08:12:57', 7166, 'W'),
(334, '05777305', 'WARD NO-05', NULL, 1, NULL, '2015-05-24 08:12:57', NULL, '2015-05-24 08:12:57', 7167, 'W'),
(334, '05777306', 'WARD NO-06', NULL, 1, NULL, '2015-05-24 08:12:57', NULL, '2015-05-24 08:12:57', 7168, 'W'),
(334, '05777307', 'WARD NO-07', NULL, 1, NULL, '2015-05-24 08:12:57', NULL, '2015-05-24 08:12:57', 7169, 'W'),
(334, '05777308', 'WARD NO-08', NULL, 1, NULL, '2015-05-24 08:12:57', NULL, '2015-05-24 08:12:57', 7170, 'W'),
(334, '05777309', 'WARD NO-09', NULL, 1, NULL, '2015-05-24 08:12:57', NULL, '2015-05-24 08:12:57', 7171, 'W'),
(334, '05777311', 'AMARKHANA', NULL, 1, NULL, '2015-05-24 08:37:14', NULL, '2015-05-24 08:37:14', 7172, 'U'),
(334, '05777323', 'CHAKLARHAT', NULL, 1, NULL, '2015-05-24 08:37:14', NULL, '2015-05-24 08:37:14', 7173, 'U'),
(334, '05777335', 'HAFIZABAD', NULL, 1, NULL, '2015-05-24 08:37:14', NULL, '2015-05-24 08:37:14', 7174, 'U'),
(334, '05777336', 'DHAKKAMARA', NULL, 1, NULL, '2015-05-24 08:37:14', NULL, '2015-05-24 08:37:14', 7175, 'U'),
(334, '05777343', 'GARINABARI', NULL, 1, NULL, '2015-05-24 08:37:14', NULL, '2015-05-24 08:37:14', 7176, 'U'),
(334, '05777347', 'HARIBHASA', NULL, 1, NULL, '2015-05-24 08:37:14', NULL, '2015-05-24 08:37:14', 7177, 'U'),
(334, '05777359', 'KAMAT KAJAL DIGHI', NULL, 1, NULL, '2015-05-24 08:37:14', NULL, '2015-05-24 08:37:14', 7178, 'U'),
(334, '05777365', 'MAGURA', NULL, 1, NULL, '2015-05-24 08:37:14', NULL, '2015-05-24 08:37:14', 7179, 'U'),
(334, '05777371', 'PANCHAGARH', NULL, 1, NULL, '2015-05-24 08:37:14', NULL, '2015-05-24 08:37:14', 7180, 'U'),
(334, '05777383', 'SATMARA', NULL, 1, NULL, '2015-05-24 08:37:14', NULL, '2015-05-24 08:37:14', 7181, 'U'),
(335, '05779013', 'BANGLABANDHA', NULL, 1, NULL, '2015-05-24 08:37:14', NULL, '2015-05-24 08:37:14', 7182, 'U'),
(335, '05779027', 'BHOJANPUR', NULL, 1, NULL, '2015-05-24 08:37:14', NULL, '2015-05-24 08:37:14', 7183, 'U'),
(335, '05779040', 'DEBNAGAR', NULL, 1, NULL, '2015-05-24 08:37:14', NULL, '2015-05-24 08:37:14', 7184, 'U'),
(326, '05763309', 'WARD NO-09', NULL, 1, NULL, '2015-05-24 08:12:57', NULL, '2015-05-24 08:12:57', 7185, 'W'),
(369, '06360202', 'WARD NO-02', NULL, 1, NULL, '2015-05-24 08:12:57', NULL, '2015-05-24 08:12:57', 7186, 'W'),
(369, '06360203', 'WARD NO-03', NULL, 1, NULL, '2015-05-24 08:12:57', NULL, '2015-05-24 08:12:57', 7187, 'W'),
(369, '06360204', 'WARD NO-04', NULL, 1, NULL, '2015-05-24 08:12:57', NULL, '2015-05-24 08:12:57', 7188, 'W'),
(369, '06360205', 'WARD NO-05', NULL, 1, NULL, '2015-05-24 08:12:57', NULL, '2015-05-24 08:12:57', 7189, 'W'),
(369, '06360206', 'WARD NO-06', NULL, 1, NULL, '2015-05-24 08:12:57', NULL, '2015-05-24 08:12:57', 7190, 'W'),
(369, '06360207', 'WARD NO-07', NULL, 1, NULL, '2015-05-24 08:12:57', NULL, '2015-05-24 08:12:57', 7191, 'W'),
(369, '06360208', 'WARD NO-08', NULL, 1, NULL, '2015-05-24 08:12:57', NULL, '2015-05-24 08:12:57', 7192, 'W'),
(369, '06360209', 'WARD NO-09', NULL, 1, NULL, '2015-05-24 08:12:57', NULL, '2015-05-24 08:12:57', 7193, 'W'),
(369, '06360213', 'AJMIRIGANJ', NULL, 1, NULL, '2015-05-24 08:37:14', NULL, '2015-05-24 08:37:14', 7194, 'U'),
(369, '06360227', 'BADALPUR', NULL, 1, NULL, '2015-05-24 08:37:14', NULL, '2015-05-24 08:37:14', 7195, 'U'),
(369, '06360254', 'JALSUKA', NULL, 1, NULL, '2015-05-24 08:37:14', NULL, '2015-05-24 08:37:14', 7196, 'U'),
(369, '06360267', 'KAKAILSEO', NULL, 1, NULL, '2015-05-24 08:37:14', NULL, '2015-05-24 08:37:14', 7197, 'U'),
(369, '06360281', 'SHIBPASHA', NULL, 1, NULL, '2015-05-24 08:37:14', NULL, '2015-05-24 08:37:14', 7198, 'U'),
(370, '06360511', 'BAHUBAL', NULL, 1, NULL, '2015-05-24 08:37:14', NULL, '2015-05-24 08:37:14', 7199, 'U'),
(370, '06360523', 'BHADESHWAR', NULL, 1, NULL, '2015-05-24 08:37:14', NULL, '2015-05-24 08:37:14', 7200, 'U'),
(370, '06360535', 'LAMATASHI', NULL, 1, NULL, '2015-05-24 08:37:14', NULL, '2015-05-24 08:37:14', 7201, 'U'),
(370, '06360547', 'MIRPUR', NULL, 1, NULL, '2015-05-24 08:37:14', NULL, '2015-05-24 08:37:14', 7202, 'U'),
(370, '06360559', 'PUTIJURI', NULL, 1, NULL, '2015-05-24 08:37:14', NULL, '2015-05-24 08:37:14', 7203, 'U'),
(370, '06360571', 'SATKAPAN', NULL, 1, NULL, '2015-05-24 08:37:14', NULL, '2015-05-24 08:37:14', 7204, 'U'),
(370, '06360583', 'SNANGHAT', NULL, 1, NULL, '2015-05-24 08:37:14', NULL, '2015-05-24 08:37:14', 7205, 'U'),
(371, '06361111', 'UTTAR PURBA BANIACHANG', NULL, 1, NULL, '2015-05-24 08:37:14', NULL, '2015-05-24 08:37:14', 7206, 'U'),
(371, '06361112', 'UTTAR PASCHIM BANIYACHANG', NULL, 1, NULL, '2015-05-24 08:37:14', NULL, '2015-05-24 08:37:14', 7207, 'U'),
(371, '06361118', 'DAKSHIN PURBA BANIYACHANG', NULL, 1, NULL, '2015-05-24 08:37:14', NULL, '2015-05-24 08:37:14', 7208, 'U'),
(371, '06361125', 'DAKSHIN PASCHIM BANIYACHANG', NULL, 1, NULL, '2015-05-24 08:37:14', NULL, '2015-05-24 08:37:14', 7209, 'U'),
(371, '06361131', 'BARAIURI', NULL, 1, NULL, '2015-05-24 08:37:14', NULL, '2015-05-24 08:37:14', 7210, 'U'),
(371, '06361137', 'DAULATPUR', NULL, 1, NULL, '2015-05-24 08:37:14', NULL, '2015-05-24 08:37:14', 7211, 'U'),
(371, '06361144', 'KAGAPASHA', NULL, 1, NULL, '2015-05-24 08:37:14', NULL, '2015-05-24 08:37:14', 7212, 'U'),
(371, '06361150', 'KHAGAURA', NULL, 1, NULL, '2015-05-24 08:37:14', NULL, '2015-05-24 08:37:14', 7213, 'U'),
(371, '06361156', 'MAKRAMPUR', NULL, 1, NULL, '2015-05-24 08:37:14', NULL, '2015-05-24 08:37:14', 7214, 'U'),
(371, '06361163', 'MANDARI', NULL, 1, NULL, '2015-05-24 08:37:14', NULL, '2015-05-24 08:37:14', 7215, 'U'),
(371, '06361169', 'MURADPUR', NULL, 1, NULL, '2015-05-24 08:37:14', NULL, '2015-05-24 08:37:14', 7216, 'U'),
(371, '06361175', 'PAILARKANDI', NULL, 1, NULL, '2015-05-24 08:37:14', NULL, '2015-05-24 08:37:14', 7217, 'U'),
(371, '06361182', 'PUKHRA', NULL, 1, NULL, '2015-05-24 08:37:14', NULL, '2015-05-24 08:37:14', 7218, 'U'),
(371, '06361188', 'SUJATPUR', NULL, 1, NULL, '2015-05-24 08:37:14', NULL, '2015-05-24 08:37:14', 7219, 'U'),
(371, '06361194', 'SUBIDPUR', NULL, 1, NULL, '2015-05-24 08:37:14', NULL, '2015-05-24 08:37:14', 7220, 'U'),
(372, '06362601', 'WARD NO-01', NULL, 1, NULL, '2015-05-24 08:12:57', NULL, '2015-05-24 08:12:57', 7221, 'W'),
(372, '06362602', 'WARD NO-02', NULL, 1, NULL, '2015-05-24 08:12:57', NULL, '2015-05-24 08:12:57', 7222, 'W'),
(372, '06362603', 'WARD NO-03', NULL, 1, NULL, '2015-05-24 08:12:57', NULL, '2015-05-24 08:12:57', 7223, 'W'),
(372, '06362604', 'WARD NO-04', NULL, 1, NULL, '2015-05-24 08:12:57', NULL, '2015-05-24 08:12:57', 7224, 'W'),
(372, '06362605', 'WARD NO-05', NULL, 1, NULL, '2015-05-24 08:12:57', NULL, '2015-05-24 08:12:57', 7225, 'W'),
(372, '06362606', 'WARD NO-06', NULL, 1, NULL, '2015-05-24 08:12:57', NULL, '2015-05-24 08:12:57', 7226, 'W'),
(372, '06362607', 'WARD NO-07', NULL, 1, NULL, '2015-05-24 08:12:57', NULL, '2015-05-24 08:12:57', 7227, 'W'),
(372, '06362608', 'WARD NO-08', NULL, 1, NULL, '2015-05-24 08:12:57', NULL, '2015-05-24 08:12:57', 7228, 'W'),
(372, '06362609', 'WARD NO-09', NULL, 1, NULL, '2015-05-24 08:12:57', NULL, '2015-05-24 08:12:57', 7229, 'W'),
(372, '06362613', 'AHMADABAD', NULL, 1, NULL, '2015-05-24 08:37:14', NULL, '2015-05-24 08:37:14', 7230, 'U'),
(372, '06362619', 'CHUNARUGHAT', NULL, 1, NULL, '2015-05-24 08:37:14', NULL, '2015-05-24 08:37:14', 7231, 'U'),
(372, '06362628', 'DEORGACHH', NULL, 1, NULL, '2015-05-24 08:37:14', NULL, '2015-05-24 08:37:14', 7232, 'U'),
(372, '06362638', 'GAZIPUR', NULL, 1, NULL, '2015-05-24 08:37:14', NULL, '2015-05-24 08:37:14', 7233, 'U'),
(372, '06362647', 'MIRAHI', NULL, 1, NULL, '2015-05-24 08:37:14', NULL, '2015-05-24 08:37:14', 7234, 'U'),
(372, '06362657', 'PAIK PARA', NULL, 1, NULL, '2015-05-24 08:37:14', NULL, '2015-05-24 08:37:14', 7235, 'U'),
(372, '06362666', 'RANIGAON', NULL, 1, NULL, '2015-05-24 08:37:14', NULL, '2015-05-24 08:37:14', 7236, 'U'),
(372, '06362676', 'SANKHOLA', NULL, 1, NULL, '2015-05-24 08:37:14', NULL, '2015-05-24 08:37:14', 7237, 'U'),
(372, '06362685', 'SHATIAJURI', NULL, 1, NULL, '2015-05-24 08:37:14', NULL, '2015-05-24 08:37:14', 7238, 'U'),
(372, '06362695', 'UBAHATA', NULL, 1, NULL, '2015-05-24 08:37:14', NULL, '2015-05-24 08:37:14', 7239, 'U'),
(373, '06364401', 'WARD NO-01', NULL, 1, NULL, '2015-05-24 08:12:57', NULL, '2015-05-24 08:12:57', 7240, 'W'),
(373, '06364402', 'WARD NO-02', NULL, 1, NULL, '2015-05-24 08:12:57', NULL, '2015-05-24 08:12:57', 7241, 'W'),
(373, '06364403', 'WARD NO-03', NULL, 1, NULL, '2015-05-24 08:12:57', NULL, '2015-05-24 08:12:57', 7242, 'W'),
(373, '06364404', 'WARD NO-04', NULL, 1, NULL, '2015-05-24 08:12:57', NULL, '2015-05-24 08:12:57', 7243, 'W'),
(373, '06364405', 'WARD NO-05', NULL, 1, NULL, '2015-05-24 08:12:57', NULL, '2015-05-24 08:12:57', 7244, 'W'),
(373, '06364406', 'WARD NO-06', NULL, 1, NULL, '2015-05-24 08:12:57', NULL, '2015-05-24 08:12:57', 7245, 'W'),
(373, '06364407', 'WARD NO-07', NULL, 1, NULL, '2015-05-24 08:12:57', NULL, '2015-05-24 08:12:57', 7246, 'W'),
(373, '06364408', 'WARD NO-08', NULL, 1, NULL, '2015-05-24 08:12:57', NULL, '2015-05-24 08:12:57', 7247, 'W'),
(373, '06364409', 'WARD NO-09', NULL, 1, NULL, '2015-05-24 08:12:57', NULL, '2015-05-24 08:12:57', 7248, 'W'),
(373, '06364411', 'WARD NO-01', NULL, 1, NULL, '2015-05-24 08:12:57', NULL, '2015-05-24 08:12:57', 7249, 'W'),
(373, '06364412', 'WARD NO-02', NULL, 1, NULL, '2015-05-24 08:12:57', NULL, '2015-05-24 08:12:57', 7250, 'W'),
(373, '06364413', 'WARD NO-03', NULL, 1, NULL, '2015-05-24 08:12:57', NULL, '2015-05-24 08:12:57', 7251, 'W'),
(373, '06364414', 'WARD NO-04', NULL, 1, NULL, '2015-05-24 08:12:57', NULL, '2015-05-24 08:12:57', 7252, 'W'),
(373, '06364415', 'WARD NO-05', NULL, 1, NULL, '2015-05-24 08:12:57', NULL, '2015-05-24 08:12:57', 7253, 'W'),
(373, '06364416', 'WARD NO-06', NULL, 1, NULL, '2015-05-24 08:12:57', NULL, '2015-05-24 08:12:57', 7254, 'W'),
(373, '06364417', 'WARD NO-07', NULL, 1, NULL, '2015-05-24 08:12:57', NULL, '2015-05-24 08:12:57', 7255, 'W'),
(373, '06364418', 'WARD NO-08', NULL, 1, NULL, '2015-05-24 08:12:57', NULL, '2015-05-24 08:12:57', 7256, 'W'),
(373, '06364419', 'WARD NO-09', NULL, 1, NULL, '2015-05-24 08:12:57', NULL, '2015-05-24 08:12:57', 7257, 'W'),
(373, '06364422', 'GOPAYA', NULL, 1, NULL, '2015-05-24 08:37:14', NULL, '2015-05-24 08:37:14', 7258, 'U'),
(373, '06364424', 'LASKARPUR', NULL, 1, NULL, '2015-05-24 08:37:14', NULL, '2015-05-24 08:37:14', 7259, 'U'),
(373, '06364428', 'LUKHRA', NULL, 1, NULL, '2015-05-24 08:37:14', NULL, '2015-05-24 08:37:14', 7260, 'U'),
(373, '06364438', 'NIZAMPUR', NULL, 1, NULL, '2015-05-24 08:37:14', NULL, '2015-05-24 08:37:14', 7261, 'U'),
(373, '06364447', 'NURPUR', NULL, 1, NULL, '2015-05-24 08:37:14', NULL, '2015-05-24 08:37:14', 7262, 'U'),
(373, '06364457', 'POIL', NULL, 1, NULL, '2015-05-24 08:37:14', NULL, '2015-05-24 08:37:14', 7263, 'U'),
(373, '06364466', 'RAZIURA', NULL, 1, NULL, '2015-05-24 08:37:14', NULL, '2015-05-24 08:37:14', 7264, 'U'),
(373, '06364476', 'RICHI', NULL, 1, NULL, '2015-05-24 08:37:14', NULL, '2015-05-24 08:37:14', 7265, 'U'),
(373, '06364485', 'SAISTAGANJ', NULL, 1, NULL, '2015-05-24 08:37:14', NULL, '2015-05-24 08:37:14', 7266, 'U'),
(373, '06364495', 'TEGHARIA', NULL, 1, NULL, '2015-05-24 08:37:14', NULL, '2015-05-24 08:37:14', 7267, 'U'),
(35, '06366813', 'BAMAI', NULL, 1, NULL, '2015-05-24 08:37:14', NULL, '2015-05-24 08:37:14', 7268, 'U'),
(35, '06366827', 'BULLA', NULL, 1, NULL, '2015-05-24 08:37:14', NULL, '2015-05-24 08:37:14', 7269, 'U'),
(35, '06366840', 'KARAB', NULL, 1, NULL, '2015-05-24 08:37:14', NULL, '2015-05-24 08:37:14', 7270, 'U'),
(35, '06366854', 'LAKHAI', NULL, 1, NULL, '2015-05-24 08:37:14', NULL, '2015-05-24 08:37:14', 7271, 'U'),
(35, '06366867', 'MURAKARI', NULL, 1, NULL, '2015-05-24 08:37:14', NULL, '2015-05-24 08:37:14', 7272, 'U'),
(35, '06366881', 'MURIAUK', NULL, 1, NULL, '2015-05-24 08:37:14', NULL, '2015-05-24 08:37:14', 7273, 'U'),
(374, '06367101', 'WARD NO-01', NULL, 1, NULL, '2015-05-24 08:12:57', NULL, '2015-05-24 08:12:57', 7274, 'W'),
(374, '06367102', 'WARD NO-02', NULL, 1, NULL, '2015-05-24 08:12:57', NULL, '2015-05-24 08:12:57', 7275, 'W'),
(374, '06367103', 'WARD NO-03', NULL, 1, NULL, '2015-05-24 08:12:57', NULL, '2015-05-24 08:12:57', 7276, 'W'),
(374, '06367104', 'WARD NO-04', NULL, 1, NULL, '2015-05-24 08:12:57', NULL, '2015-05-24 08:12:57', 7277, 'W'),
(374, '06367105', 'WARD NO-05', NULL, 1, NULL, '2015-05-24 08:12:57', NULL, '2015-05-24 08:12:57', 7278, 'W'),
(374, '06367106', 'WARD NO-06', NULL, 1, NULL, '2015-05-24 08:12:57', NULL, '2015-05-24 08:12:57', 7279, 'W'),
(374, '06367107', 'WARD NO-07', NULL, 1, NULL, '2015-05-24 08:12:57', NULL, '2015-05-24 08:12:57', 7280, 'W'),
(374, '06367108', 'WARD NO-08', NULL, 1, NULL, '2015-05-24 08:12:57', NULL, '2015-05-24 08:12:57', 7281, 'W'),
(374, '06367109', 'WARD NO-09', NULL, 1, NULL, '2015-05-24 08:12:57', NULL, '2015-05-24 08:12:57', 7282, 'W'),
(374, '06367116', 'ADAIR', NULL, 1, NULL, '2015-05-24 08:37:14', NULL, '2015-05-24 08:37:14', 7283, 'U'),
(374, '06367117', 'BAGASURA', NULL, 1, NULL, '2015-05-24 08:37:14', NULL, '2015-05-24 08:37:14', 7284, 'U'),
(374, '06367125', 'BAHARA', NULL, 1, NULL, '2015-05-24 08:37:14', NULL, '2015-05-24 08:37:14', 7285, 'U'),
(374, '06367134', 'BULLA', NULL, 1, NULL, '2015-05-24 08:37:14', NULL, '2015-05-24 08:37:14', 7286, 'U'),
(374, '06367143', 'CHHATIAIN', NULL, 1, NULL, '2015-05-24 08:37:14', NULL, '2015-05-24 08:37:14', 7287, 'U'),
(374, '06367151', 'CHOWMOHANI', NULL, 1, NULL, '2015-05-24 08:37:14', NULL, '2015-05-24 08:37:14', 7288, 'U'),
(374, '06367160', 'DHARMAGHAR', NULL, 1, NULL, '2015-05-24 08:37:14', NULL, '2015-05-24 08:37:14', 7289, 'U'),
(374, '06367169', 'JAGADISHPUR', NULL, 1, NULL, '2015-05-24 08:37:14', NULL, '2015-05-24 08:37:14', 7290, 'U'),
(374, '06367177', 'ANDIURAUK', NULL, 1, NULL, '2015-05-24 08:37:14', NULL, '2015-05-24 08:37:14', 7291, 'U'),
(374, '06367186', 'NOAPARA', NULL, 1, NULL, '2015-05-24 08:37:14', NULL, '2015-05-24 08:37:14', 7292, 'U'),
(374, '06367194', 'SHAHJAHANPUR', NULL, 1, NULL, '2015-05-24 08:37:14', NULL, '2015-05-24 08:37:14', 7293, 'U'),
(375, '06367701', 'WARD NO-01', NULL, 1, NULL, '2015-05-24 08:12:57', NULL, '2015-05-24 08:12:57', 7294, 'W'),
(375, '06367702', 'WARD NO-02', NULL, 1, NULL, '2015-05-24 08:12:57', NULL, '2015-05-24 08:12:57', 7295, 'W'),
(375, '06367703', 'WARD NO-03', NULL, 1, NULL, '2015-05-24 08:12:57', NULL, '2015-05-24 08:12:57', 7296, 'W'),
(375, '06367704', 'WARD NO-04', NULL, 1, NULL, '2015-05-24 08:12:57', NULL, '2015-05-24 08:12:57', 7297, 'W'),
(375, '06367705', 'WARD NO-05', NULL, 1, NULL, '2015-05-24 08:12:57', NULL, '2015-05-24 08:12:57', 7298, 'W'),
(375, '06367706', 'WARD NO-06', NULL, 1, NULL, '2015-05-24 08:12:57', NULL, '2015-05-24 08:12:57', 7299, 'W'),
(375, '06367707', 'WARD NO-07', NULL, 1, NULL, '2015-05-24 08:12:57', NULL, '2015-05-24 08:12:57', 7300, 'W'),
(375, '06367708', 'WARD NO-08', NULL, 1, NULL, '2015-05-24 08:12:57', NULL, '2015-05-24 08:12:57', 7301, 'W'),
(375, '06367709', 'WARD NO-09', NULL, 1, NULL, '2015-05-24 08:12:57', NULL, '2015-05-24 08:12:57', 7302, 'W'),
(375, '06367713', 'AUSKANDI', NULL, 1, NULL, '2015-05-24 08:37:14', NULL, '2015-05-24 08:37:14', 7303, 'U'),
(375, '06367714', 'BAUSHA', NULL, 1, NULL, '2015-05-24 08:37:14', NULL, '2015-05-24 08:37:14', 7304, 'U'),
(375, '06367721', 'DEBPARA', NULL, 1, NULL, '2015-05-24 08:37:14', NULL, '2015-05-24 08:37:14', 7305, 'U'),
(375, '06367729', 'DIGHALBAK', NULL, 1, NULL, '2015-05-24 08:37:14', NULL, '2015-05-24 08:37:14', 7306, 'U'),
(375, '06367743', 'GAZNAPUR', NULL, 1, NULL, '2015-05-24 08:37:14', NULL, '2015-05-24 08:37:14', 7307, 'U'),
(375, '06367751', 'INATHGANJ', NULL, 1, NULL, '2015-05-24 08:37:14', NULL, '2015-05-24 08:37:14', 7308, 'U'),
(375, '06367758', 'KALAIR BANGA', NULL, 1, NULL, '2015-05-24 08:37:14', NULL, '2015-05-24 08:37:14', 7309, 'U'),
(375, '06367765', 'KARGAON', NULL, 1, NULL, '2015-05-24 08:37:14', NULL, '2015-05-24 08:37:14', 7310, 'U'),
(375, '06367773', 'KURSHI', NULL, 1, NULL, '2015-05-24 08:37:14', NULL, '2015-05-24 08:37:14', 7311, 'U'),
(375, '06367780', 'NABIGANJ', NULL, 1, NULL, '2015-05-24 08:37:14', NULL, '2015-05-24 08:37:14', 7312, 'U'),
(375, '06367787', 'PANIUNDA', NULL, 1, NULL, '2015-05-24 08:37:14', NULL, '2015-05-24 08:37:14', 7313, 'U'),
(375, '06367790', 'PURBA BARA BAKHAIR', NULL, 1, NULL, '2015-05-24 08:37:14', NULL, '2015-05-24 08:37:14', 7314, 'U'),
(375, '06367794', 'PASCHIM BARA BHAKHAIR', NULL, 1, NULL, '2015-05-24 08:37:14', NULL, '2015-05-24 08:37:14', 7315, 'U'),
(376, '06581401', 'WARD NO-01', NULL, 1, NULL, '2015-05-24 08:12:57', NULL, '2015-05-24 08:12:57', 7316, 'W'),
(376, '06581402', 'WARD NO-02', NULL, 1, NULL, '2015-05-24 08:12:57', NULL, '2015-05-24 08:12:57', 7317, 'W'),
(376, '06581403', 'WARD NO-03', NULL, 1, NULL, '2015-05-24 08:12:57', NULL, '2015-05-24 08:12:57', 7318, 'W'),
(376, '06581404', 'WARD NO-04', NULL, 1, NULL, '2015-05-24 08:12:57', NULL, '2015-05-24 08:12:57', 7319, 'W'),
(376, '06581405', 'WARD NO-05', NULL, 1, NULL, '2015-05-24 08:12:57', NULL, '2015-05-24 08:12:57', 7320, 'W'),
(376, '06581406', 'WARD NO-06', NULL, 1, NULL, '2015-05-24 08:12:57', NULL, '2015-05-24 08:12:57', 7321, 'W'),
(376, '06581407', 'WARD NO-07', NULL, 1, NULL, '2015-05-24 08:12:57', NULL, '2015-05-24 08:12:57', 7322, 'W'),
(376, '06581408', 'WARD NO-08', NULL, 1, NULL, '2015-05-24 08:12:57', NULL, '2015-05-24 08:12:57', 7323, 'W'),
(376, '06581409', 'WARD NO-09', NULL, 1, NULL, '2015-05-24 08:12:57', NULL, '2015-05-24 08:12:57', 7324, 'W'),
(376, '06581413', 'BARLEKHA', NULL, 1, NULL, '2015-05-24 08:37:14', NULL, '2015-05-24 08:37:14', 7325, 'U'),
(376, '06581415', 'BARNI', NULL, 1, NULL, '2015-05-24 08:37:14', NULL, '2015-05-24 08:37:14', 7326, 'U'),
(376, '06581429', 'DAKSHIN SHAHABAJPUR', NULL, 1, NULL, '2015-05-24 08:37:14', NULL, '2015-05-24 08:37:14', 7327, 'U'),
(376, '06581431', 'DAKSHIN DAKSHINBHAGH', NULL, 1, NULL, '2015-05-24 08:37:14', NULL, '2015-05-24 08:37:14', 7328, 'U'),
(376, '06581439', 'DASHER BAZAR', NULL, 1, NULL, '2015-05-24 08:37:14', NULL, '2015-05-24 08:37:14', 7329, 'U'),
(376, '06581463', 'NIJ BAHADURPUR', NULL, 1, NULL, '2015-05-24 08:37:14', NULL, '2015-05-24 08:37:14', 7330, 'U'),
(376, '06581477', 'SUJANAGAR', NULL, 1, NULL, '2015-05-24 08:37:14', NULL, '2015-05-24 08:37:14', 7331, 'U'),
(376, '06581480', 'UTTAR DAKSHINBHAG', NULL, 1, NULL, '2015-05-24 08:37:14', NULL, '2015-05-24 08:37:14', 7332, 'U'),
(376, '06581485', 'UTTAR SHAHABAJPUR', NULL, 1, NULL, '2015-05-24 08:37:14', NULL, '2015-05-24 08:37:14', 7333, 'U'),
(376, '06581494', 'TALIMPUR', NULL, 1, NULL, '2015-05-24 08:37:14', NULL, '2015-05-24 08:37:14', 7334, 'U'),
(377, '06583523', 'FULTALA', NULL, 1, NULL, '2015-05-24 08:37:14', NULL, '2015-05-24 08:37:14', 7335, 'U'),
(377, '06583529', 'GOALBARI', NULL, 1, NULL, '2015-05-24 08:37:14', NULL, '2015-05-24 08:37:14', 7336, 'U'),
(377, '06583547', 'JAIFARNAGAR', NULL, 1, NULL, '2015-05-24 08:37:14', NULL, '2015-05-24 08:37:14', 7337, 'U'),
(377, '06583555', 'PASCHIM JURI', NULL, 1, NULL, '2015-05-24 08:37:14', NULL, '2015-05-24 08:37:14', 7338, 'U'),
(377, '06583567', 'PURBA JURI', NULL, 1, NULL, '2015-05-24 08:37:14', NULL, '2015-05-24 08:37:14', 7339, 'U'),
(377, '06583583', 'SAGARNAL', NULL, 1, NULL, '2015-05-24 08:37:14', NULL, '2015-05-24 08:37:14', 7340, 'U'),
(378, '06585601', 'WARD NO-01', NULL, 1, NULL, '2015-05-24 08:12:57', NULL, '2015-05-24 08:12:57', 7341, 'W'),
(378, '06585602', 'WARD NO-02', NULL, 1, NULL, '2015-05-24 08:12:57', NULL, '2015-05-24 08:12:57', 7342, 'W'),
(378, '06585603', 'WARD NO-03', NULL, 1, NULL, '2015-05-24 08:12:57', NULL, '2015-05-24 08:12:57', 7343, 'W'),
(378, '06585604', 'WARD NO-04', NULL, 1, NULL, '2015-05-24 08:12:57', NULL, '2015-05-24 08:12:57', 7344, 'W'),
(378, '06585605', 'WARD NO-05', NULL, 1, NULL, '2015-05-24 08:12:57', NULL, '2015-05-24 08:12:57', 7345, 'W'),
(378, '06585606', 'WARD NO-06', NULL, 1, NULL, '2015-05-24 08:12:57', NULL, '2015-05-24 08:12:57', 7346, 'W'),
(378, '06585607', 'WARD NO-07', NULL, 1, NULL, '2015-05-24 08:12:57', NULL, '2015-05-24 08:12:57', 7347, 'W'),
(378, '06585608', 'WARD NO-08', NULL, 1, NULL, '2015-05-24 08:12:57', NULL, '2015-05-24 08:12:57', 7348, 'W'),
(378, '06585609', 'WARD NO-09', NULL, 1, NULL, '2015-05-24 08:12:57', NULL, '2015-05-24 08:12:57', 7349, 'W'),
(378, '06585617', 'ADAMPUR', NULL, 1, NULL, '2015-05-24 08:37:14', NULL, '2015-05-24 08:37:14', 7350, 'U'),
(378, '06585619', 'ALINAGAR', NULL, 1, NULL, '2015-05-24 08:37:14', NULL, '2015-05-24 08:37:14', 7351, 'U'),
(378, '06585628', 'ISLAMPUR', NULL, 1, NULL, '2015-05-24 08:37:14', NULL, '2015-05-24 08:37:14', 7352, 'U'),
(378, '06585638', 'KAMALGANJ', NULL, 1, NULL, '2015-05-24 08:37:14', NULL, '2015-05-24 08:37:14', 7353, 'U'),
(378, '06585647', 'MADHABPUR', NULL, 1, NULL, '2015-05-24 08:37:14', NULL, '2015-05-24 08:37:14', 7354, 'U'),
(378, '06585657', 'MUNSHI BAZAR', NULL, 1, NULL, '2015-05-24 08:37:14', NULL, '2015-05-24 08:37:14', 7355, 'U'),
(378, '06585666', 'PATANUSHAR', NULL, 1, NULL, '2015-05-24 08:37:14', NULL, '2015-05-24 08:37:14', 7356, 'U'),
(378, '06585676', 'RAHIMPUR', NULL, 1, NULL, '2015-05-24 08:37:14', NULL, '2015-05-24 08:37:14', 7357, 'U'),
(378, '06585685', 'SHAMSHERNAGAR', NULL, 1, NULL, '2015-05-24 08:37:14', NULL, '2015-05-24 08:37:14', 7358, 'U'),
(379, '06586501', 'WARD NO-01', NULL, 1, NULL, '2015-05-24 08:12:57', NULL, '2015-05-24 08:12:57', 7359, 'W'),
(379, '06586502', 'WARD NO-02', NULL, 1, NULL, '2015-05-24 08:12:57', NULL, '2015-05-24 08:12:57', 7360, 'W'),
(379, '06586503', 'WARD NO-03', NULL, 1, NULL, '2015-05-24 08:12:57', NULL, '2015-05-24 08:12:57', 7361, 'W');
INSERT INTO `sa_unions` (`THANA_ID`, `UD_UNION_CODE`, `UNION_NAME`, `ORDER_SL`, `ACTIVE_FLAG`, `CREATED_BY`, `CREATE_DATE`, `UPDATED_BY`, `UPDATE_DATE`, `UNION_ID`, `UAREA_STATUS`) VALUES
(379, '06586504', 'WARD NO-04', NULL, 1, NULL, '2015-05-24 08:12:57', NULL, '2015-05-24 08:12:57', 7362, 'W'),
(379, '06586505', 'WARD NO-05', NULL, 1, NULL, '2015-05-24 08:12:57', NULL, '2015-05-24 08:12:57', 7363, 'W'),
(379, '06586506', 'WARD NO-06', NULL, 1, NULL, '2015-05-24 08:12:57', NULL, '2015-05-24 08:12:57', 7364, 'W'),
(379, '06586507', 'WARD NO-07', NULL, 1, NULL, '2015-05-24 08:12:57', NULL, '2015-05-24 08:12:57', 7365, 'W'),
(379, '06586508', 'WARD NO-08', NULL, 1, NULL, '2015-05-24 08:12:57', NULL, '2015-05-24 08:12:57', 7366, 'W'),
(379, '06586509', 'WARD NO-09', NULL, 1, NULL, '2015-05-24 08:12:57', NULL, '2015-05-24 08:12:57', 7367, 'W'),
(379, '06586510', 'BHUKSHIMAIL', NULL, 1, NULL, '2015-05-24 08:37:14', NULL, '2015-05-24 08:37:14', 7368, 'U'),
(379, '06586511', 'BARAMCHAL', NULL, 1, NULL, '2015-05-24 08:37:14', NULL, '2015-05-24 08:37:14', 7369, 'U'),
(379, '06586513', 'BHATERA', NULL, 1, NULL, '2015-05-24 08:37:14', NULL, '2015-05-24 08:37:14', 7370, 'U'),
(379, '06586517', 'BRAHMAN BAZAR', NULL, 1, NULL, '2015-05-24 08:37:14', NULL, '2015-05-24 08:37:14', 7371, 'U'),
(379, '06586535', 'HAJIPUR', NULL, 1, NULL, '2015-05-24 08:37:14', NULL, '2015-05-24 08:37:14', 7372, 'U'),
(379, '06586541', 'JOYCHANDI', NULL, 1, NULL, '2015-05-24 08:37:14', NULL, '2015-05-24 08:37:14', 7373, 'U'),
(379, '06586553', 'KADIRPUR', NULL, 1, NULL, '2015-05-24 08:37:14', NULL, '2015-05-24 08:37:14', 7374, 'U'),
(379, '06586559', 'KARMADHA', NULL, 1, NULL, '2015-05-24 08:37:14', NULL, '2015-05-24 08:37:14', 7375, 'U'),
(379, '06586565', 'KULAURA', NULL, 1, NULL, '2015-05-24 08:37:14', NULL, '2015-05-24 08:37:14', 7376, 'U'),
(379, '06586571', 'PRITHIM PASHA', NULL, 1, NULL, '2015-05-24 08:37:14', NULL, '2015-05-24 08:37:14', 7377, 'U'),
(379, '06586577', 'ROUTHGAON', NULL, 1, NULL, '2015-05-24 08:37:14', NULL, '2015-05-24 08:37:14', 7378, 'U'),
(379, '06586589', 'SHARIFPUR', NULL, 1, NULL, '2015-05-24 08:37:14', NULL, '2015-05-24 08:37:14', 7379, 'U'),
(379, '06586595', 'TILAGAON', NULL, 1, NULL, '2015-05-24 08:37:14', NULL, '2015-05-24 08:37:14', 7380, 'U'),
(380, '06587401', 'WARD NO-01', NULL, 1, NULL, '2015-05-24 08:12:57', NULL, '2015-05-24 08:12:57', 7381, 'W'),
(380, '06587402', 'WARD NO-02', NULL, 1, NULL, '2015-05-24 08:12:57', NULL, '2015-05-24 08:12:57', 7382, 'W'),
(380, '06587403', 'WARD NO-03', NULL, 1, NULL, '2015-05-24 08:12:57', NULL, '2015-05-24 08:12:57', 7383, 'W'),
(380, '06587404', 'WARD NO-04', NULL, 1, NULL, '2015-05-24 08:12:57', NULL, '2015-05-24 08:12:57', 7384, 'W'),
(380, '06587405', 'WARD NO-05', NULL, 1, NULL, '2015-05-24 08:12:57', NULL, '2015-05-24 08:12:57', 7385, 'W'),
(380, '06587406', 'WARD NO-06', NULL, 1, NULL, '2015-05-24 08:12:57', NULL, '2015-05-24 08:12:57', 7386, 'W'),
(380, '06587407', 'WARD NO-07', NULL, 1, NULL, '2015-05-24 08:12:57', NULL, '2015-05-24 08:12:57', 7387, 'W'),
(380, '06587408', 'WARD NO-08', NULL, 1, NULL, '2015-05-24 08:12:57', NULL, '2015-05-24 08:12:57', 7388, 'W'),
(380, '06587409', 'WARD NO-09', NULL, 1, NULL, '2015-05-24 08:12:57', NULL, '2015-05-24 08:12:57', 7389, 'W'),
(380, '06587413', 'AKHAILKURA', NULL, 1, NULL, '2015-05-24 08:37:14', NULL, '2015-05-24 08:37:14', 7390, 'U'),
(380, '06587414', 'AMTAIL', NULL, 1, NULL, '2015-05-24 08:37:14', NULL, '2015-05-24 08:37:14', 7391, 'U'),
(380, '06587421', 'CHANDIGHAT', NULL, 1, NULL, '2015-05-24 08:37:14', NULL, '2015-05-24 08:37:14', 7392, 'U'),
(380, '06587429', 'EKATUNA', NULL, 1, NULL, '2015-05-24 08:37:14', NULL, '2015-05-24 08:37:14', 7393, 'U'),
(380, '06587436', 'GIASNAGAR', NULL, 1, NULL, '2015-05-24 08:37:14', NULL, '2015-05-24 08:37:14', 7394, 'U'),
(380, '06587443', 'KAMALPUR', NULL, 1, NULL, '2015-05-24 08:37:14', NULL, '2015-05-24 08:37:14', 7395, 'U'),
(380, '06587451', 'KANAKPUR', NULL, 1, NULL, '2015-05-24 08:37:14', NULL, '2015-05-24 08:37:14', 7396, 'U'),
(380, '06587458', 'KHALILPUR', NULL, 1, NULL, '2015-05-24 08:37:14', NULL, '2015-05-24 08:37:14', 7397, 'U'),
(380, '06587465', 'MANUMUKH', NULL, 1, NULL, '2015-05-24 08:37:14', NULL, '2015-05-24 08:37:14', 7398, 'U'),
(380, '06587480', 'MOSTAFAPUR', NULL, 1, NULL, '2015-05-24 08:37:14', NULL, '2015-05-24 08:37:14', 7399, 'U'),
(380, '06587487', 'NAZIRABAD', NULL, 1, NULL, '2015-05-24 08:37:14', NULL, '2015-05-24 08:37:14', 7400, 'U'),
(380, '06587494', 'UPPER KAGABALA', NULL, 1, NULL, '2015-05-24 08:37:14', NULL, '2015-05-24 08:37:14', 7401, 'U'),
(381, '06588010', 'FATEHPUR', NULL, 1, NULL, '2015-05-24 08:37:14', NULL, '2015-05-24 08:37:14', 7402, 'U'),
(381, '06588021', 'KAMAR CHAK', NULL, 1, NULL, '2015-05-24 08:37:14', NULL, '2015-05-24 08:37:14', 7403, 'U'),
(381, '06588031', 'MANSURNAGAR', NULL, 1, NULL, '2015-05-24 08:37:14', NULL, '2015-05-24 08:37:14', 7404, 'U'),
(381, '06588042', 'MUNSHI BAZAR', NULL, 1, NULL, '2015-05-24 08:37:14', NULL, '2015-05-24 08:37:14', 7405, 'U'),
(381, '06588052', 'PANCHGAON', NULL, 1, NULL, '2015-05-24 08:37:14', NULL, '2015-05-24 08:37:14', 7406, 'U'),
(381, '06588063', 'RAJNAGAR', NULL, 1, NULL, '2015-05-24 08:37:14', NULL, '2015-05-24 08:37:14', 7407, 'U'),
(381, '06588073', 'TENGRA', NULL, 1, NULL, '2015-05-24 08:37:14', NULL, '2015-05-24 08:37:14', 7408, 'U'),
(381, '06588084', 'UTTARBHAG', NULL, 1, NULL, '2015-05-24 08:37:14', NULL, '2015-05-24 08:37:14', 7409, 'U'),
(382, '06588301', 'WARD NO-01', NULL, 1, NULL, '2015-05-24 08:12:57', NULL, '2015-05-24 08:12:57', 7410, 'W'),
(382, '06588302', 'WARD NO-02', NULL, 1, NULL, '2015-05-24 08:12:57', NULL, '2015-05-24 08:12:57', 7411, 'W'),
(382, '06588303', 'WARD NO-03', NULL, 1, NULL, '2015-05-24 08:12:57', NULL, '2015-05-24 08:12:57', 7412, 'W'),
(382, '06588304', 'WARD NO-04', NULL, 1, NULL, '2015-05-24 08:12:57', NULL, '2015-05-24 08:12:57', 7413, 'W'),
(382, '06588305', 'WARD NO-05', NULL, 1, NULL, '2015-05-24 08:12:57', NULL, '2015-05-24 08:12:57', 7414, 'W'),
(382, '06588306', 'WARD NO-06', NULL, 1, NULL, '2015-05-24 08:12:57', NULL, '2015-05-24 08:12:57', 7415, 'W'),
(382, '06588307', 'WARD NO-07', NULL, 1, NULL, '2015-05-24 08:12:57', NULL, '2015-05-24 08:12:57', 7416, 'W'),
(382, '06588308', 'WARD NO-08', NULL, 1, NULL, '2015-05-24 08:12:57', NULL, '2015-05-24 08:12:57', 7417, 'W'),
(382, '06588309', 'WARD NO-09', NULL, 1, NULL, '2015-05-24 08:12:57', NULL, '2015-05-24 08:12:57', 7418, 'W'),
(382, '06588315', 'ASHIDRON', NULL, 1, NULL, '2015-05-24 08:37:14', NULL, '2015-05-24 08:37:14', 7419, 'U'),
(382, '06588319', 'BHUNABIR', NULL, 1, NULL, '2015-05-24 08:37:14', NULL, '2015-05-24 08:37:14', 7420, 'U'),
(382, '06588328', 'KALAPUR', NULL, 1, NULL, '2015-05-24 08:37:14', NULL, '2015-05-24 08:37:14', 7421, 'U'),
(382, '06588338', 'KALIGHAT', NULL, 1, NULL, '2015-05-24 08:37:14', NULL, '2015-05-24 08:37:14', 7422, 'U'),
(382, '06588347', 'MIRZAPUR', NULL, 1, NULL, '2015-05-24 08:37:14', NULL, '2015-05-24 08:37:14', 7423, 'U'),
(382, '06588357', 'RAJGHAT', NULL, 1, NULL, '2015-05-24 08:37:14', NULL, '2015-05-24 08:37:14', 7424, 'U'),
(382, '06588366', 'SATGOAN', NULL, 1, NULL, '2015-05-24 08:37:14', NULL, '2015-05-24 08:37:14', 7425, 'U'),
(382, '06588376', 'SINDURKHAN', NULL, 1, NULL, '2015-05-24 08:37:14', NULL, '2015-05-24 08:37:14', 7426, 'U'),
(382, '06588385', 'SREEMANGAL', NULL, 1, NULL, '2015-05-24 08:37:14', NULL, '2015-05-24 08:37:14', 7427, 'U'),
(383, '06901817', 'DAKSHIN BADAGHAT', NULL, 1, NULL, '2015-05-24 08:37:14', NULL, '2015-05-24 08:37:14', 7428, 'U'),
(383, '06901820', 'DHONPUR', NULL, 1, NULL, '2015-05-24 08:37:14', NULL, '2015-05-24 08:37:14', 7429, 'U'),
(383, '06901834', 'FATEHPUR', NULL, 1, NULL, '2015-05-24 08:37:14', NULL, '2015-05-24 08:37:14', 7430, 'U'),
(383, '06901877', 'PALASH', NULL, 1, NULL, '2015-05-24 08:37:14', NULL, '2015-05-24 08:37:14', 7431, 'U'),
(383, '06901880', 'SHOLUKABAD', NULL, 1, NULL, '2015-05-24 08:37:14', NULL, '2015-05-24 08:37:14', 7432, 'U'),
(384, '06902301', 'WARD NO-01', NULL, 1, NULL, '2015-05-24 08:12:57', NULL, '2015-05-24 08:12:57', 7433, 'W'),
(384, '06902302', 'WARD NO-02', NULL, 1, NULL, '2015-05-24 08:12:57', NULL, '2015-05-24 08:12:57', 7434, 'W'),
(384, '06902303', 'WARD NO-03', NULL, 1, NULL, '2015-05-24 08:12:57', NULL, '2015-05-24 08:12:57', 7435, 'W'),
(384, '06902304', 'WARD NO-04', NULL, 1, NULL, '2015-05-24 08:12:57', NULL, '2015-05-24 08:12:57', 7436, 'W'),
(384, '06902305', 'WARD NO-05', NULL, 1, NULL, '2015-05-24 08:12:57', NULL, '2015-05-24 08:12:57', 7437, 'W'),
(384, '06902306', 'WARD NO-06', NULL, 1, NULL, '2015-05-24 08:12:57', NULL, '2015-05-24 08:12:57', 7438, 'W'),
(384, '06902307', 'WARD NO-07', NULL, 1, NULL, '2015-05-24 08:12:57', NULL, '2015-05-24 08:12:57', 7439, 'W'),
(384, '06902308', 'WARD NO-08', NULL, 1, NULL, '2015-05-24 08:12:57', NULL, '2015-05-24 08:12:57', 7440, 'W'),
(384, '06902309', 'WARD NO-09', NULL, 1, NULL, '2015-05-24 08:12:57', NULL, '2015-05-24 08:12:57', 7441, 'W'),
(384, '06902311', 'BHATGAON', NULL, 1, NULL, '2015-05-24 08:37:14', NULL, '2015-05-24 08:37:14', 7442, 'U'),
(384, '06902313', 'CHHATAK', NULL, 1, NULL, '2015-05-24 08:37:14', NULL, '2015-05-24 08:37:14', 7443, 'U'),
(384, '06902314', 'CHARMOHALLA', NULL, 1, NULL, '2015-05-24 08:37:14', NULL, '2015-05-24 08:37:14', 7444, 'U'),
(384, '06902338', 'DULAR BAZAR', NULL, 1, NULL, '2015-05-24 08:37:14', NULL, '2015-05-24 08:37:14', 7445, 'U'),
(384, '06902342', 'DAKSHIN KHURMA', NULL, 1, NULL, '2015-05-24 08:37:14', NULL, '2015-05-24 08:37:14', 7446, 'U'),
(384, '06902347', 'DAKSHIN ISLAMPUR', NULL, 1, NULL, '2015-05-24 08:37:14', NULL, '2015-05-24 08:37:14', 7447, 'U'),
(384, '06902352', 'JAWAR BAZAR', NULL, 1, NULL, '2015-05-24 08:37:14', NULL, '2015-05-24 08:37:14', 7448, 'U'),
(384, '06902357', 'KALARUKA', NULL, 1, NULL, '2015-05-24 08:37:14', NULL, '2015-05-24 08:37:14', 7449, 'U'),
(384, '06902376', 'NOARAI', NULL, 1, NULL, '2015-05-24 08:37:14', NULL, '2015-05-24 08:37:14', 7450, 'U'),
(384, '06902385', 'SAIDERGAON', NULL, 1, NULL, '2015-05-24 08:37:14', NULL, '2015-05-24 08:37:14', 7451, 'U'),
(384, '06902390', 'SAILA AFZALABAD', NULL, 1, NULL, '2015-05-24 08:37:14', NULL, '2015-05-24 08:37:14', 7452, 'U'),
(384, '06902392', 'SING CHAPAIR', NULL, 1, NULL, '2015-05-24 08:37:14', NULL, '2015-05-24 08:37:14', 7453, 'U'),
(384, '06902394', 'UTTAR KHURMA', NULL, 1, NULL, '2015-05-24 08:37:14', NULL, '2015-05-24 08:37:14', 7454, 'U'),
(385, '06902711', 'DURGAPASHA', NULL, 1, NULL, '2015-05-24 08:37:14', NULL, '2015-05-24 08:37:14', 7455, 'U'),
(385, '06902733', 'JOYKALAS', NULL, 1, NULL, '2015-05-24 08:37:14', NULL, '2015-05-24 08:37:14', 7456, 'U'),
(385, '06902761', 'PATHARIA', NULL, 1, NULL, '2015-05-24 08:37:14', NULL, '2015-05-24 08:37:14', 7457, 'U'),
(385, '06902778', 'SHIMULBAK', NULL, 1, NULL, '2015-05-24 08:37:14', NULL, '2015-05-24 08:37:14', 7458, 'U'),
(385, '06902789', 'PASCHIM BIRGAON', NULL, 1, NULL, '2015-05-24 08:37:14', NULL, '2015-05-24 08:37:14', 7459, 'U'),
(385, '06902790', 'PASCHIM PAGLA', NULL, 1, NULL, '2015-05-24 08:37:14', NULL, '2015-05-24 08:37:14', 7460, 'U'),
(385, '06902792', 'PURBA BIRGOAN', NULL, 1, NULL, '2015-05-24 08:37:14', NULL, '2015-05-24 08:37:14', 7461, 'U'),
(385, '06902794', 'PURBA PAGLA', NULL, 1, NULL, '2015-05-24 08:37:14', NULL, '2015-05-24 08:37:14', 7462, 'U'),
(386, '06902901', 'WARD NO-01', NULL, 1, NULL, '2015-05-24 08:12:57', NULL, '2015-05-24 08:12:57', 7463, 'W'),
(386, '06902902', 'WARD NO-02', NULL, 1, NULL, '2015-05-24 08:12:57', NULL, '2015-05-24 08:12:57', 7464, 'W'),
(386, '06902903', 'WARD NO-03', NULL, 1, NULL, '2015-05-24 08:12:57', NULL, '2015-05-24 08:12:57', 7465, 'W'),
(386, '06902904', 'WARD NO-04', NULL, 1, NULL, '2015-05-24 08:12:57', NULL, '2015-05-24 08:12:57', 7466, 'W'),
(386, '06902905', 'WARD NO-05', NULL, 1, NULL, '2015-05-24 08:12:57', NULL, '2015-05-24 08:12:57', 7467, 'W'),
(386, '06902906', 'WARD NO-06', NULL, 1, NULL, '2015-05-24 08:12:57', NULL, '2015-05-24 08:12:57', 7468, 'W'),
(386, '06902907', 'WARD NO-07', NULL, 1, NULL, '2015-05-24 08:12:57', NULL, '2015-05-24 08:12:57', 7469, 'W'),
(386, '06902908', 'WARD NO-08', NULL, 1, NULL, '2015-05-24 08:12:57', NULL, '2015-05-24 08:12:57', 7470, 'W'),
(386, '06902909', 'WARD NO-09', NULL, 1, NULL, '2015-05-24 08:12:57', NULL, '2015-05-24 08:12:57', 7471, 'W'),
(386, '06902917', 'BHATI PARA', NULL, 1, NULL, '2015-05-24 08:37:14', NULL, '2015-05-24 08:37:14', 7472, 'U'),
(386, '06902919', 'CHARNAR CHAR', NULL, 1, NULL, '2015-05-24 08:37:14', NULL, '2015-05-24 08:37:14', 7473, 'U'),
(386, '06902928', 'DERAI SARMANGAL', NULL, 1, NULL, '2015-05-24 08:37:14', NULL, '2015-05-24 08:37:14', 7474, 'U'),
(386, '06902938', 'JAGADDAL', NULL, 1, NULL, '2015-05-24 08:37:14', NULL, '2015-05-24 08:37:14', 7475, 'U'),
(386, '06902947', 'KARIMPUR', NULL, 1, NULL, '2015-05-24 08:37:14', NULL, '2015-05-24 08:37:14', 7476, 'U'),
(386, '06902957', 'KULANJ', NULL, 1, NULL, '2015-05-24 08:37:14', NULL, '2015-05-24 08:37:14', 7477, 'U'),
(386, '06902966', 'RAFINAGAR', NULL, 1, NULL, '2015-05-24 08:37:14', NULL, '2015-05-24 08:37:14', 7478, 'U'),
(386, '06902976', 'RAJANAGAR', NULL, 1, NULL, '2015-05-24 08:37:14', NULL, '2015-05-24 08:37:14', 7479, 'U'),
(386, '06902985', 'TARAL', NULL, 1, NULL, '2015-05-24 08:37:14', NULL, '2015-05-24 08:37:14', 7480, 'U'),
(387, '06903221', 'DAKSHIN SUKHAIRRAJAPUR', NULL, 1, NULL, '2015-05-24 08:37:14', NULL, '2015-05-24 08:37:14', 7481, 'U'),
(387, '06903223', 'CHAMARDANI', NULL, 1, NULL, '2015-05-24 08:37:14', NULL, '2015-05-24 08:37:14', 7482, 'U'),
(387, '06903235', 'DAKSHIN BONGSHIKUNDA', NULL, 1, NULL, '2015-05-24 08:37:14', NULL, '2015-05-24 08:37:14', 7483, 'U'),
(387, '06903238', 'DHARMAPASHA', NULL, 1, NULL, '2015-05-24 08:37:14', NULL, '2015-05-24 08:37:14', 7484, 'U'),
(387, '06903247', 'JOYSREE', NULL, 1, NULL, '2015-05-24 08:37:14', NULL, '2015-05-24 08:37:14', 7485, 'U'),
(387, '06903257', 'MADHYANAGAR', NULL, 1, NULL, '2015-05-24 08:37:14', NULL, '2015-05-24 08:37:14', 7486, 'U'),
(387, '06903266', 'PAIKURATI', NULL, 1, NULL, '2015-05-24 08:37:14', NULL, '2015-05-24 08:37:14', 7487, 'U'),
(387, '06903276', 'SELBORASH', NULL, 1, NULL, '2015-05-24 08:37:14', NULL, '2015-05-24 08:37:14', 7488, 'U'),
(387, '06903285', 'UTTAR SUKHAIR RAJAPUR', NULL, 1, NULL, '2015-05-24 08:37:14', NULL, '2015-05-24 08:37:14', 7489, 'U'),
(387, '06903290', 'UTTAR BANGSHIKUNDA', NULL, 1, NULL, '2015-05-24 08:37:14', NULL, '2015-05-24 08:37:14', 7490, 'U'),
(388, '06903321', 'BOUGLA BAZAR', NULL, 1, NULL, '2015-05-24 08:37:14', NULL, '2015-05-24 08:37:14', 7491, 'U'),
(388, '06903327', 'DAKSHIN DOWARABAZAR', NULL, 1, NULL, '2015-05-24 08:37:14', NULL, '2015-05-24 08:37:14', 7492, 'U'),
(388, '06903332', 'DUHALIA', NULL, 1, NULL, '2015-05-24 08:37:14', NULL, '2015-05-24 08:37:14', 7493, 'U'),
(388, '06903361', 'LAKSHMIPUR', NULL, 1, NULL, '2015-05-24 08:37:14', NULL, '2015-05-24 08:37:14', 7494, 'U'),
(388, '06903367', 'MANNARGAON', NULL, 1, NULL, '2015-05-24 08:37:14', NULL, '2015-05-24 08:37:14', 7495, 'U'),
(388, '06903378', 'PANDERGAON', NULL, 1, NULL, '2015-05-24 08:37:14', NULL, '2015-05-24 08:37:14', 7496, 'U'),
(388, '06903381', 'SURMA', NULL, 1, NULL, '2015-05-24 08:37:14', NULL, '2015-05-24 08:37:14', 7497, 'U'),
(388, '06903386', 'BANGLA BAZAR', NULL, 1, NULL, '2015-05-24 08:37:14', NULL, '2015-05-24 08:37:14', 7498, 'U'),
(388, '06903392', 'NARSING PUR', NULL, 1, NULL, '2015-05-24 08:37:14', NULL, '2015-05-24 08:37:14', 7499, 'U'),
(389, '06904701', 'WARD NO-01', NULL, 1, NULL, '2015-05-24 08:12:57', NULL, '2015-05-24 08:12:57', 7500, 'W'),
(389, '06904702', 'WARD NO-02', NULL, 1, NULL, '2015-05-24 08:12:57', NULL, '2015-05-24 08:12:57', 7501, 'W'),
(389, '06904703', 'WARD NO-03', NULL, 1, NULL, '2015-05-24 08:12:57', NULL, '2015-05-24 08:12:57', 7502, 'W'),
(389, '06904704', 'WARD NO-04', NULL, 1, NULL, '2015-05-24 08:12:57', NULL, '2015-05-24 08:12:57', 7503, 'W'),
(389, '06904705', 'WARD NO-05', NULL, 1, NULL, '2015-05-24 08:12:57', NULL, '2015-05-24 08:12:57', 7504, 'W'),
(389, '06904706', 'WARD NO-06', NULL, 1, NULL, '2015-05-24 08:12:57', NULL, '2015-05-24 08:12:57', 7505, 'W'),
(389, '06904707', 'WARD NO-07', NULL, 1, NULL, '2015-05-24 08:12:57', NULL, '2015-05-24 08:12:57', 7506, 'W'),
(389, '06904708', 'WARD NO-08', NULL, 1, NULL, '2015-05-24 08:12:57', NULL, '2015-05-24 08:12:57', 7507, 'W'),
(389, '06904709', 'WARD NO-09', NULL, 1, NULL, '2015-05-24 08:12:57', NULL, '2015-05-24 08:12:57', 7508, 'W'),
(389, '06904717', 'ASHARKANDI', NULL, 1, NULL, '2015-05-24 08:37:14', NULL, '2015-05-24 08:37:14', 7509, 'U'),
(389, '06904719', 'HALDIPUR', NULL, 1, NULL, '2015-05-24 08:37:14', NULL, '2015-05-24 08:37:14', 7510, 'U'),
(389, '06904738', 'KALKALIA', NULL, 1, NULL, '2015-05-24 08:37:14', NULL, '2015-05-24 08:37:14', 7511, 'U'),
(389, '06904747', 'MIRPUR', NULL, 1, NULL, '2015-05-24 08:37:14', NULL, '2015-05-24 08:37:14', 7512, 'U'),
(389, '06904757', 'PAILGAON', NULL, 1, NULL, '2015-05-24 08:37:14', NULL, '2015-05-24 08:37:14', 7513, 'U'),
(389, '06904766', 'PATALI', NULL, 1, NULL, '2015-05-24 08:37:14', NULL, '2015-05-24 08:37:14', 7514, 'U'),
(389, '06904776', 'RANIGANJ', NULL, 1, NULL, '2015-05-24 08:37:14', NULL, '2015-05-24 08:37:14', 7515, 'U'),
(389, '06904785', 'SYED PUR', NULL, 1, NULL, '2015-05-24 08:37:14', NULL, '2015-05-24 08:37:14', 7516, 'U'),
(37, '06905013', 'BEHELI', NULL, 1, NULL, '2015-05-24 08:37:14', NULL, '2015-05-24 08:37:14', 7517, 'U'),
(37, '06905027', 'VIMKHALI', NULL, 1, NULL, '2015-05-24 08:37:14', NULL, '2015-05-24 08:37:14', 7518, 'U'),
(37, '06905054', 'FENARBAK', NULL, 1, NULL, '2015-05-24 08:37:14', NULL, '2015-05-24 08:37:14', 7519, 'U'),
(37, '06905067', 'JAMALGANJ', NULL, 1, NULL, '2015-05-24 08:37:14', NULL, '2015-05-24 08:37:14', 7520, 'U'),
(37, '06905081', 'SACHNA BAZAR', NULL, 1, NULL, '2015-05-24 08:37:14', NULL, '2015-05-24 08:37:14', 7521, 'U'),
(390, '06908623', 'ATGAON', NULL, 1, NULL, '2015-05-24 08:37:14', NULL, '2015-05-24 08:37:14', 7522, 'U'),
(390, '06908647', 'BAHARA', NULL, 1, NULL, '2015-05-24 08:37:14', NULL, '2015-05-24 08:37:14', 7523, 'U'),
(390, '06908671', 'HABIBPUR', NULL, 1, NULL, '2015-05-24 08:37:14', NULL, '2015-05-24 08:37:14', 7524, 'U'),
(390, '06908695', 'SULLA', NULL, 1, NULL, '2015-05-24 08:37:14', NULL, '2015-05-24 08:37:14', 7525, 'U'),
(391, '06908901', 'WARD NO-01', NULL, 1, NULL, '2015-05-24 08:12:57', NULL, '2015-05-24 08:12:57', 7526, 'W'),
(391, '06908902', 'WARD NO-02', NULL, 1, NULL, '2015-05-24 08:12:57', NULL, '2015-05-24 08:12:57', 7527, 'W'),
(391, '06908903', 'WARD NO-03', NULL, 1, NULL, '2015-05-24 08:12:57', NULL, '2015-05-24 08:12:57', 7528, 'W'),
(391, '06908904', 'WARD NO-04', NULL, 1, NULL, '2015-05-24 08:12:57', NULL, '2015-05-24 08:12:57', 7529, 'W'),
(391, '06908905', 'WARD NO-05', NULL, 1, NULL, '2015-05-24 08:12:57', NULL, '2015-05-24 08:12:57', 7530, 'W'),
(391, '06908906', 'WARD NO-06', NULL, 1, NULL, '2015-05-24 08:12:57', NULL, '2015-05-24 08:12:57', 7531, 'W'),
(391, '06908907', 'WARD NO-07', NULL, 1, NULL, '2015-05-24 08:12:57', NULL, '2015-05-24 08:12:57', 7532, 'W'),
(391, '06908908', 'WARD NO-08', NULL, 1, NULL, '2015-05-24 08:12:57', NULL, '2015-05-24 08:12:57', 7533, 'W'),
(391, '06908909', 'WARD NO-09', NULL, 1, NULL, '2015-05-24 08:12:57', NULL, '2015-05-24 08:12:57', 7534, 'W'),
(391, '06908910', 'AFTABNAGAR', NULL, 1, NULL, '2015-05-24 08:37:14', NULL, '2015-05-24 08:37:14', 7535, 'U'),
(391, '06908927', 'GOURARARANG', NULL, 1, NULL, '2015-05-24 08:37:14', NULL, '2015-05-24 08:37:14', 7536, 'U'),
(391, '06908933', 'JAHANGIRNAGAR', NULL, 1, NULL, '2015-05-24 08:37:14', NULL, '2015-05-24 08:37:14', 7537, 'U'),
(391, '06908936', 'KATAIR', NULL, 1, NULL, '2015-05-24 08:37:14', NULL, '2015-05-24 08:37:14', 7538, 'U'),
(391, '06908939', 'LAKSHMANSREE', NULL, 1, NULL, '2015-05-24 08:37:14', NULL, '2015-05-24 08:37:14', 7539, 'U'),
(391, '06908950', 'MOHANPUR', NULL, 1, NULL, '2015-05-24 08:37:14', NULL, '2015-05-24 08:37:14', 7540, 'U'),
(391, '06908955', 'MOLLAH PARA', NULL, 1, NULL, '2015-05-24 08:37:14', NULL, '2015-05-24 08:37:14', 7541, 'U'),
(391, '06908972', 'RANGAR CHAR', NULL, 1, NULL, '2015-05-24 08:37:14', NULL, '2015-05-24 08:37:14', 7542, 'U'),
(391, '06908977', 'SURMA', NULL, 1, NULL, '2015-05-24 08:37:14', NULL, '2015-05-24 08:37:14', 7543, 'U'),
(392, '06909210', 'BALIJURI', NULL, 1, NULL, '2015-05-24 08:37:14', NULL, '2015-05-24 08:37:14', 7544, 'U'),
(392, '06909233', 'DAKSHIN SREEPUR', NULL, 1, NULL, '2015-05-24 08:37:14', NULL, '2015-05-24 08:37:14', 7545, 'U'),
(392, '06909243', 'DAKSHIN BADAL', NULL, 1, NULL, '2015-05-24 08:37:14', NULL, '2015-05-24 08:37:14', 7546, 'U'),
(392, '06909264', 'TAHIRPUR', NULL, 1, NULL, '2015-05-24 08:37:14', NULL, '2015-05-24 08:37:14', 7547, 'U'),
(392, '06909271', 'UTTAR BADAGHAT', NULL, 1, NULL, '2015-05-24 08:37:14', NULL, '2015-05-24 08:37:14', 7548, 'U'),
(392, '06909282', 'UTTAR BADAL', NULL, 1, NULL, '2015-05-24 08:37:14', NULL, '2015-05-24 08:37:14', 7549, 'U'),
(392, '06909292', 'UTTAR SREEPUR', NULL, 1, NULL, '2015-05-24 08:37:14', NULL, '2015-05-24 08:37:14', 7550, 'U'),
(393, '06910811', 'BALAGANJ', NULL, 1, NULL, '2015-05-24 08:37:14', NULL, '2015-05-24 08:37:14', 7551, 'U'),
(393, '06910813', 'BOALJUR', NULL, 1, NULL, '2015-05-24 08:37:14', NULL, '2015-05-24 08:37:14', 7552, 'U'),
(393, '06910820', 'BURUNGA BAZAR', NULL, 1, NULL, '2015-05-24 08:37:14', NULL, '2015-05-24 08:37:14', 7553, 'U'),
(393, '06910827', 'DAYAMIR', NULL, 1, NULL, '2015-05-24 08:37:14', NULL, '2015-05-24 08:37:14', 7554, 'U'),
(393, '06910833', 'DEWAN BAZAR', NULL, 1, NULL, '2015-05-24 08:37:14', NULL, '2015-05-24 08:37:14', 7555, 'U'),
(393, '06910840', 'GOULA BAZAR', NULL, 1, NULL, '2015-05-24 08:37:14', NULL, '2015-05-24 08:37:14', 7556, 'U'),
(393, '06910851', 'OMARPUR', NULL, 1, NULL, '2015-05-24 08:37:14', NULL, '2015-05-24 08:37:14', 7557, 'U'),
(393, '06910855', 'OSMANPUR', NULL, 1, NULL, '2015-05-24 08:37:14', NULL, '2015-05-24 08:37:14', 7558, 'U'),
(393, '06910860', 'PASCHIM GAURIPUR', NULL, 1, NULL, '2015-05-24 08:37:14', NULL, '2015-05-24 08:37:14', 7559, 'U'),
(393, '06910864', 'PASCHIM PAILANPUR', NULL, 1, NULL, '2015-05-24 08:37:14', NULL, '2015-05-24 08:37:14', 7560, 'U'),
(393, '06910867', 'PURBA PAILANPUR', NULL, 1, NULL, '2015-05-24 08:37:14', NULL, '2015-05-24 08:37:14', 7561, 'U'),
(393, '06910870', 'PURBA GAURIPUR', NULL, 1, NULL, '2015-05-24 08:37:14', NULL, '2015-05-24 08:37:14', 7562, 'U'),
(393, '06910881', 'SADIPUR', NULL, 1, NULL, '2015-05-24 08:37:14', NULL, '2015-05-24 08:37:14', 7563, 'U'),
(393, '06910888', 'TAJPUR', NULL, 1, NULL, '2015-05-24 08:37:14', NULL, '2015-05-24 08:37:14', 7564, 'U'),
(27, '06911701', 'WARD NO-01', NULL, 1, NULL, '2015-05-24 08:12:57', NULL, '2015-05-24 08:12:57', 7565, 'W'),
(27, '06911702', 'WARD NO-02', NULL, 1, NULL, '2015-05-24 08:12:57', NULL, '2015-05-24 08:12:57', 7566, 'W'),
(27, '06911703', 'WARD NO-03', NULL, 1, NULL, '2015-05-24 08:12:57', NULL, '2015-05-24 08:12:57', 7567, 'W'),
(27, '06911704', 'WARD NO-04', NULL, 1, NULL, '2015-05-24 08:12:57', NULL, '2015-05-24 08:12:57', 7568, 'W'),
(27, '06911705', 'WARD NO-05', NULL, 1, NULL, '2015-05-24 08:12:57', NULL, '2015-05-24 08:12:57', 7569, 'W'),
(27, '06911706', 'WARD NO-06', NULL, 1, NULL, '2015-05-24 08:12:57', NULL, '2015-05-24 08:12:57', 7570, 'W'),
(27, '06911707', 'WARD NO-07', NULL, 1, NULL, '2015-05-24 08:12:57', NULL, '2015-05-24 08:12:57', 7571, 'W'),
(27, '06911708', 'WARD NO-08', NULL, 1, NULL, '2015-05-24 08:12:57', NULL, '2015-05-24 08:12:57', 7572, 'W'),
(27, '06911709', 'WARD NO-09', NULL, 1, NULL, '2015-05-24 08:12:57', NULL, '2015-05-24 08:12:57', 7573, 'W'),
(27, '06911711', 'ALINAGAR', NULL, 1, NULL, '2015-05-24 08:37:14', NULL, '2015-05-24 08:37:14', 7574, 'U'),
(27, '06911714', 'MOLLAHPUR', NULL, 1, NULL, '2015-05-24 08:37:14', NULL, '2015-05-24 08:37:14', 7575, 'U'),
(27, '06911725', 'CHARKHAI', NULL, 1, NULL, '2015-05-24 08:37:14', NULL, '2015-05-24 08:37:14', 7576, 'U'),
(27, '06911734', 'DOBHAG', NULL, 1, NULL, '2015-05-24 08:37:14', NULL, '2015-05-24 08:37:14', 7577, 'U'),
(27, '06911743', 'KURAR BAZAR', NULL, 1, NULL, '2015-05-24 08:37:14', NULL, '2015-05-24 08:37:14', 7578, 'U'),
(27, '06911751', 'LAUTA', NULL, 1, NULL, '2015-05-24 08:37:14', NULL, '2015-05-24 08:37:14', 7579, 'U'),
(27, '06911760', 'MATHIURA', NULL, 1, NULL, '2015-05-24 08:37:14', NULL, '2015-05-24 08:37:14', 7580, 'U'),
(27, '06911777', 'MURIA', NULL, 1, NULL, '2015-05-24 08:37:14', NULL, '2015-05-24 08:37:14', 7581, 'U'),
(27, '06911786', 'SHEOLA', NULL, 1, NULL, '2015-05-24 08:37:14', NULL, '2015-05-24 08:37:14', 7582, 'U'),
(27, '06911794', 'TILPARA', NULL, 1, NULL, '2015-05-24 08:37:14', NULL, '2015-05-24 08:37:14', 7583, 'U'),
(394, '06912010', 'ALANKARI', NULL, 1, NULL, '2015-05-24 08:37:14', NULL, '2015-05-24 08:37:14', 7584, 'U'),
(394, '06912021', 'BISHWANATH', NULL, 1, NULL, '2015-05-24 08:37:14', NULL, '2015-05-24 08:37:14', 7585, 'U'),
(394, '06912031', 'DAULATPUR', NULL, 1, NULL, '2015-05-24 08:37:14', NULL, '2015-05-24 08:37:14', 7586, 'U'),
(394, '06912042', 'DEOKALAS', NULL, 1, NULL, '2015-05-24 08:37:14', NULL, '2015-05-24 08:37:14', 7587, 'U'),
(394, '06912052', 'DASGHAR', NULL, 1, NULL, '2015-05-24 08:37:14', NULL, '2015-05-24 08:37:14', 7588, 'U'),
(394, '06912063', 'KHAZANCHIGAON', NULL, 1, NULL, '2015-05-24 08:37:14', NULL, '2015-05-24 08:37:14', 7589, 'U'),
(394, '06912073', 'LAMA KAZI', NULL, 1, NULL, '2015-05-24 08:37:14', NULL, '2015-05-24 08:37:14', 7590, 'U'),
(394, '06912084', 'RAMPASHA', NULL, 1, NULL, '2015-05-24 08:37:14', NULL, '2015-05-24 08:37:14', 7591, 'U'),
(395, '06912711', 'ISLAMPUR PASCHIM', NULL, 1, NULL, '2015-05-24 08:37:14', NULL, '2015-05-24 08:37:14', 7592, 'U'),
(395, '06912713', 'ISLAMPUR PURBA', NULL, 1, NULL, '2015-05-24 08:37:14', NULL, '2015-05-24 08:37:14', 7593, 'U'),
(395, '06912717', 'ISHAKALAS', NULL, 1, NULL, '2015-05-24 08:37:14', NULL, '2015-05-24 08:37:14', 7594, 'U'),
(395, '06912747', 'RANIKHAI DAKSHIN', NULL, 1, NULL, '2015-05-24 08:37:14', NULL, '2015-05-24 08:37:14', 7595, 'U'),
(395, '06912757', 'RANIKHAI UTTAR', NULL, 1, NULL, '2015-05-24 08:37:14', NULL, '2015-05-24 08:37:14', 7596, 'U'),
(395, '06912771', 'TELIKHAL', NULL, 1, NULL, '2015-05-24 08:37:14', NULL, '2015-05-24 08:37:14', 7597, 'U'),
(396, '06913130', 'DAUDPUR', NULL, 1, NULL, '2015-05-24 08:37:14', NULL, '2015-05-24 08:37:14', 7598, 'U'),
(396, '06913136', 'BARAIKANDI', NULL, 1, NULL, '2015-05-24 08:37:14', NULL, '2015-05-24 08:37:14', 7599, 'U'),
(396, '06913137', 'JALALPUR', NULL, 1, NULL, '2015-05-24 08:37:14', NULL, '2015-05-24 08:37:14', 7600, 'U'),
(396, '06913145', 'KUCHAI', NULL, 1, NULL, '2015-05-24 08:37:14', NULL, '2015-05-24 08:37:14', 7601, 'U'),
(396, '06913150', 'LALA BAZAR', NULL, 1, NULL, '2015-05-24 08:37:14', NULL, '2015-05-24 08:37:14', 7602, 'U'),
(396, '06913160', 'MOGLA BAZAR', NULL, 1, NULL, '2015-05-24 08:37:14', NULL, '2015-05-24 08:37:14', 7603, 'U'),
(396, '06913165', 'MOLLARGAON', NULL, 1, NULL, '2015-05-24 08:37:14', NULL, '2015-05-24 08:37:14', 7604, 'U'),
(396, '06913175', 'SILAM', NULL, 1, NULL, '2015-05-24 08:37:14', NULL, '2015-05-24 08:37:14', 7605, 'U'),
(396, '06913185', 'TETLI', NULL, 1, NULL, '2015-05-24 08:37:14', NULL, '2015-05-24 08:37:14', 7606, 'U'),
(397, '06913523', 'FENCHUGANJ', NULL, 1, NULL, '2015-05-24 08:37:14', NULL, '2015-05-24 08:37:14', 7607, 'U'),
(397, '06913547', 'GILACHHARA', NULL, 1, NULL, '2015-05-24 08:37:14', NULL, '2015-05-24 08:37:14', 7608, 'U'),
(397, '06913571', 'MAIJGAON', NULL, 1, NULL, '2015-05-24 08:37:14', NULL, '2015-05-24 08:37:14', 7609, 'U'),
(398, '06913801', 'WARD NO-01', NULL, 1, NULL, '2015-05-24 08:12:57', NULL, '2015-05-24 08:12:57', 7610, 'W'),
(398, '06913802', 'WARD NO-02', NULL, 1, NULL, '2015-05-24 08:12:57', NULL, '2015-05-24 08:12:57', 7611, 'W'),
(398, '06913803', 'WARD NO-03', NULL, 1, NULL, '2015-05-24 08:12:57', NULL, '2015-05-24 08:12:57', 7612, 'W'),
(398, '06913804', 'WARD NO-04', NULL, 1, NULL, '2015-05-24 08:12:57', NULL, '2015-05-24 08:12:57', 7613, 'W'),
(398, '06913805', 'WARD NO-05', NULL, 1, NULL, '2015-05-24 08:12:57', NULL, '2015-05-24 08:12:57', 7614, 'W'),
(398, '06913806', 'WARD NO-06', NULL, 1, NULL, '2015-05-24 08:12:57', NULL, '2015-05-24 08:12:57', 7615, 'W'),
(398, '06913807', 'WARD NO-07', NULL, 1, NULL, '2015-05-24 08:12:57', NULL, '2015-05-24 08:12:57', 7616, 'W'),
(398, '06913808', 'WARD NO-08', NULL, 1, NULL, '2015-05-24 08:12:57', NULL, '2015-05-24 08:12:57', 7617, 'W'),
(398, '06913809', 'WARD NO-09', NULL, 1, NULL, '2015-05-24 08:12:57', NULL, '2015-05-24 08:12:57', 7618, 'W'),
(398, '06913813', 'AMURA', NULL, 1, NULL, '2015-05-24 08:37:14', NULL, '2015-05-24 08:37:14', 7619, 'U'),
(398, '06913815', 'BAGHA', NULL, 1, NULL, '2015-05-24 08:37:14', NULL, '2015-05-24 08:37:14', 7620, 'U'),
(398, '06913817', 'BHADESHWAR', NULL, 1, NULL, '2015-05-24 08:37:14', NULL, '2015-05-24 08:37:14', 7621, 'U'),
(398, '06913820', 'BUDBARI BAZAR', NULL, 1, NULL, '2015-05-24 08:37:14', NULL, '2015-05-24 08:37:14', 7622, 'U'),
(398, '06913825', 'DHAKA DAKSHIN', NULL, 1, NULL, '2015-05-24 08:37:14', NULL, '2015-05-24 08:37:14', 7623, 'U'),
(398, '06913836', 'SHORIFGONJ', NULL, 1, NULL, '2015-05-24 08:37:14', NULL, '2015-05-24 08:37:14', 7624, 'U'),
(398, '06913843', 'FULBARI', NULL, 1, NULL, '2015-05-24 08:37:14', NULL, '2015-05-24 08:37:14', 7625, 'U'),
(398, '06913851', 'GOLAPGANJ', NULL, 1, NULL, '2015-05-24 08:37:14', NULL, '2015-05-24 08:37:14', 7626, 'U'),
(398, '06913860', 'LAKSHMI PASHA', NULL, 1, NULL, '2015-05-24 08:37:14', NULL, '2015-05-24 08:37:14', 7627, 'U'),
(398, '06913869', 'LAKSHANABAND', NULL, 1, NULL, '2015-05-24 08:37:14', NULL, '2015-05-24 08:37:14', 7628, 'U'),
(398, '06913877', 'UTTAR BADE PASHA', NULL, 1, NULL, '2015-05-24 08:37:14', NULL, '2015-05-24 08:37:14', 7629, 'U'),
(399, '06914110', 'ALIRGAON', NULL, 1, NULL, '2015-05-24 08:37:14', NULL, '2015-05-24 08:37:14', 7630, 'U'),
(399, '06914121', 'FATEHPUR', NULL, 1, NULL, '2015-05-24 08:37:14', NULL, '2015-05-24 08:37:14', 7631, 'U'),
(399, '06914131', 'PURBA JAFLONG', NULL, 1, NULL, '2015-05-24 08:37:14', NULL, '2015-05-24 08:37:14', 7632, 'U'),
(399, '06914142', 'PASCHIM JAFLONG', NULL, 1, NULL, '2015-05-24 08:37:14', NULL, '2015-05-24 08:37:14', 7633, 'U'),
(399, '06914152', 'LENGURA', NULL, 1, NULL, '2015-05-24 08:37:14', NULL, '2015-05-24 08:37:14', 7634, 'U'),
(399, '06914163', 'NANDIRGAON', NULL, 1, NULL, '2015-05-24 08:37:14', NULL, '2015-05-24 08:37:14', 7635, 'U'),
(399, '06914173', 'RUSTAMPUR', NULL, 1, NULL, '2015-05-24 08:37:14', NULL, '2015-05-24 08:37:14', 7636, 'U'),
(399, '06914184', 'TOWAKUL', NULL, 1, NULL, '2015-05-24 08:37:14', NULL, '2015-05-24 08:37:14', 7637, 'U'),
(400, '06915327', 'CHARIKATA', NULL, 1, NULL, '2015-05-24 08:37:14', NULL, '2015-05-24 08:37:14', 7638, 'U'),
(400, '06915329', 'CHIKNAGUL', NULL, 1, NULL, '2015-05-24 08:37:14', NULL, '2015-05-24 08:37:14', 7639, 'U'),
(400, '06915331', 'DARBASTA', NULL, 1, NULL, '2015-05-24 08:37:14', NULL, '2015-05-24 08:37:14', 7640, 'U'),
(400, '06915345', 'FATEHPUR', NULL, 1, NULL, '2015-05-24 08:37:14', NULL, '2015-05-24 08:37:14', 7641, 'U'),
(400, '06915352', 'JAINTAPUR', NULL, 1, NULL, '2015-05-24 08:37:14', NULL, '2015-05-24 08:37:14', 7642, 'U'),
(400, '06915363', 'NIJPAT', NULL, 1, NULL, '2015-05-24 08:37:14', NULL, '2015-05-24 08:37:14', 7643, 'U'),
(401, '06915901', 'WARD NO-01', NULL, 1, NULL, '2015-05-24 08:12:57', NULL, '2015-05-24 08:12:57', 7644, 'W'),
(401, '06915902', 'WARD NO-02', NULL, 1, NULL, '2015-05-24 08:12:57', NULL, '2015-05-24 08:12:57', 7645, 'W'),
(401, '06915903', 'WARD NO-03', NULL, 1, NULL, '2015-05-24 08:12:57', NULL, '2015-05-24 08:12:57', 7646, 'W'),
(401, '06915904', 'WARD NO-04', NULL, 1, NULL, '2015-05-24 08:12:57', NULL, '2015-05-24 08:12:57', 7647, 'W'),
(401, '06915905', 'WARD NO-05', NULL, 1, NULL, '2015-05-24 08:12:57', NULL, '2015-05-24 08:12:57', 7648, 'W'),
(401, '06915906', 'WARD NO-06', NULL, 1, NULL, '2015-05-24 08:12:57', NULL, '2015-05-24 08:12:57', 7649, 'W'),
(401, '06915907', 'WARD NO-07', NULL, 1, NULL, '2015-05-24 08:12:57', NULL, '2015-05-24 08:12:57', 7650, 'W'),
(401, '06915908', 'WARD NO-08', NULL, 1, NULL, '2015-05-24 08:12:57', NULL, '2015-05-24 08:12:57', 7651, 'W'),
(401, '06915909', 'WARD NO-09', NULL, 1, NULL, '2015-05-24 08:12:57', NULL, '2015-05-24 08:12:57', 7652, 'W'),
(401, '06915913', 'BARA CHATUL', NULL, 1, NULL, '2015-05-24 08:37:14', NULL, '2015-05-24 08:37:14', 7653, 'U'),
(401, '06915919', 'DAKSHIN BANIGRAM', NULL, 1, NULL, '2015-05-24 08:37:14', NULL, '2015-05-24 08:37:14', 7654, 'U'),
(401, '06915938', 'JHINGRABARI', NULL, 1, NULL, '2015-05-24 08:37:14', NULL, '2015-05-24 08:37:14', 7655, 'U'),
(401, '06915947', 'KANAIGHAT', NULL, 1, NULL, '2015-05-24 08:37:14', NULL, '2015-05-24 08:37:14', 7656, 'U'),
(401, '06915966', 'PASCHIM LAKSHMIP RASAD', NULL, 1, NULL, '2015-05-24 08:37:14', NULL, '2015-05-24 08:37:14', 7657, 'U'),
(401, '06915970', 'SATBAK (PASCHIM DIGHIRPAR)', NULL, 1, NULL, '2015-05-24 08:37:14', NULL, '2015-05-24 08:37:14', 7658, 'U'),
(401, '06915972', 'PURBA LAKSHMI PRASAD', NULL, 1, NULL, '2015-05-24 08:37:14', NULL, '2015-05-24 08:37:14', 7659, 'U'),
(401, '06915976', 'PURBA DIGHIRPAR', NULL, 1, NULL, '2015-05-24 08:37:14', NULL, '2015-05-24 08:37:14', 7660, 'U'),
(401, '06915985', 'RAJAGANJ', NULL, 1, NULL, '2015-05-24 08:37:14', NULL, '2015-05-24 08:37:14', 7661, 'U'),
(402, '06916201', 'WARD NO-01', NULL, 1, NULL, '2015-05-24 08:12:57', NULL, '2015-05-24 08:12:57', 7662, 'W'),
(402, '06916202', 'WARD NO-02', NULL, 1, NULL, '2015-05-24 08:12:57', NULL, '2015-05-24 08:12:57', 7663, 'W'),
(402, '06916203', 'WARD NO-03', NULL, 1, NULL, '2015-05-24 08:12:57', NULL, '2015-05-24 08:12:57', 7664, 'W'),
(402, '06916204', 'WARD NO-04', NULL, 1, NULL, '2015-05-24 08:12:57', NULL, '2015-05-24 08:12:57', 7665, 'W'),
(402, '06916205', 'WARD NO-05', NULL, 1, NULL, '2015-05-24 08:12:57', NULL, '2015-05-24 08:12:57', 7666, 'W'),
(402, '06916206', 'WARD NO-06', NULL, 1, NULL, '2015-05-24 08:12:57', NULL, '2015-05-24 08:12:57', 7667, 'W'),
(402, '06916207', 'WARD NO-07', NULL, 1, NULL, '2015-05-24 08:12:57', NULL, '2015-05-24 08:12:57', 7668, 'W'),
(402, '06916208', 'WARD NO-08', NULL, 1, NULL, '2015-05-24 08:12:57', NULL, '2015-05-24 08:12:57', 7669, 'W'),
(402, '06916209', 'WARD NO-09', NULL, 1, NULL, '2015-05-24 08:12:57', NULL, '2015-05-24 08:12:57', 7670, 'W'),
(402, '06916210', 'WARD NO-10', NULL, 1, NULL, '2015-05-24 08:12:57', NULL, '2015-05-24 08:12:57', 7671, 'W'),
(402, '06916211', 'WARD NO-11', NULL, 1, NULL, '2015-05-24 08:12:57', NULL, '2015-05-24 08:12:57', 7672, 'W'),
(402, '06916212', 'WARD NO-12', NULL, 1, NULL, '2015-05-24 08:12:57', NULL, '2015-05-24 08:12:57', 7673, 'W'),
(402, '06916213', 'WARD NO-13', NULL, 1, NULL, '2015-05-24 08:12:57', NULL, '2015-05-24 08:12:57', 7674, 'W'),
(402, '06916214', 'WARD NO-14', NULL, 1, NULL, '2015-05-24 08:12:57', NULL, '2015-05-24 08:12:57', 7675, 'W'),
(402, '06916215', 'WARD NO-15', NULL, 1, NULL, '2015-05-24 08:12:57', NULL, '2015-05-24 08:12:57', 7676, 'W'),
(402, '06916216', 'WARD NO-16', NULL, 1, NULL, '2015-05-24 08:12:57', NULL, '2015-05-24 08:12:57', 7677, 'W'),
(402, '06916217', 'WARD NO-17', NULL, 1, NULL, '2015-05-24 08:12:57', NULL, '2015-05-24 08:12:57', 7678, 'W'),
(402, '06916218', 'WARD BO-18', NULL, 1, NULL, '2015-05-24 08:12:57', NULL, '2015-05-24 08:12:57', 7679, 'W'),
(402, '06916219', 'WARD NO-19', NULL, 1, NULL, '2015-05-24 08:12:57', NULL, '2015-05-24 08:12:57', 7680, 'W'),
(402, '06916220', 'WARD NO-20', NULL, 1, NULL, '2015-05-24 08:12:57', NULL, '2015-05-24 08:12:57', 7681, 'W'),
(402, '06916221', 'WARD NO-21', NULL, 1, NULL, '2015-05-24 08:12:57', NULL, '2015-05-24 08:12:57', 7682, 'W'),
(402, '06916222', 'WARD NO-22', NULL, 1, NULL, '2015-05-24 08:12:57', NULL, '2015-05-24 08:12:57', 7683, 'W'),
(402, '06916223', 'WARD NO-23', NULL, 1, NULL, '2015-05-24 08:12:57', NULL, '2015-05-24 08:12:57', 7684, 'W'),
(402, '06916224', 'WARD NO-24', NULL, 1, NULL, '2015-05-24 08:12:57', NULL, '2015-05-24 08:12:57', 7685, 'W'),
(402, '06916225', 'WARD NO-25', NULL, 1, NULL, '2015-05-24 08:12:57', NULL, '2015-05-24 08:12:57', 7686, 'W'),
(402, '06916226', 'WARD NO-26', NULL, 1, NULL, '2015-05-24 08:12:57', NULL, '2015-05-24 08:12:57', 7687, 'W'),
(402, '06916227', 'WARD NO-27', NULL, 1, NULL, '2015-05-24 08:12:57', NULL, '2015-05-24 08:12:57', 7688, 'W'),
(402, '06916232', 'HATKHOLA', NULL, 1, NULL, '2015-05-24 08:37:14', NULL, '2015-05-24 08:37:14', 7689, 'U'),
(402, '06916234', 'JALALABAD', NULL, 1, NULL, '2015-05-24 08:37:14', NULL, '2015-05-24 08:37:14', 7690, 'U'),
(402, '06916238', 'KANDIGAON', NULL, 1, NULL, '2015-05-24 08:37:14', NULL, '2015-05-24 08:37:14', 7691, 'U'),
(402, '06916240', 'KHADIMNAGAR', NULL, 1, NULL, '2015-05-24 08:37:14', NULL, '2015-05-24 08:37:14', 7692, 'U'),
(402, '06916242', 'KHADIM PARA', NULL, 1, NULL, '2015-05-24 08:37:14', NULL, '2015-05-24 08:37:14', 7693, 'U'),
(402, '06916255', 'MOGALGAON', NULL, 1, NULL, '2015-05-24 08:37:14', NULL, '2015-05-24 08:37:14', 7694, 'U'),
(402, '06916290', 'TUKER BAZAR', NULL, 1, NULL, '2015-05-24 08:37:14', NULL, '2015-05-24 08:37:14', 7695, 'U'),
(402, '06916295', 'TULTIKAR', NULL, 1, NULL, '2015-05-24 08:37:14', NULL, '2015-05-24 08:37:14', 7696, 'U'),
(402, '06916298', 'SYLHET CANTONMENT', NULL, 1, NULL, '2015-05-24 08:37:14', NULL, '2015-05-24 08:37:14', 7697, 'U'),
(403, '06919401', 'WARD NO-01', NULL, 1, NULL, '2015-05-24 08:12:57', NULL, '2015-05-24 08:12:57', 7698, 'W'),
(403, '06919402', 'WARD NO-02', NULL, 1, NULL, '2015-05-24 08:12:57', NULL, '2015-05-24 08:12:57', 7699, 'W'),
(403, '06919403', 'WARD NO-03', NULL, 1, NULL, '2015-05-24 08:12:57', NULL, '2015-05-24 08:12:57', 7700, 'W'),
(403, '06919404', 'WARD NO-04', NULL, 1, NULL, '2015-05-24 08:12:57', NULL, '2015-05-24 08:12:57', 7701, 'W'),
(403, '06919405', 'WARD NO-05', NULL, 1, NULL, '2015-05-24 08:12:57', NULL, '2015-05-24 08:12:57', 7702, 'W'),
(403, '06919406', 'WARD NO-06', NULL, 1, NULL, '2015-05-24 08:12:57', NULL, '2015-05-24 08:12:57', 7703, 'W'),
(403, '06919407', 'WARD NO-07', NULL, 1, NULL, '2015-05-24 08:12:57', NULL, '2015-05-24 08:12:57', 7704, 'W'),
(403, '06919408', 'WARD NO-08', NULL, 1, NULL, '2015-05-24 08:12:57', NULL, '2015-05-24 08:12:57', 7705, 'W'),
(403, '06919409', 'WARD NO-09', NULL, 1, NULL, '2015-05-24 08:12:57', NULL, '2015-05-24 08:12:57', 7706, 'W'),
(403, '06919415', 'BARAHAL', NULL, 1, NULL, '2015-05-24 08:37:14', NULL, '2015-05-24 08:37:14', 7707, 'U'),
(403, '06919419', 'BARA THAKURI', NULL, 1, NULL, '2015-05-24 08:37:14', NULL, '2015-05-24 08:37:14', 7708, 'U'),
(403, '06919428', 'BIRASREE', NULL, 1, NULL, '2015-05-24 08:37:14', NULL, '2015-05-24 08:37:14', 7709, 'U'),
(403, '06919438', 'KASHKANAKPUR', NULL, 1, NULL, '2015-05-24 08:37:14', NULL, '2015-05-24 08:37:14', 7710, 'U'),
(403, '06919447', 'KAJALSHAR', NULL, 1, NULL, '2015-05-24 08:37:14', NULL, '2015-05-24 08:37:14', 7711, 'U'),
(403, '06919457', 'KHOLACHHARA', NULL, 1, NULL, '2015-05-24 08:37:14', NULL, '2015-05-24 08:37:14', 7712, 'U'),
(403, '06919466', 'MANIKPUR', NULL, 1, NULL, '2015-05-24 08:37:14', NULL, '2015-05-24 08:37:14', 7713, 'U'),
(403, '06919476', 'SULTANPUR', NULL, 1, NULL, '2015-05-24 08:37:14', NULL, '2015-05-24 08:37:14', 7714, 'U'),
(403, '06919485', 'ZAKIGANJ', NULL, 1, NULL, '2015-05-24 08:37:14', NULL, '2015-05-24 08:37:14', 7715, 'U'),
(404, '03338712', 'WARD NO-02', NULL, 1, NULL, '2015-05-24 08:12:57', NULL, '2015-05-24 08:12:57', 7716, 'W'),
(404, '03338713', 'WARD NO-03', NULL, 1, NULL, '2015-05-24 08:12:57', NULL, '2015-05-24 08:12:57', 7717, 'W'),
(404, '03338714', 'WARD NO-04', NULL, 1, NULL, '2015-05-24 08:12:57', NULL, '2015-05-24 08:12:57', 7718, 'W'),
(404, '03338715', 'WARD NO-05', NULL, 1, NULL, '2015-05-24 08:12:57', NULL, '2015-05-24 08:12:57', 7719, 'W'),
(404, '03338716', 'WARD NO-06', NULL, 1, NULL, '2015-05-24 08:12:57', NULL, '2015-05-24 08:12:57', 7720, 'W'),
(404, '03338717', 'WARD NO-07', NULL, 1, NULL, '2015-05-24 08:12:57', NULL, '2015-05-24 08:12:57', 7721, 'W'),
(404, '03338718', 'WARD NO-08', NULL, 1, NULL, '2015-05-24 08:12:57', NULL, '2015-05-24 08:12:57', 7722, 'W'),
(404, '03338719', 'WARD NO-09', NULL, 1, NULL, '2015-05-24 08:12:57', NULL, '2015-05-24 08:12:57', 7723, 'W'),
(404, '03338720', 'WARD NO-10', NULL, 1, NULL, '2015-05-24 08:12:57', NULL, '2015-05-24 08:12:57', 7724, 'W'),
(404, '03338721', 'WARD NO-11', NULL, 1, NULL, '2015-05-24 08:12:57', NULL, '2015-05-24 08:12:57', 7725, 'W'),
(404, '03338722', 'WARD NO-12', NULL, 1, NULL, '2015-05-24 08:12:57', NULL, '2015-05-24 08:12:57', 7726, 'W'),
(500, '02150837', 'JALDI', NULL, 1, NULL, '2015-05-24 08:37:14', NULL, '2015-05-24 08:37:14', 7727, 'U'),
(NULL, '99940101', 'ABU DHABI', NULL, 1, NULL, '2015-05-24 08:37:14', NULL, '2015-05-24 08:37:14', 7728, 'U'),
(NULL, '99950101', 'DOHA', NULL, 1, NULL, '2015-05-24 08:37:14', NULL, '2015-05-24 08:37:14', 7729, 'U'),
(NULL, '99960101', 'RIYADH', NULL, 1, NULL, '2015-05-24 08:37:14', NULL, '2015-05-24 08:37:14', 7730, 'U'),
(NULL, '99960201', 'JEDDAH', NULL, 1, NULL, '2015-05-24 08:37:14', NULL, '2015-05-24 08:37:14', 7731, 'U'),
(NULL, '99970101', 'MANAMA', NULL, 1, NULL, '2015-05-24 08:37:14', NULL, '2015-05-24 08:37:14', 7732, 'U'),
(NULL, '99980101', 'TRIPOLI', NULL, 1, NULL, '2015-05-24 08:37:14', NULL, '2015-05-24 08:37:14', 7733, 'U'),
(145, '03676871', 'NAGRI', NULL, 1, NULL, '2015-05-24 08:37:14', NULL, '2015-05-24 08:37:14', 7734, 'U');

-- --------------------------------------------------------

--
-- Table structure for table `sa_users`
--

CREATE TABLE IF NOT EXISTS `sa_users` (
  `USER_ID` int(11) NOT NULL AUTO_INCREMENT,
  `USERGRP_ID` int(11) NOT NULL,
  `USERLVL_ID` tinyint(2) DEFAULT NULL,
  `USERNAME` varchar(100) COLLATE utf8_croatian_ci NOT NULL,
  `USERPW` varchar(300) COLLATE utf8_croatian_ci NOT NULL,
  `EMP_ID` int(11) DEFAULT NULL,
  `FULL_NAME` varchar(150) COLLATE utf8_croatian_ci NOT NULL,
  `DEPT_ID` tinyint(3) NOT NULL,
  `FACULTY_ID` smallint(6) NOT NULL,
  `DESIG_ID` smallint(5) DEFAULT NULL,
  `GENDER` enum('M','F') COLLATE utf8_croatian_ci NOT NULL DEFAULT 'M' COMMENT 'M= Male, F= Female',
  `ORG_ID` int(11) NOT NULL DEFAULT '1',
  `FIRST_NAME` varchar(80) COLLATE utf8_croatian_ci NOT NULL,
  `MIDDLE_NAME` varchar(80) COLLATE utf8_croatian_ci DEFAULT NULL,
  `LAST_NAME` varchar(80) COLLATE utf8_croatian_ci NOT NULL,
  `EMAIL` varchar(100) COLLATE utf8_croatian_ci DEFAULT NULL,
  `MOBILE` varchar(20) COLLATE utf8_croatian_ci DEFAULT NULL,
  `NID` varchar(20) COLLATE utf8_croatian_ci NOT NULL,
  `USER_IMG` varchar(100) COLLATE utf8_croatian_ci NOT NULL,
  `DOB` datetime DEFAULT NULL,
  `AGE` varchar(100) COLLATE utf8_croatian_ci DEFAULT NULL,
  `BLOOD_GROUP` varchar(10) COLLATE utf8_croatian_ci DEFAULT NULL,
  `HEIGHT_FEET` varchar(10) COLLATE utf8_croatian_ci DEFAULT NULL,
  `WEIGHT` tinyint(3) DEFAULT NULL,
  `IS_ADMIN` tinyint(1) DEFAULT '0',
  `HIRE_DATE` date NOT NULL,
  `TERMINATION_DATE` date DEFAULT NULL,
  `FATHERS_NAME` varchar(100) COLLATE utf8_croatian_ci DEFAULT NULL,
  `MOTHERS_NAME` varchar(100) COLLATE utf8_croatian_ci DEFAULT NULL,
  `MARITAL_STATUS` varchar(1) COLLATE utf8_croatian_ci NOT NULL,
  `SPOUSE_NAME` varchar(100) COLLATE utf8_croatian_ci DEFAULT NULL,
  `RELIGION` varchar(10) COLLATE utf8_croatian_ci NOT NULL,
  `NATIONALITY` varchar(25) COLLATE utf8_croatian_ci NOT NULL,
  `PLACE_OF_BIRTH` varchar(100) COLLATE utf8_croatian_ci DEFAULT NULL,
  `PASSPORT_NO` varchar(20) COLLATE utf8_croatian_ci DEFAULT NULL,
  `DATE_OF_ISSUE` date DEFAULT NULL,
  `PLACE_OF_ISSUE` varchar(100) COLLATE utf8_croatian_ci DEFAULT NULL,
  `EXPIRE_DATE` date DEFAULT NULL,
  `RELATION` varchar(50) COLLATE utf8_croatian_ci DEFAULT NULL,
  `BIOMETRIC_ID` varchar(20) COLLATE utf8_croatian_ci DEFAULT NULL,
  `ACTIVE_STATUS` tinyint(1) NOT NULL DEFAULT '1',
  `ENTERED_BY` int(10) DEFAULT NULL,
  `ENTRY_TIMESTAMP` timestamp NOT NULL DEFAULT CURRENT_TIMESTAMP,
  `UPDATE_BY` int(10) DEFAULT NULL,
  `UPDATED_TIMESTAMP` datetime DEFAULT NULL,
  `WEIGHT_KG` varchar(10) COLLATE utf8_croatian_ci DEFAULT NULL,
  `WEIGHT_LBS` varchar(10) COLLATE utf8_croatian_ci DEFAULT NULL,
  `HEIGHT_CM` varchar(10) COLLATE utf8_croatian_ci DEFAULT NULL,
  `USER_TYPE` int(11) DEFAULT NULL,
  `COLOR_OF_EYES` varchar(100) COLLATE utf8_croatian_ci DEFAULT NULL COMMENT 'Teacher Eyes Color',
  `IDENTIFY_MARK` varchar(100) COLLATE utf8_croatian_ci DEFAULT NULL,
  `JOIN_DATE` date DEFAULT NULL,
  `NATIONAL_ID` bigint(17) DEFAULT NULL,
  `COUNTRY_ID` int(11) DEFAULT NULL,
  `HOBBY` varchar(50) COLLATE utf8_croatian_ci DEFAULT NULL,
  `PS_GVN_FG` tinyint(1) DEFAULT '0',
  `FULL_NAME_BN` varchar(100) COLLATE utf8_croatian_ci DEFAULT NULL,
  PRIMARY KEY (`USER_ID`),
  KEY `FK_ORG_ID` (`ORG_ID`)
) ENGINE=InnoDB  DEFAULT CHARSET=utf8 COLLATE=utf8_croatian_ci AUTO_INCREMENT=21 ;

--
-- Dumping data for table `sa_users`
--

INSERT INTO `sa_users` (`USER_ID`, `USERGRP_ID`, `USERLVL_ID`, `USERNAME`, `USERPW`, `EMP_ID`, `FULL_NAME`, `DEPT_ID`, `FACULTY_ID`, `DESIG_ID`, `GENDER`, `ORG_ID`, `FIRST_NAME`, `MIDDLE_NAME`, `LAST_NAME`, `EMAIL`, `MOBILE`, `NID`, `USER_IMG`, `DOB`, `AGE`, `BLOOD_GROUP`, `HEIGHT_FEET`, `WEIGHT`, `IS_ADMIN`, `HIRE_DATE`, `TERMINATION_DATE`, `FATHERS_NAME`, `MOTHERS_NAME`, `MARITAL_STATUS`, `SPOUSE_NAME`, `RELIGION`, `NATIONALITY`, `PLACE_OF_BIRTH`, `PASSPORT_NO`, `DATE_OF_ISSUE`, `PLACE_OF_ISSUE`, `EXPIRE_DATE`, `RELATION`, `BIOMETRIC_ID`, `ACTIVE_STATUS`, `ENTERED_BY`, `ENTRY_TIMESTAMP`, `UPDATE_BY`, `UPDATED_TIMESTAMP`, `WEIGHT_KG`, `WEIGHT_LBS`, `HEIGHT_CM`, `USER_TYPE`, `COLOR_OF_EYES`, `IDENTIFY_MARK`, `JOIN_DATE`, `NATIONAL_ID`, `COUNTRY_ID`, `HOBBY`, `PS_GVN_FG`, `FULL_NAME_BN`) VALUES
(1, 9, 5, 'admin', '$2y$11$wZMszv6vRQGQKVn1Y/gY3e8ckVK4bSuNBWUbmMfPoekKjkGTKE6w.', 9, '', 0, 0, NULL, 'M', 1, '', NULL, '', NULL, NULL, '', 'photo_00005.jpg', NULL, NULL, NULL, NULL, NULL, 1, '2017-05-02', NULL, NULL, NULL, '', NULL, '', '', NULL, NULL, NULL, NULL, NULL, NULL, NULL, 1, NULL, '2017-05-02 04:26:37', NULL, NULL, NULL, NULL, NULL, NULL, NULL, NULL, NULL, NULL, NULL, NULL, 0, NULL),
(13, 13, 8, 'rakib', '$2y$11$kniOUAOFnFL3uWwhtTP4NO5RjdKgtEDlz4RotbIKesf7Yw5bn5bEK', 3, '', 10, 0, 2, 'M', 1, '', NULL, '', NULL, NULL, '', 'rakib_photo.jpg', NULL, NULL, NULL, NULL, NULL, 0, '2017-07-11', NULL, NULL, NULL, '', NULL, '', '', NULL, NULL, NULL, NULL, NULL, NULL, NULL, 1, NULL, '2017-06-21 04:23:31', NULL, NULL, NULL, NULL, NULL, NULL, NULL, NULL, NULL, NULL, NULL, NULL, 0, NULL),
(14, 13, 8, 'emdad', '$2y$11$WDSnc4VnndvqA2SDAg.NL.GfD/SwEiEkcqmyP9v902d6y6OHY7NPa', 4, '', 3, 0, 2, 'M', 1, '', NULL, '', NULL, NULL, '', 'photo_00033.jpg', NULL, NULL, NULL, NULL, NULL, 0, '2017-07-04', NULL, NULL, NULL, '', NULL, '', '', NULL, NULL, NULL, NULL, NULL, NULL, NULL, 1, NULL, '2017-06-21 04:32:57', NULL, NULL, NULL, NULL, NULL, NULL, NULL, NULL, NULL, NULL, NULL, NULL, 0, NULL),
(15, 16, 21, 'nurulla', '$2y$11$wZMszv6vRQGQKVn1Y/gY3e8ckVK4bSuNBWUbmMfPoekKjkGTKE6w.', 5, '', 17, 0, 3, 'M', 1, '', NULL, '', NULL, NULL, '', 'photo_00008.jpg', NULL, NULL, NULL, NULL, NULL, 0, '2017-07-12', NULL, NULL, NULL, '', NULL, '', '', NULL, NULL, NULL, NULL, NULL, NULL, NULL, 1, NULL, '2017-06-21 04:40:29', NULL, NULL, NULL, NULL, NULL, NULL, NULL, NULL, NULL, NULL, NULL, NULL, 0, NULL),
(16, 13, 8, 'akhi', '$2y$11$wZMszv6vRQGQKVn1Y/gY3e8ckVK4bSuNBWUbmMfPoekKjkGTKE6w.', 6, '', 2, 0, 2, 'M', 1, '', NULL, '', NULL, NULL, '', 'photo_00015.jpg', NULL, NULL, NULL, NULL, NULL, 0, '2017-07-18', NULL, NULL, NULL, '', NULL, '', '', NULL, NULL, NULL, NULL, NULL, NULL, NULL, 1, NULL, '2017-07-02 04:34:40', NULL, NULL, NULL, NULL, NULL, NULL, NULL, NULL, NULL, NULL, NULL, NULL, 0, NULL),
(17, 13, 8, 'reazul', '$2y$11$7Wwlds5FbQNLU9h17ucBs.xp1Ny2DXxUsiWdrfG30CIbaKUR8Yw56', 7, '', 6, 0, 2, 'M', 1, '', NULL, '', NULL, NULL, '', 'shovon.jpg', NULL, NULL, NULL, NULL, NULL, 0, '2017-07-18', NULL, NULL, NULL, '', NULL, '', '', NULL, NULL, NULL, NULL, NULL, NULL, NULL, 1, NULL, '2017-07-10 10:15:32', NULL, NULL, NULL, NULL, NULL, NULL, NULL, NULL, NULL, NULL, NULL, NULL, 0, NULL),
(18, 13, 8, 'foysal', '$2y$11$EkpvPALIBw9YQisdbGGBI.xfEVbegHukhn9KZUEJoX5bZnnHEZW8i', 8, '', 1, 0, 2, 'M', 1, '', NULL, '', NULL, NULL, '', 'photo_00010.jpg', NULL, NULL, NULL, NULL, NULL, 0, '0000-00-00', NULL, NULL, NULL, '', NULL, '', '', NULL, NULL, NULL, NULL, NULL, NULL, NULL, 1, NULL, '2017-07-20 10:23:32', NULL, NULL, NULL, NULL, NULL, NULL, NULL, NULL, NULL, NULL, NULL, NULL, 0, NULL),
(19, 17, 23, 'coe', '$2y$11$EkpvPALIBw9YQisdbGGBI.xfEVbegHukhn9KZUEJoX5bZnnHEZW8i', 10, '', 18, 0, 4, 'M', 1, '', NULL, '', NULL, NULL, '', 'photo_00024.jpg', NULL, NULL, NULL, NULL, NULL, 0, '2017-08-09', NULL, NULL, NULL, '', NULL, '', '', NULL, NULL, NULL, NULL, NULL, NULL, NULL, 1, NULL, '2017-08-09 05:51:44', NULL, NULL, NULL, NULL, NULL, NULL, NULL, NULL, NULL, NULL, NULL, NULL, 0, NULL),
(20, 13, 8, 'siam', '$2y$11$Njk.bBmzxFxXDD926ZzU.uix34nlPovKZAA1alRdRTeayKa081N6y', 11, '', 15, 0, 2, 'M', 1, '', NULL, '', NULL, NULL, '', 'photo_00016.jpg', NULL, NULL, NULL, NULL, NULL, 0, '0000-00-00', NULL, NULL, NULL, '', NULL, '', '', NULL, NULL, NULL, NULL, NULL, NULL, NULL, 1, NULL, '2017-08-23 10:57:23', NULL, NULL, NULL, NULL, NULL, NULL, NULL, NULL, NULL, NULL, NULL, NULL, 0, NULL);

-- --------------------------------------------------------

--
-- Table structure for table `sa_user_education`
--

CREATE TABLE IF NOT EXISTS `sa_user_education` (
  `USER_EDU_ID` int(11) NOT NULL AUTO_INCREMENT,
  `USER_ID` int(11) NOT NULL,
  `DEGREE` varchar(50) COLLATE utf8_croatian_ci NOT NULL,
  `INST_NAME` varchar(100) COLLATE utf8_croatian_ci NOT NULL,
  `SUBJECT` varchar(50) COLLATE utf8_croatian_ci NOT NULL,
  `PASS_YEAR` year(4) NOT NULL,
  `RESULT` varchar(50) COLLATE utf8_croatian_ci NOT NULL,
  `ACTIVE_STATUS` tinyint(1) NOT NULL DEFAULT '1',
  `ENTERED_BY` int(10) DEFAULT NULL,
  `ENTRY_TIMESTAMP` timestamp NOT NULL DEFAULT CURRENT_TIMESTAMP,
  `UPDATE_BY` int(10) DEFAULT NULL,
  `UPDATED_TIMESTAMP` datetime DEFAULT NULL,
  PRIMARY KEY (`USER_EDU_ID`),
  KEY `FK_USER_ID` (`USER_ID`)
) ENGINE=InnoDB DEFAULT CHARSET=utf8 COLLATE=utf8_croatian_ci AUTO_INCREMENT=1 ;

-- --------------------------------------------------------

--
-- Table structure for table `sa_user_group`
--

CREATE TABLE IF NOT EXISTS `sa_user_group` (
  `USERGRP_ID` int(11) NOT NULL AUTO_INCREMENT,
  `ORG_ID` int(11) DEFAULT NULL,
  `USERGRP_NAME` varchar(50) DEFAULT NULL,
  `ACTIVE_STATUS` tinyint(1) DEFAULT '1',
  `ENTERED_BY` int(10) DEFAULT NULL,
  `ENTRY_TIMESTAMP` timestamp NOT NULL DEFAULT CURRENT_TIMESTAMP,
  `UPDATE_BY` int(10) DEFAULT NULL,
  `UPDATED_TIMESTAMP` datetime DEFAULT NULL,
  PRIMARY KEY (`USERGRP_ID`),
  KEY `FK03_ORG_ID` (`ORG_ID`)
) ENGINE=InnoDB  DEFAULT CHARSET=utf8 AUTO_INCREMENT=18 ;

--
-- Dumping data for table `sa_user_group`
--

INSERT INTO `sa_user_group` (`USERGRP_ID`, `ORG_ID`, `USERGRP_NAME`, `ACTIVE_STATUS`, `ENTERED_BY`, `ENTRY_TIMESTAMP`, `UPDATE_BY`, `UPDATED_TIMESTAMP`) VALUES
(9, 1, 'Admin', 1, 1, '2015-09-07 04:07:26', NULL, NULL),
(10, 1, 'Finance', 1, 1, '2015-12-01 22:07:22', NULL, NULL),
(11, 1, 'Program Manager', 1, 1, '2015-12-02 22:32:32', NULL, NULL),
(12, 1, 'Staff', 1, 1, '2015-12-07 23:31:56', NULL, NULL),
(13, 1, 'Faculty', 1, 1, '2015-12-07 23:32:04', NULL, NULL),
(14, 1, 'Student', 1, 27, '2015-12-08 03:10:03', NULL, NULL),
(15, 1, 'HR', 1, 31, '2016-03-31 02:27:49', NULL, NULL),
(16, 1, 'Admission', 1, 1, '2017-05-02 04:41:59', NULL, NULL),
(17, 1, 'Controller of Examination', 1, 1, '2017-08-09 05:45:15', NULL, NULL);

-- --------------------------------------------------------

--
-- Table structure for table `sequence_info`
--

CREATE TABLE IF NOT EXISTS `sequence_info` (
  `TABLE_NAME` varchar(30) COLLATE utf8_croatian_ci NOT NULL,
  `START_WITH` bigint(14) NOT NULL,
  `MAX_VALUE` bigint(14) NOT NULL,
  `MIN_VALUE` bigint(14) NOT NULL,
  PRIMARY KEY (`TABLE_NAME`)
) ENGINE=InnoDB DEFAULT CHARSET=utf8 COLLATE=utf8_croatian_ci;

--
-- Dumping data for table `sequence_info`
--

INSERT INTO `sequence_info` (`TABLE_NAME`, `START_WITH`, `MAX_VALUE`, `MIN_VALUE`) VALUES
('bm_paymentmst', 0, 999999999, 0),
('bm_paymodeamt', 0, 999999999, 0),
('bm_vn_ledgers', 0, 999999999, 0),
('fn_voucherchd', 152, 999999999, 0),
('fn_vouchermst', 54, 999999999, 0);

-- --------------------------------------------------------

--
-- Table structure for table `student_acadimicinfo`
--

CREATE TABLE IF NOT EXISTS `student_acadimicinfo` (
  `STU_AI_ID` bigint(14) NOT NULL AUTO_INCREMENT,
  `STUDENT_ID` bigint(14) DEFAULT NULL,
  `EXAM_DEGREE_ID` bigint(4) DEFAULT NULL,
  `MAJOR_GROUP_ID` bigint(4) DEFAULT NULL,
  `INSTITUTION` varchar(100) CHARACTER SET utf8 COLLATE utf8_croatian_ci DEFAULT NULL,
  `BOARD` smallint(4) DEFAULT NULL,
  `RESULT_GRADE` double DEFAULT NULL,
  `RESULT_GRADE_WA` double DEFAULT NULL,
  `CGPA_MARKPCT` double DEFAULT NULL,
  `SCALE_MARKS` float(6,2) DEFAULT NULL,
  `PASSING_YEAR` smallint(4) DEFAULT NULL,
  `DURATION` smallint(4) DEFAULT NULL,
  `ACHIEVEMENT` varchar(200) CHARACTER SET utf8 COLLATE utf8_croatian_ci DEFAULT NULL,
  `ACTIVE_FLAG` tinyint(1) NOT NULL DEFAULT '1' COMMENT 'Record Status 1= Active, 0=Inactive',
  `CREATED_BY` bigint(14) DEFAULT NULL COMMENT 'Record Create User Id',
  `CREATE_DATE` timestamp NOT NULL DEFAULT CURRENT_TIMESTAMP COMMENT 'Record Inserted Date And Time',
  `UPDATED_BY` bigint(14) DEFAULT NULL COMMENT 'Record Updated User Id',
  `UPDATE_DATE` datetime DEFAULT NULL COMMENT 'Record Updated Date And Time',
  PRIMARY KEY (`STU_AI_ID`)
) ENGINE=InnoDB  DEFAULT CHARSET=latin1 AUTO_INCREMENT=107 ;

--
-- Dumping data for table `student_acadimicinfo`
--

INSERT INTO `student_acadimicinfo` (`STU_AI_ID`, `STUDENT_ID`, `EXAM_DEGREE_ID`, `MAJOR_GROUP_ID`, `INSTITUTION`, `BOARD`, `RESULT_GRADE`, `RESULT_GRADE_WA`, `CGPA_MARKPCT`, `SCALE_MARKS`, `PASSING_YEAR`, `DURATION`, `ACHIEVEMENT`, `ACTIVE_FLAG`, `CREATED_BY`, `CREATE_DATE`, `UPDATED_BY`, `UPDATE_DATE`) VALUES
(1, 234, 0, 0, '', 0, 0, 0, NULL, NULL, 0, NULL, NULL, 1, NULL, '2017-06-21 08:57:00', NULL, NULL),
(2, 234, 0, 0, '', 0, 0, 0, NULL, NULL, 0, NULL, NULL, 1, NULL, '2017-06-21 08:57:00', NULL, NULL),
(3, 234, 0, 0, '', 0, 0, 0, NULL, NULL, 0, NULL, NULL, 1, NULL, '2017-06-21 08:57:00', NULL, NULL),
(4, 1, 27, 32, 'My School', 21, 5, 5, NULL, NULL, 2010, NULL, NULL, 1, NULL, '2017-07-01 04:57:27', NULL, NULL),
(5, 1, 28, 32, 'My College', 22, 5, 5, NULL, NULL, 2012, NULL, NULL, 1, NULL, '2017-07-01 04:57:27', NULL, NULL),
(6, 1, 177, 32, 'My University', 23, 5, 5, NULL, NULL, 2016, NULL, NULL, 1, NULL, '2017-07-01 04:57:28', NULL, NULL),
(7, 235, 0, 0, '', 0, 0, 0, NULL, NULL, 0, NULL, NULL, 1, NULL, '2017-07-01 10:20:06', NULL, NULL),
(8, 235, 0, 0, '', 0, 0, 0, NULL, NULL, 0, NULL, NULL, 1, NULL, '2017-07-01 10:20:06', NULL, NULL),
(9, 235, 0, 0, '', 0, 0, 0, NULL, NULL, 0, NULL, NULL, 1, NULL, '2017-07-01 10:20:06', NULL, NULL),
(10, 236, 0, 0, '', 0, 0, 0, NULL, NULL, 0, NULL, NULL, 1, NULL, '2017-07-02 03:42:58', NULL, NULL),
(11, 236, 0, 0, '', 0, 0, 0, NULL, NULL, 0, NULL, NULL, 1, NULL, '2017-07-02 03:42:59', NULL, NULL),
(12, 236, 0, 0, '', 0, 0, 0, NULL, NULL, 0, NULL, NULL, 1, NULL, '2017-07-02 03:42:59', NULL, NULL),
(13, 237, 0, 0, '', 0, 0, 0, NULL, NULL, 0, NULL, NULL, 1, NULL, '2017-07-02 04:40:14', NULL, NULL),
(14, 237, 0, 0, '', 0, 0, 0, NULL, NULL, 0, NULL, NULL, 1, NULL, '2017-07-02 04:40:14', NULL, NULL),
(15, 237, 0, 0, '', 0, 0, 0, NULL, NULL, 0, NULL, NULL, 1, NULL, '2017-07-02 04:40:14', NULL, NULL),
(16, 238, 0, 0, '', 0, 0, 0, NULL, NULL, 0, NULL, NULL, 1, NULL, '2017-07-02 06:04:04', NULL, NULL),
(17, 238, 0, 0, '', 0, 0, 0, NULL, NULL, 0, NULL, NULL, 1, NULL, '2017-07-02 06:04:04', NULL, NULL),
(18, 238, 0, 0, '', 0, 0, 0, NULL, NULL, 0, NULL, NULL, 1, NULL, '2017-07-02 06:04:04', NULL, NULL),
(22, 240, 27, 32, 'Natore', 21, 3.45, 3, NULL, NULL, 2012, NULL, NULL, 1, NULL, '2017-07-02 11:05:12', NULL, NULL),
(23, 240, 28, 32, 'Natore', 21, 3.45, 3, NULL, NULL, 2012, NULL, NULL, 1, NULL, '2017-07-02 11:05:12', NULL, NULL),
(24, 240, 0, 0, '', 0, 0, 0, NULL, NULL, 0, NULL, NULL, 1, NULL, '2017-07-02 11:05:12', NULL, NULL),
(25, 241, 27, 33, 'Khilgaon Model High School', 21, 4.19, 3.8, NULL, NULL, 2005, NULL, NULL, 1, NULL, '2017-07-03 04:15:17', NULL, NULL),
(26, 241, 28, 33, 'Habibullah Bahar University College ', 21, 3.8, 3.5, NULL, NULL, 2007, NULL, NULL, 1, NULL, '2017-07-03 04:15:17', NULL, NULL),
(27, 241, 177, 32, 'CUET', 197, 3.4, 4, NULL, NULL, 2011, NULL, NULL, 1, NULL, '2017-07-03 04:15:17', NULL, NULL),
(28, 242, 0, 0, '', 0, 0, 0, NULL, NULL, 0, NULL, NULL, 1, NULL, '2017-07-03 04:37:13', NULL, NULL),
(29, 242, 0, 0, '', 0, 0, 0, NULL, NULL, 0, NULL, NULL, 1, NULL, '2017-07-03 04:37:13', NULL, NULL),
(30, 242, 0, 0, '', 0, 0, 0, NULL, NULL, 0, NULL, NULL, 1, NULL, '2017-07-03 04:37:13', NULL, NULL),
(31, 243, 27, 32, 'Dhaka institute', 21, 5, 5, NULL, NULL, 1990, NULL, NULL, 1, NULL, '2017-07-03 04:50:12', NULL, NULL),
(32, 243, 28, 32, 'Dhaka institute', 21, 5, 5, NULL, NULL, 1992, NULL, NULL, 1, NULL, '2017-07-03 04:50:12', NULL, NULL),
(33, 243, 177, 32, 'computer science and engineering', 21, 3.5, 4, NULL, NULL, 1996, NULL, NULL, 1, NULL, '2017-07-03 04:50:12', NULL, NULL),
(34, 244, 27, 32, 'Holy Cross  School and College', 21, 5, 5, NULL, NULL, 2005, NULL, NULL, 1, NULL, '2017-07-03 05:53:05', NULL, NULL),
(35, 244, 28, 32, 'HOly Cross School and  College ', 21, 5, 5, NULL, NULL, 2007, NULL, NULL, 1, NULL, '2017-07-03 05:53:05', NULL, NULL),
(36, 244, 0, 0, '', 0, 0, 0, NULL, NULL, 0, NULL, NULL, 1, NULL, '2017-07-03 05:53:05', NULL, NULL),
(37, 245, 0, 0, '', 0, 0, 0, NULL, NULL, 0, NULL, NULL, 1, NULL, '2017-07-03 07:08:01', NULL, NULL),
(38, 245, 0, 0, '', 0, 0, 0, NULL, NULL, 0, NULL, NULL, 1, NULL, '2017-07-03 07:08:01', NULL, NULL),
(39, 245, 0, 0, '', 0, 0, 0, NULL, NULL, 0, NULL, NULL, 1, NULL, '2017-07-03 07:08:01', NULL, NULL),
(40, 246, 0, 0, '', 0, 0, 0, NULL, NULL, 0, NULL, NULL, 1, NULL, '2017-07-04 08:48:03', NULL, NULL),
(41, 246, 0, 0, '', 0, 0, 0, NULL, NULL, 0, NULL, NULL, 1, NULL, '2017-07-04 08:48:03', NULL, NULL),
(42, 246, 0, 0, '', 0, 0, 0, NULL, NULL, 0, NULL, NULL, 1, NULL, '2017-07-04 08:48:03', NULL, NULL),
(43, 247, 27, 32, 'My School', 21, 5, 5, NULL, NULL, 2010, NULL, NULL, 1, NULL, '2017-07-05 08:23:31', NULL, NULL),
(44, 247, 28, 32, 'My College', 22, 5, 5, NULL, NULL, 2012, NULL, NULL, 1, NULL, '2017-07-05 08:23:31', NULL, NULL),
(45, 248, 27, 32, 'School', 21, 5, 5, NULL, NULL, 2006, NULL, NULL, 1, NULL, '2017-07-10 08:36:05', NULL, NULL),
(46, 248, 27, 32, 'College', 21, 5, 5, NULL, NULL, 2008, NULL, NULL, 1, NULL, '2017-07-10 08:36:05', NULL, NULL),
(47, 249, 27, 32, 'dhaka', 21, 4, 3.5, NULL, NULL, 2014, NULL, NULL, 1, NULL, '2017-07-11 05:09:33', NULL, NULL),
(48, 249, 28, 32, 'dhaka', 21, 4, 3.5, NULL, NULL, 2017, NULL, NULL, 1, NULL, '2017-07-11 05:09:33', NULL, NULL),
(49, 250, 27, 32, '2', 21, 2, 2, NULL, NULL, 22, NULL, NULL, 1, NULL, '2017-07-11 05:30:01', NULL, NULL),
(50, 250, 28, 33, '2', 240, 2, 2, NULL, NULL, 2, NULL, NULL, 1, NULL, '2017-07-11 05:30:01', NULL, NULL),
(51, 251, 27, 32, 'df', 21, 3, 3, NULL, NULL, 2014, NULL, NULL, 1, NULL, '2017-07-11 05:32:28', NULL, NULL),
(52, 251, 28, 33, 'fhgf', 22, 2, 2, NULL, NULL, 2016, NULL, NULL, 1, NULL, '2017-07-11 05:32:28', NULL, NULL),
(53, 252, 27, 32, 'Natore', 21, 3.45, 3, NULL, NULL, 2012, NULL, NULL, 1, NULL, '2017-07-11 05:32:52', NULL, NULL),
(54, 252, 28, 32, 'Natore', 22, 3, 3, NULL, NULL, 2014, NULL, NULL, 1, NULL, '2017-07-11 05:32:52', NULL, NULL),
(55, 253, 27, 32, 'Rangpur girl''s High School', 200, 5, 4.5, NULL, NULL, 2002, NULL, NULL, 1, NULL, '2017-07-11 05:37:15', NULL, NULL),
(56, 253, 28, 32, 'Shiddheswari University and College', 21, 5, 5, NULL, NULL, 2004, NULL, NULL, 1, NULL, '2017-07-11 05:37:15', NULL, NULL),
(57, 254, 27, 32, 'dhaka', 21, 5, 3.5, NULL, NULL, 2014, NULL, NULL, 1, NULL, '2017-07-11 09:23:22', NULL, NULL),
(58, 254, 28, 32, 'dhaka', 21, 5, 3.5, NULL, NULL, 2016, NULL, NULL, 1, NULL, '2017-07-11 09:23:22', NULL, NULL),
(59, 255, 27, 32, 'Banglabazar High School', 21, 5, 4.5, NULL, NULL, 2014, NULL, NULL, 1, NULL, '2017-07-18 05:26:00', NULL, NULL),
(60, 255, 28, 32, 'Banglabazar School and College', 21, 5, 4.5, NULL, NULL, 2016, NULL, NULL, 1, NULL, '2017-07-18 05:26:00', NULL, NULL),
(61, 256, 27, 32, 'NGBHS', 21, 4.63, 4, NULL, NULL, 2008, NULL, NULL, 1, NULL, '2017-07-19 10:56:35', NULL, NULL),
(62, 256, 28, 32, 'NGBHS', 21, 4.66, 4.33, NULL, NULL, 2010, NULL, NULL, 1, NULL, '2017-07-19 10:56:35', NULL, NULL),
(63, 257, 27, 32, 'NGBHS', 21, 4.63, 4, NULL, NULL, 2008, NULL, NULL, 1, NULL, '2017-07-19 11:39:22', NULL, NULL),
(64, 257, 28, 32, 'NGBHS', 241, 4.66, 4.33, NULL, NULL, 2010, NULL, NULL, 1, NULL, '2017-07-19 11:39:22', NULL, NULL),
(65, 258, 27, 32, 'My School', 21, 5, 5, NULL, NULL, 2010, NULL, NULL, 1, NULL, '2017-07-20 03:45:52', NULL, NULL),
(66, 258, 28, 32, 'My College', 21, 5, 5, NULL, NULL, 2012, NULL, NULL, 1, NULL, '2017-07-20 03:45:52', NULL, NULL),
(67, 259, 0, 0, '', 0, 0, 0, NULL, NULL, 0, NULL, NULL, 1, NULL, '2017-07-20 03:50:55', NULL, NULL),
(68, 259, 0, 0, '', 0, 0, 0, NULL, NULL, 0, NULL, NULL, 1, NULL, '2017-07-20 03:50:55', NULL, NULL),
(69, 259, 0, 0, '', 0, 0, 0, NULL, NULL, 0, NULL, NULL, 1, NULL, '2017-07-20 03:50:55', NULL, NULL),
(70, 260, 27, 32, 'NGBHS', 21, 5, 4.5, NULL, NULL, 2006, NULL, NULL, 1, NULL, '2017-07-20 08:18:56', NULL, NULL),
(71, 260, 27, 32, 'NGBHS', 22, 5, 5, NULL, NULL, 2008, NULL, NULL, 1, NULL, '2017-07-20 08:18:57', NULL, NULL),
(72, 261, 27, 32, 'dhaka', 21, 5, 4, NULL, NULL, 2010, NULL, NULL, 1, NULL, '2017-07-20 08:51:45', NULL, NULL),
(73, 261, 27, 32, 'dhaka', 21, 5, 5, NULL, NULL, 2012, NULL, NULL, 1, NULL, '2017-07-20 08:51:45', NULL, NULL),
(74, 261, 28, 32, 'dhaka', 21, 4, 3, NULL, NULL, 2017, NULL, NULL, 1, NULL, '2017-07-20 08:51:45', NULL, NULL),
(75, 262, 27, 32, 'My School', 200, 5, 4.8, NULL, NULL, 2010, NULL, NULL, 1, NULL, '2017-07-22 07:07:38', NULL, NULL),
(76, 262, 28, 32, 'My college', 200, 50, 4.65, NULL, NULL, 2012, NULL, NULL, 1, NULL, '2017-07-22 07:07:38', NULL, NULL),
(77, 263, 181, 33, 'Govt. Boys High School', 240, 5, 5, NULL, NULL, 2012, NULL, NULL, 1, NULL, '2017-07-22 07:29:32', NULL, NULL),
(78, 263, 180, 32, 'Govt. Bangla College', 241, 5, 5, NULL, NULL, 2014, NULL, NULL, 1, NULL, '2017-07-22 07:29:32', NULL, NULL),
(79, 264, 177, 32, 'NGBHS', 23, 4.63, 4, NULL, NULL, 2008, NULL, NULL, 1, NULL, '2017-07-22 08:11:22', NULL, NULL),
(80, 264, 177, 32, 'NGBHS', 22, 4.66, 4.33, NULL, NULL, 2010, NULL, NULL, 1, NULL, '2017-07-22 08:11:22', NULL, NULL),
(81, 265, 28, 33, 'NGBHS', 21, 4.63, 4, NULL, NULL, 2008, NULL, NULL, 1, NULL, '2017-07-22 08:17:25', NULL, NULL),
(82, 265, 177, 256, 'NGBHS', 197, 4.66, 4.33, NULL, NULL, 2010, NULL, NULL, 1, NULL, '2017-07-22 08:17:25', NULL, NULL),
(83, 266, 27, 32, '55555', 21, 3, 5, NULL, NULL, 2005, NULL, NULL, 1, NULL, '2017-07-22 09:01:33', NULL, NULL),
(84, 266, 28, 32, '22222222', 21, 5, 5, NULL, NULL, 2006, NULL, NULL, 1, NULL, '2017-07-22 09:01:33', NULL, NULL),
(85, 267, 27, 32, 'NGBHS', 21, 3.5, 3, NULL, NULL, 2014, NULL, NULL, 1, NULL, '2017-07-25 11:11:16', NULL, NULL),
(86, 267, 28, 32, 'NGBHS', 21, 3.6, 3, NULL, NULL, 2016, NULL, NULL, 1, NULL, '2017-07-25 11:11:16', NULL, NULL),
(87, 268, 27, 32, 'Uttara Model School, Dhaka.', 21, 5, 4.5, NULL, NULL, 2010, NULL, NULL, 1, NULL, '2017-07-25 11:49:45', NULL, NULL),
(88, 268, 28, 32, 'Banglabazar School and College', 21, 5, 4.5, NULL, NULL, 2012, NULL, NULL, 1, NULL, '2017-07-25 11:49:45', NULL, NULL),
(89, 269, 27, 32, 'NGBHS', 21, 5, 5, NULL, NULL, 2014, NULL, NULL, 1, NULL, '2017-07-26 09:56:42', NULL, NULL),
(90, 269, 28, 32, 'NGBHS', 22, 3.6, 3, NULL, NULL, 2016, NULL, NULL, 1, NULL, '2017-07-26 09:56:42', NULL, NULL),
(91, 270, 27, 32, 'Dhaka', 21, 23, 22, NULL, NULL, 2013, NULL, NULL, 1, NULL, '2017-07-26 10:56:30', NULL, NULL),
(92, 270, 27, 32, 'ddddd', 21, 33, 32, NULL, NULL, 2016, NULL, NULL, 1, NULL, '2017-07-26 10:56:30', NULL, NULL),
(93, 271, 27, 32, 'NGBHS', 21, 3.5, 3, NULL, NULL, 2014, NULL, NULL, 1, NULL, '2017-07-29 10:16:06', NULL, NULL),
(94, 271, 28, 32, 'NGBHS', 22, 3.6, 3, NULL, NULL, 2016, NULL, NULL, 1, NULL, '2017-07-29 10:16:06', NULL, NULL),
(95, 272, 27, 32, 'NGBHS', 21, 3.5, 3, NULL, NULL, 2014, NULL, NULL, 1, NULL, '2017-07-31 05:46:57', NULL, NULL),
(96, 272, 28, 32, 'NGBHS', 22, 3.6, 3, NULL, NULL, 2016, NULL, NULL, 1, NULL, '2017-07-31 05:46:57', NULL, NULL),
(97, 273, 27, 32, 'dh', 21, 3.5, 3, NULL, NULL, 2014, NULL, NULL, 1, NULL, '2017-08-08 08:40:16', NULL, NULL),
(98, 273, 28, 32, 'dk', 21, 4, 4, NULL, NULL, 2016, NULL, NULL, 1, NULL, '2017-08-08 08:40:16', NULL, NULL),
(99, 274, 27, 32, 'My School', 21, 5, 4.8, NULL, NULL, 2012, NULL, NULL, 1, NULL, '2017-08-10 09:38:25', NULL, NULL),
(100, 274, 27, 32, 'Govt. Bangla College', 21, 5, 5, NULL, NULL, 2014, NULL, NULL, 1, NULL, '2017-08-10 09:38:25', NULL, NULL),
(101, 275, 27, 32, 'Uttara Model School, Dhaka.', 22, 5, 5, NULL, NULL, 2010, NULL, NULL, 1, NULL, '2017-08-12 09:03:51', NULL, NULL),
(102, 275, 28, 33, 'Dhanmondi Boys College, Dhaka.', 22, 5, 4.5, NULL, NULL, 2012, NULL, NULL, 1, NULL, '2017-08-12 09:03:51', NULL, NULL),
(103, 276, 27, 33, 'NGBHS', 21, 3.5, 3, NULL, NULL, 2014, NULL, NULL, 1, NULL, '2017-09-11 07:03:01', NULL, NULL),
(104, 276, 28, 33, 'NGBHS', 198, 3.6, 3, NULL, NULL, 2016, NULL, NULL, 1, NULL, '2017-09-11 07:03:02', NULL, NULL),
(105, 277, 27, 32, 'NGBHS', 21, 4, 4, NULL, NULL, 2004, NULL, NULL, 1, NULL, '2017-09-13 11:33:36', NULL, NULL),
(106, 277, 28, 34, 'NGBHS', 22, 5, 5, NULL, NULL, 2006, NULL, NULL, 1, NULL, '2017-09-13 11:33:36', NULL, NULL);

-- --------------------------------------------------------

--
-- Table structure for table `student_adressinfo`
--

CREATE TABLE IF NOT EXISTS `student_adressinfo` (
  `STU_ADRESS_ID` bigint(14) NOT NULL AUTO_INCREMENT COMMENT 'Primary Key Of or_applicant_adress Table.',
  `STUDENT_ID` bigint(14) NOT NULL COMMENT 'Foreign Key To STUDENT_ID Column Of students_info Table.',
  `ADRESS_TYPE` enum('PS','PR') NOT NULL COMMENT 'Adress Type, PS=Present , PR=Permanent',
  `SAS_PSORPR` enum('PS','PR') NOT NULL COMMENT 'Adress Same As, PS=Present , PR=Permanent',
  `HOUSE_NO_NAME` varchar(100) DEFAULT NULL COMMENT 'House No / Name',
  `ROAD_AVENO_NAME` varchar(100) DEFAULT NULL COMMENT 'Road / Ave No / Name',
  `VILLAGE_WARD` varchar(100) DEFAULT NULL COMMENT 'Villange / Ward  / Municipality',
  `UNION_ID` smallint(6) DEFAULT NULL COMMENT 'Foreign Key To UNION_ID Column Of sa_unions Table.',
  `THANA_ID` int(11) DEFAULT NULL COMMENT 'Foreign Key To THANA_ID Column Of sa_thanas Table.',
  `POST_OFFICE_ID` int(11) DEFAULT NULL COMMENT 'Foreign Key To POST_OFFICE_ID Column Of sa_post_offices Table.',
  `POLICE_STATION_ID` int(11) DEFAULT NULL COMMENT 'Foreign Key To POLICE_STATION_ID Column Of sa_police_station Table.',
  `DISTRICT_ID` int(11) DEFAULT NULL COMMENT 'Foreign Key To DISTRICT_ID Column Of sa_districts Table.',
  `DIVISION_ID` tinyint(2) DEFAULT NULL,
  `ACTIVE_FLAG` tinyint(1) NOT NULL DEFAULT '1' COMMENT 'Record Status 1= Active, 0=Inactive',
  `CREATED_BY` bigint(14) DEFAULT NULL COMMENT 'Record Create User Id',
  `CREATE_DATE` timestamp NOT NULL DEFAULT CURRENT_TIMESTAMP COMMENT 'Record Inserted Date And Time',
  `UPDATED_BY` bigint(14) DEFAULT NULL COMMENT 'Record Updated User Id',
  `UPDATE_DATE` datetime DEFAULT NULL COMMENT 'Record Updated Date And Time',
  PRIMARY KEY (`STU_ADRESS_ID`)
) ENGINE=InnoDB  DEFAULT CHARSET=latin1 AUTO_INCREMENT=58 ;

--
-- Dumping data for table `student_adressinfo`
--

INSERT INTO `student_adressinfo` (`STU_ADRESS_ID`, `STUDENT_ID`, `ADRESS_TYPE`, `SAS_PSORPR`, `HOUSE_NO_NAME`, `ROAD_AVENO_NAME`, `VILLAGE_WARD`, `UNION_ID`, `THANA_ID`, `POST_OFFICE_ID`, `POLICE_STATION_ID`, `DISTRICT_ID`, `DIVISION_ID`, `ACTIVE_FLAG`, `CREATED_BY`, `CREATE_DATE`, `UPDATED_BY`, `UPDATE_DATE`) VALUES
(1, 234, 'PS', '', NULL, NULL, '10', 144, 29, 1023, 29, 3, 1, 1, NULL, '2017-06-21 08:57:00', NULL, NULL),
(2, 234, 'PR', '', NULL, NULL, '105', 2, 475, 379, 475, 2, 2, 1, NULL, '2017-06-21 08:57:00', NULL, NULL),
(3, 1, 'PS', 'PS', NULL, NULL, 'My Village', 1876, 43, 254, 43, 13, 3, 1, NULL, '2017-07-01 04:56:12', NULL, NULL),
(4, 235, 'PS', '', NULL, NULL, '', 0, 0, 0, 0, 0, 0, 1, NULL, '2017-07-01 10:20:06', NULL, NULL),
(5, 235, 'PR', '', NULL, NULL, '', 0, 0, 0, 0, 0, 0, 1, NULL, '2017-07-01 10:20:06', NULL, NULL),
(6, 236, 'PS', '', NULL, NULL, '', 0, 0, 0, 0, 0, 0, 1, NULL, '2017-07-02 03:42:59', NULL, NULL),
(7, 236, 'PR', '', NULL, NULL, '', 0, 0, 0, 0, 0, 0, 1, NULL, '2017-07-02 03:42:59', NULL, NULL),
(8, 237, 'PS', 'PS', NULL, NULL, '', 0, 0, 0, 0, 13, 3, 1, NULL, '2017-07-02 04:40:14', NULL, NULL),
(9, 238, 'PS', '', NULL, NULL, '', 0, 0, 0, 0, 0, 0, 1, NULL, '2017-07-02 06:04:04', NULL, NULL),
(10, 238, 'PR', '', NULL, NULL, '', 0, 0, 0, 0, 0, 0, 1, NULL, '2017-07-02 06:04:04', NULL, NULL),
(12, 240, 'PS', 'PS', NULL, NULL, '6', 144, 29, 1023, 29, 3, 1, 1, NULL, '2017-07-02 11:05:12', NULL, NULL),
(13, 241, 'PS', 'PS', NULL, NULL, '04', 2787, 428, 146, 428, 13, 3, 1, NULL, '2017-07-03 04:15:17', NULL, NULL),
(14, 242, 'PS', '', NULL, NULL, '', 0, 0, 0, 0, 0, 0, 1, NULL, '2017-07-03 04:37:13', NULL, NULL),
(15, 242, 'PR', '', NULL, NULL, '', 0, 0, 0, 0, 0, 0, 1, NULL, '2017-07-03 04:37:13', NULL, NULL),
(16, 243, 'PS', 'PS', NULL, NULL, '', 0, 178, 0, 178, 63, 3, 1, NULL, '2017-07-03 04:50:12', NULL, NULL),
(17, 244, 'PS', 'PS', NULL, NULL, '199/A', 2747, 421, 50, 421, 13, 3, 1, NULL, '2017-07-03 05:53:05', NULL, NULL),
(18, 245, 'PS', 'PS', NULL, NULL, '', 2704, 28, 0, 28, 13, 3, 1, NULL, '2017-07-03 07:08:01', NULL, NULL),
(19, 246, 'PS', '', NULL, NULL, '', 0, 0, 0, 0, 0, 0, 1, NULL, '2017-07-04 08:48:03', NULL, NULL),
(20, 246, 'PR', '', NULL, NULL, '', 0, 0, 0, 0, 0, 0, 1, NULL, '2017-07-04 08:48:03', NULL, NULL),
(21, 247, 'PS', 'PS', NULL, NULL, '32', 189, 443, 1013, 443, 4, 1, 1, NULL, '2017-07-05 08:23:31', NULL, NULL),
(22, 248, 'PS', '', NULL, NULL, '12', 344, 448, 0, 448, 4, 1, 1, NULL, '2017-07-10 08:36:05', NULL, NULL),
(23, 249, 'PS', 'PS', NULL, NULL, '34', 202, 36, 0, 36, 4, 1, 1, NULL, '2017-07-11 05:09:33', NULL, NULL),
(24, 250, 'PS', 'PS', NULL, NULL, '9', 144, 29, 1023, 29, 3, 1, 1, NULL, '2017-07-11 05:30:01', NULL, NULL),
(25, 251, 'PS', 'PS', NULL, NULL, '6', 2, 475, 0, 475, 2, 2, 1, NULL, '2017-07-11 05:32:28', NULL, NULL),
(26, 252, 'PS', 'PS', NULL, NULL, '63', 278, 29, 1023, 29, 3, 1, 1, NULL, '2017-07-11 05:32:52', NULL, NULL),
(27, 253, 'PS', '', NULL, NULL, '199', 2707, 28, 0, 28, 13, 3, 1, NULL, '2017-07-11 05:37:15', NULL, NULL),
(28, 253, 'PR', '', NULL, NULL, 'Sadinagar,1/3', 6623, 351, 1329, 351, 56, 8, 1, NULL, '2017-07-11 05:37:15', NULL, NULL),
(29, 254, 'PS', 'PS', NULL, NULL, '45', 198, 36, 0, 36, 4, 1, 1, NULL, '2017-07-11 09:23:22', NULL, NULL),
(31, 248, 'PR', '', NULL, NULL, '85', 2183, 14, 0, 14, 15, 3, 1, NULL, '2017-07-12 04:48:26', NULL, NULL),
(32, 255, 'PS', 'PS', NULL, NULL, '45', 2, 475, 379, 475, 2, 2, 1, NULL, '2017-07-18 05:26:00', NULL, NULL),
(33, 256, 'PS', 'PS', NULL, NULL, '15', 144, 29, 1023, 29, 3, 1, 1, NULL, '2017-07-19 10:56:35', NULL, NULL),
(34, 257, 'PS', '', NULL, NULL, '15', 252, 438, 1010, 438, 3, 1, 1, NULL, '2017-07-19 11:39:22', NULL, NULL),
(35, 257, 'PR', '', NULL, NULL, '16', 2, 475, 379, 475, 2, 2, 1, NULL, '2017-07-19 11:39:22', NULL, NULL),
(36, 258, 'PS', 'PS', NULL, NULL, '75', 80, 484, 423, 484, 7, 2, 1, NULL, '2017-07-20 03:45:52', NULL, NULL),
(37, 259, 'PS', '', NULL, NULL, '', 0, 0, 0, 0, 0, 0, 1, NULL, '2017-07-20 03:50:55', NULL, NULL),
(38, 259, 'PR', '', NULL, NULL, '', 0, 0, 0, 0, 0, 0, 1, NULL, '2017-07-20 03:50:55', NULL, NULL),
(39, 260, 'PS', 'PS', NULL, NULL, '200', 144, 29, 1023, 29, 3, 1, 1, NULL, '2017-07-20 08:18:57', NULL, NULL),
(40, 261, 'PS', '', NULL, NULL, '45', 202, 36, 0, 36, 4, 1, 1, NULL, '2017-07-20 08:51:45', NULL, NULL),
(41, 261, 'PR', '', NULL, NULL, '45', 202, 36, 0, 36, 4, 1, 1, NULL, '2017-07-20 08:51:45', NULL, NULL),
(42, 262, 'PS', 'PS', NULL, NULL, '85', 6618, 351, 1325, 351, 56, 8, 1, NULL, '2017-07-22 07:07:38', NULL, NULL),
(43, 263, 'PS', 'PS', NULL, NULL, '12', 14, 476, 384, 476, 2, 2, 1, NULL, '2017-07-22 07:29:32', NULL, NULL),
(44, 264, 'PS', 'PS', NULL, NULL, '45', 409, 452, 0, 452, 5, 1, 1, NULL, '2017-07-22 08:11:22', NULL, NULL),
(45, 265, 'PS', 'PS', NULL, NULL, '12', 2256, 88, 779, 88, 18, 3, 1, NULL, '2017-07-22 08:17:25', NULL, NULL),
(46, 266, 'PS', 'PS', NULL, NULL, 'hghgfg', 7199, 370, 0, 370, 20, 6, 1, NULL, '2017-07-22 09:01:33', NULL, NULL),
(47, 267, 'PS', 'PS', NULL, NULL, '6', 144, 29, 1023, 29, 3, 1, 1, NULL, '2017-07-25 11:11:16', NULL, NULL),
(48, 268, 'PS', 'PS', NULL, NULL, '75', 11, 476, 384, 476, 2, 2, 1, NULL, '2017-07-25 11:49:45', NULL, NULL),
(49, 269, 'PS', 'PS', NULL, NULL, '15', 144, 29, 1023, 29, 3, 1, 1, NULL, '2017-07-26 09:56:42', NULL, NULL),
(50, 270, 'PS', 'PS', NULL, NULL, 'hghgfg', 1947, 78, 375, 78, 13, 3, 1, NULL, '2017-07-26 10:56:30', NULL, NULL),
(51, 271, 'PS', 'PS', NULL, NULL, '200', 144, 29, 1023, 29, 3, 1, 1, NULL, '2017-07-29 10:16:06', NULL, NULL),
(52, 272, 'PS', 'PS', NULL, NULL, '300', 144, 29, 1023, 29, 3, 1, 1, NULL, '2017-07-31 05:46:57', NULL, NULL),
(53, 273, 'PS', 'PS', NULL, NULL, '15', 144, 29, 1023, 29, 3, 1, 1, NULL, '2017-08-08 08:40:16', NULL, NULL),
(54, 274, 'PS', 'PS', NULL, NULL, '12', 182, 442, 0, 442, 4, 1, 1, NULL, '2017-08-10 09:38:25', NULL, NULL),
(55, 275, 'PS', 'PS', NULL, NULL, '12', 203, 36, 0, 36, 4, 1, 1, NULL, '2017-08-12 09:03:51', NULL, NULL),
(56, 276, 'PS', 'PS', NULL, NULL, '100', 144, 29, 1023, 29, 3, 1, 1, NULL, '2017-09-11 07:03:02', NULL, NULL),
(57, 277, 'PS', 'PS', NULL, NULL, '6999', 144, 29, 1023, 29, 3, 1, 1, NULL, '2017-09-13 11:33:36', NULL, NULL);

-- --------------------------------------------------------

--
-- Table structure for table `student_courseinfo`
--

CREATE TABLE IF NOT EXISTS `student_courseinfo` (
  `STU_CRS_ID` bigint(14) NOT NULL AUTO_INCREMENT,
  `STUDENT_ID` bigint(14) NOT NULL,
  `OFFERED_COURSE_ID` int(11) NOT NULL,
  `SESSION_ID` int(11) NOT NULL,
  `SEMISTER_SL_NO` int(11) NOT NULL,
  `FACULTY_ID` smallint(6) NOT NULL,
  `DEPT_ID` tinyint(3) NOT NULL,
  `PROGRAM_ID` int(11) NOT NULL,
  `COURSE_ID` int(11) NOT NULL,
  `COURSE_FOR` varchar(10) DEFAULT 'F' COMMENT 'F="Final",I="Improvement",R="Retake"',
  `IS_CURRENT` tinyint(1) DEFAULT '0',
  `IS_DROPPED` tinyint(1) DEFAULT '0',
  `DROPPED_DATE` date DEFAULT NULL,
  `ACTIVE_STATUS` tinyint(1) DEFAULT '0',
  `CREATED_BY` int(11) DEFAULT NULL,
  `CREATE_DATE` timestamp NOT NULL DEFAULT CURRENT_TIMESTAMP,
  `UPDATED_BY` int(11) DEFAULT NULL,
  `UPDATE_DATE` datetime DEFAULT NULL,
  PRIMARY KEY (`STU_CRS_ID`)
) ENGINE=InnoDB  DEFAULT CHARSET=latin1 AUTO_INCREMENT=278 ;

--
-- Dumping data for table `student_courseinfo`
--

INSERT INTO `student_courseinfo` (`STU_CRS_ID`, `STUDENT_ID`, `OFFERED_COURSE_ID`, `SESSION_ID`, `SEMISTER_SL_NO`, `FACULTY_ID`, `DEPT_ID`, `PROGRAM_ID`, `COURSE_ID`, `COURSE_FOR`, `IS_CURRENT`, `IS_DROPPED`, `DROPPED_DATE`, `ACTIVE_STATUS`, `CREATED_BY`, `CREATE_DATE`, `UPDATED_BY`, `UPDATE_DATE`) VALUES
(266, 269, 92, 6, 1, 5, 1, 1, 415, 'F', 1, 0, NULL, 0, 18, '2017-10-31 06:58:51', NULL, NULL),
(267, 269, 93, 6, 1, 5, 1, 1, 416, 'F', 1, 0, NULL, 0, 18, '2017-10-31 06:58:51', NULL, NULL),
(268, 269, 94, 6, 1, 5, 1, 1, 417, 'F', 1, 0, NULL, 0, 18, '2017-10-31 06:58:51', NULL, NULL),
(269, 269, 108, 6, 1, 5, 1, 1, 436, 'F', 1, 0, NULL, 0, 18, '2017-10-31 06:58:51', NULL, NULL),
(270, 273, 92, 6, 1, 5, 1, 1, 415, 'F', 1, 0, NULL, 0, 18, '2017-10-31 08:10:27', NULL, NULL),
(271, 273, 93, 6, 1, 5, 1, 1, 416, 'F', 1, 0, NULL, 0, 18, '2017-10-31 08:10:27', NULL, NULL),
(272, 273, 94, 6, 1, 5, 1, 1, 417, 'F', 1, 0, NULL, 0, 18, '2017-10-31 08:10:28', NULL, NULL),
(273, 273, 108, 6, 1, 5, 1, 1, 436, 'F', 1, 0, NULL, 0, 18, '2017-10-31 08:10:28', NULL, NULL),
(274, 18, 92, 6, 1, 5, 1, 1, 415, 'F', 1, 0, NULL, 0, 18, '2017-10-31 08:10:48', NULL, NULL),
(275, 18, 93, 6, 1, 5, 1, 1, 416, 'F', 1, 0, NULL, 0, 18, '2017-10-31 08:10:48', NULL, NULL),
(276, 18, 94, 6, 1, 5, 1, 1, 417, 'F', 1, 0, NULL, 0, 18, '2017-10-31 08:10:48', NULL, NULL),
(277, 18, 108, 6, 1, 5, 1, 1, 436, 'F', 1, 0, NULL, 0, 18, '2017-10-31 08:10:48', NULL, NULL);

-- --------------------------------------------------------

--
-- Table structure for table `student_gurdianinfo`
--

CREATE TABLE IF NOT EXISTS `student_gurdianinfo` (
  `STU_PARENT_ID` bigint(14) NOT NULL AUTO_INCREMENT,
  `STUDENT_ID` bigint(14) NOT NULL COMMENT 'Foreign Key To STUDENT_ID Column Of students_info Table.',
  `GURDIAN_NAME` varchar(100) DEFAULT NULL,
  `OCCUPATION` varchar(100) DEFAULT NULL,
  `GUARDIAN_TYPE` char(1) DEFAULT NULL,
  `WORKING_ORG` varchar(200) CHARACTER SET utf8 COLLATE utf8_croatian_ci DEFAULT NULL,
  `MOBILE_NO` varchar(15) CHARACTER SET utf8 COLLATE utf8_croatian_ci DEFAULT NULL,
  `EMAIL_ADRESS` varchar(50) CHARACTER SET utf8 COLLATE utf8_croatian_ci DEFAULT NULL,
  `PASSWORD` varchar(70) CHARACTER SET utf8 COLLATE utf8_croatian_ci DEFAULT NULL,
  `LOCAL_GUARDIAN_FG` tinyint(1) DEFAULT '0',
  `GUARDIAN_RELATION` int(11) DEFAULT NULL,
  `ORG_ID` int(11) DEFAULT '1',
  `ADDRESS` varchar(200) DEFAULT NULL,
  `ACTIVE_FLAG` tinyint(1) NOT NULL DEFAULT '1' COMMENT 'Record Status 1= Active, 0=Inactive',
  `CREATED_BY` bigint(14) DEFAULT NULL COMMENT 'Record Create User Id',
  `CREATE_DATE` timestamp NOT NULL DEFAULT CURRENT_TIMESTAMP COMMENT 'Record Inserted Date And Time',
  `UPDATED_BY` bigint(14) DEFAULT NULL COMMENT 'Record Updated User Id',
  `UPDATE_DATE` datetime DEFAULT NULL COMMENT 'Record Updated Date And Time',
  PRIMARY KEY (`STU_PARENT_ID`)
) ENGINE=InnoDB  DEFAULT CHARSET=latin1 AUTO_INCREMENT=125 ;

--
-- Dumping data for table `student_gurdianinfo`
--

INSERT INTO `student_gurdianinfo` (`STU_PARENT_ID`, `STUDENT_ID`, `GURDIAN_NAME`, `OCCUPATION`, `GUARDIAN_TYPE`, `WORKING_ORG`, `MOBILE_NO`, `EMAIL_ADRESS`, `PASSWORD`, `LOCAL_GUARDIAN_FG`, `GUARDIAN_RELATION`, `ORG_ID`, `ADDRESS`, `ACTIVE_FLAG`, `CREATED_BY`, `CREATE_DATE`, `UPDATED_BY`, `UPDATE_DATE`) VALUES
(1, 234, 'My Father', '192', 'F', '                                                                            ', '', 'fa@gmail.com', NULL, 0, NULL, 1, NULL, 1, NULL, '2017-06-21 08:57:00', NULL, NULL),
(2, 234, 'My Mother', '', 'M', NULL, '', '', NULL, 0, NULL, 1, NULL, 1, NULL, '2017-06-21 08:57:00', NULL, NULL),
(3, 1, 'My Father', '9', 'F', '                                            Dhaka                                                                                                               ', '01554584568', 'fa@gmail.com', NULL, 1, NULL, 1, NULL, 1, NULL, '2017-07-01 04:54:48', NULL, NULL),
(4, 1, 'My Mother', '9', 'M', '                                    Rajshahi                                                                                                    ', '01874548542', 'mo@gmail.com', NULL, 0, NULL, 1, NULL, 1, NULL, '2017-07-01 04:54:48', NULL, NULL),
(5, 235, 'demo', '', 'F', '                                                                            ', '', 'demo@gmail.com', NULL, 0, NULL, 1, NULL, 1, NULL, '2017-07-01 10:20:06', NULL, NULL),
(6, 235, 'dem0', '', 'M', NULL, '', '', NULL, 0, NULL, 1, NULL, 1, NULL, '2017-07-01 10:20:06', NULL, NULL),
(7, 236, 'My Father', '', 'F', '                                                                            ', '', 'fa@gmail.com', NULL, 0, NULL, 1, NULL, 1, NULL, '2017-07-02 03:42:59', NULL, NULL),
(8, 236, 'My Mother', '', 'M', NULL, '', 'mo@gmail.com', NULL, 0, NULL, 1, NULL, 1, NULL, '2017-07-02 03:42:59', NULL, NULL),
(9, 237, 'Mr. Demo', '192', 'F', '                                                                            ', '', 'demon@yahoo.com', NULL, 0, NULL, 1, NULL, 1, NULL, '2017-07-02 04:40:15', NULL, NULL),
(10, 237, 'Mrs. Demo', '192', 'M', NULL, '', '', NULL, 0, NULL, 1, NULL, 1, NULL, '2017-07-02 04:40:15', NULL, NULL),
(11, 238, 'My Father', '', 'F', '                                                                            ', '', 'fa@gmail.com', NULL, 0, NULL, 1, NULL, 1, NULL, '2017-07-02 06:04:04', NULL, NULL),
(12, 238, 'My Mother', '', 'M', NULL, '', 'mo@gmail.com', NULL, 0, NULL, 1, NULL, 1, NULL, '2017-07-02 06:04:04', NULL, NULL),
(15, 240, 'FATHER NAME ', '10', 'F', '                        Dhaka                                                    ', '01722586936', 'FAF@GAMIL.COM', NULL, 0, NULL, 1, NULL, 1, NULL, '2017-07-02 11:05:12', NULL, NULL),
(16, 240, 'MOTHER NAME', '10', 'M', NULL, '017225869856', 'MEA@GMAIL.COM', NULL, 0, NULL, 1, NULL, 1, NULL, '2017-07-02 11:05:12', NULL, NULL),
(17, 241, 'Late Sherajul Islam', '', 'F', '                 House: 317, Road: 04, Block: A, Khilgaon, Tilpapara, Dhaka-1219                                                          ', '01719593827', 'atiltd1@gmail.com', NULL, 0, NULL, 1, NULL, 1, NULL, '2017-07-03 04:15:17', NULL, NULL),
(18, 241, 'Rehena Akter', '211', 'M', NULL, '01753332535', 'hasan1@gmail.com', NULL, 0, NULL, 1, NULL, 1, NULL, '2017-07-03 04:15:17', NULL, NULL),
(20, 242, 'FATHER NAME ', '9', 'F', '                                                                            ', '', 'FAF@GAMIL.COM', NULL, 0, NULL, 1, NULL, 1, NULL, '2017-07-03 04:37:13', NULL, NULL),
(21, 242, 'MOTHER NAME', '', 'M', NULL, '', 'MEA@GMAIL.COM', NULL, 0, NULL, 1, NULL, 1, NULL, '2017-07-03 04:37:13', NULL, NULL),
(22, 243, 'Hasan', '9', 'F', '                                                                            ', '01758926922', 'akhi@atilimited.net', NULL, 0, NULL, 1, NULL, 1, NULL, '2017-07-03 04:50:12', NULL, NULL),
(23, 243, 'Hasina Begum', '211', 'M', NULL, '', '', NULL, 0, NULL, 1, NULL, 1, NULL, '2017-07-03 04:50:12', NULL, NULL),
(24, 244, 'Md. Harunur Rashid', '10', 'F', '                                                                      Dhaka                                    ', '0155236598', 'harunur@yahoo.com', NULL, 1, NULL, 1, NULL, 1, NULL, '2017-07-03 05:53:05', NULL, NULL),
(25, 244, 'Masuma Khanam', '210', 'M', '                                                                    ', '01832564789', 'masuma@yahoo.com', NULL, 0, NULL, 1, NULL, 1, NULL, '2017-07-03 05:53:05', NULL, NULL),
(26, 245, 'Rafig', '10', 'F', '                                                                            ', '', 'akhi11203003@gmail.com', NULL, 0, NULL, 1, NULL, 1, NULL, '2017-07-03 07:08:01', NULL, NULL),
(27, 245, 'santi Begum', '9', 'M', NULL, '', '', NULL, 0, NULL, 1, NULL, 1, NULL, '2017-07-03 07:08:01', NULL, NULL),
(28, 246, 'My Father', '', 'F', '                                                                            ', '', 'fa@gmail.com', NULL, 0, NULL, 1, NULL, 1, NULL, '2017-07-04 08:48:03', NULL, NULL),
(29, 246, 'My Mother', '', 'M', NULL, '', 'mo@gmail.com', NULL, 0, NULL, 1, NULL, 1, NULL, '2017-07-04 08:48:04', NULL, NULL),
(30, 3, 'Abdul korim', '193', 'F', '                                                                                ', '', '', NULL, 0, NULL, 1, NULL, 1, NULL, '2017-07-04 12:14:36', NULL, NULL),
(31, 3, 'MM', '192', 'M', '                                                                    ', '', '', NULL, 0, NULL, 1, NULL, 1, NULL, '2017-07-04 12:14:37', NULL, NULL),
(33, 247, 'Father Name', '10', 'F', '                                            Dhaka                                    ', '01458458458', 'fa@gmail.com', NULL, 0, NULL, 1, NULL, 1, NULL, '2017-07-05 08:23:31', NULL, NULL),
(34, 247, 'Mother Name', '10', 'M', '                                                                    ', '01454875468', 'mo@gmail.com', NULL, 0, NULL, 1, NULL, 1, NULL, '2017-07-05 08:23:31', NULL, NULL),
(36, 248, 'My Father', '9', 'F', 'Dhaka', '01444444444', 'fa@gmail.com', NULL, 0, NULL, 1, NULL, 1, NULL, '2017-07-10 08:36:05', NULL, NULL),
(37, 248, 'My Mother', '9', 'M', 'Rajshahi', '01715485421', 'mo@gmail.com', NULL, 0, NULL, 1, NULL, 1, NULL, '2017-07-10 08:36:05', NULL, NULL),
(38, 249, 'Hamid', '10', 'F', 'dhaka', '01721457894', 'reazulislam651@gmail.com', NULL, 0, NULL, 1, NULL, 1, NULL, '2017-07-11 05:09:33', NULL, NULL),
(39, 249, 'sultana', '211', 'M', NULL, '01784512345', 'reazulislam@gmail.com', NULL, 0, NULL, 1, NULL, 1, NULL, '2017-07-11 05:09:33', NULL, NULL),
(40, 250, 'father name', '9', 'F', '', '01722085398', '', NULL, 0, NULL, 1, NULL, 1, NULL, '2017-07-11 05:30:01', NULL, NULL),
(41, 250, 'm', '10', 'M', NULL, '', '', NULL, 0, NULL, 1, NULL, 1, NULL, '2017-07-11 05:30:01', NULL, NULL),
(42, 251, 'FATHER NAME ', '', 'F', '', '', '', NULL, 0, NULL, 1, NULL, 1, NULL, '2017-07-11 05:32:28', NULL, NULL),
(43, 251, 'MOTHER NAME', '', 'M', NULL, '', '', NULL, 0, NULL, 1, NULL, 1, NULL, '2017-07-11 05:32:28', NULL, NULL),
(44, 252, 'FATHER NAME ', '9', 'F', 'Dhaka', '01722586936', 'FAF@GAMIL.COM', NULL, 0, NULL, 1, NULL, 1, NULL, '2017-07-11 05:32:52', NULL, NULL),
(45, 252, 'MOTHER NAME', '10', 'M', NULL, '01722058698', 'MEA@GMAIL.COM', NULL, 0, NULL, 1, NULL, 1, NULL, '2017-07-11 05:32:52', NULL, NULL),
(47, 253, 'Md. Harunur Rashid', '10', 'F', 'Rangpur', '01892563478', 'harun@yahoo.com', NULL, 0, NULL, 1, NULL, 1, NULL, '2017-07-11 05:37:15', NULL, NULL),
(48, 253, 'Moriam Begum', '211', 'M', NULL, '01552369854', 'mbegum@gmail.com', NULL, 0, NULL, 1, NULL, 1, NULL, '2017-07-11 05:37:15', NULL, NULL),
(50, 254, 'rasel', '10', 'F', 'dhaka', '01978456321', 'reazulislam651@gmail.com', NULL, 0, NULL, 1, NULL, 1, NULL, '2017-07-11 09:23:22', NULL, NULL),
(51, 254, 'maria', '211', 'M', '', '01896547845', 'reazulislam651@gmail.com', NULL, 0, NULL, 1, NULL, 1, NULL, '2017-07-11 09:23:22', NULL, NULL),
(62, 254, 'My ', NULL, 'O', NULL, '015555555555', NULL, NULL, 1, 186, 1, 'FFF', 1, NULL, '2017-07-13 04:51:02', NULL, NULL),
(63, 255, 'Abul Hasan', '10', 'F', 'Dhaka', '01789456123', 'abulhasanali@gmail.com', NULL, 0, NULL, 1, NULL, 1, NULL, '2017-07-18 05:26:00', NULL, NULL),
(64, 255, 'Jorna Akther', '211', 'M', NULL, '01789456123', 'jahanara@gmail.com', NULL, 0, NULL, 1, NULL, 1, NULL, '2017-07-18 05:26:00', NULL, NULL),
(65, 3, '', NULL, 'O', NULL, '', NULL, NULL, 1, 0, 1, '', 1, NULL, '2017-07-18 09:36:49', NULL, NULL),
(66, 256, 'Father name', '', 'F', '', '', '', NULL, 0, NULL, 1, NULL, 1, NULL, '2017-07-19 10:56:35', NULL, NULL),
(67, 256, 'Mother Name', '', 'M', '', '', '', NULL, 0, NULL, 1, NULL, 1, NULL, '2017-07-19 10:56:35', NULL, NULL),
(68, 257, 'Father name', '9', 'F', 'Dhaka', '01722085398', 'father@gmail.com', NULL, 0, NULL, 1, NULL, 1, NULL, '2017-07-19 11:39:22', NULL, NULL),
(69, 257, 'Mother Name', '9', 'M', 'Dhaka', '01722085369', 'mother@gmail.com', NULL, 0, NULL, 1, NULL, 1, NULL, '2017-07-19 11:39:22', NULL, NULL),
(70, 257, 'Rana Islam', NULL, 'O', NULL, '01722058596', NULL, NULL, 0, NULL, 1, NULL, 1, NULL, '2017-07-19 11:39:22', NULL, NULL),
(71, 258, 'Father Name', '192', 'F', '', '', '', NULL, 0, NULL, 1, NULL, 1, NULL, '2017-07-20 03:45:52', NULL, NULL),
(72, 258, 'Mother Name', '193', 'M', NULL, '', '', NULL, 0, NULL, 1, NULL, 1, NULL, '2017-07-20 03:45:52', NULL, NULL),
(73, 259, 'My Father', '', 'F', '                                                                            ', '', 'fa@gmail.com', NULL, 0, NULL, 1, NULL, 1, NULL, '2017-07-20 03:50:55', NULL, NULL),
(74, 259, 'My Mother', '', 'M', NULL, '', 'mo@gmail.com', NULL, 0, NULL, 1, NULL, 1, NULL, '2017-07-20 03:50:55', NULL, NULL),
(76, 248, 'My Local Guardian 777', NULL, 'O', NULL, '01444444444', NULL, NULL, 1, 186, 1, 'Mirpur', 1, NULL, '2017-07-20 03:57:20', NULL, NULL),
(77, 260, 'Father Name', '192', 'F', 'Dhaka', '01722058963', 'f@gmail.com', NULL, 1, NULL, 1, NULL, 1, NULL, '2017-07-20 08:18:57', NULL, NULL),
(78, 260, 'Mother Name', '192', 'M', 'Raj', '01722058963', 'm@gmail.com', NULL, 0, NULL, 1, NULL, 1, NULL, '2017-07-20 08:18:57', NULL, NULL),
(79, 261, 'Hamid', '9', 'F', '                                            dhaka                                    ', '01918934654', 'reazulislam651@gmail.com', NULL, 0, NULL, 1, NULL, 1, NULL, '2017-07-20 08:51:45', NULL, NULL),
(80, 261, 'sultana', '193', 'M', '             dhaka                                                       ', '01918963465', 'reazulislam651@gmail.com', NULL, 0, NULL, 1, NULL, 1, NULL, '2017-07-20 08:51:45', NULL, NULL),
(81, 262, 'Saiful Islam', '193', 'F', 'Rangpur District', '01717548541', 'saiful@gmail.com', NULL, 0, NULL, 1, NULL, 1, NULL, '2017-07-22 07:07:38', NULL, NULL),
(82, 262, 'Amina Begum', '211', 'M', 'Rangpur', '01719548541', 'amina@yahoo.com', NULL, 0, NULL, 1, NULL, 1, NULL, '2017-07-22 07:07:38', NULL, NULL),
(83, 263, 'My Father', '10', 'F', '', '', '', NULL, 0, NULL, 1, NULL, 1, NULL, '2017-07-22 07:29:32', NULL, NULL),
(84, 263, 'My Mother', '', 'M', '', '', '', NULL, 0, NULL, 1, NULL, 1, NULL, '2017-07-22 07:29:32', NULL, NULL),
(85, 264, 'Father name', '', 'F', '', '', '', NULL, 0, NULL, 1, NULL, 1, NULL, '2017-07-22 08:11:22', NULL, NULL),
(86, 264, 'Mother Name', '', 'M', '', '', '', NULL, 0, NULL, 1, NULL, 1, NULL, '2017-07-22 08:11:22', NULL, NULL),
(87, 265, 'Father name', '', 'F', '', '', '', NULL, 0, NULL, 1, NULL, 1, NULL, '2017-07-22 08:17:25', NULL, NULL),
(88, 265, 'Mother Name', '', 'M', '', '', '', NULL, 0, NULL, 1, NULL, 1, NULL, '2017-07-22 08:17:25', NULL, NULL),
(89, 266, '444444', '', 'F', '', '', '', NULL, 0, NULL, 1, NULL, 1, NULL, '2017-07-22 09:01:33', NULL, NULL),
(90, 266, '4774745454', '', 'M', '', '', '', NULL, 0, NULL, 1, NULL, 1, NULL, '2017-07-22 09:01:33', NULL, NULL),
(91, 23, 'Father', '9', 'F', '', '', '', NULL, 1, NULL, 1, NULL, 1, NULL, '2017-07-22 10:45:06', NULL, NULL),
(92, 23, 'My Mother', '', 'M', '', '', '', NULL, 0, NULL, 1, NULL, 1, NULL, '2017-07-22 10:45:06', NULL, NULL),
(93, 267, 'FATHER NAME ', '', 'F', '', '', '', NULL, 0, NULL, 1, NULL, 1, NULL, '2017-07-25 11:11:16', NULL, NULL),
(94, 267, 'MOTHER NAME', '', 'M', '', '', '', NULL, 0, NULL, 1, NULL, 1, NULL, '2017-07-25 11:11:16', NULL, NULL),
(95, 268, 'Father', '', 'F', '', '', '', NULL, 0, NULL, 1, NULL, 1, NULL, '2017-07-25 11:49:45', NULL, NULL),
(96, 268, 'My Mother', '', 'M', '', '', '', NULL, 0, NULL, 1, NULL, 1, NULL, '2017-07-25 11:49:45', NULL, NULL),
(97, 269, 'FATHER NAME ', '9', 'F', '', '01722586936', 'father@gmail.com', NULL, 0, NULL, 1, NULL, 1, NULL, '2017-07-26 09:56:42', NULL, NULL),
(98, 269, 'MOTHER NAME', '10', 'M', '', '01722085398', 'mother@gmail.com', NULL, 0, NULL, 1, NULL, 1, NULL, '2017-07-26 09:56:42', NULL, NULL),
(99, 270, '454545455', '9', 'F', '', '', '', NULL, 0, NULL, 1, NULL, 1, NULL, '2017-07-26 10:56:30', NULL, NULL),
(100, 270, '454545445', '9', 'M', '', '', '', NULL, 0, NULL, 1, NULL, 1, NULL, '2017-07-26 10:56:30', NULL, NULL),
(101, 271, 'FATHER NAME ', '9', 'F', 'Dhaka', '01722586936', 'FAF@GAMIL.COM', NULL, 0, NULL, 1, NULL, 1, NULL, '2017-07-29 10:16:06', NULL, NULL),
(102, 271, 'MOTHER NAME', '10', 'M', 'Dhaka', '01722085398', 'MEA@GMAIL.COM', NULL, 0, NULL, 1, NULL, 1, NULL, '2017-07-29 10:16:06', NULL, NULL),
(103, 272, 'Father Name', '9', 'F', 'Dhaka', '01722586936', 'FAF@GAMIL.COM', NULL, 0, NULL, 1, NULL, 1, NULL, '2017-07-31 05:46:57', NULL, NULL),
(104, 272, 'Mother Name', '10', 'M', 'Dhaka', '01722085398', 'MEA@GMAIL.COM', NULL, 0, NULL, 1, NULL, 1, NULL, '2017-07-31 05:46:57', NULL, NULL),
(105, 273, 'Father name', '', 'F', '', '', '', NULL, 0, NULL, 1, NULL, 1, NULL, '2017-08-08 08:40:16', NULL, NULL),
(106, 273, 'Mother Name', '', 'M', '', '', '', NULL, 0, NULL, 1, NULL, 1, NULL, '2017-08-08 08:40:16', NULL, NULL),
(107, 274, 'My Father', '9', 'F', '', '', '', NULL, 0, NULL, 1, NULL, 1, NULL, '2017-08-10 09:38:25', NULL, NULL),
(108, 274, 'My Mother', '9', 'M', '', '', '', NULL, 0, NULL, 1, NULL, 1, NULL, '2017-08-10 09:38:25', NULL, NULL),
(109, 275, 'My Father', '', 'F', '', '', '', NULL, 0, NULL, 1, NULL, 1, NULL, '2017-08-12 09:03:51', NULL, NULL),
(110, 275, 'My Mother', '', 'M', '', '', '', NULL, 0, NULL, 1, NULL, 1, NULL, '2017-08-12 09:03:51', NULL, NULL),
(111, 276, 'FATHER NAME ', '9', 'F', 'Dhaka', '01722586936', 'FAF@GAMIL.COM', NULL, 0, NULL, 1, NULL, 1, NULL, '2017-09-11 07:03:02', NULL, NULL),
(112, 276, 'MOTHER NAME', '9', 'M', 'Dhaka', '01722085398', 'MEA@GMAIL.COM', NULL, 0, NULL, 1, NULL, 1, NULL, '2017-09-11 07:03:02', NULL, NULL),
(114, 270, '', NULL, 'O', NULL, '', NULL, NULL, 1, 0, 1, '', 1, NULL, '2017-09-11 08:17:03', NULL, NULL),
(115, 30, 'u', '', 'F', '', '', '', NULL, 0, NULL, 1, NULL, 1, NULL, '2017-09-11 08:20:23', NULL, NULL),
(116, 30, 'u', '', 'M', '', '', '', NULL, 0, NULL, 1, NULL, 1, NULL, '2017-09-11 08:20:23', NULL, NULL),
(120, 277, 'Father name', '10', 'F', 'Dhaka', '01722085398', 'f@email.ocm', NULL, 0, NULL, 1, NULL, 1, NULL, '2017-09-13 11:33:36', NULL, NULL),
(121, 277, 'Mother name', '192', 'M', 'Dhaka', '01722085398', 'm@email.ocm', NULL, 0, NULL, 1, NULL, 1, NULL, '2017-09-13 11:33:36', NULL, NULL),
(124, 30, '', NULL, 'O', NULL, '', NULL, NULL, 1, 0, 1, '', 1, NULL, '2017-11-11 08:36:51', NULL, NULL);

-- --------------------------------------------------------

--
-- Table structure for table `student_personal_info`
--

CREATE TABLE IF NOT EXISTS `student_personal_info` (
  `STUDENT_ID` bigint(14) NOT NULL AUTO_INCREMENT,
  `REGISTRATION_NO` varchar(50) NOT NULL,
  `LOGIN_PASSWORD` varchar(200) DEFAULT NULL,
  `ADM_SESSION_ID` int(11) NOT NULL,
  `SESSION_ID` int(11) DEFAULT NULL,
  `DEGREE_ID` int(11) DEFAULT NULL,
  `FACULTY_ID` int(11) DEFAULT NULL,
  `DEPT_ID` int(11) DEFAULT NULL,
  `PROGRAM_ID` int(11) DEFAULT NULL,
  `BATCH_ID` int(11) DEFAULT NULL,
  `SECTION_ID` int(11) DEFAULT NULL,
  `FULL_NAME_EN` varchar(120) NOT NULL COMMENT 'Student Full Name In English',
  `FULL_NAME_BN` varchar(120) CHARACTER SET utf8 DEFAULT NULL COMMENT 'Student Full Name In Local Language (Bangla)',
  `PHOTO` varchar(30) DEFAULT NULL,
  `SIGNATURE_PHOTO` varchar(200) DEFAULT NULL,
  `GENDER` char(1) DEFAULT NULL,
  `MOBILE_NO` varchar(15) DEFAULT NULL COMMENT 'Student Mobile No',
  `NATIONALITY` varchar(100) DEFAULT NULL COMMENT 'Student Nationality',
  `NATIONAL_ID` bigint(17) DEFAULT NULL COMMENT 'Student Natioanl Id',
  `EMAIL_ADRESS` varchar(50) DEFAULT NULL COMMENT 'Student Email Adress.',
  `FATHER_NAME` varchar(120) DEFAULT NULL COMMENT 'Student Father''''s Name In English',
  `MOTHER_NAME` varchar(120) DEFAULT NULL COMMENT 'Student Mother''''s Name In English',
  `MARITAL_STATUS` bigint(4) DEFAULT NULL,
  `DATH_OF_BIRTH` datetime DEFAULT NULL COMMENT 'Student Date of Birth',
  `PLACE_OF_BIRTH` varchar(100) CHARACTER SET utf8 COLLATE utf8_croatian_ci DEFAULT NULL COMMENT 'Student Place of Birth',
  `BIRTH_CERTIFICATE` varchar(100) DEFAULT NULL,
  `HEIGHT_CM` varchar(10) DEFAULT NULL COMMENT 'Student Hight In Centimeter',
  `BLOOD_GROUP` varchar(3) DEFAULT NULL,
  `HEIGHT_FEET` varchar(5) DEFAULT NULL COMMENT 'Student Height in Feet',
  `HEIGHT_INCHES` tinyint(3) DEFAULT NULL COMMENT 'Student Height in Inches',
  `WEIGHT_KG` varchar(5) DEFAULT NULL COMMENT 'Student Weight In Kilogram',
  `WEIGHT_LBS` varchar(10) DEFAULT NULL COMMENT 'Student Weight In Pound',
  `RELIGION_ID` varchar(3) DEFAULT NULL COMMENT 'Student Religion',
  `PASSPORT_NO` varchar(20) DEFAULT NULL,
  `ANNUAL_INCOME` varchar(20) DEFAULT NULL,
  `SCHOLARSHIP` varchar(5) DEFAULT NULL,
  `SCHOLARSHIP_DESC` varchar(20) DEFAULT NULL,
  `EXPELLED` varchar(20) DEFAULT NULL,
  `EXPELLED_DESC` text,
  `ARRESTED` varchar(20) DEFAULT NULL,
  `ARRESTED_DESC` text,
  `CONVICTED` varchar(20) DEFAULT NULL,
  `CONVICTED_DESC` text,
  `SIBLING_EXIST` varchar(20) DEFAULT NULL,
  `SBLN_ROLL_NO` varchar(20) DEFAULT NULL,
  `TERMS_AND_CONDITION` varchar(11) DEFAULT NULL,
  `ACTIVE_STATUS` tinyint(1) NOT NULL DEFAULT '1',
  `CREATED_BY` int(11) DEFAULT NULL,
  `CREATE_DATE` timestamp NOT NULL DEFAULT CURRENT_TIMESTAMP,
  `UPDATED_BY` int(11) DEFAULT NULL,
  `UPDATE_DATE` datetime DEFAULT NULL,
  `APPLY_BEFORE` varchar(20) DEFAULT NULL,
  `APPLY_SEMESTER` varchar(20) DEFAULT NULL,
  `APPLY_YEAR` varchar(20) DEFAULT NULL,
  `PREVIOUS_STU_FG` int(1) NOT NULL DEFAULT '0',
  PRIMARY KEY (`STUDENT_ID`)
) ENGINE=InnoDB  DEFAULT CHARSET=latin1 AUTO_INCREMENT=278 ;

--
-- Dumping data for table `student_personal_info`
--

INSERT INTO `student_personal_info` (`STUDENT_ID`, `REGISTRATION_NO`, `LOGIN_PASSWORD`, `ADM_SESSION_ID`, `SESSION_ID`, `DEGREE_ID`, `FACULTY_ID`, `DEPT_ID`, `PROGRAM_ID`, `BATCH_ID`, `SECTION_ID`, `FULL_NAME_EN`, `FULL_NAME_BN`, `PHOTO`, `SIGNATURE_PHOTO`, `GENDER`, `MOBILE_NO`, `NATIONALITY`, `NATIONAL_ID`, `EMAIL_ADRESS`, `FATHER_NAME`, `MOTHER_NAME`, `MARITAL_STATUS`, `DATH_OF_BIRTH`, `PLACE_OF_BIRTH`, `BIRTH_CERTIFICATE`, `HEIGHT_CM`, `BLOOD_GROUP`, `HEIGHT_FEET`, `HEIGHT_INCHES`, `WEIGHT_KG`, `WEIGHT_LBS`, `RELIGION_ID`, `PASSPORT_NO`, `ANNUAL_INCOME`, `SCHOLARSHIP`, `SCHOLARSHIP_DESC`, `EXPELLED`, `EXPELLED_DESC`, `ARRESTED`, `ARRESTED_DESC`, `CONVICTED`, `CONVICTED_DESC`, `SIBLING_EXIST`, `SBLN_ROLL_NO`, `TERMS_AND_CONDITION`, `ACTIVE_STATUS`, `CREATED_BY`, `CREATE_DATE`, `UPDATED_BY`, `UPDATE_DATE`, `APPLY_BEFORE`, `APPLY_SEMESTER`, `APPLY_YEAR`, `PREVIOUS_STU_FG`) VALUES
(1, '2015101010001', 'jz2Hieov', 8, 9, 3, 5, 2, 2, 2, 2, 'Md. Istekhar Reza Shrabon', 'রেজা', 'photo_2015101010001.jpg', 'signature_2015101010001.jpg', NULL, '01625-081433', '15', 123456123456789456, NULL, NULL, NULL, 11, NULL, 'Dhaka', '12345678974451456278947', '170.69', '14', '5.60', NULL, '70', '154.32', '1', NULL, '750000', 'NO', '', 'NO', '', 'NO', '', 'NO', '', 'NO', '', NULL, 1, NULL, '2017-06-21 04:16:50', NULL, NULL, 'NO', '', '', 1),
(2, '2015101010002', 'mcJ6dOxz', 8, 8, 3, 5, 1, 1, 2, 2, 'Al Amin', NULL, NULL, NULL, NULL, '01755-358125', NULL, NULL, NULL, NULL, NULL, NULL, NULL, NULL, NULL, NULL, NULL, NULL, NULL, NULL, NULL, NULL, NULL, NULL, NULL, NULL, NULL, NULL, NULL, NULL, NULL, NULL, NULL, NULL, NULL, 1, NULL, '2017-06-21 04:16:50', NULL, NULL, NULL, NULL, NULL, 1),
(3, '2015105050001', '5VMwHRV2', 6, 6, 4, 5, 6, 5, 8, 2, 'Kazi Emon', 'কাজি ইমন', 'photo_2015105050001.jpg', 'signature_2015105050001.jpg', NULL, '01711-376591', '15', 1234567894561, NULL, NULL, NULL, 11, NULL, 'Dhaka', '', '', '104', '', NULL, '', '', '1', NULL, '750000', NULL, '', NULL, '', NULL, '', NULL, '', NULL, '', NULL, 1, NULL, '2017-06-21 04:16:50', NULL, NULL, NULL, '', '', 1),
(4, '2015105050002', 'ftWIt7iE', 7, 7, 3, 2, 10, 9, 2, 2, 'Mst. Humayra Yesmin Ava', NULL, NULL, NULL, NULL, '01716-391072', NULL, NULL, NULL, NULL, NULL, NULL, NULL, NULL, NULL, NULL, NULL, NULL, NULL, NULL, NULL, NULL, NULL, NULL, NULL, NULL, NULL, NULL, NULL, NULL, NULL, NULL, NULL, NULL, NULL, 1, NULL, '2017-06-21 04:16:50', NULL, NULL, NULL, NULL, NULL, 1),
(5, '2015105050003', 'ACYqjkq9', 9, 4, 3, 5, 2, 2, 2, 1, 'Md. Ziaur Rahman', NULL, NULL, NULL, NULL, '01773-947121', NULL, NULL, NULL, NULL, NULL, NULL, NULL, NULL, NULL, NULL, NULL, NULL, NULL, NULL, NULL, NULL, NULL, NULL, NULL, NULL, NULL, NULL, NULL, NULL, NULL, NULL, NULL, NULL, NULL, 1, NULL, '2017-06-21 04:16:51', NULL, NULL, NULL, NULL, NULL, 1),
(6, '2015105050004', 'R6CqXg2j', 9, 1, 3, 5, 2, 2, 2, 1, 'Md. Mehedi Hasan', NULL, NULL, NULL, NULL, '01755-855543', NULL, NULL, NULL, NULL, NULL, NULL, NULL, NULL, NULL, NULL, NULL, NULL, NULL, NULL, NULL, NULL, NULL, NULL, NULL, NULL, NULL, NULL, NULL, NULL, NULL, NULL, NULL, NULL, NULL, 1, NULL, '2017-06-21 04:16:51', NULL, NULL, NULL, NULL, NULL, 1),
(7, '2015105050005', 'OFDr9ETS', 9, 1, 3, 5, 1, 1, 2, 1, 'Mst. Maksuda Jerin', NULL, NULL, NULL, NULL, '01754-330629', NULL, NULL, NULL, NULL, NULL, NULL, NULL, NULL, NULL, NULL, NULL, NULL, NULL, NULL, NULL, NULL, NULL, NULL, NULL, NULL, NULL, NULL, NULL, NULL, NULL, NULL, NULL, NULL, NULL, 1, NULL, '2017-06-21 04:16:51', NULL, NULL, NULL, NULL, NULL, 1),
(8, '2015105030001', 'b3MeEfKA', 7, 8, 3, 5, 1, 1, 2, 2, 'Md. Saiful Islam', NULL, NULL, NULL, NULL, '01731893984', NULL, NULL, NULL, NULL, NULL, NULL, NULL, NULL, NULL, NULL, NULL, NULL, NULL, NULL, NULL, NULL, NULL, NULL, NULL, NULL, NULL, NULL, NULL, NULL, NULL, NULL, NULL, NULL, NULL, 1, NULL, '2017-06-21 04:16:51', NULL, NULL, NULL, NULL, NULL, 1),
(9, '2015105030002', 'K2MxcNlb', 1, 7, 3, 5, 1, 1, 2, 1, 'Asheak - E - Rabbi', NULL, NULL, NULL, NULL, '01913005529', NULL, NULL, NULL, NULL, NULL, NULL, NULL, NULL, NULL, NULL, NULL, NULL, NULL, NULL, NULL, NULL, NULL, NULL, NULL, NULL, NULL, NULL, NULL, NULL, NULL, NULL, NULL, NULL, NULL, 1, NULL, '2017-06-21 04:16:51', NULL, NULL, NULL, NULL, NULL, 1),
(10, '2015105030003', 'emo7y4qr', 8, 10, 3, 5, 1, 1, 2, 1, 'Md. Ohidul Islam', NULL, NULL, NULL, NULL, '01790524099', NULL, NULL, NULL, NULL, NULL, NULL, NULL, NULL, NULL, NULL, NULL, NULL, NULL, NULL, NULL, NULL, NULL, NULL, NULL, NULL, NULL, NULL, NULL, NULL, NULL, NULL, NULL, NULL, NULL, 1, NULL, '2017-06-21 04:16:51', NULL, NULL, NULL, NULL, NULL, 1),
(11, '2015105030004', 'pMnJtOK5', 7, 13, 3, 5, 3, 3, 2, 1, 'Md. Masud Rana Sohag', NULL, NULL, NULL, NULL, '01740068400', NULL, NULL, NULL, NULL, NULL, NULL, NULL, NULL, NULL, NULL, NULL, NULL, NULL, NULL, NULL, NULL, NULL, NULL, NULL, NULL, NULL, NULL, NULL, NULL, NULL, NULL, NULL, NULL, NULL, 1, NULL, '2017-06-21 04:16:51', NULL, NULL, NULL, NULL, NULL, 1),
(12, '2015105030005', '01u7HK4T', 8, 7, 3, 5, 1, 1, 2, 1, 'Md. Moniruzzaman', NULL, NULL, NULL, NULL, '01744783138', NULL, NULL, NULL, NULL, NULL, NULL, NULL, NULL, NULL, NULL, NULL, NULL, NULL, NULL, NULL, NULL, NULL, NULL, NULL, NULL, NULL, NULL, NULL, NULL, NULL, NULL, NULL, NULL, NULL, 1, NULL, '2017-06-21 04:16:51', NULL, NULL, NULL, NULL, NULL, 1),
(13, '2015105030006', 'MQs1YE8A', 7, 1, 3, 5, 1, 1, 2, 1, 'Md. Yousuf Ali', NULL, NULL, NULL, NULL, '01738253254', NULL, NULL, NULL, NULL, NULL, NULL, NULL, NULL, NULL, NULL, NULL, NULL, NULL, NULL, NULL, NULL, NULL, NULL, NULL, NULL, NULL, NULL, NULL, NULL, NULL, NULL, NULL, NULL, NULL, 1, NULL, '2017-06-21 04:16:51', NULL, NULL, NULL, NULL, NULL, 1),
(14, '2015103010001', 'u02c2gGV', 7, 1, 3, 5, 4, 4, 2, 1, 'Most. Farhana Alam Bhadhon', NULL, NULL, NULL, NULL, '01792241812', NULL, NULL, NULL, NULL, NULL, NULL, NULL, NULL, NULL, NULL, NULL, NULL, NULL, NULL, NULL, NULL, NULL, NULL, NULL, NULL, NULL, NULL, NULL, NULL, NULL, NULL, NULL, NULL, NULL, 1, NULL, '2017-06-21 04:16:51', NULL, NULL, NULL, NULL, NULL, 1),
(15, '2015103010002', 'Sg0oGltG', 7, 1, 3, 5, 1, 1, 2, 1, 'Most. Sumi Khatun', NULL, NULL, NULL, NULL, '01626214407', NULL, NULL, NULL, NULL, NULL, NULL, NULL, NULL, NULL, NULL, NULL, NULL, NULL, NULL, NULL, NULL, NULL, NULL, NULL, NULL, NULL, NULL, NULL, NULL, NULL, NULL, NULL, NULL, NULL, 1, NULL, '2017-06-21 04:16:51', NULL, NULL, NULL, NULL, NULL, 1),
(16, '2015103010003', 'Gl4nCCgz', 6, 6, 3, 5, 2, 2, 2, 1, 'Md. Al- Amin Sarker', NULL, NULL, NULL, NULL, '01737850930', NULL, NULL, NULL, NULL, NULL, NULL, NULL, NULL, NULL, NULL, NULL, NULL, NULL, NULL, NULL, NULL, NULL, NULL, NULL, NULL, NULL, NULL, NULL, NULL, NULL, NULL, NULL, NULL, NULL, 1, NULL, '2017-06-21 04:16:51', NULL, NULL, NULL, NULL, NULL, 1),
(17, '2015103010004', 'G10SBSNm', 15, 6, 3, 5, 2, 2, 2, 1, 'Md. Iftekar Hasan', NULL, NULL, NULL, NULL, '01770911963', NULL, NULL, NULL, NULL, NULL, NULL, NULL, NULL, NULL, NULL, NULL, NULL, NULL, NULL, NULL, NULL, NULL, NULL, NULL, NULL, NULL, NULL, NULL, NULL, NULL, NULL, NULL, NULL, NULL, 1, NULL, '2017-06-21 04:16:51', NULL, NULL, NULL, NULL, NULL, 1),
(18, '2015103010005', '123456', 6, 6, 3, 5, 1, 1, 2, 1, 'Abdul Barik', NULL, NULL, NULL, NULL, '01785463797', NULL, NULL, NULL, NULL, NULL, NULL, NULL, NULL, NULL, NULL, NULL, NULL, NULL, NULL, NULL, NULL, NULL, NULL, NULL, NULL, NULL, NULL, NULL, NULL, NULL, NULL, NULL, NULL, NULL, 1, NULL, '2017-06-21 04:16:51', NULL, NULL, NULL, NULL, NULL, 0),
(19, '2015103010006', 'd7urKf4D', 5, 5, 3, 5, 2, 2, 2, 1, 'Md. Abdul Quader', NULL, NULL, NULL, NULL, '01739981046', NULL, NULL, NULL, NULL, NULL, NULL, NULL, NULL, NULL, NULL, NULL, NULL, NULL, NULL, NULL, NULL, NULL, NULL, NULL, NULL, NULL, NULL, NULL, NULL, NULL, NULL, NULL, NULL, NULL, 1, NULL, '2017-06-21 04:16:51', NULL, NULL, NULL, NULL, NULL, 1),
(20, '2015103010007', 'f3x0pSkD', 5, 5, 3, 5, 2, 2, 2, 1, 'Silvia Shakawat', NULL, NULL, NULL, NULL, '01713026125', NULL, NULL, NULL, NULL, NULL, NULL, NULL, NULL, NULL, NULL, NULL, NULL, NULL, NULL, NULL, NULL, NULL, NULL, NULL, NULL, NULL, NULL, NULL, NULL, NULL, NULL, NULL, NULL, NULL, 1, NULL, '2017-06-21 04:16:51', NULL, NULL, NULL, NULL, NULL, 1),
(21, '2015103010008', 'szr67tkw', 5, 5, 3, 5, 2, 2, 2, 1, 'Md. Monnaf Ali', NULL, NULL, NULL, NULL, '01738032277', NULL, NULL, NULL, NULL, NULL, NULL, NULL, NULL, NULL, NULL, NULL, NULL, NULL, NULL, NULL, NULL, NULL, NULL, NULL, NULL, NULL, NULL, NULL, NULL, NULL, NULL, NULL, NULL, NULL, 1, NULL, '2017-06-21 04:16:51', NULL, NULL, NULL, NULL, NULL, 1),
(22, '2015303010001', 'BqXtDLO3', 5, 5, 3, 5, 2, 2, 2, 1, 'Samina Sharmin Sony', NULL, NULL, NULL, NULL, '1725320258', NULL, NULL, NULL, NULL, NULL, NULL, NULL, NULL, NULL, NULL, NULL, NULL, NULL, NULL, NULL, NULL, NULL, NULL, NULL, NULL, NULL, NULL, NULL, NULL, NULL, NULL, NULL, NULL, NULL, 1, NULL, '2017-06-21 04:16:51', NULL, NULL, NULL, NULL, NULL, 1),
(23, '2015303010002', 'qmRRHxyY', 5, 5, 3, 5, 2, 2, 2, 1, 'Md. Shoriful Islam', NULL, NULL, NULL, NULL, '1763145315', NULL, NULL, NULL, NULL, NULL, NULL, NULL, NULL, NULL, NULL, NULL, NULL, NULL, NULL, NULL, NULL, NULL, NULL, NULL, NULL, NULL, NULL, NULL, NULL, NULL, NULL, NULL, NULL, NULL, 1, NULL, '2017-06-21 04:16:51', NULL, NULL, NULL, NULL, NULL, 1),
(24, '2015303010003', 'G8R15vh3', 5, 5, 3, 5, 2, 2, 2, 1, 'Most. Sumaya Khatun', NULL, NULL, NULL, NULL, '1818837189', NULL, NULL, NULL, NULL, NULL, NULL, NULL, NULL, NULL, NULL, NULL, NULL, NULL, NULL, NULL, NULL, NULL, NULL, NULL, NULL, NULL, NULL, NULL, NULL, NULL, NULL, NULL, NULL, NULL, 1, NULL, '2017-06-21 04:16:51', NULL, NULL, NULL, NULL, NULL, 1),
(25, '2015303010004', '7uKHvrK2', 5, 5, 3, 5, 2, 2, 2, 1, 'Most. Shahida Khatun', NULL, NULL, NULL, NULL, '1941120150', NULL, NULL, NULL, NULL, NULL, NULL, NULL, NULL, NULL, NULL, NULL, NULL, NULL, NULL, NULL, NULL, NULL, NULL, NULL, NULL, NULL, NULL, NULL, NULL, NULL, NULL, NULL, NULL, NULL, 1, NULL, '2017-06-21 04:16:51', NULL, NULL, NULL, NULL, NULL, 1),
(26, '2015303010005', 'tbeFK5HF', 5, 5, 3, 5, 2, 2, 2, 1, 'Md. Asif Hossain', NULL, NULL, NULL, NULL, '1687730385', NULL, NULL, NULL, NULL, NULL, NULL, NULL, NULL, NULL, NULL, NULL, NULL, NULL, NULL, NULL, NULL, NULL, NULL, NULL, NULL, NULL, NULL, NULL, NULL, NULL, NULL, NULL, NULL, NULL, 1, NULL, '2017-06-21 04:16:51', NULL, NULL, NULL, NULL, NULL, 1),
(27, '2015303010006', 'wY6ExcTH', 5, 5, 3, 5, 2, 2, 2, 1, 'Anika Tabassum', NULL, NULL, NULL, NULL, '1729070113', NULL, NULL, NULL, NULL, NULL, NULL, NULL, NULL, NULL, NULL, NULL, NULL, NULL, NULL, NULL, NULL, NULL, NULL, NULL, NULL, NULL, NULL, NULL, NULL, NULL, NULL, NULL, NULL, NULL, 1, NULL, '2017-06-21 04:16:51', NULL, NULL, NULL, NULL, NULL, 1),
(28, '2015203010001', 'ZA4pCv5S', 5, 5, 3, 5, 2, 2, 2, 1, 'Ishrat Jahan Ila', NULL, NULL, NULL, NULL, '1754265652', NULL, NULL, NULL, NULL, NULL, NULL, NULL, NULL, NULL, NULL, NULL, NULL, NULL, NULL, NULL, NULL, NULL, NULL, NULL, NULL, NULL, NULL, NULL, NULL, NULL, NULL, NULL, NULL, NULL, 1, NULL, '2017-06-21 04:16:51', NULL, NULL, NULL, NULL, NULL, 1),
(29, '2015203010002', 'ENVGMM1W', 6, 6, 3, 5, 1, 1, 2, 1, 'Sheikh Anika Morium', NULL, NULL, NULL, NULL, '1937634388', NULL, NULL, NULL, NULL, NULL, NULL, NULL, NULL, NULL, NULL, NULL, NULL, NULL, NULL, NULL, NULL, NULL, NULL, NULL, NULL, NULL, NULL, NULL, NULL, NULL, NULL, NULL, NULL, NULL, 1, NULL, '2017-06-21 04:16:51', NULL, NULL, NULL, NULL, NULL, 1),
(30, '2015203010003', 'ekneJMsF', 0, NULL, NULL, NULL, NULL, NULL, NULL, NULL, 'Juthi Chouduri', 'fd', NULL, NULL, NULL, '1718835886', '2', 0, NULL, NULL, NULL, 11, NULL, 'df', '', '', '14', '', NULL, '', '', '1', NULL, NULL, NULL, NULL, NULL, NULL, NULL, NULL, NULL, NULL, NULL, NULL, NULL, 1, NULL, '2017-06-21 04:16:51', NULL, NULL, NULL, NULL, NULL, 1),
(31, '2015203010004', 'uXdOee7M', 0, NULL, NULL, NULL, NULL, NULL, NULL, NULL, 'Md. Sohel  Rana', NULL, NULL, NULL, NULL, '1620344390', NULL, NULL, NULL, NULL, NULL, NULL, NULL, NULL, NULL, NULL, NULL, NULL, NULL, NULL, NULL, NULL, NULL, NULL, NULL, NULL, NULL, NULL, NULL, NULL, NULL, NULL, NULL, NULL, NULL, 1, NULL, '2017-06-21 04:16:51', NULL, NULL, NULL, NULL, NULL, 1),
(32, '2015203010005', 'bqaa3TN3', 0, NULL, NULL, NULL, NULL, NULL, NULL, NULL, 'Md. Juwel Hossain', NULL, NULL, NULL, NULL, '1778969704', NULL, NULL, NULL, NULL, NULL, NULL, NULL, NULL, NULL, NULL, NULL, NULL, NULL, NULL, NULL, NULL, NULL, NULL, NULL, NULL, NULL, NULL, NULL, NULL, NULL, NULL, NULL, NULL, NULL, 1, NULL, '2017-06-21 04:16:51', NULL, NULL, NULL, NULL, NULL, 1),
(33, '2015203010006', '3tY2Uvcd', 0, NULL, NULL, NULL, NULL, NULL, NULL, NULL, 'Md. Masud Rana', NULL, NULL, NULL, NULL, '1761381404', NULL, NULL, NULL, NULL, NULL, NULL, NULL, NULL, NULL, NULL, NULL, NULL, NULL, NULL, NULL, NULL, NULL, NULL, NULL, NULL, NULL, NULL, NULL, NULL, NULL, NULL, NULL, NULL, NULL, 1, NULL, '2017-06-21 04:16:51', NULL, NULL, NULL, NULL, NULL, 1),
(34, '2015203010007', 'RQpbAQ52', 0, NULL, NULL, NULL, NULL, NULL, NULL, NULL, 'Md. Shoyeab Hassan', NULL, NULL, NULL, NULL, '1833706878', NULL, NULL, NULL, NULL, NULL, NULL, NULL, NULL, NULL, NULL, NULL, NULL, NULL, NULL, NULL, NULL, NULL, NULL, NULL, NULL, NULL, NULL, NULL, NULL, NULL, NULL, NULL, NULL, NULL, 1, NULL, '2017-06-21 04:16:51', NULL, NULL, NULL, NULL, NULL, 1),
(35, '2015203010008', 'kkcmODef', 0, NULL, NULL, NULL, NULL, NULL, NULL, NULL, 'Md. Firoz Hossain', NULL, NULL, NULL, NULL, '1796871335', NULL, NULL, NULL, NULL, NULL, NULL, NULL, NULL, NULL, NULL, NULL, NULL, NULL, NULL, NULL, NULL, NULL, NULL, NULL, NULL, NULL, NULL, NULL, NULL, NULL, NULL, NULL, NULL, NULL, 1, NULL, '2017-06-21 04:16:51', NULL, NULL, NULL, NULL, NULL, 1),
(36, '2015203010009', 'fC7ilDmB', 0, NULL, NULL, NULL, NULL, NULL, NULL, NULL, 'Md. Omar Faruk', NULL, NULL, NULL, NULL, '1757770440', NULL, NULL, NULL, NULL, NULL, NULL, NULL, NULL, NULL, NULL, NULL, NULL, NULL, NULL, NULL, NULL, NULL, NULL, NULL, NULL, NULL, NULL, NULL, NULL, NULL, NULL, NULL, NULL, NULL, 1, NULL, '2017-06-21 04:16:51', NULL, NULL, NULL, NULL, NULL, 1),
(37, '2015203010010', 'kwULVBeS', 0, NULL, NULL, NULL, NULL, NULL, NULL, NULL, 'Muhammad Ali', NULL, NULL, NULL, NULL, '1755456672', NULL, NULL, NULL, NULL, NULL, NULL, NULL, NULL, NULL, NULL, NULL, NULL, NULL, NULL, NULL, NULL, NULL, NULL, NULL, NULL, NULL, NULL, NULL, NULL, NULL, NULL, NULL, NULL, NULL, 1, NULL, '2017-06-21 04:16:51', NULL, NULL, NULL, NULL, NULL, 1),
(38, '2015203010011', 'lKjvjhBM', 0, NULL, NULL, NULL, NULL, NULL, NULL, NULL, 'Md. Yeakub Ali Molla', NULL, NULL, NULL, NULL, '1751471052', NULL, NULL, NULL, NULL, NULL, NULL, NULL, NULL, NULL, NULL, NULL, NULL, NULL, NULL, NULL, NULL, NULL, NULL, NULL, NULL, NULL, NULL, NULL, NULL, NULL, NULL, NULL, NULL, NULL, 1, NULL, '2017-06-21 04:16:51', NULL, NULL, NULL, NULL, NULL, 1),
(39, '2015203010012', '334hgqc5', 0, NULL, NULL, NULL, NULL, NULL, NULL, NULL, 'Md. Raihan Sarker Raju', NULL, NULL, NULL, NULL, '1916996993', NULL, NULL, NULL, NULL, NULL, NULL, NULL, NULL, NULL, NULL, NULL, NULL, NULL, NULL, NULL, NULL, NULL, NULL, NULL, NULL, NULL, NULL, NULL, NULL, NULL, NULL, NULL, NULL, NULL, 1, NULL, '2017-06-21 04:16:51', NULL, NULL, NULL, NULL, NULL, 1),
(40, '2015203010013', 'bdXOwLNx', 0, NULL, NULL, NULL, NULL, NULL, NULL, NULL, 'Md. Samrat Hossain', NULL, NULL, NULL, NULL, '1728587789', NULL, NULL, NULL, NULL, NULL, NULL, NULL, NULL, NULL, NULL, NULL, NULL, NULL, NULL, NULL, NULL, NULL, NULL, NULL, NULL, NULL, NULL, NULL, NULL, NULL, NULL, NULL, NULL, NULL, 1, NULL, '2017-06-21 04:16:51', NULL, NULL, NULL, NULL, NULL, 1),
(41, '2015203010014', 'uWISO49T', 0, NULL, NULL, NULL, NULL, NULL, NULL, NULL, 'Md. Manjur Hasan', NULL, NULL, NULL, NULL, '1745599025', NULL, NULL, NULL, NULL, NULL, NULL, NULL, NULL, NULL, NULL, NULL, NULL, NULL, NULL, NULL, NULL, NULL, NULL, NULL, NULL, NULL, NULL, NULL, NULL, NULL, NULL, NULL, NULL, NULL, 1, NULL, '2017-06-21 04:16:51', NULL, NULL, NULL, NULL, NULL, 1),
(42, '2015203010015', 'J04cV6YT', 0, NULL, NULL, NULL, NULL, NULL, NULL, NULL, 'Akhi Khatun', NULL, NULL, NULL, NULL, '1740924166', NULL, NULL, NULL, NULL, NULL, NULL, NULL, NULL, NULL, NULL, NULL, NULL, NULL, NULL, NULL, NULL, NULL, NULL, NULL, NULL, NULL, NULL, NULL, NULL, NULL, NULL, NULL, NULL, NULL, 1, NULL, '2017-06-21 04:16:51', NULL, NULL, NULL, NULL, NULL, 1),
(43, '2015203010016', 'EaOzAz3i', 0, NULL, NULL, NULL, NULL, NULL, NULL, NULL, 'S.M. Mejbaul Islam', NULL, NULL, NULL, NULL, '1718414303', NULL, NULL, NULL, NULL, NULL, NULL, NULL, NULL, NULL, NULL, NULL, NULL, NULL, NULL, NULL, NULL, NULL, NULL, NULL, NULL, NULL, NULL, NULL, NULL, NULL, NULL, NULL, NULL, NULL, 1, NULL, '2017-06-21 04:16:51', NULL, NULL, NULL, NULL, NULL, 1),
(44, '2015203010017', 'ZaFHyg7Q', 0, NULL, NULL, NULL, NULL, NULL, NULL, NULL, 'Md. Abdullah-Al-Masum', NULL, NULL, NULL, NULL, '1773334963', NULL, NULL, NULL, NULL, NULL, NULL, NULL, NULL, NULL, NULL, NULL, NULL, NULL, NULL, NULL, NULL, NULL, NULL, NULL, NULL, NULL, NULL, NULL, NULL, NULL, NULL, NULL, NULL, NULL, 1, NULL, '2017-06-21 04:16:51', NULL, NULL, NULL, NULL, NULL, 1),
(45, '2015203010018', 'wKolAVVi', 0, NULL, NULL, NULL, NULL, NULL, NULL, NULL, 'Masum Billah', NULL, NULL, NULL, NULL, '1773059245', NULL, NULL, NULL, NULL, NULL, NULL, NULL, NULL, NULL, NULL, NULL, NULL, NULL, NULL, NULL, NULL, NULL, NULL, NULL, NULL, NULL, NULL, NULL, NULL, NULL, NULL, NULL, NULL, NULL, 1, NULL, '2017-06-21 04:16:51', NULL, NULL, NULL, NULL, NULL, 1),
(46, '2015203010019', 'YEJhpheo', 0, NULL, NULL, NULL, NULL, NULL, NULL, NULL, 'Afsana Sarker', NULL, NULL, NULL, NULL, '1731450572', NULL, NULL, NULL, NULL, NULL, NULL, NULL, NULL, NULL, NULL, NULL, NULL, NULL, NULL, NULL, NULL, NULL, NULL, NULL, NULL, NULL, NULL, NULL, NULL, NULL, NULL, NULL, NULL, NULL, 1, NULL, '2017-06-21 04:16:51', NULL, NULL, NULL, NULL, NULL, 1),
(47, '2015203010020', '7EqeN7MT', 0, NULL, NULL, NULL, NULL, NULL, NULL, NULL, 'Abdul Mannan', NULL, NULL, NULL, NULL, '1830306774', NULL, NULL, NULL, NULL, NULL, NULL, NULL, NULL, NULL, NULL, NULL, NULL, NULL, NULL, NULL, NULL, NULL, NULL, NULL, NULL, NULL, NULL, NULL, NULL, NULL, NULL, NULL, NULL, NULL, 1, NULL, '2017-06-21 04:16:51', NULL, NULL, NULL, NULL, NULL, 1),
(48, '2015203010021', 'GufXt9jx', 0, NULL, NULL, NULL, NULL, NULL, NULL, NULL, 'Ajmary Islam Shanta', NULL, NULL, NULL, NULL, '1670787900', NULL, NULL, NULL, NULL, NULL, NULL, NULL, NULL, NULL, NULL, NULL, NULL, NULL, NULL, NULL, NULL, NULL, NULL, NULL, NULL, NULL, NULL, NULL, NULL, NULL, NULL, NULL, NULL, NULL, 1, NULL, '2017-06-21 04:16:51', NULL, NULL, NULL, NULL, NULL, 1),
(49, '2014103010001', 'qVWcd9B4', 0, 7, 3, 2, 10, 9, 2, 2, 'Md.Rubel Ahmed', NULL, NULL, NULL, NULL, '1688300776', NULL, NULL, NULL, NULL, NULL, NULL, NULL, NULL, NULL, NULL, NULL, NULL, NULL, NULL, NULL, NULL, NULL, NULL, NULL, NULL, NULL, NULL, NULL, NULL, NULL, NULL, NULL, NULL, NULL, 1, NULL, '2017-06-21 04:16:51', NULL, NULL, NULL, NULL, NULL, 1),
(50, '2014103010002', '6GfJLRmg', 0, 7, 3, 2, 10, 9, 2, 2, 'Sharmin Islam', NULL, NULL, NULL, NULL, '1771830004', NULL, NULL, NULL, NULL, NULL, NULL, NULL, NULL, NULL, NULL, NULL, NULL, NULL, NULL, NULL, NULL, NULL, NULL, NULL, NULL, NULL, NULL, NULL, NULL, NULL, NULL, NULL, NULL, NULL, 1, NULL, '2017-06-21 04:16:51', NULL, NULL, NULL, NULL, NULL, 1),
(51, '2014103010003', 'swVhS1nR', 0, 7, 3, 2, 10, 9, 2, 2, 'Md.AbdulBaten', NULL, NULL, NULL, NULL, '1740127744', NULL, NULL, NULL, NULL, NULL, NULL, NULL, NULL, NULL, NULL, NULL, NULL, NULL, NULL, NULL, NULL, NULL, NULL, NULL, NULL, NULL, NULL, NULL, NULL, NULL, NULL, NULL, NULL, NULL, 1, NULL, '2017-06-21 04:16:51', NULL, NULL, NULL, NULL, NULL, 1),
(52, '2014103010004', 'ecIAhpoA', 0, 7, 3, 2, 10, 9, 2, 2, 'Ibbrahim Hossain', NULL, NULL, NULL, NULL, '1718783211', NULL, NULL, NULL, NULL, NULL, NULL, NULL, NULL, NULL, NULL, NULL, NULL, NULL, NULL, NULL, NULL, NULL, NULL, NULL, NULL, NULL, NULL, NULL, NULL, NULL, NULL, NULL, NULL, NULL, 1, NULL, '2017-06-21 04:16:51', NULL, NULL, NULL, NULL, NULL, 1),
(53, '2014103010005', 'ctnrJK8e', 0, 7, 3, 2, 10, 9, 2, 2, 'Owarses Ahmed', NULL, NULL, NULL, NULL, '1735684567', NULL, NULL, NULL, NULL, NULL, NULL, NULL, NULL, NULL, NULL, NULL, NULL, NULL, NULL, NULL, NULL, NULL, NULL, NULL, NULL, NULL, NULL, NULL, NULL, NULL, NULL, NULL, NULL, NULL, 1, NULL, '2017-06-21 04:16:52', NULL, NULL, NULL, NULL, NULL, 1),
(54, '2014103010006', '64Ey0Nnv', 0, 7, 3, 2, 10, 9, 2, 2, 'Ayesha Siddika', NULL, NULL, NULL, NULL, '1712378864', NULL, NULL, NULL, NULL, NULL, NULL, NULL, NULL, NULL, NULL, NULL, NULL, NULL, NULL, NULL, NULL, NULL, NULL, NULL, NULL, NULL, NULL, NULL, NULL, NULL, NULL, NULL, NULL, NULL, 1, NULL, '2017-06-21 04:16:52', NULL, NULL, NULL, NULL, NULL, 1),
(55, '2014103010007', 'FLhGPjRc', 0, 7, 3, 2, 10, 9, 2, 2, 'Nusrat Jamanna', NULL, NULL, NULL, NULL, '1680874338', NULL, NULL, NULL, NULL, NULL, NULL, NULL, NULL, NULL, NULL, NULL, NULL, NULL, NULL, NULL, NULL, NULL, NULL, NULL, NULL, NULL, NULL, NULL, NULL, NULL, NULL, NULL, NULL, NULL, 1, NULL, '2017-06-21 04:16:52', NULL, NULL, NULL, NULL, NULL, 1),
(56, '2014103010008', 'Gh3BW1k1', 0, 7, 3, 2, 10, 9, 2, 2, 'Sumaiya khatun', NULL, NULL, NULL, NULL, '1741189412', NULL, NULL, NULL, NULL, NULL, NULL, NULL, NULL, NULL, NULL, NULL, NULL, NULL, NULL, NULL, NULL, NULL, NULL, NULL, NULL, NULL, NULL, NULL, NULL, NULL, NULL, NULL, NULL, NULL, 1, NULL, '2017-06-21 04:16:52', NULL, NULL, NULL, NULL, NULL, 1),
(57, '2014103010009', 'RoF28IxK', 0, 7, 3, 2, 10, 9, 2, 2, 'Md.Sabbir Hossain', NULL, NULL, NULL, NULL, '1834940033', NULL, NULL, NULL, NULL, NULL, NULL, NULL, NULL, NULL, NULL, NULL, NULL, NULL, NULL, NULL, NULL, NULL, NULL, NULL, NULL, NULL, NULL, NULL, NULL, NULL, NULL, NULL, NULL, NULL, 1, NULL, '2017-06-21 04:16:52', NULL, NULL, NULL, NULL, NULL, 1),
(58, '2014103010010', 'YQUK76f8', 0, 7, 3, 2, 10, 9, 2, 2, 'Md.Rakibul Hasan', NULL, NULL, NULL, NULL, '1718789426', NULL, NULL, NULL, NULL, NULL, NULL, NULL, NULL, NULL, NULL, NULL, NULL, NULL, NULL, NULL, NULL, NULL, NULL, NULL, NULL, NULL, NULL, NULL, NULL, NULL, NULL, NULL, NULL, NULL, 1, NULL, '2017-06-21 04:16:52', NULL, NULL, NULL, NULL, NULL, 1),
(59, '2014103010011', '123456', 15, 7, 3, 5, 2, 2, 2, 1, 'Md.Tipu Sultan', NULL, NULL, NULL, NULL, '1711903103', NULL, NULL, NULL, NULL, NULL, NULL, NULL, NULL, NULL, NULL, NULL, NULL, NULL, NULL, NULL, NULL, NULL, NULL, NULL, NULL, NULL, NULL, NULL, NULL, NULL, NULL, NULL, NULL, NULL, 1, NULL, '2017-06-21 04:16:52', NULL, NULL, NULL, NULL, NULL, 1),
(60, '2014303030001', 'ZJgZu29P', 0, NULL, NULL, NULL, NULL, NULL, NULL, NULL, 'Md.Latiful Haque', NULL, NULL, NULL, NULL, '1716772310', NULL, NULL, NULL, NULL, NULL, NULL, NULL, NULL, NULL, NULL, NULL, NULL, NULL, NULL, NULL, NULL, NULL, NULL, NULL, NULL, NULL, NULL, NULL, NULL, NULL, NULL, NULL, NULL, NULL, 1, NULL, '2017-06-21 04:16:52', NULL, NULL, NULL, NULL, NULL, 1),
(61, '2014203010001', 'oHQ1o3PE', 0, NULL, NULL, NULL, NULL, NULL, NULL, NULL, 'Al-Imran', NULL, NULL, NULL, NULL, '01915778848', NULL, NULL, NULL, NULL, NULL, NULL, NULL, NULL, NULL, NULL, NULL, NULL, NULL, NULL, NULL, NULL, NULL, NULL, NULL, NULL, NULL, NULL, NULL, NULL, NULL, NULL, NULL, NULL, NULL, 1, NULL, '2017-06-21 04:16:52', NULL, NULL, NULL, NULL, NULL, 1),
(62, '2014103040001', 'IY4k6N07', 10, 6, 3, 5, 1, 1, 4, 1, 'Ummul khair', NULL, NULL, NULL, NULL, '1737445864', NULL, NULL, NULL, NULL, NULL, NULL, NULL, NULL, NULL, NULL, NULL, NULL, NULL, NULL, NULL, NULL, NULL, NULL, NULL, NULL, NULL, NULL, NULL, NULL, NULL, NULL, NULL, NULL, NULL, 1, NULL, '2017-06-21 04:16:52', NULL, NULL, NULL, NULL, NULL, 1),
(63, '2014103040002', 'JmEEl0qZ', 10, 6, 3, 5, 1, 1, 4, 1, 'Md.Abu Jar', NULL, NULL, NULL, NULL, '1779794441', NULL, NULL, NULL, NULL, NULL, NULL, NULL, NULL, NULL, NULL, NULL, NULL, NULL, NULL, NULL, NULL, NULL, NULL, NULL, NULL, NULL, NULL, NULL, NULL, NULL, NULL, NULL, NULL, NULL, 1, NULL, '2017-06-21 04:16:52', NULL, NULL, NULL, NULL, NULL, 1),
(64, '2014103040003', 'azlKUpQ0', 10, 6, 3, 5, 1, 1, 4, 1, 'Md Abu Bakkar Siddique', NULL, NULL, NULL, NULL, '1740867074', NULL, NULL, NULL, NULL, NULL, NULL, NULL, NULL, NULL, NULL, NULL, NULL, NULL, NULL, NULL, NULL, NULL, NULL, NULL, NULL, NULL, NULL, NULL, NULL, NULL, NULL, NULL, NULL, NULL, 1, NULL, '2017-06-21 04:16:52', NULL, NULL, NULL, NULL, NULL, 1),
(65, '2015203040001', 'NmUnxMZV', 0, NULL, NULL, NULL, NULL, NULL, NULL, NULL, 'Md. Abdullah Al Majed', NULL, NULL, NULL, NULL, '1777089204', NULL, NULL, NULL, NULL, NULL, NULL, NULL, NULL, NULL, NULL, NULL, NULL, NULL, NULL, NULL, NULL, NULL, NULL, NULL, NULL, NULL, NULL, NULL, NULL, NULL, NULL, NULL, NULL, NULL, 1, NULL, '2017-06-21 04:16:52', NULL, NULL, NULL, NULL, NULL, 1),
(66, '2015203040002', 'lv5gXREu', 0, NULL, NULL, NULL, NULL, NULL, NULL, NULL, 'Md. Ashraful Alam', NULL, NULL, NULL, NULL, '', NULL, NULL, NULL, NULL, NULL, NULL, NULL, NULL, NULL, NULL, NULL, NULL, NULL, NULL, NULL, NULL, NULL, NULL, NULL, NULL, NULL, NULL, NULL, NULL, NULL, NULL, NULL, NULL, NULL, 1, NULL, '2017-06-21 04:16:52', NULL, NULL, NULL, NULL, NULL, 1),
(67, '2015203050001', 'zIDcVpxs', 0, NULL, NULL, NULL, NULL, NULL, NULL, NULL, 'Humyra Khatun', NULL, NULL, NULL, NULL, '1777089204', NULL, NULL, NULL, NULL, NULL, NULL, NULL, NULL, NULL, NULL, NULL, NULL, NULL, NULL, NULL, NULL, NULL, NULL, NULL, NULL, NULL, NULL, NULL, NULL, NULL, NULL, NULL, NULL, NULL, 1, NULL, '2017-06-21 04:16:52', NULL, NULL, NULL, NULL, NULL, 1),
(68, '2015103040001', 'eMiTdapz', 0, NULL, NULL, NULL, NULL, NULL, NULL, NULL, 'Rashed Hossain', NULL, NULL, NULL, NULL, '01749-886486', NULL, NULL, NULL, NULL, NULL, NULL, NULL, NULL, NULL, NULL, NULL, NULL, NULL, NULL, NULL, NULL, NULL, NULL, NULL, NULL, NULL, NULL, NULL, NULL, NULL, NULL, NULL, NULL, NULL, 1, NULL, '2017-06-21 04:16:52', NULL, NULL, NULL, NULL, NULL, 1),
(69, '2015103040002', '4pP6yS2A', 0, NULL, NULL, NULL, NULL, NULL, NULL, NULL, 'Naimul Islam', NULL, NULL, NULL, NULL, '01763-640225', NULL, NULL, NULL, NULL, NULL, NULL, NULL, NULL, NULL, NULL, NULL, NULL, NULL, NULL, NULL, NULL, NULL, NULL, NULL, NULL, NULL, NULL, NULL, NULL, NULL, NULL, NULL, NULL, NULL, 1, NULL, '2017-06-21 04:16:52', NULL, NULL, NULL, NULL, NULL, 1),
(70, '2015103040003', 'QoZBGj9e', 0, NULL, NULL, NULL, NULL, NULL, NULL, NULL, 'Md. Shakil Hossain', NULL, NULL, NULL, NULL, '01780-504873', NULL, NULL, NULL, NULL, NULL, NULL, NULL, NULL, NULL, NULL, NULL, NULL, NULL, NULL, NULL, NULL, NULL, NULL, NULL, NULL, NULL, NULL, NULL, NULL, NULL, NULL, NULL, NULL, NULL, 1, NULL, '2017-06-21 04:16:52', NULL, NULL, NULL, NULL, NULL, 1),
(71, '2015303020001', 'isv6ncvi', 0, NULL, NULL, NULL, NULL, NULL, NULL, NULL, 'Mukta Khatun', NULL, NULL, NULL, NULL, '1948218088', NULL, NULL, NULL, NULL, NULL, NULL, NULL, NULL, NULL, NULL, NULL, NULL, NULL, NULL, NULL, NULL, NULL, NULL, NULL, NULL, NULL, NULL, NULL, NULL, NULL, NULL, NULL, NULL, NULL, 1, NULL, '2017-06-21 04:16:52', NULL, NULL, NULL, NULL, NULL, 1),
(72, '2015303020002', 'am8oniRv', 0, NULL, NULL, NULL, NULL, NULL, NULL, NULL, 'Md. Zahangir Alom', NULL, NULL, NULL, NULL, '1744960293', NULL, NULL, NULL, NULL, NULL, NULL, NULL, NULL, NULL, NULL, NULL, NULL, NULL, NULL, NULL, NULL, NULL, NULL, NULL, NULL, NULL, NULL, NULL, NULL, NULL, NULL, NULL, NULL, NULL, 1, NULL, '2017-06-21 04:16:52', NULL, NULL, NULL, NULL, NULL, 1),
(73, '2015203020001', 'eQDdrlWB', 0, NULL, NULL, NULL, NULL, NULL, NULL, NULL, 'Md. Tarek Noman', NULL, NULL, NULL, NULL, '1757041118', NULL, NULL, NULL, NULL, NULL, NULL, NULL, NULL, NULL, NULL, NULL, NULL, NULL, NULL, NULL, NULL, NULL, NULL, NULL, NULL, NULL, NULL, NULL, NULL, NULL, NULL, NULL, NULL, NULL, 1, NULL, '2017-06-21 04:16:52', NULL, NULL, NULL, NULL, NULL, 1),
(74, '2015203020002', 'dFLii7xm', 0, NULL, NULL, NULL, NULL, NULL, NULL, NULL, 'Md. Tanbir Rohman', NULL, NULL, NULL, NULL, '1776043464', NULL, NULL, NULL, NULL, NULL, NULL, NULL, NULL, NULL, NULL, NULL, NULL, NULL, NULL, NULL, NULL, NULL, NULL, NULL, NULL, NULL, NULL, NULL, NULL, NULL, NULL, NULL, NULL, NULL, 1, NULL, '2017-06-21 04:16:52', NULL, NULL, NULL, NULL, NULL, 1),
(75, '2015203020003', 'TzfpIlmv', 0, NULL, NULL, NULL, NULL, NULL, NULL, NULL, 'Md. Joovaer Rahman', NULL, NULL, NULL, NULL, '1776043464', NULL, NULL, NULL, NULL, NULL, NULL, NULL, NULL, NULL, NULL, NULL, NULL, NULL, NULL, NULL, NULL, NULL, NULL, NULL, NULL, NULL, NULL, NULL, NULL, NULL, NULL, NULL, NULL, NULL, 1, NULL, '2017-06-21 04:16:52', NULL, NULL, NULL, NULL, NULL, 1),
(76, '2015203020004', 'ZjQhqNbO', 0, NULL, NULL, NULL, NULL, NULL, NULL, NULL, 'Md. Ashraful Alam', NULL, NULL, NULL, NULL, '1833516385', NULL, NULL, NULL, NULL, NULL, NULL, NULL, NULL, NULL, NULL, NULL, NULL, NULL, NULL, NULL, NULL, NULL, NULL, NULL, NULL, NULL, NULL, NULL, NULL, NULL, NULL, NULL, NULL, NULL, 1, NULL, '2017-06-21 04:16:52', NULL, NULL, NULL, NULL, NULL, 1),
(77, '2014103020001', 'gDjGccJ0', 0, NULL, NULL, NULL, NULL, NULL, NULL, NULL, 'Md.Rabibul Islam', NULL, NULL, NULL, NULL, '1738345200', NULL, NULL, NULL, NULL, NULL, NULL, NULL, NULL, NULL, NULL, NULL, NULL, NULL, NULL, NULL, NULL, NULL, NULL, NULL, NULL, NULL, NULL, NULL, NULL, NULL, NULL, NULL, NULL, NULL, 1, NULL, '2017-06-21 04:16:52', NULL, NULL, NULL, NULL, NULL, 1),
(78, '2014103020002', 'tjpmMjNR', 0, NULL, NULL, NULL, NULL, NULL, NULL, NULL, 'Mariom khatun', NULL, NULL, NULL, NULL, '1823641155', NULL, NULL, NULL, NULL, NULL, NULL, NULL, NULL, NULL, NULL, NULL, NULL, NULL, NULL, NULL, NULL, NULL, NULL, NULL, NULL, NULL, NULL, NULL, NULL, NULL, NULL, NULL, NULL, NULL, 1, NULL, '2017-06-21 04:16:52', NULL, NULL, NULL, NULL, NULL, 1),
(79, '2014103020003', 'm3R4UT56', 0, NULL, NULL, NULL, NULL, NULL, NULL, NULL, 'Most.Nurjahan khatun', NULL, NULL, NULL, NULL, '1764040163', NULL, NULL, NULL, NULL, NULL, NULL, NULL, NULL, NULL, NULL, NULL, NULL, NULL, NULL, NULL, NULL, NULL, NULL, NULL, NULL, NULL, NULL, NULL, NULL, NULL, NULL, NULL, NULL, NULL, 1, NULL, '2017-06-21 04:16:52', NULL, NULL, NULL, NULL, NULL, 1),
(80, '2014103020004', 'FEqxlFnu', 0, NULL, NULL, NULL, NULL, NULL, NULL, NULL, 'Shamima Akter', NULL, NULL, NULL, NULL, '1827435733', NULL, NULL, NULL, NULL, NULL, NULL, NULL, NULL, NULL, NULL, NULL, NULL, NULL, NULL, NULL, NULL, NULL, NULL, NULL, NULL, NULL, NULL, NULL, NULL, NULL, NULL, NULL, NULL, NULL, 1, NULL, '2017-06-21 04:16:52', NULL, NULL, NULL, NULL, NULL, 1),
(81, '2014103020005', 'aOSxQqoM', 0, NULL, NULL, NULL, NULL, NULL, NULL, NULL, 'Halima khatun', NULL, NULL, NULL, NULL, '1717126041', NULL, NULL, NULL, NULL, NULL, NULL, NULL, NULL, NULL, NULL, NULL, NULL, NULL, NULL, NULL, NULL, NULL, NULL, NULL, NULL, NULL, NULL, NULL, NULL, NULL, NULL, NULL, NULL, NULL, 1, NULL, '2017-06-21 04:16:52', NULL, NULL, NULL, NULL, NULL, 1),
(82, '2013103020001', 'AkVO8SVJ', 0, NULL, NULL, NULL, NULL, NULL, NULL, NULL, 'Nazmun Nahar', NULL, NULL, NULL, NULL, '1828114472', NULL, NULL, NULL, NULL, NULL, NULL, NULL, NULL, NULL, NULL, NULL, NULL, NULL, NULL, NULL, NULL, NULL, NULL, NULL, NULL, NULL, NULL, NULL, NULL, NULL, NULL, NULL, NULL, NULL, 1, NULL, '2017-06-21 04:16:52', NULL, NULL, NULL, NULL, NULL, 1),
(83, '2015104010001', 'HVl6ZNG4', 0, NULL, NULL, NULL, NULL, NULL, NULL, NULL, 'Md. Imran Hasan', NULL, NULL, NULL, NULL, '1945894013', NULL, NULL, NULL, NULL, NULL, NULL, NULL, NULL, NULL, NULL, NULL, NULL, NULL, NULL, NULL, NULL, NULL, NULL, NULL, NULL, NULL, NULL, NULL, NULL, NULL, NULL, NULL, NULL, NULL, 1, NULL, '2017-06-21 04:16:52', NULL, NULL, NULL, NULL, NULL, 1),
(84, '2015104010002', 'elTb9Vry', 0, NULL, NULL, NULL, NULL, NULL, NULL, NULL, 'Raj Kumar', NULL, NULL, NULL, NULL, '1714988469', NULL, NULL, NULL, NULL, NULL, NULL, NULL, NULL, NULL, NULL, NULL, NULL, NULL, NULL, NULL, NULL, NULL, NULL, NULL, NULL, NULL, NULL, NULL, NULL, NULL, NULL, NULL, NULL, NULL, 1, NULL, '2017-06-21 04:16:52', NULL, NULL, NULL, NULL, NULL, 1),
(85, '2015104010003', 'WmiLm1WW', 0, NULL, NULL, NULL, NULL, NULL, NULL, NULL, 'Ferdose Farhan', NULL, NULL, NULL, NULL, '1742163307', NULL, NULL, NULL, NULL, NULL, NULL, NULL, NULL, NULL, NULL, NULL, NULL, NULL, NULL, NULL, NULL, NULL, NULL, NULL, NULL, NULL, NULL, NULL, NULL, NULL, NULL, NULL, NULL, NULL, 1, NULL, '2017-06-21 04:16:52', NULL, NULL, NULL, NULL, NULL, 1),
(86, '2015104010004', 'AIkDnOVY', 0, NULL, NULL, NULL, NULL, NULL, NULL, NULL, 'T.M. Riad Rashedin', NULL, NULL, NULL, NULL, '1718667590', NULL, NULL, NULL, NULL, NULL, NULL, NULL, NULL, NULL, NULL, NULL, NULL, NULL, NULL, NULL, NULL, NULL, NULL, NULL, NULL, NULL, NULL, NULL, NULL, NULL, NULL, NULL, NULL, NULL, 1, NULL, '2017-06-21 04:16:52', NULL, NULL, NULL, NULL, NULL, 1),
(87, '2015104010005', 'U9IwW5ap', 0, NULL, NULL, NULL, NULL, NULL, NULL, NULL, 'Ababil Azam Rabi', NULL, NULL, NULL, NULL, '1792917917', NULL, NULL, NULL, NULL, NULL, NULL, NULL, NULL, NULL, NULL, NULL, NULL, NULL, NULL, NULL, NULL, NULL, NULL, NULL, NULL, NULL, NULL, NULL, NULL, NULL, NULL, NULL, NULL, NULL, 1, NULL, '2017-06-21 04:16:52', NULL, NULL, NULL, NULL, NULL, 1),
(88, '2015104010006', 'FqebOynZ', 0, NULL, NULL, NULL, NULL, NULL, NULL, NULL, 'Sabbir Ahmed', NULL, NULL, NULL, NULL, '1725567792', NULL, NULL, NULL, NULL, NULL, NULL, NULL, NULL, NULL, NULL, NULL, NULL, NULL, NULL, NULL, NULL, NULL, NULL, NULL, NULL, NULL, NULL, NULL, NULL, NULL, NULL, NULL, NULL, NULL, 1, NULL, '2017-06-21 04:16:52', NULL, NULL, NULL, NULL, NULL, 1),
(89, '2015204010001', 'BiBnKZls', 0, NULL, NULL, NULL, NULL, NULL, NULL, NULL, 'Md. Abdullah Al Mamun', NULL, NULL, NULL, NULL, '', NULL, NULL, NULL, NULL, NULL, NULL, NULL, NULL, NULL, NULL, NULL, NULL, NULL, NULL, NULL, NULL, NULL, NULL, NULL, NULL, NULL, NULL, NULL, NULL, NULL, NULL, NULL, NULL, NULL, 1, NULL, '2017-06-21 04:16:52', NULL, NULL, NULL, NULL, NULL, 1),
(90, '2015204010002', 'suBPt8OA', 0, NULL, NULL, NULL, NULL, NULL, NULL, NULL, 'Mst. Kohinur Khatun', NULL, NULL, NULL, NULL, '1744196752', NULL, NULL, NULL, NULL, NULL, NULL, NULL, NULL, NULL, NULL, NULL, NULL, NULL, NULL, NULL, NULL, NULL, NULL, NULL, NULL, NULL, NULL, NULL, NULL, NULL, NULL, NULL, NULL, NULL, 1, NULL, '2017-06-21 04:16:52', NULL, NULL, NULL, NULL, NULL, 1),
(91, '2015204010003', '0LXjLJv7', 0, NULL, NULL, NULL, NULL, NULL, NULL, NULL, 'Md. Muraduzzaman', NULL, NULL, NULL, NULL, '1717225702', NULL, NULL, NULL, NULL, NULL, NULL, NULL, NULL, NULL, NULL, NULL, NULL, NULL, NULL, NULL, NULL, NULL, NULL, NULL, NULL, NULL, NULL, NULL, NULL, NULL, NULL, NULL, NULL, NULL, 1, NULL, '2017-06-21 04:16:52', NULL, NULL, NULL, NULL, NULL, 1),
(92, '2015204010004', 'YTrzmycN', 0, NULL, NULL, NULL, NULL, NULL, NULL, NULL, 'Md. Omar Faruk', NULL, NULL, NULL, NULL, '', NULL, NULL, NULL, NULL, NULL, NULL, NULL, NULL, NULL, NULL, NULL, NULL, NULL, NULL, NULL, NULL, NULL, NULL, NULL, NULL, NULL, NULL, NULL, NULL, NULL, NULL, NULL, NULL, NULL, 1, NULL, '2017-06-21 04:16:52', NULL, NULL, NULL, NULL, NULL, 1),
(93, '2015204010005', '8AMm0kDm', 0, NULL, NULL, NULL, NULL, NULL, NULL, NULL, 'Fahima Ferdoust', NULL, NULL, NULL, NULL, '1198230240', NULL, NULL, NULL, NULL, NULL, NULL, NULL, NULL, NULL, NULL, NULL, NULL, NULL, NULL, NULL, NULL, NULL, NULL, NULL, NULL, NULL, NULL, NULL, NULL, NULL, NULL, NULL, NULL, NULL, 1, NULL, '2017-06-21 04:16:52', NULL, NULL, NULL, NULL, NULL, 1),
(94, '2015204010006', 'dDKpsPzA', 0, NULL, NULL, NULL, NULL, NULL, NULL, NULL, 'Md. Samir Hossain', NULL, NULL, NULL, NULL, '1557719217', NULL, NULL, NULL, NULL, NULL, NULL, NULL, NULL, NULL, NULL, NULL, NULL, NULL, NULL, NULL, NULL, NULL, NULL, NULL, NULL, NULL, NULL, NULL, NULL, NULL, NULL, NULL, NULL, NULL, 1, NULL, '2017-06-21 04:16:52', NULL, NULL, NULL, NULL, NULL, 1),
(95, '2015204010007', 'YK4utMJc', 0, NULL, NULL, NULL, NULL, NULL, NULL, NULL, 'Md. Shahriar', NULL, NULL, NULL, NULL, '1771004535', NULL, NULL, NULL, NULL, NULL, NULL, NULL, NULL, NULL, NULL, NULL, NULL, NULL, NULL, NULL, NULL, NULL, NULL, NULL, NULL, NULL, NULL, NULL, NULL, NULL, NULL, NULL, NULL, NULL, 1, NULL, '2017-06-21 04:16:52', NULL, NULL, NULL, NULL, NULL, 1),
(96, '2015204010008', 'aIwlMWTY', 0, NULL, NULL, NULL, NULL, NULL, NULL, NULL, 'Mst. Kamrunnahar', NULL, NULL, NULL, NULL, '1790261460', NULL, NULL, NULL, NULL, NULL, NULL, NULL, NULL, NULL, NULL, NULL, NULL, NULL, NULL, NULL, NULL, NULL, NULL, NULL, NULL, NULL, NULL, NULL, NULL, NULL, NULL, NULL, NULL, NULL, 1, NULL, '2017-06-21 04:16:52', NULL, NULL, NULL, NULL, NULL, 1),
(97, '2015204010009', 'xgPI93ND', 0, NULL, NULL, NULL, NULL, NULL, NULL, NULL, 'Md. Al-Mamun', NULL, NULL, NULL, NULL, '1705107288', NULL, NULL, NULL, NULL, NULL, NULL, NULL, NULL, NULL, NULL, NULL, NULL, NULL, NULL, NULL, NULL, NULL, NULL, NULL, NULL, NULL, NULL, NULL, NULL, NULL, NULL, NULL, NULL, NULL, 1, NULL, '2017-06-21 04:16:52', NULL, NULL, NULL, NULL, NULL, 1),
(98, '2015204010010', 'Q9LmkTcX', 0, NULL, NULL, NULL, NULL, NULL, NULL, NULL, 'J. M. Noor Afsana', NULL, NULL, NULL, NULL, '1724018669', NULL, NULL, NULL, NULL, NULL, NULL, NULL, NULL, NULL, NULL, NULL, NULL, NULL, NULL, NULL, NULL, NULL, NULL, NULL, NULL, NULL, NULL, NULL, NULL, NULL, NULL, NULL, NULL, NULL, 1, NULL, '2017-06-21 04:16:53', NULL, NULL, NULL, NULL, NULL, 1),
(99, '2015204010011', 'O7413bPF', 0, NULL, NULL, NULL, NULL, NULL, NULL, NULL, 'Sadia Haque Urmy', NULL, NULL, NULL, NULL, '1922384221', NULL, NULL, NULL, NULL, NULL, NULL, NULL, NULL, NULL, NULL, NULL, NULL, NULL, NULL, NULL, NULL, NULL, NULL, NULL, NULL, NULL, NULL, NULL, NULL, NULL, NULL, NULL, NULL, NULL, 1, NULL, '2017-06-21 04:16:53', NULL, NULL, NULL, NULL, NULL, 1),
(100, '2014104010001', 'eVtt4Gtx', 0, NULL, NULL, NULL, NULL, NULL, NULL, NULL, 'Md.Shofikul Islam', NULL, NULL, NULL, NULL, '1861324807', NULL, NULL, NULL, NULL, NULL, NULL, NULL, NULL, NULL, NULL, NULL, NULL, NULL, NULL, NULL, NULL, NULL, NULL, NULL, NULL, NULL, NULL, NULL, NULL, NULL, NULL, NULL, NULL, NULL, 1, NULL, '2017-06-21 04:16:53', NULL, NULL, NULL, NULL, NULL, 1),
(101, '2014104010002', 'OjLra9Qi', 0, NULL, NULL, NULL, NULL, NULL, NULL, NULL, 'Most.Rina khatun', NULL, NULL, NULL, NULL, '1858362577', NULL, NULL, NULL, NULL, NULL, NULL, NULL, NULL, NULL, NULL, NULL, NULL, NULL, NULL, NULL, NULL, NULL, NULL, NULL, NULL, NULL, NULL, NULL, NULL, NULL, NULL, NULL, NULL, NULL, 1, NULL, '2017-06-21 04:16:53', NULL, NULL, NULL, NULL, NULL, 1),
(102, '2014104010003', 'k2FG3kHH', 0, NULL, NULL, NULL, NULL, NULL, NULL, NULL, 'Shirajum Munira', NULL, NULL, NULL, NULL, '1770994743', NULL, NULL, NULL, NULL, NULL, NULL, NULL, NULL, NULL, NULL, NULL, NULL, NULL, NULL, NULL, NULL, NULL, NULL, NULL, NULL, NULL, NULL, NULL, NULL, NULL, NULL, NULL, NULL, NULL, 1, NULL, '2017-06-21 04:16:53', NULL, NULL, NULL, NULL, NULL, 1),
(103, '2014104010004', 'xRVWvYOv', 0, NULL, NULL, NULL, NULL, NULL, NULL, NULL, 'Lucky khatun', NULL, NULL, NULL, NULL, '1778968008', NULL, NULL, NULL, NULL, NULL, NULL, NULL, NULL, NULL, NULL, NULL, NULL, NULL, NULL, NULL, NULL, NULL, NULL, NULL, NULL, NULL, NULL, NULL, NULL, NULL, NULL, NULL, NULL, NULL, 1, NULL, '2017-06-21 04:16:53', NULL, NULL, NULL, NULL, NULL, 1),
(104, '2014104010005', 'avjZfOUs', 0, NULL, NULL, NULL, NULL, NULL, NULL, NULL, 'Sawon Kumar Goush', NULL, NULL, NULL, NULL, '1745914772', NULL, NULL, NULL, NULL, NULL, NULL, NULL, NULL, NULL, NULL, NULL, NULL, NULL, NULL, NULL, NULL, NULL, NULL, NULL, NULL, NULL, NULL, NULL, NULL, NULL, NULL, NULL, NULL, NULL, 1, NULL, '2017-06-21 04:16:53', NULL, NULL, NULL, NULL, NULL, 1),
(105, '2014204010001', 'YJzx3CKj', 0, NULL, NULL, NULL, NULL, NULL, NULL, NULL, 'Ariful Prodhan', NULL, NULL, NULL, NULL, '1743741430', NULL, NULL, NULL, NULL, NULL, NULL, NULL, NULL, NULL, NULL, NULL, NULL, NULL, NULL, NULL, NULL, NULL, NULL, NULL, NULL, NULL, NULL, NULL, NULL, NULL, NULL, NULL, NULL, NULL, 1, NULL, '2017-06-21 04:16:53', NULL, NULL, NULL, NULL, NULL, 1),
(106, '2014204010002', 'IjrnF95P', 0, NULL, NULL, NULL, NULL, NULL, NULL, NULL, 'Mst.khuku Mone', NULL, NULL, NULL, NULL, '1759776288', NULL, NULL, NULL, NULL, NULL, NULL, NULL, NULL, NULL, NULL, NULL, NULL, NULL, NULL, NULL, NULL, NULL, NULL, NULL, NULL, NULL, NULL, NULL, NULL, NULL, NULL, NULL, NULL, NULL, 1, NULL, '2017-06-21 04:16:53', NULL, NULL, NULL, NULL, NULL, 1),
(107, '2014204010004', '8YFeP7FI', 0, NULL, NULL, NULL, NULL, NULL, NULL, NULL, 'Tanjila khatun', NULL, NULL, NULL, NULL, '1720313108', NULL, NULL, NULL, NULL, NULL, NULL, NULL, NULL, NULL, NULL, NULL, NULL, NULL, NULL, NULL, NULL, NULL, NULL, NULL, NULL, NULL, NULL, NULL, NULL, NULL, NULL, NULL, NULL, NULL, 1, NULL, '2017-06-21 04:16:53', NULL, NULL, NULL, NULL, NULL, 1),
(108, '2013104010001', 'Ys1RijeL', 0, NULL, NULL, NULL, NULL, NULL, NULL, NULL, 'Monika Mahzabin', NULL, NULL, NULL, NULL, '1711077654', NULL, NULL, NULL, NULL, NULL, NULL, NULL, NULL, NULL, NULL, NULL, NULL, NULL, NULL, NULL, NULL, NULL, NULL, NULL, NULL, NULL, NULL, NULL, NULL, NULL, NULL, NULL, NULL, NULL, 1, NULL, '2017-06-21 04:16:53', NULL, NULL, NULL, NULL, NULL, 1),
(109, '2013104010002', '0xf1OtxI', 0, NULL, NULL, NULL, NULL, NULL, NULL, NULL, 'Most Razia Sultana', NULL, NULL, NULL, NULL, '1715191459', NULL, NULL, NULL, NULL, NULL, NULL, NULL, NULL, NULL, NULL, NULL, NULL, NULL, NULL, NULL, NULL, NULL, NULL, NULL, NULL, NULL, NULL, NULL, NULL, NULL, NULL, NULL, NULL, NULL, 1, NULL, '2017-06-21 04:16:53', NULL, NULL, NULL, NULL, NULL, 1),
(110, '2013104010003', 'XX5s9klj', 0, NULL, NULL, NULL, NULL, NULL, NULL, NULL, 'Sukumar paul', NULL, NULL, NULL, NULL, '1759413302', NULL, NULL, NULL, NULL, NULL, NULL, NULL, NULL, NULL, NULL, NULL, NULL, NULL, NULL, NULL, NULL, NULL, NULL, NULL, NULL, NULL, NULL, NULL, NULL, NULL, NULL, NULL, NULL, NULL, 1, NULL, '2017-06-21 04:16:53', NULL, NULL, NULL, NULL, NULL, 1),
(111, '2013104010004', 'BsiU1Foj', 0, NULL, NULL, NULL, NULL, NULL, NULL, NULL, 'Kawser Hossain', NULL, NULL, NULL, NULL, '1731008995', NULL, NULL, NULL, NULL, NULL, NULL, NULL, NULL, NULL, NULL, NULL, NULL, NULL, NULL, NULL, NULL, NULL, NULL, NULL, NULL, NULL, NULL, NULL, NULL, NULL, NULL, NULL, NULL, NULL, 1, NULL, '2017-06-21 04:16:53', NULL, NULL, NULL, NULL, NULL, 1),
(112, '2014105020001', 'FNC8dcqs', 0, NULL, NULL, NULL, NULL, NULL, NULL, NULL, 'Mohammad Mazdah Uddin', NULL, NULL, NULL, NULL, '1923412132', NULL, NULL, NULL, NULL, NULL, NULL, NULL, NULL, NULL, NULL, NULL, NULL, NULL, NULL, NULL, NULL, NULL, NULL, NULL, NULL, NULL, NULL, NULL, NULL, NULL, NULL, NULL, NULL, NULL, 1, NULL, '2017-06-21 04:16:53', NULL, NULL, NULL, NULL, NULL, 1),
(113, '2014105020002', 'UINSsHcu', 0, NULL, NULL, NULL, NULL, NULL, NULL, NULL, 'Md.Saiful Islam', NULL, NULL, NULL, NULL, '1718055617', NULL, NULL, NULL, NULL, NULL, NULL, NULL, NULL, NULL, NULL, NULL, NULL, NULL, NULL, NULL, NULL, NULL, NULL, NULL, NULL, NULL, NULL, NULL, NULL, NULL, NULL, NULL, NULL, NULL, 1, NULL, '2017-06-21 04:16:53', NULL, NULL, NULL, NULL, NULL, 1),
(114, '2014101020001', '5YBTvTtb', 0, NULL, NULL, NULL, NULL, NULL, NULL, NULL, 'Monirul Hasan', NULL, NULL, NULL, NULL, '1987656885', NULL, NULL, NULL, NULL, NULL, NULL, NULL, NULL, NULL, NULL, NULL, NULL, NULL, NULL, NULL, NULL, NULL, NULL, NULL, NULL, NULL, NULL, NULL, NULL, NULL, NULL, NULL, NULL, NULL, 1, NULL, '2017-06-21 04:16:53', NULL, NULL, NULL, NULL, NULL, 1),
(115, '2014101020002', 'WjMW6zZh', 0, NULL, NULL, NULL, NULL, NULL, NULL, NULL, 'Monisha Paul', NULL, NULL, NULL, NULL, '1711732551', NULL, NULL, NULL, NULL, NULL, NULL, NULL, NULL, NULL, NULL, NULL, NULL, NULL, NULL, NULL, NULL, NULL, NULL, NULL, NULL, NULL, NULL, NULL, NULL, NULL, NULL, NULL, NULL, NULL, 1, NULL, '2017-06-21 04:16:53', NULL, NULL, NULL, NULL, NULL, 1),
(116, '2014101020003', 'du4L0ruv', 0, NULL, NULL, NULL, NULL, NULL, NULL, NULL, 'Shamima Yasmin', NULL, NULL, NULL, NULL, '1718775840', NULL, NULL, NULL, NULL, NULL, NULL, NULL, NULL, NULL, NULL, NULL, NULL, NULL, NULL, NULL, NULL, NULL, NULL, NULL, NULL, NULL, NULL, NULL, NULL, NULL, NULL, NULL, NULL, NULL, 1, NULL, '2017-06-21 04:16:53', NULL, NULL, NULL, NULL, NULL, 1),
(117, '2014101020004', 'Gge6YiKE', 0, NULL, NULL, NULL, NULL, NULL, NULL, NULL, 'Mst.Habiba Sultana', NULL, NULL, NULL, NULL, '1756115213', NULL, NULL, NULL, NULL, NULL, NULL, NULL, NULL, NULL, NULL, NULL, NULL, NULL, NULL, NULL, NULL, NULL, NULL, NULL, NULL, NULL, NULL, NULL, NULL, NULL, NULL, NULL, NULL, NULL, 1, NULL, '2017-06-21 04:16:53', NULL, NULL, NULL, NULL, NULL, 1),
(118, '2015201020001', '5m0JJQuq', 0, NULL, NULL, NULL, NULL, NULL, NULL, NULL, 'Md. Kaium Khan', NULL, NULL, NULL, NULL, '1754955969', NULL, NULL, NULL, NULL, NULL, NULL, NULL, NULL, NULL, NULL, NULL, NULL, NULL, NULL, NULL, NULL, NULL, NULL, NULL, NULL, NULL, NULL, NULL, NULL, NULL, NULL, NULL, NULL, NULL, 1, NULL, '2017-06-21 04:16:53', NULL, NULL, NULL, NULL, NULL, 1),
(119, '2015201020002', '9y9m3RsC', 0, NULL, NULL, NULL, NULL, NULL, NULL, NULL, 'Sharmin', NULL, NULL, NULL, NULL, '1744693258', NULL, NULL, NULL, NULL, NULL, NULL, NULL, NULL, NULL, NULL, NULL, NULL, NULL, NULL, NULL, NULL, NULL, NULL, NULL, NULL, NULL, NULL, NULL, NULL, NULL, NULL, NULL, NULL, NULL, 1, NULL, '2017-06-21 04:16:53', NULL, NULL, NULL, NULL, NULL, 1),
(120, '2015201020003', 'FApMG4rW', 0, NULL, NULL, NULL, NULL, NULL, NULL, NULL, 'Rabaya Tus Sunny', NULL, NULL, NULL, NULL, '1711284174', NULL, NULL, NULL, NULL, NULL, NULL, NULL, NULL, NULL, NULL, NULL, NULL, NULL, NULL, NULL, NULL, NULL, NULL, NULL, NULL, NULL, NULL, NULL, NULL, NULL, NULL, NULL, NULL, NULL, 1, NULL, '2017-06-21 04:16:53', NULL, NULL, NULL, NULL, NULL, 1),
(121, '2015102020001', 'lbxImg9a', 0, NULL, NULL, NULL, NULL, NULL, NULL, NULL, 'Mousumi Akter', NULL, NULL, NULL, NULL, '01765-612707', NULL, NULL, NULL, NULL, NULL, NULL, NULL, NULL, NULL, NULL, NULL, NULL, NULL, NULL, NULL, NULL, NULL, NULL, NULL, NULL, NULL, NULL, NULL, NULL, NULL, NULL, NULL, NULL, NULL, 1, NULL, '2017-06-21 04:16:53', NULL, NULL, NULL, NULL, NULL, 1),
(122, '2015102020002', 'X8hVQ9m3', 0, NULL, NULL, NULL, NULL, NULL, NULL, NULL, 'Riadul Islam', NULL, NULL, NULL, NULL, '', NULL, NULL, NULL, NULL, NULL, NULL, NULL, NULL, NULL, NULL, NULL, NULL, NULL, NULL, NULL, NULL, NULL, NULL, NULL, NULL, NULL, NULL, NULL, NULL, NULL, NULL, NULL, NULL, NULL, 1, NULL, '2017-06-21 04:16:53', NULL, NULL, NULL, NULL, NULL, 1),
(123, '2015102020003', 'fao9SvOk', 0, NULL, NULL, NULL, NULL, NULL, NULL, NULL, 'Most. Resma Khatun', NULL, NULL, NULL, NULL, '01736-002803', NULL, NULL, NULL, NULL, NULL, NULL, NULL, NULL, NULL, NULL, NULL, NULL, NULL, NULL, NULL, NULL, NULL, NULL, NULL, NULL, NULL, NULL, NULL, NULL, NULL, NULL, NULL, NULL, NULL, 1, NULL, '2017-06-21 04:16:53', NULL, NULL, NULL, NULL, NULL, 1),
(124, '2015102020004', 'Y2Cae5gK', 0, NULL, NULL, NULL, NULL, NULL, NULL, NULL, 'Lima Khatun', NULL, NULL, NULL, NULL, '01714-995266', NULL, NULL, NULL, NULL, NULL, NULL, NULL, NULL, NULL, NULL, NULL, NULL, NULL, NULL, NULL, NULL, NULL, NULL, NULL, NULL, NULL, NULL, NULL, NULL, NULL, NULL, NULL, NULL, NULL, 1, NULL, '2017-06-21 04:16:53', NULL, NULL, NULL, NULL, NULL, 1),
(125, '2015102020005', 'SuIHCBr4', 0, NULL, NULL, NULL, NULL, NULL, NULL, NULL, 'Monirul Islam', NULL, NULL, NULL, NULL, '01785-758192', NULL, NULL, NULL, NULL, NULL, NULL, NULL, NULL, NULL, NULL, NULL, NULL, NULL, NULL, NULL, NULL, NULL, NULL, NULL, NULL, NULL, NULL, NULL, NULL, NULL, NULL, NULL, NULL, NULL, 1, NULL, '2017-06-21 04:16:53', NULL, NULL, NULL, NULL, NULL, 1),
(126, '2015102020006', 'HhquPQ73', 0, NULL, NULL, NULL, NULL, NULL, NULL, NULL, 'Md. Rezaul', NULL, NULL, NULL, NULL, '01918-058476', NULL, NULL, NULL, NULL, NULL, NULL, NULL, NULL, NULL, NULL, NULL, NULL, NULL, NULL, NULL, NULL, NULL, NULL, NULL, NULL, NULL, NULL, NULL, NULL, NULL, NULL, NULL, NULL, NULL, 1, NULL, '2017-06-21 04:16:53', NULL, NULL, NULL, NULL, NULL, 1),
(127, '2015102020007', 'd9vkAx2p', 0, NULL, NULL, NULL, NULL, NULL, NULL, NULL, 'Shamme Akther Min', NULL, NULL, NULL, NULL, '01712-273483', NULL, NULL, NULL, NULL, NULL, NULL, NULL, NULL, NULL, NULL, NULL, NULL, NULL, NULL, NULL, NULL, NULL, NULL, NULL, NULL, NULL, NULL, NULL, NULL, NULL, NULL, NULL, NULL, NULL, 1, NULL, '2017-06-21 04:16:53', NULL, NULL, NULL, NULL, NULL, 1),
(128, '2015102020008', '9RHVEsXW', 0, NULL, NULL, NULL, NULL, NULL, NULL, NULL, 'Most. Bani Sarker', NULL, NULL, NULL, NULL, '01740-361861', NULL, NULL, NULL, NULL, NULL, NULL, NULL, NULL, NULL, NULL, NULL, NULL, NULL, NULL, NULL, NULL, NULL, NULL, NULL, NULL, NULL, NULL, NULL, NULL, NULL, NULL, NULL, NULL, NULL, 1, NULL, '2017-06-21 04:16:53', NULL, NULL, NULL, NULL, NULL, 1),
(129, '2015302020001', 'haL3LkBl', 0, NULL, NULL, NULL, NULL, NULL, NULL, NULL, 'Md. Milton Hossain', NULL, NULL, NULL, NULL, '1621000361', NULL, NULL, NULL, NULL, NULL, NULL, NULL, NULL, NULL, NULL, NULL, NULL, NULL, NULL, NULL, NULL, NULL, NULL, NULL, NULL, NULL, NULL, NULL, NULL, NULL, NULL, NULL, NULL, NULL, 1, NULL, '2017-06-21 04:16:53', NULL, NULL, NULL, NULL, NULL, 1),
(130, '2014102020014', 'kNrrGUKp', 0, NULL, NULL, NULL, NULL, NULL, NULL, NULL, 'Md. Ilias Hossain', NULL, NULL, NULL, NULL, '1763139424', NULL, NULL, NULL, NULL, NULL, NULL, NULL, NULL, NULL, NULL, NULL, NULL, NULL, NULL, NULL, NULL, NULL, NULL, NULL, NULL, NULL, NULL, NULL, NULL, NULL, NULL, NULL, NULL, NULL, 1, NULL, '2017-06-21 04:16:53', NULL, NULL, NULL, NULL, NULL, 1),
(131, '2014102020015', '3wuRaX8S', 0, NULL, NULL, NULL, NULL, NULL, NULL, NULL, 'Farjana Akter', NULL, NULL, NULL, NULL, '1798163577', NULL, NULL, NULL, NULL, NULL, NULL, NULL, NULL, NULL, NULL, NULL, NULL, NULL, NULL, NULL, NULL, NULL, NULL, NULL, NULL, NULL, NULL, NULL, NULL, NULL, NULL, NULL, NULL, NULL, 1, NULL, '2017-06-21 04:16:53', NULL, NULL, NULL, NULL, NULL, 1),
(132, '2015202020001', 'd4F3Wdwu', 0, NULL, NULL, NULL, NULL, NULL, NULL, NULL, 'Md. Motaleb Hossain', NULL, NULL, NULL, NULL, '1776643477', NULL, NULL, NULL, NULL, NULL, NULL, NULL, NULL, NULL, NULL, NULL, NULL, NULL, NULL, NULL, NULL, NULL, NULL, NULL, NULL, NULL, NULL, NULL, NULL, NULL, NULL, NULL, NULL, NULL, 1, NULL, '2017-06-21 04:16:53', NULL, NULL, NULL, NULL, NULL, 1),
(133, '2015202020002', 'ydHMMqE0', 0, NULL, NULL, NULL, NULL, NULL, NULL, NULL, 'Md. Rezaul Karim', NULL, NULL, NULL, NULL, '1771180587', NULL, NULL, NULL, NULL, NULL, NULL, NULL, NULL, NULL, NULL, NULL, NULL, NULL, NULL, NULL, NULL, NULL, NULL, NULL, NULL, NULL, NULL, NULL, NULL, NULL, NULL, NULL, NULL, NULL, 1, NULL, '2017-06-21 04:16:53', NULL, NULL, NULL, NULL, NULL, 1);
INSERT INTO `student_personal_info` (`STUDENT_ID`, `REGISTRATION_NO`, `LOGIN_PASSWORD`, `ADM_SESSION_ID`, `SESSION_ID`, `DEGREE_ID`, `FACULTY_ID`, `DEPT_ID`, `PROGRAM_ID`, `BATCH_ID`, `SECTION_ID`, `FULL_NAME_EN`, `FULL_NAME_BN`, `PHOTO`, `SIGNATURE_PHOTO`, `GENDER`, `MOBILE_NO`, `NATIONALITY`, `NATIONAL_ID`, `EMAIL_ADRESS`, `FATHER_NAME`, `MOTHER_NAME`, `MARITAL_STATUS`, `DATH_OF_BIRTH`, `PLACE_OF_BIRTH`, `BIRTH_CERTIFICATE`, `HEIGHT_CM`, `BLOOD_GROUP`, `HEIGHT_FEET`, `HEIGHT_INCHES`, `WEIGHT_KG`, `WEIGHT_LBS`, `RELIGION_ID`, `PASSPORT_NO`, `ANNUAL_INCOME`, `SCHOLARSHIP`, `SCHOLARSHIP_DESC`, `EXPELLED`, `EXPELLED_DESC`, `ARRESTED`, `ARRESTED_DESC`, `CONVICTED`, `CONVICTED_DESC`, `SIBLING_EXIST`, `SBLN_ROLL_NO`, `TERMS_AND_CONDITION`, `ACTIVE_STATUS`, `CREATED_BY`, `CREATE_DATE`, `UPDATED_BY`, `UPDATE_DATE`, `APPLY_BEFORE`, `APPLY_SEMESTER`, `APPLY_YEAR`, `PREVIOUS_STU_FG`) VALUES
(134, '2015202020003', 'PGlLqlga', 0, NULL, NULL, NULL, NULL, NULL, NULL, NULL, 'Md. Fazlul Haque', NULL, NULL, NULL, NULL, '1756277897', NULL, NULL, NULL, NULL, NULL, NULL, NULL, NULL, NULL, NULL, NULL, NULL, NULL, NULL, NULL, NULL, NULL, NULL, NULL, NULL, NULL, NULL, NULL, NULL, NULL, NULL, NULL, NULL, NULL, 1, NULL, '2017-06-21 04:16:53', NULL, NULL, NULL, NULL, NULL, 1),
(135, '2015202020004', 'MfmMCJ7I', 0, NULL, NULL, NULL, NULL, NULL, NULL, NULL, 'Moriom Khatun', NULL, NULL, NULL, NULL, '1725690616', NULL, NULL, NULL, NULL, NULL, NULL, NULL, NULL, NULL, NULL, NULL, NULL, NULL, NULL, NULL, NULL, NULL, NULL, NULL, NULL, NULL, NULL, NULL, NULL, NULL, NULL, NULL, NULL, NULL, 1, NULL, '2017-06-21 04:16:53', NULL, NULL, NULL, NULL, NULL, 1),
(136, '2015202020005', '9Euz7lYq', 0, NULL, NULL, NULL, NULL, NULL, NULL, NULL, 'Md. Elias Khan', NULL, NULL, NULL, NULL, '1834186018', NULL, NULL, NULL, NULL, NULL, NULL, NULL, NULL, NULL, NULL, NULL, NULL, NULL, NULL, NULL, NULL, NULL, NULL, NULL, NULL, NULL, NULL, NULL, NULL, NULL, NULL, NULL, NULL, NULL, 1, NULL, '2017-06-21 04:16:53', NULL, NULL, NULL, NULL, NULL, 1),
(137, '2015202020006', 'IDuSFTy1', 0, NULL, NULL, NULL, NULL, NULL, NULL, NULL, 'Md. Al-Amin', NULL, NULL, NULL, NULL, '1622469830', NULL, NULL, NULL, NULL, NULL, NULL, NULL, NULL, NULL, NULL, NULL, NULL, NULL, NULL, NULL, NULL, NULL, NULL, NULL, NULL, NULL, NULL, NULL, NULL, NULL, NULL, NULL, NULL, NULL, 1, NULL, '2017-06-21 04:16:53', NULL, NULL, NULL, NULL, NULL, 1),
(138, '2015202020007', 'cX7s1aDh', 0, NULL, NULL, NULL, NULL, NULL, NULL, NULL, 'Md. Mahmudul Hasan', NULL, NULL, NULL, NULL, '1989912635', NULL, NULL, NULL, NULL, NULL, NULL, NULL, NULL, NULL, NULL, NULL, NULL, NULL, NULL, NULL, NULL, NULL, NULL, NULL, NULL, NULL, NULL, NULL, NULL, NULL, NULL, NULL, NULL, NULL, 1, NULL, '2017-06-21 04:16:53', NULL, NULL, NULL, NULL, NULL, 1),
(139, '2015202020008', 'nm64WTYV', 0, NULL, NULL, NULL, NULL, NULL, NULL, NULL, 'Md. Firoj Kabir', NULL, NULL, NULL, NULL, '1750685654', NULL, NULL, NULL, NULL, NULL, NULL, NULL, NULL, NULL, NULL, NULL, NULL, NULL, NULL, NULL, NULL, NULL, NULL, NULL, NULL, NULL, NULL, NULL, NULL, NULL, NULL, NULL, NULL, NULL, 1, NULL, '2017-06-21 04:16:53', NULL, NULL, NULL, NULL, NULL, 1),
(140, '2014102020001', 'YBcsaQhJ', 0, NULL, NULL, NULL, NULL, NULL, NULL, NULL, 'Md.Riom Talukder', NULL, NULL, NULL, NULL, '1677524817', NULL, NULL, NULL, NULL, NULL, NULL, NULL, NULL, NULL, NULL, NULL, NULL, NULL, NULL, NULL, NULL, NULL, NULL, NULL, NULL, NULL, NULL, NULL, NULL, NULL, NULL, NULL, NULL, NULL, 1, NULL, '2017-06-21 04:16:53', NULL, NULL, NULL, NULL, NULL, 1),
(141, '2014102020002', 'KrbmrKlq', 0, NULL, NULL, NULL, NULL, NULL, NULL, NULL, 'Md.Salam Mia', NULL, NULL, NULL, NULL, '1761242116', NULL, NULL, NULL, NULL, NULL, NULL, NULL, NULL, NULL, NULL, NULL, NULL, NULL, NULL, NULL, NULL, NULL, NULL, NULL, NULL, NULL, NULL, NULL, NULL, NULL, NULL, NULL, NULL, NULL, 1, NULL, '2017-06-21 04:16:53', NULL, NULL, NULL, NULL, NULL, 1),
(142, '2014102020003', 'sBLxvmTM', 0, NULL, NULL, NULL, NULL, NULL, NULL, NULL, 'Md.khorshed Alam', NULL, NULL, NULL, NULL, '1712992205', NULL, NULL, NULL, NULL, NULL, NULL, NULL, NULL, NULL, NULL, NULL, NULL, NULL, NULL, NULL, NULL, NULL, NULL, NULL, NULL, NULL, NULL, NULL, NULL, NULL, NULL, NULL, NULL, NULL, 1, NULL, '2017-06-21 04:16:53', NULL, NULL, NULL, NULL, NULL, 1),
(143, '2014102020005', 'QRIK9qHw', 0, NULL, NULL, NULL, NULL, NULL, NULL, NULL, 'S.A.S.M.Ashif', NULL, NULL, NULL, NULL, '1927717421', NULL, NULL, NULL, NULL, NULL, NULL, NULL, NULL, NULL, NULL, NULL, NULL, NULL, NULL, NULL, NULL, NULL, NULL, NULL, NULL, NULL, NULL, NULL, NULL, NULL, NULL, NULL, NULL, NULL, 1, NULL, '2017-06-21 04:16:53', NULL, NULL, NULL, NULL, NULL, 1),
(144, '2014102020006', 'EWNI5Itp', 0, NULL, NULL, NULL, NULL, NULL, NULL, NULL, 'S.A.M Nasrullah', NULL, NULL, NULL, NULL, '1927717421', NULL, NULL, NULL, NULL, NULL, NULL, NULL, NULL, NULL, NULL, NULL, NULL, NULL, NULL, NULL, NULL, NULL, NULL, NULL, NULL, NULL, NULL, NULL, NULL, NULL, NULL, NULL, NULL, NULL, 1, NULL, '2017-06-21 04:16:53', NULL, NULL, NULL, NULL, NULL, 1),
(145, '2014102020007', 'ECJd4Y0c', 0, NULL, NULL, NULL, NULL, NULL, NULL, NULL, 'Md.Imran Rahman', NULL, NULL, NULL, NULL, '1740121826', NULL, NULL, NULL, NULL, NULL, NULL, NULL, NULL, NULL, NULL, NULL, NULL, NULL, NULL, NULL, NULL, NULL, NULL, NULL, NULL, NULL, NULL, NULL, NULL, NULL, NULL, NULL, NULL, NULL, 1, NULL, '2017-06-21 04:16:53', NULL, NULL, NULL, NULL, NULL, 1),
(146, '2014102020008', 'zChZSV2E', 0, NULL, NULL, NULL, NULL, NULL, NULL, NULL, 'Md.Rubel Shaikh', NULL, NULL, NULL, NULL, '175452628', NULL, NULL, NULL, NULL, NULL, NULL, NULL, NULL, NULL, NULL, NULL, NULL, NULL, NULL, NULL, NULL, NULL, NULL, NULL, NULL, NULL, NULL, NULL, NULL, NULL, NULL, NULL, NULL, NULL, 1, NULL, '2017-06-21 04:16:54', NULL, NULL, NULL, NULL, NULL, 1),
(147, '2014102020009', 'bIdMdliu', 0, NULL, NULL, NULL, NULL, NULL, NULL, NULL, 'Md.Shahriar Ahmed', NULL, NULL, NULL, NULL, '1771004535', NULL, NULL, NULL, NULL, NULL, NULL, NULL, NULL, NULL, NULL, NULL, NULL, NULL, NULL, NULL, NULL, NULL, NULL, NULL, NULL, NULL, NULL, NULL, NULL, NULL, NULL, NULL, NULL, NULL, 1, NULL, '2017-06-21 04:16:54', NULL, NULL, NULL, NULL, NULL, 1),
(148, '2014102020010', 'dEflSYyt', 0, NULL, NULL, NULL, NULL, NULL, NULL, NULL, 'Md. Aminul Islam', NULL, NULL, NULL, NULL, '1913493938', NULL, NULL, NULL, NULL, NULL, NULL, NULL, NULL, NULL, NULL, NULL, NULL, NULL, NULL, NULL, NULL, NULL, NULL, NULL, NULL, NULL, NULL, NULL, NULL, NULL, NULL, NULL, NULL, NULL, 1, NULL, '2017-06-21 04:16:54', NULL, NULL, NULL, NULL, NULL, 1),
(149, '2014102020011', 'qa9rAyym', 0, NULL, NULL, NULL, NULL, NULL, NULL, NULL, 'Md.Bomi Amin', NULL, NULL, NULL, NULL, '1713716371', NULL, NULL, NULL, NULL, NULL, NULL, NULL, NULL, NULL, NULL, NULL, NULL, NULL, NULL, NULL, NULL, NULL, NULL, NULL, NULL, NULL, NULL, NULL, NULL, NULL, NULL, NULL, NULL, NULL, 1, NULL, '2017-06-21 04:16:54', NULL, NULL, NULL, NULL, NULL, 1),
(150, '2014102020012', 'z1GO6R2T', 0, NULL, NULL, NULL, NULL, NULL, NULL, NULL, 'Md.Fahim Sarkar', NULL, NULL, NULL, NULL, '1824951090', NULL, NULL, NULL, NULL, NULL, NULL, NULL, NULL, NULL, NULL, NULL, NULL, NULL, NULL, NULL, NULL, NULL, NULL, NULL, NULL, NULL, NULL, NULL, NULL, NULL, NULL, NULL, NULL, NULL, 1, NULL, '2017-06-21 04:16:54', NULL, NULL, NULL, NULL, NULL, 1),
(151, '2014102020013', 'oXzcaCLP', 0, NULL, NULL, NULL, NULL, NULL, NULL, NULL, 'Md.Nazrul Islam', NULL, NULL, NULL, NULL, '1784582379', NULL, NULL, NULL, NULL, NULL, NULL, NULL, NULL, NULL, NULL, NULL, NULL, NULL, NULL, NULL, NULL, NULL, NULL, NULL, NULL, NULL, NULL, NULL, NULL, NULL, NULL, NULL, NULL, NULL, 1, NULL, '2017-06-21 04:16:54', NULL, NULL, NULL, NULL, NULL, 1),
(152, '2014102020014', 'EJAmyBuU', 0, NULL, NULL, NULL, NULL, NULL, NULL, NULL, 'Md.Ilias Hossain', NULL, NULL, NULL, NULL, '1763139424', NULL, NULL, NULL, NULL, NULL, NULL, NULL, NULL, NULL, NULL, NULL, NULL, NULL, NULL, NULL, NULL, NULL, NULL, NULL, NULL, NULL, NULL, NULL, NULL, NULL, NULL, NULL, NULL, NULL, 1, NULL, '2017-06-21 04:16:54', NULL, NULL, NULL, NULL, NULL, 1),
(153, '2014102010015', '55s3YxXS', 0, NULL, NULL, NULL, NULL, NULL, NULL, NULL, 'FarjanaAkter', NULL, NULL, NULL, NULL, '1798163577', NULL, NULL, NULL, NULL, NULL, NULL, NULL, NULL, NULL, NULL, NULL, NULL, NULL, NULL, NULL, NULL, NULL, NULL, NULL, NULL, NULL, NULL, NULL, NULL, NULL, NULL, NULL, NULL, NULL, 1, NULL, '2017-06-21 04:16:54', NULL, NULL, NULL, NULL, NULL, 1),
(154, '2014302020001', 'rMX0dbVv', 10, 6, 3, 5, 2, 2, 4, 1, 'Md.Abdul Alim', NULL, NULL, NULL, NULL, '1746844968', NULL, NULL, NULL, NULL, NULL, NULL, NULL, NULL, NULL, NULL, NULL, NULL, NULL, NULL, NULL, NULL, NULL, NULL, NULL, NULL, NULL, NULL, NULL, NULL, NULL, NULL, NULL, NULL, NULL, 1, NULL, '2017-06-21 04:16:54', NULL, NULL, NULL, NULL, NULL, 1),
(155, '2014302020002', 'uzOZ0h7x', 10, 6, 3, 5, 2, 2, 4, 1, 'Md.Tofael Ahmed', NULL, NULL, NULL, NULL, '1767531513', NULL, NULL, NULL, NULL, NULL, NULL, NULL, NULL, NULL, NULL, NULL, NULL, NULL, NULL, NULL, NULL, NULL, NULL, NULL, NULL, NULL, NULL, NULL, NULL, NULL, NULL, NULL, NULL, NULL, 1, NULL, '2017-06-21 04:16:54', NULL, NULL, NULL, NULL, NULL, 1),
(156, '2014302020003', 'XbNK6BjI', 10, 6, 3, 5, 2, 2, 4, 1, 'Md.Suzon Reza', NULL, NULL, NULL, NULL, '1742169148', NULL, NULL, NULL, NULL, NULL, NULL, NULL, NULL, NULL, NULL, NULL, NULL, NULL, NULL, NULL, NULL, NULL, NULL, NULL, NULL, NULL, NULL, NULL, NULL, NULL, NULL, NULL, NULL, NULL, 1, NULL, '2017-06-21 04:16:54', NULL, NULL, NULL, NULL, NULL, 1),
(157, '2014302020004', 'CoD1fSfM', 10, 6, 3, 5, 2, 2, 4, 1, 'Md.Abdul Hasnat', NULL, NULL, NULL, NULL, '1728364096', NULL, NULL, NULL, NULL, NULL, NULL, NULL, NULL, NULL, NULL, NULL, NULL, NULL, NULL, NULL, NULL, NULL, NULL, NULL, NULL, NULL, NULL, NULL, NULL, NULL, NULL, NULL, NULL, NULL, 1, NULL, '2017-06-21 04:16:54', NULL, NULL, NULL, NULL, NULL, 1),
(158, '2014302020005', 'cV6AcSGv', 10, 6, 3, 5, 2, 2, 4, 1, 'Symon Das Babu', NULL, NULL, NULL, NULL, '1683963473', NULL, NULL, NULL, NULL, NULL, NULL, NULL, NULL, NULL, NULL, NULL, NULL, NULL, NULL, NULL, NULL, NULL, NULL, NULL, NULL, NULL, NULL, NULL, NULL, NULL, NULL, NULL, NULL, NULL, 1, NULL, '2017-06-21 04:16:54', NULL, NULL, NULL, NULL, NULL, 1),
(159, '2015101030001', 'syW9HjlD', 0, NULL, NULL, NULL, NULL, NULL, NULL, NULL, 'Mst. Afrin Akter', NULL, NULL, NULL, NULL, '01705838762', NULL, NULL, NULL, NULL, NULL, NULL, NULL, NULL, NULL, NULL, NULL, NULL, NULL, NULL, NULL, NULL, NULL, NULL, NULL, NULL, NULL, NULL, NULL, NULL, NULL, NULL, NULL, NULL, NULL, 1, NULL, '2017-06-21 04:16:54', NULL, NULL, NULL, NULL, NULL, 1),
(160, '2015101030002', '91SvwY0T', 0, NULL, NULL, NULL, NULL, NULL, NULL, NULL, 'Lubna Jahan Loboni', NULL, NULL, NULL, NULL, '01623103217', NULL, NULL, NULL, NULL, NULL, NULL, NULL, NULL, NULL, NULL, NULL, NULL, NULL, NULL, NULL, NULL, NULL, NULL, NULL, NULL, NULL, NULL, NULL, NULL, NULL, NULL, NULL, NULL, NULL, 1, NULL, '2017-06-21 04:16:54', NULL, NULL, NULL, NULL, NULL, 1),
(161, '2015101030003', '13HnnBp3', 0, NULL, NULL, NULL, NULL, NULL, NULL, NULL, 'Md. Zahidul Islam Sajal', NULL, NULL, NULL, NULL, '01830952386', NULL, NULL, NULL, NULL, NULL, NULL, NULL, NULL, NULL, NULL, NULL, NULL, NULL, NULL, NULL, NULL, NULL, NULL, NULL, NULL, NULL, NULL, NULL, NULL, NULL, NULL, NULL, NULL, NULL, 1, NULL, '2017-06-21 04:16:54', NULL, NULL, NULL, NULL, NULL, 1),
(162, '2015101030004', 'Pr7w3WjS', 0, NULL, NULL, NULL, NULL, NULL, NULL, NULL, 'Md. Ali Akbar', NULL, NULL, NULL, NULL, '01730957406', NULL, NULL, NULL, NULL, NULL, NULL, NULL, NULL, NULL, NULL, NULL, NULL, NULL, NULL, NULL, NULL, NULL, NULL, NULL, NULL, NULL, NULL, NULL, NULL, NULL, NULL, NULL, NULL, NULL, 1, NULL, '2017-06-21 04:16:54', NULL, NULL, NULL, NULL, NULL, 1),
(163, '2015101030005', 'iUVHhJr5', 0, NULL, NULL, NULL, NULL, NULL, NULL, NULL, 'Kawsar Ahmed Anik', NULL, NULL, NULL, NULL, '01830645312', NULL, NULL, NULL, NULL, NULL, NULL, NULL, NULL, NULL, NULL, NULL, NULL, NULL, NULL, NULL, NULL, NULL, NULL, NULL, NULL, NULL, NULL, NULL, NULL, NULL, NULL, NULL, NULL, NULL, 1, NULL, '2017-06-21 04:16:54', NULL, NULL, NULL, NULL, NULL, 1),
(164, '2015101030006', 'ddQEOJzs', 0, NULL, NULL, NULL, NULL, NULL, NULL, NULL, 'Tahmina Akter', NULL, NULL, NULL, NULL, '1712609925', NULL, NULL, NULL, NULL, NULL, NULL, NULL, NULL, NULL, NULL, NULL, NULL, NULL, NULL, NULL, NULL, NULL, NULL, NULL, NULL, NULL, NULL, NULL, NULL, NULL, NULL, NULL, NULL, NULL, 1, NULL, '2017-06-21 04:16:54', NULL, NULL, NULL, NULL, NULL, 1),
(165, '2015101030007', 'i7C7oHrI', 0, NULL, NULL, NULL, NULL, NULL, NULL, NULL, 'T.M. Shahriar Rahman', NULL, NULL, NULL, NULL, '1677028493', NULL, NULL, NULL, NULL, NULL, NULL, NULL, NULL, NULL, NULL, NULL, NULL, NULL, NULL, NULL, NULL, NULL, NULL, NULL, NULL, NULL, NULL, NULL, NULL, NULL, NULL, NULL, NULL, NULL, 1, NULL, '2017-06-21 04:16:54', NULL, NULL, NULL, NULL, NULL, 1),
(166, '2015201030001', 'kl1QNnOC', 0, NULL, NULL, NULL, NULL, NULL, NULL, NULL, 'Jesmin Akter', NULL, NULL, NULL, NULL, '1687606694', NULL, NULL, NULL, NULL, NULL, NULL, NULL, NULL, NULL, NULL, NULL, NULL, NULL, NULL, NULL, NULL, NULL, NULL, NULL, NULL, NULL, NULL, NULL, NULL, NULL, NULL, NULL, NULL, NULL, 1, NULL, '2017-06-21 04:16:54', NULL, NULL, NULL, NULL, NULL, 1),
(167, '2015201030002', '1ENCJvqV', 0, NULL, NULL, NULL, NULL, NULL, NULL, NULL, 'Kanij Fatema', NULL, NULL, NULL, NULL, '1966518433', NULL, NULL, NULL, NULL, NULL, NULL, NULL, NULL, NULL, NULL, NULL, NULL, NULL, NULL, NULL, NULL, NULL, NULL, NULL, NULL, NULL, NULL, NULL, NULL, NULL, NULL, NULL, NULL, NULL, 1, NULL, '2017-06-21 04:16:54', NULL, NULL, NULL, NULL, NULL, 1),
(168, '2015201030003', '9NG9ZR1o', 0, NULL, NULL, NULL, NULL, NULL, NULL, NULL, 'Jhuma parvin', NULL, NULL, NULL, NULL, '1792181138', NULL, NULL, NULL, NULL, NULL, NULL, NULL, NULL, NULL, NULL, NULL, NULL, NULL, NULL, NULL, NULL, NULL, NULL, NULL, NULL, NULL, NULL, NULL, NULL, NULL, NULL, NULL, NULL, NULL, 1, NULL, '2017-06-21 04:16:54', NULL, NULL, NULL, NULL, NULL, 1),
(169, '2015201030004', 'sxqdhamK', 0, NULL, NULL, NULL, NULL, NULL, NULL, NULL, 'Sheikh Zannatul Ferdush Emma', NULL, NULL, NULL, NULL, '1712846254', NULL, NULL, NULL, NULL, NULL, NULL, NULL, NULL, NULL, NULL, NULL, NULL, NULL, NULL, NULL, NULL, NULL, NULL, NULL, NULL, NULL, NULL, NULL, NULL, NULL, NULL, NULL, NULL, NULL, 1, NULL, '2017-06-21 04:16:54', NULL, NULL, NULL, NULL, NULL, 1),
(170, '2015201030005', 'HBNyobcK', 0, NULL, NULL, NULL, NULL, NULL, NULL, NULL, 'Shemo Akter', NULL, NULL, NULL, NULL, '1779920983', NULL, NULL, NULL, NULL, NULL, NULL, NULL, NULL, NULL, NULL, NULL, NULL, NULL, NULL, NULL, NULL, NULL, NULL, NULL, NULL, NULL, NULL, NULL, NULL, NULL, NULL, NULL, NULL, NULL, 1, NULL, '2017-06-21 04:16:54', NULL, NULL, NULL, NULL, NULL, 1),
(171, '2015201030006', 'CLxU3Fh9', 0, NULL, NULL, NULL, NULL, NULL, NULL, NULL, 'Sonia Khatun', NULL, NULL, NULL, NULL, '1776020797', NULL, NULL, NULL, NULL, NULL, NULL, NULL, NULL, NULL, NULL, NULL, NULL, NULL, NULL, NULL, NULL, NULL, NULL, NULL, NULL, NULL, NULL, NULL, NULL, NULL, NULL, NULL, NULL, NULL, 1, NULL, '2017-06-21 04:16:54', NULL, NULL, NULL, NULL, NULL, 1),
(172, '2015201030007', 'XLo21mlH', 0, NULL, NULL, NULL, NULL, NULL, NULL, NULL, 'Sharmin Akter', NULL, NULL, NULL, NULL, '1720400473', NULL, NULL, NULL, NULL, NULL, NULL, NULL, NULL, NULL, NULL, NULL, NULL, NULL, NULL, NULL, NULL, NULL, NULL, NULL, NULL, NULL, NULL, NULL, NULL, NULL, NULL, NULL, NULL, NULL, 1, NULL, '2017-06-21 04:16:54', NULL, NULL, NULL, NULL, NULL, 1),
(173, '2015201030008', 'uk6H3198', 0, NULL, NULL, NULL, NULL, NULL, NULL, NULL, 'Md. Ziaur Rahman', NULL, NULL, NULL, NULL, '1773947121', NULL, NULL, NULL, NULL, NULL, NULL, NULL, NULL, NULL, NULL, NULL, NULL, NULL, NULL, NULL, NULL, NULL, NULL, NULL, NULL, NULL, NULL, NULL, NULL, NULL, NULL, NULL, NULL, NULL, 1, NULL, '2017-06-21 04:16:54', NULL, NULL, NULL, NULL, NULL, 1),
(174, '2015201030009', 'WfrCSnse', 0, NULL, NULL, NULL, NULL, NULL, NULL, NULL, 'Sabina Khatun', NULL, NULL, NULL, NULL, '1773004743', NULL, NULL, NULL, NULL, NULL, NULL, NULL, NULL, NULL, NULL, NULL, NULL, NULL, NULL, NULL, NULL, NULL, NULL, NULL, NULL, NULL, NULL, NULL, NULL, NULL, NULL, NULL, NULL, NULL, 1, NULL, '2017-06-21 04:16:54', NULL, NULL, NULL, NULL, NULL, 1),
(175, '2015201030010', '5f9zgcZJ', 0, NULL, NULL, NULL, NULL, NULL, NULL, NULL, 'Ashiq Abedin', NULL, NULL, NULL, NULL, '1776641176', NULL, NULL, NULL, NULL, NULL, NULL, NULL, NULL, NULL, NULL, NULL, NULL, NULL, NULL, NULL, NULL, NULL, NULL, NULL, NULL, NULL, NULL, NULL, NULL, NULL, NULL, NULL, NULL, NULL, 1, NULL, '2017-06-21 04:16:54', NULL, NULL, NULL, NULL, NULL, 1),
(176, '2015201030011', 'E5YiXfxn', 0, NULL, NULL, NULL, NULL, NULL, NULL, NULL, 'Taposi Rabeya', NULL, NULL, NULL, NULL, '1755764432', NULL, NULL, NULL, NULL, NULL, NULL, NULL, NULL, NULL, NULL, NULL, NULL, NULL, NULL, NULL, NULL, NULL, NULL, NULL, NULL, NULL, NULL, NULL, NULL, NULL, NULL, NULL, NULL, NULL, 1, NULL, '2017-06-21 04:16:54', NULL, NULL, NULL, NULL, NULL, 1),
(177, '2015201030012', 'ovFyHeOV', 0, NULL, NULL, NULL, NULL, NULL, NULL, NULL, 'Md. Moklesur Rahman', NULL, NULL, NULL, NULL, '1729110768', NULL, NULL, NULL, NULL, NULL, NULL, NULL, NULL, NULL, NULL, NULL, NULL, NULL, NULL, NULL, NULL, NULL, NULL, NULL, NULL, NULL, NULL, NULL, NULL, NULL, NULL, NULL, NULL, NULL, 1, NULL, '2017-06-21 04:16:54', NULL, NULL, NULL, NULL, NULL, 1),
(178, '2015201030013', '4gY4eWA6', 0, NULL, NULL, NULL, NULL, NULL, NULL, NULL, 'Md. Monirul Islam', NULL, NULL, NULL, NULL, '1760351776', NULL, NULL, NULL, NULL, NULL, NULL, NULL, NULL, NULL, NULL, NULL, NULL, NULL, NULL, NULL, NULL, NULL, NULL, NULL, NULL, NULL, NULL, NULL, NULL, NULL, NULL, NULL, NULL, NULL, 1, NULL, '2017-06-21 04:16:54', NULL, NULL, NULL, NULL, NULL, 1),
(179, '2015201030014', 'q7DCl7BH', 0, NULL, NULL, NULL, NULL, NULL, NULL, NULL, 'Md. Al Imran Imon', NULL, NULL, NULL, NULL, '1757901314', NULL, NULL, NULL, NULL, NULL, NULL, NULL, NULL, NULL, NULL, NULL, NULL, NULL, NULL, NULL, NULL, NULL, NULL, NULL, NULL, NULL, NULL, NULL, NULL, NULL, NULL, NULL, NULL, NULL, 1, NULL, '2017-06-21 04:16:54', NULL, NULL, NULL, NULL, NULL, 1),
(180, '2015201030015', 'dNqWKuBr', 0, NULL, NULL, NULL, NULL, NULL, NULL, NULL, 'Azhar Uddin', NULL, NULL, NULL, NULL, '1734221979', NULL, NULL, NULL, NULL, NULL, NULL, NULL, NULL, NULL, NULL, NULL, NULL, NULL, NULL, NULL, NULL, NULL, NULL, NULL, NULL, NULL, NULL, NULL, NULL, NULL, NULL, NULL, NULL, NULL, 1, NULL, '2017-06-21 04:16:54', NULL, NULL, NULL, NULL, NULL, 1),
(181, '2015201030016', 'a35McPl4', 0, NULL, NULL, NULL, NULL, NULL, NULL, NULL, 'Fariha Farzana', NULL, NULL, NULL, NULL, '1716648910', NULL, NULL, NULL, NULL, NULL, NULL, NULL, NULL, NULL, NULL, NULL, NULL, NULL, NULL, NULL, NULL, NULL, NULL, NULL, NULL, NULL, NULL, NULL, NULL, NULL, NULL, NULL, NULL, NULL, 1, NULL, '2017-06-21 04:16:54', NULL, NULL, NULL, NULL, NULL, 1),
(182, '2015201030017', '4FmTtTAm', 0, NULL, NULL, NULL, NULL, NULL, NULL, NULL, 'Mst.Farjana Khatun', NULL, NULL, NULL, NULL, '1623276713', NULL, NULL, NULL, NULL, NULL, NULL, NULL, NULL, NULL, NULL, NULL, NULL, NULL, NULL, NULL, NULL, NULL, NULL, NULL, NULL, NULL, NULL, NULL, NULL, NULL, NULL, NULL, NULL, NULL, 1, NULL, '2017-06-21 04:16:54', NULL, NULL, NULL, NULL, NULL, 1),
(183, '2015201030018', 'Dl02io42', 0, NULL, NULL, NULL, NULL, NULL, NULL, NULL, 'Fatema Khatun Ruma', NULL, NULL, NULL, NULL, '1751895266', NULL, NULL, NULL, NULL, NULL, NULL, NULL, NULL, NULL, NULL, NULL, NULL, NULL, NULL, NULL, NULL, NULL, NULL, NULL, NULL, NULL, NULL, NULL, NULL, NULL, NULL, NULL, NULL, NULL, 1, NULL, '2017-06-21 04:16:54', NULL, NULL, NULL, NULL, NULL, 1),
(184, '2015201030019', 'ESLWp7yR', 0, NULL, NULL, NULL, NULL, NULL, NULL, NULL, 'Umme Sadia Dristy', NULL, NULL, NULL, NULL, '1791138888', NULL, NULL, NULL, NULL, NULL, NULL, NULL, NULL, NULL, NULL, NULL, NULL, NULL, NULL, NULL, NULL, NULL, NULL, NULL, NULL, NULL, NULL, NULL, NULL, NULL, NULL, NULL, NULL, NULL, 1, NULL, '2017-06-21 04:16:54', NULL, NULL, NULL, NULL, NULL, 1),
(185, '2015201030020', 'PZonBOLB', 0, NULL, NULL, NULL, NULL, NULL, NULL, NULL, 'Most. Nafiza Huda', NULL, NULL, NULL, NULL, '1823246653', NULL, NULL, NULL, NULL, NULL, NULL, NULL, NULL, NULL, NULL, NULL, NULL, NULL, NULL, NULL, NULL, NULL, NULL, NULL, NULL, NULL, NULL, NULL, NULL, NULL, NULL, NULL, NULL, NULL, 1, NULL, '2017-06-21 04:16:54', NULL, NULL, NULL, NULL, NULL, 1),
(186, '2015201030021', 'WqD5ActY', 0, NULL, NULL, NULL, NULL, NULL, NULL, NULL, 'S.M. Sohag', NULL, NULL, NULL, NULL, '1730613440', NULL, NULL, NULL, NULL, NULL, NULL, NULL, NULL, NULL, NULL, NULL, NULL, NULL, NULL, NULL, NULL, NULL, NULL, NULL, NULL, NULL, NULL, NULL, NULL, NULL, NULL, NULL, NULL, NULL, 1, NULL, '2017-06-21 04:16:54', NULL, NULL, NULL, NULL, NULL, 1),
(187, '2015201030022', 'JXfP73qK', 0, NULL, NULL, NULL, NULL, NULL, NULL, NULL, 'Jubaer Ahmed', NULL, NULL, NULL, NULL, '1794794781', NULL, NULL, NULL, NULL, NULL, NULL, NULL, NULL, NULL, NULL, NULL, NULL, NULL, NULL, NULL, NULL, NULL, NULL, NULL, NULL, NULL, NULL, NULL, NULL, NULL, NULL, NULL, NULL, NULL, 1, NULL, '2017-06-21 04:16:54', NULL, NULL, NULL, NULL, NULL, 1),
(188, '2015201030023', 'XkYkX7mF', 0, NULL, NULL, NULL, NULL, NULL, NULL, NULL, 'Pushpo Rani Basak', NULL, NULL, NULL, NULL, '1725088388', NULL, NULL, NULL, NULL, NULL, NULL, NULL, NULL, NULL, NULL, NULL, NULL, NULL, NULL, NULL, NULL, NULL, NULL, NULL, NULL, NULL, NULL, NULL, NULL, NULL, NULL, NULL, NULL, NULL, 1, NULL, '2017-06-21 04:16:54', NULL, NULL, NULL, NULL, NULL, 1),
(189, '2015201030024', 'mhzmR93u', 0, NULL, NULL, NULL, NULL, NULL, NULL, NULL, 'Antara Saha', NULL, NULL, NULL, NULL, '1797105032', NULL, NULL, NULL, NULL, NULL, NULL, NULL, NULL, NULL, NULL, NULL, NULL, NULL, NULL, NULL, NULL, NULL, NULL, NULL, NULL, NULL, NULL, NULL, NULL, NULL, NULL, NULL, NULL, NULL, 1, NULL, '2017-06-21 04:16:54', NULL, NULL, NULL, NULL, NULL, 1),
(190, '2015201030025', 'GzMFzTeY', 0, NULL, NULL, NULL, NULL, NULL, NULL, NULL, 'Chinmonyee Sarker', NULL, NULL, NULL, NULL, '1731826277', NULL, NULL, NULL, NULL, NULL, NULL, NULL, NULL, NULL, NULL, NULL, NULL, NULL, NULL, NULL, NULL, NULL, NULL, NULL, NULL, NULL, NULL, NULL, NULL, NULL, NULL, NULL, NULL, NULL, 1, NULL, '2017-06-21 04:16:54', NULL, NULL, NULL, NULL, NULL, 1),
(191, '2014101030001', 'HXmZP5EQ', 0, NULL, NULL, NULL, NULL, NULL, NULL, NULL, 'Md. Shariful Islam', NULL, NULL, NULL, NULL, '1557359494', NULL, NULL, NULL, NULL, NULL, NULL, NULL, NULL, NULL, NULL, NULL, NULL, NULL, NULL, NULL, NULL, NULL, NULL, NULL, NULL, NULL, NULL, NULL, NULL, NULL, NULL, NULL, NULL, NULL, 1, NULL, '2017-06-21 04:16:54', NULL, NULL, NULL, NULL, NULL, 1),
(192, '2014101030002', '8a35nv3R', 0, NULL, NULL, NULL, NULL, NULL, NULL, NULL, 'Md. Mehedi Hasan', NULL, NULL, NULL, NULL, '1822423967', NULL, NULL, NULL, NULL, NULL, NULL, NULL, NULL, NULL, NULL, NULL, NULL, NULL, NULL, NULL, NULL, NULL, NULL, NULL, NULL, NULL, NULL, NULL, NULL, NULL, NULL, NULL, NULL, NULL, 1, NULL, '2017-06-21 04:16:55', NULL, NULL, NULL, NULL, NULL, 1),
(193, '2014101030003', 'LXCI0SdM', 0, NULL, NULL, NULL, NULL, NULL, NULL, NULL, 'Md. Ashikul Hossain', NULL, NULL, NULL, NULL, '1736071211', NULL, NULL, NULL, NULL, NULL, NULL, NULL, NULL, NULL, NULL, NULL, NULL, NULL, NULL, NULL, NULL, NULL, NULL, NULL, NULL, NULL, NULL, NULL, NULL, NULL, NULL, NULL, NULL, NULL, 1, NULL, '2017-06-21 04:16:55', NULL, NULL, NULL, NULL, NULL, 1),
(194, '2014101030004', 'j5OCqXRl', 0, NULL, NULL, NULL, NULL, NULL, NULL, NULL, 'Md. khokon Mia', NULL, NULL, NULL, NULL, '1683076388', NULL, NULL, NULL, NULL, NULL, NULL, NULL, NULL, NULL, NULL, NULL, NULL, NULL, NULL, NULL, NULL, NULL, NULL, NULL, NULL, NULL, NULL, NULL, NULL, NULL, NULL, NULL, NULL, NULL, 1, NULL, '2017-06-21 04:16:55', NULL, NULL, NULL, NULL, NULL, 1),
(195, '2014101030005', 'xjmxovKi', 0, NULL, NULL, NULL, NULL, NULL, NULL, NULL, 'Md. Motaleb Hossain', NULL, NULL, NULL, NULL, '1785332666', NULL, NULL, NULL, NULL, NULL, NULL, NULL, NULL, NULL, NULL, NULL, NULL, NULL, NULL, NULL, NULL, NULL, NULL, NULL, NULL, NULL, NULL, NULL, NULL, NULL, NULL, NULL, NULL, NULL, 1, NULL, '2017-06-21 04:16:55', NULL, NULL, NULL, NULL, NULL, 1),
(196, '2014201030001', 'cn1eGgDp', 0, NULL, NULL, NULL, NULL, NULL, NULL, NULL, 'Afifa Akter', NULL, NULL, NULL, NULL, '1195398309', NULL, NULL, NULL, NULL, NULL, NULL, NULL, NULL, NULL, NULL, NULL, NULL, NULL, NULL, NULL, NULL, NULL, NULL, NULL, NULL, NULL, NULL, NULL, NULL, NULL, NULL, NULL, NULL, NULL, 1, NULL, '2017-06-21 04:16:55', NULL, NULL, NULL, NULL, NULL, 1),
(197, '2014201030002', '20yr1Yfq', 0, NULL, NULL, NULL, NULL, NULL, NULL, NULL, 'Md. Iquebal Hossain', NULL, NULL, NULL, NULL, '1927041467', NULL, NULL, NULL, NULL, NULL, NULL, NULL, NULL, NULL, NULL, NULL, NULL, NULL, NULL, NULL, NULL, NULL, NULL, NULL, NULL, NULL, NULL, NULL, NULL, NULL, NULL, NULL, NULL, NULL, 1, NULL, '2017-06-21 04:16:55', NULL, NULL, NULL, NULL, NULL, 1),
(198, '2014201030003', 'OZHW9on5', 0, NULL, NULL, NULL, NULL, NULL, NULL, NULL, 'Md. Shamim Hassan', NULL, NULL, NULL, NULL, '1780615840', NULL, NULL, NULL, NULL, NULL, NULL, NULL, NULL, NULL, NULL, NULL, NULL, NULL, NULL, NULL, NULL, NULL, NULL, NULL, NULL, NULL, NULL, NULL, NULL, NULL, NULL, NULL, NULL, NULL, 1, NULL, '2017-06-21 04:16:55', NULL, NULL, NULL, NULL, NULL, 1),
(199, '2014201030004', 'g3dsQhJ8', 0, NULL, NULL, NULL, NULL, NULL, NULL, NULL, 'Rina khatun', NULL, NULL, NULL, NULL, '1751018184', NULL, NULL, NULL, NULL, NULL, NULL, NULL, NULL, NULL, NULL, NULL, NULL, NULL, NULL, NULL, NULL, NULL, NULL, NULL, NULL, NULL, NULL, NULL, NULL, NULL, NULL, NULL, NULL, NULL, 1, NULL, '2017-06-21 04:16:55', NULL, NULL, NULL, NULL, NULL, 1),
(200, '2014201030005', '8XRKQn4l', 0, NULL, NULL, NULL, NULL, NULL, NULL, NULL, 'Afia Anjum Nikita', NULL, NULL, NULL, NULL, '1711196146', NULL, NULL, NULL, NULL, NULL, NULL, NULL, NULL, NULL, NULL, NULL, NULL, NULL, NULL, NULL, NULL, NULL, NULL, NULL, NULL, NULL, NULL, NULL, NULL, NULL, NULL, NULL, NULL, NULL, 1, NULL, '2017-06-21 04:16:55', NULL, NULL, NULL, NULL, NULL, 1),
(201, '2014201030006', 'crmyUras', 0, NULL, NULL, NULL, NULL, NULL, NULL, NULL, 'Md. Sharif Uddin', NULL, NULL, NULL, NULL, '1760521056', NULL, NULL, NULL, NULL, NULL, NULL, NULL, NULL, NULL, NULL, NULL, NULL, NULL, NULL, NULL, NULL, NULL, NULL, NULL, NULL, NULL, NULL, NULL, NULL, NULL, NULL, NULL, NULL, NULL, 1, NULL, '2017-06-21 04:16:55', NULL, NULL, NULL, NULL, NULL, 1),
(202, '2014201030007', 'bgtDLdKc', 0, NULL, NULL, NULL, NULL, NULL, NULL, NULL, 'Md. Golam Rabby', NULL, NULL, NULL, NULL, '1917682088', NULL, NULL, NULL, NULL, NULL, NULL, NULL, NULL, NULL, NULL, NULL, NULL, NULL, NULL, NULL, NULL, NULL, NULL, NULL, NULL, NULL, NULL, NULL, NULL, NULL, NULL, NULL, NULL, NULL, 1, NULL, '2017-06-21 04:16:55', NULL, NULL, NULL, NULL, NULL, 1),
(203, '2014201030008', 'RaXKbrzm', 0, NULL, NULL, NULL, NULL, NULL, NULL, NULL, 'Md. Imran Sharif', NULL, NULL, NULL, NULL, '1761513636', NULL, NULL, NULL, NULL, NULL, NULL, NULL, NULL, NULL, NULL, NULL, NULL, NULL, NULL, NULL, NULL, NULL, NULL, NULL, NULL, NULL, NULL, NULL, NULL, NULL, NULL, NULL, NULL, NULL, 1, NULL, '2017-06-21 04:16:55', NULL, NULL, NULL, NULL, NULL, 1),
(204, '2014201030009', 'XUzCTToE', 0, NULL, NULL, NULL, NULL, NULL, NULL, NULL, 'Mst. Monoara Khatun', NULL, NULL, NULL, NULL, '1714572258', NULL, NULL, NULL, NULL, NULL, NULL, NULL, NULL, NULL, NULL, NULL, NULL, NULL, NULL, NULL, NULL, NULL, NULL, NULL, NULL, NULL, NULL, NULL, NULL, NULL, NULL, NULL, NULL, NULL, 1, NULL, '2017-06-21 04:16:55', NULL, NULL, NULL, NULL, NULL, 1),
(205, '2014201030010', 'ee22FiXQ', 0, NULL, NULL, NULL, NULL, NULL, NULL, NULL, 'Al Mukhtara Nahin', NULL, NULL, NULL, NULL, '1818231060', NULL, NULL, NULL, NULL, NULL, NULL, NULL, NULL, NULL, NULL, NULL, NULL, NULL, NULL, NULL, NULL, NULL, NULL, NULL, NULL, NULL, NULL, NULL, NULL, NULL, NULL, NULL, NULL, NULL, 1, NULL, '2017-06-21 04:16:55', NULL, NULL, NULL, NULL, NULL, 1),
(206, '2013101030001', 'rT7Ifp0H', 0, NULL, NULL, NULL, NULL, NULL, NULL, NULL, 'Famin Ahmed', NULL, NULL, NULL, NULL, '1681163278', NULL, NULL, NULL, NULL, NULL, NULL, NULL, NULL, NULL, NULL, NULL, NULL, NULL, NULL, NULL, NULL, NULL, NULL, NULL, NULL, NULL, NULL, NULL, NULL, NULL, NULL, NULL, NULL, NULL, 1, NULL, '2017-06-21 04:16:55', NULL, NULL, NULL, NULL, NULL, 1),
(207, '2013101030002', 'kEzpnYiW', 0, NULL, NULL, NULL, NULL, NULL, NULL, NULL, 'Mohammad Ali', NULL, NULL, NULL, NULL, '1715474626', NULL, NULL, NULL, NULL, NULL, NULL, NULL, NULL, NULL, NULL, NULL, NULL, NULL, NULL, NULL, NULL, NULL, NULL, NULL, NULL, NULL, NULL, NULL, NULL, NULL, NULL, NULL, NULL, NULL, 1, NULL, '2017-06-21 04:16:55', NULL, NULL, NULL, NULL, NULL, 1),
(208, '2013101030003', 'De9TOLAl', 0, NULL, NULL, NULL, NULL, NULL, NULL, NULL, 'Md. Masud Rana', NULL, NULL, NULL, NULL, '1750793079', NULL, NULL, NULL, NULL, NULL, NULL, NULL, NULL, NULL, NULL, NULL, NULL, NULL, NULL, NULL, NULL, NULL, NULL, NULL, NULL, NULL, NULL, NULL, NULL, NULL, NULL, NULL, NULL, NULL, 1, NULL, '2017-06-21 04:16:55', NULL, NULL, NULL, NULL, NULL, 1),
(209, '2013101030004', '8pATjvCD', 0, NULL, NULL, NULL, NULL, NULL, NULL, NULL, 'Naznin Aktar', NULL, NULL, NULL, NULL, '1911587783', NULL, NULL, NULL, NULL, NULL, NULL, NULL, NULL, NULL, NULL, NULL, NULL, NULL, NULL, NULL, NULL, NULL, NULL, NULL, NULL, NULL, NULL, NULL, NULL, NULL, NULL, NULL, NULL, NULL, 1, NULL, '2017-06-21 04:16:55', NULL, NULL, NULL, NULL, NULL, 1),
(210, '2013101030005', 'yVE9BY8z', 0, NULL, NULL, NULL, NULL, NULL, NULL, NULL, 'Md. Mehedi Hasan', NULL, NULL, NULL, NULL, '1727358893', NULL, NULL, NULL, NULL, NULL, NULL, NULL, NULL, NULL, NULL, NULL, NULL, NULL, NULL, NULL, NULL, NULL, NULL, NULL, NULL, NULL, NULL, NULL, NULL, NULL, NULL, NULL, NULL, NULL, 1, NULL, '2017-06-21 04:16:55', NULL, NULL, NULL, NULL, NULL, 1),
(211, '2013101030006', 'Fv4ssTUU', 0, NULL, NULL, NULL, NULL, NULL, NULL, NULL, 'Mukta Akter Dipa', NULL, NULL, NULL, NULL, '1718628005', NULL, NULL, NULL, NULL, NULL, NULL, NULL, NULL, NULL, NULL, NULL, NULL, NULL, NULL, NULL, NULL, NULL, NULL, NULL, NULL, NULL, NULL, NULL, NULL, NULL, NULL, NULL, NULL, NULL, 1, NULL, '2017-06-21 04:16:55', NULL, NULL, NULL, NULL, NULL, 1),
(212, '2013101030007', 'cWBwC1Eo', 0, NULL, NULL, NULL, NULL, NULL, NULL, NULL, 'Md. Abul kalam Azad', NULL, NULL, NULL, NULL, '1731665352', NULL, NULL, NULL, NULL, NULL, NULL, NULL, NULL, NULL, NULL, NULL, NULL, NULL, NULL, NULL, NULL, NULL, NULL, NULL, NULL, NULL, NULL, NULL, NULL, NULL, NULL, NULL, NULL, NULL, 1, NULL, '2017-06-21 04:16:55', NULL, NULL, NULL, NULL, NULL, 1),
(213, '2013101030008', 'UX17P69M', 0, NULL, NULL, NULL, NULL, NULL, NULL, NULL, 'Md. Rajibul Bashar', NULL, NULL, NULL, NULL, '1911169446', NULL, NULL, NULL, NULL, NULL, NULL, NULL, NULL, NULL, NULL, NULL, NULL, NULL, NULL, NULL, NULL, NULL, NULL, NULL, NULL, NULL, NULL, NULL, NULL, NULL, NULL, NULL, NULL, NULL, 1, NULL, '2017-06-21 04:16:55', NULL, NULL, NULL, NULL, NULL, 1),
(214, '2013101030009', 'yj2YQU9O', 0, NULL, NULL, NULL, NULL, NULL, NULL, NULL, 'Sudita Gain', NULL, NULL, NULL, NULL, '1914401995', NULL, NULL, NULL, NULL, NULL, NULL, NULL, NULL, NULL, NULL, NULL, NULL, NULL, NULL, NULL, NULL, NULL, NULL, NULL, NULL, NULL, NULL, NULL, NULL, NULL, NULL, NULL, NULL, NULL, 1, NULL, '2017-06-21 04:16:55', NULL, NULL, NULL, NULL, NULL, 1),
(215, '2013101030010', 'SKrSpanf', 0, NULL, NULL, NULL, NULL, NULL, NULL, NULL, 'Md. Azadul Islam Shsikh', NULL, NULL, NULL, NULL, '1781264045', NULL, NULL, NULL, NULL, NULL, NULL, NULL, NULL, NULL, NULL, NULL, NULL, NULL, NULL, NULL, NULL, NULL, NULL, NULL, NULL, NULL, NULL, NULL, NULL, NULL, NULL, NULL, NULL, NULL, 1, NULL, '2017-06-21 04:16:55', NULL, NULL, NULL, NULL, NULL, 1),
(216, '2013101030011', 'D1WxhEBP', 0, NULL, NULL, NULL, NULL, NULL, NULL, NULL, 'Khadija khatun Punna', NULL, NULL, NULL, NULL, '1718943211', NULL, NULL, NULL, NULL, NULL, NULL, NULL, NULL, NULL, NULL, NULL, NULL, NULL, NULL, NULL, NULL, NULL, NULL, NULL, NULL, NULL, NULL, NULL, NULL, NULL, NULL, NULL, NULL, NULL, 1, NULL, '2017-06-21 04:16:55', NULL, NULL, NULL, NULL, NULL, 1),
(217, '2015105010001', 'zSkId5zj', 0, NULL, NULL, NULL, NULL, NULL, NULL, NULL, 'Sheikh Ashek -e-Khoda', NULL, NULL, NULL, NULL, '1730714811', NULL, NULL, NULL, NULL, NULL, NULL, NULL, NULL, NULL, NULL, NULL, NULL, NULL, NULL, NULL, NULL, NULL, NULL, NULL, NULL, NULL, NULL, NULL, NULL, NULL, NULL, NULL, NULL, NULL, 1, NULL, '2017-06-21 04:16:55', NULL, NULL, NULL, NULL, NULL, 1),
(218, '2015205010001', 'q5jbWe1r', 0, NULL, NULL, NULL, NULL, NULL, NULL, NULL, 'S.M Arifuzzaman', NULL, NULL, NULL, NULL, '1682439954', NULL, NULL, NULL, NULL, NULL, NULL, NULL, NULL, NULL, NULL, NULL, NULL, NULL, NULL, NULL, NULL, NULL, NULL, NULL, NULL, NULL, NULL, NULL, NULL, NULL, NULL, NULL, NULL, NULL, 1, NULL, '2017-06-21 04:16:55', NULL, NULL, NULL, NULL, NULL, 1),
(219, '2015205010002', 'YmGFePJX', 0, NULL, NULL, NULL, NULL, NULL, NULL, NULL, 'Md. Ashif Ikbal Himel', NULL, NULL, NULL, NULL, '1819846259', NULL, NULL, NULL, NULL, NULL, NULL, NULL, NULL, NULL, NULL, NULL, NULL, NULL, NULL, NULL, NULL, NULL, NULL, NULL, NULL, NULL, NULL, NULL, NULL, NULL, NULL, NULL, NULL, NULL, 1, NULL, '2017-06-21 04:16:55', NULL, NULL, NULL, NULL, NULL, 1),
(220, '2015205010003', 'Wt9VPEqD', 0, NULL, NULL, NULL, NULL, NULL, NULL, NULL, 'Md. Farid Uddin Ahmed', NULL, NULL, NULL, NULL, '1714231158', NULL, NULL, NULL, NULL, NULL, NULL, NULL, NULL, NULL, NULL, NULL, NULL, NULL, NULL, NULL, NULL, NULL, NULL, NULL, NULL, NULL, NULL, NULL, NULL, NULL, NULL, NULL, NULL, NULL, 1, NULL, '2017-06-21 04:16:55', NULL, NULL, NULL, NULL, NULL, 1),
(221, '2015205010004', '6bvHtqRd', 0, NULL, NULL, NULL, NULL, NULL, NULL, NULL, 'Sree Sanjib Kumer Shaha', NULL, NULL, NULL, NULL, '1775128117', NULL, NULL, NULL, NULL, NULL, NULL, NULL, NULL, NULL, NULL, NULL, NULL, NULL, NULL, NULL, NULL, NULL, NULL, NULL, NULL, NULL, NULL, NULL, NULL, NULL, NULL, NULL, NULL, NULL, 1, NULL, '2017-06-21 04:16:55', NULL, NULL, NULL, NULL, NULL, 1),
(222, '2015205010005', 'besKVUMq', 0, NULL, NULL, NULL, NULL, NULL, NULL, NULL, 'Md. Abul Bashar', NULL, NULL, NULL, NULL, '1743978469', NULL, NULL, NULL, NULL, NULL, NULL, NULL, NULL, NULL, NULL, NULL, NULL, NULL, NULL, NULL, NULL, NULL, NULL, NULL, NULL, NULL, NULL, NULL, NULL, NULL, NULL, NULL, NULL, NULL, 1, NULL, '2017-06-21 04:16:55', NULL, NULL, NULL, NULL, NULL, 1),
(223, '2015205010006', 'WlNPWRX3', 0, NULL, NULL, NULL, NULL, NULL, NULL, NULL, 'Mahbub Sazzad', NULL, NULL, NULL, NULL, '1774054161', NULL, NULL, NULL, NULL, NULL, NULL, NULL, NULL, NULL, NULL, NULL, NULL, NULL, NULL, NULL, NULL, NULL, NULL, NULL, NULL, NULL, NULL, NULL, NULL, NULL, NULL, NULL, NULL, NULL, 1, NULL, '2017-06-21 04:16:55', NULL, NULL, NULL, NULL, NULL, 1),
(224, '2014105010001', '8jeGf17O', 0, NULL, NULL, NULL, NULL, NULL, NULL, NULL, 'Md.Yusf Ali', NULL, NULL, NULL, NULL, '1827150710', NULL, NULL, NULL, NULL, NULL, NULL, NULL, NULL, NULL, NULL, NULL, NULL, NULL, NULL, NULL, NULL, NULL, NULL, NULL, NULL, NULL, NULL, NULL, NULL, NULL, NULL, NULL, NULL, NULL, 1, NULL, '2017-06-21 04:16:55', NULL, NULL, NULL, NULL, NULL, 1),
(225, '2014105010002', 'vRy3C91u', 0, NULL, NULL, NULL, NULL, NULL, NULL, NULL, 'Md.Ariful Haque hriday', NULL, NULL, NULL, NULL, '1951115634', NULL, NULL, NULL, NULL, NULL, NULL, NULL, NULL, NULL, NULL, NULL, NULL, NULL, NULL, NULL, NULL, NULL, NULL, NULL, NULL, NULL, NULL, NULL, NULL, NULL, NULL, NULL, NULL, NULL, 1, NULL, '2017-06-21 04:16:55', NULL, NULL, NULL, NULL, NULL, 1),
(226, '2014105010003', 'OKuHNZpN', 0, NULL, NULL, NULL, NULL, NULL, NULL, NULL, 'Md.Masud Rana', NULL, NULL, NULL, NULL, '1789036263', NULL, NULL, NULL, NULL, NULL, NULL, NULL, NULL, NULL, NULL, NULL, NULL, NULL, NULL, NULL, NULL, NULL, NULL, NULL, NULL, NULL, NULL, NULL, NULL, NULL, NULL, NULL, NULL, NULL, 1, NULL, '2017-06-21 04:16:55', NULL, NULL, NULL, NULL, NULL, 1),
(227, '2014105010004', 'MIMnwh3v', 0, NULL, NULL, NULL, NULL, NULL, NULL, NULL, 'Ali Hasan', NULL, NULL, NULL, NULL, '1836909611', NULL, NULL, NULL, NULL, NULL, NULL, NULL, NULL, NULL, NULL, NULL, NULL, NULL, NULL, NULL, NULL, NULL, NULL, NULL, NULL, NULL, NULL, NULL, NULL, NULL, NULL, NULL, NULL, NULL, 1, NULL, '2017-06-21 04:16:55', NULL, NULL, NULL, NULL, NULL, 1),
(228, '2014105010005', 'cwcOyMGn', 0, NULL, NULL, NULL, NULL, NULL, NULL, NULL, 'S.Mmehedi Hasan', NULL, NULL, NULL, NULL, '1756742008', NULL, NULL, NULL, NULL, NULL, NULL, NULL, NULL, NULL, NULL, NULL, NULL, NULL, NULL, NULL, NULL, NULL, NULL, NULL, NULL, NULL, NULL, NULL, NULL, NULL, NULL, NULL, NULL, NULL, 1, NULL, '2017-06-21 04:16:55', NULL, NULL, NULL, NULL, NULL, 1),
(229, '2014105010006', 'MUuMDf38', 0, NULL, NULL, NULL, NULL, NULL, NULL, NULL, 'Md.Shariful Islam', NULL, NULL, NULL, NULL, '1715652734', NULL, NULL, NULL, NULL, NULL, NULL, NULL, NULL, NULL, NULL, NULL, NULL, NULL, NULL, NULL, NULL, NULL, NULL, NULL, NULL, NULL, NULL, NULL, NULL, NULL, NULL, NULL, NULL, NULL, 1, NULL, '2017-06-21 04:16:55', NULL, NULL, NULL, NULL, NULL, 1),
(230, '2014105010007', 'jDn1wqVx', 0, NULL, NULL, NULL, NULL, NULL, NULL, NULL, 'Md.Salim Hasan', NULL, NULL, NULL, NULL, '1753297258', NULL, NULL, NULL, NULL, NULL, NULL, NULL, NULL, NULL, NULL, NULL, NULL, NULL, NULL, NULL, NULL, NULL, NULL, NULL, NULL, NULL, NULL, NULL, NULL, NULL, NULL, NULL, NULL, NULL, 1, NULL, '2017-06-21 04:16:55', NULL, NULL, NULL, NULL, NULL, 1),
(231, '2014205010001', 'vrEiY32l', 0, NULL, NULL, NULL, NULL, NULL, NULL, NULL, 'Monlasir Ahamned', NULL, NULL, NULL, NULL, '1717954230', NULL, NULL, NULL, NULL, NULL, NULL, NULL, NULL, NULL, NULL, NULL, NULL, NULL, NULL, NULL, NULL, NULL, NULL, NULL, NULL, NULL, NULL, NULL, NULL, NULL, NULL, NULL, NULL, NULL, 1, NULL, '2017-06-21 04:16:55', NULL, NULL, NULL, NULL, NULL, 1),
(232, '2013105010001', '862kIU8j', 0, NULL, NULL, NULL, NULL, NULL, NULL, NULL, 'Md.Nazmul Hossain', NULL, NULL, NULL, NULL, '1728518640', NULL, NULL, NULL, NULL, NULL, NULL, NULL, NULL, NULL, NULL, NULL, NULL, NULL, NULL, NULL, NULL, NULL, NULL, NULL, NULL, NULL, NULL, NULL, NULL, NULL, NULL, NULL, NULL, NULL, 1, NULL, '2017-06-21 04:16:55', NULL, NULL, NULL, NULL, NULL, 1),
(234, '2016102010001', '123456', 1, 7, 3, 2, 10, 9, 2, 1, 'Babul', 'বাবুল', '2016102010001.png', 'sign05.png', 'M', '01718054854', '15', 1234567891234, 'baul@gmail.com', 'My Father', 'My Mother', 11, '2017-06-13 00:00:00', 'Dhaka', '', '152.40', '101', '5', NULL, '75', '165.35', '1', NULL, '100000', 'NO', '', 'NO', '', 'NO', 'NO', 'NO', '', 'NO', '', NULL, 1, NULL, '2017-06-21 08:57:00', NULL, NULL, 'NO', '', '', 0),
(235, '2016105030001', '123456', 1, 7, 3, 5, 3, 3, 2, 2, 'Tanisha', 'তানিশা', '2016105030001.png', '', 'M', '01722085398', '15', 0, 'tanisha@atilimited.net', 'demo', 'dem0', 11, '2017-07-01 00:00:00', 'Dhaka', '', '', '', '', NULL, '', '', '1', NULL, '', 'NO', '', 'NO', '', 'NO', '', 'NO', '', 'NO', '', NULL, 1, NULL, '2017-07-01 10:20:06', NULL, NULL, 'NO', '', '', 0),
(236, '2016105030002', '123456', 1, 7, 3, 5, 3, 3, 2, 2, 'Rahim', 'রাহিম', '2016105030002.png', 'SIGNATURE_160150303008.png', 'M', '01548545215', '15', 0, 'rahim1@gmail.com', 'My Father', 'My Mother', 12, '2017-06-22 00:00:00', 'Dhaka', '', '', '', '', NULL, '', '', '1', NULL, '', 'NO', '', 'NO', '', 'NO', '', 'NO', '', 'NO', '', NULL, 1, NULL, '2017-07-02 03:42:58', NULL, NULL, 'NO', '', '', 0),
(238, '2016105030003', '123456', 1, 7, 3, 5, 3, 3, 2, 1, 'Abid', 'আবিদ', '2016105030003.png', NULL, 'M', '01145412548', '15', 0, 'abid@gmail.com', 'My Father', 'My Mother', 11, '2017-06-28 00:00:00', 'Dhaka', '', '', '', '', NULL, '', '', '1', NULL, '', 'NO', '', 'NO', '', 'NO', '', 'NO', '', 'NO', '', NULL, 1, NULL, '2017-07-02 06:04:04', NULL, NULL, 'NO', '', '', 0),
(240, '2016105030004', '123456', 1, 7, 3, 5, 3, 3, 2, 2, 'Sourov Hasan', 'সৌরভ হাসান', '2016105030004.png', 'signature_160150303011.JPG', 'M', '01755889945', '15', 1254789632589, 'sourov@atilimited.net', 'FATHER NAME ', 'MOTHER NAME', 11, '1983-07-19 00:00:00', 'Natore', '1254789632589', '', '14', '', NULL, '', '', '1', NULL, '3000000', 'NO', '', 'NO', '', 'NO', '', 'NO', '', 'NO', '', NULL, 1, NULL, '2017-07-02 11:05:12', NULL, NULL, 'NO', '', '', 0),
(241, '2016105030005', '123456', 1, 7, 3, 5, 3, 3, 2, 2, 'Md. Mehedi Hasan', 'মো: মেহেদী হাসান', '2016105030005.png', 'signature_160150303012.jpg', 'M', '01822184508', '15', 2693624618815, 'hasan01914889472@gmail.com', 'Late Sherajul Islam', 'Rehena Akter', 11, '1987-10-25 00:00:00', 'Dhaka', '1245967464586', '170.69', '104', '5.6', NULL, '74', '163.14', '1', NULL, '500000', 'YES', 'Talentfull Scholarsh', 'NO', '', 'YES', 'by murder a girl', 'YES', 'Judge Court, Dhaka', 'YES', '0167896236', NULL, 1, NULL, '2017-07-03 04:15:17', NULL, NULL, 'YES', '1st', '2015', 0),
(242, '2016105030006', '123456', 1, 7, 3, 5, 3, 3, 2, 2, 'Md. Rakib Mostofa', 'রাকিব', '2016105030006.png', 'signature_160150303010.jpg', 'M', '01722058696', '15', 9632587412589, 'rakibr@gmail.com', 'FATHER NAME ', 'MOTHER NAME', 11, '1980-07-29 00:00:00', 'Natore', '9632587412589', '', '14', '', NULL, '', '', '1', NULL, '', 'NO', '', 'NO', '', 'NO', '', 'NO', '', 'NO', '', NULL, 1, NULL, '2017-07-03 04:37:13', NULL, NULL, 'NO', '', '', 0),
(243, '2016105020001', '123456', 1, 7, 3, 5, 2, 2, 2, 1, 'Sakira', 'সাকিরা', '2016105020001.png', 'signature_160150202001', 'F', '01682102606', '15', 12345678915348796, 'akhi@atilimited.net', 'Hasan', 'Hasina Begum', 11, '2017-07-04 00:00:00', 'Dhaka', '', '152.40', '14', '5', NULL, '50', '110.23', '1', NULL, '', 'NO', '', 'NO', '', 'NO', '', 'NO', '', 'NO', '', NULL, 1, NULL, '2017-07-03 04:50:12', NULL, NULL, 'NO', '', '', 0),
(244, '2016105030007', '123456', 1, 7, 3, 5, 3, 3, 2, 1, 'Anika Tabassum', 'আনিকা তাবাসসুম ', 'photo_2016105030007', 'signature_2016105030007', 'M', '01722589632', '15', 19902583645000001, 'anika@yahoo.com', 'Md. Harunur Rashid', 'Masuma Khanam', 11, '1990-01-01 00:00:00', 'Dhaka', '1990Dhaka', '176.78', '104', '5.8', NULL, '75', '165.35', '1', NULL, '500000', 'NO', '', 'NO', '', 'NO', '', 'NO', '', 'NO', '', NULL, 1, NULL, '2017-07-03 05:53:05', NULL, NULL, 'NO', '', '', 0),
(245, '2016105020002', '123456', 1, 7, 3, 5, 2, 2, 2, 2, 'Anika tabassum', 'লিয়া ইসলাম', 'photo_2016105020002', 'signature_2016105020002.png', 'F', '01682102606', '9', 1234567891254, 'akhi11203003@gmail.com', 'Rafig', 'santi Begum', 11, '2017-07-03 00:00:00', 'Dhaka', '', '167.64', '191', '5.5', NULL, '70', '154.32', '1', NULL, '1500000', 'NO', '', 'NO', '', 'NO', '', 'NO', '', 'NO', '', NULL, 1, NULL, '2017-07-03 07:08:01', NULL, NULL, 'NO', '', '', 0),
(246, '2016105030008', '123456', 1, 7, 3, 5, 3, 3, 2, 2, 'Jamal', 'জামাল', '2016105030008.png', 'sign03.png', 'M', '01715485425', '15', 0, 'jamal@gmail.com', 'My Father', 'My Mother', 12, '2017-06-08 00:00:00', 'Dhaka', '', '', '101', '', NULL, '', '', '1', NULL, '', 'NO', '', 'NO', '', 'NO', '', 'NO', '', 'NO', '', NULL, 1, NULL, '2017-07-04 08:48:03', NULL, NULL, 'NO', '', '', 0),
(247, '2016105030009', '123456', 1, 7, 3, 5, 3, 3, 2, 1, 'Hussain Md Ershad', 'এরশাদ', 'photo_2016105030009.png', 'signature_2016105030009.png', 'M', '01454854125', '', 0, 'abhi.m.abhijit@gmail.com', 'Father Name', 'Mother Name', 0, '2017-07-18 00:00:00', 'Dhaka', '12345645687854456', '213.36', '14', '7', NULL, '95', '209.44', '', NULL, '750000', 'NO', '', 'NO', '', 'NO', '', 'NO', '', 'NO', '', NULL, 1, NULL, '2017-07-05 08:23:31', NULL, NULL, 'NO', '', '', 0),
(248, '2016105030010', '123456', 1, 7, 3, 5, 3, 3, 2, 1, 'Reazul', 'রিয়াজুল', 'photo_2016105030010.jpg', 'signature_2016105030010.png', 'M', '01718475412', '4', 12345678945612345, 'reazul@atilimited.net', 'My Father', 'My Mother', 11, '2017-07-05 00:00:00', 'Dhaka', '12345678945612345', '170.69', '144', '5.6', NULL, '65', '143.30', '1', NULL, '75000000', 'NO', '', 'NO', '', 'NO', '', 'NO', '', 'NO', '', NULL, 1, NULL, '2017-07-10 08:36:05', NULL, NULL, 'NO', '', '', 0),
(249, '2016105020003', '123456', 1, 7, 3, 5, 2, 2, 2, 1, 'Manik', 'মানিক মিয়া', 'photo_2016105020003.jpg', 'signature_2016105020003.jpg', 'M', '01918934587', '15', 1234567894561, 'reazulislam0191@gmail.com', 'Hamid', 'sultana', 11, '2017-07-17 00:00:00', 'barisal', '', '170.69', '144', '5.6', NULL, '65', '143.30', '1', NULL, '100000', 'NO', '', 'NO', '', 'NO', '', 'NO', '', 'NO', '', NULL, 1, NULL, '2017-07-11 05:09:33', NULL, NULL, 'NO', '', '', 0),
(250, '2016105020004', '123456', 1, 7, 3, 5, 2, 2, 2, 1, 'Sumi Rahman', 'sumi', 'photo_2016105020004.jpg', 'signature_2016105020004.png', 'F', '01682102635', '15', 66666666666666121, 'sammi@atilimited.net', 'father name', 'm', 11, '1982-07-06 00:00:00', 'Dhaka', '5959595555959595', '', '14', '', NULL, '', '', '2', NULL, '22', 'NO', '', 'NO', '', 'NO', '', 'NO', '', 'NO', '', NULL, 1, NULL, '2017-07-11 05:30:01', NULL, NULL, 'NO', '', '', 0),
(251, '2016105020005', '123456', 1, 7, 3, 5, 2, 2, 2, 1, 'Aminul Islam', 'মোঃ রাকিব মস্তফা', 'photo_2016105020005.jpg', 'signature_2016105020005.jpg', 'M', '01722085398', '15', 0, 'aminul@atilimited.net', 'FATHER NAME ', 'MOTHER NAME', 11, '1984-07-24 00:00:00', 'Natore', '', '', '102', '', NULL, '', '', '2', NULL, '100000', 'NO', '', 'NO', '', 'NO', '', 'NO', '', 'NO', '', NULL, 1, NULL, '2017-07-11 05:32:28', NULL, NULL, 'NO', '', '', 0),
(252, '2016105020006', '123456', 1, 7, 3, 5, 2, 2, 2, 1, 'akhi', 'আঁখি', 'photo_2016105020006.jpg', 'signature_2016105020006.jpg', 'M', '01756808955', '15', 1478523698521, 'atik@atilimited.net', 'FATHER NAME ', 'MOTHER NAME', 11, '1981-07-01 00:00:00', 'Natore', '2222222222222', '152.40', '14', '5', NULL, '98', '216.05', '1', NULL, '3000000', 'YES', 'Class five ', 'YES', 'From UITS', 'YES', 'Arrested By Bangladesh police', 'YES', 'Were you ever convicted ', 'YES', '2015101010001', NULL, 1, NULL, '2017-07-11 05:32:52', NULL, NULL, 'YES', 'Spring', '2016', 0),
(253, '2016105030010', '123456', 1, 7, 3, 5, 3, 3, 2, 2, 'Jannat Ranu', 'জান্নাত রানু ', 'photo_2016105030010.jpg', 'signature_2016105030010.png', 'F', '01678954263', '15', 19880108540002156, 'nahar.tanisha@yahoo.com', 'Md. Harunur Rashid', 'Moriam Begum', 12, '1988-01-08 00:00:00', 'Rangpur', '54001988', '161.54', '236', '5.3', NULL, '52', '114.64', '1', NULL, '250000', 'NO', '', 'NO', '', 'NO', '', 'NO', '', 'NO', '', NULL, 1, NULL, '2017-07-11 05:37:15', NULL, NULL, 'NO', '', '', 0),
(254, '2016105020007', '123456', 1, 7, 3, 5, 2, 2, 2, 1, 'rana', 'রানা', 'photo_2016105020007.jpg', 'signature_2016105020007.jpg', 'M', '01918934875', '15', 1234567894561, 'reazulislam0191@gmail.com', 'rasel', 'maria', 11, '2017-07-11 00:00:00', 'barisal', '', '170.69', '144', '5.6', NULL, '65', '143.30', '1', NULL, '100000', 'NO', '', 'NO', '', 'NO', '', 'NO', '', 'NO', '', NULL, 1, NULL, '2017-07-11 09:23:22', NULL, NULL, 'NO', '', '', 0),
(255, '2017305020001', '123456', 6, 6, 3, 5, 2, 2, 2, 1, 'Rahim', 'রহিম', 'photo_2017305020001.jpg', 'signature_2017305020001.jpg', 'M', '01789456123', '15', 1234567891234, 'rahimmia@gmail.com', 'Abul Hasan', 'Jorna Akther', 11, '2017-07-12 00:00:00', 'Dhaka', '', '', '101', '5.6', NULL, '60', '', '1', NULL, '500000', 'NO', '', 'NO', '', 'NO', 'NO', 'NO', '', 'NO', '', NULL, 1, NULL, '2017-07-18 05:26:00', NULL, NULL, 'NO', '', '', 0),
(256, '2017305020002', '123456', 6, 6, 3, 5, 2, 2, 2, 1, 'MN', 'নাম', 'photo_2017305020002.jpg', 'signature_2017305020002.jpg', 'M', '01722058698', '15', 1234567891234, 'df@gmail.com', 'Father name', 'Mother Name', 11, '2017-07-25 00:00:00', 'Natore', '1234567891234', '', '14', '', NULL, '', '', '1', NULL, '50000000', 'NO', '', 'NO', '', 'NO', '', 'NO', '', 'NO', '', NULL, 1, NULL, '2017-07-19 10:56:35', NULL, NULL, 'NO', '', '', 0),
(257, '2017305030001', '123456', 6, 6, 3, 5, 3, 3, 2, 1, 'Kaji Mohammd', 'নাম', 'photo_2017305030001.jpg', 'signature_2017305030001.jpg', 'M', '01722085369', '15', 1234567891234, 'rakf@gmail.com', 'Father name', 'Mother Name', 11, '1983-07-05 00:00:00', 'Natore', '1234567891234', '182.88', '14', '6', NULL, '88', '194.01', '1', NULL, '50000000', 'NO', '', 'NO', '', 'NO', '', 'NO', '', 'NO', '', NULL, 1, NULL, '2017-07-19 11:39:22', NULL, NULL, 'NO', '', '', 0),
(258, '2016105030010', '123456', 1, 6, 3, 5, 3, 3, 2, 1, 'Tania', 'তানিয়া', 'photo_2016105030010.jpg', 'signature_2016105030010.png', 'F', '01458479999', '15', 12345678945645678, 'tania@gmail.com', 'Father Name', 'Mother Name', 12, '2017-07-11 00:00:00', 'Dhaka', '12345648789456465', '158.50', '104', '5.2', NULL, '65', '143.30', '63', NULL, '750000', 'NO', '', 'NO', '', 'NO', '', 'NO', '', 'NO', '', NULL, 1, NULL, '2017-07-20 03:45:52', NULL, NULL, 'NO', '', '', 0),
(259, '2016105030010', '123456', 1, 6, 3, 5, 3, 3, 2, 1, 'Maria', 'মারিয়া', 'photo_2016105030010.jpg', 'signature_2016105030010.png', 'M', '01748547854', '15', 0, 'maria@gmail.com', 'My Father', 'My Mother', 12, '2017-06-07 00:00:00', 'Japan', '', '', '', '', NULL, '', '', '63', NULL, '', 'NO', '', 'NO', '', 'NO', '', 'NO', '', 'NO', '', NULL, 1, NULL, '2017-07-20 03:50:55', NULL, NULL, 'NO', '', '', 0),
(260, '2017305020003', '123456', 6, 6, 3, 5, 2, 2, 2, 1, 'Md. Nurulla Haque', 'নাম ', 'photo_2017305020003.jpg', 'signature_2017305020003.jpg', 'M', '01722586932', '15', 1234567891234, 'nurul@atilimited.net', 'Father Name', 'Mother Name', 11, '1990-07-01 00:00:00', 'Bogra', '1234567891234', '152.40', '14', '5', NULL, '55', '121.25', '1', NULL, '75000000', 'NO', '', 'NO', '', 'NO', 'NO', 'NO', '', 'NO', '', NULL, 1, NULL, '2017-07-20 08:18:56', NULL, NULL, 'NO', '', '', 0),
(261, '2016105000001', '123456', 1, 6, 4, 5, 6, 5, 2, 1, 'Rasel', 'রাসেল', 'photo_2016105000001.jpg', 'signature_2016105000001.jpg', 'M', '01918934651', '15', 1234567894561, 'reazulislam651@gmail.com', 'Hamid', 'sultana', 11, '2017-07-12 00:00:00', 'barisal', '', '170.69', '144', '5.6', NULL, '6', '13.23', '1', NULL, '9000000', 'NO', '', 'NO', '', 'NO', '', 'NO', '', 'NO', '', NULL, 1, NULL, '2017-07-20 08:51:45', NULL, NULL, 'NO', '', '', 0);
INSERT INTO `student_personal_info` (`STUDENT_ID`, `REGISTRATION_NO`, `LOGIN_PASSWORD`, `ADM_SESSION_ID`, `SESSION_ID`, `DEGREE_ID`, `FACULTY_ID`, `DEPT_ID`, `PROGRAM_ID`, `BATCH_ID`, `SECTION_ID`, `FULL_NAME_EN`, `FULL_NAME_BN`, `PHOTO`, `SIGNATURE_PHOTO`, `GENDER`, `MOBILE_NO`, `NATIONALITY`, `NATIONAL_ID`, `EMAIL_ADRESS`, `FATHER_NAME`, `MOTHER_NAME`, `MARITAL_STATUS`, `DATH_OF_BIRTH`, `PLACE_OF_BIRTH`, `BIRTH_CERTIFICATE`, `HEIGHT_CM`, `BLOOD_GROUP`, `HEIGHT_FEET`, `HEIGHT_INCHES`, `WEIGHT_KG`, `WEIGHT_LBS`, `RELIGION_ID`, `PASSPORT_NO`, `ANNUAL_INCOME`, `SCHOLARSHIP`, `SCHOLARSHIP_DESC`, `EXPELLED`, `EXPELLED_DESC`, `ARRESTED`, `ARRESTED_DESC`, `CONVICTED`, `CONVICTED_DESC`, `SIBLING_EXIST`, `SBLN_ROLL_NO`, `TERMS_AND_CONDITION`, `ACTIVE_STATUS`, `CREATED_BY`, `CREATE_DATE`, `UPDATED_BY`, `UPDATE_DATE`, `APPLY_BEFORE`, `APPLY_SEMESTER`, `APPLY_YEAR`, `PREVIOUS_STU_FG`) VALUES
(262, '2017305030002', '123456', 6, 6, 3, 5, 3, 3, 2, 1, 'Shihab Hossain', 'শিহাব', 'photo_2017305030002.jpg', 'signature_2017305030002.png', 'M', '01718545421', '15', 191125478521, 'shihab@gmail.com', 'Saiful Islam', 'Amina Begum', 11, '1991-07-10 00:00:00', 'Rangpur', '0154854125625', '149.35', '104', '4.9', NULL, '58', '127.87', '1', NULL, '8500000', 'NO', '', 'NO', '', 'NO', '', 'NO', '', 'NO', '', NULL, 1, NULL, '2017-07-22 07:07:38', NULL, NULL, 'NO', '', '', 0),
(263, '2017305030003', '123456', 6, 6, 3, 5, 3, 3, 2, 1, 'Bablu', 'শিহাব', 'photo_2017305030003.png', 'signature_2017305030003.jpg', 'M', '01748547854', '15', 0, 'bablu@gmail.com', 'My Father', 'My Mother', 12, '2017-07-26 00:00:00', 'Dhaka', '', '', '14', '', NULL, '', '', '63', NULL, '500000', 'NO', '', 'NO', '', 'NO', '', 'NO', '', 'NO', '', NULL, 1, NULL, '2017-07-22 07:29:32', NULL, NULL, 'NO', '', '', 0),
(264, '2017305020004', '123456', 6, 6, 3, 5, 2, 2, 2, 1, 'aziz', 'নাম', 'photo_2017305020004.jpg', 'signature_2017305020004.jpg', 'M', '01722058698', '9', 0, 'aziz@gmail.com', 'Father name', 'Mother Name', 11, '2017-07-17 00:00:00', 'Natore', '', '', '14', '', NULL, '', '', '1', NULL, '50000000', 'NO', '', 'NO', '', 'NO', '', 'NO', '', 'NO', '', NULL, 1, NULL, '2017-07-22 08:11:22', NULL, NULL, 'NO', '', '', 0),
(265, '2017305030004', '123456', 6, 6, 3, 5, 3, 3, 2, 1, 'EEE', 'নাম', 'photo_2017305030004.jpg', 'signature_2017305030004.jpg', 'M', '01722085369', '13', 1234567891234, 'eee@gmail.com', 'Father name', 'Mother Name', 11, '2017-07-11 00:00:00', 'Natore', '', '', '', '', NULL, '', '', '1', NULL, '50000000', 'NO', '', 'NO', '', 'NO', '', 'NO', '', 'NO', '', NULL, 1, NULL, '2017-07-22 08:17:25', NULL, NULL, 'NO', '', '', 0),
(266, '2017305020005', '123456', 6, 6, 3, 5, 2, 2, 2, 1, 'Mahbuba Aktar', 'মাহবুবা আক্তার', 'photo_2017305020005.jpg', 'signature_2017305020005.png', 'M', '01987809655', '15', 12345678978945612, 'usetr@gmail.com', '444444', '4774745454', 12, '1982-07-20 00:00:00', 'Dhaka', '', '152.40', '102', '5', NULL, '50', '110.23', '1', NULL, '1500000', 'NO', '', 'NO', '', 'NO', '', 'NO', '', 'NO', '', NULL, 1, NULL, '2017-07-22 09:01:33', NULL, NULL, 'NO', '', '', 0),
(267, '2017305010001', '123456', 6, 6, 3, 5, 1, 1, 2, 1, 'Md. Rakib Mostofa', 'মোঃ রাকিব মস্তফা', 'photo_2017305010001.jpg', 'signature_2017305010001.png', 'M', '01722085398', '15', 0, 'rakibronicse@gmail.com', 'FATHER NAME ', 'MOTHER NAME', 11, '1995-07-19 00:00:00', 'Natore', '', '', '', '', NULL, '', '', '1', NULL, '500000', 'NO', '', 'NO', '', 'NO', '', 'NO', '', 'NO', '', NULL, 1, NULL, '2017-07-25 11:11:16', NULL, NULL, 'NO', '', '', 0),
(268, '2017305030005', '123456', 6, 6, 3, 5, 3, 3, 2, 1, 'Abul Kalam', 'আবুল', 'photo_2017305030005.jpg', 'signature_2017305030005.png', 'M', '01145412549', '15', 12345678945615555, 'abul@gmail.com', 'Father', 'My Mother', 11, '1988-07-27 00:00:00', 'Dhaka', '12345678974451212', '167.64', '14', '5.5', NULL, '75', '165.35', '1', NULL, '8500000', 'NO', '', 'NO', '', 'NO', '', 'NO', '', 'NO', '', NULL, 1, NULL, '2017-07-25 11:49:45', NULL, NULL, 'NO', '', '', 0),
(269, '2017305010002', '123456', 6, 6, 3, 5, 1, 1, 2, 1, 'Md. Rakib Mostofa', 'রাকিব', 'photo_2017305010002.jpg', 'signature_2017305010002.png', 'M', '01722085398', '15', 1234567891234, 'rakibronicse@gmail.com', 'FATHER NAME ', 'MOTHER NAME', 11, '1989-07-04 00:00:00', 'Natore', '1234567891234', '185.93', '101', '6.1', NULL, '88', '194.01', '1', NULL, '5000000', 'NO', '', 'NO', '', 'NO', '', 'NO', '', 'NO', '', NULL, 1, NULL, '2017-07-26 09:56:42', NULL, NULL, 'NO', '', '', 0),
(270, '2017305020006', '123456', 6, 6, 3, 5, 2, 2, 2, 1, 'Anika Tabassum', 'আনিকা তাবাসসুম', 'photo_2017305020006.jpg', 'signature_2017305020006.jpg', 'F', '01265898889', '15', 1234567891238, 'akhi@atilimited.net', '454545455', '454545445', 11, '1982-07-21 00:00:00', 'Dhaka', '5959595555959595', '152.40', '101', '5', NULL, '55', '121.25', '1', NULL, '1500000', 'NO', '', 'NO', '', 'NO', '', 'NO', '', 'NO', '', NULL, 1, NULL, '2017-07-26 10:56:30', NULL, NULL, 'NO', '', '', 0),
(271, '2017305010003', '123456', 6, 6, 3, 5, 1, 1, 2, 1, 'Md. Atikur Rahman', 'আতিকুর রহমান', 'photo_2017305010003.jpg', 'signature_2017305010003.jpg', 'M', '01722085398', '15', 1234567891234, 'atiqur@atilimited.net', 'FATHER NAME ', 'MOTHER NAME', 11, '1990-07-05 00:00:00', 'Natore', '1234567891234', '185.93', '102', '6.1', NULL, '98', '216.05', '1', NULL, '3000000', 'NO', '', 'NO', '', 'NO', '', 'NO', '', 'NO', '', NULL, 1, NULL, '2017-07-29 10:16:06', NULL, NULL, 'NO', '', '', 0),
(272, '2017305010004', '123456', 6, 6, 3, 5, 1, 1, 2, 1, 'Md. Rakib Mostofa', 'মোঃ রাকিব মস্তফা', 'photo_2017305010004.jpg', 'signature_2017305010004.jpg', 'M', '01722085398', '15', 54644464546466545, 'rakibronicse@gmail.com', 'Father Name', 'Mother Name', 12, '1996-07-24 00:00:00', 'Natore', '54644464546466545', '185.93', '102', '6.1', NULL, '98', '216.05', '1', NULL, '100000', 'NO', '', 'NO', '', 'NO', '', 'NO', '', 'NO', '', NULL, 1, NULL, '2017-07-31 05:46:57', NULL, NULL, 'NO', '', '', 0),
(273, '2017305010005', '123456', 6, 6, 3, 5, 1, 1, 2, 1, 'Nurulla', 'নাম', 'photo_2017305010005.png', 'signature_2017305010005.jpg', 'M', '01722085398', '15', 0, 'nurullah@atilimited.net', 'Father name', 'Mother Name', 11, '1983-08-11 00:00:00', 'Dhaka', '', '', '', '', NULL, '', '', '1', NULL, '5000000', 'NO', '', 'NO', '', 'NO', '', 'NO', '', 'NO', '', NULL, 1, NULL, '2017-08-08 08:40:15', NULL, NULL, 'NO', '', '', 0),
(274, '2017305030006', '123456', 6, 6, 3, 5, 3, 3, 2, 1, 'Masud Rana', 'মাসুদ', 'photo_2017305030006.png', 'signature_2017305030006.png', 'M', '01718475412', '15', 0, 'masud@gmail.com', 'My Father', 'My Mother', 11, '2017-08-16 00:00:00', 'Dhaka', '', '', '14', '', NULL, '', '', '1', NULL, '8500000', 'NO', '', 'NO', '', 'NO', '', 'NO', '', 'NO', '', NULL, 1, NULL, '2017-08-10 09:38:25', NULL, NULL, 'NO', '', '', 0),
(275, '2017305030007', '123456', 6, 6, 3, 5, 3, 3, 2, 1, 'Shakil', 'এরশাদ', 'photo_2017305030007.jpg', 'signature_2017305030007.png', 'M', '01548545215', '15', 0, 'shakil@gmail.com', 'My Father', 'My Mother', 11, '2017-08-10 00:00:00', 'Dhaka', '', '', '101', '', NULL, '', '', '1', NULL, '750000', 'NO', '', 'NO', '', 'NO', '', 'NO', '', 'NO', '', NULL, 1, NULL, '2017-08-12 09:03:51', NULL, NULL, 'NO', '', '', 0),
(276, '2017305010006', '123456', 6, 6, 3, 5, 1, 1, 2, 1, 'Md. Sourav', 'সউরাভ', 'photo_2017305010006.jpg', 'signature_2017305010006.jpg', 'M', '01722085369', '15', 2369587412589, 'sourav@atilimited.net', 'FATHER NAME ', 'MOTHER NAME', 11, '1996-09-01 00:00:00', 'Dhaka', '2369587412589', '152.40', '14', '5', NULL, '66', '145.50', '1', NULL, '100000', 'NO', '', 'NO', '', 'NO', '', 'NO', '', 'NO', '', NULL, 1, NULL, '2017-09-11 07:03:01', NULL, NULL, 'NO', '', '', 0),
(277, '2017305010007', '123456', 6, 5, 3, 5, 1, 1, 2, 1, 'Avi', 'ূহকপ', 'photo_2017305010007.jpg', 'signature_2017305010007.jpg', 'M', '01722085398', '15', 3692581473692, 'avi@gmail.com', 'Father name', 'Mother name', 11, '1982-09-02 00:00:00', 'Dhaka', '3692581473692', '182.88', '14', '6', NULL, '66', '145.50', '1', NULL, '10000000', 'NO', '', 'NO', '', 'NO', '', 'NO', '', 'NO', '', NULL, 1, NULL, '2017-09-13 11:33:36', NULL, NULL, 'NO', '', '', 0);

-- --------------------------------------------------------

--
-- Table structure for table `student_semesterinfo`
--

CREATE TABLE IF NOT EXISTS `student_semesterinfo` (
  `STU_SEMINFO_ID` bigint(14) NOT NULL AUTO_INCREMENT,
  `STUDENT_ID` bigint(14) NOT NULL,
  `FACULTY_ID` smallint(6) NOT NULL,
  `DEPT_ID` int(11) NOT NULL,
  `PROGRAM_ID` int(11) NOT NULL,
  `SESSION_ID` int(11) NOT NULL,
  `SEMESTER_SL_NO` int(11) NOT NULL,
  `BATCH_ID` int(11) NOT NULL,
  `SECTION_ID` int(11) NOT NULL,
  `IS_CURRENT` tinyint(1) DEFAULT NULL,
  `CREATED_BY` int(11) DEFAULT NULL,
  `CREATE_DATE` timestamp NOT NULL DEFAULT CURRENT_TIMESTAMP,
  `UPDATED_BY` int(11) DEFAULT NULL,
  `UPDATE_DATE` datetime DEFAULT NULL,
  PRIMARY KEY (`STU_SEMINFO_ID`)
) ENGINE=InnoDB  DEFAULT CHARSET=latin1 AUTO_INCREMENT=61 ;

--
-- Dumping data for table `student_semesterinfo`
--

INSERT INTO `student_semesterinfo` (`STU_SEMINFO_ID`, `STUDENT_ID`, `FACULTY_ID`, `DEPT_ID`, `PROGRAM_ID`, `SESSION_ID`, `SEMESTER_SL_NO`, `BATCH_ID`, `SECTION_ID`, `IS_CURRENT`, `CREATED_BY`, `CREATE_DATE`, `UPDATED_BY`, `UPDATE_DATE`) VALUES
(1, 234, 2, 10, 9, 7, 1, 2, 1, 1, 13, '2017-06-21 09:03:57', NULL, NULL),
(2, 49, 2, 10, 9, 7, 5, 2, 2, 1, 13, '2017-06-21 09:17:28', NULL, NULL),
(3, 50, 2, 10, 9, 7, 5, 2, 2, 1, 13, '2017-06-21 09:17:28', NULL, NULL),
(4, 51, 2, 10, 9, 7, 5, 2, 2, 1, 13, '2017-06-21 09:17:28', NULL, NULL),
(5, 52, 2, 10, 9, 7, 5, 2, 2, 1, 13, '2017-06-21 09:17:28', NULL, NULL),
(6, 53, 2, 10, 9, 7, 5, 2, 2, 1, 13, '2017-06-21 09:17:29', NULL, NULL),
(7, 54, 2, 10, 9, 7, 5, 2, 2, 1, 13, '2017-06-21 09:17:29', NULL, NULL),
(8, 55, 2, 10, 9, 7, 5, 2, 2, 1, 13, '2017-06-21 09:17:29', NULL, NULL),
(9, 56, 2, 10, 9, 7, 5, 2, 2, 1, 13, '2017-06-21 09:17:29', NULL, NULL),
(10, 57, 2, 10, 9, 7, 5, 2, 2, 1, 13, '2017-06-21 09:17:29', NULL, NULL),
(11, 58, 2, 10, 9, 7, 5, 2, 2, 1, 13, '2017-06-21 09:17:29', NULL, NULL),
(12, 59, 2, 10, 9, 7, 5, 2, 2, 1, 13, '2017-06-21 09:17:29', NULL, NULL),
(13, 235, 5, 3, 3, 7, 1, 2, 2, 1, 14, '2017-07-01 10:27:59', NULL, NULL),
(14, 237, 5, 2, 2, 7, 1, 2, 2, 1, 16, '2017-07-02 04:45:55', NULL, NULL),
(15, 236, 5, 3, 3, 7, 1, 2, 2, 1, 14, '2017-07-02 06:00:55', NULL, NULL),
(16, 238, 5, 3, 3, 7, 1, 2, 1, 1, 14, '2017-07-02 06:06:29', NULL, NULL),
(17, 241, 5, 3, 3, 7, 1, 2, 2, 1, 14, '2017-07-03 04:17:01', NULL, NULL),
(18, 242, 5, 3, 3, 7, 1, 2, 2, 1, 14, '2017-07-03 04:38:33', NULL, NULL),
(19, 244, 5, 3, 3, 7, 1, 2, 1, 1, 14, '2017-07-03 06:25:43', NULL, NULL),
(20, 245, 5, 2, 2, 7, 1, 2, 2, 1, 16, '2017-07-04 04:42:25', NULL, NULL),
(21, 240, 5, 3, 3, 7, 1, 2, 2, 1, 14, '2017-07-04 08:57:45', NULL, NULL),
(22, 246, 5, 3, 3, 7, 1, 2, 2, 1, 14, '2017-07-04 08:57:45', NULL, NULL),
(23, 248, 5, 3, 3, 7, 1, 2, 1, 1, 14, '2017-07-10 08:39:30', NULL, NULL),
(24, 243, 5, 2, 2, 7, 1, 2, 1, 1, 16, '2017-07-10 11:42:03', NULL, NULL),
(25, 249, 5, 2, 2, 7, 1, 2, 1, 1, 16, '2017-07-11 05:21:26', NULL, NULL),
(26, 253, 5, 3, 3, 7, 1, 2, 2, 1, 14, '2017-07-11 05:45:33', NULL, NULL),
(27, 247, 5, 3, 3, 7, 1, 2, 1, 1, 14, '2017-07-11 09:23:07', NULL, NULL),
(28, 254, 5, 2, 2, 7, 1, 2, 1, 1, 16, '2017-07-11 09:24:14', NULL, NULL),
(29, 250, 5, 2, 2, 7, 1, 2, 1, 1, 16, '2017-07-11 09:32:31', NULL, NULL),
(30, 260, 5, 2, 2, 6, 1, 2, 1, 1, 16, '2017-07-20 08:22:30', NULL, NULL),
(31, 256, 5, 2, 2, 6, 1, 2, 1, 1, 16, '2017-07-20 08:38:32', NULL, NULL),
(32, 255, 5, 2, 2, 6, 1, 2, 1, 1, 16, '2017-07-20 08:38:50', NULL, NULL),
(33, 262, 5, 3, 3, 6, 1, 2, 1, 1, 14, '2017-07-22 07:09:33', NULL, NULL),
(34, 259, 5, 3, 3, 6, 1, 2, 1, 1, 14, '2017-07-22 07:14:22', NULL, NULL),
(35, 264, 5, 2, 2, 6, 1, 2, 1, 1, 16, '2017-07-22 08:13:56', NULL, NULL),
(36, 265, 5, 3, 3, 6, 1, 2, 1, 1, 14, '2017-07-22 08:22:05', NULL, NULL),
(39, 270, 5, 2, 2, 6, 1, 2, 1, 1, 16, '2017-07-26 10:57:30', NULL, NULL),
(43, 266, 5, 2, 2, 6, 1, 2, 1, 1, 16, '2017-08-08 06:26:47', NULL, NULL),
(44, 17, 5, 2, 2, 6, 1, 2, 1, 1, 16, '2017-08-08 06:27:24', NULL, NULL),
(45, 274, 5, 3, 3, 6, 1, 2, 1, 1, 14, '2017-08-10 09:41:19', NULL, NULL),
(46, 275, 5, 3, 3, 6, 1, 2, 1, 1, 14, '2017-08-12 09:04:32', NULL, NULL),
(49, 277, 5, 1, 1, 5, 3, 2, 1, 1, 18, '2017-10-10 06:35:24', NULL, NULL),
(58, 269, 5, 1, 1, 6, 1, 2, 1, 1, 18, '2017-10-31 06:58:51', NULL, NULL),
(59, 273, 5, 1, 1, 6, 1, 2, 1, 1, 18, '2017-10-31 08:10:28', NULL, NULL),
(60, 18, 5, 1, 1, 6, 1, 2, 1, 1, 18, '2017-10-31 08:10:48', NULL, NULL);

-- --------------------------------------------------------

--
-- Table structure for table `student_waiver_info`
--

CREATE TABLE IF NOT EXISTS `student_waiver_info` (
  `STU_WAIVER_ID` bigint(14) NOT NULL AUTO_INCREMENT COMMENT 'Primary Key Of or_applicant_adress Table.',
  `STUDENT_ID` bigint(14) NOT NULL COMMENT 'Foreign Key To STUDENT_ID Column Of students_info Table.',
  `WAIVER_TYPE` bigint(14) DEFAULT NULL,
  `SESSION_ID` bigint(14) NOT NULL COMMENT 'Foreign Key To STUDENT_ID Column Of students_info Table.',
  `PERCENTAGE` varchar(14) DEFAULT NULL,
  `ACTIVE_STATUS` tinyint(1) DEFAULT NULL,
  `CREATED_BY` bigint(14) DEFAULT NULL COMMENT 'Record Create User Id',
  `CREATE_DATE` timestamp NOT NULL DEFAULT CURRENT_TIMESTAMP COMMENT 'Record Inserted Date And Time',
  `UPDATED_BY` bigint(14) DEFAULT NULL COMMENT 'Record Updated User Id',
  `UPDATE_DATE` datetime DEFAULT NULL COMMENT 'Record Updated Date And Time',
  PRIMARY KEY (`STU_WAIVER_ID`)
) ENGINE=InnoDB  DEFAULT CHARSET=latin1 AUTO_INCREMENT=15 ;

--
-- Dumping data for table `student_waiver_info`
--

INSERT INTO `student_waiver_info` (`STU_WAIVER_ID`, `STUDENT_ID`, `WAIVER_TYPE`, `SESSION_ID`, `PERCENTAGE`, `ACTIVE_STATUS`, `CREATED_BY`, `CREATE_DATE`, `UPDATED_BY`, `UPDATE_DATE`) VALUES
(1, 1, 94, 1, '10', 0, NULL, '2017-07-01 08:49:59', NULL, NULL),
(5, 1, 94, 2, '15', 0, NULL, '2017-07-02 09:55:19', NULL, NULL),
(6, 1, 93, 3, '20', 1, NULL, '2017-07-02 11:17:31', NULL, NULL),
(7, 245, 94, 1, '10', 1, NULL, '2017-07-04 09:59:01', NULL, NULL),
(8, 247, 93, 1, '15', 1, NULL, '2017-07-10 03:47:34', NULL, NULL),
(9, 3, 94, 1, '20', 1, NULL, '2017-07-18 09:36:00', NULL, NULL),
(10, 18, 93, 3, '20', 1, NULL, '2017-07-23 06:04:52', NULL, NULL),
(11, 266, 94, 3, '10', 1, NULL, '2017-07-23 06:23:44', NULL, NULL),
(12, 30, 93, 2, '10', NULL, NULL, '2017-11-09 03:53:27', NULL, NULL),
(13, 30, 94, 3, '15', 1, NULL, '2017-11-09 03:53:41', NULL, NULL),
(14, 18, 94, 6, '20', 1, NULL, '2017-11-11 03:53:46', NULL, NULL);

-- --------------------------------------------------------

--
-- Table structure for table `teacher_course_map`
--

CREATE TABLE IF NOT EXISTS `teacher_course_map` (
  `TE_COURSE_MAP_ID` int(11) NOT NULL AUTO_INCREMENT,
  `EMP_ID` int(11) NOT NULL,
  `COURSE_ID` int(11) NOT NULL,
  `EARN_CREDIT` int(11) NOT NULL,
  `SESSION_ID` int(11) NOT NULL,
  `ACTIVE_STATUS` tinyint(1) DEFAULT NULL,
  `CREATED_BY` int(11) DEFAULT NULL,
  `CREATE_DATE` timestamp NOT NULL DEFAULT CURRENT_TIMESTAMP,
  `UPDATED_BY` int(11) DEFAULT NULL,
  `UPDATE_DATE` datetime DEFAULT NULL,
  PRIMARY KEY (`TE_COURSE_MAP_ID`)
) ENGINE=InnoDB  DEFAULT CHARSET=latin1 AUTO_INCREMENT=24 ;

--
-- Dumping data for table `teacher_course_map`
--

INSERT INTO `teacher_course_map` (`TE_COURSE_MAP_ID`, `EMP_ID`, `COURSE_ID`, `EARN_CREDIT`, `SESSION_ID`, `ACTIVE_STATUS`, `CREATED_BY`, `CREATE_DATE`, `UPDATED_BY`, `UPDATE_DATE`) VALUES
(12, 8, 415, 0, 6, 1, NULL, '2017-08-05 09:12:56', NULL, NULL),
(13, 8, 416, 0, 6, 1, NULL, '2017-08-05 09:12:56', NULL, NULL),
(14, 8, 417, 0, 6, 1, NULL, '2017-08-05 09:12:56', NULL, NULL),
(15, 6, 311, 0, 6, 1, NULL, '2017-08-08 04:52:25', NULL, NULL),
(16, 6, 386, 0, 6, 1, NULL, '2017-08-08 04:52:25', NULL, NULL),
(17, 6, 387, 0, 6, 1, NULL, '2017-08-08 04:52:25', NULL, NULL),
(18, 6, 388, 0, 6, 1, NULL, '2017-08-08 04:52:25', NULL, NULL),
(19, 6, 389, 0, 6, 1, NULL, '2017-08-08 04:52:25', NULL, NULL),
(20, 6, 390, 0, 6, 1, NULL, '2017-08-08 04:52:25', NULL, NULL),
(21, 6, 391, 0, 6, 1, NULL, '2017-08-08 04:52:25', NULL, NULL),
(22, 6, 203, 0, 6, 1, NULL, '2017-08-10 06:58:42', NULL, NULL),
(23, 4, 365, 0, 6, 1, NULL, '2017-08-10 09:44:27', NULL, NULL);

-- --------------------------------------------------------

--
-- Stand-in structure for view `waiver_view`
--
CREATE TABLE IF NOT EXISTS `waiver_view` (
`WAIVER_ID` int(4)
,`WAIVER_NAME` varchar(250)
,`ACTIVE_FLAG` int(1)
,`SL_NO` int(4)
);
-- --------------------------------------------------------

--
-- Stand-in structure for view `weeks`
--
CREATE TABLE IF NOT EXISTS `weeks` (
`DAY_ID` int(4)
,`DAY_NAME` varchar(250)
,`ACTIVE_FLAG` int(1)
,`ABBR` varchar(10)
);
-- --------------------------------------------------------

--
-- Structure for view `building_floor`
--
DROP TABLE IF EXISTS `building_floor`;

CREATE ALGORITHM=UNDEFINED DEFINER=`maruf`@`%` SQL SECURITY DEFINER VIEW `building_floor` AS select `m00_lkpdata`.`LKP_ID` AS `FLOOR_ID`,`m00_lkpdata`.`LKP_NAME` AS `FLOOR_NAME`,`m00_lkpdata`.`ACT_FG` AS `ACTIVE_FLAG`,`m00_lkpdata`.`SL_NO` AS `FLOOR_SL_NO` from `m00_lkpdata` where (`m00_lkpdata`.`GRP_ID` = 75);

-- --------------------------------------------------------

--
-- Structure for view `resident_seat`
--
DROP TABLE IF EXISTS `resident_seat`;

CREATE ALGORITHM=UNDEFINED DEFINER=`maruf`@`%` SQL SECURITY DEFINER VIEW `resident_seat` AS select `m00_lkpdata`.`LKP_ID` AS `SEAT_ID`,`m00_lkpdata`.`LKP_NAME` AS `SEAT_NAME`,`m00_lkpdata`.`ACT_FG` AS `ACTIVE_FLAG`,`m00_lkpdata`.`SL_NO` AS `SEAT_NO` from `m00_lkpdata` where (`m00_lkpdata`.`GRP_ID` = 79);

-- --------------------------------------------------------

--
-- Structure for view `sav_semester`
--
DROP TABLE IF EXISTS `sav_semester`;

CREATE ALGORITHM=UNDEFINED DEFINER=`maruf`@`%` SQL SECURITY DEFINER VIEW `sav_semester` AS select `m00_lkpdata`.`LKP_ID` AS `SEMESTER_ID`,`m00_lkpdata`.`LKP_NAME` AS `SEMESTER_NAME`,`m00_lkpdata`.`ACT_FG` AS `ACTIVE_FLAG`,`m00_lkpdata`.`SL_NO` AS `SL_NO` from `m00_lkpdata` where (`m00_lkpdata`.`GRP_ID` = 16);

-- --------------------------------------------------------

--
-- Structure for view `waiver_view`
--
DROP TABLE IF EXISTS `waiver_view`;

CREATE ALGORITHM=UNDEFINED DEFINER=`maruf`@`%` SQL SECURITY DEFINER VIEW `waiver_view` AS select `m00_lkpdata`.`LKP_ID` AS `WAIVER_ID`,`m00_lkpdata`.`LKP_NAME` AS `WAIVER_NAME`,`m00_lkpdata`.`ACT_FG` AS `ACTIVE_FLAG`,`m00_lkpdata`.`SL_NO` AS `SL_NO` from `m00_lkpdata` where (`m00_lkpdata`.`GRP_ID` = 31);

-- --------------------------------------------------------

--
-- Structure for view `weeks`
--
DROP TABLE IF EXISTS `weeks`;

CREATE ALGORITHM=UNDEFINED DEFINER=`maruf`@`%` SQL SECURITY DEFINER VIEW `weeks` AS select `m00_lkpdata`.`LKP_ID` AS `DAY_ID`,`m00_lkpdata`.`LKP_NAME` AS `DAY_NAME`,`m00_lkpdata`.`ACT_FG` AS `ACTIVE_FLAG`,`m00_lkpdata`.`ABBR` AS `ABBR` from `m00_lkpdata` where (`m00_lkpdata`.`GRP_ID` = 77);

/*!40101 SET CHARACTER_SET_CLIENT=@OLD_CHARACTER_SET_CLIENT */;
/*!40101 SET CHARACTER_SET_RESULTS=@OLD_CHARACTER_SET_RESULTS */;
/*!40101 SET COLLATION_CONNECTION=@OLD_COLLATION_CONNECTION */;
