-- MySQL dump 10.13  Distrib 8.0.20, for Linux (x86_64)
--
-- Host: localhost    Database: carwash_db
-- ------------------------------------------------------
-- Server version	8.0.20

/*!40101 SET @OLD_CHARACTER_SET_CLIENT=@@CHARACTER_SET_CLIENT */;
/*!40101 SET @OLD_CHARACTER_SET_RESULTS=@@CHARACTER_SET_RESULTS */;
/*!40101 SET @OLD_COLLATION_CONNECTION=@@COLLATION_CONNECTION */;
/*!50503 SET NAMES utf8mb4 */;
/*!40103 SET @OLD_TIME_ZONE=@@TIME_ZONE */;
/*!40103 SET TIME_ZONE='+00:00' */;
/*!40014 SET @OLD_UNIQUE_CHECKS=@@UNIQUE_CHECKS, UNIQUE_CHECKS=0 */;
/*!40014 SET @OLD_FOREIGN_KEY_CHECKS=@@FOREIGN_KEY_CHECKS, FOREIGN_KEY_CHECKS=0 */;
/*!40101 SET @OLD_SQL_MODE=@@SQL_MODE, SQL_MODE='NO_AUTO_VALUE_ON_ZERO' */;
/*!40111 SET @OLD_SQL_NOTES=@@SQL_NOTES, SQL_NOTES=0 */;

--
-- Table structure for table `buildings`
--

DROP TABLE IF EXISTS `buildings`;
/*!40101 SET @saved_cs_client     = @@character_set_client */;
/*!50503 SET character_set_client = utf8mb4 */;
CREATE TABLE `buildings` (
  `id` int NOT NULL AUTO_INCREMENT,
  `name` varchar(50) DEFAULT NULL,
  `location_id` int NOT NULL,
  `status` tinyint(1) DEFAULT NULL,
  `deletedAt` datetime DEFAULT NULL,
  `deletedBY` varchar(50) DEFAULT NULL,
  PRIMARY KEY (`id`),
  KEY `fk_location_id` (`location_id`),
  CONSTRAINT `fk_location_id` FOREIGN KEY (`location_id`) REFERENCES `location` (`id`)
) ENGINE=InnoDB AUTO_INCREMENT=14 DEFAULT CHARSET=utf8mb4 COLLATE=utf8mb4_0900_ai_ci;
/*!40101 SET character_set_client = @saved_cs_client */;

--
-- Dumping data for table `buildings`
--

LOCK TABLES `buildings` WRITE;
/*!40000 ALTER TABLE `buildings` DISABLE KEYS */;
INSERT INTO `buildings` VALUES (1,'Twin Towers',1,1,'2020-08-25 00:00:00','mukesh'),(2,' Mindspace',3,0,'2020-08-13 00:00:00','mukesh'),(3,'CyberTowers',4,0,'2020-08-13 00:00:00','mukesh'),(4,'CyberTowers',4,1,NULL,NULL),(5,'Mindspace',3,0,'2020-08-13 00:00:00','mukesh'),(6,'Mindspace',3,0,'2020-08-17 00:00:00','mukesh'),(7,'TowerA',3,0,'2020-08-17 00:00:00','mukesh'),(8,'Mythrivanam',4,1,NULL,NULL),(9,'Cyber',3,0,'2020-08-21 00:00:00','mukesh'),(10,'CyberTowers',3,1,'2020-08-25 00:00:00','mukesh'),(11,'Mindspace',1,0,'2020-08-21 00:00:00','mukesh'),(12,'Raheza ',2,0,'2020-08-24 00:00:00','mukesh'),(13,'Raheza Block',2,1,'2020-08-25 00:00:00','mukesh');
/*!40000 ALTER TABLE `buildings` ENABLE KEYS */;
UNLOCK TABLES;

--
-- Table structure for table `customers`
--

DROP TABLE IF EXISTS `customers`;
/*!40101 SET @saved_cs_client     = @@character_set_client */;
/*!50503 SET character_set_client = utf8mb4 */;
CREATE TABLE `customers` (
  `id` int NOT NULL AUTO_INCREMENT,
  `first_name` varchar(50) DEFAULT NULL,
  `building_id` int DEFAULT NULL,
  `mobile` varchar(45) DEFAULT NULL,
  `last_name` varchar(45) DEFAULT NULL,
  `flat_no` varchar(45) DEFAULT NULL,
  `status` tinyint(1) DEFAULT NULL,
  `created_at` datetime DEFAULT NULL,
  `created_by` varchar(50) DEFAULT NULL,
  `updated_at` datetime DEFAULT NULL,
  `updated_by` varchar(50) DEFAULT NULL,
  PRIMARY KEY (`id`),
  KEY `fk_building_id` (`building_id`),
  CONSTRAINT `fk_building_id` FOREIGN KEY (`building_id`) REFERENCES `buildings` (`id`)
) ENGINE=InnoDB AUTO_INCREMENT=87 DEFAULT CHARSET=utf8mb4 COLLATE=utf8mb4_0900_ai_ci;
/*!40101 SET character_set_client = @saved_cs_client */;

--
-- Dumping data for table `customers`
--

LOCK TABLES `customers` WRITE;
/*!40000 ALTER TABLE `customers` DISABLE KEYS */;
INSERT INTO `customers` VALUES (82,'susmitha',10,'9842690123','tallapaneni','9-3-2',1,'2020-08-26 00:00:00','mukesh',NULL,NULL),(83,'ravi',10,'9167635565','kumar','1234',1,'2020-08-26 00:00:00','mukesh',NULL,NULL),(84,'umesh',1,'9705667395','rapolu','123',1,'2020-08-26 00:00:00','mukesh',NULL,NULL),(85,'Dilip',1,'7416200556','Raj','235',1,'2020-08-26 00:00:00','mukesh',NULL,NULL),(86,'one',2,'9999999999','time',NULL,2,'2020-08-26 00:00:00','srinadh',NULL,NULL);
/*!40000 ALTER TABLE `customers` ENABLE KEYS */;
UNLOCK TABLES;

--
-- Table structure for table `customers_history`
--

DROP TABLE IF EXISTS `customers_history`;
/*!40101 SET @saved_cs_client     = @@character_set_client */;
/*!50503 SET character_set_client = utf8mb4 */;
CREATE TABLE `customers_history` (
  `id` int NOT NULL AUTO_INCREMENT,
  `start_date` datetime DEFAULT NULL,
  `end_date` datetime DEFAULT NULL,
  `customer_id` int DEFAULT NULL,
  PRIMARY KEY (`id`),
  KEY `fk_customer_id` (`customer_id`),
  CONSTRAINT `fk_customer_id` FOREIGN KEY (`customer_id`) REFERENCES `customers` (`id`)
) ENGINE=InnoDB AUTO_INCREMENT=8 DEFAULT CHARSET=utf8mb4 COLLATE=utf8mb4_0900_ai_ci;
/*!40101 SET character_set_client = @saved_cs_client */;

--
-- Dumping data for table `customers_history`
--

LOCK TABLES `customers_history` WRITE;
/*!40000 ALTER TABLE `customers_history` DISABLE KEYS */;
/*!40000 ALTER TABLE `customers_history` ENABLE KEYS */;
UNLOCK TABLES;

--
-- Table structure for table `location`
--

DROP TABLE IF EXISTS `location`;
/*!40101 SET @saved_cs_client     = @@character_set_client */;
/*!50503 SET character_set_client = utf8mb4 */;
CREATE TABLE `location` (
  `id` int NOT NULL AUTO_INCREMENT,
  `zip_code` varchar(45) DEFAULT NULL,
  `address` varchar(200) DEFAULT NULL,
  `status` tinyint(1) DEFAULT NULL,
  PRIMARY KEY (`id`)
) ENGINE=InnoDB AUTO_INCREMENT=5 DEFAULT CHARSET=utf8mb4 COLLATE=utf8mb4_0900_ai_ci;
/*!40101 SET character_set_client = @saved_cs_client */;

--
-- Dumping data for table `location`
--

LOCK TABLES `location` WRITE;
/*!40000 ALTER TABLE `location` DISABLE KEYS */;
INSERT INTO `location` VALUES (1,'1234','jubliee hills',1),(2,'1235','secunderabad',1),(3,'1236','banjara hills',0),(4,'1237','Hitech city',1);
/*!40000 ALTER TABLE `location` ENABLE KEYS */;
UNLOCK TABLES;

--
-- Table structure for table `payment_transaction`
--

DROP TABLE IF EXISTS `payment_transaction`;
/*!40101 SET @saved_cs_client     = @@character_set_client */;
/*!50503 SET character_set_client = utf8mb4 */;
CREATE TABLE `payment_transaction` (
  `id` int NOT NULL AUTO_INCREMENT,
  `schedule_id` int NOT NULL,
  `payment_date` timestamp NOT NULL DEFAULT CURRENT_TIMESTAMP ON UPDATE CURRENT_TIMESTAMP,
  `payment_amount` int DEFAULT NULL,
  `payment_registered_by` varchar(45) DEFAULT NULL,
  `user_id` int NOT NULL,
  `date_created` timestamp NOT NULL DEFAULT CURRENT_TIMESTAMP ON UPDATE CURRENT_TIMESTAMP,
  `date_updated` timestamp NOT NULL DEFAULT CURRENT_TIMESTAMP ON UPDATE CURRENT_TIMESTAMP,
  `added_by` varchar(45) DEFAULT NULL,
  `updated_by` varchar(45) DEFAULT NULL,
  `client_ip` varchar(150) DEFAULT NULL,
  `client_browser` varchar(200) DEFAULT NULL,
  `reason` varchar(250) DEFAULT NULL,
  `status` varchar(250) DEFAULT NULL,
  `note` varchar(200) DEFAULT NULL,
  PRIMARY KEY (`id`),
  KEY `fk_scheduleid` (`schedule_id`),
  KEY `fk_usr_id` (`user_id`),
  CONSTRAINT `fk_scheduleid` FOREIGN KEY (`schedule_id`) REFERENCES `schedule_logs` (`schedule_id`),
  CONSTRAINT `fk_usr_id` FOREIGN KEY (`user_id`) REFERENCES `users` (`id`)
) ENGINE=InnoDB AUTO_INCREMENT=21 DEFAULT CHARSET=utf8mb4 COLLATE=utf8mb4_0900_ai_ci;
/*!40101 SET character_set_client = @saved_cs_client */;

--
-- Dumping data for table `payment_transaction`
--

LOCK TABLES `payment_transaction` WRITE;
/*!40000 ALTER TABLE `payment_transaction` DISABLE KEYS */;
INSERT INTO `payment_transaction` VALUES (19,65,'2020-08-26 05:47:55',100,'mukesh',1,'2020-08-26 05:47:55','2020-08-26 05:47:55','mukesh','mukesh',NULL,NULL,NULL,'completed','undefined'),(20,70,'2020-08-26 07:33:39',600,'srinadh',21,'2020-08-26 07:33:39','2020-08-26 07:33:39','srinadh',NULL,NULL,NULL,NULL,'pending','');
/*!40000 ALTER TABLE `payment_transaction` ENABLE KEYS */;
UNLOCK TABLES;

--
-- Table structure for table `schedule_logs`
--

DROP TABLE IF EXISTS `schedule_logs`;
/*!40101 SET @saved_cs_client     = @@character_set_client */;
/*!50503 SET character_set_client = utf8mb4 */;
CREATE TABLE `schedule_logs` (
  `id` int NOT NULL AUTO_INCREMENT,
  `date` date DEFAULT NULL,
  `schedule_id` int NOT NULL,
  `status` varchar(45) DEFAULT NULL,
  `date_created` timestamp NOT NULL DEFAULT CURRENT_TIMESTAMP ON UPDATE CURRENT_TIMESTAMP,
  `date_updated` timestamp NOT NULL DEFAULT CURRENT_TIMESTAMP ON UPDATE CURRENT_TIMESTAMP,
  `created_by` varchar(50) DEFAULT NULL,
  `updated_by` varchar(50) DEFAULT NULL,
  `client_ip` varchar(150) DEFAULT NULL,
  `browser_details` varchar(200) DEFAULT NULL,
  `amount` int DEFAULT NULL,
  `reason` varchar(250) DEFAULT NULL,
  PRIMARY KEY (`id`),
  KEY `fk_schedule_id` (`schedule_id`),
  CONSTRAINT `fk_schedule_id` FOREIGN KEY (`schedule_id`) REFERENCES `work_schedule` (`id`)
) ENGINE=InnoDB AUTO_INCREMENT=425436 DEFAULT CHARSET=utf8mb4 COLLATE=utf8mb4_0900_ai_ci;
/*!40101 SET character_set_client = @saved_cs_client */;

--
-- Dumping data for table `schedule_logs`
--

LOCK TABLES `schedule_logs` WRITE;
/*!40000 ALTER TABLE `schedule_logs` DISABLE KEYS */;
INSERT INTO `schedule_logs` VALUES (425413,'2020-08-30',65,'pending','2020-08-26 05:17:16','2020-08-26 05:17:16','undefined','undefined',NULL,NULL,NULL,NULL),(425414,'2020-08-31',65,'pending','2020-08-26 05:17:16','2020-08-26 05:17:16','undefined','undefined',NULL,NULL,NULL,NULL),(425415,'2020-08-26',65,'pending','2020-08-26 06:55:19','2020-08-26 06:55:19','undefined','undefined',NULL,NULL,NULL,NULL),(425416,'2020-08-27',65,'pending','2020-08-26 05:17:16','2020-08-26 05:17:16','undefined','undefined',NULL,NULL,NULL,NULL),(425417,'2020-08-28',65,'pending','2020-08-26 05:17:16','2020-08-26 05:17:16','undefined','undefined',NULL,NULL,NULL,NULL),(425418,'2020-08-29',65,'pending','2020-08-26 05:17:16','2020-08-26 05:17:16','undefined','undefined',NULL,NULL,NULL,NULL),(425419,'2020-08-30',66,'pending','2020-08-26 05:17:16','2020-08-26 05:17:16','undefined','undefined',NULL,NULL,NULL,NULL),(425420,'2020-08-26',66,'pending','2020-08-26 06:55:19','2020-08-26 06:55:19','undefined','undefined',NULL,NULL,NULL,NULL),(425421,'2020-08-28',66,'pending','2020-08-26 05:17:16','2020-08-26 05:17:16','undefined','undefined',NULL,NULL,NULL,NULL),(425422,'2020-08-30',67,'pending','2020-08-26 05:19:30','2020-08-26 05:19:30','undefined','undefined',NULL,NULL,NULL,NULL),(425423,'2020-08-31',67,'pending','2020-08-26 05:19:30','2020-08-26 05:19:30','undefined','undefined',NULL,NULL,NULL,NULL),(425424,'2020-08-26',67,'completed','2020-08-26 06:56:30','2020-08-26 06:56:30','undefined','undefined',NULL,NULL,NULL,NULL),(425425,'2020-08-27',67,'pending','2020-08-26 05:19:30','2020-08-26 05:19:30','undefined','undefined',NULL,NULL,NULL,NULL),(425426,'2020-08-28',67,'pending','2020-08-26 05:19:30','2020-08-26 05:19:30','undefined','undefined',NULL,NULL,NULL,NULL),(425427,'2020-08-29',67,'pending','2020-08-26 05:19:30','2020-08-26 05:19:30','undefined','undefined',NULL,NULL,NULL,NULL),(425428,'2020-08-31',68,'pending','2020-08-26 05:20:02','2020-08-26 05:20:02','undefined','undefined',NULL,NULL,NULL,NULL),(425429,'2020-08-30',69,'pending','2020-08-26 07:28:03','2020-08-26 07:28:03','undefined','undefined',NULL,NULL,NULL,NULL),(425430,'2020-08-31',69,'pending','2020-08-26 07:28:03','2020-08-26 07:28:03','undefined','undefined',NULL,NULL,NULL,NULL),(425431,'2020-08-26',69,'pending','2020-08-26 07:28:03','2020-08-26 07:28:03','undefined','undefined',NULL,NULL,NULL,NULL),(425432,'2020-08-27',69,'pending','2020-08-26 07:28:03','2020-08-26 07:28:03','undefined','undefined',NULL,NULL,NULL,NULL),(425433,'2020-08-28',69,'pending','2020-08-26 07:28:03','2020-08-26 07:28:03','undefined','undefined',NULL,NULL,NULL,NULL),(425434,'2020-08-29',69,'pending','2020-08-26 07:28:03','2020-08-26 07:28:03','undefined','undefined',NULL,NULL,NULL,NULL),(425435,'2020-08-26',70,NULL,'2020-08-26 00:00:00','2020-08-26 07:33:39','srinadh',NULL,NULL,NULL,NULL,NULL);
/*!40000 ALTER TABLE `schedule_logs` ENABLE KEYS */;
UNLOCK TABLES;

--
-- Table structure for table `subscription`
--

DROP TABLE IF EXISTS `subscription`;
/*!40101 SET @saved_cs_client     = @@character_set_client */;
/*!50503 SET character_set_client = utf8mb4 */;
CREATE TABLE `subscription` (
  `id` int NOT NULL AUTO_INCREMENT,
  `vehicle_id` int NOT NULL,
  PRIMARY KEY (`id`),
  KEY `fk_vehic_id` (`vehicle_id`),
  CONSTRAINT `fk_vehic_id` FOREIGN KEY (`vehicle_id`) REFERENCES `vehicles` (`id`)
) ENGINE=InnoDB DEFAULT CHARSET=utf8mb4 COLLATE=utf8mb4_0900_ai_ci;
/*!40101 SET character_set_client = @saved_cs_client */;

--
-- Dumping data for table `subscription`
--

LOCK TABLES `subscription` WRITE;
/*!40000 ALTER TABLE `subscription` DISABLE KEYS */;
/*!40000 ALTER TABLE `subscription` ENABLE KEYS */;
UNLOCK TABLES;

--
-- Table structure for table `user_token`
--

DROP TABLE IF EXISTS `user_token`;
/*!40101 SET @saved_cs_client     = @@character_set_client */;
/*!50503 SET character_set_client = utf8mb4 */;
CREATE TABLE `user_token` (
  `id` int NOT NULL AUTO_INCREMENT,
  `token` varchar(500) DEFAULT NULL,
  `user_id` int DEFAULT NULL,
  `is_expired` tinyint(1) NOT NULL,
  `login_time` timestamp NOT NULL DEFAULT CURRENT_TIMESTAMP ON UPDATE CURRENT_TIMESTAMP,
  `logout_time` varchar(500) DEFAULT NULL,
  `created_at` timestamp NOT NULL DEFAULT CURRENT_TIMESTAMP ON UPDATE CURRENT_TIMESTAMP,
  `last_updated_at` timestamp NOT NULL DEFAULT CURRENT_TIMESTAMP ON UPDATE CURRENT_TIMESTAMP,
  PRIMARY KEY (`id`),
  KEY `user_id` (`user_id`),
  CONSTRAINT `user_id` FOREIGN KEY (`user_id`) REFERENCES `users` (`id`)
) ENGINE=InnoDB AUTO_INCREMENT=319 DEFAULT CHARSET=utf8mb4 COLLATE=utf8mb4_0900_ai_ci;
/*!40101 SET character_set_client = @saved_cs_client */;

--
-- Dumping data for table `user_token`
--

LOCK TABLES `user_token` WRITE;
/*!40000 ALTER TABLE `user_token` DISABLE KEYS */;
INSERT INTO `user_token` VALUES (1,'eyJhbGciOiJIUzI1NiIsInR5cCI6IkpXVCJ9.eyJyZXN1bHRQaG9uZSI6IjgzNzQzOTM2MjEiLCJpYXQiOjE1OTYyNzA5MjR9.4BMMnrAK2LW7l0Dv6vFn_ly3A0jWtUM8dHW5VCk7n5M',1,1,'2020-08-01 08:35:24',NULL,'2020-08-01 08:35:24','2020-08-01 08:35:24'),(2,'eyJhbGciOiJIUzI1NiIsInR5cCI6IkpXVCJ9.eyJyZXN1bHRQaG9uZSI6IjgzNzQzOTM2MjEiLCJpYXQiOjE1OTYyNzA5NTF9.3TZKwNvIwtCx8sitcmh4l6XsBF20FwI6zN8eiAJUpjQ',1,1,'2020-08-01 08:35:51',NULL,'2020-08-01 08:35:51','2020-08-01 08:35:51'),(3,'eyJhbGciOiJIUzI1NiIsInR5cCI6IkpXVCJ9.eyJyZXN1bHRQaG9uZSI6IjgzNzQzOTM2MjEiLCJpYXQiOjE1OTYyNzA5OTZ9.NRh2J_s5RL5erW5KaMiZVSJAV-ZC26dTCfumyQ21DuA',1,1,'2020-08-01 08:36:36',NULL,'2020-08-01 08:36:36','2020-08-01 08:36:36'),(4,'eyJhbGciOiJIUzI1NiIsInR5cCI6IkpXVCJ9.eyJyZXN1bHRQaG9uZSI6IjgzNzQzOTM2MjEiLCJpYXQiOjE1OTYyNzE2MjJ9.9jedsFgnePGm1nzdDXt5wLrbRoM-5VddxA7byRCWtlY',1,1,'2020-08-01 08:47:02',NULL,'2020-08-01 08:47:02','2020-08-01 08:47:02'),(5,'eyJhbGciOiJIUzI1NiIsInR5cCI6IkpXVCJ9.eyJyZXN1bHRQaG9uZSI6IjgzNzQzOTM2MjEiLCJpYXQiOjE1OTYyNzE2NDV9.o1Ubh3aalMjMclLx28bXwk5OaLD7b6RbaQYLA6SZ4R0',1,1,'2020-08-01 08:47:25',NULL,'2020-08-01 08:47:25','2020-08-01 08:47:25'),(6,'eyJhbGciOiJIUzI1NiIsInR5cCI6IkpXVCJ9.eyJyZXN1bHRQaG9uZSI6IjgzNzQzOTM2MjEiLCJpYXQiOjE1OTYyNzM5NDh9.wbWyS5kKYWri3HJhX9ZhziGvYNn1FvVToMZDg9yRPP8',1,1,'2020-08-01 09:25:48',NULL,'2020-08-01 09:25:48','2020-08-01 09:25:48'),(7,'eyJhbGciOiJIUzI1NiIsInR5cCI6IkpXVCJ9.eyJyZXN1bHRQaG9uZSI6IjgzNzQzOTM2MjEiLCJpYXQiOjE1OTYyNzQyNzh9.E_Urz0Z5_MSQNur5HSUk-j5aLacWlPyXsip7QxpG83k',1,1,'2020-08-01 09:31:18',NULL,'2020-08-01 09:31:18','2020-08-01 09:31:18'),(8,'eyJhbGciOiJIUzI1NiIsInR5cCI6IkpXVCJ9.eyJyZXN1bHRQaG9uZSI6IjgzNzQzOTM2MjEiLCJpYXQiOjE1OTYyNzQ0NTJ9.7uskkKFpCXzBy-fQUdZa1f-ijOzHPUoTITQXdQFYWi4',1,1,'2020-08-01 09:34:12',NULL,'2020-08-01 09:34:12','2020-08-01 09:34:12'),(9,'eyJhbGciOiJIUzI1NiIsInR5cCI6IkpXVCJ9.eyJyZXN1bHRQaG9uZSI6IjgzNzQzOTM2MjEiLCJpYXQiOjE1OTYyNzQ0ODR9.0rzWOV8nCYkW62YDGl2SYOaamPY8FCh-0Z2xTDFSlKg',1,1,'2020-08-01 09:34:44',NULL,'2020-08-01 09:34:44','2020-08-01 09:34:44'),(10,'eyJhbGciOiJIUzI1NiIsInR5cCI6IkpXVCJ9.eyJyZXN1bHRQaG9uZSI6IjgzNzQzOTM2MjEiLCJpYXQiOjE1OTYyNzQ4MDl9.XJxm7PbVODGeKGeUHzyypfH4Fibye8eDaA3k6lzUSv4',1,1,'2020-08-01 09:40:09',NULL,'2020-08-01 09:40:09','2020-08-01 09:40:09'),(11,'eyJhbGciOiJIUzI1NiIsInR5cCI6IkpXVCJ9.eyJyZXN1bHRQaG9uZSI6IjgzNzQzOTM2MjEiLCJpYXQiOjE1OTY3MDU1NTh9.vXq6MNl8TiJgzuJo1MNQQfQ3HCIXZldnXKJwSv2KPtg',1,1,'2020-08-06 09:19:18',NULL,'2020-08-06 09:19:18','2020-08-06 09:19:18'),(12,'eyJhbGciOiJIUzI1NiIsInR5cCI6IkpXVCJ9.eyJyZXN1bHRQaG9uZSI6IjgzNzQzOTM2MjEiLCJpYXQiOjE1OTY4ODgyMzd9.UV1RAVaJIjiNINzQpqwZJF_O3utmPT_Ico-oQuzov9g',1,1,'2020-08-08 12:03:57',NULL,'2020-08-08 12:03:57','2020-08-08 12:03:57'),(13,'eyJhbGciOiJIUzI1NiIsInR5cCI6IkpXVCJ9.eyJyZXN1bHRQaG9uZSI6IjgzNzQzOTM2MjEiLCJpYXQiOjE1OTY4ODg3NzN9.qJ3_rHUg8riwLW7M40GhMfcOa14K6yQlddNX9nQyvdc',1,1,'2020-08-08 12:12:53',NULL,'2020-08-08 12:12:53','2020-08-08 12:12:53'),(14,'eyJhbGciOiJIUzI1NiIsInR5cCI6IkpXVCJ9.eyJyZXN1bHRQaG9uZSI6IjgzNzQzOTM2MjEiLCJpYXQiOjE1OTY4ODkyNzV9.fe5nkFbJEIjVDQxSoFYpIkFGnYvcPe0FlMlzKQXBqcM',1,1,'2020-08-08 12:21:15',NULL,'2020-08-08 12:21:15','2020-08-08 12:21:15'),(15,'eyJhbGciOiJIUzI1NiIsInR5cCI6IkpXVCJ9.eyJyZXN1bHRQaG9uZSI6IjgzNzQzOTM2MjEiLCJpYXQiOjE1OTcyOTk3Mjd9.ZMLTyhJFwyoUDPysSaWQw5UWw1O60JrYZJ_zosJ3ZEs',1,1,'2020-08-13 06:22:07',NULL,'2020-08-13 06:22:07','2020-08-13 06:22:07'),(16,'eyJhbGciOiJIUzI1NiIsInR5cCI6IkpXVCJ9.eyJyZXN1bHRQaG9uZSI6IjgzNzQzOTM2MjEiLCJpYXQiOjE1OTczMDE0Mjl9.cy1rO24PH7-bBLDZeb93ESeYar73Ixtg4ZiLllb1GZI',1,1,'2020-08-13 06:50:29',NULL,'2020-08-13 06:50:29','2020-08-13 06:50:29'),(17,'eyJhbGciOiJIUzI1NiIsInR5cCI6IkpXVCJ9.eyJyZXN1bHRQaG9uZSI6IjgzNzQzOTM2MjEiLCJpYXQiOjE1OTczMTM3MjZ9.Bs5FBVU06_3UGj9ujY0t7J9wtW21wpqMuD5ZeqGVTh0',1,1,'2020-08-13 10:15:26',NULL,'2020-08-13 10:15:26','2020-08-13 10:15:26'),(18,'eyJhbGciOiJIUzI1NiIsInR5cCI6IkpXVCJ9.eyJyZXN1bHRQaG9uZSI6IjgzNzQzOTM2MjEiLCJpYXQiOjE1OTczMTgwNTR9.qHGMIyJq2bm7y281cMbGC-bzsoIQ08TIbDefAasNGAs',1,1,'2020-08-13 11:27:34',NULL,'2020-08-13 11:27:34','2020-08-13 11:27:34'),(19,'eyJhbGciOiJIUzI1NiIsInR5cCI6IkpXVCJ9.eyJyZXN1bHRQaG9uZSI6IjgzNzQzOTM2MjEiLCJpYXQiOjE1OTczMTg1NzR9.wCtoBy00xmuCR8BP9o0yd8s-LinAXnCXDUBfA11FFKs',1,1,'2020-08-13 11:36:14',NULL,'2020-08-13 11:36:14','2020-08-13 11:36:14'),(20,'eyJhbGciOiJIUzI1NiIsInR5cCI6IkpXVCJ9.eyJyZXN1bHRQaG9uZSI6IjgzNzQzOTM2MjEiLCJpYXQiOjE1OTczMTkyNjB9.6OvmDuumE_vaXla-y6Jh4FP1Vml2HxvNyYbAisxbC1Y',1,1,'2020-08-13 11:47:40',NULL,'2020-08-13 11:47:40','2020-08-13 11:47:40'),(21,'eyJhbGciOiJIUzI1NiIsInR5cCI6IkpXVCJ9.eyJyZXN1bHRQaG9uZSI6IjgzNzQzOTM2MjEiLCJpYXQiOjE1OTczMTk1Njd9.LNTRuOpgkg3F8xtXoAj4h5MR6PtUvYzPpbQF7c_TOxM',1,1,'2020-08-13 11:52:47',NULL,'2020-08-13 11:52:47','2020-08-13 11:52:47'),(22,'eyJhbGciOiJIUzI1NiIsInR5cCI6IkpXVCJ9.eyJyZXN1bHRQaG9uZSI6IjgzNzQzOTM2MjEiLCJpYXQiOjE1OTczMjA3MDl9.KTHeTjjXDVoGy0svFfWQVHbK23zcuyuqoSzXM-rbTv4',1,1,'2020-08-13 12:11:49',NULL,'2020-08-13 12:11:49','2020-08-13 12:11:49'),(23,'eyJhbGciOiJIUzI1NiIsInR5cCI6IkpXVCJ9.eyJyZXN1bHRQaG9uZSI6IjgzNzQzOTM2MjEiLCJpYXQiOjE1OTczODQxNTZ9.nqZ376rqtzKm2beMqkyy8GYbEO9RcxCQStRgRKAhgxk',1,1,'2020-08-14 05:49:16',NULL,'2020-08-14 05:49:16','2020-08-14 05:49:16'),(24,'eyJhbGciOiJIUzI1NiIsInR5cCI6IkpXVCJ9.eyJyZXN1bHRQaG9uZSI6IjgzNzQzOTM2MjEiLCJpYXQiOjE1OTczODc5NTl9.EYgD2yHEGXkNpHo61w4cn--BwfAF-pmW-ZmJYBkLjfI',1,1,'2020-08-14 06:52:39',NULL,'2020-08-14 06:52:39','2020-08-14 06:52:39'),(25,'eyJhbGciOiJIUzI1NiIsInR5cCI6IkpXVCJ9.eyJyZXN1bHRQaG9uZSI6IjgzNzQzOTM2MjEiLCJpYXQiOjE1OTc2NTQ1MzR9.MUSFPZjOqf5h_NraEO78tVfwhOBd4W3-SR1MG9LPoy8',1,1,'2020-08-17 08:55:34',NULL,'2020-08-17 08:55:34','2020-08-17 08:55:34'),(26,'eyJhbGciOiJIUzI1NiIsInR5cCI6IkpXVCJ9.eyJyZXN1bHRQaG9uZSI6IjgzNzQzOTM2MjEiLCJpYXQiOjE1OTc2NTU3NzR9.5xMOtCoTwUgii2XaqccxIzmZmSNlBZ1wTygZxZHkb1A',1,1,'2020-08-17 09:16:14',NULL,'2020-08-17 09:16:14','2020-08-17 09:16:14'),(27,'eyJhbGciOiJIUzI1NiIsInR5cCI6IkpXVCJ9.eyJyZXN1bHRQaG9uZSI6IjgzNzQzOTM2MjEiLCJpYXQiOjE1OTc2NjIyMTd9.Z2WUr1zmyFADc8OnzBUMH9YAntu7NFcuodHmlSKPLcw',1,1,'2020-08-17 11:03:37',NULL,'2020-08-17 11:03:37','2020-08-17 11:03:37'),(28,'eyJhbGciOiJIUzI1NiIsInR5cCI6IkpXVCJ9.eyJyZXN1bHRQaG9uZSI6IjgzNzQzOTM2MjEiLCJpYXQiOjE1OTc2NjI4MDh9.HsHvIBxJr76lRadWTITySsCvXvo77-rZ2UXS-qoub_Q',1,1,'2020-08-17 11:13:28',NULL,'2020-08-17 11:13:28','2020-08-17 11:13:28'),(29,'eyJhbGciOiJIUzI1NiIsInR5cCI6IkpXVCJ9.eyJyZXN1bHRQaG9uZSI6IjgzNzQzOTM2MjEiLCJpYXQiOjE1OTc2NjU1MDh9.11ZD0VZ7eA4BZlW9pL9k3Raw_jJFu25LSPEbe2z92uM',1,1,'2020-08-17 11:58:28',NULL,'2020-08-17 11:58:28','2020-08-17 11:58:28'),(30,'eyJhbGciOiJIUzI1NiIsInR5cCI6IkpXVCJ9.eyJyZXN1bHRQaG9uZSI6IjgzNzQzOTM2MjEiLCJpYXQiOjE1OTc2NjYwNzZ9.3omsdN6mOxt0gl_P_AsmITZw0GrerkGdkBukSQqJ0lM',1,1,'2020-08-17 12:07:56',NULL,'2020-08-17 12:07:56','2020-08-17 12:07:56'),(31,'eyJhbGciOiJIUzI1NiIsInR5cCI6IkpXVCJ9.eyJyZXN1bHRQaG9uZSI6IjgzNzQzOTM2MjEiLCJpYXQiOjE1OTc2Njg1NTh9.QTR-G6HJLCtr0erxrk-Vle3PfLz84Md21mj2BT-lmvI',1,1,'2020-08-17 12:49:18',NULL,'2020-08-17 12:49:18','2020-08-17 12:49:18'),(32,'eyJhbGciOiJIUzI1NiIsInR5cCI6IkpXVCJ9.eyJyZXN1bHRQaG9uZSI6IjgzNzQzOTM2MjEiLCJpYXQiOjE1OTc3NDU5OTR9.TRxiiF7XLGzgk-8mfVVKWI5cNWqbFG_uKBnYtoLncpg',1,1,'2020-08-18 10:19:55',NULL,'2020-08-18 10:19:55','2020-08-18 10:19:55'),(33,'eyJhbGciOiJIUzI1NiIsInR5cCI6IkpXVCJ9.eyJyZXN1bHRQaG9uZSI6IjgzNzQzOTM2MjEiLCJpYXQiOjE1OTc3NDYwMjN9.TAzRERIlTeDvwN9XyMjAK-P7vFfmfnbbTnUKvstRz24',1,1,'2020-08-18 10:20:23',NULL,'2020-08-18 10:20:23','2020-08-18 10:20:23'),(34,'eyJhbGciOiJIUzI1NiIsInR5cCI6IkpXVCJ9.eyJyZXN1bHRQaG9uZSI6IjgzNzQzOTM2MjEiLCJpYXQiOjE1OTc3NTgyMDV9.L2wpkMl1hKPaym7MCJex8Ju7An0qYluPFxJupv2V6-M',1,1,'2020-08-18 13:43:25',NULL,'2020-08-18 13:43:25','2020-08-18 13:43:25'),(35,'eyJhbGciOiJIUzI1NiIsInR5cCI6IkpXVCJ9.eyJyZXN1bHRQaG9uZSI6IjgzNzQzOTM2MjEiLCJpYXQiOjE1OTc3NjIyNTZ9.e3iY6zpzUN_PN8bhAyDPhVPsmFf7y36GKf-2dsNnifI',1,1,'2020-08-18 14:50:56',NULL,'2020-08-18 14:50:56','2020-08-18 14:50:56'),(36,'eyJhbGciOiJIUzI1NiIsInR5cCI6IkpXVCJ9.eyJyZXN1bHRQaG9uZSI6IjgzNzQzOTM2MjEiLCJpYXQiOjE1OTc3NjMwNzF9.oBOAQXYyywYnRlS9i_bviercQIjL5RXqETEfBZ2MXmI',1,1,'2020-08-18 15:04:31',NULL,'2020-08-18 15:04:31','2020-08-18 15:04:31'),(37,'eyJhbGciOiJIUzI1NiIsInR5cCI6IkpXVCJ9.eyJyZXN1bHRQaG9uZSI6IjgzNzQzOTM2MjEiLCJpYXQiOjE1OTc3NjM4MTJ9.diAqzmTeXHBid-HphYof6s5rvbDaGmyzmWPYEkpgLps',1,1,'2020-08-18 15:16:52',NULL,'2020-08-18 15:16:52','2020-08-18 15:16:52'),(38,'eyJhbGciOiJIUzI1NiIsInR5cCI6IkpXVCJ9.eyJyZXN1bHRQaG9uZSI6IjgzNzQzOTM2MjEiLCJpYXQiOjE1OTc3NjM4MjF9.W2RT_CxrpQzrm14QA39b4lz-blgmQwZI4JViKSkPzQk',1,1,'2020-08-18 15:17:01',NULL,'2020-08-18 15:17:01','2020-08-18 15:17:01'),(39,'eyJhbGciOiJIUzI1NiIsInR5cCI6IkpXVCJ9.eyJyZXN1bHRQaG9uZSI6IjgzNzQzOTM2MjEiLCJpYXQiOjE1OTc3NjkxNzl9.322a0UEZmajfSM89Ty7d3hnj2cIFo-uHAfQONZ-hGGI',1,1,'2020-08-18 16:46:19',NULL,'2020-08-18 16:46:19','2020-08-18 16:46:19'),(40,'eyJhbGciOiJIUzI1NiIsInR5cCI6IkpXVCJ9.eyJyZXN1bHRQaG9uZSI6IjgzNzQzOTM2MjEiLCJpYXQiOjE1OTc3NzA2Nzl9.1MYIByNsaJnTJTl2elc6OSfp_90YJyWFzoBcaHLQ3_4',1,1,'2020-08-18 17:11:20',NULL,'2020-08-18 17:11:20','2020-08-18 17:11:20'),(41,'eyJhbGciOiJIUzI1NiIsInR5cCI6IkpXVCJ9.eyJyZXN1bHRQaG9uZSI6IjgzNzQzOTM2MjEiLCJpYXQiOjE1OTc3NzA2OTd9.6TuZfuaqLs-CcFPt2jakpVD1nWA-fV4AkjumLvjBKYk',1,1,'2020-08-18 17:11:38',NULL,'2020-08-18 17:11:38','2020-08-18 17:11:38'),(42,'eyJhbGciOiJIUzI1NiIsInR5cCI6IkpXVCJ9.eyJyZXN1bHRQaG9uZSI6IjgzNzQzOTM2MjEiLCJpYXQiOjE1OTc3NzA3NzR9.QgAh-gY6cQ8zSKXiEiIAMNinVEcFRDJvXf59nuHLIHE',1,1,'2020-08-18 17:12:55',NULL,'2020-08-18 17:12:55','2020-08-18 17:12:55'),(43,'eyJhbGciOiJIUzI1NiIsInR5cCI6IkpXVCJ9.eyJyZXN1bHRQaG9uZSI6IjgzNzQzOTM2MjEiLCJpYXQiOjE1OTc3NzA5MzV9.GF744PcD1NxpW1UB1ozb_WOrOU0BofmQ3HhuT5UFRuk',1,1,'2020-08-18 17:15:35',NULL,'2020-08-18 17:15:35','2020-08-18 17:15:35'),(44,'eyJhbGciOiJIUzI1NiIsInR5cCI6IkpXVCJ9.eyJyZXN1bHRQaG9uZSI6IjgzNzQzOTM2MjEiLCJpYXQiOjE1OTc3NzA5NzB9.UepdiHaHnduWcYFzZzAFtTLyoMGJrGJG6AXPQRUcqRw',1,1,'2020-08-18 17:16:10',NULL,'2020-08-18 17:16:10','2020-08-18 17:16:10'),(45,'eyJhbGciOiJIUzI1NiIsInR5cCI6IkpXVCJ9.eyJyZXN1bHRQaG9uZSI6IjgzNzQzOTM2MjEiLCJpYXQiOjE1OTc3NzEzODl9.76DxH4DgtZrNoG0R7_pLYKf7yaEecbwmc6Dd4eY3Cas',1,1,'2020-08-18 17:23:09',NULL,'2020-08-18 17:23:09','2020-08-18 17:23:09'),(46,'eyJhbGciOiJIUzI1NiIsInR5cCI6IkpXVCJ9.eyJyZXN1bHRQaG9uZSI6IjgzNzQzOTM2MjEiLCJpYXQiOjE1OTc4MDk5ODF9.FPjWm5wz7vTH-3U557bpZfRmsbQhBoOZOklyuceKroo',1,1,'2020-08-19 04:06:21',NULL,'2020-08-19 04:06:21','2020-08-19 04:06:21'),(47,'eyJhbGciOiJIUzI1NiIsInR5cCI6IkpXVCJ9.eyJyZXN1bHRQaG9uZSI6IjgzNzQzOTM2MjEiLCJpYXQiOjE1OTc4MDk5ODF9.FPjWm5wz7vTH-3U557bpZfRmsbQhBoOZOklyuceKroo',1,1,'2020-08-19 04:06:21',NULL,'2020-08-19 04:06:21','2020-08-19 04:06:21'),(48,'eyJhbGciOiJIUzI1NiIsInR5cCI6IkpXVCJ9.eyJyZXN1bHRQaG9uZSI6IjgzNzQzOTM2MjEiLCJpYXQiOjE1OTc4MDk5ODF9.FPjWm5wz7vTH-3U557bpZfRmsbQhBoOZOklyuceKroo',1,1,'2020-08-19 04:06:21',NULL,'2020-08-19 04:06:21','2020-08-19 04:06:21'),(49,'eyJhbGciOiJIUzI1NiIsInR5cCI6IkpXVCJ9.eyJyZXN1bHRQaG9uZSI6IjgzNzQzOTM2MjEiLCJpYXQiOjE1OTc4MTEzMTF9.GxtsU6e-rcDexOzx9CO83gKWcGVDtKoVXhJOK4sbjiM',1,1,'2020-08-19 04:28:31',NULL,'2020-08-19 04:28:31','2020-08-19 04:28:31'),(50,'eyJhbGciOiJIUzI1NiIsInR5cCI6IkpXVCJ9.eyJyZXN1bHRQaG9uZSI6IjgzNzQzOTM2MjEiLCJpYXQiOjE1OTc4MTU2OTF9.-amxBb_wh6RoZPfb-JlNE_2oL4HyfNg-Fn69H9LVL54',1,1,'2020-08-19 05:41:31',NULL,'2020-08-19 05:41:31','2020-08-19 05:41:31'),(51,'eyJhbGciOiJIUzI1NiIsInR5cCI6IkpXVCJ9.eyJyZXN1bHRQaG9uZSI6IjgzNzQzOTM2MjEiLCJpYXQiOjE1OTc4MTcwMDR9.aYG-8E7X5D9XuDrjNUirOeQ9zUIVLnllrJVE-5b4Fqo',1,1,'2020-08-19 06:03:24',NULL,'2020-08-19 06:03:24','2020-08-19 06:03:24'),(52,'eyJhbGciOiJIUzI1NiIsInR5cCI6IkpXVCJ9.eyJyZXN1bHRQaG9uZSI6IjgzNzQzOTM2MjEiLCJpYXQiOjE1OTc4MTcxNDR9.1iZLXksfwpa3TzezFPHfbYftPJo4j5zrK9LXSLZqprw',1,1,'2020-08-19 06:05:44',NULL,'2020-08-19 06:05:44','2020-08-19 06:05:44'),(53,'eyJhbGciOiJIUzI1NiIsInR5cCI6IkpXVCJ9.eyJyZXN1bHRQaG9uZSI6IjgzNzQzOTM2MjEiLCJpYXQiOjE1OTc4MTcxOTh9.wBn70QNl7t_jd89qmpaNN7g8PO34xGVgjtglMwjvzIM',1,1,'2020-08-19 06:06:38',NULL,'2020-08-19 06:06:38','2020-08-19 06:06:38'),(54,'eyJhbGciOiJIUzI1NiIsInR5cCI6IkpXVCJ9.eyJyZXN1bHRQaG9uZSI6IjgzNzQzOTM2MjEiLCJpYXQiOjE1OTc4MTc0ODJ9.Bf46Ml4Bq7eHh_oIvS2K1DbXb_izN0ZmRxVzlpxgbLI',1,1,'2020-08-19 06:11:22',NULL,'2020-08-19 06:11:22','2020-08-19 06:11:22'),(55,'eyJhbGciOiJIUzI1NiIsInR5cCI6IkpXVCJ9.eyJyZXN1bHRQaG9uZSI6IjgzNzQzOTM2MjEiLCJpYXQiOjE1OTc4MTgwMDZ9.1gljj9RIzVO_qOPi_L1rm8H8Hew2z39LqLjZaaWg3Wo',1,1,'2020-08-19 06:20:06',NULL,'2020-08-19 06:20:06','2020-08-19 06:20:06'),(56,'eyJhbGciOiJIUzI1NiIsInR5cCI6IkpXVCJ9.eyJyZXN1bHRQaG9uZSI6IjgzNzQzOTM2MjEiLCJpYXQiOjE1OTc4MTgxMzZ9.Xm9a2SCWjp-PHseYRf5Hyj6rcWwqqYYeb_jtgLE3IeM',1,1,'2020-08-19 06:22:16',NULL,'2020-08-19 06:22:16','2020-08-19 06:22:16'),(57,'eyJhbGciOiJIUzI1NiIsInR5cCI6IkpXVCJ9.eyJyZXN1bHRQaG9uZSI6IjgzNzQzOTM2MjEiLCJpYXQiOjE1OTc4MTg1MTJ9.X-zHvoCNEs-Bt43VBTmIP_Augh7-C_sWQbptxVGAUj4',1,1,'2020-08-19 06:28:32',NULL,'2020-08-19 06:28:32','2020-08-19 06:28:32'),(58,'eyJhbGciOiJIUzI1NiIsInR5cCI6IkpXVCJ9.eyJyZXN1bHRQaG9uZSI6IjgzNzQzOTM2MjEiLCJpYXQiOjE1OTc4MTg1MjV9.J98tIAVU3u4ai6gMp-i7z4__WGj_QkCSY6BlMJbkHuw',1,1,'2020-08-19 06:28:45',NULL,'2020-08-19 06:28:45','2020-08-19 06:28:45'),(59,'eyJhbGciOiJIUzI1NiIsInR5cCI6IkpXVCJ9.eyJyZXN1bHRQaG9uZSI6Ijk3MDU2NjczOTUiLCJpYXQiOjE1OTc4MTg2NzR9.p_T-Qnlx6cw0GCI_kOepYK9s-7ZFtjTJJrw7NJl3YKw',11,1,'2020-08-19 06:31:14',NULL,'2020-08-19 06:31:14','2020-08-19 06:31:14'),(60,'eyJhbGciOiJIUzI1NiIsInR5cCI6IkpXVCJ9.eyJyZXN1bHRQaG9uZSI6Ijk3MDU2NjczOTUiLCJpYXQiOjE1OTc4MTg5ODR9.Ybb7LvabCm0ittgMvQHk0XqkqvuqPy6-Cb6fizGqx4I',11,1,'2020-08-19 06:36:24',NULL,'2020-08-19 06:36:24','2020-08-19 06:36:24'),(61,'eyJhbGciOiJIUzI1NiIsInR5cCI6IkpXVCJ9.eyJyZXN1bHRQaG9uZSI6Ijk3MDU2NjczOTUiLCJpYXQiOjE1OTc4MTkwNTR9.wniqtiGmnI7nB1_AyvgYDoMBOUnulesIvhr-S6-2NAQ',11,1,'2020-08-19 06:37:34',NULL,'2020-08-19 06:37:34','2020-08-19 06:37:34'),(62,'eyJhbGciOiJIUzI1NiIsInR5cCI6IkpXVCJ9.eyJyZXN1bHRQaG9uZSI6Ijk3MDU2NjczOTUiLCJpYXQiOjE1OTc4MTkxNzh9.pqE1yy5l6k5mGgR-Hqqq7WJ7xeULJtwE4VqiXjalbo0',11,1,'2020-08-19 06:39:38',NULL,'2020-08-19 06:39:38','2020-08-19 06:39:38'),(63,'eyJhbGciOiJIUzI1NiIsInR5cCI6IkpXVCJ9.eyJyZXN1bHRQaG9uZSI6Ijk3MDU2NjczOTUiLCJpYXQiOjE1OTc4MTkyMDd9.pZnROjCvHH7AO1BMYmpHH6pGBII00UnaFgV_zD85XvE',11,1,'2020-08-19 06:40:07',NULL,'2020-08-19 06:40:07','2020-08-19 06:40:07'),(64,'eyJhbGciOiJIUzI1NiIsInR5cCI6IkpXVCJ9.eyJyZXN1bHRQaG9uZSI6Ijk0OTQwNTk2OTQiLCJpYXQiOjE1OTc4MTkyNTR9.HEZBO6lzEv79YEjdtoR1WmEsftXGwGQHl26BnmrhzVc',10,1,'2020-08-19 06:40:54',NULL,'2020-08-19 06:40:54','2020-08-19 06:40:54'),(65,'eyJhbGciOiJIUzI1NiIsInR5cCI6IkpXVCJ9.eyJyZXN1bHRQaG9uZSI6Ijk3MDU2NjczOTUiLCJpYXQiOjE1OTc4MTk4Mzh9.dQ-Xtmm23dP_6d0a-kiEVGVJ21nDd8Z6A2_HeT-AIeg',11,1,'2020-08-19 06:50:38',NULL,'2020-08-19 06:50:38','2020-08-19 06:50:38'),(66,'eyJhbGciOiJIUzI1NiIsInR5cCI6IkpXVCJ9.eyJyZXN1bHRQaG9uZSI6Ijk3MDU2NjczOTUiLCJpYXQiOjE1OTc4MjAwMjN9.bpfRo1C1c3NeTPlxVdCYyXVIIPBIKlCsws7PEQEFbJ4',11,1,'2020-08-19 06:53:43',NULL,'2020-08-19 06:53:43','2020-08-19 06:53:43'),(67,'eyJhbGciOiJIUzI1NiIsInR5cCI6IkpXVCJ9.eyJyZXN1bHRQaG9uZSI6Ijk3MDU2NjczOTUiLCJpYXQiOjE1OTc4MjAwNTF9.9_zWFJaqZudYsw74HsyXvOy0Ry__E_tnqx9KjW9Pr0U',11,1,'2020-08-19 06:54:11',NULL,'2020-08-19 06:54:11','2020-08-19 06:54:11'),(68,'eyJhbGciOiJIUzI1NiIsInR5cCI6IkpXVCJ9.eyJyZXN1bHRQaG9uZSI6Ijk3MDU2NjczOTUiLCJpYXQiOjE1OTc4MjExMjd9.OlWdscTOL81V_1rfGxoVVr5jeOCVb1qE0OC-4i_mfdI',11,1,'2020-08-19 07:12:07',NULL,'2020-08-19 07:12:07','2020-08-19 07:12:07'),(69,'eyJhbGciOiJIUzI1NiIsInR5cCI6IkpXVCJ9.eyJyZXN1bHRQaG9uZSI6Ijk3MDU2NjczOTUiLCJpYXQiOjE1OTc4MjExNjB9.z5mavYus6YfuYg3RlkdkS86g4XQPVg7gsaUNJ6ENkgk',11,1,'2020-08-19 07:12:40',NULL,'2020-08-19 07:12:40','2020-08-19 07:12:40'),(70,'eyJhbGciOiJIUzI1NiIsInR5cCI6IkpXVCJ9.eyJyZXN1bHRQaG9uZSI6Ijk3MDU2NjczOTUiLCJpYXQiOjE1OTc4MjExOTJ9.B6ld1B5wOu7gb8Fnp1KQzwm-EFW40k9uBA9hiRrVr8w',11,1,'2020-08-19 07:13:12',NULL,'2020-08-19 07:13:12','2020-08-19 07:13:12'),(71,'eyJhbGciOiJIUzI1NiIsInR5cCI6IkpXVCJ9.eyJyZXN1bHRQaG9uZSI6Ijk3MDU2NjczOTUiLCJpYXQiOjE1OTc4MjEyNjR9.imPenjw7FShakMZf7vjvq5dpzWnaMJkgEWgvsznAo7A',11,1,'2020-08-19 07:14:24',NULL,'2020-08-19 07:14:24','2020-08-19 07:14:24'),(72,'eyJhbGciOiJIUzI1NiIsInR5cCI6IkpXVCJ9.eyJyZXN1bHRQaG9uZSI6IjgzNzQzOTM2MjEiLCJpYXQiOjE1OTc4MjY4MzZ9.839zCunewY9kjLRmD6sTM5qcUAR0qdA4ezH0BrLsO-A',1,1,'2020-08-19 08:47:16',NULL,'2020-08-19 08:47:16','2020-08-19 08:47:16'),(73,'eyJhbGciOiJIUzI1NiIsInR5cCI6IkpXVCJ9.eyJyZXN1bHRQaG9uZSI6Ijk3MDU2NjczOTUiLCJpYXQiOjE1OTc4MjY5MDF9.FC9yTaSP69tROnigjrIE5UK31WVyjCGRK2IldXZB9aU',11,1,'2020-08-19 08:48:21',NULL,'2020-08-19 08:48:21','2020-08-19 08:48:21'),(74,'eyJhbGciOiJIUzI1NiIsInR5cCI6IkpXVCJ9.eyJyZXN1bHRQaG9uZSI6Ijk3MDU2NjczOTUiLCJpYXQiOjE1OTc4MjY5MTN9.lxm7p11NgXetzr3JGj0i1q2Ef4jiyvYKTnex5gsyfMk',11,1,'2020-08-19 08:48:33',NULL,'2020-08-19 08:48:33','2020-08-19 08:48:33'),(75,'eyJhbGciOiJIUzI1NiIsInR5cCI6IkpXVCJ9.eyJyZXN1bHRQaG9uZSI6Ijk3MDU2NjczOTUiLCJpYXQiOjE1OTc4MjY5MTR9.UT2QPqFuhHqmZXwtX4voj6EuG89IhhMAKbJ1uhWcxoY',11,1,'2020-08-19 08:48:35',NULL,'2020-08-19 08:48:35','2020-08-19 08:48:35'),(76,'eyJhbGciOiJIUzI1NiIsInR5cCI6IkpXVCJ9.eyJyZXN1bHRQaG9uZSI6Ijk3MDU2NjczOTUiLCJpYXQiOjE1OTc4MjY5MTZ9._d-qg1xh9pVBazyoJf5QzO1VSdOOiPI4Fv_2z59xd2Q',11,1,'2020-08-19 08:48:36',NULL,'2020-08-19 08:48:36','2020-08-19 08:48:36'),(77,'eyJhbGciOiJIUzI1NiIsInR5cCI6IkpXVCJ9.eyJyZXN1bHRQaG9uZSI6Ijk3MDU2NjczOTUiLCJpYXQiOjE1OTc4MjY5MTZ9._d-qg1xh9pVBazyoJf5QzO1VSdOOiPI4Fv_2z59xd2Q',11,1,'2020-08-19 08:48:36',NULL,'2020-08-19 08:48:36','2020-08-19 08:48:36'),(78,'eyJhbGciOiJIUzI1NiIsInR5cCI6IkpXVCJ9.eyJyZXN1bHRQaG9uZSI6Ijk3MDU2NjczOTUiLCJpYXQiOjE1OTc4MjY5MTV9.BVIuT9xSpuvT_nxSmODBCh0-zF-F8-Jb0u5sSI709Uo',11,1,'2020-08-19 08:48:36',NULL,'2020-08-19 08:48:36','2020-08-19 08:48:36'),(79,'eyJhbGciOiJIUzI1NiIsInR5cCI6IkpXVCJ9.eyJyZXN1bHRQaG9uZSI6IjgzNzQzOTM2MjEiLCJpYXQiOjE1OTc4Mjg4NDd9.-DBpRtdnhqOqcxQf03RoiPSAGQ8Slhav5H-vAgYC_yI',1,1,'2020-08-19 09:20:48',NULL,'2020-08-19 09:20:48','2020-08-19 09:20:48'),(80,'eyJhbGciOiJIUzI1NiIsInR5cCI6IkpXVCJ9.eyJyZXN1bHRQaG9uZSI6IjgzNzQzOTM2MjEiLCJpYXQiOjE1OTc4Mjg4NDR9.PYR6WKq1AwCyAfrBtWu47BLQjTLdueVvKmtM2nCd4Ws',1,1,'2020-08-19 09:20:45',NULL,'2020-08-19 09:20:45','2020-08-19 09:20:45'),(81,'eyJhbGciOiJIUzI1NiIsInR5cCI6IkpXVCJ9.eyJyZXN1bHRQaG9uZSI6IjgzNzQzOTM2MjEiLCJpYXQiOjE1OTc4Mjg4NzV9.aAk_KXTZMsGigd5g07NkuXkAsRJBKM4OLVKhFYCI_8A',1,1,'2020-08-19 09:21:15',NULL,'2020-08-19 09:21:15','2020-08-19 09:21:15'),(82,'eyJhbGciOiJIUzI1NiIsInR5cCI6IkpXVCJ9.eyJyZXN1bHRQaG9uZSI6IjgzNzQzOTM2MjEiLCJpYXQiOjE1OTc4Mjg4NzR9.rC12x8jVSoUdgi7gOWOMFODIxwqGT2JHmGqaEKdO6KM',1,1,'2020-08-19 09:21:15',NULL,'2020-08-19 09:21:15','2020-08-19 09:21:15'),(83,'eyJhbGciOiJIUzI1NiIsInR5cCI6IkpXVCJ9.eyJyZXN1bHRQaG9uZSI6IjgzNzQzOTM2MjEiLCJpYXQiOjE1OTc4Mjg4NDZ9.eLA2CQzFyE0BaXDt8BOg2vfL4-nx5fWbt_yVyBlFkYM',1,1,'2020-08-19 09:20:48',NULL,'2020-08-19 09:20:48','2020-08-19 09:20:48'),(84,'eyJhbGciOiJIUzI1NiIsInR5cCI6IkpXVCJ9.eyJyZXN1bHRQaG9uZSI6IjgzNzQzOTM2MjEiLCJpYXQiOjE1OTc4MjkxMzh9.O5xizxdjHgmgx3dtBsdevG-bZgXXeh099nS_Glaaoi0',1,1,'2020-08-19 09:25:38',NULL,'2020-08-19 09:25:38','2020-08-19 09:25:38'),(85,'eyJhbGciOiJIUzI1NiIsInR5cCI6IkpXVCJ9.eyJyZXN1bHRQaG9uZSI6Ijk3MDU2NjczOTUiLCJpYXQiOjE1OTc4MjkyMjR9.lmKhKsoLNhBco0v4OriJtz_WEPJkMlFOMjqcSGfp7tw',11,1,'2020-08-19 09:27:05',NULL,'2020-08-19 09:27:05','2020-08-19 09:27:05'),(86,'eyJhbGciOiJIUzI1NiIsInR5cCI6IkpXVCJ9.eyJyZXN1bHRQaG9uZSI6Ijk3MDU2NjczOTUiLCJpYXQiOjE1OTc4Mjk1NDd9.yHeIrv1sAGl5VYEQG9EnP1qBflqDIkgQr_5Ia3sGcQA',11,1,'2020-08-19 09:32:28',NULL,'2020-08-19 09:32:28','2020-08-19 09:32:28'),(87,'eyJhbGciOiJIUzI1NiIsInR5cCI6IkpXVCJ9.eyJyZXN1bHRQaG9uZSI6Ijk3MDU2NjczOTUiLCJpYXQiOjE1OTc4Mjk2NDl9.cynNsECiTArV45cyyNQKF3KkNvJocmGqOMp56t7q75I',11,1,'2020-08-19 09:34:09',NULL,'2020-08-19 09:34:09','2020-08-19 09:34:09'),(88,'eyJhbGciOiJIUzI1NiIsInR5cCI6IkpXVCJ9.eyJyZXN1bHRQaG9uZSI6IjgzNzQzOTM2MjEiLCJpYXQiOjE1OTc5OTg2NTB9.9-lQzIE_VLal5rdx9Qhw4Vo-K_Nm6AZ1IK5KiBIoy0M',1,1,'2020-08-21 08:30:50',NULL,'2020-08-21 08:30:50','2020-08-21 08:30:50'),(89,'eyJhbGciOiJIUzI1NiIsInR5cCI6IkpXVCJ9.eyJyZXN1bHRQaG9uZSI6Ijk3MDU2NjczOTUiLCJpYXQiOjE1OTc5OTg4MjN9.V2QnPEvkA21gotPJaFOzr2BQ6rc9L6yltL2X_8Zqj4Y',11,1,'2020-08-21 08:33:43',NULL,'2020-08-21 08:33:43','2020-08-21 08:33:43'),(90,'eyJhbGciOiJIUzI1NiIsInR5cCI6IkpXVCJ9.eyJyZXN1bHRQaG9uZSI6Ijk0OTQwNTk2OTQiLCJpYXQiOjE1OTc5OTg5NzZ9.SBuJoFvEHcwLA4JBpu1-FWQfGDkC-dFcxApsX8vy3ZY',10,1,'2020-08-21 08:36:16',NULL,'2020-08-21 08:36:16','2020-08-21 08:36:16'),(91,'eyJhbGciOiJIUzI1NiIsInR5cCI6IkpXVCJ9.eyJyZXN1bHRQaG9uZSI6Ijk0OTQwNTk2OTQiLCJpYXQiOjE1OTc5OTkwNDN9.5yqi10sVXU19lB4ZciizAfxjKo0F6nswviNJ4fBr1qE',10,1,'2020-08-21 08:37:23',NULL,'2020-08-21 08:37:23','2020-08-21 08:37:23'),(92,'eyJhbGciOiJIUzI1NiIsInR5cCI6IkpXVCJ9.eyJyZXN1bHRQaG9uZSI6IjkzMzMzMzMzMzMiLCJpYXQiOjE1OTc5OTkxMTl9.5MoSCzCy__2tV53otm03lhWIjfF9vgyA_uXOZnHaT-o',9,1,'2020-08-21 08:38:39',NULL,'2020-08-21 08:38:39','2020-08-21 08:38:39'),(93,'eyJhbGciOiJIUzI1NiIsInR5cCI6IkpXVCJ9.eyJyZXN1bHRQaG9uZSI6Ijk5OTk5OTk5OTkiLCJpYXQiOjE1OTc5OTkxNjl9.gfRo4Rw_jASDMgD3LxKvYU2TdyvuGBh7P0WB-8YFVu4',3,1,'2020-08-21 08:39:29',NULL,'2020-08-21 08:39:29','2020-08-21 08:39:29'),(94,'eyJhbGciOiJIUzI1NiIsInR5cCI6IkpXVCJ9.eyJyZXN1bHRQaG9uZSI6IjgzNzQzOTM2MjEiLCJpYXQiOjE1OTc5OTkyMTV9.syXFuydD4xaqPKDVBXmgh2XgpTboLrs-HBeE7-Yev4w',1,1,'2020-08-21 08:40:15',NULL,'2020-08-21 08:40:15','2020-08-21 08:40:15'),(95,'eyJhbGciOiJIUzI1NiIsInR5cCI6IkpXVCJ9.eyJyZXN1bHRQaG9uZSI6Ijk3MDU2NjczOTUiLCJpYXQiOjE1OTc5OTk3MTl9.3fN6K3G2OkzgkaqoDQGuWkqgi-_nRPXmXgONRsUYL_g',11,1,'2020-08-21 08:48:39',NULL,'2020-08-21 08:48:39','2020-08-21 08:48:39'),(96,'eyJhbGciOiJIUzI1NiIsInR5cCI6IkpXVCJ9.eyJyZXN1bHRQaG9uZSI6Ijk3MDU2NjczOTUiLCJpYXQiOjE1OTc5OTk4MTF9.Lihk5v3wivqf0ZDIJC-2WOL81oLWnVExjljFNmp5JWo',11,1,'2020-08-21 08:50:11',NULL,'2020-08-21 08:50:11','2020-08-21 08:50:11'),(97,'eyJhbGciOiJIUzI1NiIsInR5cCI6IkpXVCJ9.eyJyZXN1bHRQaG9uZSI6Ijk3MDU2NjczOTUiLCJpYXQiOjE1OTc5OTk5NTh9.z7YBM1MoeFoIMa-dlVeEI5sX-jsLdW9tYaJZpHctn-E',11,1,'2020-08-21 08:52:38',NULL,'2020-08-21 08:52:38','2020-08-21 08:52:38'),(98,'eyJhbGciOiJIUzI1NiIsInR5cCI6IkpXVCJ9.eyJyZXN1bHRQaG9uZSI6Ijk3MDU2NjczOTUiLCJpYXQiOjE1OTgwMDA0NzJ9.7xCMBhiDBtAXCNHW-RWIWHr6BIZFD3ikLRrYS9LANH0',11,1,'2020-08-21 09:01:12',NULL,'2020-08-21 09:01:12','2020-08-21 09:01:12'),(99,'eyJhbGciOiJIUzI1NiIsInR5cCI6IkpXVCJ9.eyJyZXN1bHRQaG9uZSI6Ijk3MDU2NjczOTUiLCJpYXQiOjE1OTgwMDA2Njl9.QexAH4ZmN6GPtBUtGhrWy6k7Cu3idT4_vOSpOJER0EI',11,1,'2020-08-21 09:04:29',NULL,'2020-08-21 09:04:29','2020-08-21 09:04:29'),(100,'eyJhbGciOiJIUzI1NiIsInR5cCI6IkpXVCJ9.eyJyZXN1bHRQaG9uZSI6IjgzNzQzOTM2MjEiLCJpYXQiOjE1OTgwMDA4ODd9.AsCXO3Kj4Gap0VKxuPF_mvUUkD7Ir65DdBP-2PA40N0',1,1,'2020-08-21 09:08:07',NULL,'2020-08-21 09:08:07','2020-08-21 09:08:07'),(101,'eyJhbGciOiJIUzI1NiIsInR5cCI6IkpXVCJ9.eyJyZXN1bHRQaG9uZSI6Ijk3MDU2NjczOTUiLCJpYXQiOjE1OTgwMDE3ODV9.GMSJ96yZK3OtthYaRdU-4-eE5_5NVm8lnckJsuf8Y_M',11,1,'2020-08-21 09:23:05',NULL,'2020-08-21 09:23:05','2020-08-21 09:23:05'),(102,'eyJhbGciOiJIUzI1NiIsInR5cCI6IkpXVCJ9.eyJyZXN1bHRQaG9uZSI6Ijk3MDU2NjczOTUiLCJpYXQiOjE1OTgwMDE4NDh9.JQBUo-SEdyk8j-BCHU3twgig_dbwpVG57N5qBBW-og0',11,1,'2020-08-21 09:24:08',NULL,'2020-08-21 09:24:08','2020-08-21 09:24:08'),(103,'eyJhbGciOiJIUzI1NiIsInR5cCI6IkpXVCJ9.eyJyZXN1bHRQaG9uZSI6Ijk3MDU2NjczOTUiLCJpYXQiOjE1OTgwMDE4NTR9.XyMUAwlIP4jQw0LthnhGO5ZiXbG9Fhwv0ADXRKhftSg',11,1,'2020-08-21 09:24:14',NULL,'2020-08-21 09:24:14','2020-08-21 09:24:14'),(104,'eyJhbGciOiJIUzI1NiIsInR5cCI6IkpXVCJ9.eyJyZXN1bHRQaG9uZSI6Ijk3MDU2NjczOTUiLCJpYXQiOjE1OTgwMDE4ODl9.hrfjButAskOP5sk5Lcb_6Sb6TI5bqCiw9Kd1qlE1muY',11,1,'2020-08-21 09:24:49',NULL,'2020-08-21 09:24:49','2020-08-21 09:24:49'),(105,'eyJhbGciOiJIUzI1NiIsInR5cCI6IkpXVCJ9.eyJyZXN1bHRQaG9uZSI6IjgzNzQzOTM2MjEiLCJpYXQiOjE1OTgwMDE5MzR9.PfCRihJ_3VNa7KOgaFMIpTQ1KZfMB8OASy7TZbBbB1o',1,1,'2020-08-21 09:25:34',NULL,'2020-08-21 09:25:34','2020-08-21 09:25:34'),(106,'eyJhbGciOiJIUzI1NiIsInR5cCI6IkpXVCJ9.eyJyZXN1bHRQaG9uZSI6Ijk3MDU2NjczOTUiLCJpYXQiOjE1OTgwMDI4MjJ9.zSXvgdOnoCaj_MCpekMDvivgveE6JoNEIKvq5UwHWwA',11,1,'2020-08-21 09:40:22',NULL,'2020-08-21 09:40:22','2020-08-21 09:40:22'),(107,'eyJhbGciOiJIUzI1NiIsInR5cCI6IkpXVCJ9.eyJyZXN1bHRQaG9uZSI6Ijk3MDU2NjczOTUiLCJpYXQiOjE1OTgwMDMwNTB9.FvaBTeIj9pQ8iP-0-4sIIaI4tTxk5OMDr0nGHE5ENAY',11,1,'2020-08-21 09:44:10',NULL,'2020-08-21 09:44:10','2020-08-21 09:44:10'),(108,'eyJhbGciOiJIUzI1NiIsInR5cCI6IkpXVCJ9.eyJyZXN1bHRQaG9uZSI6Ijk3MDU2NjczOTUiLCJpYXQiOjE1OTgwMDM1NzB9.4ZaZr59GxjJ-rQZmpevbEIR2FVBMy9BRpn4d16WJ7-Q',11,1,'2020-08-21 09:52:50',NULL,'2020-08-21 09:52:50','2020-08-21 09:52:50'),(109,'eyJhbGciOiJIUzI1NiIsInR5cCI6IkpXVCJ9.eyJyZXN1bHRQaG9uZSI6Ijk3MDU2NjczOTUiLCJpYXQiOjE1OTgwMDM2ODl9.xgmqhA4qSuZTTqB73p_DgIa6YVUl-SisP4pxr5OABIg',11,1,'2020-08-21 09:54:49',NULL,'2020-08-21 09:54:49','2020-08-21 09:54:49'),(110,'eyJhbGciOiJIUzI1NiIsInR5cCI6IkpXVCJ9.eyJyZXN1bHRQaG9uZSI6Ijk3MDU2NjczOTUiLCJpYXQiOjE1OTgwMDQxMTd9.WdvDNuyDCoySMZkf2NkO-0iSHPgVWZB05-8x65kE9hc',11,1,'2020-08-21 10:01:57',NULL,'2020-08-21 10:01:57','2020-08-21 10:01:57'),(111,'eyJhbGciOiJIUzI1NiIsInR5cCI6IkpXVCJ9.eyJyZXN1bHRQaG9uZSI6Ijk3MDU2NjczOTUiLCJpYXQiOjE1OTgwMDQzMTN9.Jj7mQ_aLMOIWT83ejqjmxIk8fbEioLrqD_N3JJMKjdo',11,1,'2020-08-21 10:05:13',NULL,'2020-08-21 10:05:13','2020-08-21 10:05:13'),(112,'eyJhbGciOiJIUzI1NiIsInR5cCI6IkpXVCJ9.eyJyZXN1bHRQaG9uZSI6Ijk3MDU2NjczOTUiLCJpYXQiOjE1OTgwMDQ2OTF9.Qeis_c1gQ689782KVmNO6xoCpzPAVgYaYpGIv5cXOFo',11,1,'2020-08-21 10:11:31',NULL,'2020-08-21 10:11:31','2020-08-21 10:11:31'),(113,'eyJhbGciOiJIUzI1NiIsInR5cCI6IkpXVCJ9.eyJyZXN1bHRQaG9uZSI6Ijk3MDU2NjczOTUiLCJpYXQiOjE1OTgwMDUzNDh9.HV3z1p-zmrIK-Ibo_kPirS7XYNfDaDstBdFpqZTXdzc',11,1,'2020-08-21 10:22:28',NULL,'2020-08-21 10:22:28','2020-08-21 10:22:28'),(114,'eyJhbGciOiJIUzI1NiIsInR5cCI6IkpXVCJ9.eyJyZXN1bHRQaG9uZSI6Ijk3MDU2NjczOTUiLCJpYXQiOjE1OTgwMDU2NDB9.y1F9uGaNot2UP63E3T9PYhyglevBTSbo03ehrHQ6DuU',11,1,'2020-08-21 10:27:20',NULL,'2020-08-21 10:27:20','2020-08-21 10:27:20'),(115,'eyJhbGciOiJIUzI1NiIsInR5cCI6IkpXVCJ9.eyJyZXN1bHRQaG9uZSI6Ijk3MDU2NjczOTUiLCJpYXQiOjE1OTgwMDU5NDJ9.5hzda95xoIrZNZ9DZkz_igmcyoS6nzvoTfMT96Z4toc',11,1,'2020-08-21 10:32:22',NULL,'2020-08-21 10:32:22','2020-08-21 10:32:22'),(116,'eyJhbGciOiJIUzI1NiIsInR5cCI6IkpXVCJ9.eyJyZXN1bHRQaG9uZSI6Ijk3MDU2NjczOTUiLCJpYXQiOjE1OTgwMDY4MDR9.G0XdoW_cnsL63w6SYK8cJBF4Rvh2CqBcnz_5wsO5sCE',11,1,'2020-08-21 10:46:44',NULL,'2020-08-21 10:46:44','2020-08-21 10:46:44'),(117,'eyJhbGciOiJIUzI1NiIsInR5cCI6IkpXVCJ9.eyJyZXN1bHRQaG9uZSI6Ijk3MDU2NjczOTUiLCJpYXQiOjE1OTgwMDY4MTF9.iLGLw57sH2tM0W1SRjrckgJj3hvGrxI4_AAEMbNAGBc',11,1,'2020-08-21 10:46:51',NULL,'2020-08-21 10:46:51','2020-08-21 10:46:51'),(118,'eyJhbGciOiJIUzI1NiIsInR5cCI6IkpXVCJ9.eyJyZXN1bHRQaG9uZSI6IjgzNzQzOTM2MjEiLCJpYXQiOjE1OTgwMDY4ODJ9.Oqnwcr8koeykLHbgtxWSNkffSHWvunSsVo_sZ7JEheY',1,1,'2020-08-21 10:48:02',NULL,'2020-08-21 10:48:02','2020-08-21 10:48:02'),(119,'eyJhbGciOiJIUzI1NiIsInR5cCI6IkpXVCJ9.eyJyZXN1bHRQaG9uZSI6IjgzNzQzOTM2MjEiLCJpYXQiOjE1OTgwMDY5NTh9.5AtofkBffARNVcGd67tFitMCR7_0nYu9SFlZfoUDQw0',1,1,'2020-08-21 10:49:18',NULL,'2020-08-21 10:49:18','2020-08-21 10:49:18'),(120,'eyJhbGciOiJIUzI1NiIsInR5cCI6IkpXVCJ9.eyJyZXN1bHRQaG9uZSI6IjgzNzQzOTM2MjEiLCJpYXQiOjE1OTgwMDcwMDZ9.5qLiTYplHHF_dJkv1m3Wq4B6sM8Jvh2FszdHLjbd1mM',1,1,'2020-08-21 10:50:06',NULL,'2020-08-21 10:50:06','2020-08-21 10:50:06'),(121,'eyJhbGciOiJIUzI1NiIsInR5cCI6IkpXVCJ9.eyJyZXN1bHRQaG9uZSI6IjgzNzQzOTM2MjEiLCJpYXQiOjE1OTgwMDcwNzd9.UBJlY7DFA6s-q4NQEnL8QyOoTO0tJ7TqtexsJmRi0jY',1,1,'2020-08-21 10:51:17',NULL,'2020-08-21 10:51:17','2020-08-21 10:51:17'),(122,'eyJhbGciOiJIUzI1NiIsInR5cCI6IkpXVCJ9.eyJyZXN1bHRQaG9uZSI6Ijk3MDU2NjczOTUiLCJpYXQiOjE1OTgwMDcxMTR9.Lik5Qm_r4EiYOlN-nFZBxKYU2TvFr7FugOmaI34qMiA',11,1,'2020-08-21 10:51:54',NULL,'2020-08-21 10:51:54','2020-08-21 10:51:54'),(123,'eyJhbGciOiJIUzI1NiIsInR5cCI6IkpXVCJ9.eyJyZXN1bHRQaG9uZSI6Ijk3MDU2NjczOTUiLCJpYXQiOjE1OTgwMDcyMzF9.Hq-rkUr_zf2KfVCUzjzEkkfR_quRW_x7qhNgtuPbsqs',11,1,'2020-08-21 10:53:51',NULL,'2020-08-21 10:53:51','2020-08-21 10:53:51'),(124,'eyJhbGciOiJIUzI1NiIsInR5cCI6IkpXVCJ9.eyJyZXN1bHRQaG9uZSI6Ijk3MDU2NjczOTUiLCJpYXQiOjE1OTgwMDc3Njd9.TAepbUPEBfiImBKzb52_IahZjNAIUKb-E5gjBhsrpPA',11,1,'2020-08-21 11:02:47',NULL,'2020-08-21 11:02:47','2020-08-21 11:02:47'),(125,'eyJhbGciOiJIUzI1NiIsInR5cCI6IkpXVCJ9.eyJyZXN1bHRQaG9uZSI6Ijk3MDU2NjczOTUiLCJpYXQiOjE1OTgwMDc4NDd9.K-xGHNbyhPCBGN9uHaaFnEQUvLzo0IS1xSTZE0ladeg',11,1,'2020-08-21 11:04:07',NULL,'2020-08-21 11:04:07','2020-08-21 11:04:07'),(126,'eyJhbGciOiJIUzI1NiIsInR5cCI6IkpXVCJ9.eyJyZXN1bHRQaG9uZSI6Ijk3MDU2NjczOTUiLCJpYXQiOjE1OTgwMDc5MjJ9.RC6pYBz9z9hAHd8ccWg8n4Ny1SzAmQzqupE7_cLuP3E',11,1,'2020-08-21 11:05:22',NULL,'2020-08-21 11:05:22','2020-08-21 11:05:22'),(127,'eyJhbGciOiJIUzI1NiIsInR5cCI6IkpXVCJ9.eyJyZXN1bHRQaG9uZSI6Ijk3MDU2NjczOTUiLCJpYXQiOjE1OTgwMDgwMDZ9.Ex_b5at4VR2Ru5dpXVGVSVZSESZYt561tkOY7TERRZw',11,1,'2020-08-21 11:06:46',NULL,'2020-08-21 11:06:46','2020-08-21 11:06:46'),(128,'eyJhbGciOiJIUzI1NiIsInR5cCI6IkpXVCJ9.eyJyZXN1bHRQaG9uZSI6Ijk3MDU2NjczOTUiLCJpYXQiOjE1OTgwMDg5MTN9.s8pRq_TXQ5ivFyENWsUk4Nqrv0cGKiTpa9zDlQ0leLs',11,1,'2020-08-21 11:21:53',NULL,'2020-08-21 11:21:53','2020-08-21 11:21:53'),(129,'eyJhbGciOiJIUzI1NiIsInR5cCI6IkpXVCJ9.eyJyZXN1bHRQaG9uZSI6Ijk3MDU2NjczOTUiLCJpYXQiOjE1OTgwMDg5NDh9.kAeKzrS8jnPJQUbF_8Iwf3-fuReyq2g-58Zouk1OiR0',11,1,'2020-08-21 11:22:28',NULL,'2020-08-21 11:22:28','2020-08-21 11:22:28'),(130,'eyJhbGciOiJIUzI1NiIsInR5cCI6IkpXVCJ9.eyJyZXN1bHRQaG9uZSI6IjgzNzQzOTM2MjEiLCJpYXQiOjE1OTgwMDk3ODd9.MOWwERlP-YtNWaAukAdlr8rkAY_U3bjpg-xgNtW2XRY',1,1,'2020-08-21 11:36:27',NULL,'2020-08-21 11:36:27','2020-08-21 11:36:27'),(131,'eyJhbGciOiJIUzI1NiIsInR5cCI6IkpXVCJ9.eyJyZXN1bHRQaG9uZSI6IjgzNzQzOTM2MjEiLCJpYXQiOjE1OTgwMTQ5NDh9.uFV30qTH67cV0zfkYJysWqSE1gZ5uOYJ9FdxfI762H4',1,1,'2020-08-21 13:02:28',NULL,'2020-08-21 13:02:28','2020-08-21 13:02:28'),(132,'eyJhbGciOiJIUzI1NiIsInR5cCI6IkpXVCJ9.eyJyZXN1bHRQaG9uZSI6IjgzNzQzOTM2MjEiLCJpYXQiOjE1OTgwMTg1NTl9.I2SYxQRvwEKQfC59EdcUgUEKdLdYdAtPLgcgJOTNRdc',1,1,'2020-08-21 14:02:39',NULL,'2020-08-21 14:02:39','2020-08-21 14:02:39'),(133,'eyJhbGciOiJIUzI1NiIsInR5cCI6IkpXVCJ9.eyJyZXN1bHRQaG9uZSI6IjgzNzQzOTM2MjEiLCJpYXQiOjE1OTgwMTk5MTB9.gsw37QNJnmjIlrWYLdmHVShHZvAWojRkHLB3f4_z_bs',1,1,'2020-08-21 14:25:10',NULL,'2020-08-21 14:25:10','2020-08-21 14:25:10'),(134,'eyJhbGciOiJIUzI1NiIsInR5cCI6IkpXVCJ9.eyJyZXN1bHRQaG9uZSI6Ijk3MDU2NjczOTUiLCJpYXQiOjE1OTgwMTk5Njd9._pwEAg7xp_2dnuoLI690ucqTWFxUrOQvmzDMeDTrOL0',11,1,'2020-08-21 14:26:07',NULL,'2020-08-21 14:26:07','2020-08-21 14:26:07'),(135,'eyJhbGciOiJIUzI1NiIsInR5cCI6IkpXVCJ9.eyJyZXN1bHRQaG9uZSI6Ijk3MDU2NjczOTUiLCJpYXQiOjE1OTgwMjAwMTd9.74QiU6KEwzCWhfIb2ObORIokXPXv5tL_hppsBmunZdU',11,1,'2020-08-21 14:26:57',NULL,'2020-08-21 14:26:57','2020-08-21 14:26:57'),(136,'eyJhbGciOiJIUzI1NiIsInR5cCI6IkpXVCJ9.eyJyZXN1bHRQaG9uZSI6Ijk3MDU2NjczOTUiLCJpYXQiOjE1OTgwMjAwOTl9.Q190BI6Ul9h8VM023OaS29NhXcFA1hIjBM92QrsSWlI',11,1,'2020-08-21 14:28:19',NULL,'2020-08-21 14:28:19','2020-08-21 14:28:19'),(137,'eyJhbGciOiJIUzI1NiIsInR5cCI6IkpXVCJ9.eyJyZXN1bHRQaG9uZSI6Ijk3MDU2NjczOTUiLCJpYXQiOjE1OTgwMjAxMTV9.VKW6NSnuBqqWYgqHPr6sQOCZb5w4W2-AMIGPgkk15B8',11,1,'2020-08-21 14:28:35',NULL,'2020-08-21 14:28:35','2020-08-21 14:28:35'),(138,'eyJhbGciOiJIUzI1NiIsInR5cCI6IkpXVCJ9.eyJyZXN1bHRQaG9uZSI6Ijk3MDU2NjczOTUiLCJpYXQiOjE1OTgwMjAxNjZ9.cXxTN-UnK9W1ILvMEdFYIjt5pKoSIBsjzRFnFvJ4Nts',11,1,'2020-08-21 14:29:26',NULL,'2020-08-21 14:29:26','2020-08-21 14:29:26'),(139,'eyJhbGciOiJIUzI1NiIsInR5cCI6IkpXVCJ9.eyJyZXN1bHRQaG9uZSI6IjgzNzQzOTM2MjEiLCJpYXQiOjE1OTgwMjEwNzd9.qM-BuU0AXnOR6ISkWLDKv7kqmb0KBw6p39rcfWsdsGY',1,1,'2020-08-21 14:44:37',NULL,'2020-08-21 14:44:37','2020-08-21 14:44:37'),(140,'eyJhbGciOiJIUzI1NiIsInR5cCI6IkpXVCJ9.eyJyZXN1bHRQaG9uZSI6Ijk3MDU2NjczOTUiLCJpYXQiOjE1OTgwMjUwNjJ9.mtvLi4kMRQCAuGRSmg04o4R3TOGTL0I_sSrRdqDN6ao',11,1,'2020-08-21 15:51:02',NULL,'2020-08-21 15:51:02','2020-08-21 15:51:02'),(141,'eyJhbGciOiJIUzI1NiIsInR5cCI6IkpXVCJ9.eyJyZXN1bHRQaG9uZSI6IjgzNzQzOTM2MjEiLCJpYXQiOjE1OTgwMjUxNjB9.zOyddMa271c2HmVbC7EcwLGU_zKWsfxKiNP4j6Y8XkU',1,1,'2020-08-21 15:52:40',NULL,'2020-08-21 15:52:40','2020-08-21 15:52:40'),(142,'eyJhbGciOiJIUzI1NiIsInR5cCI6IkpXVCJ9.eyJyZXN1bHRQaG9uZSI6Ijk3MDU2NjczOTUiLCJpYXQiOjE1OTgwMjUyODB9.PLPQFJ0rJx6-Vn6TKJiFokWTWfGodtuvRWgG3fN5ua0',11,1,'2020-08-21 15:54:40',NULL,'2020-08-21 15:54:40','2020-08-21 15:54:40'),(143,'eyJhbGciOiJIUzI1NiIsInR5cCI6IkpXVCJ9.eyJyZXN1bHRQaG9uZSI6IjgzNzQzOTM2MjEiLCJpYXQiOjE1OTgyNDMzNjJ9.ax1I7r0iYF_AyHuklMtyTuYOwjFRA1c5MdbZ3Iyhfh4',1,1,'2020-08-24 04:29:22',NULL,'2020-08-24 04:29:22','2020-08-24 04:29:22'),(144,'eyJhbGciOiJIUzI1NiIsInR5cCI6IkpXVCJ9.eyJyZXN1bHRQaG9uZSI6IjgzNzQzOTM2MjEiLCJpYXQiOjE1OTgyNDQwMTV9.mh9J4oBfPqTmvzcdj8d36lmdIExfPX-HJLL6mwMMtUk',1,1,'2020-08-24 04:40:15',NULL,'2020-08-24 04:40:15','2020-08-24 04:40:15'),(145,'eyJhbGciOiJIUzI1NiIsInR5cCI6IkpXVCJ9.eyJyZXN1bHRQaG9uZSI6IjgzNzQzOTM2MjEiLCJpYXQiOjE1OTgyNDQxMDh9.N3czRU5cS1BxE1-CNoRwyHGwc96fk99_mUOEf_trOMs',1,1,'2020-08-24 04:41:48',NULL,'2020-08-24 04:41:48','2020-08-24 04:41:48'),(146,'eyJhbGciOiJIUzI1NiIsInR5cCI6IkpXVCJ9.eyJyZXN1bHRQaG9uZSI6IjgzNzQzOTM2MjEiLCJpYXQiOjE1OTgyNDQ2MzJ9.rCw6RW1EUxJuRUZ89zEsR_oEi-Kif51qyHR2_sBaC4o',1,1,'2020-08-24 04:50:32',NULL,'2020-08-24 04:50:32','2020-08-24 04:50:32'),(147,'eyJhbGciOiJIUzI1NiIsInR5cCI6IkpXVCJ9.eyJyZXN1bHRQaG9uZSI6Ijk3MDU2NjczOTUiLCJpYXQiOjE1OTgyNDQ5MDh9.ZZpxWbLY61YSHBUiwP4zGps28amj_huHNlQAJKfeC-s',11,1,'2020-08-24 04:55:08',NULL,'2020-08-24 04:55:08','2020-08-24 04:55:08'),(148,'eyJhbGciOiJIUzI1NiIsInR5cCI6IkpXVCJ9.eyJyZXN1bHRQaG9uZSI6IjgzNzQzOTM2MjEiLCJpYXQiOjE1OTgyNDUxNjd9.SFqRKOmp-dYYGfRd2v7PALO4JzC5uVd1VCzgUN8oXzM',1,1,'2020-08-24 04:59:27',NULL,'2020-08-24 04:59:27','2020-08-24 04:59:27'),(149,'eyJhbGciOiJIUzI1NiIsInR5cCI6IkpXVCJ9.eyJyZXN1bHRQaG9uZSI6IjgzNzQzOTM2MjEiLCJpYXQiOjE1OTgyNDUxOTV9.gO5aCYosx55dLgiX9RVm2LpgNT5iBya_E58rtHCRMrQ',1,1,'2020-08-24 04:59:55',NULL,'2020-08-24 04:59:55','2020-08-24 04:59:55'),(150,'eyJhbGciOiJIUzI1NiIsInR5cCI6IkpXVCJ9.eyJyZXN1bHRQaG9uZSI6IjgzNzQzOTM2MjEiLCJpYXQiOjE1OTgyNDUyNTB9.UZfY269QYTIWnHQoXMV47wWxkPMPIouFknO6bu0IaaI',1,1,'2020-08-24 05:00:50',NULL,'2020-08-24 05:00:50','2020-08-24 05:00:50'),(151,'eyJhbGciOiJIUzI1NiIsInR5cCI6IkpXVCJ9.eyJyZXN1bHRQaG9uZSI6IjgzNzQzOTM2MjEiLCJpYXQiOjE1OTgyNDU1MjJ9.Jyc0BuDk5Kyq5FmHCZGU9u3fbDKSwGUm8PuDdJDuWTE',1,1,'2020-08-24 05:05:22',NULL,'2020-08-24 05:05:22','2020-08-24 05:05:22'),(152,'eyJhbGciOiJIUzI1NiIsInR5cCI6IkpXVCJ9.eyJyZXN1bHRQaG9uZSI6IjgzNzQzOTM2MjEiLCJpYXQiOjE1OTgyNDU2MTJ9.sghqB4yHwg0BXgTOeJiE7YfZZwcfXHNiVqVmYkM1E0A',1,1,'2020-08-24 05:06:52',NULL,'2020-08-24 05:06:52','2020-08-24 05:06:52'),(153,'eyJhbGciOiJIUzI1NiIsInR5cCI6IkpXVCJ9.eyJyZXN1bHRQaG9uZSI6IjgzNzQzOTM2MjEiLCJpYXQiOjE1OTgyNDU2NDV9.WM4kUwYx9UDZ070OhqrEbbnUn02AOfSLAWdL9aJ1rOA',1,1,'2020-08-24 05:07:25',NULL,'2020-08-24 05:07:25','2020-08-24 05:07:25'),(154,'eyJhbGciOiJIUzI1NiIsInR5cCI6IkpXVCJ9.eyJyZXN1bHRQaG9uZSI6Ijk3MDU2NjczOTUiLCJpYXQiOjE1OTgyNDU2NTR9.Y4Z6kRQsE9IJjkhxzb-WudEK1TK6s4o7Eik4Ogy7ov4',11,1,'2020-08-24 05:07:34',NULL,'2020-08-24 05:07:34','2020-08-24 05:07:34'),(155,'eyJhbGciOiJIUzI1NiIsInR5cCI6IkpXVCJ9.eyJyZXN1bHRQaG9uZSI6Ijk3MDU2NjczOTUiLCJpYXQiOjE1OTgyNDU4MjR9.Tnnh1oervrLkpXyG9iok3SUbrld2uYS7u372SlMJinE',11,1,'2020-08-24 05:10:24',NULL,'2020-08-24 05:10:24','2020-08-24 05:10:24'),(156,'eyJhbGciOiJIUzI1NiIsInR5cCI6IkpXVCJ9.eyJyZXN1bHRQaG9uZSI6Ijk3MDU2NjczOTUiLCJpYXQiOjE1OTgyNDYyOTJ9.PoSguAuOCfCSgJlpDn_yBDjHYR3pMYwdJrkkllv8Zvg',11,1,'2020-08-24 05:18:12',NULL,'2020-08-24 05:18:12','2020-08-24 05:18:12'),(157,'eyJhbGciOiJIUzI1NiIsInR5cCI6IkpXVCJ9.eyJyZXN1bHRQaG9uZSI6Ijk3MDU2NjczOTUiLCJpYXQiOjE1OTgyNDYzNzh9.m5LR3MBh9NgJA7WrSsxQsy1E6KToXSx7MIFrf4KpHzM',11,1,'2020-08-24 05:19:38',NULL,'2020-08-24 05:19:38','2020-08-24 05:19:38'),(158,'eyJhbGciOiJIUzI1NiIsInR5cCI6IkpXVCJ9.eyJyZXN1bHRQaG9uZSI6IjgzNzQzOTM2MjEiLCJpYXQiOjE1OTgyNDY5OTR9.2IYCKGNV17uRM3dbG-VCh-IMdCXO_XpBhSri22ewlEo',1,1,'2020-08-24 05:29:54',NULL,'2020-08-24 05:29:54','2020-08-24 05:29:54'),(159,'eyJhbGciOiJIUzI1NiIsInR5cCI6IkpXVCJ9.eyJyZXN1bHRQaG9uZSI6Ijk3MDU2NjczOTUiLCJpYXQiOjE1OTgyNDcxMDR9.T2Zdz-Fk3FvDwkUIB5b8k2CxTGZJMWvIi4YYlf4q0lk',11,1,'2020-08-24 05:31:44',NULL,'2020-08-24 05:31:44','2020-08-24 05:31:44'),(160,'eyJhbGciOiJIUzI1NiIsInR5cCI6IkpXVCJ9.eyJyZXN1bHRQaG9uZSI6Ijk3MDU2NjczOTUiLCJpYXQiOjE1OTgyNDgwNTZ9.I5oenRZp_pmFGivDHtAG1mh6_jjfJVys5afWnw0NACk',11,1,'2020-08-24 05:47:36',NULL,'2020-08-24 05:47:36','2020-08-24 05:47:36'),(161,'eyJhbGciOiJIUzI1NiIsInR5cCI6IkpXVCJ9.eyJyZXN1bHRQaG9uZSI6Ijk3MDU2NjczOTUiLCJpYXQiOjE1OTgyNDgxMTh9.7uUrjqETQ8qHJr2LXdBM1E4unQ3lf-OyFchAewg6ejA',11,1,'2020-08-24 05:48:38',NULL,'2020-08-24 05:48:38','2020-08-24 05:48:38'),(162,'eyJhbGciOiJIUzI1NiIsInR5cCI6IkpXVCJ9.eyJyZXN1bHRQaG9uZSI6Ijk3MDU2NjczOTUiLCJpYXQiOjE1OTgyNDgyMjh9.YQ_wWlZi7Yn0ysxmJLNqKk1k2eTFRjCqNvKOkpr1XCk',11,1,'2020-08-24 05:50:28',NULL,'2020-08-24 05:50:28','2020-08-24 05:50:28'),(163,'eyJhbGciOiJIUzI1NiIsInR5cCI6IkpXVCJ9.eyJyZXN1bHRQaG9uZSI6Ijk3MDU2NjczOTUiLCJpYXQiOjE1OTgyNDg3OTF9.QaYR9TH17NuftwjkghvhUk_K5Qp1LmB0pypBvAskrD4',11,1,'2020-08-24 05:59:51',NULL,'2020-08-24 05:59:51','2020-08-24 05:59:51'),(164,'eyJhbGciOiJIUzI1NiIsInR5cCI6IkpXVCJ9.eyJyZXN1bHRQaG9uZSI6Ijk3MDU2NjczOTUiLCJpYXQiOjE1OTgyNDg4MDd9.7qScvU-ltbPi-1aMlGycs_O13YNTUsiNDZF8hTuRCNA',11,1,'2020-08-24 06:00:07',NULL,'2020-08-24 06:00:07','2020-08-24 06:00:07'),(165,'eyJhbGciOiJIUzI1NiIsInR5cCI6IkpXVCJ9.eyJyZXN1bHRQaG9uZSI6Ijk3MDU2NjczOTUiLCJpYXQiOjE1OTgyNDg4NTF9.i2GXQ8zWV5RfIhyWZ-YvubS4WTics7qrIYHe_ukY5Vc',11,1,'2020-08-24 06:00:51',NULL,'2020-08-24 06:00:51','2020-08-24 06:00:51'),(166,'eyJhbGciOiJIUzI1NiIsInR5cCI6IkpXVCJ9.eyJyZXN1bHRQaG9uZSI6Ijk3MDU2NjczOTUiLCJpYXQiOjE1OTgyNDg5NTV9.bJ5D2lfIALXNHQnkNrAeGfsB4teF9OGaTworbQSBobk',11,1,'2020-08-24 06:02:35',NULL,'2020-08-24 06:02:35','2020-08-24 06:02:35'),(167,'eyJhbGciOiJIUzI1NiIsInR5cCI6IkpXVCJ9.eyJyZXN1bHRQaG9uZSI6IjgzNzQzOTM2MjEiLCJpYXQiOjE1OTgyNTA0NjB9.MkEHIunoSyITXV99cLZxBkplmVp8jTPqU4gWZUugZ5w',1,1,'2020-08-24 06:27:40',NULL,'2020-08-24 06:27:40','2020-08-24 06:27:40'),(168,'eyJhbGciOiJIUzI1NiIsInR5cCI6IkpXVCJ9.eyJyZXN1bHRQaG9uZSI6Ijk3MDU2NjczOTUiLCJpYXQiOjE1OTgyNTA2NTB9.XDx0gxdJUEEZcbqXPT_ZD0PtAcjNxtHSe3qHeB8zPq0',11,1,'2020-08-24 06:30:50',NULL,'2020-08-24 06:30:50','2020-08-24 06:30:50'),(169,'eyJhbGciOiJIUzI1NiIsInR5cCI6IkpXVCJ9.eyJyZXN1bHRQaG9uZSI6Ijk3MDU2NjczOTUiLCJpYXQiOjE1OTgyNTA3MDJ9.s9Vy9Rkdfmor6fTSQ93DBKXhgmCP5iI3BTBmYR_xgXo',11,1,'2020-08-24 06:31:42',NULL,'2020-08-24 06:31:42','2020-08-24 06:31:42'),(170,'eyJhbGciOiJIUzI1NiIsInR5cCI6IkpXVCJ9.eyJyZXN1bHRQaG9uZSI6Ijk3MDU2NjczOTUiLCJpYXQiOjE1OTgyNTA5OTh9.Q5K1-aohvLNIge0TYqz11ZrnPXgE3EdurCO4WG-Za1s',11,1,'2020-08-24 06:36:38',NULL,'2020-08-24 06:36:38','2020-08-24 06:36:38'),(171,'eyJhbGciOiJIUzI1NiIsInR5cCI6IkpXVCJ9.eyJyZXN1bHRQaG9uZSI6Ijk3MDU2NjczOTUiLCJpYXQiOjE1OTgyNTEyMDZ9.NPUQ4z0jQ8VzQuRHZM_poPmmukJbF8iEQFtBjA6mXqQ',11,1,'2020-08-24 06:40:06',NULL,'2020-08-24 06:40:06','2020-08-24 06:40:06'),(172,'eyJhbGciOiJIUzI1NiIsInR5cCI6IkpXVCJ9.eyJyZXN1bHRQaG9uZSI6Ijk3MDU2NjczOTUiLCJpYXQiOjE1OTgyNTE0MzN9._eE6zQdvul75EUlMWBwiycG3y9mSa1M48Xuv5Pm-mm0',11,1,'2020-08-24 06:43:53',NULL,'2020-08-24 06:43:53','2020-08-24 06:43:53'),(173,'eyJhbGciOiJIUzI1NiIsInR5cCI6IkpXVCJ9.eyJyZXN1bHRQaG9uZSI6Ijk3MDU2NjczOTUiLCJpYXQiOjE1OTgyNTE4Nzd9.Haam219ebqxpOkwVmz1T1mcZm0_YaQBZalxcWA5pEIE',11,1,'2020-08-24 06:51:17',NULL,'2020-08-24 06:51:17','2020-08-24 06:51:17'),(174,'eyJhbGciOiJIUzI1NiIsInR5cCI6IkpXVCJ9.eyJyZXN1bHRQaG9uZSI6Ijk3MDU2NjczOTUiLCJpYXQiOjE1OTgyNTM1NDh9.kcBKbjMBu6pIi5VuYa7UHkZWc04UKcdNV7zwpO-2Abk',11,1,'2020-08-24 07:19:08',NULL,'2020-08-24 07:19:08','2020-08-24 07:19:08'),(175,'eyJhbGciOiJIUzI1NiIsInR5cCI6IkpXVCJ9.eyJyZXN1bHRQaG9uZSI6Ijk3MDU2NjczOTUiLCJpYXQiOjE1OTgyNTQ0NTJ9.45Tk4-Nq8zkJeCn2lBB9EO4oMVBEYvYxGTcR6kRTJNI',11,1,'2020-08-24 07:34:12',NULL,'2020-08-24 07:34:12','2020-08-24 07:34:12'),(176,'eyJhbGciOiJIUzI1NiIsInR5cCI6IkpXVCJ9.eyJyZXN1bHRQaG9uZSI6Ijk3MDU2NjczOTUiLCJpYXQiOjE1OTgyNTkwMTN9.U78hKDbfyvL4TZd_fxjcyHdV-LMun2smgJyIztTZJCo',11,1,'2020-08-24 08:50:13',NULL,'2020-08-24 08:50:13','2020-08-24 08:50:13'),(177,'eyJhbGciOiJIUzI1NiIsInR5cCI6IkpXVCJ9.eyJyZXN1bHRQaG9uZSI6IjgzNzQzOTM2MjEiLCJpYXQiOjE1OTgyNTkxNzd9.S9RdW5_jfptDm0L1b8Sc7QvqduqVhvGuVCRFfdzpCZY',1,1,'2020-08-24 08:52:57',NULL,'2020-08-24 08:52:57','2020-08-24 08:52:57'),(178,'eyJhbGciOiJIUzI1NiIsInR5cCI6IkpXVCJ9.eyJyZXN1bHRQaG9uZSI6Ijk3MDU2NjczOTUiLCJpYXQiOjE1OTgyNjEzMjF9.Verg0Jzso1qpNq6smXf4Yrtxb2YPXQS9SkwsRkVNxl0',11,1,'2020-08-24 09:28:41',NULL,'2020-08-24 09:28:41','2020-08-24 09:28:41'),(179,'eyJhbGciOiJIUzI1NiIsInR5cCI6IkpXVCJ9.eyJyZXN1bHRQaG9uZSI6IjgzNzQzOTM2MjEiLCJpYXQiOjE1OTgyNjI2NTF9.NyEJFufboEhuoKMxpYu4R6ESfdJVhQ0vYOF0Ktgn0XY',1,1,'2020-08-24 09:50:51',NULL,'2020-08-24 09:50:51','2020-08-24 09:50:51'),(180,'eyJhbGciOiJIUzI1NiIsInR5cCI6IkpXVCJ9.eyJyZXN1bHRQaG9uZSI6Ijk3MDU2NjczOTUiLCJpYXQiOjE1OTgyNjYxMzV9.3l-NHTzuenD0GXZEX8gYQ-OJNb8oSErjlUSbmqIjKPc',11,1,'2020-08-24 10:48:55',NULL,'2020-08-24 10:48:55','2020-08-24 10:48:55'),(181,'eyJhbGciOiJIUzI1NiIsInR5cCI6IkpXVCJ9.eyJyZXN1bHRQaG9uZSI6Ijk3MDU2NjczOTUiLCJpYXQiOjE1OTgyNjc0MDN9.VSr8rNbZpo3rq0lpBEYS26IVlDdYVH19VgfAmOLFW2Y',11,1,'2020-08-24 11:10:03',NULL,'2020-08-24 11:10:03','2020-08-24 11:10:03'),(182,'eyJhbGciOiJIUzI1NiIsInR5cCI6IkpXVCJ9.eyJyZXN1bHRQaG9uZSI6Ijk3MDU2NjczOTUiLCJpYXQiOjE1OTgyNjk1NzF9.WFGqv8t8W8Uq5WF55DoFTYzH4djm-G3I98_zo47ALUQ',11,1,'2020-08-24 11:46:11',NULL,'2020-08-24 11:46:11','2020-08-24 11:46:11'),(183,'eyJhbGciOiJIUzI1NiIsInR5cCI6IkpXVCJ9.eyJyZXN1bHRQaG9uZSI6Ijk3MDU2NjczOTUiLCJpYXQiOjE1OTgyNzA3MTl9.XMyf5fr5KymQFDzwnV69FTUcuwZjY7fpCnVuyDWmtsc',11,1,'2020-08-24 12:05:19',NULL,'2020-08-24 12:05:19','2020-08-24 12:05:19'),(184,'eyJhbGciOiJIUzI1NiIsInR5cCI6IkpXVCJ9.eyJyZXN1bHRQaG9uZSI6Ijk3MDU2NjczOTUiLCJpYXQiOjE1OTgyNzA4MjZ9.p7-RW07FLHQdisSqyd0HoVabjEf-o_Pxs7RPLADJ8ts',11,1,'2020-08-24 12:07:06',NULL,'2020-08-24 12:07:06','2020-08-24 12:07:06'),(185,'eyJhbGciOiJIUzI1NiIsInR5cCI6IkpXVCJ9.eyJyZXN1bHRQaG9uZSI6Ijk3MDU2NjczOTUiLCJpYXQiOjE1OTgyNzA5Njh9.y5ADiM9kdiPpvUzyM1FsFwb-nmEhZAbmT3S74YerO5s',11,1,'2020-08-24 12:09:28',NULL,'2020-08-24 12:09:28','2020-08-24 12:09:28'),(186,'eyJhbGciOiJIUzI1NiIsInR5cCI6IkpXVCJ9.eyJyZXN1bHRQaG9uZSI6Ijk3MDU2NjczOTUiLCJpYXQiOjE1OTgyNzEwMDF9.JwUcvmeuPnNZqe4FWjEYbSwZU4FyVLjQO4lVRyCIHzY',11,1,'2020-08-24 12:10:01',NULL,'2020-08-24 12:10:01','2020-08-24 12:10:01'),(187,'eyJhbGciOiJIUzI1NiIsInR5cCI6IkpXVCJ9.eyJyZXN1bHRQaG9uZSI6IjgzNzQzOTM2MjEiLCJpYXQiOjE1OTgyNzUwNDV9.takwHjcbTxTdQl_rcxOjw9adHJnG0Liy0QhvZcUzhW0',1,1,'2020-08-24 13:17:25',NULL,'2020-08-24 13:17:25','2020-08-24 13:17:25'),(188,'eyJhbGciOiJIUzI1NiIsInR5cCI6IkpXVCJ9.eyJyZXN1bHRQaG9uZSI6IjgzNzQzOTM2MjEiLCJpYXQiOjE1OTgyNzUxMjR9.3DlhaVlumF61KT6n9g3PQfK8EdmxPw6wZM5KY4Bs-rE',1,1,'2020-08-24 13:18:44',NULL,'2020-08-24 13:18:44','2020-08-24 13:18:44'),(189,'eyJhbGciOiJIUzI1NiIsInR5cCI6IkpXVCJ9.eyJyZXN1bHRQaG9uZSI6IjgzNzQzOTM2MjEiLCJpYXQiOjE1OTgyNzU0Mjd9.ySrWWBz1Q-ygTh-s94b4Y3WyZimJOF0ct0MTM5vBqco',1,1,'2020-08-24 13:23:47',NULL,'2020-08-24 13:23:47','2020-08-24 13:23:47'),(190,'eyJhbGciOiJIUzI1NiIsInR5cCI6IkpXVCJ9.eyJyZXN1bHRQaG9uZSI6IjgzNzQzOTM2MjEiLCJpYXQiOjE1OTgyNzU0OTN9.2RlQ3s49tZrf0szCkSIN6O_16srF70FVbWhJX0365UE',1,1,'2020-08-24 13:24:53',NULL,'2020-08-24 13:24:53','2020-08-24 13:24:53'),(191,'eyJhbGciOiJIUzI1NiIsInR5cCI6IkpXVCJ9.eyJyZXN1bHRQaG9uZSI6IjgzNzQzOTM2MjEiLCJpYXQiOjE1OTgyNzU3NDV9.9TEwzMN4VXw23rh-fXFZeLByzcAc-qFgIXLqMYEs9ds',1,1,'2020-08-24 13:29:05',NULL,'2020-08-24 13:29:05','2020-08-24 13:29:05'),(192,'eyJhbGciOiJIUzI1NiIsInR5cCI6IkpXVCJ9.eyJyZXN1bHRQaG9uZSI6IjgzNzQzOTM2MjEiLCJpYXQiOjE1OTgyNzY4NTV9.3iOONmXRSK-hB1GILgyd5ZmICLwrOXoTyKB1lWFi6kA',1,1,'2020-08-24 13:47:35',NULL,'2020-08-24 13:47:35','2020-08-24 13:47:35'),(193,'eyJhbGciOiJIUzI1NiIsInR5cCI6IkpXVCJ9.eyJyZXN1bHRQaG9uZSI6IjgzNzQzOTM2MjEiLCJpYXQiOjE1OTgyNzgzMjN9.KvKdIB2Uln0_2Eticn7d-iQo1rOXh7XoCah4KiksCpw',1,1,'2020-08-24 14:12:03',NULL,'2020-08-24 14:12:03','2020-08-24 14:12:03'),(194,'eyJhbGciOiJIUzI1NiIsInR5cCI6IkpXVCJ9.eyJyZXN1bHRQaG9uZSI6Ijk3MDU2NjczOTUiLCJpYXQiOjE1OTgzMjgxOTV9.Dtord4IO6FtYfFWBtVYE4vk1nhnzzt4SQW3fg045R4k',11,1,'2020-08-25 04:03:15',NULL,'2020-08-25 04:03:15','2020-08-25 04:03:15'),(195,'eyJhbGciOiJIUzI1NiIsInR5cCI6IkpXVCJ9.eyJyZXN1bHRQaG9uZSI6IjgzNzQzOTM2MjEiLCJpYXQiOjE1OTgzMjk1NDJ9.VPww5Pot0SL4mvxJcCTtJp25slyqhfhFbBT-9R08RI4',1,1,'2020-08-25 04:25:42',NULL,'2020-08-25 04:25:42','2020-08-25 04:25:42'),(196,'eyJhbGciOiJIUzI1NiIsInR5cCI6IkpXVCJ9.eyJyZXN1bHRQaG9uZSI6Ijk3MDU2NjczOTUiLCJpYXQiOjE1OTgzMzAyOTJ9.asczho8i8btmYioisSbfdK5q2Op-6HWJdSToFLfUHho',11,1,'2020-08-25 04:38:12',NULL,'2020-08-25 04:38:12','2020-08-25 04:38:12'),(197,'eyJhbGciOiJIUzI1NiIsInR5cCI6IkpXVCJ9.eyJyZXN1bHRQaG9uZSI6IjgzNzQzOTM2MjEiLCJpYXQiOjE1OTgzMzAzOTJ9.---YaqfD5Ta4GFSAZA9jz-JmSy_Bul4pozeyec9CtDw',1,1,'2020-08-25 04:39:52',NULL,'2020-08-25 04:39:52','2020-08-25 04:39:52'),(198,'eyJhbGciOiJIUzI1NiIsInR5cCI6IkpXVCJ9.eyJyZXN1bHRQaG9uZSI6Ijk3MDU2NjczOTUiLCJpYXQiOjE1OTgzMzA1MTZ9.QTSe6wWZFQfJRGinZXkWl8QiBpMGRh3m0VCOCYno2bc',11,1,'2020-08-25 04:41:56',NULL,'2020-08-25 04:41:56','2020-08-25 04:41:56'),(199,'eyJhbGciOiJIUzI1NiIsInR5cCI6IkpXVCJ9.eyJyZXN1bHRQaG9uZSI6Ijk3MDU2NjczOTUiLCJpYXQiOjE1OTgzMzA2MjF9.Pvf0DLg0eJh_WZv6m0YhN8hpgbd6PD4yuVjNjWxUhhk',11,1,'2020-08-25 04:43:41',NULL,'2020-08-25 04:43:41','2020-08-25 04:43:41'),(200,'eyJhbGciOiJIUzI1NiIsInR5cCI6IkpXVCJ9.eyJyZXN1bHRQaG9uZSI6Ijk3MDU2NjczOTUiLCJpYXQiOjE1OTgzMzA3MDd9.i79N2WOM4A3l_AU7BGF4EbzZVQN_RDghz1tpAkmJuYk',11,1,'2020-08-25 04:45:07',NULL,'2020-08-25 04:45:07','2020-08-25 04:45:07'),(201,'eyJhbGciOiJIUzI1NiIsInR5cCI6IkpXVCJ9.eyJyZXN1bHRQaG9uZSI6Ijk3MDU2NjczOTUiLCJpYXQiOjE1OTgzMzA5NjV9.ezEpYRsexX4aPurP-GshGTnrmZA2uD9yma13sYqh8o4',11,1,'2020-08-25 04:49:25',NULL,'2020-08-25 04:49:25','2020-08-25 04:49:25'),(202,'eyJhbGciOiJIUzI1NiIsInR5cCI6IkpXVCJ9.eyJyZXN1bHRQaG9uZSI6Ijk3MDU2NjczOTUiLCJpYXQiOjE1OTgzMzEwMzF9.C2DIRoru47FtwJYpDsJ8OFXIL63DWPdT-XfEXMLGyhE',11,1,'2020-08-25 04:50:31',NULL,'2020-08-25 04:50:31','2020-08-25 04:50:31'),(203,'eyJhbGciOiJIUzI1NiIsInR5cCI6IkpXVCJ9.eyJyZXN1bHRQaG9uZSI6Ijk3MDU2NjczOTUiLCJpYXQiOjE1OTgzMzEyMjN9.RLDgXhXqPlOCgsI4w14wubNkY-rl3BHpuhJY3q8wI1g',11,1,'2020-08-25 04:53:43',NULL,'2020-08-25 04:53:43','2020-08-25 04:53:43'),(204,'eyJhbGciOiJIUzI1NiIsInR5cCI6IkpXVCJ9.eyJyZXN1bHRQaG9uZSI6Ijk3MDU2NjczOTUiLCJpYXQiOjE1OTgzMzE4NTF9.WD7jpgILsAelKdg5WuOOYz3Tt9jjAkMjOHNoUycmc-w',11,1,'2020-08-25 05:04:11',NULL,'2020-08-25 05:04:11','2020-08-25 05:04:11'),(205,'eyJhbGciOiJIUzI1NiIsInR5cCI6IkpXVCJ9.eyJyZXN1bHRQaG9uZSI6Ijk3MDU2NjczOTUiLCJpYXQiOjE1OTgzMzMzMjd9.i6U-sLBO8iqmxbPqiTpxju5BouMwF3VNW08kWJaDrkg',11,1,'2020-08-25 05:28:47',NULL,'2020-08-25 05:28:47','2020-08-25 05:28:47'),(206,'eyJhbGciOiJIUzI1NiIsInR5cCI6IkpXVCJ9.eyJyZXN1bHRQaG9uZSI6Ijk3MDU2NjczOTUiLCJpYXQiOjE1OTgzMzM3MDd9.JT0ISkWL2jfvRdVwz4k6bvbX_2vrmWGbDERt60SxN_0',11,1,'2020-08-25 05:35:07',NULL,'2020-08-25 05:35:07','2020-08-25 05:35:07'),(207,'eyJhbGciOiJIUzI1NiIsInR5cCI6IkpXVCJ9.eyJyZXN1bHRQaG9uZSI6Ijk3MDU2NjczOTUiLCJpYXQiOjE1OTgzMzM3NDN9.loZJ8FDWB_vjuGUK2ajql24KhgJdjYdvLnHkBLLJ1Dw',11,1,'2020-08-25 05:35:43',NULL,'2020-08-25 05:35:43','2020-08-25 05:35:43'),(208,'eyJhbGciOiJIUzI1NiIsInR5cCI6IkpXVCJ9.eyJyZXN1bHRQaG9uZSI6Ijk3MDU2NjczOTUiLCJpYXQiOjE1OTgzMzM5NTB9.URQPR36XPcB10C9iA_pmpBb-N_l5FfBOndF24HQVpjQ',11,1,'2020-08-25 05:39:10',NULL,'2020-08-25 05:39:10','2020-08-25 05:39:10'),(209,'eyJhbGciOiJIUzI1NiIsInR5cCI6IkpXVCJ9.eyJyZXN1bHRQaG9uZSI6Ijk3MDU2NjczOTUiLCJpYXQiOjE1OTgzMzQ3MTZ9.ZNZWsowh7J8IlSHYq2CYZoO_4vRTpGfcf1wUTlLmrb4',11,1,'2020-08-25 05:51:56',NULL,'2020-08-25 05:51:56','2020-08-25 05:51:56'),(210,'eyJhbGciOiJIUzI1NiIsInR5cCI6IkpXVCJ9.eyJyZXN1bHRQaG9uZSI6Ijk3MDU2NjczOTUiLCJpYXQiOjE1OTgzMzQ5NDZ9.C-nCkNXYHlesMNVgHVOsXi7Mv38dJLbh4rMC5s9-U9M',11,1,'2020-08-25 05:55:46',NULL,'2020-08-25 05:55:46','2020-08-25 05:55:46'),(211,'eyJhbGciOiJIUzI1NiIsInR5cCI6IkpXVCJ9.eyJyZXN1bHRQaG9uZSI6Ijk3MDU2NjczOTUiLCJpYXQiOjE1OTgzMzUzMTh9.Bxh0RO8DiBxbecmmZrCpzmTqr3A2_djA41DrVq099sg',11,1,'2020-08-25 06:01:58',NULL,'2020-08-25 06:01:58','2020-08-25 06:01:58'),(212,'eyJhbGciOiJIUzI1NiIsInR5cCI6IkpXVCJ9.eyJyZXN1bHRQaG9uZSI6Ijk3MDU2NjczOTUiLCJpYXQiOjE1OTgzMzU0NjJ9._MEVcDf1S7CLELpxsi_1oG1shv9O84Ypz54Sj0BRhoQ',11,1,'2020-08-25 06:04:22',NULL,'2020-08-25 06:04:22','2020-08-25 06:04:22'),(213,'eyJhbGciOiJIUzI1NiIsInR5cCI6IkpXVCJ9.eyJyZXN1bHRQaG9uZSI6Ijk3MDU2NjczOTUiLCJpYXQiOjE1OTgzMzU1NDV9.6ahmAY0V-LRp6F4PJ0fKi9r9H1wVqSDBRT9eW_97aCU',11,1,'2020-08-25 06:05:45',NULL,'2020-08-25 06:05:45','2020-08-25 06:05:45'),(214,'eyJhbGciOiJIUzI1NiIsInR5cCI6IkpXVCJ9.eyJyZXN1bHRQaG9uZSI6Ijk3MDU2NjczOTUiLCJpYXQiOjE1OTgzMzU1NjF9.qV08jYsIIWAKJayDvgq8GNmZTwiFGHkFeKLbpXCvnGQ',11,1,'2020-08-25 06:06:01',NULL,'2020-08-25 06:06:01','2020-08-25 06:06:01'),(215,'eyJhbGciOiJIUzI1NiIsInR5cCI6IkpXVCJ9.eyJyZXN1bHRQaG9uZSI6IjgzNzQzOTM2MjEiLCJpYXQiOjE1OTgzMzU2NjN9.rsAGHYIYWGnUrQPCbPxZYtMLZFd6Rxo89Kz_M6rdOBE',1,1,'2020-08-25 06:07:43',NULL,'2020-08-25 06:07:43','2020-08-25 06:07:43'),(216,'eyJhbGciOiJIUzI1NiIsInR5cCI6IkpXVCJ9.eyJyZXN1bHRQaG9uZSI6Ijk3MDU2NjczOTUiLCJpYXQiOjE1OTgzMzU2Njl9.37KLMi5Df3tdX7XHiRAWlIqpDwReJpv6EUuwMKJ4rts',11,1,'2020-08-25 06:07:49',NULL,'2020-08-25 06:07:49','2020-08-25 06:07:49'),(217,'eyJhbGciOiJIUzI1NiIsInR5cCI6IkpXVCJ9.eyJyZXN1bHRQaG9uZSI6Ijk3MDU2NjczOTUiLCJpYXQiOjE1OTgzMzU2OTd9._JIDtCnFUw3HppvqpLdyE0qz3pjycOV0mo6afJT7haw',11,1,'2020-08-25 06:08:17',NULL,'2020-08-25 06:08:17','2020-08-25 06:08:17'),(218,'eyJhbGciOiJIUzI1NiIsInR5cCI6IkpXVCJ9.eyJyZXN1bHRQaG9uZSI6Ijk3MDU2NjczOTUiLCJpYXQiOjE1OTgzMzU4ODJ9.wq7_cNktfhDiWzWlWL7TJGhVC35abePcNxrZpOytF7s',11,1,'2020-08-25 06:11:22',NULL,'2020-08-25 06:11:22','2020-08-25 06:11:22'),(219,'eyJhbGciOiJIUzI1NiIsInR5cCI6IkpXVCJ9.eyJyZXN1bHRQaG9uZSI6Ijk3MDU2NjczOTUiLCJpYXQiOjE1OTgzMzYxMDV9.Ijo3FN8vRSmjJql9O56QKemYO295bRwpzqG7V1GUuqA',11,1,'2020-08-25 06:15:05',NULL,'2020-08-25 06:15:05','2020-08-25 06:15:05'),(220,'eyJhbGciOiJIUzI1NiIsInR5cCI6IkpXVCJ9.eyJyZXN1bHRQaG9uZSI6IjgzNzQzOTM2MjEiLCJpYXQiOjE1OTgzMzcxNjB9.bYHX6w9OctZK7W4xZa2zHqLWJPba-TmCrjOvuPUeOrc',1,1,'2020-08-25 06:32:40',NULL,'2020-08-25 06:32:40','2020-08-25 06:32:40'),(221,'eyJhbGciOiJIUzI1NiIsInR5cCI6IkpXVCJ9.eyJyZXN1bHRQaG9uZSI6Ijk3MDU2NjczOTUiLCJpYXQiOjE1OTgzMzcxODF9.CxZ1ozrq8Boy492j8hswO7J8mk25r4RNqV6MWBFnntQ',11,1,'2020-08-25 06:33:01',NULL,'2020-08-25 06:33:01','2020-08-25 06:33:01'),(222,'eyJhbGciOiJIUzI1NiIsInR5cCI6IkpXVCJ9.eyJyZXN1bHRQaG9uZSI6IjgzNzQzOTM2MjEiLCJpYXQiOjE1OTgzMzgwNjJ9.Epe50x3OtQkb19FfBw85OpFH_H_OsZi0Kd7cZwJ796c',1,1,'2020-08-25 06:47:42',NULL,'2020-08-25 06:47:42','2020-08-25 06:47:42'),(223,'eyJhbGciOiJIUzI1NiIsInR5cCI6IkpXVCJ9.eyJyZXN1bHRQaG9uZSI6IjgzNzQzOTM2MjEiLCJpYXQiOjE1OTgzMzgxNTl9.YfcPS5kXBQ9phUf26uRXsSUWq4WJXkaOiHX6XkO4DYs',1,1,'2020-08-25 06:49:19',NULL,'2020-08-25 06:49:19','2020-08-25 06:49:19'),(224,'eyJhbGciOiJIUzI1NiIsInR5cCI6IkpXVCJ9.eyJyZXN1bHRQaG9uZSI6IjgzNzQzOTM2MjEiLCJpYXQiOjE1OTgzMzgyMDR9.jtRHbA3d1Y2bsRGKa1EoX-jSTm4hfgEHaTVid8BnAnE',1,1,'2020-08-25 06:50:04',NULL,'2020-08-25 06:50:04','2020-08-25 06:50:04'),(225,'eyJhbGciOiJIUzI1NiIsInR5cCI6IkpXVCJ9.eyJyZXN1bHRQaG9uZSI6IjgzNzQzOTM2MjEiLCJpYXQiOjE1OTgzMzgzMzR9.OvCO8PW6lB6lVgKR46osXPGLmIxykuq4oSbdB0EfBts',1,1,'2020-08-25 06:52:14',NULL,'2020-08-25 06:52:14','2020-08-25 06:52:14'),(226,'eyJhbGciOiJIUzI1NiIsInR5cCI6IkpXVCJ9.eyJyZXN1bHRQaG9uZSI6IjgzNzQzOTM2MjEiLCJpYXQiOjE1OTgzMzg2MzB9.Jl8oMiLxjr-AJ0ZA17Ox3gHOwTSlZGkbAZOK7H07ams',1,1,'2020-08-25 06:57:10',NULL,'2020-08-25 06:57:10','2020-08-25 06:57:10'),(227,'eyJhbGciOiJIUzI1NiIsInR5cCI6IkpXVCJ9.eyJyZXN1bHRQaG9uZSI6IjgzNzQzOTM2MjEiLCJpYXQiOjE1OTgzMzg2NTR9.78Xprqcfgsn-wwttr3GasBN7kuR95tWsRi3YD6A9Sk4',1,1,'2020-08-25 06:57:34',NULL,'2020-08-25 06:57:34','2020-08-25 06:57:34'),(228,'eyJhbGciOiJIUzI1NiIsInR5cCI6IkpXVCJ9.eyJyZXN1bHRQaG9uZSI6IjgzNzQzOTM2MjEiLCJpYXQiOjE1OTgzMzg2NTl9.2qfkliOCiTYAO2XoUGCtcfhvSZ-gIvUWR0qS3sEN5zc',1,1,'2020-08-25 06:57:39',NULL,'2020-08-25 06:57:39','2020-08-25 06:57:39'),(229,'eyJhbGciOiJIUzI1NiIsInR5cCI6IkpXVCJ9.eyJyZXN1bHRQaG9uZSI6IjgzNzQzOTM2MjEiLCJpYXQiOjE1OTgzMzg4MDF9.xsQCW-pzyDaHKIKixvLBLbScHwma_VR5us27Pzj0xQ8',1,1,'2020-08-25 07:00:01',NULL,'2020-08-25 07:00:01','2020-08-25 07:00:01'),(230,'eyJhbGciOiJIUzI1NiIsInR5cCI6IkpXVCJ9.eyJyZXN1bHRQaG9uZSI6IjgzNzQzOTM2MjEiLCJpYXQiOjE1OTgzMzg4OTZ9.7HyZxF-XPSsjmlcZbziHlPKVaSRvKKIXj2YUPQ76uQ0',1,1,'2020-08-25 07:01:36',NULL,'2020-08-25 07:01:36','2020-08-25 07:01:36'),(231,'eyJhbGciOiJIUzI1NiIsInR5cCI6IkpXVCJ9.eyJyZXN1bHRQaG9uZSI6IjgzNzQzOTM2MjEiLCJpYXQiOjE1OTgzMzkxOTV9.MHS4UUv6RAebTTW1e0K0Nb-fCFcZ8Jx-9yNOMY9j3DM',1,1,'2020-08-25 07:06:35',NULL,'2020-08-25 07:06:35','2020-08-25 07:06:35'),(232,'eyJhbGciOiJIUzI1NiIsInR5cCI6IkpXVCJ9.eyJyZXN1bHRQaG9uZSI6Ijk3MDU2NjczOTUiLCJpYXQiOjE1OTgzNDcwNDh9.79nD6utMR6gjVrxZef0WVvYu39ajysScppXu4rUgIok',11,1,'2020-08-25 09:17:28',NULL,'2020-08-25 09:17:28','2020-08-25 09:17:28'),(233,'eyJhbGciOiJIUzI1NiIsInR5cCI6IkpXVCJ9.eyJyZXN1bHRQaG9uZSI6Ijk3MDU2NjczOTUiLCJpYXQiOjE1OTgzNDczNzF9.KSox-jv6vtpPaEEtdYxUQbnhegpmt6CGDwj0Y0fR6go',11,1,'2020-08-25 09:22:51',NULL,'2020-08-25 09:22:51','2020-08-25 09:22:51'),(234,'eyJhbGciOiJIUzI1NiIsInR5cCI6IkpXVCJ9.eyJyZXN1bHRQaG9uZSI6Ijk3MDU2NjczOTUiLCJpYXQiOjE1OTgzNDczODF9.gIdSYOWhW5nA_BXKSMLZz76HY9dG3s4M0Tss_bwkIK4',11,1,'2020-08-25 09:23:01',NULL,'2020-08-25 09:23:01','2020-08-25 09:23:01'),(235,'eyJhbGciOiJIUzI1NiIsInR5cCI6IkpXVCJ9.eyJyZXN1bHRQaG9uZSI6Ijk3MDU2NjczOTUiLCJpYXQiOjE1OTgzNDg5NTN9.q6jrdcXNF7irK9UJHAnRF4NlEC8DN79W6oqdlwscHB4',11,1,'2020-08-25 09:49:13',NULL,'2020-08-25 09:49:13','2020-08-25 09:49:13'),(236,'eyJhbGciOiJIUzI1NiIsInR5cCI6IkpXVCJ9.eyJyZXN1bHRQaG9uZSI6Ijk3MDU2NjczOTUiLCJpYXQiOjE1OTgzNDg5OTd9.w1ySz2KzrM7L3623kJEP-0NiKVEBuq56bMxsZHYWEaI',11,1,'2020-08-25 09:49:57',NULL,'2020-08-25 09:49:57','2020-08-25 09:49:57'),(237,'eyJhbGciOiJIUzI1NiIsInR5cCI6IkpXVCJ9.eyJyZXN1bHRQaG9uZSI6Ijk3MDU2NjczOTUiLCJpYXQiOjE1OTgzNDkzODd9.I8fCTEpiXps4lVng0ZN1wz7yl5L7RVYJY-tX3P1ByO4',11,1,'2020-08-25 09:56:27',NULL,'2020-08-25 09:56:27','2020-08-25 09:56:27'),(238,'eyJhbGciOiJIUzI1NiIsInR5cCI6IkpXVCJ9.eyJyZXN1bHRQaG9uZSI6Ijk3MDU2NjczOTUiLCJpYXQiOjE1OTgzNDk4MDh9.X6ci-DZdBtoboJhbeUWdbbHLxbYjbF5ypl9BWis2AXU',11,1,'2020-08-25 10:03:28',NULL,'2020-08-25 10:03:28','2020-08-25 10:03:28'),(239,'eyJhbGciOiJIUzI1NiIsInR5cCI6IkpXVCJ9.eyJyZXN1bHRQaG9uZSI6Ijk3MDU2NjczOTUiLCJpYXQiOjE1OTgzNDk5Mjl9.mSE0TqsIy8eSpmKuxlsHN1iP9dD208VbThvUPaZ4od0',11,1,'2020-08-25 10:05:29',NULL,'2020-08-25 10:05:29','2020-08-25 10:05:29'),(240,'eyJhbGciOiJIUzI1NiIsInR5cCI6IkpXVCJ9.eyJyZXN1bHRQaG9uZSI6Ijk3MDU2NjczOTUiLCJpYXQiOjE1OTgzNTA0ODd9.clw67JqCQFX5ijwKmQT7nPDK41nVRsUsAd1dzdXz080',11,1,'2020-08-25 10:14:47',NULL,'2020-08-25 10:14:47','2020-08-25 10:14:47'),(241,'eyJhbGciOiJIUzI1NiIsInR5cCI6IkpXVCJ9.eyJyZXN1bHRQaG9uZSI6Ijk3MDU2NjczOTUiLCJpYXQiOjE1OTgzNTA2ODR9.kW-Rsca_NA0wi5beNH9U0jMntjuurIShk5cvtK7nh-8',11,1,'2020-08-25 10:18:04',NULL,'2020-08-25 10:18:04','2020-08-25 10:18:04'),(242,'eyJhbGciOiJIUzI1NiIsInR5cCI6IkpXVCJ9.eyJyZXN1bHRQaG9uZSI6Ijk3MDU2NjczOTUiLCJpYXQiOjE1OTgzNTA3Mzl9.KAPPlmcCDZ2YKmbIIwQMD7Q-jdFwi0p8LKXMGNp0he0',11,1,'2020-08-25 10:18:59',NULL,'2020-08-25 10:18:59','2020-08-25 10:18:59'),(243,'eyJhbGciOiJIUzI1NiIsInR5cCI6IkpXVCJ9.eyJyZXN1bHRQaG9uZSI6Ijk3MDU2NjczOTUiLCJpYXQiOjE1OTgzNTA3Nzd9.Fyw5cG8VXk01RKGH--j5ZfaiymH1RED2XGw2Z5GQa1Y',11,1,'2020-08-25 10:19:37',NULL,'2020-08-25 10:19:37','2020-08-25 10:19:37'),(244,'eyJhbGciOiJIUzI1NiIsInR5cCI6IkpXVCJ9.eyJyZXN1bHRQaG9uZSI6Ijk3MDU2NjczOTUiLCJpYXQiOjE1OTgzNTA5MDR9.4APtX3RBVgL3xaUQEeB_xpn7oRdIup8SEVLsiwFN1Tk',11,1,'2020-08-25 10:21:44',NULL,'2020-08-25 10:21:44','2020-08-25 10:21:44'),(245,'eyJhbGciOiJIUzI1NiIsInR5cCI6IkpXVCJ9.eyJyZXN1bHRQaG9uZSI6Ijk3MDU2NjczOTUiLCJpYXQiOjE1OTgzNTE2MTB9.jNfmvGPsOH7qMpJBSc5UIooNVIR_RVGnWF08ZnQ7MH0',11,1,'2020-08-25 10:33:30',NULL,'2020-08-25 10:33:30','2020-08-25 10:33:30'),(246,'eyJhbGciOiJIUzI1NiIsInR5cCI6IkpXVCJ9.eyJyZXN1bHRQaG9uZSI6Ijk3MDU2NjczOTUiLCJpYXQiOjE1OTgzNTE2NDF9.dxXX6p78ut7-H_4GmyF2Ave-Zhml4oN8e6E_bMQA1GE',11,1,'2020-08-25 10:34:01',NULL,'2020-08-25 10:34:01','2020-08-25 10:34:01'),(247,'eyJhbGciOiJIUzI1NiIsInR5cCI6IkpXVCJ9.eyJyZXN1bHRQaG9uZSI6Ijk3MDU2NjczOTUiLCJpYXQiOjE1OTgzNTE3Mzh9.FyuSlbfwwEWtesbWm24qgE72z99Z_u67owgZprPNC9s',11,1,'2020-08-25 10:35:38',NULL,'2020-08-25 10:35:38','2020-08-25 10:35:38'),(248,'eyJhbGciOiJIUzI1NiIsInR5cCI6IkpXVCJ9.eyJyZXN1bHRQaG9uZSI6Ijk3MDU2NjczOTUiLCJpYXQiOjE1OTgzNTIyNzF9.fb8lpNUYi8BoyjaO3s2peDSaF3A2bV6mgLDQjoV_TYc',11,1,'2020-08-25 10:44:31',NULL,'2020-08-25 10:44:31','2020-08-25 10:44:31'),(249,'eyJhbGciOiJIUzI1NiIsInR5cCI6IkpXVCJ9.eyJyZXN1bHRQaG9uZSI6IjgzNzQzOTM2MjEiLCJpYXQiOjE1OTgzNTc3NjR9.QDk3mBLEy3JiRabqeGHntlKRiCbXmDLD_di1uhhzWnE',1,1,'2020-08-25 12:16:04',NULL,'2020-08-25 12:16:04','2020-08-25 12:16:04'),(250,'eyJhbGciOiJIUzI1NiIsInR5cCI6IkpXVCJ9.eyJyZXN1bHRQaG9uZSI6IjgzNzQzOTM2MjEiLCJpYXQiOjE1OTgzNTc3OTR9.Av-89ExV7jHg1wVgcLzPV8lXTF8uinrmjgdGrVh4G8A',1,1,'2020-08-25 12:16:34',NULL,'2020-08-25 12:16:34','2020-08-25 12:16:34'),(251,'eyJhbGciOiJIUzI1NiIsInR5cCI6IkpXVCJ9.eyJyZXN1bHRQaG9uZSI6Ijk3MDU2NjczOTUiLCJpYXQiOjE1OTgzNTg0NDd9.aJclx0esmbYyDM0vvu8Ec2nBXSiAxtywo2v-kYCkyfw',11,1,'2020-08-25 12:27:27',NULL,'2020-08-25 12:27:27','2020-08-25 12:27:27'),(252,'eyJhbGciOiJIUzI1NiIsInR5cCI6IkpXVCJ9.eyJyZXN1bHRQaG9uZSI6Ijk3MDU2NjczOTUiLCJpYXQiOjE1OTgzNTg2NTV9.iwElENcG_d2NtEMkmTzzfZYXjPOOSfGqALc75vwG8Ug',11,1,'2020-08-25 12:30:55',NULL,'2020-08-25 12:30:55','2020-08-25 12:30:55'),(253,'eyJhbGciOiJIUzI1NiIsInR5cCI6IkpXVCJ9.eyJyZXN1bHRQaG9uZSI6IjgzNzQzOTM2MjEiLCJpYXQiOjE1OTgzNTkwNzh9.9gby79YxqssmU6itsua8Lwf2wUf_xntjDesCYuWELTE',1,1,'2020-08-25 12:37:58',NULL,'2020-08-25 12:37:58','2020-08-25 12:37:58'),(254,'eyJhbGciOiJIUzI1NiIsInR5cCI6IkpXVCJ9.eyJyZXN1bHRQaG9uZSI6Ijk3MDU2NjczOTUiLCJpYXQiOjE1OTgzNjA4MjV9.pxM5XKXovnNlqja8e2IhvIsa7wrTvcTCG9cMqJOIVLo',11,1,'2020-08-25 13:07:05',NULL,'2020-08-25 13:07:05','2020-08-25 13:07:05'),(255,'eyJhbGciOiJIUzI1NiIsInR5cCI6IkpXVCJ9.eyJyZXN1bHRQaG9uZSI6Ijk3MDU2NjczOTUiLCJpYXQiOjE1OTgzNjMyMjF9.ruplr-TMQe9wqsOOBHeKO3c7EfU-GsLApb_6QIGg3Wk',11,1,'2020-08-25 13:47:01',NULL,'2020-08-25 13:47:01','2020-08-25 13:47:01'),(256,'eyJhbGciOiJIUzI1NiIsInR5cCI6IkpXVCJ9.eyJyZXN1bHRQaG9uZSI6IjgzNzQzOTM2MjEiLCJpYXQiOjE1OTgzNjM5MDF9.vC3ziZDsILGWSpzqpT9EQACVH8ekzcgpKJKuaGNw2YY',1,1,'2020-08-25 13:58:21',NULL,'2020-08-25 13:58:21','2020-08-25 13:58:21'),(257,'eyJhbGciOiJIUzI1NiIsInR5cCI6IkpXVCJ9.eyJyZXN1bHRQaG9uZSI6Ijk3MDU2NjczOTUiLCJpYXQiOjE1OTgzNjUyMTd9.3axLjFgn7d8n4-xP0oGCJX0jbJyodFu-JgFPj3FolY0',11,1,'2020-08-25 14:20:17',NULL,'2020-08-25 14:20:17','2020-08-25 14:20:17'),(258,'eyJhbGciOiJIUzI1NiIsInR5cCI6IkpXVCJ9.eyJyZXN1bHRQaG9uZSI6Ijk3MDU2NjczOTUiLCJpYXQiOjE1OTgzNjU4Mzd9.i7HaMTegwlmsQPAoWmJa6V2BQzW-z1op4sB0eqNIuCM',11,1,'2020-08-25 14:30:37',NULL,'2020-08-25 14:30:37','2020-08-25 14:30:37'),(259,'eyJhbGciOiJIUzI1NiIsInR5cCI6IkpXVCJ9.eyJyZXN1bHRQaG9uZSI6Ijk3MDU2NjczOTUiLCJpYXQiOjE1OTgzNjYxMzl9.6JU_ApxUVXxOtA0kUQPa5G3cE2WssiaH24mHReiwBB8',11,1,'2020-08-25 14:35:39',NULL,'2020-08-25 14:35:39','2020-08-25 14:35:39'),(260,'eyJhbGciOiJIUzI1NiIsInR5cCI6IkpXVCJ9.eyJyZXN1bHRQaG9uZSI6Ijk3MDU2NjczOTUiLCJpYXQiOjE1OTgzNjYxODl9.m6S7HYp0KaR0Xa7d7HoSSvjtrxDAO9QXxyy8znSYreI',11,1,'2020-08-25 14:36:29',NULL,'2020-08-25 14:36:29','2020-08-25 14:36:29'),(261,'eyJhbGciOiJIUzI1NiIsInR5cCI6IkpXVCJ9.eyJyZXN1bHRQaG9uZSI6Ijk3MDU2NjczOTUiLCJpYXQiOjE1OTgzNjY2MDd9.vor39SgN2VXA5bJu8Iq__P6uafAUWxcQSB64Zz6sXkM',11,1,'2020-08-25 14:43:27',NULL,'2020-08-25 14:43:27','2020-08-25 14:43:27'),(262,'eyJhbGciOiJIUzI1NiIsInR5cCI6IkpXVCJ9.eyJyZXN1bHRQaG9uZSI6Ijk3MDU2NjczOTUiLCJpYXQiOjE1OTgzNjcxMDd9.QUBUiCtcB1tvaROgiMHRbBU-REW8sPKcf9we6qxwZHk',11,1,'2020-08-25 14:51:47',NULL,'2020-08-25 14:51:47','2020-08-25 14:51:47'),(263,'eyJhbGciOiJIUzI1NiIsInR5cCI6IkpXVCJ9.eyJyZXN1bHRQaG9uZSI6IjgzNzQzOTM2MjEiLCJpYXQiOjE1OTgzNjczMDl9._yas-5-jIhTwDoPp4M-JtwzLijWb1aloaflUvRsYM9o',1,1,'2020-08-25 14:55:09',NULL,'2020-08-25 14:55:09','2020-08-25 14:55:09'),(264,'eyJhbGciOiJIUzI1NiIsInR5cCI6IkpXVCJ9.eyJyZXN1bHRQaG9uZSI6Ijk3MDU2NjczOTUiLCJpYXQiOjE1OTgzNjc0MTd9.lQnXWAy-P-VGNtr0oyERDVTOyt1J1-gqqQRttXtALp4',11,1,'2020-08-25 14:56:57',NULL,'2020-08-25 14:56:57','2020-08-25 14:56:57'),(265,'eyJhbGciOiJIUzI1NiIsInR5cCI6IkpXVCJ9.eyJyZXN1bHRQaG9uZSI6IjkyMjIyMjIyMjIiLCJpYXQiOjE1OTgzNjc2NjZ9.chd-xFRQAEt3jAYwD3eHV2uY1tX20sIKSi7W9GGszJA',8,1,'2020-08-25 15:01:06',NULL,'2020-08-25 15:01:06','2020-08-25 15:01:06'),(266,'eyJhbGciOiJIUzI1NiIsInR5cCI6IkpXVCJ9.eyJyZXN1bHRQaG9uZSI6IjgzNzQzOTM2MjEiLCJpYXQiOjE1OTgzNjkwOTZ9.kX3evCABuxp7O2pMUNodsvZqeUmPZs8A9KDaPook1Ao',1,1,'2020-08-25 15:24:56',NULL,'2020-08-25 15:24:56','2020-08-25 15:24:56'),(267,'eyJhbGciOiJIUzI1NiIsInR5cCI6IkpXVCJ9.eyJyZXN1bHRQaG9uZSI6IjgzNzQzOTM2MjEiLCJpYXQiOjE1OTgzNzAxNTF9.GXB7Ge45H6RLObNHnUy-sgao0x2XQMsTY3LPAuFAxeE',1,1,'2020-08-25 15:42:31',NULL,'2020-08-25 15:42:31','2020-08-25 15:42:31'),(268,'eyJhbGciOiJIUzI1NiIsInR5cCI6IkpXVCJ9.eyJyZXN1bHRQaG9uZSI6IjkyMjIyMjIyMjIiLCJpYXQiOjE1OTgzNzAxNzR9.Z0J0CL9OgvhsZrjqH0Lx9DSeZq83EuPIonEibZSdO6E',8,1,'2020-08-25 15:42:54',NULL,'2020-08-25 15:42:54','2020-08-25 15:42:54'),(269,'eyJhbGciOiJIUzI1NiIsInR5cCI6IkpXVCJ9.eyJyZXN1bHRQaG9uZSI6IjkyMjIyMjIyMjIiLCJpYXQiOjE1OTgzNzAyNzV9.IwYxJjx6r8qE1GLry1vz_lDpwM4AxbHluepH7cJyScU',8,1,'2020-08-25 15:44:35',NULL,'2020-08-25 15:44:35','2020-08-25 15:44:35'),(270,'eyJhbGciOiJIUzI1NiIsInR5cCI6IkpXVCJ9.eyJyZXN1bHRQaG9uZSI6Ijk3MDU2NjczOTUiLCJpYXQiOjE1OTg0MTQxNzd9.2QGqlcCZIqwyEF4jWrQx7owuIbikKKeyePOCqqAG5T8',11,1,'2020-08-26 03:56:17',NULL,'2020-08-26 03:56:17','2020-08-26 03:56:17'),(271,'eyJhbGciOiJIUzI1NiIsInR5cCI6IkpXVCJ9.eyJyZXN1bHRQaG9uZSI6IjgzNzQzOTM2MjEiLCJpYXQiOjE1OTg0MTQ0NjJ9.ZMYhYBD0Hxp7RZMolPF05hnBuwGAVBDhccp8dlYlT3U',1,1,'2020-08-26 04:01:02',NULL,'2020-08-26 04:01:02','2020-08-26 04:01:02'),(272,'eyJhbGciOiJIUzI1NiIsInR5cCI6IkpXVCJ9.eyJyZXN1bHRQaG9uZSI6IjgzNzQzOTM2MjEiLCJpYXQiOjE1OTg0MTUyOTN9.BO0EMPc5GV0fUHZnq_akUNQx9VgxGABFDy5hNj7qPcA',1,1,'2020-08-26 04:14:53',NULL,'2020-08-26 04:14:53','2020-08-26 04:14:53'),(273,'eyJhbGciOiJIUzI1NiIsInR5cCI6IkpXVCJ9.eyJyZXN1bHRQaG9uZSI6Ijk3MDU2NjczOTUiLCJpYXQiOjE1OTg0MTUyOTR9.pwGLhDlQC7mwQmy-nSXyjmnH8eT1GgXjYrxrX_oTt54',11,1,'2020-08-26 04:14:54',NULL,'2020-08-26 04:14:54','2020-08-26 04:14:54'),(274,'eyJhbGciOiJIUzI1NiIsInR5cCI6IkpXVCJ9.eyJyZXN1bHRQaG9uZSI6Ijk3MDU2NjczOTUiLCJpYXQiOjE1OTg0MTU2NDN9.NcCedrAm6ElYctg7TztB-Tl3VoE2_Krd1GQy7A0O3hw',11,1,'2020-08-26 04:20:43',NULL,'2020-08-26 04:20:43','2020-08-26 04:20:43'),(275,'eyJhbGciOiJIUzI1NiIsInR5cCI6IkpXVCJ9.eyJyZXN1bHRQaG9uZSI6Ijk1MzU2NTY1NTYiLCJpYXQiOjE1OTg0MTY2MjR9.ZfHkNePDMYSP3g3MLjjsv70nGZHpAC_nTCAUo2-Hh2s',19,1,'2020-08-26 04:37:04',NULL,'2020-08-26 04:37:04','2020-08-26 04:37:04'),(276,'eyJhbGciOiJIUzI1NiIsInR5cCI6IkpXVCJ9.eyJyZXN1bHRQaG9uZSI6Ijk3MDU2NjczOTUiLCJpYXQiOjE1OTg0MTY3MTZ9.5qFjuBWgd15V1XvxWnGlRlktvQUDtBqVMv9SIGoXxYE',11,1,'2020-08-26 04:38:36',NULL,'2020-08-26 04:38:36','2020-08-26 04:38:36'),(277,'eyJhbGciOiJIUzI1NiIsInR5cCI6IkpXVCJ9.eyJyZXN1bHRQaG9uZSI6Ijk1MzU2NTY1NTYiLCJpYXQiOjE1OTg0MTY4MjB9.eEfAEPBlqp1K0gZK7N4tsxRzHYHwzOW35OHl9yqggRU',19,1,'2020-08-26 04:40:20',NULL,'2020-08-26 04:40:20','2020-08-26 04:40:20'),(278,'eyJhbGciOiJIUzI1NiIsInR5cCI6IkpXVCJ9.eyJyZXN1bHRQaG9uZSI6Ijk1MzU2NTY1NTYiLCJpYXQiOjE1OTg0MTcyMDZ9.PXh1l9cn70yVhBXmLAN5Ceiy-pQ6dXAFcIKCS0AHGYo',19,1,'2020-08-26 04:46:46',NULL,'2020-08-26 04:46:46','2020-08-26 04:46:46'),(279,'eyJhbGciOiJIUzI1NiIsInR5cCI6IkpXVCJ9.eyJyZXN1bHRQaG9uZSI6Ijk1MzU2NTY1NTYiLCJpYXQiOjE1OTg0MTc5ODZ9.M7IBW_NHMGXOYaXSQfs15_ef35SanPuEBJwaM8YP2Bs',19,1,'2020-08-26 04:59:46',NULL,'2020-08-26 04:59:46','2020-08-26 04:59:46'),(280,'eyJhbGciOiJIUzI1NiIsInR5cCI6IkpXVCJ9.eyJyZXN1bHRQaG9uZSI6Ijk1MzU2NTY1NTYiLCJpYXQiOjE1OTg0MTgxMDR9.28sqOIPWqEN4r0MHBhUkYto_HI4MgYisakAevVZsDao',19,1,'2020-08-26 05:01:44',NULL,'2020-08-26 05:01:44','2020-08-26 05:01:44'),(281,'eyJhbGciOiJIUzI1NiIsInR5cCI6IkpXVCJ9.eyJyZXN1bHRQaG9uZSI6Ijk1MzU2NTY1NTYiLCJpYXQiOjE1OTg0MTgxMDh9.m60KlXm0iaiCjT55YJs7NQmi4AZuL0kIUYrwiZczcSY',19,1,'2020-08-26 05:01:48',NULL,'2020-08-26 05:01:48','2020-08-26 05:01:48'),(282,'eyJhbGciOiJIUzI1NiIsInR5cCI6IkpXVCJ9.eyJyZXN1bHRQaG9uZSI6Ijk3MDU2NjczOTUiLCJpYXQiOjE1OTg0MTgyNDN9.Ghwz5WL9IUU6r2TePauvPm5fwBxucpd2EjnRrYo03E8',11,1,'2020-08-26 05:04:03',NULL,'2020-08-26 05:04:03','2020-08-26 05:04:03'),(283,'eyJhbGciOiJIUzI1NiIsInR5cCI6IkpXVCJ9.eyJyZXN1bHRQaG9uZSI6IjYzMDE2NzQ1MzAiLCJpYXQiOjE1OTg0MTg1NTZ9.W5kNrpqzFkFwBxyoU0V_nwCM2o9gYuDgntuUvbJJeao',20,1,'2020-08-26 05:09:16',NULL,'2020-08-26 05:09:16','2020-08-26 05:09:16'),(284,'eyJhbGciOiJIUzI1NiIsInR5cCI6IkpXVCJ9.eyJyZXN1bHRQaG9uZSI6Ijk3MDU2NjczOTUiLCJpYXQiOjE1OTg0MTkyMDh9.pZscwLfCzxx4pXC2nt3wOeFONqVEMIZD-CEXY4fnORU',11,1,'2020-08-26 05:20:08',NULL,'2020-08-26 05:20:08','2020-08-26 05:20:08'),(285,'eyJhbGciOiJIUzI1NiIsInR5cCI6IkpXVCJ9.eyJyZXN1bHRQaG9uZSI6Ijc4NDI2NzAyMzciLCJpYXQiOjE1OTg0MTkyMjl9.RBbfhwxiZIx4yd832abbvjlHZzUqfs-QCV27Q_se84M',21,1,'2020-08-26 05:20:29',NULL,'2020-08-26 05:20:29','2020-08-26 05:20:29'),(286,'eyJhbGciOiJIUzI1NiIsInR5cCI6IkpXVCJ9.eyJyZXN1bHRQaG9uZSI6IjYzMDE2NzQ1MzAiLCJpYXQiOjE1OTg0MTkyNDh9.5T1CJWIbqxonOzfbjGCV5EYK2LM5T40QQjAJp3Yw-94',20,1,'2020-08-26 05:20:48',NULL,'2020-08-26 05:20:48','2020-08-26 05:20:48'),(287,'eyJhbGciOiJIUzI1NiIsInR5cCI6IkpXVCJ9.eyJyZXN1bHRQaG9uZSI6Ijc4NDI2NzAyMzciLCJpYXQiOjE1OTg0MTkyNzJ9.PZdfDSLGdj1iGQtIWhzyJmbJf5gakfksDLIN2QJ1vgo',21,1,'2020-08-26 05:21:12',NULL,'2020-08-26 05:21:12','2020-08-26 05:21:12'),(288,'eyJhbGciOiJIUzI1NiIsInR5cCI6IkpXVCJ9.eyJyZXN1bHRQaG9uZSI6Ijc4NDI2NzAyMzciLCJpYXQiOjE1OTg0MTkzMDl9.q-FrOxTwYVadu8WLEpM_av__5LD5UmGeev330jnVnY4',21,1,'2020-08-26 05:21:49',NULL,'2020-08-26 05:21:49','2020-08-26 05:21:49'),(289,'eyJhbGciOiJIUzI1NiIsInR5cCI6IkpXVCJ9.eyJyZXN1bHRQaG9uZSI6Ijc4NDI2NzAyMzciLCJpYXQiOjE1OTg0MTk0NzZ9.LqmHmrTqzdPyM0trsrxepx1PZ9UoV85z3p4VIFVkHDE',21,1,'2020-08-26 05:24:36',NULL,'2020-08-26 05:24:36','2020-08-26 05:24:36'),(290,'eyJhbGciOiJIUzI1NiIsInR5cCI6IkpXVCJ9.eyJyZXN1bHRQaG9uZSI6IjYzMDE2NzQ1MzAiLCJpYXQiOjE1OTg0MTk1MDV9.GYJkCS0RMGyJf8D-YZ5bHGRG_znyWRqzRKRoA79hJ-w',20,1,'2020-08-26 05:25:05',NULL,'2020-08-26 05:25:05','2020-08-26 05:25:05'),(291,'eyJhbGciOiJIUzI1NiIsInR5cCI6IkpXVCJ9.eyJyZXN1bHRQaG9uZSI6IjYzMDE2NzQ1MzAiLCJpYXQiOjE1OTg0MTk1OTN9.R0nApclzHoMFLVUztivG9oLg41IedSiR4SoKZrmKpEA',20,1,'2020-08-26 05:26:33',NULL,'2020-08-26 05:26:33','2020-08-26 05:26:33'),(292,'eyJhbGciOiJIUzI1NiIsInR5cCI6IkpXVCJ9.eyJyZXN1bHRQaG9uZSI6IjYzMDE2NzQ1MzAiLCJpYXQiOjE1OTg0MTk2Mzl9.IR6cdzLCgRgk7ZODaoLSWLGDzz4ZAQOOmS2B2fRwNuE',20,1,'2020-08-26 05:27:19',NULL,'2020-08-26 05:27:19','2020-08-26 05:27:19'),(293,'eyJhbGciOiJIUzI1NiIsInR5cCI6IkpXVCJ9.eyJyZXN1bHRQaG9uZSI6IjYzMDE2NzQ1MzAiLCJpYXQiOjE1OTg0MTk2NTJ9.mvbDVj_2jePqxKm7E_M5aDn0M8y4IIG2n-KtHhIKoWk',20,1,'2020-08-26 05:27:32',NULL,'2020-08-26 05:27:32','2020-08-26 05:27:32'),(294,'eyJhbGciOiJIUzI1NiIsInR5cCI6IkpXVCJ9.eyJyZXN1bHRQaG9uZSI6IjYzMDE2NzQ1MzAiLCJpYXQiOjE1OTg0MTk2ODh9.K8jlnBylsd-3oRU-ZVHoYO6qcEtMKgJQ0H6MNhHG1o4',20,1,'2020-08-26 05:28:08',NULL,'2020-08-26 05:28:08','2020-08-26 05:28:08'),(295,'eyJhbGciOiJIUzI1NiIsInR5cCI6IkpXVCJ9.eyJyZXN1bHRQaG9uZSI6IjYzMDE2NzQ1MzAiLCJpYXQiOjE1OTg0MTk3MTh9.or-AdO_coZJK88B8zvnrs9d_H-GPgIY_deT6g4rge8w',20,1,'2020-08-26 05:28:38',NULL,'2020-08-26 05:28:38','2020-08-26 05:28:38'),(296,'eyJhbGciOiJIUzI1NiIsInR5cCI6IkpXVCJ9.eyJyZXN1bHRQaG9uZSI6IjYzMDE2NzQ1MzAiLCJpYXQiOjE1OTg0MTk3NjR9.t7PezyNQP16R78F5ueUvIlfkDVIKr-W3C69CSuRL-7Q',20,1,'2020-08-26 05:29:24',NULL,'2020-08-26 05:29:24','2020-08-26 05:29:24'),(297,'eyJhbGciOiJIUzI1NiIsInR5cCI6IkpXVCJ9.eyJyZXN1bHRQaG9uZSI6Ijc4NDI2NzAyMzciLCJpYXQiOjE1OTg0MTk4OTB9.O0z4GyECZHQasCap---UvQyVq8SAECC_RxZWsi7Y5uA',21,1,'2020-08-26 05:31:30',NULL,'2020-08-26 05:31:30','2020-08-26 05:31:30'),(298,'eyJhbGciOiJIUzI1NiIsInR5cCI6IkpXVCJ9.eyJyZXN1bHRQaG9uZSI6Ijc4NDI2NzAyMzciLCJpYXQiOjE1OTg0MTk5NjB9.tuO4WDa6m1LSh7jMrLGjjLCUhTXreBXeDCVONzQnQrE',21,1,'2020-08-26 05:32:40',NULL,'2020-08-26 05:32:40','2020-08-26 05:32:40'),(299,'eyJhbGciOiJIUzI1NiIsInR5cCI6IkpXVCJ9.eyJyZXN1bHRQaG9uZSI6Ijc4NDI2NzAyMzciLCJpYXQiOjE1OTg0MjAxMzN9.i2bP8WW9BUXQvmnSWW10bbRqVj7ZduHkeP2v_ZVSyDE',21,1,'2020-08-26 05:35:33',NULL,'2020-08-26 05:35:33','2020-08-26 05:35:33'),(300,'eyJhbGciOiJIUzI1NiIsInR5cCI6IkpXVCJ9.eyJyZXN1bHRQaG9uZSI6Ijc4NDI2NzAyMzciLCJpYXQiOjE1OTg0MjAxMzh9.bP1g1WL1xp__YVqXRw0VS7F_IwlAPlrfdZdhYettfpw',21,1,'2020-08-26 05:35:38',NULL,'2020-08-26 05:35:38','2020-08-26 05:35:38'),(301,'eyJhbGciOiJIUzI1NiIsInR5cCI6IkpXVCJ9.eyJyZXN1bHRQaG9uZSI6Ijc4NDI2NzAyMzciLCJpYXQiOjE1OTg0MjAxNTl9.JtP1B8tm1_iAP8uqA32EHuvxCnAjibI3ydt5rEvlrk8',21,1,'2020-08-26 05:35:59',NULL,'2020-08-26 05:35:59','2020-08-26 05:35:59'),(302,'eyJhbGciOiJIUzI1NiIsInR5cCI6IkpXVCJ9.eyJyZXN1bHRQaG9uZSI6Ijc4NDI2NzAyMzciLCJpYXQiOjE1OTg0MjAzNTR9.-Ob-Zk5s5UA4OsRcxRti4nCLVibfUNHgK1YIHydlyIA',21,1,'2020-08-26 05:39:14',NULL,'2020-08-26 05:39:14','2020-08-26 05:39:14'),(303,'eyJhbGciOiJIUzI1NiIsInR5cCI6IkpXVCJ9.eyJyZXN1bHRQaG9uZSI6Ijc4NDI2NzAyMzciLCJpYXQiOjE1OTg0MjA2NzR9.JIZFDD0hpbYVFFfonM3q5gXeeUoCIbkC2QLFVgK6M68',21,1,'2020-08-26 05:44:34',NULL,'2020-08-26 05:44:34','2020-08-26 05:44:34'),(304,'eyJhbGciOiJIUzI1NiIsInR5cCI6IkpXVCJ9.eyJyZXN1bHRQaG9uZSI6Ijc4NDI2NzAyMzciLCJpYXQiOjE1OTg0MjE4Nzl9.7Sh_Vs3yYj6dNbYK0b5kIL0S6szH6NIH-7IOXa3EuII',21,1,'2020-08-26 06:04:39',NULL,'2020-08-26 06:04:39','2020-08-26 06:04:39'),(305,'eyJhbGciOiJIUzI1NiIsInR5cCI6IkpXVCJ9.eyJyZXN1bHRQaG9uZSI6Ijc4NDI2NzAyMzciLCJpYXQiOjE1OTg0MjE5ODJ9.BZlyHJKQlxH9hUldrZUv9w_EesqKGI5CFGo8jzMzoB8',21,1,'2020-08-26 06:06:22',NULL,'2020-08-26 06:06:22','2020-08-26 06:06:22'),(306,'eyJhbGciOiJIUzI1NiIsInR5cCI6IkpXVCJ9.eyJyZXN1bHRQaG9uZSI6Ijc4NDI2NzAyMzciLCJpYXQiOjE1OTg0MjIwNTh9.vVAvWxLkZ4mI7-9SPMv34jdrFdzIYSIYdjRvGDSQgWE',21,1,'2020-08-26 06:07:38',NULL,'2020-08-26 06:07:38','2020-08-26 06:07:38'),(307,'eyJhbGciOiJIUzI1NiIsInR5cCI6IkpXVCJ9.eyJyZXN1bHRQaG9uZSI6Ijc4NDI2NzAyMzciLCJpYXQiOjE1OTg0MjIwOTR9.q1w6yJs_nV2woEu9DN3Rn90U936bl9G6RsmyihzNXlA',21,1,'2020-08-26 06:08:14',NULL,'2020-08-26 06:08:14','2020-08-26 06:08:14'),(308,'eyJhbGciOiJIUzI1NiIsInR5cCI6IkpXVCJ9.eyJyZXN1bHRQaG9uZSI6Ijc4NDI2NzAyMzciLCJpYXQiOjE1OTg0MjIyODJ9.F3vV2evaoUlv1W8oJwfVUJI9W8uJeCMtFPafgTGLGbM',21,1,'2020-08-26 06:11:22',NULL,'2020-08-26 06:11:22','2020-08-26 06:11:22'),(309,'eyJhbGciOiJIUzI1NiIsInR5cCI6IkpXVCJ9.eyJyZXN1bHRQaG9uZSI6Ijc4NDI2NzAyMzciLCJpYXQiOjE1OTg0MjIzMjJ9.JWTaZ7wk_v8M73bAYS2I9ajJw-A06vVOfl4rP_cOBk4',21,1,'2020-08-26 06:12:02',NULL,'2020-08-26 06:12:02','2020-08-26 06:12:02'),(310,'eyJhbGciOiJIUzI1NiIsInR5cCI6IkpXVCJ9.eyJyZXN1bHRQaG9uZSI6Ijc4NDI2NzAyMzciLCJpYXQiOjE1OTg0MjIzNTl9.kPnnxaug9xS2KpA7lvmM7MJOtkAcihMbpDqAFWFBli4',21,1,'2020-08-26 06:12:39',NULL,'2020-08-26 06:12:39','2020-08-26 06:12:39'),(311,'eyJhbGciOiJIUzI1NiIsInR5cCI6IkpXVCJ9.eyJyZXN1bHRQaG9uZSI6Ijc4NDI2NzAyMzciLCJpYXQiOjE1OTg0MjIzODh9.Br7Venz6og4vw8bXXpIjHqZE6ZB4Zm7bpCSc6GB1tXA',21,1,'2020-08-26 06:13:08',NULL,'2020-08-26 06:13:08','2020-08-26 06:13:08'),(312,'eyJhbGciOiJIUzI1NiIsInR5cCI6IkpXVCJ9.eyJyZXN1bHRQaG9uZSI6Ijc4NDI2NzAyMzciLCJpYXQiOjE1OTg0MjI2MDJ9.uWkvirsvbio-yoVAmU_h6Qn1Y5NIz_Q8NSL162xN2VA',21,1,'2020-08-26 06:16:42',NULL,'2020-08-26 06:16:42','2020-08-26 06:16:42'),(313,'eyJhbGciOiJIUzI1NiIsInR5cCI6IkpXVCJ9.eyJyZXN1bHRQaG9uZSI6Ijc4NDI2NzAyMzciLCJpYXQiOjE1OTg0MjI4NTd9.JN5Z2ZOw_4f1mLgBMcUyEwsQ-tqe-_-i9GO-E45MsKk',21,1,'2020-08-26 06:20:57',NULL,'2020-08-26 06:20:57','2020-08-26 06:20:57'),(314,'eyJhbGciOiJIUzI1NiIsInR5cCI6IkpXVCJ9.eyJyZXN1bHRQaG9uZSI6IjgzNzQzOTM2MjEiLCJpYXQiOjE1OTg0MjMwNjR9.T9YVMIZL-D5UZ0iOsZlvdVL49H6kUrzWq7oEDqg8kzk',1,1,'2020-08-26 06:24:24',NULL,'2020-08-26 06:24:24','2020-08-26 06:24:24'),(315,'eyJhbGciOiJIUzI1NiIsInR5cCI6IkpXVCJ9.eyJyZXN1bHRQaG9uZSI6Ijc4NDI2NzAyMzciLCJpYXQiOjE1OTg0MjMyMDB9.1ffrscGc1d21FI7oyXtXA1DIGyfDHhB3vrzo0Zxam8U',21,1,'2020-08-26 06:26:40',NULL,'2020-08-26 06:26:40','2020-08-26 06:26:40'),(316,'eyJhbGciOiJIUzI1NiIsInR5cCI6IkpXVCJ9.eyJyZXN1bHRQaG9uZSI6Ijc4NDI2NzAyMzciLCJpYXQiOjE1OTg0MjQwODh9.lEQy4pjSy-YbZLNEFuJv9vGGL1V_UB9uSrfvgRq3xAQ',21,1,'2020-08-26 06:41:28',NULL,'2020-08-26 06:41:28','2020-08-26 06:41:28'),(317,'eyJhbGciOiJIUzI1NiIsInR5cCI6IkpXVCJ9.eyJyZXN1bHRQaG9uZSI6Ijc4NDI2NzAyMzciLCJpYXQiOjE1OTg0MjQ5Njd9.D5smVQe9xj4qr0DbeDshpR7OaHXXjFFyHEFCaVJsAHM',21,1,'2020-08-26 06:56:07',NULL,'2020-08-26 06:56:07','2020-08-26 06:56:07'),(318,'eyJhbGciOiJIUzI1NiIsInR5cCI6IkpXVCJ9.eyJyZXN1bHRQaG9uZSI6Ijc4NDI2NzAyMzciLCJpYXQiOjE1OTg0MjcwMjB9.r3KNqdCtiEjCX1ljNQx3MFPPrRjzWae34MkAUinZEVo',21,1,'2020-08-26 07:30:20',NULL,'2020-08-26 07:30:20','2020-08-26 07:30:20');
/*!40000 ALTER TABLE `user_token` ENABLE KEYS */;
UNLOCK TABLES;

--
-- Table structure for table `users`
--

DROP TABLE IF EXISTS `users`;
/*!40101 SET @saved_cs_client     = @@character_set_client */;
/*!50503 SET character_set_client = utf8mb4 */;
CREATE TABLE `users` (
  `id` int NOT NULL AUTO_INCREMENT,
  `name` varchar(45) DEFAULT NULL,
  `mobile` varchar(45) NOT NULL,
  `password` varchar(45) NOT NULL,
  `role` varchar(45) NOT NULL,
  `date_added` date DEFAULT NULL,
  `date_deleted` date DEFAULT NULL,
  `added_by` varchar(50) DEFAULT NULL,
  `deleted_by` varchar(50) DEFAULT NULL,
  PRIMARY KEY (`id`),
  UNIQUE KEY `id_UNIQUE` (`id`)
) ENGINE=InnoDB AUTO_INCREMENT=22 DEFAULT CHARSET=utf8mb4 COLLATE=utf8mb4_0900_ai_ci;
/*!40101 SET character_set_client = @saved_cs_client */;

--
-- Dumping data for table `users`
--

LOCK TABLES `users` WRITE;
/*!40000 ALTER TABLE `users` DISABLE KEYS */;
INSERT INTO `users` VALUES (1,'mukesh','8374393621','mukesh','admin',NULL,NULL,NULL,NULL),(2,'Shayroo Ali','9823883544','123','cleaner','2020-08-13',NULL,'mukesh',NULL),(3,'Balaiah Yadav','9999999999','123','cleaner','2020-08-14',NULL,'mukesh',NULL),(4,'test12','9097868876','000','cleaner','2020-08-14','2020-08-14','mukesh','mukesh'),(5,'Basant Dolakia','9254444444','999','cleaner','2020-08-14',NULL,'mukesh',NULL),(6,'susmitha','9090912345','','cleaner','2020-08-17',NULL,'mukesh',NULL),(7,'Hasrath Ali','9121212121','123','cleaner','2020-08-17',NULL,'mukesh',NULL),(8,'dinesh','9222222222','000','cleaner','2020-08-17',NULL,'mukesh',NULL),(9,'Dharmendar Singh','9333333333','000','cleaner','2020-08-17',NULL,'mukesh',NULL),(10,'Bala Saikrupa','9494059694','12345','cleaner','2020-08-18',NULL,'mukesh',NULL),(11,'Senthil Nathan','9705667395','12345','cleaner','2020-08-19',NULL,'mukesh',NULL),(12,'susmitha','9121214343','000','cleaner','2020-08-21',NULL,'mukesh',NULL),(13,'susmitha tallapaneni','9812128786','123','cleaner','2020-08-21',NULL,'mukesh',NULL),(14,'susmitha tallapaneni ','9012787676','123','cleaner','2020-08-21',NULL,'mukesh',NULL),(15,'susmitha','9134334545','','cleaner','2020-08-21',NULL,'mukesh',NULL),(16,'srinadh','9167635587','123','cleaner','2020-08-21',NULL,'mukesh',NULL),(17,'srinadh','9367676769','000','cleaner','2020-08-21',NULL,'mukesh',NULL),(18,'Anil','9335552465','123','cleaner','2020-08-24',NULL,'mukesh',NULL),(19,'Anil','9535656556','123','cleaner','2020-08-24',NULL,'mukesh',NULL),(20,'madhu','6301674530','12345','cleaner','2020-08-26',NULL,'mukesh',NULL),(21,'srinadh','7842670237','123','cleaner','2020-08-26',NULL,'mukesh',NULL);
/*!40000 ALTER TABLE `users` ENABLE KEYS */;
UNLOCK TABLES;

--
-- Table structure for table `vehicles`
--

DROP TABLE IF EXISTS `vehicles`;
/*!40101 SET @saved_cs_client     = @@character_set_client */;
/*!50503 SET character_set_client = utf8mb4 */;
CREATE TABLE `vehicles` (
  `id` int NOT NULL AUTO_INCREMENT,
  `registration_no` varchar(45) DEFAULT NULL,
  `customer_id` int NOT NULL,
  `parking_no` varchar(45) DEFAULT NULL,
  `building_id` int NOT NULL,
  PRIMARY KEY (`id`),
  KEY `fk_veh_building_id` (`building_id`),
  KEY `fk_cust_id` (`customer_id`),
  CONSTRAINT `fk_cust_id` FOREIGN KEY (`customer_id`) REFERENCES `customers` (`id`),
  CONSTRAINT `fk_veh_building_id` FOREIGN KEY (`building_id`) REFERENCES `buildings` (`id`)
) ENGINE=InnoDB AUTO_INCREMENT=103 DEFAULT CHARSET=utf8mb4 COLLATE=utf8mb4_0900_ai_ci;
/*!40101 SET character_set_client = @saved_cs_client */;

--
-- Dumping data for table `vehicles`
--

LOCK TABLES `vehicles` WRITE;
/*!40000 ALTER TABLE `vehicles` DISABLE KEYS */;
INSERT INTO `vehicles` VALUES (97,'AP09PR1234',82,'9096',10),(98,'AP12KD9999',82,'1422',10),(99,'TS09GH1246',83,'7654',10),(100,'1111',84,'980',1),(101,'TS10EA9898',85,'125',1),(102,'TS28EW8080',86,'128',2);
/*!40000 ALTER TABLE `vehicles` ENABLE KEYS */;
UNLOCK TABLES;

--
-- Table structure for table `work_schedule`
--

DROP TABLE IF EXISTS `work_schedule`;
/*!40101 SET @saved_cs_client     = @@character_set_client */;
/*!50503 SET character_set_client = utf8mb4 */;
CREATE TABLE `work_schedule` (
  `id` int NOT NULL AUTO_INCREMENT,
  `worker_building_id` int DEFAULT NULL,
  `vehicle_id` int NOT NULL,
  `monday` int DEFAULT NULL,
  `tuesday` int DEFAULT NULL,
  `wednesday` int DEFAULT NULL,
  `thursday` int DEFAULT NULL,
  `friday` int DEFAULT NULL,
  `saturday` int DEFAULT NULL,
  `sunday` int DEFAULT NULL,
  `date_created` timestamp NOT NULL DEFAULT CURRENT_TIMESTAMP ON UPDATE CURRENT_TIMESTAMP,
  `date_updated` timestamp NOT NULL DEFAULT CURRENT_TIMESTAMP ON UPDATE CURRENT_TIMESTAMP,
  `created_by` varchar(50) DEFAULT NULL,
  `updated_by` varchar(50) DEFAULT NULL,
  `client_ip` varchar(150) DEFAULT NULL,
  `browser_details` varchar(200) DEFAULT NULL,
  `start_date` date DEFAULT NULL,
  `end_date` date DEFAULT NULL,
  `subscription_amount` int DEFAULT NULL,
  PRIMARY KEY (`id`),
  KEY `fk_worker_id` (`worker_building_id`),
  KEY `fk_vehicle_id` (`vehicle_id`),
  CONSTRAINT `fk_vehicle_id` FOREIGN KEY (`vehicle_id`) REFERENCES `vehicles` (`id`),
  CONSTRAINT `workr_build_id` FOREIGN KEY (`worker_building_id`) REFERENCES `worker_building` (`id`)
) ENGINE=InnoDB AUTO_INCREMENT=71 DEFAULT CHARSET=utf8mb4 COLLATE=utf8mb4_0900_ai_ci;
/*!40101 SET character_set_client = @saved_cs_client */;

--
-- Dumping data for table `work_schedule`
--

LOCK TABLES `work_schedule` WRITE;
/*!40000 ALTER TABLE `work_schedule` DISABLE KEYS */;
INSERT INTO `work_schedule` VALUES (65,20,97,1,1,1,1,1,1,1,'2020-08-26 06:02:55','2020-08-26 06:02:55','mukesh',NULL,NULL,NULL,'2020-06-01',NULL,1000),(66,20,98,0,0,1,0,1,0,1,'2020-08-26 06:02:55','2020-08-26 06:02:55','mukesh',NULL,NULL,NULL,'2020-06-01',NULL,500),(67,20,99,1,1,1,1,1,1,1,'2020-08-26 06:02:55','2020-08-26 06:02:55','mukesh',NULL,NULL,NULL,'2020-06-01',NULL,1000),(68,19,100,1,1,0,0,0,0,0,'2020-08-26 06:02:55','2020-08-26 06:02:55','mukesh',NULL,NULL,NULL,'2020-06-01',NULL,3000),(69,4,101,1,1,1,1,1,1,1,'2020-08-26 07:28:02','2020-08-26 07:28:02','mukesh',NULL,NULL,NULL,'2020-08-26',NULL,500),(70,21,102,0,0,1,0,0,0,0,'2020-08-26 00:00:00','2020-08-26 07:33:38','srinadh',NULL,NULL,NULL,'2020-08-26',NULL,600);
/*!40000 ALTER TABLE `work_schedule` ENABLE KEYS */;
UNLOCK TABLES;

--
-- Table structure for table `worker_building`
--

DROP TABLE IF EXISTS `worker_building`;
/*!40101 SET @saved_cs_client     = @@character_set_client */;
/*!50503 SET character_set_client = utf8mb4 */;
CREATE TABLE `worker_building` (
  `id` int NOT NULL AUTO_INCREMENT,
  `worker_id` int NOT NULL,
  `building_id` int NOT NULL,
  `created_By` varchar(50) DEFAULT NULL,
  `deleted_By` varchar(50) DEFAULT NULL,
  `client_ip` varchar(200) DEFAULT NULL,
  `start_date` date DEFAULT NULL,
  `end_date` date DEFAULT NULL,
  PRIMARY KEY (`id`),
  KEY `fk_build_id` (`building_id`),
  KEY `fk_workr_id` (`worker_id`),
  CONSTRAINT `fk_build_id` FOREIGN KEY (`building_id`) REFERENCES `buildings` (`id`),
  CONSTRAINT `fk_workr_id` FOREIGN KEY (`worker_id`) REFERENCES `workers` (`id`)
) ENGINE=InnoDB AUTO_INCREMENT=22 DEFAULT CHARSET=utf8mb4 COLLATE=utf8mb4_0900_ai_ci;
/*!40101 SET character_set_client = @saved_cs_client */;

--
-- Dumping data for table `worker_building`
--

LOCK TABLES `worker_building` WRITE;
/*!40000 ALTER TABLE `worker_building` DISABLE KEYS */;
INSERT INTO `worker_building` VALUES (3,1,2,'mukesh','mukesh',NULL,'2020-08-08','2020-08-13'),(4,2,1,'mukesh',NULL,NULL,'2020-08-08',NULL),(5,2,2,'mukesh','mukesh',NULL,'2020-08-08','2020-08-09'),(6,3,4,'mukesh',NULL,NULL,'2020-08-13',NULL),(7,4,4,'mukesh',NULL,NULL,'2020-08-14',NULL),(8,6,4,'mukesh',NULL,NULL,'2020-08-14',NULL),(10,8,4,'mukesh','mukesh',NULL,'2020-08-17','2020-08-17'),(11,10,4,'mukesh',NULL,NULL,'2020-08-17',NULL),(18,20,13,'mukesh',NULL,NULL,'2020-08-24',NULL),(19,21,1,'mukesh',NULL,NULL,'2020-08-26',NULL),(20,22,10,'mukesh',NULL,NULL,'2020-08-26',NULL),(21,22,2,'srinadh',NULL,NULL,'2020-08-26',NULL);
/*!40000 ALTER TABLE `worker_building` ENABLE KEYS */;
UNLOCK TABLES;

--
-- Table structure for table `workers`
--

DROP TABLE IF EXISTS `workers`;
/*!40101 SET @saved_cs_client     = @@character_set_client */;
/*!50503 SET character_set_client = utf8mb4 */;
CREATE TABLE `workers` (
  `id` int NOT NULL AUTO_INCREMENT,
  `name` varchar(45) DEFAULT NULL,
  `mobile` varchar(45) DEFAULT NULL,
  `status` tinyint(1) DEFAULT NULL,
  `deletedAt` datetime DEFAULT NULL,
  `deletedBY` varchar(50) DEFAULT NULL,
  `user_id` int DEFAULT NULL,
  PRIMARY KEY (`id`),
  KEY `fk_user_id` (`user_id`),
  CONSTRAINT `fk_user_id` FOREIGN KEY (`user_id`) REFERENCES `users` (`id`)
) ENGINE=InnoDB AUTO_INCREMENT=23 DEFAULT CHARSET=utf8mb4 COLLATE=utf8mb4_0900_ai_ci;
/*!40101 SET character_set_client = @saved_cs_client */;

--
-- Dumping data for table `workers`
--

LOCK TABLES `workers` WRITE;
/*!40000 ALTER TABLE `workers` DISABLE KEYS */;
INSERT INTO `workers` VALUES (1,'mukesh','9087611111',1,NULL,NULL,NULL),(2,'Rizwan Zaman','9090909011',1,NULL,NULL,NULL),(3,'Shayroo Ali','9823883544',1,NULL,NULL,2),(4,'Balaiah Yadav','9999999999',1,NULL,NULL,3),(6,'Basant Dolakia','9254444444',1,NULL,NULL,5),(8,'Hasrath Ali','9121212121',1,NULL,NULL,7),(10,'Dharmendar Singh','9333333333',1,NULL,NULL,9),(11,'Bala Saikrupa','9494059694',1,NULL,NULL,10),(13,'susmitha','9121214343',1,NULL,NULL,12),(14,'susmitha tallapaneni','9812128786',1,NULL,NULL,13),(16,'susmitha','9134334545',1,NULL,NULL,15),(20,'Anil','9535656556',1,NULL,NULL,19),(21,'madhu','6301674530',1,NULL,NULL,20),(22,'srinadh','7842670237',1,NULL,NULL,21);
/*!40000 ALTER TABLE `workers` ENABLE KEYS */;
UNLOCK TABLES;
/*!40103 SET TIME_ZONE=@OLD_TIME_ZONE */;

/*!40101 SET SQL_MODE=@OLD_SQL_MODE */;
/*!40014 SET FOREIGN_KEY_CHECKS=@OLD_FOREIGN_KEY_CHECKS */;
/*!40014 SET UNIQUE_CHECKS=@OLD_UNIQUE_CHECKS */;
/*!40101 SET CHARACTER_SET_CLIENT=@OLD_CHARACTER_SET_CLIENT */;
/*!40101 SET CHARACTER_SET_RESULTS=@OLD_CHARACTER_SET_RESULTS */;
/*!40101 SET COLLATION_CONNECTION=@OLD_COLLATION_CONNECTION */;
/*!40111 SET SQL_NOTES=@OLD_SQL_NOTES */;

-- Dump completed on 2020-08-26  7:39:17
