-- MySQL dump 10.13  Distrib 8.0.20, for Linux (x86_64)
--
-- Host: localhost    Database: carwash_db
-- ------------------------------------------------------
-- Server version	8.0.20

/*!40101 SET @OLD_CHARACTER_SET_CLIENT=@@CHARACTER_SET_CLIENT */;
/*!40101 SET @OLD_CHARACTER_SET_RESULTS=@@CHARACTER_SET_RESULTS */;
/*!40101 SET @OLD_COLLATION_CONNECTION=@@COLLATION_CONNECTION */;
/*!50503 SET NAMES utf8mb4 */;
/*!40103 SET @OLD_TIME_ZONE=@@TIME_ZONE */;
/*!40103 SET TIME_ZONE='+00:00' */;
/*!40014 SET @OLD_UNIQUE_CHECKS=@@UNIQUE_CHECKS, UNIQUE_CHECKS=0 */;
/*!40014 SET @OLD_FOREIGN_KEY_CHECKS=@@FOREIGN_KEY_CHECKS, FOREIGN_KEY_CHECKS=0 */;
/*!40101 SET @OLD_SQL_MODE=@@SQL_MODE, SQL_MODE='NO_AUTO_VALUE_ON_ZERO' */;
/*!40111 SET @OLD_SQL_NOTES=@@SQL_NOTES, SQL_NOTES=0 */;

--
-- Table structure for table `buildings`
--

DROP TABLE IF EXISTS `buildings`;
/*!40101 SET @saved_cs_client     = @@character_set_client */;
/*!50503 SET character_set_client = utf8mb4 */;
CREATE TABLE `buildings` (
  `id` int NOT NULL AUTO_INCREMENT,
  `name` varchar(50) DEFAULT NULL,
  `location_id` int NOT NULL,
  `status` tinyint(1) DEFAULT NULL,
  `deletedAt` datetime DEFAULT NULL,
  `deletedBY` varchar(50) DEFAULT NULL,
  PRIMARY KEY (`id`),
  KEY `fk_location_id` (`location_id`),
  CONSTRAINT `fk_location_id` FOREIGN KEY (`location_id`) REFERENCES `location` (`id`)
) ENGINE=InnoDB AUTO_INCREMENT=9 DEFAULT CHARSET=utf8mb4 COLLATE=utf8mb4_0900_ai_ci;
/*!40101 SET character_set_client = @saved_cs_client */;

--
-- Dumping data for table `buildings`
--

LOCK TABLES `buildings` WRITE;
/*!40000 ALTER TABLE `buildings` DISABLE KEYS */;
INSERT INTO `buildings` VALUES (1,'Twin Towers',1,1,NULL,NULL),(2,' Mindspace',3,0,'2020-08-13 00:00:00','mukesh'),(3,'CyberTowers',4,0,'2020-08-13 00:00:00','mukesh'),(4,'CyberTowers',4,1,NULL,NULL),(5,'Mindspace',3,0,'2020-08-13 00:00:00','mukesh'),(6,'Mindspace',3,0,'2020-08-17 00:00:00','mukesh'),(7,'TowerA',3,0,'2020-08-17 00:00:00','mukesh'),(8,'Mythrivanam',4,1,NULL,NULL);
/*!40000 ALTER TABLE `buildings` ENABLE KEYS */;
UNLOCK TABLES;

--
-- Table structure for table `customers`
--

DROP TABLE IF EXISTS `customers`;
/*!40101 SET @saved_cs_client     = @@character_set_client */;
/*!50503 SET character_set_client = utf8mb4 */;
CREATE TABLE `customers` (
  `id` int NOT NULL AUTO_INCREMENT,
  `first_name` varchar(50) DEFAULT NULL,
  `building_id` int DEFAULT NULL,
  `mobile` varchar(45) DEFAULT NULL,
  `last_name` varchar(45) DEFAULT NULL,
  `flat_no` varchar(45) DEFAULT NULL,
  `one_time` tinyint(1) DEFAULT NULL,
  `status` tinyint(1) DEFAULT NULL,
  `deletedBY` varchar(50) DEFAULT NULL,
  `deletedAt` datetime DEFAULT NULL,
  PRIMARY KEY (`id`),
  KEY `fk_building_id` (`building_id`),
  CONSTRAINT `fk_building_id` FOREIGN KEY (`building_id`) REFERENCES `buildings` (`id`)
) ENGINE=InnoDB AUTO_INCREMENT=60 DEFAULT CHARSET=utf8mb4 COLLATE=utf8mb4_0900_ai_ci;
/*!40101 SET character_set_client = @saved_cs_client */;

--
-- Dumping data for table `customers`
--

LOCK TABLES `customers` WRITE;
/*!40000 ALTER TABLE `customers` DISABLE KEYS */;
INSERT INTO `customers` VALUES (6,'mukesh',1,'9087654321','k',NULL,NULL,NULL,NULL,NULL),(9,'krishna',1,'9087654321','phani','Block-209',NULL,NULL,NULL,NULL),(10,'Dinesh',1,'9087654321','Lella','Block-219',NULL,NULL,NULL,NULL),(11,'akshay',1,'9087654321','kumar','Block-219',NULL,NULL,NULL,NULL),(12,'akki',1,'9087654321','kunar','Block-210',NULL,NULL,NULL,NULL),(13,'dinesh',1,'9087654321','l','Block-210',NULL,NULL,NULL,NULL),(14,'dinesh',1,'9087654321','lella','Block-210',NULL,NULL,NULL,NULL),(15,'Dinesh',1,'9087654321','L','Block-210',NULL,NULL,NULL,NULL),(16,'mukesh',1,'9087654321','kota','Block-215',NULL,NULL,NULL,NULL),(17,'mukesh',1,'9087654321','kota','Block-216',NULL,NULL,NULL,NULL),(18,'mukesh',1,'9876543212','kot','Block-226',NULL,NULL,NULL,NULL),(19,'mukesh',1,'9087654321','kota','Block-229',NULL,NULL,NULL,NULL),(20,'mukesh',1,'9087654321','kota','Block-220',NULL,NULL,NULL,NULL),(21,'mukesh',1,'8374393621','k','Block-221',NULL,NULL,NULL,NULL),(22,'dinesh',1,'9087654321','karthik','Block-230',NULL,NULL,NULL,NULL),(23,'mukesh',1,'9087654321','k','Block-221',NULL,NULL,NULL,NULL),(24,'mukesh',1,'9087654321','k','Block-221',NULL,NULL,NULL,NULL),(25,'MS',1,'9090909090','dhoni','Block-230',NULL,NULL,NULL,NULL),(26,'MS',1,'9087654321','D','Block-235',NULL,NULL,NULL,NULL),(27,'virat',1,'9087654321','kohli','Block-255',NULL,NULL,NULL,NULL),(28,'suresh',1,'9087654321','raina','Block-255',NULL,NULL,NULL,NULL),(29,'suresh',1,'9087654321','raina','Block-260',NULL,NULL,NULL,NULL),(30,'mukesh',1,'8767890987','kota',NULL,NULL,NULL,NULL,NULL),(31,'rohit',1,'9876545458','sharma','Block-295',NULL,NULL,NULL,NULL),(32,'yuvraj',1,'2134565678','singh','Block-293',NULL,NULL,NULL,NULL),(33,'L',1,'9088899000','dinesh','Block-294',NULL,NULL,NULL,NULL),(34,'Ankitha',1,'9081234556','verma','BLOCK-395',NULL,NULL,NULL,NULL),(35,'mahesh',1,'opo0909900','g','BLOCK-95',NULL,NULL,NULL,NULL),(36,'jyoshna',1,'opo0909901','reddy','BLOCK-165',NULL,NULL,NULL,NULL),(37,'arjun',1,'1234567890','k','BLOCK-165',NULL,NULL,NULL,NULL),(38,'rishi',1,'8909999999','kumar','BLOCK-165',NULL,NULL,NULL,NULL),(39,'mukesh',1,'3452678900','ko',NULL,NULL,NULL,NULL,NULL),(40,'satya',1,'9087676734','goli','BLOCK-10',NULL,NULL,NULL,NULL),(41,'mukesh',1,'9087656565','ll','Block-12',NULL,NULL,NULL,NULL),(42,'mukesh',1,'9807654000','ko','Block-12',NULL,NULL,NULL,NULL),(43,'mukesh',1,'9876564321','ko','Block-12',NULL,NULL,NULL,NULL),(44,'mukesh',1,'9087654777','koii','Block-12',NULL,NULL,NULL,NULL),(45,'mukesh',1,'9087654700','koii','Block-12',NULL,NULL,NULL,NULL),(46,'mukesh',1,'9087654722','koii','Block-12',NULL,NULL,NULL,NULL),(47,'laxman',1,'9089877777','spidey','BLOCK-10',NULL,NULL,NULL,NULL),(48,'bala',1,'9087676767','sai','BLOCK-09',NULL,NULL,NULL,NULL),(49,'testing',1,'yugg78908','testing','123',NULL,NULL,NULL,NULL),(50,'susmitha',1,'7842670237','tallapaneni','932',NULL,NULL,NULL,NULL),(51,'susmitha',1,'9876512345','testing','8989',NULL,NULL,NULL,NULL),(52,'testing',1,'9182736455','testing','123',NULL,NULL,NULL,NULL),(53,'susmithatallapaneni',1,'9119229331','testing','98788',NULL,NULL,NULL,NULL),(54,'susmitha',1,'9123456789','t','1234',NULL,NULL,NULL,NULL),(55,'susi',1,'9012901290','testing','9-32',NULL,NULL,NULL,NULL),(56,'mahi',4,'9111111111','singh','BLOCK-A,209',NULL,NULL,NULL,NULL),(57,'sri',1,'9654656536','t','1234',NULL,NULL,NULL,NULL),(58,'susmitha',1,'9235456666','t','C-212',NULL,NULL,NULL,NULL),(59,'Saikrupa',8,'9494059694','Puram','301',NULL,NULL,NULL,NULL);
/*!40000 ALTER TABLE `customers` ENABLE KEYS */;
UNLOCK TABLES;

--
-- Table structure for table `location`
--

DROP TABLE IF EXISTS `location`;
/*!40101 SET @saved_cs_client     = @@character_set_client */;
/*!50503 SET character_set_client = utf8mb4 */;
CREATE TABLE `location` (
  `id` int NOT NULL AUTO_INCREMENT,
  `zip_code` varchar(45) DEFAULT NULL,
  `address` varchar(200) DEFAULT NULL,
  `status` tinyint(1) DEFAULT NULL,
  PRIMARY KEY (`id`)
) ENGINE=InnoDB AUTO_INCREMENT=5 DEFAULT CHARSET=utf8mb4 COLLATE=utf8mb4_0900_ai_ci;
/*!40101 SET character_set_client = @saved_cs_client */;

--
-- Dumping data for table `location`
--

LOCK TABLES `location` WRITE;
/*!40000 ALTER TABLE `location` DISABLE KEYS */;
INSERT INTO `location` VALUES (1,'1234','jubliee hills',NULL),(2,'1235','secunderabad',NULL),(3,'1236','banjara hills',NULL),(4,'1237','Hitech city',NULL);
/*!40000 ALTER TABLE `location` ENABLE KEYS */;
UNLOCK TABLES;

--
-- Table structure for table `payment_transaction`
--

DROP TABLE IF EXISTS `payment_transaction`;
/*!40101 SET @saved_cs_client     = @@character_set_client */;
/*!50503 SET character_set_client = utf8mb4 */;
CREATE TABLE `payment_transaction` (
  `id` int NOT NULL AUTO_INCREMENT,
  `schedule_id` int NOT NULL,
  `payment_date` timestamp NOT NULL DEFAULT CURRENT_TIMESTAMP ON UPDATE CURRENT_TIMESTAMP,
  `payment_amount` int DEFAULT NULL,
  `payment_registered_by` varchar(45) DEFAULT NULL,
  `user_id` int NOT NULL,
  `date_created` timestamp NOT NULL DEFAULT CURRENT_TIMESTAMP ON UPDATE CURRENT_TIMESTAMP,
  `date_updated` timestamp NOT NULL DEFAULT CURRENT_TIMESTAMP ON UPDATE CURRENT_TIMESTAMP,
  `added_by` varchar(45) DEFAULT NULL,
  `updated_by` varchar(45) DEFAULT NULL,
  `client_ip` varchar(150) DEFAULT NULL,
  `client_browser` varchar(200) DEFAULT NULL,
  `reason` varchar(250) DEFAULT NULL,
  `status` varchar(250) DEFAULT NULL,
  `note` varchar(200) DEFAULT NULL,
  PRIMARY KEY (`id`),
  KEY `fk_scheduleid` (`schedule_id`),
  KEY `fk_usr_id` (`user_id`),
  CONSTRAINT `fk_scheduleid` FOREIGN KEY (`schedule_id`) REFERENCES `schedule_logs` (`schedule_id`),
  CONSTRAINT `fk_usr_id` FOREIGN KEY (`user_id`) REFERENCES `users` (`id`)
) ENGINE=InnoDB AUTO_INCREMENT=12 DEFAULT CHARSET=utf8mb4 COLLATE=utf8mb4_0900_ai_ci;
/*!40101 SET character_set_client = @saved_cs_client */;

--
-- Dumping data for table `payment_transaction`
--

LOCK TABLES `payment_transaction` WRITE;
/*!40000 ALTER TABLE `payment_transaction` DISABLE KEYS */;
INSERT INTO `payment_transaction` VALUES (3,39,'2020-08-17 09:41:54',34,'mukesh',1,'2020-08-17 09:41:54','2020-08-17 09:41:54','mukesh','mukesh',NULL,NULL,'somegcbh','pending','skjk'),(4,39,'2020-08-17 09:41:54',26,'mukesh',1,'2020-08-17 09:41:54','2020-08-17 09:41:54','mukesh','mukesh',NULL,NULL,NULL,'completed',''),(5,39,'2020-08-17 09:41:54',27,'mukesh',1,'2020-08-17 09:41:54','2020-08-17 09:41:54','mukesh','mukesh',NULL,NULL,NULL,'completed','ehjklkjhg'),(6,40,'2020-08-13 11:45:14',50,'mukesh',1,'2020-08-13 11:45:14','2020-08-13 11:45:14','mukesh','mukesh',NULL,NULL,NULL,'completed','bdhjg'),(7,39,'2020-08-17 11:04:27',-15,'mukesh',1,'2020-08-17 11:04:27','2020-08-17 11:04:27','mukesh','mukesh',NULL,NULL,NULL,'completed',''),(8,39,'2020-08-17 11:09:26',1,'mukesh',1,'2020-08-17 11:09:26','2020-08-17 11:09:26','mukesh','mukesh',NULL,NULL,'fffshui','pending',''),(9,40,'2020-08-17 12:03:37',50,'mukesh',1,'2020-08-17 12:03:37','2020-08-17 12:03:37','mukesh','mukesh',NULL,NULL,NULL,'completed',''),(10,40,'2020-08-17 13:19:33',10,'mukesh',1,'2020-08-17 13:19:33','2020-08-17 13:19:33','mukesh','mukesh',NULL,NULL,NULL,'completed',''),(11,41,'2020-08-18 14:46:53',20,'mukesh',1,'2020-08-18 14:46:53','2020-08-18 14:46:53','mukesh','mukesh',NULL,NULL,NULL,'completed','collected some amount');
/*!40000 ALTER TABLE `payment_transaction` ENABLE KEYS */;
UNLOCK TABLES;

--
-- Table structure for table `schedule_logs`
--

DROP TABLE IF EXISTS `schedule_logs`;
/*!40101 SET @saved_cs_client     = @@character_set_client */;
/*!50503 SET character_set_client = utf8mb4 */;
CREATE TABLE `schedule_logs` (
  `id` int NOT NULL AUTO_INCREMENT,
  `date` date DEFAULT NULL,
  `schedule_id` int NOT NULL,
  `status` varchar(45) DEFAULT NULL,
  `date_created` timestamp NOT NULL DEFAULT CURRENT_TIMESTAMP ON UPDATE CURRENT_TIMESTAMP,
  `date_updated` timestamp NOT NULL DEFAULT CURRENT_TIMESTAMP ON UPDATE CURRENT_TIMESTAMP,
  `created_by` varchar(50) DEFAULT NULL,
  `updated_by` varchar(50) DEFAULT NULL,
  `client_ip` varchar(150) DEFAULT NULL,
  `browser_details` varchar(200) DEFAULT NULL,
  `amount` int DEFAULT NULL,
  `reason` varchar(250) DEFAULT NULL,
  PRIMARY KEY (`id`),
  KEY `fk_schedule_id` (`schedule_id`),
  CONSTRAINT `fk_schedule_id` FOREIGN KEY (`schedule_id`) REFERENCES `work_schedule` (`id`)
) ENGINE=InnoDB AUTO_INCREMENT=425336 DEFAULT CHARSET=utf8mb4 COLLATE=utf8mb4_0900_ai_ci;
/*!40101 SET character_set_client = @saved_cs_client */;

--
-- Dumping data for table `schedule_logs`
--

LOCK TABLES `schedule_logs` WRITE;
/*!40000 ALTER TABLE `schedule_logs` DISABLE KEYS */;
INSERT INTO `schedule_logs` VALUES (424972,'2020-08-09',24,'pending','2020-08-13 10:24:24','2020-08-13 10:24:24','undefined','undefined',NULL,NULL,50,NULL),(424973,'2020-08-16',24,'pending','2020-08-13 10:24:24','2020-08-13 10:24:24','undefined','undefined',NULL,NULL,50,NULL),(424974,'2020-08-23',24,'pending','2020-08-13 10:24:24','2020-08-13 10:24:24','undefined','undefined',NULL,NULL,50,NULL),(424975,'2020-08-30',24,'pending','2020-08-13 10:24:24','2020-08-13 10:24:24','undefined','undefined',NULL,NULL,50,NULL),(424976,'2020-08-10',24,'pending','2020-08-13 10:24:24','2020-08-13 10:24:24','undefined','undefined',NULL,NULL,50,NULL),(424977,'2020-08-17',24,'pending','2020-08-13 10:24:24','2020-08-13 10:24:24','undefined','undefined',NULL,NULL,50,NULL),(424978,'2020-08-24',24,'pending','2020-08-13 10:24:24','2020-08-13 10:24:24','undefined','undefined',NULL,NULL,50,NULL),(424979,'2020-08-31',24,'pending','2020-08-13 10:24:24','2020-08-13 10:24:24','undefined','undefined',NULL,NULL,50,NULL),(424980,'2020-08-11',24,'pending','2020-08-13 10:24:24','2020-08-13 10:24:24','undefined','undefined',NULL,NULL,50,NULL),(424981,'2020-08-18',24,'pending','2020-08-13 10:24:24','2020-08-13 10:24:24','undefined','undefined',NULL,NULL,50,NULL),(424982,'2020-08-25',24,'pending','2020-08-13 10:24:24','2020-08-13 10:24:24','undefined','undefined',NULL,NULL,50,NULL),(424983,'2020-08-12',24,'pending','2020-08-13 10:24:24','2020-08-13 10:24:24','undefined','undefined',NULL,NULL,50,NULL),(424984,'2020-08-19',24,'completed','2020-08-19 07:13:51','2020-08-19 07:13:51','undefined','undefined',NULL,NULL,50,NULL),(424985,'2020-08-26',24,'pending','2020-08-13 10:24:24','2020-08-13 10:24:24','undefined','undefined',NULL,NULL,50,NULL),(424986,'2020-08-06',24,'pending','2020-08-13 10:24:24','2020-08-13 10:24:24','undefined','undefined',NULL,NULL,50,NULL),(424987,'2020-08-13',24,'pending','2020-08-13 10:24:24','2020-08-13 10:24:24','undefined','undefined',NULL,NULL,50,NULL),(424988,'2020-08-20',24,'pending','2020-08-13 10:24:24','2020-08-13 10:24:24','undefined','undefined',NULL,NULL,50,NULL),(424989,'2020-08-27',24,'pending','2020-08-13 10:24:24','2020-08-13 10:24:24','undefined','undefined',NULL,NULL,50,NULL),(424990,'2020-08-07',24,'pending','2020-08-13 10:24:24','2020-08-13 10:24:24','undefined','undefined',NULL,NULL,50,NULL),(424991,'2020-08-14',24,'pending','2020-08-13 10:24:24','2020-08-13 10:24:24','undefined','undefined',NULL,NULL,50,NULL),(424992,'2020-08-21',24,'pending','2020-08-13 10:24:24','2020-08-13 10:24:24','undefined','undefined',NULL,NULL,50,NULL),(424993,'2020-08-28',24,'pending','2020-08-13 10:24:24','2020-08-13 10:24:24','undefined','undefined',NULL,NULL,50,NULL),(424994,'2020-08-08',24,'pending','2020-08-13 10:24:24','2020-08-13 10:24:24','undefined','undefined',NULL,NULL,50,NULL),(424995,'2020-08-15',24,'pending','2020-08-13 10:24:24','2020-08-13 10:24:24','undefined','undefined',NULL,NULL,50,NULL),(424996,'2020-08-22',24,'pending','2020-08-13 10:24:24','2020-08-13 10:24:24','undefined','undefined',NULL,NULL,50,NULL),(424997,'2020-08-29',24,'pending','2020-08-13 10:24:24','2020-08-13 10:24:24','undefined','undefined',NULL,NULL,50,NULL),(424998,'2020-08-09',25,'pending','2020-08-13 10:24:24','2020-08-13 10:24:24','undefined','undefined',NULL,NULL,50,NULL),(424999,'2020-08-09',25,'pending','2020-08-13 10:24:24','2020-08-13 10:24:24','undefined','undefined',NULL,NULL,50,NULL),(425000,'2020-08-16',25,'pending','2020-08-13 10:24:24','2020-08-13 10:24:24','undefined','undefined',NULL,NULL,50,NULL),(425001,'2020-08-23',25,'pending','2020-08-13 10:24:24','2020-08-13 10:24:24','undefined','undefined',NULL,NULL,50,NULL),(425002,'2020-08-30',25,'pending','2020-08-13 10:24:24','2020-08-13 10:24:24','undefined','undefined',NULL,NULL,50,NULL),(425003,'2020-08-09',26,'pending','2020-08-13 10:24:24','2020-08-13 10:24:24','undefined','undefined',NULL,NULL,50,NULL),(425004,'2020-08-16',26,'pending','2020-08-13 10:24:24','2020-08-13 10:24:24','undefined','undefined',NULL,NULL,50,NULL),(425005,'2020-08-23',26,'pending','2020-08-13 10:24:24','2020-08-13 10:24:24','undefined','undefined',NULL,NULL,50,NULL),(425006,'2020-08-30',26,'pending','2020-08-13 10:24:24','2020-08-13 10:24:24','undefined','undefined',NULL,NULL,50,NULL),(425007,'2020-08-09',27,'pending','2020-08-13 10:24:24','2020-08-13 10:24:24','undefined','undefined',NULL,NULL,50,NULL),(425008,'2020-08-16',27,'pending','2020-08-13 10:24:24','2020-08-13 10:24:24','undefined','undefined',NULL,NULL,50,NULL),(425009,'2020-08-23',27,'pending','2020-08-13 10:24:24','2020-08-13 10:24:24','undefined','undefined',NULL,NULL,50,NULL),(425010,'2020-08-30',27,'pending','2020-08-13 10:24:24','2020-08-13 10:24:24','undefined','undefined',NULL,NULL,50,NULL),(425011,'2020-08-10',27,'pending','2020-08-13 10:24:24','2020-08-13 10:24:24','undefined','undefined',NULL,NULL,50,NULL),(425012,'2020-08-17',27,'pending','2020-08-13 10:24:24','2020-08-13 10:24:24','undefined','undefined',NULL,NULL,50,NULL),(425013,'2020-08-24',27,'pending','2020-08-13 10:24:24','2020-08-13 10:24:24','undefined','undefined',NULL,NULL,50,NULL),(425014,'2020-08-31',27,'pending','2020-08-13 10:24:24','2020-08-13 10:24:24','undefined','undefined',NULL,NULL,50,NULL),(425015,'2020-08-11',27,'pending','2020-08-13 10:24:24','2020-08-13 10:24:24','undefined','undefined',NULL,NULL,50,NULL),(425016,'2020-08-18',27,'pending','2020-08-13 10:24:24','2020-08-13 10:24:24','undefined','undefined',NULL,NULL,50,NULL),(425017,'2020-08-25',27,'pending','2020-08-13 10:24:24','2020-08-13 10:24:24','undefined','undefined',NULL,NULL,50,NULL),(425018,'2020-08-12',27,'pending','2020-08-13 10:24:24','2020-08-13 10:24:24','undefined','undefined',NULL,NULL,50,NULL),(425019,'2020-08-19',27,'pending','2020-08-13 10:24:24','2020-08-13 10:24:24','undefined','undefined',NULL,NULL,50,NULL),(425020,'2020-08-26',27,'pending','2020-08-13 10:24:24','2020-08-13 10:24:24','undefined','undefined',NULL,NULL,50,NULL),(425021,'2020-08-06',27,'pending','2020-08-13 10:24:24','2020-08-13 10:24:24','undefined','undefined',NULL,NULL,50,NULL),(425022,'2020-08-13',27,'pending','2020-08-13 10:24:24','2020-08-13 10:24:24','undefined','undefined',NULL,NULL,50,NULL),(425023,'2020-08-20',27,'pending','2020-08-13 10:24:24','2020-08-13 10:24:24','undefined','undefined',NULL,NULL,50,NULL),(425024,'2020-08-27',27,'pending','2020-08-13 10:24:24','2020-08-13 10:24:24','undefined','undefined',NULL,NULL,50,NULL),(425025,'2020-08-07',27,'pending','2020-08-13 10:24:24','2020-08-13 10:24:24','undefined','undefined',NULL,NULL,50,NULL),(425026,'2020-08-14',27,'pending','2020-08-13 10:24:24','2020-08-13 10:24:24','undefined','undefined',NULL,NULL,50,NULL),(425027,'2020-08-21',27,'pending','2020-08-13 10:24:24','2020-08-13 10:24:24','undefined','undefined',NULL,NULL,50,NULL),(425028,'2020-08-28',27,'pending','2020-08-13 10:24:24','2020-08-13 10:24:24','undefined','undefined',NULL,NULL,50,NULL),(425029,'2020-08-08',27,'pending','2020-08-13 10:24:24','2020-08-13 10:24:24','undefined','undefined',NULL,NULL,50,NULL),(425030,'2020-08-15',27,'pending','2020-08-13 10:24:24','2020-08-13 10:24:24','undefined','undefined',NULL,NULL,50,NULL),(425031,'2020-08-22',27,'pending','2020-08-13 10:24:24','2020-08-13 10:24:24','undefined','undefined',NULL,NULL,50,NULL),(425032,'2020-08-29',27,'pending','2020-08-13 10:24:24','2020-08-13 10:24:24','undefined','undefined',NULL,NULL,50,NULL),(425033,'2020-08-09',28,'pending','2020-08-13 10:24:24','2020-08-13 10:24:24','undefined','undefined',NULL,NULL,50,NULL),(425034,'2020-08-16',28,'pending','2020-08-13 10:24:24','2020-08-13 10:24:24','undefined','undefined',NULL,NULL,50,NULL),(425035,'2020-08-23',28,'pending','2020-08-13 10:24:24','2020-08-13 10:24:24','undefined','undefined',NULL,NULL,50,NULL),(425036,'2020-08-30',28,'pending','2020-08-13 10:24:24','2020-08-13 10:24:24','undefined','undefined',NULL,NULL,50,NULL),(425037,'2020-08-10',28,'pending','2020-08-13 10:24:24','2020-08-13 10:24:24','undefined','undefined',NULL,NULL,50,NULL),(425038,'2020-08-17',28,'pending','2020-08-13 10:24:24','2020-08-13 10:24:24','undefined','undefined',NULL,NULL,50,NULL),(425039,'2020-08-24',28,'pending','2020-08-13 10:24:24','2020-08-13 10:24:24','undefined','undefined',NULL,NULL,50,NULL),(425040,'2020-08-31',28,'pending','2020-08-13 10:24:24','2020-08-13 10:24:24','undefined','undefined',NULL,NULL,50,NULL),(425041,'2020-08-11',28,'pending','2020-08-13 10:24:24','2020-08-13 10:24:24','undefined','undefined',NULL,NULL,50,NULL),(425042,'2020-08-18',28,'pending','2020-08-13 10:24:24','2020-08-13 10:24:24','undefined','undefined',NULL,NULL,50,NULL),(425043,'2020-08-25',28,'pending','2020-08-13 10:24:24','2020-08-13 10:24:24','undefined','undefined',NULL,NULL,50,NULL),(425044,'2020-08-12',28,'pending','2020-08-13 10:24:24','2020-08-13 10:24:24','undefined','undefined',NULL,NULL,50,NULL),(425045,'2020-08-19',28,'pending','2020-08-13 10:24:24','2020-08-13 10:24:24','undefined','undefined',NULL,NULL,50,NULL),(425046,'2020-08-26',28,'pending','2020-08-13 10:24:24','2020-08-13 10:24:24','undefined','undefined',NULL,NULL,50,NULL),(425047,'2020-08-06',28,'pending','2020-08-13 10:24:24','2020-08-13 10:24:24','undefined','undefined',NULL,NULL,50,NULL),(425048,'2020-08-13',28,'pending','2020-08-13 10:24:24','2020-08-13 10:24:24','undefined','undefined',NULL,NULL,50,NULL),(425049,'2020-08-20',28,'pending','2020-08-13 10:24:24','2020-08-13 10:24:24','undefined','undefined',NULL,NULL,50,NULL),(425050,'2020-08-27',28,'pending','2020-08-13 10:24:24','2020-08-13 10:24:24','undefined','undefined',NULL,NULL,50,NULL),(425051,'2020-08-07',28,'pending','2020-08-13 10:24:24','2020-08-13 10:24:24','undefined','undefined',NULL,NULL,50,NULL),(425052,'2020-08-14',28,'pending','2020-08-13 10:24:24','2020-08-13 10:24:24','undefined','undefined',NULL,NULL,50,NULL),(425053,'2020-08-21',28,'pending','2020-08-13 10:24:24','2020-08-13 10:24:24','undefined','undefined',NULL,NULL,50,NULL),(425054,'2020-08-28',28,'pending','2020-08-13 10:24:24','2020-08-13 10:24:24','undefined','undefined',NULL,NULL,50,NULL),(425055,'2020-08-08',28,'pending','2020-08-13 10:24:24','2020-08-13 10:24:24','undefined','undefined',NULL,NULL,50,NULL),(425056,'2020-08-15',28,'pending','2020-08-13 10:24:24','2020-08-13 10:24:24','undefined','undefined',NULL,NULL,50,NULL),(425057,'2020-08-22',28,'pending','2020-08-13 10:24:24','2020-08-13 10:24:24','undefined','undefined',NULL,NULL,50,NULL),(425058,'2020-08-29',28,'pending','2020-08-13 10:24:24','2020-08-13 10:24:24','undefined','undefined',NULL,NULL,50,NULL),(425059,'2020-08-08',29,'pending','2020-08-13 10:24:24','2020-08-13 10:24:24','undefined','undefined',NULL,NULL,50,NULL),(425060,'2020-08-15',29,'pending','2020-08-13 10:24:24','2020-08-13 10:24:24','undefined','undefined',NULL,NULL,50,NULL),(425061,'2020-08-22',29,'pending','2020-08-13 10:24:24','2020-08-13 10:24:24','undefined','undefined',NULL,NULL,50,NULL),(425062,'2020-08-29',29,'pending','2020-08-13 10:24:24','2020-08-13 10:24:24','undefined','undefined',NULL,NULL,50,NULL),(425063,'2020-08-08',30,'pending','2020-08-13 10:24:24','2020-08-13 10:24:24','undefined','undefined',NULL,NULL,50,NULL),(425064,'2020-08-15',30,'pending','2020-08-13 10:24:24','2020-08-13 10:24:24','undefined','undefined',NULL,NULL,50,NULL),(425065,'2020-08-22',30,'pending','2020-08-13 10:24:24','2020-08-13 10:24:24','undefined','undefined',NULL,NULL,50,NULL),(425066,'2020-08-29',30,'pending','2020-08-13 10:24:24','2020-08-13 10:24:24','undefined','undefined',NULL,NULL,50,NULL),(425067,'2020-08-10',31,'pending','2020-08-13 10:24:24','2020-08-13 10:24:24','undefined','undefined',NULL,NULL,50,NULL),(425068,'2020-08-17',31,'pending','2020-08-13 10:24:24','2020-08-13 10:24:24','undefined','undefined',NULL,NULL,50,NULL),(425069,'2020-08-24',31,'pending','2020-08-13 10:24:24','2020-08-13 10:24:24','undefined','undefined',NULL,NULL,50,NULL),(425070,'2020-08-31',31,'pending','2020-08-13 10:24:24','2020-08-13 10:24:24','undefined','undefined',NULL,NULL,50,NULL),(425071,'2020-08-10',32,'pending','2020-08-13 10:24:24','2020-08-13 10:24:24','undefined','undefined',NULL,NULL,50,NULL),(425072,'2020-08-17',32,'pending','2020-08-13 10:24:24','2020-08-13 10:24:24','undefined','undefined',NULL,NULL,50,NULL),(425073,'2020-08-24',32,'pending','2020-08-13 10:24:24','2020-08-13 10:24:24','undefined','undefined',NULL,NULL,50,NULL),(425074,'2020-08-31',32,'pending','2020-08-13 10:24:24','2020-08-13 10:24:24','undefined','undefined',NULL,NULL,50,NULL),(425075,'2020-08-06',33,'pending','2020-08-13 10:24:24','2020-08-13 10:24:24','undefined','undefined',NULL,NULL,50,NULL),(425076,'2020-08-13',33,'pending','2020-08-13 10:24:24','2020-08-13 10:24:24','undefined','undefined',NULL,NULL,50,NULL),(425077,'2020-08-20',33,'pending','2020-08-13 10:24:24','2020-08-13 10:24:24','undefined','undefined',NULL,NULL,50,NULL),(425078,'2020-08-27',33,'pending','2020-08-13 10:24:24','2020-08-13 10:24:24','undefined','undefined',NULL,NULL,50,NULL),(425079,'2020-08-08',33,'pending','2020-08-13 10:24:24','2020-08-13 10:24:24','undefined','undefined',NULL,NULL,50,NULL),(425080,'2020-08-15',33,'pending','2020-08-13 10:24:24','2020-08-13 10:24:24','undefined','undefined',NULL,NULL,50,NULL),(425081,'2020-08-22',33,'pending','2020-08-13 10:24:24','2020-08-13 10:24:24','undefined','undefined',NULL,NULL,50,NULL),(425082,'2020-08-29',33,'pending','2020-08-13 10:24:24','2020-08-13 10:24:24','undefined','undefined',NULL,NULL,50,NULL),(425083,'2020-08-06',34,'pending','2020-08-13 10:24:24','2020-08-13 10:24:24','undefined','undefined',NULL,NULL,50,NULL),(425084,'2020-08-13',34,'pending','2020-08-13 10:24:24','2020-08-13 10:24:24','undefined','undefined',NULL,NULL,50,NULL),(425085,'2020-08-20',34,'pending','2020-08-13 10:24:24','2020-08-13 10:24:24','undefined','undefined',NULL,NULL,50,NULL),(425086,'2020-08-27',34,'pending','2020-08-13 10:24:24','2020-08-13 10:24:24','undefined','undefined',NULL,NULL,50,NULL),(425087,'2020-08-08',34,'pending','2020-08-13 10:24:24','2020-08-13 10:24:24','undefined','undefined',NULL,NULL,50,NULL),(425088,'2020-08-15',34,'pending','2020-08-13 10:24:24','2020-08-13 10:24:24','undefined','undefined',NULL,NULL,50,NULL),(425089,'2020-08-22',34,'pending','2020-08-13 10:24:24','2020-08-13 10:24:24','undefined','undefined',NULL,NULL,50,NULL),(425090,'2020-08-29',34,'pending','2020-08-13 10:24:24','2020-08-13 10:24:24','undefined','undefined',NULL,NULL,50,NULL),(425091,'2020-08-09',35,'pending','2020-08-13 10:24:24','2020-08-13 10:24:24','undefined','undefined',NULL,NULL,50,NULL),(425092,'2020-08-16',35,'pending','2020-08-13 10:24:24','2020-08-13 10:24:24','undefined','undefined',NULL,NULL,50,NULL),(425093,'2020-08-23',35,'pending','2020-08-13 10:24:24','2020-08-13 10:24:24','undefined','undefined',NULL,NULL,50,NULL),(425094,'2020-08-30',35,'pending','2020-08-13 10:24:24','2020-08-13 10:24:24','undefined','undefined',NULL,NULL,50,NULL),(425095,'2020-08-09',36,'pending','2020-08-13 10:24:24','2020-08-13 10:24:24','undefined','undefined',NULL,NULL,50,NULL),(425096,'2020-08-16',36,'pending','2020-08-13 10:24:24','2020-08-13 10:24:24','undefined','undefined',NULL,NULL,50,NULL),(425097,'2020-08-23',36,'pending','2020-08-13 10:24:24','2020-08-13 10:24:24','undefined','undefined',NULL,NULL,50,NULL),(425098,'2020-08-30',36,'pending','2020-08-13 10:24:24','2020-08-13 10:24:24','undefined','undefined',NULL,NULL,50,NULL),(425099,'2020-08-10',36,'pending','2020-08-13 10:24:24','2020-08-13 10:24:24','undefined','undefined',NULL,NULL,50,NULL),(425100,'2020-08-17',36,'pending','2020-08-13 10:24:24','2020-08-13 10:24:24','undefined','undefined',NULL,NULL,50,NULL),(425101,'2020-08-24',36,'pending','2020-08-13 10:24:24','2020-08-13 10:24:24','undefined','undefined',NULL,NULL,50,NULL),(425102,'2020-08-31',36,'pending','2020-08-13 10:24:24','2020-08-13 10:24:24','undefined','undefined',NULL,NULL,50,NULL),(425103,'2020-08-11',36,'pending','2020-08-13 10:24:24','2020-08-13 10:24:24','undefined','undefined',NULL,NULL,50,NULL),(425104,'2020-08-18',36,'pending','2020-08-13 10:24:24','2020-08-13 10:24:24','undefined','undefined',NULL,NULL,50,NULL),(425105,'2020-08-25',36,'pending','2020-08-13 10:24:24','2020-08-13 10:24:24','undefined','undefined',NULL,NULL,50,NULL),(425106,'2020-08-12',36,'pending','2020-08-13 10:24:24','2020-08-13 10:24:24','undefined','undefined',NULL,NULL,50,NULL),(425107,'2020-08-19',36,'pending','2020-08-13 10:24:24','2020-08-13 10:24:24','undefined','undefined',NULL,NULL,50,NULL),(425108,'2020-08-26',36,'pending','2020-08-13 10:24:24','2020-08-13 10:24:24','undefined','undefined',NULL,NULL,50,NULL),(425109,'2020-08-06',36,'pending','2020-08-13 10:24:24','2020-08-13 10:24:24','undefined','undefined',NULL,NULL,50,NULL),(425110,'2020-08-13',36,'pending','2020-08-13 10:24:24','2020-08-13 10:24:24','undefined','undefined',NULL,NULL,50,NULL),(425111,'2020-08-20',36,'pending','2020-08-13 10:24:24','2020-08-13 10:24:24','undefined','undefined',NULL,NULL,50,NULL),(425112,'2020-08-27',36,'pending','2020-08-13 10:24:24','2020-08-13 10:24:24','undefined','undefined',NULL,NULL,50,NULL),(425113,'2020-08-07',36,'pending','2020-08-13 10:24:24','2020-08-13 10:24:24','undefined','undefined',NULL,NULL,50,NULL),(425114,'2020-08-14',36,'pending','2020-08-13 10:24:24','2020-08-13 10:24:24','undefined','undefined',NULL,NULL,50,NULL),(425115,'2020-08-21',36,'pending','2020-08-13 10:24:24','2020-08-13 10:24:24','undefined','undefined',NULL,NULL,50,NULL),(425116,'2020-08-28',36,'pending','2020-08-13 10:24:24','2020-08-13 10:24:24','undefined','undefined',NULL,NULL,50,NULL),(425117,'2020-08-08',36,'pending','2020-08-13 10:24:24','2020-08-13 10:24:24','undefined','undefined',NULL,NULL,50,NULL),(425118,'2020-08-15',36,'pending','2020-08-13 10:24:24','2020-08-13 10:24:24','undefined','undefined',NULL,NULL,50,NULL),(425119,'2020-08-22',36,'pending','2020-08-13 10:24:24','2020-08-13 10:24:24','undefined','undefined',NULL,NULL,50,NULL),(425120,'2020-08-29',36,'pending','2020-08-13 10:24:24','2020-08-13 10:24:24','undefined','undefined',NULL,NULL,50,NULL),(425121,'2020-08-09',37,'pending','2020-08-13 10:24:24','2020-08-13 10:24:24','undefined','undefined',NULL,NULL,50,NULL),(425122,'2020-08-16',37,'pending','2020-08-13 10:24:24','2020-08-13 10:24:24','undefined','undefined',NULL,NULL,50,NULL),(425123,'2020-08-23',37,'pending','2020-08-13 10:24:24','2020-08-13 10:24:24','undefined','undefined',NULL,NULL,50,NULL),(425124,'2020-08-30',37,'pending','2020-08-13 10:24:24','2020-08-13 10:24:24','undefined','undefined',NULL,NULL,50,NULL),(425125,'2020-08-10',37,'pending','2020-08-13 10:24:24','2020-08-13 10:24:24','undefined','undefined',NULL,NULL,50,NULL),(425126,'2020-08-17',37,'pending','2020-08-13 10:24:24','2020-08-13 10:24:24','undefined','undefined',NULL,NULL,50,NULL),(425127,'2020-08-24',37,'pending','2020-08-13 10:24:24','2020-08-13 10:24:24','undefined','undefined',NULL,NULL,50,NULL),(425128,'2020-08-31',37,'pending','2020-08-13 10:24:24','2020-08-13 10:24:24','undefined','undefined',NULL,NULL,50,NULL),(425129,'2020-08-11',37,'pending','2020-08-13 10:24:24','2020-08-13 10:24:24','undefined','undefined',NULL,NULL,50,NULL),(425130,'2020-08-18',37,'pending','2020-08-13 10:24:24','2020-08-13 10:24:24','undefined','undefined',NULL,NULL,50,NULL),(425131,'2020-08-25',37,'pending','2020-08-13 10:24:24','2020-08-13 10:24:24','undefined','undefined',NULL,NULL,50,NULL),(425132,'2020-08-12',37,'pending','2020-08-13 10:24:24','2020-08-13 10:24:24','undefined','undefined',NULL,NULL,50,NULL),(425133,'2020-08-19',37,'pending','2020-08-13 10:24:24','2020-08-13 10:24:24','undefined','undefined',NULL,NULL,50,NULL),(425134,'2020-08-26',37,'pending','2020-08-13 10:24:24','2020-08-13 10:24:24','undefined','undefined',NULL,NULL,50,NULL),(425135,'2020-08-06',37,'pending','2020-08-13 10:24:24','2020-08-13 10:24:24','undefined','undefined',NULL,NULL,50,NULL),(425136,'2020-08-13',37,'pending','2020-08-13 10:24:24','2020-08-13 10:24:24','undefined','undefined',NULL,NULL,50,NULL),(425137,'2020-08-20',37,'pending','2020-08-13 10:24:24','2020-08-13 10:24:24','undefined','undefined',NULL,NULL,50,NULL),(425138,'2020-08-27',37,'pending','2020-08-13 10:24:24','2020-08-13 10:24:24','undefined','undefined',NULL,NULL,50,NULL),(425139,'2020-08-07',37,'pending','2020-08-13 10:24:24','2020-08-13 10:24:24','undefined','undefined',NULL,NULL,50,NULL),(425140,'2020-08-14',37,'pending','2020-08-13 10:24:24','2020-08-13 10:24:24','undefined','undefined',NULL,NULL,50,NULL),(425141,'2020-08-21',37,'pending','2020-08-13 10:24:24','2020-08-13 10:24:24','undefined','undefined',NULL,NULL,50,NULL),(425142,'2020-08-28',37,'pending','2020-08-13 10:24:24','2020-08-13 10:24:24','undefined','undefined',NULL,NULL,50,NULL),(425143,'2020-08-08',37,'pending','2020-08-13 10:24:24','2020-08-13 10:24:24','undefined','undefined',NULL,NULL,50,NULL),(425144,'2020-08-15',37,'pending','2020-08-13 10:24:24','2020-08-13 10:24:24','undefined','undefined',NULL,NULL,50,NULL),(425145,'2020-08-22',37,'pending','2020-08-13 10:24:24','2020-08-13 10:24:24','undefined','undefined',NULL,NULL,50,NULL),(425146,'2020-08-29',37,'pending','2020-08-13 10:24:24','2020-08-13 10:24:24','undefined','undefined',NULL,NULL,50,NULL),(425147,'2020-08-09',38,'completed','2020-08-17 13:12:18','2020-08-17 13:12:18','undefined','undefined',NULL,NULL,50,NULL),(425148,'2020-08-16',38,'pending','2020-08-13 10:24:24','2020-08-13 10:24:24','undefined','undefined',NULL,NULL,50,NULL),(425149,'2020-08-23',38,'pending','2020-08-13 10:24:24','2020-08-13 10:24:24','undefined','undefined',NULL,NULL,50,NULL),(425150,'2020-08-30',38,'pending','2020-08-13 10:24:24','2020-08-13 10:24:24','undefined','undefined',NULL,NULL,50,NULL),(425151,'2020-08-09',39,'pending','2020-08-17 13:22:37','2020-08-17 13:22:37','undefined','undefined',NULL,NULL,50,'somebhb'),(425152,'2020-08-16',39,'completed','2020-08-17 13:08:55','2020-08-17 13:08:55','undefined','undefined',NULL,NULL,50,NULL),(425153,'2020-08-23',39,'pending','2020-08-13 10:24:24','2020-08-13 10:24:24','undefined','undefined',NULL,NULL,50,NULL),(425154,'2020-08-30',39,'pending','2020-08-13 10:24:24','2020-08-13 10:24:24','undefined','undefined',NULL,NULL,50,NULL),(425155,'2020-08-09',40,'pending','2020-08-13 11:37:27','2020-08-13 11:37:27','undefined','undefined',NULL,NULL,50,'hjghj'),(425156,'2020-08-16',40,'pending','2020-08-13 10:24:24','2020-08-13 10:24:24','undefined','undefined',NULL,NULL,50,NULL),(425157,'2020-08-23',40,'pending','2020-08-13 10:24:24','2020-08-13 10:24:24','undefined','undefined',NULL,NULL,50,NULL),(425158,'2020-08-30',40,'pending','2020-08-13 10:24:24','2020-08-13 10:24:24','undefined','undefined',NULL,NULL,50,NULL),(425159,'2020-08-10',40,'pending','2020-08-17 13:23:16','2020-08-17 13:23:16','undefined','undefined',NULL,NULL,50,'hudhu'),(425160,'2020-08-17',40,'pending','2020-08-13 10:24:24','2020-08-13 10:24:24','undefined','undefined',NULL,NULL,50,NULL),(425161,'2020-08-24',40,'pending','2020-08-13 10:24:24','2020-08-13 10:24:24','undefined','undefined',NULL,NULL,50,NULL),(425162,'2020-08-31',40,'pending','2020-08-13 10:24:24','2020-08-13 10:24:24','undefined','undefined',NULL,NULL,50,NULL),(425163,'2020-08-11',40,'completed','2020-08-13 10:24:24','2020-08-13 10:24:24','undefined','undefined',NULL,NULL,50,NULL),(425164,'2020-08-18',40,'pending','2020-08-13 10:24:24','2020-08-13 10:24:24','undefined','undefined',NULL,NULL,50,NULL),(425165,'2020-08-25',40,'pending','2020-08-13 10:24:24','2020-08-13 10:24:24','undefined','undefined',NULL,NULL,50,NULL),(425166,'2020-08-12',40,'completed','2020-08-13 10:24:24','2020-08-13 10:24:24','undefined','undefined',NULL,NULL,50,NULL),(425167,'2020-08-19',40,'pending','2020-08-13 10:24:24','2020-08-13 10:24:24','undefined','undefined',NULL,NULL,50,NULL),(425168,'2020-08-26',40,'pending','2020-08-13 10:24:24','2020-08-13 10:24:24','undefined','undefined',NULL,NULL,50,NULL),(425169,'2020-08-06',40,'completed','2020-08-13 10:24:24','2020-08-13 10:24:24','undefined','undefined',NULL,NULL,50,NULL),(425170,'2020-08-13',40,'pending','2020-08-17 12:03:09','2020-08-17 12:03:09','undefined','undefined',NULL,NULL,50,'fjh'),(425171,'2020-08-20',40,'pending','2020-08-13 10:24:24','2020-08-13 10:24:24','undefined','undefined',NULL,NULL,50,NULL),(425172,'2020-08-27',40,'pending','2020-08-13 10:24:24','2020-08-13 10:24:24','undefined','undefined',NULL,NULL,50,NULL),(425173,'2020-08-07',40,'completed','2020-08-13 10:24:24','2020-08-13 10:24:24','undefined','undefined',NULL,NULL,50,NULL),(425174,'2020-08-14',40,'pending','2020-08-13 10:24:24','2020-08-13 10:24:24','undefined','undefined',NULL,NULL,50,NULL),(425175,'2020-08-21',40,'pending','2020-08-13 10:24:24','2020-08-13 10:24:24','undefined','undefined',NULL,NULL,50,NULL),(425176,'2020-08-28',40,'pending','2020-08-13 10:24:24','2020-08-13 10:24:24','undefined','undefined',NULL,NULL,50,NULL),(425177,'2020-08-08',40,'completed','2020-08-13 10:24:24','2020-08-13 10:24:24','undefined','undefined',NULL,NULL,50,NULL),(425178,'2020-08-15',40,'pending','2020-08-13 10:24:24','2020-08-13 10:24:24','undefined','undefined',NULL,NULL,50,NULL),(425179,'2020-08-22',40,'pending','2020-08-13 10:24:24','2020-08-13 10:24:24','undefined','undefined',NULL,NULL,50,NULL),(425180,'2020-08-29',40,'pending','2020-08-13 10:24:24','2020-08-13 10:24:24','undefined','undefined',NULL,NULL,50,NULL),(425181,'2020-08-12',41,'completed','2020-08-13 10:24:24','2020-08-13 10:24:24','undefined','undefined',NULL,NULL,50,NULL),(425182,'2020-08-19',41,'pending','2020-08-13 10:24:24','2020-08-13 10:24:24','undefined','undefined',NULL,NULL,50,NULL),(425183,'2020-08-26',41,'pending','2020-08-13 10:24:24','2020-08-13 10:24:24','undefined','undefined',NULL,NULL,50,NULL),(425203,'2020-08-16',43,'pending','2020-08-18 10:35:33','2020-08-18 10:35:33',NULL,NULL,NULL,NULL,50,NULL),(425204,'2020-08-23',43,'pending','2020-08-18 10:35:33','2020-08-18 10:35:33',NULL,NULL,NULL,NULL,50,NULL),(425205,'2020-08-30',43,'pending','2020-08-18 10:35:33','2020-08-18 10:35:33',NULL,NULL,NULL,NULL,50,NULL),(425206,'2020-08-15',43,'pending','2020-08-18 10:35:33','2020-08-18 10:35:33',NULL,NULL,NULL,NULL,50,NULL),(425207,'2020-08-22',43,'pending','2020-08-18 10:35:33','2020-08-18 10:35:33',NULL,NULL,NULL,NULL,50,NULL),(425208,'2020-08-29',43,'pending','2020-08-18 10:35:33','2020-08-18 10:35:33',NULL,NULL,NULL,NULL,50,NULL),(425221,'2020-08-14',44,'completed','2020-08-18 10:35:33','2020-08-18 10:35:33','undefined','undefined',NULL,NULL,50,NULL),(425232,'2020-08-23',46,'pending','2020-08-18 10:35:33','2020-08-18 10:35:33','undefined','undefined',NULL,NULL,50,NULL),(425233,'2020-08-30',46,'pending','2020-08-18 10:35:33','2020-08-18 10:35:33','undefined','undefined',NULL,NULL,50,NULL),(425234,'2020-08-17',46,'pending','2020-08-18 10:35:33','2020-08-18 10:35:33','undefined','undefined',NULL,NULL,50,NULL),(425235,'2020-08-24',46,'pending','2020-08-18 10:35:33','2020-08-18 10:35:33','undefined','undefined',NULL,NULL,50,NULL),(425236,'2020-08-31',46,'pending','2020-08-18 10:35:33','2020-08-18 10:35:33','undefined','undefined',NULL,NULL,50,NULL),(425237,'2020-08-18',46,'pending','2020-08-18 10:35:33','2020-08-18 10:35:33','undefined','undefined',NULL,NULL,50,NULL),(425238,'2020-08-25',46,'pending','2020-08-18 10:35:33','2020-08-18 10:35:33','undefined','undefined',NULL,NULL,50,NULL),(425239,'2020-08-19',46,'pending','2020-08-18 10:35:33','2020-08-18 10:35:33','undefined','undefined',NULL,NULL,50,NULL),(425240,'2020-08-26',46,'pending','2020-08-18 10:35:33','2020-08-18 10:35:33','undefined','undefined',NULL,NULL,50,NULL),(425241,'2020-08-20',46,'pending','2020-08-18 10:35:33','2020-08-18 10:35:33','undefined','undefined',NULL,NULL,50,NULL),(425242,'2020-08-27',46,'pending','2020-08-18 10:35:33','2020-08-18 10:35:33','undefined','undefined',NULL,NULL,50,NULL),(425243,'2020-08-21',46,'pending','2020-08-18 10:35:33','2020-08-18 10:35:33','undefined','undefined',NULL,NULL,50,NULL),(425244,'2020-08-28',46,'pending','2020-08-18 10:35:33','2020-08-18 10:35:33','undefined','undefined',NULL,NULL,50,NULL),(425245,'2020-08-22',46,'pending','2020-08-18 10:35:33','2020-08-18 10:35:33','undefined','undefined',NULL,NULL,50,NULL),(425246,'2020-08-29',46,'pending','2020-08-18 10:35:33','2020-08-18 10:35:33','undefined','undefined',NULL,NULL,50,NULL),(425252,'2020-08-17',48,'completed','2020-08-18 10:35:33','2020-08-18 10:35:33',NULL,NULL,NULL,NULL,50,NULL),(425253,'2020-08-24',48,'pending','2020-08-18 10:35:33','2020-08-18 10:35:33',NULL,NULL,NULL,NULL,50,NULL),(425254,'2020-08-31',48,'pending','2020-08-18 10:35:33','2020-08-18 10:35:33',NULL,NULL,NULL,NULL,50,NULL),(425255,'2020-08-20',48,'pending','2020-08-18 10:35:33','2020-08-18 10:35:33',NULL,NULL,NULL,NULL,50,NULL),(425256,'2020-08-27',48,'pending','2020-08-18 10:35:33','2020-08-18 10:35:33',NULL,NULL,NULL,NULL,50,NULL),(425257,'2020-08-23',49,'pending','2020-08-18 10:35:33','2020-08-18 10:35:33','undefined','undefined',NULL,NULL,50,NULL),(425258,'2020-08-30',49,'pending','2020-08-18 10:35:33','2020-08-18 10:35:33','undefined','undefined',NULL,NULL,50,NULL),(425259,'2020-08-17',49,'pending','2020-08-18 10:35:33','2020-08-18 10:35:33','undefined','undefined',NULL,NULL,50,NULL),(425260,'2020-08-24',49,'pending','2020-08-18 10:35:33','2020-08-18 10:35:33','undefined','undefined',NULL,NULL,50,NULL),(425261,'2020-08-31',49,'pending','2020-08-18 10:35:33','2020-08-18 10:35:33','undefined','undefined',NULL,NULL,50,NULL),(425262,'2020-08-18',49,'pending','2020-08-18 10:35:33','2020-08-18 10:35:33','undefined','undefined',NULL,NULL,50,NULL),(425263,'2020-08-25',49,'pending','2020-08-18 10:35:33','2020-08-18 10:35:33','undefined','undefined',NULL,NULL,50,NULL),(425264,'2020-08-19',49,'pending','2020-08-18 10:35:33','2020-08-18 10:35:33','undefined','undefined',NULL,NULL,50,NULL),(425265,'2020-08-26',49,'pending','2020-08-18 10:35:33','2020-08-18 10:35:33','undefined','undefined',NULL,NULL,50,NULL),(425266,'2020-08-20',49,'pending','2020-08-18 10:35:33','2020-08-18 10:35:33','undefined','undefined',NULL,NULL,50,NULL),(425267,'2020-08-27',49,'pending','2020-08-18 10:35:33','2020-08-18 10:35:33','undefined','undefined',NULL,NULL,50,NULL),(425268,'2020-08-21',49,'pending','2020-08-18 10:35:33','2020-08-18 10:35:33','undefined','undefined',NULL,NULL,50,NULL),(425269,'2020-08-28',49,'pending','2020-08-18 10:35:33','2020-08-18 10:35:33','undefined','undefined',NULL,NULL,50,NULL),(425270,'2020-08-22',49,'pending','2020-08-18 10:35:33','2020-08-18 10:35:33','undefined','undefined',NULL,NULL,50,NULL),(425271,'2020-08-29',49,'pending','2020-08-18 10:35:33','2020-08-18 10:35:33','undefined','undefined',NULL,NULL,50,NULL),(425272,'2020-08-23',50,'pending','2020-08-18 10:35:33','2020-08-18 10:35:33','undefined','undefined',NULL,NULL,50,NULL),(425273,'2020-08-30',50,'pending','2020-08-18 10:35:33','2020-08-18 10:35:33','undefined','undefined',NULL,NULL,50,NULL),(425274,'2020-08-17',50,'completed','2020-08-18 10:35:33','2020-08-18 10:35:33','undefined','undefined',NULL,NULL,50,NULL),(425275,'2020-08-24',50,'pending','2020-08-18 10:35:33','2020-08-18 10:35:33','undefined','undefined',NULL,NULL,50,NULL),(425276,'2020-08-31',50,'pending','2020-08-18 10:35:33','2020-08-18 10:35:33','undefined','undefined',NULL,NULL,50,NULL),(425277,'2020-08-18',50,'pending','2020-08-18 10:35:33','2020-08-18 10:35:33','undefined','undefined',NULL,NULL,50,NULL),(425278,'2020-08-25',50,'pending','2020-08-18 10:35:33','2020-08-18 10:35:33','undefined','undefined',NULL,NULL,50,NULL),(425279,'2020-08-19',50,'pending','2020-08-18 10:35:33','2020-08-18 10:35:33','undefined','undefined',NULL,NULL,50,NULL),(425280,'2020-08-26',50,'pending','2020-08-18 10:35:33','2020-08-18 10:35:33','undefined','undefined',NULL,NULL,50,NULL),(425281,'2020-08-20',50,'pending','2020-08-18 10:35:33','2020-08-18 10:35:33','undefined','undefined',NULL,NULL,50,NULL),(425282,'2020-08-27',50,'pending','2020-08-18 10:35:33','2020-08-18 10:35:33','undefined','undefined',NULL,NULL,50,NULL),(425283,'2020-08-21',50,'pending','2020-08-18 10:35:33','2020-08-18 10:35:33','undefined','undefined',NULL,NULL,50,NULL),(425284,'2020-08-28',50,'pending','2020-08-18 10:35:33','2020-08-18 10:35:33','undefined','undefined',NULL,NULL,50,NULL),(425285,'2020-08-22',50,'pending','2020-08-18 10:35:33','2020-08-18 10:35:33','undefined','undefined',NULL,NULL,50,NULL),(425286,'2020-08-29',50,'pending','2020-08-18 10:35:33','2020-08-18 10:35:33','undefined','undefined',NULL,NULL,50,NULL),(425287,'2020-08-17',51,'completed','2020-08-18 10:35:33','2020-08-18 10:35:33','undefined','undefined',NULL,NULL,50,NULL),(425288,'2020-08-24',51,'pending','2020-08-18 10:35:33','2020-08-18 10:35:33','undefined','undefined',NULL,NULL,50,NULL),(425289,'2020-08-31',51,'pending','2020-08-18 10:35:33','2020-08-18 10:35:33','undefined','undefined',NULL,NULL,50,NULL),(425290,'2020-08-21',51,'pending','2020-08-18 10:35:33','2020-08-18 10:35:33','undefined','undefined',NULL,NULL,50,NULL),(425291,'2020-08-28',51,'pending','2020-08-18 10:35:33','2020-08-18 10:35:33','undefined','undefined',NULL,NULL,50,NULL),(425292,'2020-08-23',52,'pending','2020-08-18 10:35:33','2020-08-18 10:35:33','undefined','undefined',NULL,NULL,50,NULL),(425293,'2020-08-30',52,'pending','2020-08-18 10:35:33','2020-08-18 10:35:33','undefined','undefined',NULL,NULL,50,NULL),(425294,'2020-08-17',52,'completed','2020-08-18 10:35:33','2020-08-18 10:35:33','undefined','undefined',NULL,NULL,50,NULL),(425295,'2020-08-24',52,'pending','2020-08-18 10:35:33','2020-08-18 10:35:33','undefined','undefined',NULL,NULL,50,NULL),(425296,'2020-08-31',52,'pending','2020-08-18 10:35:33','2020-08-18 10:35:33','undefined','undefined',NULL,NULL,50,NULL),(425297,'2020-08-18',52,'pending','2020-08-18 10:35:33','2020-08-18 10:35:33','undefined','undefined',NULL,NULL,50,NULL),(425298,'2020-08-25',52,'pending','2020-08-18 10:35:33','2020-08-18 10:35:33','undefined','undefined',NULL,NULL,50,NULL),(425299,'2020-08-19',52,'pending','2020-08-18 10:35:33','2020-08-18 10:35:33','undefined','undefined',NULL,NULL,50,NULL),(425300,'2020-08-26',52,'pending','2020-08-18 10:35:33','2020-08-18 10:35:33','undefined','undefined',NULL,NULL,50,NULL),(425301,'2020-08-20',52,'pending','2020-08-18 10:35:33','2020-08-18 10:35:33','undefined','undefined',NULL,NULL,50,NULL),(425302,'2020-08-27',52,'pending','2020-08-18 10:35:33','2020-08-18 10:35:33','undefined','undefined',NULL,NULL,50,NULL),(425303,'2020-08-21',52,'pending','2020-08-18 10:35:33','2020-08-18 10:35:33','undefined','undefined',NULL,NULL,50,NULL),(425304,'2020-08-28',52,'pending','2020-08-18 10:35:33','2020-08-18 10:35:33','undefined','undefined',NULL,NULL,50,NULL),(425305,'2020-08-22',52,'pending','2020-08-18 10:35:33','2020-08-18 10:35:33','undefined','undefined',NULL,NULL,50,NULL),(425306,'2020-08-29',52,'pending','2020-08-18 10:35:33','2020-08-18 10:35:33','undefined','undefined',NULL,NULL,50,NULL),(425307,'2020-08-23',53,'pending','2020-08-18 10:35:33','2020-08-18 10:35:33','undefined','undefined',NULL,NULL,50,NULL),(425308,'2020-08-30',53,'pending','2020-08-18 10:35:33','2020-08-18 10:35:33','undefined','undefined',NULL,NULL,50,NULL),(425309,'2020-08-17',53,'pending','2020-08-18 10:35:33','2020-08-18 10:35:33','undefined','undefined',NULL,NULL,50,'somehbh'),(425310,'2020-08-24',53,'pending','2020-08-18 10:35:33','2020-08-18 10:35:33','undefined','undefined',NULL,NULL,50,NULL),(425311,'2020-08-31',53,'pending','2020-08-18 10:35:33','2020-08-18 10:35:33','undefined','undefined',NULL,NULL,50,NULL),(425312,'2020-08-18',53,'pending','2020-08-18 10:35:33','2020-08-18 10:35:33','undefined','undefined',NULL,NULL,50,NULL),(425313,'2020-08-25',53,'pending','2020-08-18 10:35:33','2020-08-18 10:35:33','undefined','undefined',NULL,NULL,50,NULL),(425314,'2020-08-19',53,'pending','2020-08-18 10:35:33','2020-08-18 10:35:33','undefined','undefined',NULL,NULL,50,NULL),(425315,'2020-08-26',53,'pending','2020-08-18 10:35:33','2020-08-18 10:35:33','undefined','undefined',NULL,NULL,50,NULL),(425316,'2020-08-20',53,'pending','2020-08-18 10:35:33','2020-08-18 10:35:33','undefined','undefined',NULL,NULL,50,NULL),(425317,'2020-08-27',53,'pending','2020-08-18 10:35:33','2020-08-18 10:35:33','undefined','undefined',NULL,NULL,50,NULL),(425318,'2020-08-21',53,'pending','2020-08-18 10:35:33','2020-08-18 10:35:33','undefined','undefined',NULL,NULL,50,NULL),(425319,'2020-08-28',53,'pending','2020-08-18 10:35:33','2020-08-18 10:35:33','undefined','undefined',NULL,NULL,50,NULL),(425320,'2020-08-22',53,'pending','2020-08-18 10:35:33','2020-08-18 10:35:33','undefined','undefined',NULL,NULL,50,NULL),(425321,'2020-08-29',53,'pending','2020-08-18 10:35:33','2020-08-18 10:35:33','undefined','undefined',NULL,NULL,50,NULL),(425322,'2020-08-23',54,'pending','2020-08-18 14:45:34','2020-08-18 14:45:34','undefined','undefined',NULL,NULL,NULL,NULL),(425323,'2020-08-30',54,'pending','2020-08-18 14:45:34','2020-08-18 14:45:34','undefined','undefined',NULL,NULL,NULL,NULL),(425324,'2020-08-24',54,'pending','2020-08-18 14:45:34','2020-08-18 14:45:34','undefined','undefined',NULL,NULL,NULL,NULL),(425325,'2020-08-31',54,'pending','2020-08-18 14:45:34','2020-08-18 14:45:34','undefined','undefined',NULL,NULL,NULL,NULL),(425326,'2020-08-18',54,'completed','2020-08-18 14:46:03','2020-08-18 14:46:03','undefined','undefined',NULL,NULL,NULL,NULL),(425327,'2020-08-25',54,'pending','2020-08-18 14:45:34','2020-08-18 14:45:34','undefined','undefined',NULL,NULL,NULL,NULL),(425328,'2020-08-19',54,'pending','2020-08-18 14:45:34','2020-08-18 14:45:34','undefined','undefined',NULL,NULL,NULL,NULL),(425329,'2020-08-26',54,'pending','2020-08-18 14:45:34','2020-08-18 14:45:34','undefined','undefined',NULL,NULL,NULL,NULL),(425330,'2020-08-20',54,'pending','2020-08-18 14:45:34','2020-08-18 14:45:34','undefined','undefined',NULL,NULL,NULL,NULL),(425331,'2020-08-27',54,'pending','2020-08-18 14:45:34','2020-08-18 14:45:34','undefined','undefined',NULL,NULL,NULL,NULL),(425332,'2020-08-21',54,'pending','2020-08-18 14:45:34','2020-08-18 14:45:34','undefined','undefined',NULL,NULL,NULL,NULL),(425333,'2020-08-28',54,'pending','2020-08-18 14:45:34','2020-08-18 14:45:34','undefined','undefined',NULL,NULL,NULL,NULL),(425334,'2020-08-22',54,'pending','2020-08-18 14:45:34','2020-08-18 14:45:34','undefined','undefined',NULL,NULL,NULL,NULL),(425335,'2020-08-29',54,'pending','2020-08-18 14:45:34','2020-08-18 14:45:34','undefined','undefined',NULL,NULL,NULL,NULL);
/*!40000 ALTER TABLE `schedule_logs` ENABLE KEYS */;
UNLOCK TABLES;

--
-- Table structure for table `subscription`
--

DROP TABLE IF EXISTS `subscription`;
/*!40101 SET @saved_cs_client     = @@character_set_client */;
/*!50503 SET character_set_client = utf8mb4 */;
CREATE TABLE `subscription` (
  `id` int NOT NULL AUTO_INCREMENT,
  `vehicle_id` int NOT NULL,
  PRIMARY KEY (`id`),
  KEY `fk_vehic_id` (`vehicle_id`),
  CONSTRAINT `fk_vehic_id` FOREIGN KEY (`vehicle_id`) REFERENCES `vehicles` (`id`)
) ENGINE=InnoDB DEFAULT CHARSET=utf8mb4 COLLATE=utf8mb4_0900_ai_ci;
/*!40101 SET character_set_client = @saved_cs_client */;

--
-- Dumping data for table `subscription`
--

LOCK TABLES `subscription` WRITE;
/*!40000 ALTER TABLE `subscription` DISABLE KEYS */;
/*!40000 ALTER TABLE `subscription` ENABLE KEYS */;
UNLOCK TABLES;

--
-- Table structure for table `user_token`
--

DROP TABLE IF EXISTS `user_token`;
/*!40101 SET @saved_cs_client     = @@character_set_client */;
/*!50503 SET character_set_client = utf8mb4 */;
CREATE TABLE `user_token` (
  `id` int NOT NULL AUTO_INCREMENT,
  `token` varchar(500) DEFAULT NULL,
  `user_id` int DEFAULT NULL,
  `is_expired` tinyint(1) NOT NULL,
  `login_time` timestamp NOT NULL DEFAULT CURRENT_TIMESTAMP ON UPDATE CURRENT_TIMESTAMP,
  `logout_time` varchar(500) DEFAULT NULL,
  `created_at` timestamp NOT NULL DEFAULT CURRENT_TIMESTAMP ON UPDATE CURRENT_TIMESTAMP,
  `last_updated_at` timestamp NOT NULL DEFAULT CURRENT_TIMESTAMP ON UPDATE CURRENT_TIMESTAMP,
  PRIMARY KEY (`id`),
  KEY `user_id` (`user_id`),
  CONSTRAINT `user_id` FOREIGN KEY (`user_id`) REFERENCES `users` (`id`)
) ENGINE=InnoDB AUTO_INCREMENT=88 DEFAULT CHARSET=utf8mb4 COLLATE=utf8mb4_0900_ai_ci;
/*!40101 SET character_set_client = @saved_cs_client */;

--
-- Dumping data for table `user_token`
--

LOCK TABLES `user_token` WRITE;
/*!40000 ALTER TABLE `user_token` DISABLE KEYS */;
INSERT INTO `user_token` VALUES (1,'eyJhbGciOiJIUzI1NiIsInR5cCI6IkpXVCJ9.eyJyZXN1bHRQaG9uZSI6IjgzNzQzOTM2MjEiLCJpYXQiOjE1OTYyNzA5MjR9.4BMMnrAK2LW7l0Dv6vFn_ly3A0jWtUM8dHW5VCk7n5M',1,1,'2020-08-01 08:35:24',NULL,'2020-08-01 08:35:24','2020-08-01 08:35:24'),(2,'eyJhbGciOiJIUzI1NiIsInR5cCI6IkpXVCJ9.eyJyZXN1bHRQaG9uZSI6IjgzNzQzOTM2MjEiLCJpYXQiOjE1OTYyNzA5NTF9.3TZKwNvIwtCx8sitcmh4l6XsBF20FwI6zN8eiAJUpjQ',1,1,'2020-08-01 08:35:51',NULL,'2020-08-01 08:35:51','2020-08-01 08:35:51'),(3,'eyJhbGciOiJIUzI1NiIsInR5cCI6IkpXVCJ9.eyJyZXN1bHRQaG9uZSI6IjgzNzQzOTM2MjEiLCJpYXQiOjE1OTYyNzA5OTZ9.NRh2J_s5RL5erW5KaMiZVSJAV-ZC26dTCfumyQ21DuA',1,1,'2020-08-01 08:36:36',NULL,'2020-08-01 08:36:36','2020-08-01 08:36:36'),(4,'eyJhbGciOiJIUzI1NiIsInR5cCI6IkpXVCJ9.eyJyZXN1bHRQaG9uZSI6IjgzNzQzOTM2MjEiLCJpYXQiOjE1OTYyNzE2MjJ9.9jedsFgnePGm1nzdDXt5wLrbRoM-5VddxA7byRCWtlY',1,1,'2020-08-01 08:47:02',NULL,'2020-08-01 08:47:02','2020-08-01 08:47:02'),(5,'eyJhbGciOiJIUzI1NiIsInR5cCI6IkpXVCJ9.eyJyZXN1bHRQaG9uZSI6IjgzNzQzOTM2MjEiLCJpYXQiOjE1OTYyNzE2NDV9.o1Ubh3aalMjMclLx28bXwk5OaLD7b6RbaQYLA6SZ4R0',1,1,'2020-08-01 08:47:25',NULL,'2020-08-01 08:47:25','2020-08-01 08:47:25'),(6,'eyJhbGciOiJIUzI1NiIsInR5cCI6IkpXVCJ9.eyJyZXN1bHRQaG9uZSI6IjgzNzQzOTM2MjEiLCJpYXQiOjE1OTYyNzM5NDh9.wbWyS5kKYWri3HJhX9ZhziGvYNn1FvVToMZDg9yRPP8',1,1,'2020-08-01 09:25:48',NULL,'2020-08-01 09:25:48','2020-08-01 09:25:48'),(7,'eyJhbGciOiJIUzI1NiIsInR5cCI6IkpXVCJ9.eyJyZXN1bHRQaG9uZSI6IjgzNzQzOTM2MjEiLCJpYXQiOjE1OTYyNzQyNzh9.E_Urz0Z5_MSQNur5HSUk-j5aLacWlPyXsip7QxpG83k',1,1,'2020-08-01 09:31:18',NULL,'2020-08-01 09:31:18','2020-08-01 09:31:18'),(8,'eyJhbGciOiJIUzI1NiIsInR5cCI6IkpXVCJ9.eyJyZXN1bHRQaG9uZSI6IjgzNzQzOTM2MjEiLCJpYXQiOjE1OTYyNzQ0NTJ9.7uskkKFpCXzBy-fQUdZa1f-ijOzHPUoTITQXdQFYWi4',1,1,'2020-08-01 09:34:12',NULL,'2020-08-01 09:34:12','2020-08-01 09:34:12'),(9,'eyJhbGciOiJIUzI1NiIsInR5cCI6IkpXVCJ9.eyJyZXN1bHRQaG9uZSI6IjgzNzQzOTM2MjEiLCJpYXQiOjE1OTYyNzQ0ODR9.0rzWOV8nCYkW62YDGl2SYOaamPY8FCh-0Z2xTDFSlKg',1,1,'2020-08-01 09:34:44',NULL,'2020-08-01 09:34:44','2020-08-01 09:34:44'),(10,'eyJhbGciOiJIUzI1NiIsInR5cCI6IkpXVCJ9.eyJyZXN1bHRQaG9uZSI6IjgzNzQzOTM2MjEiLCJpYXQiOjE1OTYyNzQ4MDl9.XJxm7PbVODGeKGeUHzyypfH4Fibye8eDaA3k6lzUSv4',1,1,'2020-08-01 09:40:09',NULL,'2020-08-01 09:40:09','2020-08-01 09:40:09'),(11,'eyJhbGciOiJIUzI1NiIsInR5cCI6IkpXVCJ9.eyJyZXN1bHRQaG9uZSI6IjgzNzQzOTM2MjEiLCJpYXQiOjE1OTY3MDU1NTh9.vXq6MNl8TiJgzuJo1MNQQfQ3HCIXZldnXKJwSv2KPtg',1,1,'2020-08-06 09:19:18',NULL,'2020-08-06 09:19:18','2020-08-06 09:19:18'),(12,'eyJhbGciOiJIUzI1NiIsInR5cCI6IkpXVCJ9.eyJyZXN1bHRQaG9uZSI6IjgzNzQzOTM2MjEiLCJpYXQiOjE1OTY4ODgyMzd9.UV1RAVaJIjiNINzQpqwZJF_O3utmPT_Ico-oQuzov9g',1,1,'2020-08-08 12:03:57',NULL,'2020-08-08 12:03:57','2020-08-08 12:03:57'),(13,'eyJhbGciOiJIUzI1NiIsInR5cCI6IkpXVCJ9.eyJyZXN1bHRQaG9uZSI6IjgzNzQzOTM2MjEiLCJpYXQiOjE1OTY4ODg3NzN9.qJ3_rHUg8riwLW7M40GhMfcOa14K6yQlddNX9nQyvdc',1,1,'2020-08-08 12:12:53',NULL,'2020-08-08 12:12:53','2020-08-08 12:12:53'),(14,'eyJhbGciOiJIUzI1NiIsInR5cCI6IkpXVCJ9.eyJyZXN1bHRQaG9uZSI6IjgzNzQzOTM2MjEiLCJpYXQiOjE1OTY4ODkyNzV9.fe5nkFbJEIjVDQxSoFYpIkFGnYvcPe0FlMlzKQXBqcM',1,1,'2020-08-08 12:21:15',NULL,'2020-08-08 12:21:15','2020-08-08 12:21:15'),(15,'eyJhbGciOiJIUzI1NiIsInR5cCI6IkpXVCJ9.eyJyZXN1bHRQaG9uZSI6IjgzNzQzOTM2MjEiLCJpYXQiOjE1OTcyOTk3Mjd9.ZMLTyhJFwyoUDPysSaWQw5UWw1O60JrYZJ_zosJ3ZEs',1,1,'2020-08-13 06:22:07',NULL,'2020-08-13 06:22:07','2020-08-13 06:22:07'),(16,'eyJhbGciOiJIUzI1NiIsInR5cCI6IkpXVCJ9.eyJyZXN1bHRQaG9uZSI6IjgzNzQzOTM2MjEiLCJpYXQiOjE1OTczMDE0Mjl9.cy1rO24PH7-bBLDZeb93ESeYar73Ixtg4ZiLllb1GZI',1,1,'2020-08-13 06:50:29',NULL,'2020-08-13 06:50:29','2020-08-13 06:50:29'),(17,'eyJhbGciOiJIUzI1NiIsInR5cCI6IkpXVCJ9.eyJyZXN1bHRQaG9uZSI6IjgzNzQzOTM2MjEiLCJpYXQiOjE1OTczMTM3MjZ9.Bs5FBVU06_3UGj9ujY0t7J9wtW21wpqMuD5ZeqGVTh0',1,1,'2020-08-13 10:15:26',NULL,'2020-08-13 10:15:26','2020-08-13 10:15:26'),(18,'eyJhbGciOiJIUzI1NiIsInR5cCI6IkpXVCJ9.eyJyZXN1bHRQaG9uZSI6IjgzNzQzOTM2MjEiLCJpYXQiOjE1OTczMTgwNTR9.qHGMIyJq2bm7y281cMbGC-bzsoIQ08TIbDefAasNGAs',1,1,'2020-08-13 11:27:34',NULL,'2020-08-13 11:27:34','2020-08-13 11:27:34'),(19,'eyJhbGciOiJIUzI1NiIsInR5cCI6IkpXVCJ9.eyJyZXN1bHRQaG9uZSI6IjgzNzQzOTM2MjEiLCJpYXQiOjE1OTczMTg1NzR9.wCtoBy00xmuCR8BP9o0yd8s-LinAXnCXDUBfA11FFKs',1,1,'2020-08-13 11:36:14',NULL,'2020-08-13 11:36:14','2020-08-13 11:36:14'),(20,'eyJhbGciOiJIUzI1NiIsInR5cCI6IkpXVCJ9.eyJyZXN1bHRQaG9uZSI6IjgzNzQzOTM2MjEiLCJpYXQiOjE1OTczMTkyNjB9.6OvmDuumE_vaXla-y6Jh4FP1Vml2HxvNyYbAisxbC1Y',1,1,'2020-08-13 11:47:40',NULL,'2020-08-13 11:47:40','2020-08-13 11:47:40'),(21,'eyJhbGciOiJIUzI1NiIsInR5cCI6IkpXVCJ9.eyJyZXN1bHRQaG9uZSI6IjgzNzQzOTM2MjEiLCJpYXQiOjE1OTczMTk1Njd9.LNTRuOpgkg3F8xtXoAj4h5MR6PtUvYzPpbQF7c_TOxM',1,1,'2020-08-13 11:52:47',NULL,'2020-08-13 11:52:47','2020-08-13 11:52:47'),(22,'eyJhbGciOiJIUzI1NiIsInR5cCI6IkpXVCJ9.eyJyZXN1bHRQaG9uZSI6IjgzNzQzOTM2MjEiLCJpYXQiOjE1OTczMjA3MDl9.KTHeTjjXDVoGy0svFfWQVHbK23zcuyuqoSzXM-rbTv4',1,1,'2020-08-13 12:11:49',NULL,'2020-08-13 12:11:49','2020-08-13 12:11:49'),(23,'eyJhbGciOiJIUzI1NiIsInR5cCI6IkpXVCJ9.eyJyZXN1bHRQaG9uZSI6IjgzNzQzOTM2MjEiLCJpYXQiOjE1OTczODQxNTZ9.nqZ376rqtzKm2beMqkyy8GYbEO9RcxCQStRgRKAhgxk',1,1,'2020-08-14 05:49:16',NULL,'2020-08-14 05:49:16','2020-08-14 05:49:16'),(24,'eyJhbGciOiJIUzI1NiIsInR5cCI6IkpXVCJ9.eyJyZXN1bHRQaG9uZSI6IjgzNzQzOTM2MjEiLCJpYXQiOjE1OTczODc5NTl9.EYgD2yHEGXkNpHo61w4cn--BwfAF-pmW-ZmJYBkLjfI',1,1,'2020-08-14 06:52:39',NULL,'2020-08-14 06:52:39','2020-08-14 06:52:39'),(25,'eyJhbGciOiJIUzI1NiIsInR5cCI6IkpXVCJ9.eyJyZXN1bHRQaG9uZSI6IjgzNzQzOTM2MjEiLCJpYXQiOjE1OTc2NTQ1MzR9.MUSFPZjOqf5h_NraEO78tVfwhOBd4W3-SR1MG9LPoy8',1,1,'2020-08-17 08:55:34',NULL,'2020-08-17 08:55:34','2020-08-17 08:55:34'),(26,'eyJhbGciOiJIUzI1NiIsInR5cCI6IkpXVCJ9.eyJyZXN1bHRQaG9uZSI6IjgzNzQzOTM2MjEiLCJpYXQiOjE1OTc2NTU3NzR9.5xMOtCoTwUgii2XaqccxIzmZmSNlBZ1wTygZxZHkb1A',1,1,'2020-08-17 09:16:14',NULL,'2020-08-17 09:16:14','2020-08-17 09:16:14'),(27,'eyJhbGciOiJIUzI1NiIsInR5cCI6IkpXVCJ9.eyJyZXN1bHRQaG9uZSI6IjgzNzQzOTM2MjEiLCJpYXQiOjE1OTc2NjIyMTd9.Z2WUr1zmyFADc8OnzBUMH9YAntu7NFcuodHmlSKPLcw',1,1,'2020-08-17 11:03:37',NULL,'2020-08-17 11:03:37','2020-08-17 11:03:37'),(28,'eyJhbGciOiJIUzI1NiIsInR5cCI6IkpXVCJ9.eyJyZXN1bHRQaG9uZSI6IjgzNzQzOTM2MjEiLCJpYXQiOjE1OTc2NjI4MDh9.HsHvIBxJr76lRadWTITySsCvXvo77-rZ2UXS-qoub_Q',1,1,'2020-08-17 11:13:28',NULL,'2020-08-17 11:13:28','2020-08-17 11:13:28'),(29,'eyJhbGciOiJIUzI1NiIsInR5cCI6IkpXVCJ9.eyJyZXN1bHRQaG9uZSI6IjgzNzQzOTM2MjEiLCJpYXQiOjE1OTc2NjU1MDh9.11ZD0VZ7eA4BZlW9pL9k3Raw_jJFu25LSPEbe2z92uM',1,1,'2020-08-17 11:58:28',NULL,'2020-08-17 11:58:28','2020-08-17 11:58:28'),(30,'eyJhbGciOiJIUzI1NiIsInR5cCI6IkpXVCJ9.eyJyZXN1bHRQaG9uZSI6IjgzNzQzOTM2MjEiLCJpYXQiOjE1OTc2NjYwNzZ9.3omsdN6mOxt0gl_P_AsmITZw0GrerkGdkBukSQqJ0lM',1,1,'2020-08-17 12:07:56',NULL,'2020-08-17 12:07:56','2020-08-17 12:07:56'),(31,'eyJhbGciOiJIUzI1NiIsInR5cCI6IkpXVCJ9.eyJyZXN1bHRQaG9uZSI6IjgzNzQzOTM2MjEiLCJpYXQiOjE1OTc2Njg1NTh9.QTR-G6HJLCtr0erxrk-Vle3PfLz84Md21mj2BT-lmvI',1,1,'2020-08-17 12:49:18',NULL,'2020-08-17 12:49:18','2020-08-17 12:49:18'),(32,'eyJhbGciOiJIUzI1NiIsInR5cCI6IkpXVCJ9.eyJyZXN1bHRQaG9uZSI6IjgzNzQzOTM2MjEiLCJpYXQiOjE1OTc3NDU5OTR9.TRxiiF7XLGzgk-8mfVVKWI5cNWqbFG_uKBnYtoLncpg',1,1,'2020-08-18 10:19:55',NULL,'2020-08-18 10:19:55','2020-08-18 10:19:55'),(33,'eyJhbGciOiJIUzI1NiIsInR5cCI6IkpXVCJ9.eyJyZXN1bHRQaG9uZSI6IjgzNzQzOTM2MjEiLCJpYXQiOjE1OTc3NDYwMjN9.TAzRERIlTeDvwN9XyMjAK-P7vFfmfnbbTnUKvstRz24',1,1,'2020-08-18 10:20:23',NULL,'2020-08-18 10:20:23','2020-08-18 10:20:23'),(34,'eyJhbGciOiJIUzI1NiIsInR5cCI6IkpXVCJ9.eyJyZXN1bHRQaG9uZSI6IjgzNzQzOTM2MjEiLCJpYXQiOjE1OTc3NTgyMDV9.L2wpkMl1hKPaym7MCJex8Ju7An0qYluPFxJupv2V6-M',1,1,'2020-08-18 13:43:25',NULL,'2020-08-18 13:43:25','2020-08-18 13:43:25'),(35,'eyJhbGciOiJIUzI1NiIsInR5cCI6IkpXVCJ9.eyJyZXN1bHRQaG9uZSI6IjgzNzQzOTM2MjEiLCJpYXQiOjE1OTc3NjIyNTZ9.e3iY6zpzUN_PN8bhAyDPhVPsmFf7y36GKf-2dsNnifI',1,1,'2020-08-18 14:50:56',NULL,'2020-08-18 14:50:56','2020-08-18 14:50:56'),(36,'eyJhbGciOiJIUzI1NiIsInR5cCI6IkpXVCJ9.eyJyZXN1bHRQaG9uZSI6IjgzNzQzOTM2MjEiLCJpYXQiOjE1OTc3NjMwNzF9.oBOAQXYyywYnRlS9i_bviercQIjL5RXqETEfBZ2MXmI',1,1,'2020-08-18 15:04:31',NULL,'2020-08-18 15:04:31','2020-08-18 15:04:31'),(37,'eyJhbGciOiJIUzI1NiIsInR5cCI6IkpXVCJ9.eyJyZXN1bHRQaG9uZSI6IjgzNzQzOTM2MjEiLCJpYXQiOjE1OTc3NjM4MTJ9.diAqzmTeXHBid-HphYof6s5rvbDaGmyzmWPYEkpgLps',1,1,'2020-08-18 15:16:52',NULL,'2020-08-18 15:16:52','2020-08-18 15:16:52'),(38,'eyJhbGciOiJIUzI1NiIsInR5cCI6IkpXVCJ9.eyJyZXN1bHRQaG9uZSI6IjgzNzQzOTM2MjEiLCJpYXQiOjE1OTc3NjM4MjF9.W2RT_CxrpQzrm14QA39b4lz-blgmQwZI4JViKSkPzQk',1,1,'2020-08-18 15:17:01',NULL,'2020-08-18 15:17:01','2020-08-18 15:17:01'),(39,'eyJhbGciOiJIUzI1NiIsInR5cCI6IkpXVCJ9.eyJyZXN1bHRQaG9uZSI6IjgzNzQzOTM2MjEiLCJpYXQiOjE1OTc3NjkxNzl9.322a0UEZmajfSM89Ty7d3hnj2cIFo-uHAfQONZ-hGGI',1,1,'2020-08-18 16:46:19',NULL,'2020-08-18 16:46:19','2020-08-18 16:46:19'),(40,'eyJhbGciOiJIUzI1NiIsInR5cCI6IkpXVCJ9.eyJyZXN1bHRQaG9uZSI6IjgzNzQzOTM2MjEiLCJpYXQiOjE1OTc3NzA2Nzl9.1MYIByNsaJnTJTl2elc6OSfp_90YJyWFzoBcaHLQ3_4',1,1,'2020-08-18 17:11:20',NULL,'2020-08-18 17:11:20','2020-08-18 17:11:20'),(41,'eyJhbGciOiJIUzI1NiIsInR5cCI6IkpXVCJ9.eyJyZXN1bHRQaG9uZSI6IjgzNzQzOTM2MjEiLCJpYXQiOjE1OTc3NzA2OTd9.6TuZfuaqLs-CcFPt2jakpVD1nWA-fV4AkjumLvjBKYk',1,1,'2020-08-18 17:11:38',NULL,'2020-08-18 17:11:38','2020-08-18 17:11:38'),(42,'eyJhbGciOiJIUzI1NiIsInR5cCI6IkpXVCJ9.eyJyZXN1bHRQaG9uZSI6IjgzNzQzOTM2MjEiLCJpYXQiOjE1OTc3NzA3NzR9.QgAh-gY6cQ8zSKXiEiIAMNinVEcFRDJvXf59nuHLIHE',1,1,'2020-08-18 17:12:55',NULL,'2020-08-18 17:12:55','2020-08-18 17:12:55'),(43,'eyJhbGciOiJIUzI1NiIsInR5cCI6IkpXVCJ9.eyJyZXN1bHRQaG9uZSI6IjgzNzQzOTM2MjEiLCJpYXQiOjE1OTc3NzA5MzV9.GF744PcD1NxpW1UB1ozb_WOrOU0BofmQ3HhuT5UFRuk',1,1,'2020-08-18 17:15:35',NULL,'2020-08-18 17:15:35','2020-08-18 17:15:35'),(44,'eyJhbGciOiJIUzI1NiIsInR5cCI6IkpXVCJ9.eyJyZXN1bHRQaG9uZSI6IjgzNzQzOTM2MjEiLCJpYXQiOjE1OTc3NzA5NzB9.UepdiHaHnduWcYFzZzAFtTLyoMGJrGJG6AXPQRUcqRw',1,1,'2020-08-18 17:16:10',NULL,'2020-08-18 17:16:10','2020-08-18 17:16:10'),(45,'eyJhbGciOiJIUzI1NiIsInR5cCI6IkpXVCJ9.eyJyZXN1bHRQaG9uZSI6IjgzNzQzOTM2MjEiLCJpYXQiOjE1OTc3NzEzODl9.76DxH4DgtZrNoG0R7_pLYKf7yaEecbwmc6Dd4eY3Cas',1,1,'2020-08-18 17:23:09',NULL,'2020-08-18 17:23:09','2020-08-18 17:23:09'),(46,'eyJhbGciOiJIUzI1NiIsInR5cCI6IkpXVCJ9.eyJyZXN1bHRQaG9uZSI6IjgzNzQzOTM2MjEiLCJpYXQiOjE1OTc4MDk5ODF9.FPjWm5wz7vTH-3U557bpZfRmsbQhBoOZOklyuceKroo',1,1,'2020-08-19 04:06:21',NULL,'2020-08-19 04:06:21','2020-08-19 04:06:21'),(47,'eyJhbGciOiJIUzI1NiIsInR5cCI6IkpXVCJ9.eyJyZXN1bHRQaG9uZSI6IjgzNzQzOTM2MjEiLCJpYXQiOjE1OTc4MDk5ODF9.FPjWm5wz7vTH-3U557bpZfRmsbQhBoOZOklyuceKroo',1,1,'2020-08-19 04:06:21',NULL,'2020-08-19 04:06:21','2020-08-19 04:06:21'),(48,'eyJhbGciOiJIUzI1NiIsInR5cCI6IkpXVCJ9.eyJyZXN1bHRQaG9uZSI6IjgzNzQzOTM2MjEiLCJpYXQiOjE1OTc4MDk5ODF9.FPjWm5wz7vTH-3U557bpZfRmsbQhBoOZOklyuceKroo',1,1,'2020-08-19 04:06:21',NULL,'2020-08-19 04:06:21','2020-08-19 04:06:21'),(49,'eyJhbGciOiJIUzI1NiIsInR5cCI6IkpXVCJ9.eyJyZXN1bHRQaG9uZSI6IjgzNzQzOTM2MjEiLCJpYXQiOjE1OTc4MTEzMTF9.GxtsU6e-rcDexOzx9CO83gKWcGVDtKoVXhJOK4sbjiM',1,1,'2020-08-19 04:28:31',NULL,'2020-08-19 04:28:31','2020-08-19 04:28:31'),(50,'eyJhbGciOiJIUzI1NiIsInR5cCI6IkpXVCJ9.eyJyZXN1bHRQaG9uZSI6IjgzNzQzOTM2MjEiLCJpYXQiOjE1OTc4MTU2OTF9.-amxBb_wh6RoZPfb-JlNE_2oL4HyfNg-Fn69H9LVL54',1,1,'2020-08-19 05:41:31',NULL,'2020-08-19 05:41:31','2020-08-19 05:41:31'),(51,'eyJhbGciOiJIUzI1NiIsInR5cCI6IkpXVCJ9.eyJyZXN1bHRQaG9uZSI6IjgzNzQzOTM2MjEiLCJpYXQiOjE1OTc4MTcwMDR9.aYG-8E7X5D9XuDrjNUirOeQ9zUIVLnllrJVE-5b4Fqo',1,1,'2020-08-19 06:03:24',NULL,'2020-08-19 06:03:24','2020-08-19 06:03:24'),(52,'eyJhbGciOiJIUzI1NiIsInR5cCI6IkpXVCJ9.eyJyZXN1bHRQaG9uZSI6IjgzNzQzOTM2MjEiLCJpYXQiOjE1OTc4MTcxNDR9.1iZLXksfwpa3TzezFPHfbYftPJo4j5zrK9LXSLZqprw',1,1,'2020-08-19 06:05:44',NULL,'2020-08-19 06:05:44','2020-08-19 06:05:44'),(53,'eyJhbGciOiJIUzI1NiIsInR5cCI6IkpXVCJ9.eyJyZXN1bHRQaG9uZSI6IjgzNzQzOTM2MjEiLCJpYXQiOjE1OTc4MTcxOTh9.wBn70QNl7t_jd89qmpaNN7g8PO34xGVgjtglMwjvzIM',1,1,'2020-08-19 06:06:38',NULL,'2020-08-19 06:06:38','2020-08-19 06:06:38'),(54,'eyJhbGciOiJIUzI1NiIsInR5cCI6IkpXVCJ9.eyJyZXN1bHRQaG9uZSI6IjgzNzQzOTM2MjEiLCJpYXQiOjE1OTc4MTc0ODJ9.Bf46Ml4Bq7eHh_oIvS2K1DbXb_izN0ZmRxVzlpxgbLI',1,1,'2020-08-19 06:11:22',NULL,'2020-08-19 06:11:22','2020-08-19 06:11:22'),(55,'eyJhbGciOiJIUzI1NiIsInR5cCI6IkpXVCJ9.eyJyZXN1bHRQaG9uZSI6IjgzNzQzOTM2MjEiLCJpYXQiOjE1OTc4MTgwMDZ9.1gljj9RIzVO_qOPi_L1rm8H8Hew2z39LqLjZaaWg3Wo',1,1,'2020-08-19 06:20:06',NULL,'2020-08-19 06:20:06','2020-08-19 06:20:06'),(56,'eyJhbGciOiJIUzI1NiIsInR5cCI6IkpXVCJ9.eyJyZXN1bHRQaG9uZSI6IjgzNzQzOTM2MjEiLCJpYXQiOjE1OTc4MTgxMzZ9.Xm9a2SCWjp-PHseYRf5Hyj6rcWwqqYYeb_jtgLE3IeM',1,1,'2020-08-19 06:22:16',NULL,'2020-08-19 06:22:16','2020-08-19 06:22:16'),(57,'eyJhbGciOiJIUzI1NiIsInR5cCI6IkpXVCJ9.eyJyZXN1bHRQaG9uZSI6IjgzNzQzOTM2MjEiLCJpYXQiOjE1OTc4MTg1MTJ9.X-zHvoCNEs-Bt43VBTmIP_Augh7-C_sWQbptxVGAUj4',1,1,'2020-08-19 06:28:32',NULL,'2020-08-19 06:28:32','2020-08-19 06:28:32'),(58,'eyJhbGciOiJIUzI1NiIsInR5cCI6IkpXVCJ9.eyJyZXN1bHRQaG9uZSI6IjgzNzQzOTM2MjEiLCJpYXQiOjE1OTc4MTg1MjV9.J98tIAVU3u4ai6gMp-i7z4__WGj_QkCSY6BlMJbkHuw',1,1,'2020-08-19 06:28:45',NULL,'2020-08-19 06:28:45','2020-08-19 06:28:45'),(59,'eyJhbGciOiJIUzI1NiIsInR5cCI6IkpXVCJ9.eyJyZXN1bHRQaG9uZSI6Ijk3MDU2NjczOTUiLCJpYXQiOjE1OTc4MTg2NzR9.p_T-Qnlx6cw0GCI_kOepYK9s-7ZFtjTJJrw7NJl3YKw',11,1,'2020-08-19 06:31:14',NULL,'2020-08-19 06:31:14','2020-08-19 06:31:14'),(60,'eyJhbGciOiJIUzI1NiIsInR5cCI6IkpXVCJ9.eyJyZXN1bHRQaG9uZSI6Ijk3MDU2NjczOTUiLCJpYXQiOjE1OTc4MTg5ODR9.Ybb7LvabCm0ittgMvQHk0XqkqvuqPy6-Cb6fizGqx4I',11,1,'2020-08-19 06:36:24',NULL,'2020-08-19 06:36:24','2020-08-19 06:36:24'),(61,'eyJhbGciOiJIUzI1NiIsInR5cCI6IkpXVCJ9.eyJyZXN1bHRQaG9uZSI6Ijk3MDU2NjczOTUiLCJpYXQiOjE1OTc4MTkwNTR9.wniqtiGmnI7nB1_AyvgYDoMBOUnulesIvhr-S6-2NAQ',11,1,'2020-08-19 06:37:34',NULL,'2020-08-19 06:37:34','2020-08-19 06:37:34'),(62,'eyJhbGciOiJIUzI1NiIsInR5cCI6IkpXVCJ9.eyJyZXN1bHRQaG9uZSI6Ijk3MDU2NjczOTUiLCJpYXQiOjE1OTc4MTkxNzh9.pqE1yy5l6k5mGgR-Hqqq7WJ7xeULJtwE4VqiXjalbo0',11,1,'2020-08-19 06:39:38',NULL,'2020-08-19 06:39:38','2020-08-19 06:39:38'),(63,'eyJhbGciOiJIUzI1NiIsInR5cCI6IkpXVCJ9.eyJyZXN1bHRQaG9uZSI6Ijk3MDU2NjczOTUiLCJpYXQiOjE1OTc4MTkyMDd9.pZnROjCvHH7AO1BMYmpHH6pGBII00UnaFgV_zD85XvE',11,1,'2020-08-19 06:40:07',NULL,'2020-08-19 06:40:07','2020-08-19 06:40:07'),(64,'eyJhbGciOiJIUzI1NiIsInR5cCI6IkpXVCJ9.eyJyZXN1bHRQaG9uZSI6Ijk0OTQwNTk2OTQiLCJpYXQiOjE1OTc4MTkyNTR9.HEZBO6lzEv79YEjdtoR1WmEsftXGwGQHl26BnmrhzVc',10,1,'2020-08-19 06:40:54',NULL,'2020-08-19 06:40:54','2020-08-19 06:40:54'),(65,'eyJhbGciOiJIUzI1NiIsInR5cCI6IkpXVCJ9.eyJyZXN1bHRQaG9uZSI6Ijk3MDU2NjczOTUiLCJpYXQiOjE1OTc4MTk4Mzh9.dQ-Xtmm23dP_6d0a-kiEVGVJ21nDd8Z6A2_HeT-AIeg',11,1,'2020-08-19 06:50:38',NULL,'2020-08-19 06:50:38','2020-08-19 06:50:38'),(66,'eyJhbGciOiJIUzI1NiIsInR5cCI6IkpXVCJ9.eyJyZXN1bHRQaG9uZSI6Ijk3MDU2NjczOTUiLCJpYXQiOjE1OTc4MjAwMjN9.bpfRo1C1c3NeTPlxVdCYyXVIIPBIKlCsws7PEQEFbJ4',11,1,'2020-08-19 06:53:43',NULL,'2020-08-19 06:53:43','2020-08-19 06:53:43'),(67,'eyJhbGciOiJIUzI1NiIsInR5cCI6IkpXVCJ9.eyJyZXN1bHRQaG9uZSI6Ijk3MDU2NjczOTUiLCJpYXQiOjE1OTc4MjAwNTF9.9_zWFJaqZudYsw74HsyXvOy0Ry__E_tnqx9KjW9Pr0U',11,1,'2020-08-19 06:54:11',NULL,'2020-08-19 06:54:11','2020-08-19 06:54:11'),(68,'eyJhbGciOiJIUzI1NiIsInR5cCI6IkpXVCJ9.eyJyZXN1bHRQaG9uZSI6Ijk3MDU2NjczOTUiLCJpYXQiOjE1OTc4MjExMjd9.OlWdscTOL81V_1rfGxoVVr5jeOCVb1qE0OC-4i_mfdI',11,1,'2020-08-19 07:12:07',NULL,'2020-08-19 07:12:07','2020-08-19 07:12:07'),(69,'eyJhbGciOiJIUzI1NiIsInR5cCI6IkpXVCJ9.eyJyZXN1bHRQaG9uZSI6Ijk3MDU2NjczOTUiLCJpYXQiOjE1OTc4MjExNjB9.z5mavYus6YfuYg3RlkdkS86g4XQPVg7gsaUNJ6ENkgk',11,1,'2020-08-19 07:12:40',NULL,'2020-08-19 07:12:40','2020-08-19 07:12:40'),(70,'eyJhbGciOiJIUzI1NiIsInR5cCI6IkpXVCJ9.eyJyZXN1bHRQaG9uZSI6Ijk3MDU2NjczOTUiLCJpYXQiOjE1OTc4MjExOTJ9.B6ld1B5wOu7gb8Fnp1KQzwm-EFW40k9uBA9hiRrVr8w',11,1,'2020-08-19 07:13:12',NULL,'2020-08-19 07:13:12','2020-08-19 07:13:12'),(71,'eyJhbGciOiJIUzI1NiIsInR5cCI6IkpXVCJ9.eyJyZXN1bHRQaG9uZSI6Ijk3MDU2NjczOTUiLCJpYXQiOjE1OTc4MjEyNjR9.imPenjw7FShakMZf7vjvq5dpzWnaMJkgEWgvsznAo7A',11,1,'2020-08-19 07:14:24',NULL,'2020-08-19 07:14:24','2020-08-19 07:14:24'),(72,'eyJhbGciOiJIUzI1NiIsInR5cCI6IkpXVCJ9.eyJyZXN1bHRQaG9uZSI6IjgzNzQzOTM2MjEiLCJpYXQiOjE1OTc4MjY4MzZ9.839zCunewY9kjLRmD6sTM5qcUAR0qdA4ezH0BrLsO-A',1,1,'2020-08-19 08:47:16',NULL,'2020-08-19 08:47:16','2020-08-19 08:47:16'),(73,'eyJhbGciOiJIUzI1NiIsInR5cCI6IkpXVCJ9.eyJyZXN1bHRQaG9uZSI6Ijk3MDU2NjczOTUiLCJpYXQiOjE1OTc4MjY5MDF9.FC9yTaSP69tROnigjrIE5UK31WVyjCGRK2IldXZB9aU',11,1,'2020-08-19 08:48:21',NULL,'2020-08-19 08:48:21','2020-08-19 08:48:21'),(74,'eyJhbGciOiJIUzI1NiIsInR5cCI6IkpXVCJ9.eyJyZXN1bHRQaG9uZSI6Ijk3MDU2NjczOTUiLCJpYXQiOjE1OTc4MjY5MTN9.lxm7p11NgXetzr3JGj0i1q2Ef4jiyvYKTnex5gsyfMk',11,1,'2020-08-19 08:48:33',NULL,'2020-08-19 08:48:33','2020-08-19 08:48:33'),(75,'eyJhbGciOiJIUzI1NiIsInR5cCI6IkpXVCJ9.eyJyZXN1bHRQaG9uZSI6Ijk3MDU2NjczOTUiLCJpYXQiOjE1OTc4MjY5MTR9.UT2QPqFuhHqmZXwtX4voj6EuG89IhhMAKbJ1uhWcxoY',11,1,'2020-08-19 08:48:35',NULL,'2020-08-19 08:48:35','2020-08-19 08:48:35'),(76,'eyJhbGciOiJIUzI1NiIsInR5cCI6IkpXVCJ9.eyJyZXN1bHRQaG9uZSI6Ijk3MDU2NjczOTUiLCJpYXQiOjE1OTc4MjY5MTZ9._d-qg1xh9pVBazyoJf5QzO1VSdOOiPI4Fv_2z59xd2Q',11,1,'2020-08-19 08:48:36',NULL,'2020-08-19 08:48:36','2020-08-19 08:48:36'),(77,'eyJhbGciOiJIUzI1NiIsInR5cCI6IkpXVCJ9.eyJyZXN1bHRQaG9uZSI6Ijk3MDU2NjczOTUiLCJpYXQiOjE1OTc4MjY5MTZ9._d-qg1xh9pVBazyoJf5QzO1VSdOOiPI4Fv_2z59xd2Q',11,1,'2020-08-19 08:48:36',NULL,'2020-08-19 08:48:36','2020-08-19 08:48:36'),(78,'eyJhbGciOiJIUzI1NiIsInR5cCI6IkpXVCJ9.eyJyZXN1bHRQaG9uZSI6Ijk3MDU2NjczOTUiLCJpYXQiOjE1OTc4MjY5MTV9.BVIuT9xSpuvT_nxSmODBCh0-zF-F8-Jb0u5sSI709Uo',11,1,'2020-08-19 08:48:36',NULL,'2020-08-19 08:48:36','2020-08-19 08:48:36'),(79,'eyJhbGciOiJIUzI1NiIsInR5cCI6IkpXVCJ9.eyJyZXN1bHRQaG9uZSI6IjgzNzQzOTM2MjEiLCJpYXQiOjE1OTc4Mjg4NDd9.-DBpRtdnhqOqcxQf03RoiPSAGQ8Slhav5H-vAgYC_yI',1,1,'2020-08-19 09:20:48',NULL,'2020-08-19 09:20:48','2020-08-19 09:20:48'),(80,'eyJhbGciOiJIUzI1NiIsInR5cCI6IkpXVCJ9.eyJyZXN1bHRQaG9uZSI6IjgzNzQzOTM2MjEiLCJpYXQiOjE1OTc4Mjg4NDR9.PYR6WKq1AwCyAfrBtWu47BLQjTLdueVvKmtM2nCd4Ws',1,1,'2020-08-19 09:20:45',NULL,'2020-08-19 09:20:45','2020-08-19 09:20:45'),(81,'eyJhbGciOiJIUzI1NiIsInR5cCI6IkpXVCJ9.eyJyZXN1bHRQaG9uZSI6IjgzNzQzOTM2MjEiLCJpYXQiOjE1OTc4Mjg4NzV9.aAk_KXTZMsGigd5g07NkuXkAsRJBKM4OLVKhFYCI_8A',1,1,'2020-08-19 09:21:15',NULL,'2020-08-19 09:21:15','2020-08-19 09:21:15'),(82,'eyJhbGciOiJIUzI1NiIsInR5cCI6IkpXVCJ9.eyJyZXN1bHRQaG9uZSI6IjgzNzQzOTM2MjEiLCJpYXQiOjE1OTc4Mjg4NzR9.rC12x8jVSoUdgi7gOWOMFODIxwqGT2JHmGqaEKdO6KM',1,1,'2020-08-19 09:21:15',NULL,'2020-08-19 09:21:15','2020-08-19 09:21:15'),(83,'eyJhbGciOiJIUzI1NiIsInR5cCI6IkpXVCJ9.eyJyZXN1bHRQaG9uZSI6IjgzNzQzOTM2MjEiLCJpYXQiOjE1OTc4Mjg4NDZ9.eLA2CQzFyE0BaXDt8BOg2vfL4-nx5fWbt_yVyBlFkYM',1,1,'2020-08-19 09:20:48',NULL,'2020-08-19 09:20:48','2020-08-19 09:20:48'),(84,'eyJhbGciOiJIUzI1NiIsInR5cCI6IkpXVCJ9.eyJyZXN1bHRQaG9uZSI6IjgzNzQzOTM2MjEiLCJpYXQiOjE1OTc4MjkxMzh9.O5xizxdjHgmgx3dtBsdevG-bZgXXeh099nS_Glaaoi0',1,1,'2020-08-19 09:25:38',NULL,'2020-08-19 09:25:38','2020-08-19 09:25:38'),(85,'eyJhbGciOiJIUzI1NiIsInR5cCI6IkpXVCJ9.eyJyZXN1bHRQaG9uZSI6Ijk3MDU2NjczOTUiLCJpYXQiOjE1OTc4MjkyMjR9.lmKhKsoLNhBco0v4OriJtz_WEPJkMlFOMjqcSGfp7tw',11,1,'2020-08-19 09:27:05',NULL,'2020-08-19 09:27:05','2020-08-19 09:27:05'),(86,'eyJhbGciOiJIUzI1NiIsInR5cCI6IkpXVCJ9.eyJyZXN1bHRQaG9uZSI6Ijk3MDU2NjczOTUiLCJpYXQiOjE1OTc4Mjk1NDd9.yHeIrv1sAGl5VYEQG9EnP1qBflqDIkgQr_5Ia3sGcQA',11,1,'2020-08-19 09:32:28',NULL,'2020-08-19 09:32:28','2020-08-19 09:32:28'),(87,'eyJhbGciOiJIUzI1NiIsInR5cCI6IkpXVCJ9.eyJyZXN1bHRQaG9uZSI6Ijk3MDU2NjczOTUiLCJpYXQiOjE1OTc4Mjk2NDl9.cynNsECiTArV45cyyNQKF3KkNvJocmGqOMp56t7q75I',11,1,'2020-08-19 09:34:09',NULL,'2020-08-19 09:34:09','2020-08-19 09:34:09');
/*!40000 ALTER TABLE `user_token` ENABLE KEYS */;
UNLOCK TABLES;

--
-- Table structure for table `users`
--

DROP TABLE IF EXISTS `users`;
/*!40101 SET @saved_cs_client     = @@character_set_client */;
/*!50503 SET character_set_client = utf8mb4 */;
CREATE TABLE `users` (
  `id` int NOT NULL AUTO_INCREMENT,
  `name` varchar(45) DEFAULT NULL,
  `mobile` varchar(45) NOT NULL,
  `password` varchar(45) NOT NULL,
  `role` varchar(45) NOT NULL,
  `date_added` date DEFAULT NULL,
  `date_deleted` date DEFAULT NULL,
  `added_by` varchar(50) DEFAULT NULL,
  `deleted_by` varchar(50) DEFAULT NULL,
  PRIMARY KEY (`id`),
  UNIQUE KEY `id_UNIQUE` (`id`)
) ENGINE=InnoDB AUTO_INCREMENT=12 DEFAULT CHARSET=utf8mb4 COLLATE=utf8mb4_0900_ai_ci;
/*!40101 SET character_set_client = @saved_cs_client */;

--
-- Dumping data for table `users`
--

LOCK TABLES `users` WRITE;
/*!40000 ALTER TABLE `users` DISABLE KEYS */;
INSERT INTO `users` VALUES (1,'mukesh','8374393621','mukesh','admin',NULL,NULL,NULL,NULL),(2,'testing','9823883544','123','cleaner','2020-08-13',NULL,'mukesh',NULL),(3,'test123','9999999999','123','cleaner','2020-08-14',NULL,'mukesh',NULL),(4,'test12','9097868876','000','cleaner','2020-08-14','2020-08-14','mukesh','mukesh'),(5,'worker123','9254444444','999','cleaner','2020-08-14',NULL,'mukesh',NULL),(6,'susmitha','9090912345','','cleaner','2020-08-17',NULL,'mukesh',NULL),(7,'susmitha','9121212121','123','cleaner','2020-08-17',NULL,'mukesh',NULL),(8,'dinesh','9222222222','000','cleaner','2020-08-17',NULL,'mukesh',NULL),(9,'karthik','9333333333','000','cleaner','2020-08-17',NULL,'mukesh',NULL),(10,'Bala Saikrupa','9494059694','12345','cleaner','2020-08-18',NULL,'mukesh',NULL),(11,'umesh','9705667395','12345','cleaner','2020-08-19',NULL,'mukesh',NULL);
/*!40000 ALTER TABLE `users` ENABLE KEYS */;
UNLOCK TABLES;

--
-- Table structure for table `vehicles`
--

DROP TABLE IF EXISTS `vehicles`;
/*!40101 SET @saved_cs_client     = @@character_set_client */;
/*!50503 SET character_set_client = utf8mb4 */;
CREATE TABLE `vehicles` (
  `id` int NOT NULL AUTO_INCREMENT,
  `registration_no` varchar(45) DEFAULT NULL,
  `customer_id` int NOT NULL,
  `parking_no` varchar(45) DEFAULT NULL,
  `building_id` int NOT NULL,
  PRIMARY KEY (`id`),
  KEY `fk_veh_building_id` (`building_id`),
  KEY `fk_cust_id` (`customer_id`),
  CONSTRAINT `fk_cust_id` FOREIGN KEY (`customer_id`) REFERENCES `customers` (`id`),
  CONSTRAINT `fk_veh_building_id` FOREIGN KEY (`building_id`) REFERENCES `buildings` (`id`)
) ENGINE=InnoDB AUTO_INCREMENT=73 DEFAULT CHARSET=utf8mb4 COLLATE=utf8mb4_0900_ai_ci;
/*!40101 SET character_set_client = @saved_cs_client */;

--
-- Dumping data for table `vehicles`
--

LOCK TABLES `vehicles` WRITE;
/*!40000 ALTER TABLE `vehicles` DISABLE KEYS */;
INSERT INTO `vehicles` VALUES (2,'AP091111',6,'1234',1),(3,'AP091112',6,'1234',1),(4,'AP091114',6,'1234',1),(11,'TS10EC1010',10,'66',1),(12,'TS10EC1121',11,'66',1),(13,'TS10EC1221',12,'98',1),(14,'TS08EC1221',13,'98',1),(15,'TS08EC1235',14,'76',1),(16,'TS08EC1231',15,'8',1),(17,'MH01QQ1111',16,'909',1),(18,'MH01QQ1111',17,'909',1),(19,'TS08EC1910',18,'98',1),(20,'MH01QQ1111',19,'90',1),(21,'mh00098',20,'90889',1),(22,'MH01QQ1111',21,'90',1),(23,'TS08EC1919',22,'98',1),(24,'TS08EC1959',23,'98',1),(25,'TS08EC1859',24,'9898',1),(26,'TS08EC1820',25,'998',1),(27,'TS08EC2020',26,'9898',1),(28,'TS08EC2520',27,'99',1),(29,'AP08EW2521',28,'98',1),(30,'AP08EW2522',29,'12',1),(31,'MHJK1111',30,'0',1),(32,'MKLJJJ111',31,'0',1),(33,'AP08EW2552',32,'89798',1),(34,'AP08EW2612',34,'12',1),(35,'AP08EC2612',35,'12',1),(36,'MH08EC2662',36,'12',1),(37,'MH08EC2062',38,'12',1),(38,'KA08EC2069',38,'12',1),(39,'KA08EW2069',39,'90',1),(40,'AP08EW2746',39,'90',1),(41,'AP10EW2726',41,'90',1),(42,'AP10EW2736',41,'90',1),(43,'AP10EC2782',42,'99',1),(44,'TSOPL7777',42,'99',1),(45,'TS098KIUJ',43,'100',1),(46,'TFDLO999',43,'100',1),(47,'AP10EQ2782',43,'123',1),(48,'AP22EQ2748',44,'90',1),(49,'TS22EQ2123',45,'90',1),(50,'TS11EQ2222',45,'12',1),(51,'TS11EQ9999',46,'90',1),(52,'TS108762',46,'12',1),(53,'TS091902',47,'99',1),(54,'AP-11-212',48,'987687',1),(55,'AP-09-12',48,'-86',1),(56,'DU-11-12',49,'12099877',1),(57,'DU-09-12',49,'99879',1),(58,'AP101234',50,'9090',1),(59,'AP129999',51,'123',1),(60,'TS012344',52,'86778',1),(61,'AP092387',53,'8778',1),(62,'MH01QQ11',32,'89798',1),(63,'AP107654',54,'9898',1),(64,'AP128767',54,'08080',1),(65,'AP7688',55,'1233',1),(66,'AP18765',55,'87854',1),(67,'DU-01-1234',56,'1767',4),(68,'AP110909',57,'7637',1),(69,'AP46565',57,'898',1),(70,'AP764563',58,'1234',1),(71,'AP35435',58,'1234',1),(72,'TS15EM0766',59,'24',8);
/*!40000 ALTER TABLE `vehicles` ENABLE KEYS */;
UNLOCK TABLES;

--
-- Table structure for table `work_schedule`
--

DROP TABLE IF EXISTS `work_schedule`;
/*!40101 SET @saved_cs_client     = @@character_set_client */;
/*!50503 SET character_set_client = utf8mb4 */;
CREATE TABLE `work_schedule` (
  `id` int NOT NULL AUTO_INCREMENT,
  `worker_building_id` int DEFAULT NULL,
  `vehicle_id` int NOT NULL,
  `monday` int DEFAULT NULL,
  `tuesday` int DEFAULT NULL,
  `wednesday` int DEFAULT NULL,
  `thursday` int DEFAULT NULL,
  `friday` int DEFAULT NULL,
  `saturday` int DEFAULT NULL,
  `sunday` int DEFAULT NULL,
  `date_created` timestamp NOT NULL DEFAULT CURRENT_TIMESTAMP ON UPDATE CURRENT_TIMESTAMP,
  `date_updated` timestamp NOT NULL DEFAULT CURRENT_TIMESTAMP ON UPDATE CURRENT_TIMESTAMP,
  `created_by` varchar(50) DEFAULT NULL,
  `updated_by` varchar(50) DEFAULT NULL,
  `client_ip` varchar(150) DEFAULT NULL,
  `browser_details` varchar(200) DEFAULT NULL,
  `start_date` date DEFAULT NULL,
  `end_date` date DEFAULT NULL,
  PRIMARY KEY (`id`),
  KEY `fk_worker_id` (`worker_building_id`),
  KEY `fk_vehicle_id` (`vehicle_id`),
  CONSTRAINT `fk_vehicle_id` FOREIGN KEY (`vehicle_id`) REFERENCES `vehicles` (`id`),
  CONSTRAINT `workr_build_id` FOREIGN KEY (`worker_building_id`) REFERENCES `worker_building` (`id`)
) ENGINE=InnoDB AUTO_INCREMENT=55 DEFAULT CHARSET=utf8mb4 COLLATE=utf8mb4_0900_ai_ci;
/*!40101 SET character_set_client = @saved_cs_client */;

--
-- Dumping data for table `work_schedule`
--

LOCK TABLES `work_schedule` WRITE;
/*!40000 ALTER TABLE `work_schedule` DISABLE KEYS */;
INSERT INTO `work_schedule` VALUES (2,2,11,1,1,1,1,1,1,1,'2020-08-12 10:51:19','2020-08-12 10:51:19','undefined','undefined',NULL,NULL,NULL,NULL),(3,2,12,1,1,1,1,1,1,1,'2020-08-12 10:51:19','2020-08-12 10:51:19','undefined','undefined',NULL,NULL,NULL,NULL),(4,2,13,1,1,1,1,1,1,1,'2020-08-12 10:51:19','2020-08-12 10:51:19','undefined','undefined',NULL,NULL,NULL,NULL),(5,2,14,1,1,1,1,1,1,1,'2020-08-12 10:51:19','2020-08-12 10:51:19','undefined','undefined',NULL,NULL,NULL,NULL),(6,2,15,1,1,1,1,1,1,1,'2020-08-12 10:51:19','2020-08-12 10:51:19','undefined','undefined',NULL,NULL,NULL,NULL),(7,2,16,1,1,1,1,1,1,1,'2020-08-12 10:51:19','2020-08-12 10:51:19','undefined','undefined',NULL,NULL,NULL,NULL),(8,2,17,1,1,1,1,1,1,1,'2020-08-12 10:51:19','2020-08-12 10:51:19','undefined','undefined',NULL,NULL,NULL,NULL),(9,2,18,1,1,1,1,1,1,1,'2020-08-12 10:51:19','2020-08-12 10:51:19','undefined','undefined',NULL,NULL,NULL,NULL),(10,2,19,1,1,1,1,1,1,1,'2020-08-12 10:51:19','2020-08-12 10:51:19','undefined','undefined',NULL,NULL,NULL,NULL),(11,2,20,1,1,1,1,1,1,1,'2020-08-12 10:51:19','2020-08-12 10:51:19','undefined','undefined',NULL,NULL,NULL,NULL),(12,2,21,1,1,1,1,1,1,1,'2020-08-12 10:51:19','2020-08-12 10:51:19','undefined','undefined',NULL,NULL,NULL,NULL),(13,2,22,1,1,1,1,1,1,1,'2020-08-12 10:51:19','2020-08-12 10:51:19','undefined','undefined',NULL,NULL,NULL,NULL),(14,2,23,1,1,1,1,1,1,1,'2020-08-12 10:51:19','2020-08-12 10:51:19','undefined','undefined',NULL,NULL,NULL,NULL),(15,2,24,1,1,1,1,1,1,1,'2020-08-12 10:51:19','2020-08-12 10:51:19','undefined','undefined',NULL,NULL,NULL,NULL),(16,2,25,1,1,1,1,1,1,1,'2020-08-12 10:51:19','2020-08-12 10:51:19','undefined','undefined',NULL,NULL,NULL,NULL),(17,2,26,1,1,1,1,1,1,1,'2020-08-12 10:51:19','2020-08-12 10:51:19','undefined','undefined',NULL,NULL,NULL,NULL),(18,2,27,1,1,1,1,1,1,1,'2020-08-12 10:51:19','2020-08-12 10:51:19','undefined','undefined',NULL,NULL,NULL,NULL),(19,2,28,1,1,1,1,1,1,1,'2020-08-13 14:12:53','2020-08-13 14:12:53','undefined','undefined',NULL,NULL,'2020-08-03','2020-08-13'),(20,2,29,1,1,1,1,1,1,1,'2020-08-12 10:51:19','2020-08-12 10:51:19','undefined','undefined',NULL,NULL,NULL,NULL),(21,2,30,1,1,1,1,1,1,1,'2020-08-13 14:18:05','2020-08-13 14:18:05','undefined','undefined',NULL,NULL,NULL,'2020-08-13'),(22,2,33,1,1,1,1,1,1,1,'2020-08-13 14:17:14','2020-08-13 14:17:14','undefined','undefined',NULL,NULL,'2020-08-06','2020-08-13'),(23,2,35,1,1,1,1,1,1,1,'2020-08-12 10:51:19','2020-08-12 10:51:19','undefined','undefined',NULL,NULL,'2020-08-06',NULL),(24,2,36,1,1,1,1,1,1,1,'2020-08-12 10:51:19','2020-08-12 10:51:19','undefined','undefined',NULL,NULL,'2020-06-08',NULL),(25,2,37,0,0,0,0,0,0,1,'2020-08-12 10:51:19','2020-08-12 10:51:19','undefined','undefined',NULL,NULL,'2020-06-08',NULL),(26,2,38,0,0,0,0,0,0,1,'2020-08-12 10:51:19','2020-08-12 10:51:19','undefined','undefined',NULL,NULL,'2020-06-08',NULL),(27,2,39,1,1,1,1,1,1,1,'2020-08-12 10:51:19','2020-08-12 10:51:19','undefined','undefined',NULL,NULL,'2020-06-08',NULL),(28,2,40,1,1,1,1,1,1,1,'2020-08-12 10:51:19','2020-08-12 10:51:19','undefined','undefined',NULL,NULL,'2020-06-08',NULL),(29,2,41,0,0,0,0,0,1,0,'2020-08-12 10:51:19','2020-08-12 10:51:19','undefined','undefined',NULL,NULL,'2020-06-08',NULL),(30,2,42,0,0,0,0,0,1,0,'2020-08-12 10:51:19','2020-08-12 10:51:19','undefined','undefined',NULL,NULL,'2020-06-08',NULL),(31,2,43,1,0,0,0,0,0,0,'2020-08-12 10:51:19','2020-08-12 10:51:19','undefined','undefined',NULL,NULL,'2020-06-08',NULL),(32,2,44,1,0,0,0,0,0,0,'2020-08-12 10:51:19','2020-08-12 10:51:19','undefined','undefined',NULL,NULL,'2020-06-08',NULL),(33,2,45,0,0,0,1,0,1,0,'2020-08-12 10:51:19','2020-08-12 10:51:19','undefined','undefined',NULL,NULL,'2020-06-08',NULL),(34,2,46,0,0,0,1,0,1,0,'2020-08-12 10:51:19','2020-08-12 10:51:19','undefined','undefined',NULL,NULL,'2020-06-08',NULL),(35,2,47,0,0,0,0,0,0,1,'2020-08-12 10:51:19','2020-08-12 10:51:19','undefined','undefined',NULL,NULL,'2020-06-08',NULL),(36,2,49,1,1,1,1,1,1,1,'2020-08-12 10:51:19','2020-08-12 10:51:19','undefined','undefined',NULL,NULL,'2020-06-08',NULL),(37,2,51,1,1,1,1,1,1,1,'2020-08-12 10:51:19','2020-08-12 10:51:19','undefined','undefined',NULL,NULL,'2020-06-08',NULL),(38,2,53,0,0,0,0,0,0,1,'2020-08-12 10:51:19','2020-08-12 10:51:19','undefined','undefined',NULL,NULL,'2020-08-06',NULL),(39,2,54,0,0,0,0,0,0,1,'2020-08-12 10:51:19','2020-08-12 10:51:19','undefined','undefined',NULL,NULL,'2020-08-06',NULL),(40,2,56,1,1,1,1,1,1,1,'2020-08-12 10:51:19','2020-08-12 10:51:19','undefined','undefined',NULL,NULL,'2020-08-06',NULL),(41,2,57,0,0,1,0,0,0,0,'2020-08-12 10:51:19','2020-08-12 10:51:19','undefined','undefined',NULL,NULL,'2020-08-12',NULL),(42,2,62,1,1,1,1,1,1,1,'2020-08-13 14:16:45','2020-08-13 14:16:45','undefined','undefined',NULL,NULL,'2020-08-06','2020-08-13'),(43,2,33,0,0,0,0,0,1,1,'2020-08-13 14:17:14','2020-08-13 14:17:14','undefined','undefined',NULL,NULL,'2020-08-06',NULL),(44,2,63,1,1,1,1,1,1,1,'2020-08-14 06:03:42','2020-08-14 06:03:42','undefined','undefined',NULL,NULL,'2020-08-14','2020-08-14'),(45,2,64,1,0,0,1,0,0,0,'2020-08-14 06:03:20','2020-08-14 06:03:20','undefined','undefined',NULL,NULL,'2020-08-14','2020-08-14'),(46,9,65,1,1,1,1,1,1,1,'2020-08-17 09:26:49','2020-08-17 09:26:49','undefined','undefined',NULL,NULL,'2020-08-17',NULL),(47,9,66,1,0,0,0,1,0,0,'2020-08-17 09:27:24','2020-08-17 09:27:24','undefined','undefined',NULL,NULL,'2020-08-17','2020-08-17'),(48,9,66,1,0,0,1,0,0,0,'2020-08-17 09:27:24','2020-08-17 09:27:24','undefined','undefined',NULL,NULL,'2020-08-17',NULL),(49,9,67,1,1,1,1,1,1,1,'2020-08-17 12:00:04','2020-08-17 12:00:04','undefined','undefined',NULL,NULL,'2020-08-17',NULL),(50,2,68,1,1,1,1,1,1,1,'2020-08-17 12:58:36','2020-08-17 12:58:36','undefined','undefined',NULL,NULL,'2020-08-17',NULL),(51,2,69,1,0,0,0,1,0,0,'2020-08-17 12:58:36','2020-08-17 12:58:36','undefined','undefined',NULL,NULL,'2020-08-17',NULL),(52,2,70,1,1,1,1,1,1,1,'2020-08-17 13:32:28','2020-08-17 13:32:28','undefined','undefined',NULL,NULL,'2020-08-17',NULL),(53,2,71,1,1,1,1,1,1,1,'2020-08-17 13:32:29','2020-08-17 13:32:29','undefined','undefined',NULL,NULL,'2020-08-17',NULL),(54,12,72,1,1,1,1,1,1,1,'2020-08-18 14:45:34','2020-08-18 14:45:34','undefined','undefined',NULL,NULL,'2020-08-18',NULL);
/*!40000 ALTER TABLE `work_schedule` ENABLE KEYS */;
UNLOCK TABLES;

--
-- Table structure for table `worker_building`
--

DROP TABLE IF EXISTS `worker_building`;
/*!40101 SET @saved_cs_client     = @@character_set_client */;
/*!50503 SET character_set_client = utf8mb4 */;
CREATE TABLE `worker_building` (
  `id` int NOT NULL AUTO_INCREMENT,
  `worker_id` int NOT NULL,
  `building_id` int NOT NULL,
  `created_By` varchar(50) DEFAULT NULL,
  `deleted_By` varchar(50) DEFAULT NULL,
  `client_ip` varchar(200) DEFAULT NULL,
  `start_date` date DEFAULT NULL,
  `end_date` date DEFAULT NULL,
  PRIMARY KEY (`id`),
  KEY `fk_build_id` (`building_id`),
  KEY `fk_workr_id` (`worker_id`),
  CONSTRAINT `fk_build_id` FOREIGN KEY (`building_id`) REFERENCES `buildings` (`id`),
  CONSTRAINT `fk_workr_id` FOREIGN KEY (`worker_id`) REFERENCES `workers` (`id`)
) ENGINE=InnoDB AUTO_INCREMENT=14 DEFAULT CHARSET=utf8mb4 COLLATE=utf8mb4_0900_ai_ci;
/*!40101 SET character_set_client = @saved_cs_client */;

--
-- Dumping data for table `worker_building`
--

LOCK TABLES `worker_building` WRITE;
/*!40000 ALTER TABLE `worker_building` DISABLE KEYS */;
INSERT INTO `worker_building` VALUES (2,12,1,NULL,NULL,NULL,NULL,NULL),(3,1,2,'mukesh','mukesh',NULL,'2020-08-08','2020-08-13'),(4,2,1,'mukesh',NULL,NULL,'2020-08-08',NULL),(5,2,2,'mukesh','mukesh',NULL,'2020-08-08','2020-08-09'),(6,3,4,'mukesh',NULL,NULL,'2020-08-13',NULL),(7,4,4,'mukesh',NULL,NULL,'2020-08-14',NULL),(8,6,4,'mukesh',NULL,NULL,'2020-08-14',NULL),(9,12,1,'mukesh','mukesh',NULL,'2020-08-17','2020-08-17'),(10,8,4,'mukesh','mukesh',NULL,'2020-08-17','2020-08-17'),(11,10,4,'mukesh',NULL,NULL,'2020-08-17',NULL),(12,12,8,'mukesh',NULL,NULL,'2020-08-18',NULL),(13,12,8,'mukesh',NULL,NULL,'2020-08-19',NULL);
/*!40000 ALTER TABLE `worker_building` ENABLE KEYS */;
UNLOCK TABLES;

--
-- Table structure for table `workers`
--

DROP TABLE IF EXISTS `workers`;
/*!40101 SET @saved_cs_client     = @@character_set_client */;
/*!50503 SET character_set_client = utf8mb4 */;
CREATE TABLE `workers` (
  `id` int NOT NULL AUTO_INCREMENT,
  `name` varchar(45) DEFAULT NULL,
  `mobile` varchar(45) DEFAULT NULL,
  `status` tinyint(1) DEFAULT NULL,
  `deletedAt` datetime DEFAULT NULL,
  `deletedBY` varchar(50) DEFAULT NULL,
  `user_id` int DEFAULT NULL,
  PRIMARY KEY (`id`),
  KEY `fk_user_id` (`user_id`),
  CONSTRAINT `fk_user_id` FOREIGN KEY (`user_id`) REFERENCES `users` (`id`)
) ENGINE=InnoDB AUTO_INCREMENT=13 DEFAULT CHARSET=utf8mb4 COLLATE=utf8mb4_0900_ai_ci;
/*!40101 SET character_set_client = @saved_cs_client */;

--
-- Dumping data for table `workers`
--

LOCK TABLES `workers` WRITE;
/*!40000 ALTER TABLE `workers` DISABLE KEYS */;
INSERT INTO `workers` VALUES (1,'mukesh','9087611111',1,NULL,NULL,NULL),(2,'testworker','9090909011',1,NULL,NULL,NULL),(3,'testing','9823883544',1,NULL,NULL,2),(4,'test123','9999999999',1,NULL,NULL,3),(5,'test12','9097868876',0,'2020-08-14 00:00:00','mukesh',4),(6,'worker123','9254444444',1,NULL,NULL,5),(7,'susmitha','9090912345',0,'2020-08-17 00:00:00','mukesh',6),(8,'susmitha','9121212121',1,NULL,NULL,7),(9,'testttttttttt','9222222222',0,'2020-08-17 00:00:00','mukesh',8),(10,'testttttttttttt3','9333333333',1,NULL,NULL,9),(11,'Bala Saikrupa','9494059694',1,NULL,NULL,10),(12,'umesh','9705667395',1,NULL,NULL,11);
/*!40000 ALTER TABLE `workers` ENABLE KEYS */;
UNLOCK TABLES;
/*!40103 SET TIME_ZONE=@OLD_TIME_ZONE */;

/*!40101 SET SQL_MODE=@OLD_SQL_MODE */;
/*!40014 SET FOREIGN_KEY_CHECKS=@OLD_FOREIGN_KEY_CHECKS */;
/*!40014 SET UNIQUE_CHECKS=@OLD_UNIQUE_CHECKS */;
/*!40101 SET CHARACTER_SET_CLIENT=@OLD_CHARACTER_SET_CLIENT */;
/*!40101 SET CHARACTER_SET_RESULTS=@OLD_CHARACTER_SET_RESULTS */;
/*!40101 SET COLLATION_CONNECTION=@OLD_COLLATION_CONNECTION */;
/*!40111 SET SQL_NOTES=@OLD_SQL_NOTES */;

-- Dump completed on 2020-08-20  5:32:20
