-- MySQL dump 10.13  Distrib 8.0.21, for Linux (x86_64)
--
-- Host: localhost    Database: carwash_db
-- ------------------------------------------------------
-- Server version	8.0.21-0ubuntu0.20.04.4

/*!40101 SET @OLD_CHARACTER_SET_CLIENT=@@CHARACTER_SET_CLIENT */;
/*!40101 SET @OLD_CHARACTER_SET_RESULTS=@@CHARACTER_SET_RESULTS */;
/*!40101 SET @OLD_COLLATION_CONNECTION=@@COLLATION_CONNECTION */;
/*!50503 SET NAMES utf8mb4 */;
/*!40103 SET @OLD_TIME_ZONE=@@TIME_ZONE */;
/*!40103 SET TIME_ZONE='+00:00' */;
/*!40014 SET @OLD_UNIQUE_CHECKS=@@UNIQUE_CHECKS, UNIQUE_CHECKS=0 */;
/*!40014 SET @OLD_FOREIGN_KEY_CHECKS=@@FOREIGN_KEY_CHECKS, FOREIGN_KEY_CHECKS=0 */;
/*!40101 SET @OLD_SQL_MODE=@@SQL_MODE, SQL_MODE='NO_AUTO_VALUE_ON_ZERO' */;
/*!40111 SET @OLD_SQL_NOTES=@@SQL_NOTES, SQL_NOTES=0 */;

--
-- Table structure for table `buildings`
--

DROP TABLE IF EXISTS `buildings`;
/*!40101 SET @saved_cs_client     = @@character_set_client */;
/*!50503 SET character_set_client = utf8mb4 */;
CREATE TABLE `buildings` (
  `id` int NOT NULL AUTO_INCREMENT,
  `name` varchar(50) DEFAULT NULL,
  `location_id` int NOT NULL,
  `status` tinyint(1) DEFAULT NULL,
  `deletedAt` datetime DEFAULT NULL,
  `deletedBY` varchar(50) DEFAULT NULL,
  PRIMARY KEY (`id`),
  KEY `fk_location_id` (`location_id`),
  CONSTRAINT `fk_location_id` FOREIGN KEY (`location_id`) REFERENCES `location` (`id`)
) ENGINE=InnoDB AUTO_INCREMENT=14 DEFAULT CHARSET=utf8mb4 COLLATE=utf8mb4_0900_ai_ci;
/*!40101 SET character_set_client = @saved_cs_client */;

--
-- Dumping data for table `buildings`
--

LOCK TABLES `buildings` WRITE;
/*!40000 ALTER TABLE `buildings` DISABLE KEYS */;
INSERT INTO `buildings` VALUES (1,'Twin Towers',1,1,'2020-08-25 00:00:00','mukesh'),(2,' Mindspace',3,0,'2020-08-13 00:00:00','mukesh'),(3,'CyberTowers',4,0,'2020-08-13 00:00:00','mukesh'),(4,'CyberTowers',4,1,NULL,NULL),(5,'Mindspace',3,0,'2020-08-13 00:00:00','mukesh'),(6,'Mindspace',3,0,'2020-08-17 00:00:00','mukesh'),(7,'TowerA',3,0,'2020-08-17 00:00:00','mukesh'),(8,'Mythrivanam',4,1,NULL,NULL),(9,'Cyber',3,0,'2020-08-21 00:00:00','mukesh'),(10,'CyberTowers',3,1,'2020-08-25 00:00:00','mukesh'),(11,'Mindspace',1,0,'2020-08-21 00:00:00','mukesh'),(12,'Raheza ',2,0,'2020-08-24 00:00:00','mukesh'),(13,'Raheza Block',2,1,'2020-08-25 00:00:00','mukesh');
/*!40000 ALTER TABLE `buildings` ENABLE KEYS */;
UNLOCK TABLES;

--
-- Table structure for table `customers`
--

DROP TABLE IF EXISTS `customers`;
/*!40101 SET @saved_cs_client     = @@character_set_client */;
/*!50503 SET character_set_client = utf8mb4 */;
CREATE TABLE `customers` (
  `id` int NOT NULL AUTO_INCREMENT,
  `first_name` varchar(50) DEFAULT NULL,
  `building_id` int DEFAULT NULL,
  `mobile` varchar(45) DEFAULT NULL,
  `last_name` varchar(45) DEFAULT NULL,
  `flat_no` varchar(45) DEFAULT NULL,
  `one_time` tinyint(1) DEFAULT NULL,
  `status` tinyint(1) DEFAULT NULL,
  `created_at` datetime DEFAULT NULL,
  `created_by` varchar(50) DEFAULT NULL,
  `updated_at` datetime DEFAULT NULL,
  `updated_by` varchar(50) DEFAULT NULL,
  PRIMARY KEY (`id`),
  KEY `fk_building_id` (`building_id`),
  CONSTRAINT `fk_building_id` FOREIGN KEY (`building_id`) REFERENCES `buildings` (`id`)
) ENGINE=InnoDB AUTO_INCREMENT=65 DEFAULT CHARSET=utf8mb4 COLLATE=utf8mb4_0900_ai_ci;
/*!40101 SET character_set_client = @saved_cs_client */;

--
-- Dumping data for table `customers`
--

LOCK TABLES `customers` WRITE;
/*!40000 ALTER TABLE `customers` DISABLE KEYS */;
INSERT INTO `customers` VALUES (6,'mukesh',1,'9087654321','k',NULL,NULL,0,NULL,NULL,NULL,NULL),(9,'krishna',1,'9087654321','phani','Block-209',NULL,0,NULL,NULL,'2020-08-24 00:00:00','mukesh'),(10,'Dinesh',1,'9087654321','Lella','Block-219',NULL,0,NULL,NULL,'2020-08-24 00:00:00','mukesh'),(11,'akshay',1,'9087654321','kumar','Block-219',NULL,0,NULL,NULL,'2020-08-24 00:00:00','mukesh'),(12,'akki',1,'9087654321','kunar','Block-210',NULL,0,NULL,NULL,'2020-08-24 00:00:00','mukesh'),(13,'dinesh',1,'9087654321','l','Block-210',NULL,0,NULL,NULL,'2020-08-24 00:00:00','mukesh'),(14,'dinesh',1,'9087654321','lella','Block-210',NULL,0,NULL,NULL,'2020-08-24 00:00:00','mukesh'),(15,'Dinesh',1,'9087654321','L','Block-210',NULL,0,NULL,NULL,'2020-08-24 00:00:00','mukesh'),(16,'mukesh',1,'9087654321','kota','Block-215',NULL,0,NULL,NULL,'2020-08-24 00:00:00','mukesh'),(17,'mukesh',1,'9087654321','kota','Block-216',NULL,0,NULL,NULL,'2020-08-24 00:00:00','mukesh'),(18,'mukesh',1,'9876543212','kot','Block-226',NULL,0,NULL,NULL,'2020-08-24 00:00:00','mukesh'),(19,'mukesh',1,'9087654321','kota','Block-229',NULL,0,NULL,NULL,'2020-08-24 00:00:00','mukesh'),(20,'mukesh',1,'9087654321','kota','Block-220',NULL,0,NULL,NULL,'2020-08-24 00:00:00','mukesh'),(21,'mukesh',1,'8374393621','k','Block-221',NULL,0,NULL,NULL,'2020-08-24 00:00:00','mukesh'),(22,'dinesh',1,'9087654321','karthik','Block-230',NULL,0,NULL,NULL,'2020-08-24 00:00:00','mukesh'),(23,'mukesh',1,'9087654321','k','Block-221',NULL,0,NULL,NULL,'2020-08-24 00:00:00','mukesh'),(24,'mukesh',1,'9087654321','k','Block-221',NULL,0,NULL,NULL,'2020-08-24 00:00:00','mukesh'),(25,'MS',1,'9090909090','dhoni','Block-230',NULL,0,NULL,NULL,'2020-08-24 00:00:00','mukesh'),(26,'MS',1,'9087654321','D','Block-235',NULL,0,NULL,NULL,'2020-08-24 00:00:00','mukesh'),(27,'virat',1,'9087654321','kohli','Block-255',NULL,0,NULL,NULL,'2020-08-24 00:00:00','mukesh'),(28,'suresh',1,'9087654321','raina','Block-255',NULL,0,NULL,NULL,'2020-08-24 00:00:00','mukesh'),(29,'suresh',1,'9087654321','raina','Block-260',NULL,0,NULL,NULL,'2020-08-24 00:00:00','mukesh'),(30,'mukesh',1,'8767890987','kota',NULL,NULL,0,NULL,NULL,'2020-08-24 00:00:00','mukesh'),(31,'rohit',1,'9876545458','sharma','Block-295',NULL,0,NULL,NULL,'2020-08-24 00:00:00','mukesh'),(32,'yuvraj',1,'2134565678','singh','Block-293',NULL,0,NULL,NULL,'2020-08-24 00:00:00','mukesh'),(33,'L',1,'9088899000','dinesh','Block-294',NULL,0,NULL,NULL,'2020-08-25 00:00:00','mukesh'),(34,'Ankitha',1,'9081234556','verma','BLOCK-395',NULL,0,NULL,NULL,'2020-08-24 00:00:00','mukesh'),(35,'mahesh',1,'opo0909900','g','BLOCK-95',NULL,0,NULL,NULL,'2020-08-24 00:00:00','mukesh'),(36,'jyoshna',1,'opo0909901','reddy','BLOCK-165',NULL,0,NULL,NULL,'2020-08-24 00:00:00','mukesh'),(37,'arjun',1,'1234567890','k','BLOCK-165',NULL,1,NULL,NULL,NULL,NULL),(38,'rishi',1,'8909999999','kumar','BLOCK-165',NULL,0,NULL,NULL,'2020-08-24 00:00:00','mukesh'),(39,'mukesh',1,'3452678900','ko',NULL,NULL,0,NULL,NULL,'2020-08-24 00:00:00','mukesh'),(40,'satya',1,'9087676734','goli','BLOCK-10',NULL,1,NULL,NULL,NULL,NULL),(41,'mukesh',1,'9087656565','ll','Block-12',NULL,0,NULL,NULL,'2020-08-24 00:00:00','mukesh'),(42,'mukesh',1,'9807654000','ko','Block-12',NULL,1,NULL,NULL,NULL,NULL),(43,'mukesh',1,'9876564321','ko','Block-12',NULL,0,NULL,NULL,'2020-08-20 00:00:00','dinesh'),(44,'mukesh',1,'9087654777','koii','Block-12',NULL,0,NULL,NULL,'2020-08-24 00:00:00','mukesh'),(45,'mukesh',1,'9087654700','koii','Block-12',NULL,0,NULL,NULL,'2020-08-24 00:00:00','mukesh'),(46,'mukesh',1,'9087654722','koii','Block-12',NULL,0,NULL,NULL,'2020-08-24 00:00:00','mukesh'),(47,'laxman',1,'9089877777','spidey','BLOCK-10',NULL,0,NULL,NULL,'2020-08-24 00:00:00','mukesh'),(48,'bala',1,'9087676767','sai','BLOCK-09',NULL,0,NULL,NULL,'2020-08-24 00:00:00','mukesh'),(49,'testing',1,'yugg78908','testing','123',NULL,0,NULL,NULL,'2020-08-24 00:00:00','mukesh'),(50,'susmitha',1,'7842670237','tallapaneni','932',NULL,0,NULL,NULL,'2020-08-21 00:00:00','mukesh'),(51,'susmitha',1,'9876512345','testing','8989',NULL,0,NULL,NULL,'2020-08-24 00:00:00','mukesh'),(52,'testing',1,'9182736455','testing','123',NULL,0,NULL,NULL,'2020-08-24 00:00:00','mukesh'),(53,'susmithatallapaneni',1,'9119229331','testing','98788',NULL,0,NULL,NULL,'2020-08-24 00:00:00','mukesh'),(54,'susmitha',1,'9123456789','t','1234',NULL,0,NULL,NULL,'2020-08-24 00:00:00','mukesh'),(55,'susi',1,'9012901290','testing','9-32',NULL,0,NULL,NULL,'2020-08-24 00:00:00','mukesh'),(56,'mahi',4,'9111111111','singh','BLOCK-A,209',NULL,0,NULL,NULL,'2020-08-24 00:00:00','mukesh'),(57,'sri',1,'9654656536','t','1234',NULL,0,NULL,NULL,'2020-08-21 00:00:00','mukesh'),(58,'susmitha',1,'9235456666','t','C-212',NULL,0,NULL,NULL,'2020-08-24 00:00:00','mukesh'),(59,'Saikrupa',8,'9494059694','Puram','301',NULL,0,NULL,NULL,'2020-08-24 00:00:00','mukesh'),(60,'Akshay',1,'8191011921','Kumar','160',0,NULL,'2020-08-20 00:00:00','dinesh',NULL,NULL),(61,'Sai',1,'8910182131','Surya','231',0,1,'2020-08-20 00:00:00','dinesh','2020-08-20 00:00:00','dinesh'),(62,'susmitha',10,'9871653333','Tallapaneni','932',0,1,'2020-08-21 00:00:00','mukesh','2020-08-21 00:00:00','mukesh'),(63,'srinadh',1,'8786767656','t','909',0,0,'2020-08-24 00:00:00','mukesh','2020-08-24 00:00:00','mukesh'),(64,'Hari',13,'9866455666','krishna','2344',0,1,'2020-08-24 00:00:00','mukesh',NULL,NULL);
/*!40000 ALTER TABLE `customers` ENABLE KEYS */;
UNLOCK TABLES;

--
-- Table structure for table `customers_history`
--

DROP TABLE IF EXISTS `customers_history`;
/*!40101 SET @saved_cs_client     = @@character_set_client */;
/*!50503 SET character_set_client = utf8mb4 */;
CREATE TABLE `customers_history` (
  `id` int NOT NULL AUTO_INCREMENT,
  `start_date` datetime DEFAULT NULL,
  `end_date` datetime DEFAULT NULL,
  `customer_id` int DEFAULT NULL,
  PRIMARY KEY (`id`),
  KEY `fk_customer_id` (`customer_id`),
  CONSTRAINT `fk_customer_id` FOREIGN KEY (`customer_id`) REFERENCES `customers` (`id`)
) ENGINE=InnoDB AUTO_INCREMENT=8 DEFAULT CHARSET=utf8mb4 COLLATE=utf8mb4_0900_ai_ci;
/*!40101 SET character_set_client = @saved_cs_client */;

--
-- Dumping data for table `customers_history`
--

LOCK TABLES `customers_history` WRITE;
/*!40000 ALTER TABLE `customers_history` DISABLE KEYS */;
INSERT INTO `customers_history` VALUES (4,'2020-08-20 00:00:00','2020-08-20 00:00:00',61),(5,'2020-08-21 00:00:00','2020-08-21 00:00:00',62),(6,'2020-08-21 00:00:00','2020-08-21 00:00:00',63),(7,'2020-08-21 00:00:00','2020-08-24 00:00:00',63);
/*!40000 ALTER TABLE `customers_history` ENABLE KEYS */;
UNLOCK TABLES;

--
-- Table structure for table `location`
--

DROP TABLE IF EXISTS `location`;
/*!40101 SET @saved_cs_client     = @@character_set_client */;
/*!50503 SET character_set_client = utf8mb4 */;
CREATE TABLE `location` (
  `id` int NOT NULL AUTO_INCREMENT,
  `zip_code` varchar(45) DEFAULT NULL,
  `address` varchar(200) DEFAULT NULL,
  `status` tinyint(1) DEFAULT NULL,
  PRIMARY KEY (`id`)
) ENGINE=InnoDB AUTO_INCREMENT=5 DEFAULT CHARSET=utf8mb4 COLLATE=utf8mb4_0900_ai_ci;
/*!40101 SET character_set_client = @saved_cs_client */;

--
-- Dumping data for table `location`
--

LOCK TABLES `location` WRITE;
/*!40000 ALTER TABLE `location` DISABLE KEYS */;
INSERT INTO `location` VALUES (1,'1234','jubliee hills',1),(2,'1235','secunderabad',1),(3,'1236','banjara hills',1),(4,'1237','Hitech city',0);
/*!40000 ALTER TABLE `location` ENABLE KEYS */;
UNLOCK TABLES;

--
-- Table structure for table `payment_transaction`
--

DROP TABLE IF EXISTS `payment_transaction`;
/*!40101 SET @saved_cs_client     = @@character_set_client */;
/*!50503 SET character_set_client = utf8mb4 */;
CREATE TABLE `payment_transaction` (
  `id` int NOT NULL AUTO_INCREMENT,
  `schedule_id` int NOT NULL,
  `payment_date` timestamp NOT NULL DEFAULT CURRENT_TIMESTAMP ON UPDATE CURRENT_TIMESTAMP,
  `payment_amount` int DEFAULT NULL,
  `payment_registered_by` varchar(45) DEFAULT NULL,
  `user_id` int NOT NULL,
  `date_created` timestamp NOT NULL DEFAULT CURRENT_TIMESTAMP ON UPDATE CURRENT_TIMESTAMP,
  `date_updated` timestamp NOT NULL DEFAULT CURRENT_TIMESTAMP ON UPDATE CURRENT_TIMESTAMP,
  `added_by` varchar(45) DEFAULT NULL,
  `updated_by` varchar(45) DEFAULT NULL,
  `client_ip` varchar(150) DEFAULT NULL,
  `client_browser` varchar(200) DEFAULT NULL,
  `reason` varchar(250) DEFAULT NULL,
  `status` varchar(250) DEFAULT NULL,
  `note` varchar(200) DEFAULT NULL,
  PRIMARY KEY (`id`),
  KEY `fk_scheduleid` (`schedule_id`),
  KEY `fk_usr_id` (`user_id`),
  CONSTRAINT `fk_scheduleid` FOREIGN KEY (`schedule_id`) REFERENCES `schedule_logs` (`schedule_id`),
  CONSTRAINT `fk_usr_id` FOREIGN KEY (`user_id`) REFERENCES `users` (`id`)
) ENGINE=InnoDB AUTO_INCREMENT=19 DEFAULT CHARSET=utf8mb4 COLLATE=utf8mb4_0900_ai_ci;
/*!40101 SET character_set_client = @saved_cs_client */;

--
-- Dumping data for table `payment_transaction`
--

LOCK TABLES `payment_transaction` WRITE;
/*!40000 ALTER TABLE `payment_transaction` DISABLE KEYS */;
INSERT INTO `payment_transaction` VALUES (3,39,'2020-08-21 08:46:35',34,'mukesh',1,'2020-08-21 08:46:35','2020-08-21 08:46:35','mukesh','mukesh',NULL,NULL,'','pending','skjk'),(4,39,'2020-08-21 08:46:35',26,'mukesh',1,'2020-08-21 08:46:35','2020-08-21 08:46:35','mukesh','mukesh',NULL,NULL,'','completed',''),(5,39,'2020-08-21 08:46:35',27,'mukesh',1,'2020-08-21 08:46:35','2020-08-21 08:46:35','mukesh','mukesh',NULL,NULL,'','completed','ehjklkjhg'),(6,40,'2020-08-21 08:46:35',50,'mukesh',1,'2020-08-21 08:46:35','2020-08-21 08:46:35','mukesh','mukesh',NULL,NULL,'','completed','bdhjg'),(7,39,'2020-08-21 08:46:35',-15,'mukesh',1,'2020-08-21 08:46:35','2020-08-21 08:46:35','mukesh','mukesh',NULL,NULL,'','completed',''),(8,39,'2020-08-21 08:46:35',1,'mukesh',1,'2020-08-21 08:46:35','2020-08-21 08:46:35','mukesh','mukesh',NULL,NULL,'','pending',''),(9,40,'2020-08-21 08:46:35',50,'mukesh',1,'2020-08-21 08:46:35','2020-08-21 08:46:35','mukesh','mukesh',NULL,NULL,'','completed',''),(10,40,'2020-08-21 08:46:35',10,'mukesh',1,'2020-08-21 08:46:35','2020-08-21 08:46:35','mukesh','mukesh',NULL,NULL,'','completed',''),(11,41,'2020-08-21 08:46:35',20,'mukesh',1,'2020-08-21 08:46:35','2020-08-21 08:46:35','mukesh','mukesh',NULL,NULL,'','completed','collected some amount'),(12,24,'2020-08-21 08:47:07',50,'mukesh',1,'2020-08-21 08:47:07','2020-08-21 08:47:07','mukesh','mukesh',NULL,NULL,' testing purpose testing','pending','undefined'),(13,55,'2020-08-21 14:43:14',50,'mukesh',1,'2020-08-21 14:43:14','2020-08-21 14:43:14','mukesh','mukesh',NULL,NULL,' testing purpose i want pay again','completed','undefined'),(14,55,'2020-08-21 14:43:41',100,'mukesh',1,'2020-08-21 14:43:41','2020-08-21 14:43:41','mukesh','mukesh',NULL,NULL,' want to cancel payment','pending','undefined'),(15,55,'2020-08-21 11:22:25',50,'mukesh',1,'2020-08-21 11:22:25','2020-08-21 11:22:25','mukesh','mukesh',NULL,NULL,NULL,'completed','undefined'),(16,55,'2020-08-21 14:44:06',50,'mukesh',1,'2020-08-21 14:44:06','2020-08-21 14:44:06','mukesh','mukesh',NULL,NULL,NULL,'completed','undefined'),(17,63,'2020-08-24 14:15:33',100,'mukesh',1,'2020-08-24 14:15:33','2020-08-24 14:15:33','mukesh','mukesh',NULL,NULL,' wrong payment wants to cancel','completed','undefined');
/*!40000 ALTER TABLE `payment_transaction` ENABLE KEYS */;
UNLOCK TABLES;

--
-- Table structure for table `schedule_logs`
--

DROP TABLE IF EXISTS `schedule_logs`;
/*!40101 SET @saved_cs_client     = @@character_set_client */;
/*!50503 SET character_set_client = utf8mb4 */;
CREATE TABLE `schedule_logs` (
  `id` int NOT NULL AUTO_INCREMENT,
  `date` date DEFAULT NULL,
  `schedule_id` int NOT NULL,
  `status` varchar(45) DEFAULT NULL,
  `date_created` timestamp NOT NULL DEFAULT CURRENT_TIMESTAMP ON UPDATE CURRENT_TIMESTAMP,
  `date_updated` timestamp NOT NULL DEFAULT CURRENT_TIMESTAMP ON UPDATE CURRENT_TIMESTAMP,
  `created_by` varchar(50) DEFAULT NULL,
  `updated_by` varchar(50) DEFAULT NULL,
  `client_ip` varchar(150) DEFAULT NULL,
  `browser_details` varchar(200) DEFAULT NULL,
  `amount` int DEFAULT NULL,
  `reason` varchar(250) DEFAULT NULL,
  PRIMARY KEY (`id`),
  KEY `fk_schedule_id` (`schedule_id`),
  CONSTRAINT `fk_schedule_id` FOREIGN KEY (`schedule_id`) REFERENCES `work_schedule` (`id`)
) ENGINE=InnoDB AUTO_INCREMENT=425413 DEFAULT CHARSET=utf8mb4 COLLATE=utf8mb4_0900_ai_ci;
/*!40101 SET character_set_client = @saved_cs_client */;

--
-- Dumping data for table `schedule_logs`
--

LOCK TABLES `schedule_logs` WRITE;
/*!40000 ALTER TABLE `schedule_logs` DISABLE KEYS */;
INSERT INTO `schedule_logs` VALUES (424972,'2020-08-09',24,'pending','2020-08-21 08:43:38','2020-08-21 08:43:38','undefined','undefined',NULL,NULL,50,''),(424973,'2020-08-16',24,'pending','2020-08-21 08:43:38','2020-08-21 08:43:38','undefined','undefined',NULL,NULL,50,''),(424974,'2020-08-23',24,'pending','2020-08-21 08:43:38','2020-08-21 08:43:38','undefined','undefined',NULL,NULL,50,''),(424975,'2020-08-30',24,'pending','2020-08-21 08:43:38','2020-08-21 08:43:38','undefined','undefined',NULL,NULL,50,''),(424976,'2020-08-10',24,'pending','2020-08-21 08:43:38','2020-08-21 08:43:38','undefined','undefined',NULL,NULL,50,''),(424977,'2020-08-17',24,'pending','2020-08-21 08:43:38','2020-08-21 08:43:38','undefined','undefined',NULL,NULL,50,''),(424978,'2020-08-24',24,'pending','2020-08-21 08:43:38','2020-08-21 08:43:38','undefined','undefined',NULL,NULL,50,''),(424979,'2020-08-31',24,'pending','2020-08-21 08:43:38','2020-08-21 08:43:38','undefined','undefined',NULL,NULL,50,''),(424980,'2020-08-11',24,'pending','2020-08-21 08:43:38','2020-08-21 08:43:38','undefined','undefined',NULL,NULL,50,''),(424981,'2020-08-18',24,'pending','2020-08-21 08:43:38','2020-08-21 08:43:38','undefined','undefined',NULL,NULL,50,''),(424982,'2020-08-25',24,'pending','2020-08-21 08:43:38','2020-08-21 08:43:38','undefined','undefined',NULL,NULL,50,''),(424983,'2020-08-12',24,'pending','2020-08-21 08:43:38','2020-08-21 08:43:38','undefined','undefined',NULL,NULL,50,''),(424984,'2020-08-19',24,'completed','2020-08-21 08:43:38','2020-08-21 08:43:38','undefined','undefined',NULL,NULL,50,''),(424985,'2020-08-26',24,'pending','2020-08-21 08:43:38','2020-08-21 08:43:38','undefined','undefined',NULL,NULL,50,''),(424986,'2020-08-06',24,'pending','2020-08-21 08:43:38','2020-08-21 08:43:38','undefined','undefined',NULL,NULL,50,''),(424987,'2020-08-13',24,'pending','2020-08-21 08:43:38','2020-08-21 08:43:38','undefined','undefined',NULL,NULL,50,''),(424988,'2020-08-20',24,'pending','2020-08-21 08:43:38','2020-08-21 08:43:38','undefined','undefined',NULL,NULL,50,''),(424989,'2020-08-27',24,'pending','2020-08-21 08:43:38','2020-08-21 08:43:38','undefined','undefined',NULL,NULL,50,''),(424990,'2020-08-07',24,'pending','2020-08-21 08:43:38','2020-08-21 08:43:38','undefined','undefined',NULL,NULL,50,''),(424991,'2020-08-14',24,'pending','2020-08-21 08:43:38','2020-08-21 08:43:38','undefined','undefined',NULL,NULL,50,''),(424992,'2020-08-21',24,'pending','2020-08-21 08:43:38','2020-08-21 08:43:38','undefined','undefined',NULL,NULL,50,''),(424993,'2020-08-28',24,'pending','2020-08-21 08:43:38','2020-08-21 08:43:38','undefined','undefined',NULL,NULL,50,''),(424994,'2020-08-08',24,'pending','2020-08-21 08:43:38','2020-08-21 08:43:38','undefined','undefined',NULL,NULL,50,''),(424995,'2020-08-15',24,'pending','2020-08-21 08:43:38','2020-08-21 08:43:38','undefined','undefined',NULL,NULL,50,''),(424996,'2020-08-22',24,'pending','2020-08-21 08:43:38','2020-08-21 08:43:38','undefined','undefined',NULL,NULL,50,''),(424997,'2020-08-29',24,'pending','2020-08-21 08:43:38','2020-08-21 08:43:38','undefined','undefined',NULL,NULL,50,''),(424998,'2020-08-09',25,'pending','2020-08-21 08:43:38','2020-08-21 08:43:38','undefined','undefined',NULL,NULL,50,''),(424999,'2020-08-09',25,'pending','2020-08-21 08:43:38','2020-08-21 08:43:38','undefined','undefined',NULL,NULL,50,''),(425000,'2020-08-16',25,'pending','2020-08-21 08:43:38','2020-08-21 08:43:38','undefined','undefined',NULL,NULL,50,''),(425001,'2020-08-23',25,'pending','2020-08-21 08:43:38','2020-08-21 08:43:38','undefined','undefined',NULL,NULL,50,''),(425002,'2020-08-30',25,'pending','2020-08-21 08:43:38','2020-08-21 08:43:38','undefined','undefined',NULL,NULL,50,''),(425003,'2020-08-09',26,'pending','2020-08-21 08:43:38','2020-08-21 08:43:38','undefined','undefined',NULL,NULL,50,''),(425004,'2020-08-16',26,'pending','2020-08-21 08:43:38','2020-08-21 08:43:38','undefined','undefined',NULL,NULL,50,''),(425005,'2020-08-23',26,'pending','2020-08-21 08:43:38','2020-08-21 08:43:38','undefined','undefined',NULL,NULL,50,''),(425006,'2020-08-30',26,'pending','2020-08-21 08:43:38','2020-08-21 08:43:38','undefined','undefined',NULL,NULL,50,''),(425007,'2020-08-09',27,'pending','2020-08-21 08:43:38','2020-08-21 08:43:38','undefined','undefined',NULL,NULL,50,''),(425008,'2020-08-16',27,'pending','2020-08-21 08:43:38','2020-08-21 08:43:38','undefined','undefined',NULL,NULL,50,''),(425009,'2020-08-23',27,'pending','2020-08-21 08:43:38','2020-08-21 08:43:38','undefined','undefined',NULL,NULL,50,''),(425010,'2020-08-30',27,'pending','2020-08-21 08:43:38','2020-08-21 08:43:38','undefined','undefined',NULL,NULL,50,''),(425011,'2020-08-10',27,'pending','2020-08-21 08:43:38','2020-08-21 08:43:38','undefined','undefined',NULL,NULL,50,''),(425012,'2020-08-17',27,'pending','2020-08-21 08:43:38','2020-08-21 08:43:38','undefined','undefined',NULL,NULL,50,''),(425013,'2020-08-24',27,'pending','2020-08-21 08:43:38','2020-08-21 08:43:38','undefined','undefined',NULL,NULL,50,''),(425014,'2020-08-31',27,'pending','2020-08-21 08:43:38','2020-08-21 08:43:38','undefined','undefined',NULL,NULL,50,''),(425015,'2020-08-11',27,'pending','2020-08-21 08:43:38','2020-08-21 08:43:38','undefined','undefined',NULL,NULL,50,''),(425016,'2020-08-18',27,'pending','2020-08-21 08:43:38','2020-08-21 08:43:38','undefined','undefined',NULL,NULL,50,''),(425017,'2020-08-25',27,'pending','2020-08-21 08:43:38','2020-08-21 08:43:38','undefined','undefined',NULL,NULL,50,''),(425018,'2020-08-12',27,'pending','2020-08-21 08:43:38','2020-08-21 08:43:38','undefined','undefined',NULL,NULL,50,''),(425019,'2020-08-19',27,'pending','2020-08-21 08:43:38','2020-08-21 08:43:38','undefined','undefined',NULL,NULL,50,''),(425020,'2020-08-26',27,'pending','2020-08-21 08:43:38','2020-08-21 08:43:38','undefined','undefined',NULL,NULL,50,''),(425021,'2020-08-06',27,'pending','2020-08-21 08:43:38','2020-08-21 08:43:38','undefined','undefined',NULL,NULL,50,''),(425022,'2020-08-13',27,'pending','2020-08-21 08:43:38','2020-08-21 08:43:38','undefined','undefined',NULL,NULL,50,''),(425023,'2020-08-20',27,'pending','2020-08-21 08:43:38','2020-08-21 08:43:38','undefined','undefined',NULL,NULL,50,''),(425024,'2020-08-27',27,'pending','2020-08-21 08:43:38','2020-08-21 08:43:38','undefined','undefined',NULL,NULL,50,''),(425025,'2020-08-07',27,'pending','2020-08-21 08:43:38','2020-08-21 08:43:38','undefined','undefined',NULL,NULL,50,''),(425026,'2020-08-14',27,'pending','2020-08-21 08:43:38','2020-08-21 08:43:38','undefined','undefined',NULL,NULL,50,''),(425027,'2020-08-21',27,'pending','2020-08-21 08:43:38','2020-08-21 08:43:38','undefined','undefined',NULL,NULL,50,''),(425028,'2020-08-28',27,'pending','2020-08-21 08:43:38','2020-08-21 08:43:38','undefined','undefined',NULL,NULL,50,''),(425029,'2020-08-08',27,'pending','2020-08-21 08:43:38','2020-08-21 08:43:38','undefined','undefined',NULL,NULL,50,''),(425030,'2020-08-15',27,'pending','2020-08-21 08:43:38','2020-08-21 08:43:38','undefined','undefined',NULL,NULL,50,''),(425031,'2020-08-22',27,'pending','2020-08-21 08:43:38','2020-08-21 08:43:38','undefined','undefined',NULL,NULL,50,''),(425032,'2020-08-29',27,'pending','2020-08-21 08:43:38','2020-08-21 08:43:38','undefined','undefined',NULL,NULL,50,''),(425033,'2020-08-09',28,'pending','2020-08-21 08:43:38','2020-08-21 08:43:38','undefined','undefined',NULL,NULL,50,''),(425034,'2020-08-16',28,'pending','2020-08-21 08:43:38','2020-08-21 08:43:38','undefined','undefined',NULL,NULL,50,''),(425035,'2020-08-23',28,'pending','2020-08-21 08:43:38','2020-08-21 08:43:38','undefined','undefined',NULL,NULL,50,''),(425036,'2020-08-30',28,'pending','2020-08-21 08:43:38','2020-08-21 08:43:38','undefined','undefined',NULL,NULL,50,''),(425037,'2020-08-10',28,'pending','2020-08-21 08:43:38','2020-08-21 08:43:38','undefined','undefined',NULL,NULL,50,''),(425038,'2020-08-17',28,'pending','2020-08-21 08:43:38','2020-08-21 08:43:38','undefined','undefined',NULL,NULL,50,''),(425039,'2020-08-24',28,'pending','2020-08-21 08:43:38','2020-08-21 08:43:38','undefined','undefined',NULL,NULL,50,''),(425040,'2020-08-31',28,'pending','2020-08-21 08:43:38','2020-08-21 08:43:38','undefined','undefined',NULL,NULL,50,''),(425041,'2020-08-11',28,'pending','2020-08-21 08:43:38','2020-08-21 08:43:38','undefined','undefined',NULL,NULL,50,''),(425042,'2020-08-18',28,'completed','2020-08-25 10:53:59','2020-08-25 10:53:59','undefined','undefined',NULL,NULL,50,''),(425043,'2020-08-25',28,'pending','2020-08-21 08:43:38','2020-08-21 08:43:38','undefined','undefined',NULL,NULL,50,''),(425044,'2020-08-12',28,'pending','2020-08-21 08:43:38','2020-08-21 08:43:38','undefined','undefined',NULL,NULL,50,''),(425045,'2020-08-19',28,'pending','2020-08-21 08:43:38','2020-08-21 08:43:38','undefined','undefined',NULL,NULL,50,''),(425046,'2020-08-26',28,'pending','2020-08-21 08:43:38','2020-08-21 08:43:38','undefined','undefined',NULL,NULL,50,''),(425047,'2020-08-06',28,'pending','2020-08-21 08:43:38','2020-08-21 08:43:38','undefined','undefined',NULL,NULL,50,''),(425048,'2020-08-13',28,'pending','2020-08-21 08:43:38','2020-08-21 08:43:38','undefined','undefined',NULL,NULL,50,''),(425049,'2020-08-20',28,'pending','2020-08-21 08:43:38','2020-08-21 08:43:38','undefined','undefined',NULL,NULL,50,''),(425050,'2020-08-27',28,'pending','2020-08-21 08:43:38','2020-08-21 08:43:38','undefined','undefined',NULL,NULL,50,''),(425051,'2020-08-07',28,'pending','2020-08-21 08:43:38','2020-08-21 08:43:38','undefined','undefined',NULL,NULL,50,''),(425052,'2020-08-14',28,'pending','2020-08-21 08:43:38','2020-08-21 08:43:38','undefined','undefined',NULL,NULL,50,''),(425053,'2020-08-21',28,'pending','2020-08-21 08:43:38','2020-08-21 08:43:38','undefined','undefined',NULL,NULL,50,''),(425054,'2020-08-28',28,'pending','2020-08-21 08:43:38','2020-08-21 08:43:38','undefined','undefined',NULL,NULL,50,''),(425055,'2020-08-08',28,'pending','2020-08-21 08:43:38','2020-08-21 08:43:38','undefined','undefined',NULL,NULL,50,''),(425056,'2020-08-15',28,'pending','2020-08-21 08:43:38','2020-08-21 08:43:38','undefined','undefined',NULL,NULL,50,''),(425057,'2020-08-22',28,'pending','2020-08-21 08:43:38','2020-08-21 08:43:38','undefined','undefined',NULL,NULL,50,''),(425058,'2020-08-29',28,'pending','2020-08-21 08:43:38','2020-08-21 08:43:38','undefined','undefined',NULL,NULL,50,''),(425059,'2020-08-08',29,'pending','2020-08-21 08:43:38','2020-08-21 08:43:38','undefined','undefined',NULL,NULL,50,''),(425060,'2020-08-15',29,'pending','2020-08-21 08:43:38','2020-08-21 08:43:38','undefined','undefined',NULL,NULL,50,''),(425061,'2020-08-22',29,'pending','2020-08-21 08:43:38','2020-08-21 08:43:38','undefined','undefined',NULL,NULL,50,''),(425062,'2020-08-29',29,'pending','2020-08-21 08:43:38','2020-08-21 08:43:38','undefined','undefined',NULL,NULL,50,''),(425063,'2020-08-08',30,'pending','2020-08-21 08:43:38','2020-08-21 08:43:38','undefined','undefined',NULL,NULL,50,''),(425064,'2020-08-15',30,'pending','2020-08-21 08:43:38','2020-08-21 08:43:38','undefined','undefined',NULL,NULL,50,''),(425065,'2020-08-22',30,'pending','2020-08-21 08:43:38','2020-08-21 08:43:38','undefined','undefined',NULL,NULL,50,''),(425066,'2020-08-29',30,'pending','2020-08-21 08:43:38','2020-08-21 08:43:38','undefined','undefined',NULL,NULL,50,''),(425067,'2020-08-10',31,'pending','2020-08-21 08:43:38','2020-08-21 08:43:38','undefined','undefined',NULL,NULL,50,''),(425068,'2020-08-17',31,'pending','2020-08-21 08:43:38','2020-08-21 08:43:38','undefined','undefined',NULL,NULL,50,''),(425069,'2020-08-24',31,'completed','2020-08-24 05:50:45','2020-08-24 05:50:45','undefined','undefined',NULL,NULL,50,''),(425070,'2020-08-31',31,'pending','2020-08-21 08:43:38','2020-08-21 08:43:38','undefined','undefined',NULL,NULL,50,''),(425071,'2020-08-10',32,'pending','2020-08-21 08:43:38','2020-08-21 08:43:38','undefined','undefined',NULL,NULL,50,''),(425072,'2020-08-17',32,'pending','2020-08-21 08:43:38','2020-08-21 08:43:38','undefined','undefined',NULL,NULL,50,''),(425073,'2020-08-24',32,'pending','2020-08-21 08:43:38','2020-08-21 08:43:38','undefined','undefined',NULL,NULL,50,''),(425074,'2020-08-31',32,'pending','2020-08-21 08:43:38','2020-08-21 08:43:38','undefined','undefined',NULL,NULL,50,''),(425075,'2020-08-06',33,'pending','2020-08-21 08:43:38','2020-08-21 08:43:38','undefined','undefined',NULL,NULL,50,''),(425076,'2020-08-13',33,'pending','2020-08-21 08:43:38','2020-08-21 08:43:38','undefined','undefined',NULL,NULL,50,''),(425077,'2020-08-20',33,'pending','2020-08-21 08:43:38','2020-08-21 08:43:38','undefined','undefined',NULL,NULL,50,''),(425078,'2020-08-27',33,'pending','2020-08-21 08:43:38','2020-08-21 08:43:38','undefined','undefined',NULL,NULL,50,''),(425079,'2020-08-08',33,'pending','2020-08-21 08:43:38','2020-08-21 08:43:38','undefined','undefined',NULL,NULL,50,''),(425080,'2020-08-15',33,'pending','2020-08-21 08:43:38','2020-08-21 08:43:38','undefined','undefined',NULL,NULL,50,''),(425081,'2020-08-22',33,'pending','2020-08-21 08:43:38','2020-08-21 08:43:38','undefined','undefined',NULL,NULL,50,''),(425082,'2020-08-29',33,'pending','2020-08-21 08:43:38','2020-08-21 08:43:38','undefined','undefined',NULL,NULL,50,''),(425083,'2020-08-06',34,'pending','2020-08-21 08:43:38','2020-08-21 08:43:38','undefined','undefined',NULL,NULL,50,''),(425084,'2020-08-13',34,'pending','2020-08-21 08:43:38','2020-08-21 08:43:38','undefined','undefined',NULL,NULL,50,''),(425085,'2020-08-20',34,'pending','2020-08-21 08:43:38','2020-08-21 08:43:38','undefined','undefined',NULL,NULL,50,''),(425086,'2020-08-27',34,'pending','2020-08-21 08:43:38','2020-08-21 08:43:38','undefined','undefined',NULL,NULL,50,''),(425087,'2020-08-08',34,'pending','2020-08-21 08:43:38','2020-08-21 08:43:38','undefined','undefined',NULL,NULL,50,''),(425088,'2020-08-15',34,'pending','2020-08-21 08:43:38','2020-08-21 08:43:38','undefined','undefined',NULL,NULL,50,''),(425089,'2020-08-22',34,'pending','2020-08-21 08:43:38','2020-08-21 08:43:38','undefined','undefined',NULL,NULL,50,''),(425090,'2020-08-29',34,'pending','2020-08-21 08:43:38','2020-08-21 08:43:38','undefined','undefined',NULL,NULL,50,''),(425091,'2020-08-09',35,'pending','2020-08-21 08:43:38','2020-08-21 08:43:38','undefined','undefined',NULL,NULL,50,''),(425092,'2020-08-16',35,'pending','2020-08-21 08:43:38','2020-08-21 08:43:38','undefined','undefined',NULL,NULL,50,''),(425093,'2020-08-23',35,'pending','2020-08-21 08:43:38','2020-08-21 08:43:38','undefined','undefined',NULL,NULL,50,''),(425094,'2020-08-30',35,'pending','2020-08-21 08:43:38','2020-08-21 08:43:38','undefined','undefined',NULL,NULL,50,''),(425095,'2020-08-09',36,'pending','2020-08-21 08:43:38','2020-08-21 08:43:38','undefined','undefined',NULL,NULL,50,''),(425096,'2020-08-16',36,'pending','2020-08-21 08:43:38','2020-08-21 08:43:38','undefined','undefined',NULL,NULL,50,''),(425097,'2020-08-23',36,'pending','2020-08-21 08:43:38','2020-08-21 08:43:38','undefined','undefined',NULL,NULL,50,''),(425098,'2020-08-30',36,'pending','2020-08-21 08:43:38','2020-08-21 08:43:38','undefined','undefined',NULL,NULL,50,''),(425099,'2020-08-10',36,'pending','2020-08-21 08:43:38','2020-08-21 08:43:38','undefined','undefined',NULL,NULL,50,''),(425100,'2020-08-17',36,'pending','2020-08-21 08:43:38','2020-08-21 08:43:38','undefined','undefined',NULL,NULL,50,''),(425101,'2020-08-24',36,'pending','2020-08-21 08:43:38','2020-08-21 08:43:38','undefined','undefined',NULL,NULL,50,''),(425102,'2020-08-31',36,'pending','2020-08-21 08:43:38','2020-08-21 08:43:38','undefined','undefined',NULL,NULL,50,''),(425103,'2020-08-11',36,'pending','2020-08-21 08:43:38','2020-08-21 08:43:38','undefined','undefined',NULL,NULL,50,''),(425104,'2020-08-18',36,'completed','2020-08-25 04:10:17','2020-08-25 04:10:17','undefined','undefined',NULL,NULL,50,''),(425105,'2020-08-25',36,'completed','2020-08-25 10:19:50','2020-08-25 10:19:50','undefined','undefined',NULL,NULL,50,''),(425106,'2020-08-12',36,'pending','2020-08-21 08:43:38','2020-08-21 08:43:38','undefined','undefined',NULL,NULL,50,''),(425107,'2020-08-19',36,'pending','2020-08-21 08:43:38','2020-08-21 08:43:38','undefined','undefined',NULL,NULL,50,''),(425108,'2020-08-26',36,'pending','2020-08-21 08:43:38','2020-08-21 08:43:38','undefined','undefined',NULL,NULL,50,''),(425109,'2020-08-06',36,'pending','2020-08-21 08:43:38','2020-08-21 08:43:38','undefined','undefined',NULL,NULL,50,''),(425110,'2020-08-13',36,'pending','2020-08-21 08:43:38','2020-08-21 08:43:38','undefined','undefined',NULL,NULL,50,''),(425111,'2020-08-20',36,'pending','2020-08-21 08:43:38','2020-08-21 08:43:38','undefined','undefined',NULL,NULL,50,''),(425112,'2020-08-27',36,'pending','2020-08-21 08:43:38','2020-08-21 08:43:38','undefined','undefined',NULL,NULL,50,''),(425113,'2020-08-07',36,'pending','2020-08-21 08:43:38','2020-08-21 08:43:38','undefined','undefined',NULL,NULL,50,''),(425114,'2020-08-14',36,'pending','2020-08-21 08:43:38','2020-08-21 08:43:38','undefined','undefined',NULL,NULL,50,''),(425115,'2020-08-21',36,'pending','2020-08-21 08:43:38','2020-08-21 08:43:38','undefined','undefined',NULL,NULL,50,''),(425116,'2020-08-28',36,'pending','2020-08-21 08:43:38','2020-08-21 08:43:38','undefined','undefined',NULL,NULL,50,''),(425117,'2020-08-08',36,'pending','2020-08-21 08:43:38','2020-08-21 08:43:38','undefined','undefined',NULL,NULL,50,''),(425118,'2020-08-15',36,'pending','2020-08-21 08:43:38','2020-08-21 08:43:38','undefined','undefined',NULL,NULL,50,''),(425119,'2020-08-22',36,'pending','2020-08-21 08:43:38','2020-08-21 08:43:38','undefined','undefined',NULL,NULL,50,''),(425120,'2020-08-29',36,'pending','2020-08-21 08:43:38','2020-08-21 08:43:38','undefined','undefined',NULL,NULL,50,''),(425121,'2020-08-09',37,'pending','2020-08-21 08:43:38','2020-08-21 08:43:38','undefined','undefined',NULL,NULL,50,''),(425122,'2020-08-16',37,'pending','2020-08-21 08:43:38','2020-08-21 08:43:38','undefined','undefined',NULL,NULL,50,''),(425123,'2020-08-23',37,'pending','2020-08-21 08:43:38','2020-08-21 08:43:38','undefined','undefined',NULL,NULL,50,''),(425124,'2020-08-30',37,'pending','2020-08-21 08:43:38','2020-08-21 08:43:38','undefined','undefined',NULL,NULL,50,''),(425125,'2020-08-10',37,'pending','2020-08-21 08:43:38','2020-08-21 08:43:38','undefined','undefined',NULL,NULL,50,''),(425126,'2020-08-17',37,'pending','2020-08-21 08:43:38','2020-08-21 08:43:38','undefined','undefined',NULL,NULL,50,''),(425127,'2020-08-24',37,'completed','2020-08-25 10:20:04','2020-08-25 10:20:04','undefined','undefined',NULL,NULL,50,''),(425128,'2020-08-31',37,'pending','2020-08-21 08:43:38','2020-08-21 08:43:38','undefined','undefined',NULL,NULL,50,''),(425129,'2020-08-11',37,'pending','2020-08-21 08:43:38','2020-08-21 08:43:38','undefined','undefined',NULL,NULL,50,''),(425130,'2020-08-18',37,'pending','2020-08-21 08:43:38','2020-08-21 08:43:38','undefined','undefined',NULL,NULL,50,''),(425131,'2020-08-25',37,'pending','2020-08-21 08:43:38','2020-08-21 08:43:38','undefined','undefined',NULL,NULL,50,''),(425132,'2020-08-12',37,'pending','2020-08-21 08:43:38','2020-08-21 08:43:38','undefined','undefined',NULL,NULL,50,''),(425133,'2020-08-19',37,'pending','2020-08-21 08:43:38','2020-08-21 08:43:38','undefined','undefined',NULL,NULL,50,''),(425134,'2020-08-26',37,'pending','2020-08-21 08:43:38','2020-08-21 08:43:38','undefined','undefined',NULL,NULL,50,''),(425135,'2020-08-06',37,'pending','2020-08-21 08:43:38','2020-08-21 08:43:38','undefined','undefined',NULL,NULL,50,''),(425136,'2020-08-13',37,'pending','2020-08-21 08:43:38','2020-08-21 08:43:38','undefined','undefined',NULL,NULL,50,''),(425137,'2020-08-20',37,'pending','2020-08-21 08:43:38','2020-08-21 08:43:38','undefined','undefined',NULL,NULL,50,''),(425138,'2020-08-27',37,'pending','2020-08-21 08:43:38','2020-08-21 08:43:38','undefined','undefined',NULL,NULL,50,''),(425139,'2020-08-07',37,'pending','2020-08-21 08:43:38','2020-08-21 08:43:38','undefined','undefined',NULL,NULL,50,''),(425140,'2020-08-14',37,'pending','2020-08-21 08:43:38','2020-08-21 08:43:38','undefined','undefined',NULL,NULL,50,''),(425141,'2020-08-21',37,'completed','2020-08-21 09:55:14','2020-08-21 09:55:14','undefined','undefined',NULL,NULL,50,''),(425142,'2020-08-28',37,'pending','2020-08-21 08:43:38','2020-08-21 08:43:38','undefined','undefined',NULL,NULL,50,''),(425143,'2020-08-08',37,'pending','2020-08-21 08:43:38','2020-08-21 08:43:38','undefined','undefined',NULL,NULL,50,''),(425144,'2020-08-15',37,'pending','2020-08-21 08:43:38','2020-08-21 08:43:38','undefined','undefined',NULL,NULL,50,''),(425145,'2020-08-22',37,'pending','2020-08-21 08:43:38','2020-08-21 08:43:38','undefined','undefined',NULL,NULL,50,''),(425146,'2020-08-29',37,'pending','2020-08-21 08:43:38','2020-08-21 08:43:38','undefined','undefined',NULL,NULL,50,''),(425147,'2020-08-09',38,'completed','2020-08-21 08:43:38','2020-08-21 08:43:38','undefined','undefined',NULL,NULL,50,''),(425148,'2020-08-16',38,'pending','2020-08-21 08:43:38','2020-08-21 08:43:38','undefined','undefined',NULL,NULL,50,''),(425149,'2020-08-23',38,'pending','2020-08-21 08:43:38','2020-08-21 08:43:38','undefined','undefined',NULL,NULL,50,''),(425150,'2020-08-30',38,'pending','2020-08-21 08:43:38','2020-08-21 08:43:38','undefined','undefined',NULL,NULL,50,''),(425151,'2020-08-09',39,'pending','2020-08-21 08:43:38','2020-08-21 08:43:38','undefined','undefined',NULL,NULL,50,''),(425152,'2020-08-16',39,'completed','2020-08-21 08:43:38','2020-08-21 08:43:38','undefined','undefined',NULL,NULL,50,''),(425153,'2020-08-23',39,'pending','2020-08-21 08:43:38','2020-08-21 08:43:38','undefined','undefined',NULL,NULL,50,''),(425154,'2020-08-30',39,'pending','2020-08-21 08:43:38','2020-08-21 08:43:38','undefined','undefined',NULL,NULL,50,''),(425155,'2020-08-09',40,'pending','2020-08-21 08:43:38','2020-08-21 08:43:38','undefined','undefined',NULL,NULL,50,''),(425156,'2020-08-16',40,'pending','2020-08-21 08:43:38','2020-08-21 08:43:38','undefined','undefined',NULL,NULL,50,''),(425157,'2020-08-23',40,'pending','2020-08-21 08:43:38','2020-08-21 08:43:38','undefined','undefined',NULL,NULL,50,''),(425158,'2020-08-30',40,'pending','2020-08-21 08:43:38','2020-08-21 08:43:38','undefined','undefined',NULL,NULL,50,''),(425159,'2020-08-10',40,'pending','2020-08-21 08:43:38','2020-08-21 08:43:38','undefined','undefined',NULL,NULL,50,''),(425160,'2020-08-17',40,'pending','2020-08-21 08:43:38','2020-08-21 08:43:38','undefined','undefined',NULL,NULL,50,''),(425161,'2020-08-24',40,'completed','2020-08-25 09:50:46','2020-08-25 09:50:46','undefined','undefined',NULL,NULL,50,''),(425162,'2020-08-31',40,'pending','2020-08-21 08:43:38','2020-08-21 08:43:38','undefined','undefined',NULL,NULL,50,''),(425163,'2020-08-11',40,'completed','2020-08-21 08:43:38','2020-08-21 08:43:38','undefined','undefined',NULL,NULL,50,''),(425164,'2020-08-18',40,'pending','2020-08-21 08:43:38','2020-08-21 08:43:38','undefined','undefined',NULL,NULL,50,''),(425165,'2020-08-25',40,'completed','2020-08-25 04:04:02','2020-08-25 04:04:02','undefined','undefined',NULL,NULL,50,''),(425166,'2020-08-12',40,'completed','2020-08-21 08:43:38','2020-08-21 08:43:38','undefined','undefined',NULL,NULL,50,''),(425167,'2020-08-19',40,'pending','2020-08-21 08:43:38','2020-08-21 08:43:38','undefined','undefined',NULL,NULL,50,''),(425168,'2020-08-26',40,'pending','2020-08-21 08:43:38','2020-08-21 08:43:38','undefined','undefined',NULL,NULL,50,''),(425169,'2020-08-06',40,'completed','2020-08-21 08:43:38','2020-08-21 08:43:38','undefined','undefined',NULL,NULL,50,''),(425170,'2020-08-13',40,'pending','2020-08-21 08:43:38','2020-08-21 08:43:38','undefined','undefined',NULL,NULL,50,''),(425171,'2020-08-20',40,'pending','2020-08-21 08:43:38','2020-08-21 08:43:38','undefined','undefined',NULL,NULL,50,''),(425172,'2020-08-27',40,'pending','2020-08-21 08:43:38','2020-08-21 08:43:38','undefined','undefined',NULL,NULL,50,''),(425173,'2020-08-07',40,'completed','2020-08-21 08:43:38','2020-08-21 08:43:38','undefined','undefined',NULL,NULL,50,''),(425174,'2020-08-14',40,'pending','2020-08-21 08:43:38','2020-08-21 08:43:38','undefined','undefined',NULL,NULL,50,''),(425175,'2020-08-21',40,'pending','2020-08-21 08:43:38','2020-08-21 08:43:38','undefined','undefined',NULL,NULL,50,''),(425176,'2020-08-28',40,'pending','2020-08-21 08:43:38','2020-08-21 08:43:38','undefined','undefined',NULL,NULL,50,''),(425177,'2020-08-08',40,'completed','2020-08-21 08:43:38','2020-08-21 08:43:38','undefined','undefined',NULL,NULL,50,''),(425178,'2020-08-15',40,'pending','2020-08-21 08:43:38','2020-08-21 08:43:38','undefined','undefined',NULL,NULL,50,''),(425179,'2020-08-22',40,'pending','2020-08-21 08:43:38','2020-08-21 08:43:38','undefined','undefined',NULL,NULL,50,''),(425180,'2020-08-29',40,'pending','2020-08-21 08:43:38','2020-08-21 08:43:38','undefined','undefined',NULL,NULL,50,''),(425181,'2020-08-12',41,'completed','2020-08-21 08:43:38','2020-08-21 08:43:38','undefined','undefined',NULL,NULL,50,''),(425182,'2020-08-19',41,'pending','2020-08-21 08:43:38','2020-08-21 08:43:38','undefined','undefined',NULL,NULL,50,''),(425183,'2020-08-26',41,'pending','2020-08-21 08:43:38','2020-08-21 08:43:38','undefined','undefined',NULL,NULL,50,''),(425203,'2020-08-16',43,'pending','2020-08-21 08:43:38','2020-08-21 08:43:38',NULL,NULL,NULL,NULL,50,''),(425204,'2020-08-23',43,'pending','2020-08-21 08:43:38','2020-08-21 08:43:38',NULL,NULL,NULL,NULL,50,''),(425205,'2020-08-30',43,'pending','2020-08-21 08:43:38','2020-08-21 08:43:38',NULL,NULL,NULL,NULL,50,''),(425206,'2020-08-15',43,'pending','2020-08-21 08:43:38','2020-08-21 08:43:38',NULL,NULL,NULL,NULL,50,''),(425207,'2020-08-22',43,'pending','2020-08-21 08:43:38','2020-08-21 08:43:38',NULL,NULL,NULL,NULL,50,''),(425208,'2020-08-29',43,'pending','2020-08-21 08:43:38','2020-08-21 08:43:38',NULL,NULL,NULL,NULL,50,''),(425221,'2020-08-14',44,'completed','2020-08-21 08:43:38','2020-08-21 08:43:38','undefined','undefined',NULL,NULL,50,''),(425232,'2020-08-23',46,'pending','2020-08-21 08:43:38','2020-08-21 08:43:38','undefined','undefined',NULL,NULL,50,''),(425233,'2020-08-30',46,'pending','2020-08-21 08:43:38','2020-08-21 08:43:38','undefined','undefined',NULL,NULL,50,''),(425234,'2020-08-17',46,'pending','2020-08-21 08:43:38','2020-08-21 08:43:38','undefined','undefined',NULL,NULL,50,''),(425235,'2020-08-24',46,'pending','2020-08-21 08:43:38','2020-08-21 08:43:38','undefined','undefined',NULL,NULL,50,''),(425236,'2020-08-31',46,'pending','2020-08-21 08:43:38','2020-08-21 08:43:38','undefined','undefined',NULL,NULL,50,''),(425237,'2020-08-18',46,'pending','2020-08-21 08:43:38','2020-08-21 08:43:38','undefined','undefined',NULL,NULL,50,''),(425238,'2020-08-25',46,'pending','2020-08-21 08:43:38','2020-08-21 08:43:38','undefined','undefined',NULL,NULL,50,''),(425239,'2020-08-19',46,'pending','2020-08-21 08:43:38','2020-08-21 08:43:38','undefined','undefined',NULL,NULL,50,''),(425240,'2020-08-26',46,'pending','2020-08-21 08:43:38','2020-08-21 08:43:38','undefined','undefined',NULL,NULL,50,''),(425241,'2020-08-20',46,'pending','2020-08-21 08:43:38','2020-08-21 08:43:38','undefined','undefined',NULL,NULL,50,''),(425242,'2020-08-27',46,'pending','2020-08-21 08:43:38','2020-08-21 08:43:38','undefined','undefined',NULL,NULL,50,''),(425243,'2020-08-21',46,'pending','2020-08-21 08:43:38','2020-08-21 08:43:38','undefined','undefined',NULL,NULL,50,''),(425244,'2020-08-28',46,'pending','2020-08-21 08:43:38','2020-08-21 08:43:38','undefined','undefined',NULL,NULL,50,''),(425245,'2020-08-22',46,'pending','2020-08-21 08:43:38','2020-08-21 08:43:38','undefined','undefined',NULL,NULL,50,''),(425246,'2020-08-29',46,'pending','2020-08-21 08:43:38','2020-08-21 08:43:38','undefined','undefined',NULL,NULL,50,''),(425252,'2020-08-17',48,'completed','2020-08-21 08:43:38','2020-08-21 08:43:38',NULL,NULL,NULL,NULL,50,''),(425253,'2020-08-24',48,'completed','2020-08-24 12:07:16','2020-08-24 12:07:16',NULL,NULL,NULL,NULL,50,''),(425254,'2020-08-31',48,'pending','2020-08-21 08:43:38','2020-08-21 08:43:38',NULL,NULL,NULL,NULL,50,''),(425255,'2020-08-20',48,'pending','2020-08-21 08:43:38','2020-08-21 08:43:38',NULL,NULL,NULL,NULL,50,''),(425256,'2020-08-27',48,'pending','2020-08-21 08:43:38','2020-08-21 08:43:38',NULL,NULL,NULL,NULL,50,''),(425257,'2020-08-23',49,'pending','2020-08-21 08:43:38','2020-08-21 08:43:38','undefined','undefined',NULL,NULL,50,''),(425258,'2020-08-30',49,'pending','2020-08-21 08:43:38','2020-08-21 08:43:38','undefined','undefined',NULL,NULL,50,''),(425259,'2020-08-17',49,'pending','2020-08-21 08:43:38','2020-08-21 08:43:38','undefined','undefined',NULL,NULL,50,''),(425260,'2020-08-24',49,'completed','2020-08-25 04:08:15','2020-08-25 04:08:15','undefined','undefined',NULL,NULL,50,''),(425261,'2020-08-31',49,'pending','2020-08-21 08:43:38','2020-08-21 08:43:38','undefined','undefined',NULL,NULL,50,''),(425262,'2020-08-18',49,'pending','2020-08-21 08:43:38','2020-08-21 08:43:38','undefined','undefined',NULL,NULL,50,''),(425263,'2020-08-25',49,'pending','2020-08-21 08:43:38','2020-08-21 08:43:38','undefined','undefined',NULL,NULL,50,''),(425264,'2020-08-19',49,'pending','2020-08-21 08:43:38','2020-08-21 08:43:38','undefined','undefined',NULL,NULL,50,''),(425265,'2020-08-26',49,'pending','2020-08-21 08:43:38','2020-08-21 08:43:38','undefined','undefined',NULL,NULL,50,''),(425266,'2020-08-20',49,'pending','2020-08-21 08:43:38','2020-08-21 08:43:38','undefined','undefined',NULL,NULL,50,''),(425267,'2020-08-27',49,'pending','2020-08-21 08:43:38','2020-08-21 08:43:38','undefined','undefined',NULL,NULL,50,''),(425268,'2020-08-21',49,'pending','2020-08-21 08:43:38','2020-08-21 08:43:38','undefined','undefined',NULL,NULL,50,''),(425269,'2020-08-28',49,'pending','2020-08-21 08:43:38','2020-08-21 08:43:38','undefined','undefined',NULL,NULL,50,''),(425270,'2020-08-22',49,'pending','2020-08-21 08:43:38','2020-08-21 08:43:38','undefined','undefined',NULL,NULL,50,''),(425271,'2020-08-29',49,'pending','2020-08-21 08:43:38','2020-08-21 08:43:38','undefined','undefined',NULL,NULL,50,''),(425272,'2020-08-23',50,'pending','2020-08-21 08:43:38','2020-08-21 08:43:38','undefined','undefined',NULL,NULL,50,''),(425273,'2020-08-30',50,'pending','2020-08-21 08:43:38','2020-08-21 08:43:38','undefined','undefined',NULL,NULL,50,''),(425274,'2020-08-17',50,'completed','2020-08-21 08:43:38','2020-08-21 08:43:38','undefined','undefined',NULL,NULL,50,''),(425275,'2020-08-24',50,'pending','2020-08-21 08:43:38','2020-08-21 08:43:38','undefined','undefined',NULL,NULL,50,''),(425276,'2020-08-31',50,'pending','2020-08-21 08:43:38','2020-08-21 08:43:38','undefined','undefined',NULL,NULL,50,''),(425277,'2020-08-18',50,'pending','2020-08-21 08:43:38','2020-08-21 08:43:38','undefined','undefined',NULL,NULL,50,''),(425278,'2020-08-25',50,'completed','2020-08-25 09:50:28','2020-08-25 09:50:28','undefined','undefined',NULL,NULL,50,''),(425279,'2020-08-19',50,'pending','2020-08-21 08:43:38','2020-08-21 08:43:38','undefined','undefined',NULL,NULL,50,''),(425280,'2020-08-26',50,'pending','2020-08-21 08:43:38','2020-08-21 08:43:38','undefined','undefined',NULL,NULL,50,''),(425281,'2020-08-20',50,'pending','2020-08-21 08:43:38','2020-08-21 08:43:38','undefined','undefined',NULL,NULL,50,''),(425282,'2020-08-27',50,'pending','2020-08-21 08:43:38','2020-08-21 08:43:38','undefined','undefined',NULL,NULL,50,''),(425283,'2020-08-21',50,'completed','2020-08-21 10:19:31','2020-08-21 10:19:31','undefined','undefined',NULL,NULL,50,''),(425284,'2020-08-28',50,'pending','2020-08-21 08:43:38','2020-08-21 08:43:38','undefined','undefined',NULL,NULL,50,''),(425285,'2020-08-22',50,'pending','2020-08-21 08:43:38','2020-08-21 08:43:38','undefined','undefined',NULL,NULL,50,''),(425286,'2020-08-29',50,'pending','2020-08-21 08:43:38','2020-08-21 08:43:38','undefined','undefined',NULL,NULL,50,''),(425287,'2020-08-17',51,'completed','2020-08-21 08:43:38','2020-08-21 08:43:38','undefined','undefined',NULL,NULL,50,''),(425288,'2020-08-24',51,'pending','2020-08-21 08:43:38','2020-08-21 08:43:38','undefined','undefined',NULL,NULL,50,''),(425289,'2020-08-31',51,'pending','2020-08-21 08:43:38','2020-08-21 08:43:38','undefined','undefined',NULL,NULL,50,''),(425290,'2020-08-21',51,'pending','2020-08-21 08:43:38','2020-08-21 08:43:38','undefined','undefined',NULL,NULL,50,''),(425291,'2020-08-28',51,'pending','2020-08-21 08:43:38','2020-08-21 08:43:38','undefined','undefined',NULL,NULL,50,''),(425292,'2020-08-23',52,'pending','2020-08-21 08:43:38','2020-08-21 08:43:38','undefined','undefined',NULL,NULL,50,''),(425293,'2020-08-30',52,'pending','2020-08-21 08:43:38','2020-08-21 08:43:38','undefined','undefined',NULL,NULL,50,''),(425294,'2020-08-17',52,'completed','2020-08-21 08:43:38','2020-08-21 08:43:38','undefined','undefined',NULL,NULL,50,''),(425295,'2020-08-24',52,'pending','2020-08-21 08:43:38','2020-08-21 08:43:38','undefined','undefined',NULL,NULL,50,''),(425296,'2020-08-31',52,'pending','2020-08-21 08:43:38','2020-08-21 08:43:38','undefined','undefined',NULL,NULL,50,''),(425297,'2020-08-18',52,'completed','2020-08-25 04:10:01','2020-08-25 04:10:01','undefined','undefined',NULL,NULL,50,''),(425298,'2020-08-25',52,'completed','2020-08-25 09:25:33','2020-08-25 09:25:33','undefined','undefined',NULL,NULL,50,''),(425299,'2020-08-19',52,'pending','2020-08-21 08:43:38','2020-08-21 08:43:38','undefined','undefined',NULL,NULL,50,''),(425300,'2020-08-26',52,'pending','2020-08-21 08:43:38','2020-08-21 08:43:38','undefined','undefined',NULL,NULL,50,''),(425301,'2020-08-20',52,'completed','2020-08-21 10:39:47','2020-08-21 10:39:47','undefined','undefined',NULL,NULL,50,''),(425302,'2020-08-27',52,'pending','2020-08-21 08:43:38','2020-08-21 08:43:38','undefined','undefined',NULL,NULL,50,''),(425303,'2020-08-21',52,'completed','2020-08-21 10:39:30','2020-08-21 10:39:30','undefined','undefined',NULL,NULL,50,''),(425304,'2020-08-28',52,'pending','2020-08-21 08:43:38','2020-08-21 08:43:38','undefined','undefined',NULL,NULL,50,''),(425305,'2020-08-22',52,'pending','2020-08-21 08:43:38','2020-08-21 08:43:38','undefined','undefined',NULL,NULL,50,''),(425306,'2020-08-29',52,'pending','2020-08-21 08:43:38','2020-08-21 08:43:38','undefined','undefined',NULL,NULL,50,''),(425307,'2020-08-23',53,'pending','2020-08-21 08:43:38','2020-08-21 08:43:38','undefined','undefined',NULL,NULL,50,''),(425308,'2020-08-30',53,'pending','2020-08-21 08:43:38','2020-08-21 08:43:38','undefined','undefined',NULL,NULL,50,''),(425309,'2020-08-17',53,'completed','2020-08-21 10:43:54','2020-08-21 10:43:54','undefined','undefined',NULL,NULL,50,''),(425310,'2020-08-24',53,'completed','2020-08-25 04:47:24','2020-08-25 04:47:24','undefined','undefined',NULL,NULL,50,''),(425311,'2020-08-31',53,'pending','2020-08-21 08:43:38','2020-08-21 08:43:38','undefined','undefined',NULL,NULL,50,''),(425312,'2020-08-18',53,'pending','2020-08-21 08:43:38','2020-08-21 08:43:38','undefined','undefined',NULL,NULL,50,''),(425313,'2020-08-25',53,'completed','2020-08-25 11:25:08','2020-08-25 11:25:08','undefined','undefined',NULL,NULL,50,''),(425314,'2020-08-19',53,'pending','2020-08-21 08:43:38','2020-08-21 08:43:38','undefined','undefined',NULL,NULL,50,''),(425315,'2020-08-26',53,'pending','2020-08-21 08:43:38','2020-08-21 08:43:38','undefined','undefined',NULL,NULL,50,''),(425316,'2020-08-20',53,'completed','2020-08-21 10:56:12','2020-08-21 10:56:12','undefined','undefined',NULL,NULL,50,''),(425317,'2020-08-27',53,'pending','2020-08-21 08:43:38','2020-08-21 08:43:38','undefined','undefined',NULL,NULL,50,''),(425318,'2020-08-21',53,'completed','2020-08-21 09:55:23','2020-08-21 09:55:23','undefined','undefined',NULL,NULL,50,''),(425319,'2020-08-28',53,'pending','2020-08-21 08:43:38','2020-08-21 08:43:38','undefined','undefined',NULL,NULL,50,''),(425320,'2020-08-22',53,'pending','2020-08-21 08:43:38','2020-08-21 08:43:38','undefined','undefined',NULL,NULL,50,''),(425321,'2020-08-29',53,'pending','2020-08-21 08:43:38','2020-08-21 08:43:38','undefined','undefined',NULL,NULL,50,''),(425322,'2020-08-23',54,'completed','2020-08-25 09:25:55','2020-08-25 09:25:55','undefined','undefined',NULL,NULL,NULL,''),(425323,'2020-08-30',54,'pending','2020-08-21 08:43:38','2020-08-21 08:43:38','undefined','undefined',NULL,NULL,NULL,''),(425324,'2020-08-24',54,'completed','2020-08-25 04:09:24','2020-08-25 04:09:24','undefined','undefined',NULL,NULL,NULL,''),(425325,'2020-08-31',54,'pending','2020-08-21 08:43:38','2020-08-21 08:43:38','undefined','undefined',NULL,NULL,NULL,''),(425326,'2020-08-18',54,'completed','2020-08-21 08:43:38','2020-08-21 08:43:38','undefined','undefined',NULL,NULL,NULL,''),(425327,'2020-08-25',54,'pending','2020-08-21 08:43:38','2020-08-21 08:43:38','undefined','undefined',NULL,NULL,NULL,''),(425328,'2020-08-19',54,'completed','2020-08-25 04:08:52','2020-08-25 04:08:52','undefined','undefined',NULL,NULL,NULL,''),(425329,'2020-08-26',54,'pending','2020-08-21 08:43:38','2020-08-21 08:43:38','undefined','undefined',NULL,NULL,NULL,''),(425330,'2020-08-20',54,'completed','2020-08-25 04:09:01','2020-08-25 04:09:01','undefined','undefined',NULL,NULL,NULL,''),(425331,'2020-08-27',54,'pending','2020-08-21 08:43:38','2020-08-21 08:43:38','undefined','undefined',NULL,NULL,NULL,''),(425332,'2020-08-21',54,'completed','2020-08-25 04:09:10','2020-08-25 04:09:10','undefined','undefined',NULL,NULL,NULL,''),(425333,'2020-08-28',54,'pending','2020-08-21 08:43:38','2020-08-21 08:43:38','undefined','undefined',NULL,NULL,NULL,''),(425334,'2020-08-22',54,'completed','2020-08-25 09:26:07','2020-08-25 09:26:07','undefined','undefined',NULL,NULL,NULL,''),(425335,'2020-08-29',54,'pending','2020-08-21 08:43:38','2020-08-21 08:43:38','undefined','undefined',NULL,NULL,NULL,''),(425336,'2020-08-23',55,'pending','2020-08-21 14:42:26','2020-08-21 14:42:26','undefined','undefined',NULL,NULL,NULL,' testing purpose testing'),(425337,'2020-08-30',55,'pending','2020-08-21 11:23:58','2020-08-21 11:23:58','undefined','undefined',NULL,NULL,NULL,' not completed testing'),(425338,'2020-08-24',55,'completed','2020-08-21 11:28:35','2020-08-21 11:28:35','undefined','undefined',NULL,NULL,NULL,' cleaner wants to cancel'),(425339,'2020-08-31',55,'completed','2020-08-21 11:31:27','2020-08-21 11:31:27','undefined','undefined',NULL,NULL,NULL,' doing testing'),(425340,'2020-08-25',55,'completed','2020-08-21 14:42:07','2020-08-21 14:42:07','undefined','undefined',NULL,NULL,NULL,' work not completed'),(425341,'2020-08-26',55,'pending','2020-08-21 08:43:38','2020-08-21 08:43:38','undefined','undefined',NULL,NULL,NULL,''),(425342,'2020-08-20',55,'pending','2020-08-21 08:43:38','2020-08-21 08:43:38','undefined','undefined',NULL,NULL,NULL,''),(425343,'2020-08-27',55,'pending','2020-08-21 08:43:38','2020-08-21 08:43:38','undefined','undefined',NULL,NULL,NULL,''),(425344,'2020-08-21',55,'pending','2020-08-21 08:43:38','2020-08-21 08:43:38','undefined','undefined',NULL,NULL,NULL,''),(425345,'2020-08-28',55,'pending','2020-08-21 08:43:38','2020-08-21 08:43:38','undefined','undefined',NULL,NULL,NULL,''),(425346,'2020-08-22',55,'pending','2020-08-21 08:43:38','2020-08-21 08:43:38','undefined','undefined',NULL,NULL,NULL,''),(425347,'2020-08-29',55,'pending','2020-08-21 08:43:38','2020-08-21 08:43:38','undefined','undefined',NULL,NULL,NULL,''),(425348,'2020-08-23',56,'pending','2020-08-21 08:43:38','2020-08-21 08:43:38','undefined','undefined',NULL,NULL,NULL,''),(425349,'2020-08-30',56,'pending','2020-08-21 08:43:38','2020-08-21 08:43:38','undefined','undefined',NULL,NULL,NULL,''),(425350,'2020-08-24',56,'pending','2020-08-21 08:43:38','2020-08-21 08:43:38','undefined','undefined',NULL,NULL,NULL,''),(425351,'2020-08-31',56,'pending','2020-08-21 08:43:38','2020-08-21 08:43:38','undefined','undefined',NULL,NULL,NULL,''),(425352,'2020-08-25',56,'pending','2020-08-21 08:43:38','2020-08-21 08:43:38','undefined','undefined',NULL,NULL,NULL,''),(425353,'2020-08-26',56,'pending','2020-08-21 08:43:38','2020-08-21 08:43:38','undefined','undefined',NULL,NULL,NULL,''),(425354,'2020-08-20',56,'pending','2020-08-21 08:43:38','2020-08-21 08:43:38','undefined','undefined',NULL,NULL,NULL,''),(425355,'2020-08-27',56,'pending','2020-08-21 08:43:38','2020-08-21 08:43:38','undefined','undefined',NULL,NULL,NULL,''),(425356,'2020-08-21',56,'pending','2020-08-21 08:43:38','2020-08-21 08:43:38','undefined','undefined',NULL,NULL,NULL,''),(425357,'2020-08-28',56,'pending','2020-08-21 08:43:38','2020-08-21 08:43:38','undefined','undefined',NULL,NULL,NULL,''),(425358,'2020-08-22',56,'pending','2020-08-21 08:43:38','2020-08-21 08:43:38','undefined','undefined',NULL,NULL,NULL,''),(425359,'2020-08-29',56,'pending','2020-08-21 08:43:38','2020-08-21 08:43:38','undefined','undefined',NULL,NULL,NULL,''),(425367,'2020-08-21',57,'completed','2020-08-21 10:34:38','2020-08-21 10:34:38','undefined','undefined',NULL,NULL,NULL,NULL),(425378,'2020-08-23',60,'pending','2020-08-21 10:48:08','2020-08-21 10:48:08',NULL,NULL,NULL,NULL,NULL,NULL),(425379,'2020-08-30',60,'pending','2020-08-21 10:48:08','2020-08-21 10:48:08',NULL,NULL,NULL,NULL,NULL,NULL),(425380,'2020-08-22',60,'pending','2020-08-21 10:48:08','2020-08-21 10:48:08',NULL,NULL,NULL,NULL,NULL,NULL),(425381,'2020-08-29',60,'pending','2020-08-21 10:48:08','2020-08-21 10:48:08',NULL,NULL,NULL,NULL,NULL,NULL),(425389,'2020-08-21',61,'completed','2020-08-21 14:39:46','2020-08-21 14:39:46','undefined','undefined',NULL,NULL,NULL,NULL),(425393,'2020-08-23',62,'pending','2020-08-21 14:40:23','2020-08-21 14:40:23',NULL,NULL,NULL,NULL,NULL,NULL),(425394,'2020-08-30',62,'pending','2020-08-21 14:40:23','2020-08-21 14:40:23',NULL,NULL,NULL,NULL,NULL,NULL),(425395,'2020-08-25',62,'pending','2020-08-21 14:40:23','2020-08-21 14:40:23',NULL,NULL,NULL,NULL,NULL,NULL),(425396,'2020-08-27',62,'pending','2020-08-21 14:40:23','2020-08-21 14:40:23',NULL,NULL,NULL,NULL,NULL,NULL),(425397,'2020-08-21',62,'pending','2020-08-21 14:40:23','2020-08-21 14:40:23',NULL,NULL,NULL,NULL,NULL,NULL),(425398,'2020-08-28',62,'pending','2020-08-21 14:40:23','2020-08-21 14:40:23',NULL,NULL,NULL,NULL,NULL,NULL),(425399,'2020-08-22',62,'pending','2020-08-21 14:40:23','2020-08-21 14:40:23',NULL,NULL,NULL,NULL,NULL,NULL),(425400,'2020-08-29',62,'pending','2020-08-21 14:40:23','2020-08-21 14:40:23',NULL,NULL,NULL,NULL,NULL,NULL),(425401,'2020-08-30',63,'pending','2020-08-24 14:10:05','2020-08-24 14:10:05','undefined','undefined',NULL,NULL,NULL,NULL),(425402,'2020-08-24',63,'completed','2020-08-24 14:17:02','2020-08-24 14:17:02','undefined','undefined',NULL,NULL,NULL,' not completed testing purpose'),(425403,'2020-08-31',63,'pending','2020-08-24 14:10:05','2020-08-24 14:10:05','undefined','undefined',NULL,NULL,NULL,NULL),(425404,'2020-08-25',63,'pending','2020-08-24 14:10:05','2020-08-24 14:10:05','undefined','undefined',NULL,NULL,NULL,NULL),(425405,'2020-08-26',63,'pending','2020-08-24 14:10:05','2020-08-24 14:10:05','undefined','undefined',NULL,NULL,NULL,NULL),(425406,'2020-08-27',63,'pending','2020-08-24 14:10:05','2020-08-24 14:10:05','undefined','undefined',NULL,NULL,NULL,NULL),(425407,'2020-08-28',63,'pending','2020-08-24 14:10:05','2020-08-24 14:10:05','undefined','undefined',NULL,NULL,NULL,NULL),(425408,'2020-08-29',63,'pending','2020-08-24 14:10:05','2020-08-24 14:10:05','undefined','undefined',NULL,NULL,NULL,NULL),(425409,'2020-08-24',64,'completed','2020-08-24 14:12:55','2020-08-24 14:12:55','undefined','undefined',NULL,NULL,NULL,NULL),(425410,'2020-08-31',64,'pending','2020-08-24 14:12:27','2020-08-24 14:12:27','undefined','undefined',NULL,NULL,NULL,NULL),(425411,'2020-08-25',64,'pending','2020-08-24 14:12:27','2020-08-24 14:12:27','undefined','undefined',NULL,NULL,NULL,NULL),(425412,'2020-08-26',64,'pending','2020-08-24 14:12:27','2020-08-24 14:12:27','undefined','undefined',NULL,NULL,NULL,NULL);
/*!40000 ALTER TABLE `schedule_logs` ENABLE KEYS */;
UNLOCK TABLES;

--
-- Table structure for table `subscription`
--

DROP TABLE IF EXISTS `subscription`;
/*!40101 SET @saved_cs_client     = @@character_set_client */;
/*!50503 SET character_set_client = utf8mb4 */;
CREATE TABLE `subscription` (
  `id` int NOT NULL AUTO_INCREMENT,
  `vehicle_id` int NOT NULL,
  PRIMARY KEY (`id`),
  KEY `fk_vehic_id` (`vehicle_id`),
  CONSTRAINT `fk_vehic_id` FOREIGN KEY (`vehicle_id`) REFERENCES `vehicles` (`id`)
) ENGINE=InnoDB DEFAULT CHARSET=utf8mb4 COLLATE=utf8mb4_0900_ai_ci;
/*!40101 SET character_set_client = @saved_cs_client */;

--
-- Dumping data for table `subscription`
--

LOCK TABLES `subscription` WRITE;
/*!40000 ALTER TABLE `subscription` DISABLE KEYS */;
/*!40000 ALTER TABLE `subscription` ENABLE KEYS */;
UNLOCK TABLES;

--
-- Table structure for table `user_token`
--

DROP TABLE IF EXISTS `user_token`;
/*!40101 SET @saved_cs_client     = @@character_set_client */;
/*!50503 SET character_set_client = utf8mb4 */;
CREATE TABLE `user_token` (
  `id` int NOT NULL AUTO_INCREMENT,
  `token` varchar(500) DEFAULT NULL,
  `user_id` int DEFAULT NULL,
  `is_expired` tinyint(1) NOT NULL,
  `login_time` timestamp NOT NULL DEFAULT CURRENT_TIMESTAMP ON UPDATE CURRENT_TIMESTAMP,
  `logout_time` varchar(500) DEFAULT NULL,
  `created_at` timestamp NOT NULL DEFAULT CURRENT_TIMESTAMP ON UPDATE CURRENT_TIMESTAMP,
  `last_updated_at` timestamp NOT NULL DEFAULT CURRENT_TIMESTAMP ON UPDATE CURRENT_TIMESTAMP,
  PRIMARY KEY (`id`),
  KEY `user_id` (`user_id`),
  CONSTRAINT `user_id` FOREIGN KEY (`user_id`) REFERENCES `users` (`id`)
) ENGINE=InnoDB AUTO_INCREMENT=249 DEFAULT CHARSET=utf8mb4 COLLATE=utf8mb4_0900_ai_ci;
/*!40101 SET character_set_client = @saved_cs_client */;

--
-- Dumping data for table `user_token`
--

LOCK TABLES `user_token` WRITE;
/*!40000 ALTER TABLE `user_token` DISABLE KEYS */;
INSERT INTO `user_token` VALUES (1,'eyJhbGciOiJIUzI1NiIsInR5cCI6IkpXVCJ9.eyJyZXN1bHRQaG9uZSI6IjgzNzQzOTM2MjEiLCJpYXQiOjE1OTYyNzA5MjR9.4BMMnrAK2LW7l0Dv6vFn_ly3A0jWtUM8dHW5VCk7n5M',1,1,'2020-08-01 08:35:24',NULL,'2020-08-01 08:35:24','2020-08-01 08:35:24'),(2,'eyJhbGciOiJIUzI1NiIsInR5cCI6IkpXVCJ9.eyJyZXN1bHRQaG9uZSI6IjgzNzQzOTM2MjEiLCJpYXQiOjE1OTYyNzA5NTF9.3TZKwNvIwtCx8sitcmh4l6XsBF20FwI6zN8eiAJUpjQ',1,1,'2020-08-01 08:35:51',NULL,'2020-08-01 08:35:51','2020-08-01 08:35:51'),(3,'eyJhbGciOiJIUzI1NiIsInR5cCI6IkpXVCJ9.eyJyZXN1bHRQaG9uZSI6IjgzNzQzOTM2MjEiLCJpYXQiOjE1OTYyNzA5OTZ9.NRh2J_s5RL5erW5KaMiZVSJAV-ZC26dTCfumyQ21DuA',1,1,'2020-08-01 08:36:36',NULL,'2020-08-01 08:36:36','2020-08-01 08:36:36'),(4,'eyJhbGciOiJIUzI1NiIsInR5cCI6IkpXVCJ9.eyJyZXN1bHRQaG9uZSI6IjgzNzQzOTM2MjEiLCJpYXQiOjE1OTYyNzE2MjJ9.9jedsFgnePGm1nzdDXt5wLrbRoM-5VddxA7byRCWtlY',1,1,'2020-08-01 08:47:02',NULL,'2020-08-01 08:47:02','2020-08-01 08:47:02'),(5,'eyJhbGciOiJIUzI1NiIsInR5cCI6IkpXVCJ9.eyJyZXN1bHRQaG9uZSI6IjgzNzQzOTM2MjEiLCJpYXQiOjE1OTYyNzE2NDV9.o1Ubh3aalMjMclLx28bXwk5OaLD7b6RbaQYLA6SZ4R0',1,1,'2020-08-01 08:47:25',NULL,'2020-08-01 08:47:25','2020-08-01 08:47:25'),(6,'eyJhbGciOiJIUzI1NiIsInR5cCI6IkpXVCJ9.eyJyZXN1bHRQaG9uZSI6IjgzNzQzOTM2MjEiLCJpYXQiOjE1OTYyNzM5NDh9.wbWyS5kKYWri3HJhX9ZhziGvYNn1FvVToMZDg9yRPP8',1,1,'2020-08-01 09:25:48',NULL,'2020-08-01 09:25:48','2020-08-01 09:25:48'),(7,'eyJhbGciOiJIUzI1NiIsInR5cCI6IkpXVCJ9.eyJyZXN1bHRQaG9uZSI6IjgzNzQzOTM2MjEiLCJpYXQiOjE1OTYyNzQyNzh9.E_Urz0Z5_MSQNur5HSUk-j5aLacWlPyXsip7QxpG83k',1,1,'2020-08-01 09:31:18',NULL,'2020-08-01 09:31:18','2020-08-01 09:31:18'),(8,'eyJhbGciOiJIUzI1NiIsInR5cCI6IkpXVCJ9.eyJyZXN1bHRQaG9uZSI6IjgzNzQzOTM2MjEiLCJpYXQiOjE1OTYyNzQ0NTJ9.7uskkKFpCXzBy-fQUdZa1f-ijOzHPUoTITQXdQFYWi4',1,1,'2020-08-01 09:34:12',NULL,'2020-08-01 09:34:12','2020-08-01 09:34:12'),(9,'eyJhbGciOiJIUzI1NiIsInR5cCI6IkpXVCJ9.eyJyZXN1bHRQaG9uZSI6IjgzNzQzOTM2MjEiLCJpYXQiOjE1OTYyNzQ0ODR9.0rzWOV8nCYkW62YDGl2SYOaamPY8FCh-0Z2xTDFSlKg',1,1,'2020-08-01 09:34:44',NULL,'2020-08-01 09:34:44','2020-08-01 09:34:44'),(10,'eyJhbGciOiJIUzI1NiIsInR5cCI6IkpXVCJ9.eyJyZXN1bHRQaG9uZSI6IjgzNzQzOTM2MjEiLCJpYXQiOjE1OTYyNzQ4MDl9.XJxm7PbVODGeKGeUHzyypfH4Fibye8eDaA3k6lzUSv4',1,1,'2020-08-01 09:40:09',NULL,'2020-08-01 09:40:09','2020-08-01 09:40:09'),(11,'eyJhbGciOiJIUzI1NiIsInR5cCI6IkpXVCJ9.eyJyZXN1bHRQaG9uZSI6IjgzNzQzOTM2MjEiLCJpYXQiOjE1OTY3MDU1NTh9.vXq6MNl8TiJgzuJo1MNQQfQ3HCIXZldnXKJwSv2KPtg',1,1,'2020-08-06 09:19:18',NULL,'2020-08-06 09:19:18','2020-08-06 09:19:18'),(12,'eyJhbGciOiJIUzI1NiIsInR5cCI6IkpXVCJ9.eyJyZXN1bHRQaG9uZSI6IjgzNzQzOTM2MjEiLCJpYXQiOjE1OTY4ODgyMzd9.UV1RAVaJIjiNINzQpqwZJF_O3utmPT_Ico-oQuzov9g',1,1,'2020-08-08 12:03:57',NULL,'2020-08-08 12:03:57','2020-08-08 12:03:57'),(13,'eyJhbGciOiJIUzI1NiIsInR5cCI6IkpXVCJ9.eyJyZXN1bHRQaG9uZSI6IjgzNzQzOTM2MjEiLCJpYXQiOjE1OTY4ODg3NzN9.qJ3_rHUg8riwLW7M40GhMfcOa14K6yQlddNX9nQyvdc',1,1,'2020-08-08 12:12:53',NULL,'2020-08-08 12:12:53','2020-08-08 12:12:53'),(14,'eyJhbGciOiJIUzI1NiIsInR5cCI6IkpXVCJ9.eyJyZXN1bHRQaG9uZSI6IjgzNzQzOTM2MjEiLCJpYXQiOjE1OTY4ODkyNzV9.fe5nkFbJEIjVDQxSoFYpIkFGnYvcPe0FlMlzKQXBqcM',1,1,'2020-08-08 12:21:15',NULL,'2020-08-08 12:21:15','2020-08-08 12:21:15'),(15,'eyJhbGciOiJIUzI1NiIsInR5cCI6IkpXVCJ9.eyJyZXN1bHRQaG9uZSI6IjgzNzQzOTM2MjEiLCJpYXQiOjE1OTcyOTk3Mjd9.ZMLTyhJFwyoUDPysSaWQw5UWw1O60JrYZJ_zosJ3ZEs',1,1,'2020-08-13 06:22:07',NULL,'2020-08-13 06:22:07','2020-08-13 06:22:07'),(16,'eyJhbGciOiJIUzI1NiIsInR5cCI6IkpXVCJ9.eyJyZXN1bHRQaG9uZSI6IjgzNzQzOTM2MjEiLCJpYXQiOjE1OTczMDE0Mjl9.cy1rO24PH7-bBLDZeb93ESeYar73Ixtg4ZiLllb1GZI',1,1,'2020-08-13 06:50:29',NULL,'2020-08-13 06:50:29','2020-08-13 06:50:29'),(17,'eyJhbGciOiJIUzI1NiIsInR5cCI6IkpXVCJ9.eyJyZXN1bHRQaG9uZSI6IjgzNzQzOTM2MjEiLCJpYXQiOjE1OTczMTM3MjZ9.Bs5FBVU06_3UGj9ujY0t7J9wtW21wpqMuD5ZeqGVTh0',1,1,'2020-08-13 10:15:26',NULL,'2020-08-13 10:15:26','2020-08-13 10:15:26'),(18,'eyJhbGciOiJIUzI1NiIsInR5cCI6IkpXVCJ9.eyJyZXN1bHRQaG9uZSI6IjgzNzQzOTM2MjEiLCJpYXQiOjE1OTczMTgwNTR9.qHGMIyJq2bm7y281cMbGC-bzsoIQ08TIbDefAasNGAs',1,1,'2020-08-13 11:27:34',NULL,'2020-08-13 11:27:34','2020-08-13 11:27:34'),(19,'eyJhbGciOiJIUzI1NiIsInR5cCI6IkpXVCJ9.eyJyZXN1bHRQaG9uZSI6IjgzNzQzOTM2MjEiLCJpYXQiOjE1OTczMTg1NzR9.wCtoBy00xmuCR8BP9o0yd8s-LinAXnCXDUBfA11FFKs',1,1,'2020-08-13 11:36:14',NULL,'2020-08-13 11:36:14','2020-08-13 11:36:14'),(20,'eyJhbGciOiJIUzI1NiIsInR5cCI6IkpXVCJ9.eyJyZXN1bHRQaG9uZSI6IjgzNzQzOTM2MjEiLCJpYXQiOjE1OTczMTkyNjB9.6OvmDuumE_vaXla-y6Jh4FP1Vml2HxvNyYbAisxbC1Y',1,1,'2020-08-13 11:47:40',NULL,'2020-08-13 11:47:40','2020-08-13 11:47:40'),(21,'eyJhbGciOiJIUzI1NiIsInR5cCI6IkpXVCJ9.eyJyZXN1bHRQaG9uZSI6IjgzNzQzOTM2MjEiLCJpYXQiOjE1OTczMTk1Njd9.LNTRuOpgkg3F8xtXoAj4h5MR6PtUvYzPpbQF7c_TOxM',1,1,'2020-08-13 11:52:47',NULL,'2020-08-13 11:52:47','2020-08-13 11:52:47'),(22,'eyJhbGciOiJIUzI1NiIsInR5cCI6IkpXVCJ9.eyJyZXN1bHRQaG9uZSI6IjgzNzQzOTM2MjEiLCJpYXQiOjE1OTczMjA3MDl9.KTHeTjjXDVoGy0svFfWQVHbK23zcuyuqoSzXM-rbTv4',1,1,'2020-08-13 12:11:49',NULL,'2020-08-13 12:11:49','2020-08-13 12:11:49'),(23,'eyJhbGciOiJIUzI1NiIsInR5cCI6IkpXVCJ9.eyJyZXN1bHRQaG9uZSI6IjgzNzQzOTM2MjEiLCJpYXQiOjE1OTczODQxNTZ9.nqZ376rqtzKm2beMqkyy8GYbEO9RcxCQStRgRKAhgxk',1,1,'2020-08-14 05:49:16',NULL,'2020-08-14 05:49:16','2020-08-14 05:49:16'),(24,'eyJhbGciOiJIUzI1NiIsInR5cCI6IkpXVCJ9.eyJyZXN1bHRQaG9uZSI6IjgzNzQzOTM2MjEiLCJpYXQiOjE1OTczODc5NTl9.EYgD2yHEGXkNpHo61w4cn--BwfAF-pmW-ZmJYBkLjfI',1,1,'2020-08-14 06:52:39',NULL,'2020-08-14 06:52:39','2020-08-14 06:52:39'),(25,'eyJhbGciOiJIUzI1NiIsInR5cCI6IkpXVCJ9.eyJyZXN1bHRQaG9uZSI6IjgzNzQzOTM2MjEiLCJpYXQiOjE1OTc2NTQ1MzR9.MUSFPZjOqf5h_NraEO78tVfwhOBd4W3-SR1MG9LPoy8',1,1,'2020-08-17 08:55:34',NULL,'2020-08-17 08:55:34','2020-08-17 08:55:34'),(26,'eyJhbGciOiJIUzI1NiIsInR5cCI6IkpXVCJ9.eyJyZXN1bHRQaG9uZSI6IjgzNzQzOTM2MjEiLCJpYXQiOjE1OTc2NTU3NzR9.5xMOtCoTwUgii2XaqccxIzmZmSNlBZ1wTygZxZHkb1A',1,1,'2020-08-17 09:16:14',NULL,'2020-08-17 09:16:14','2020-08-17 09:16:14'),(27,'eyJhbGciOiJIUzI1NiIsInR5cCI6IkpXVCJ9.eyJyZXN1bHRQaG9uZSI6IjgzNzQzOTM2MjEiLCJpYXQiOjE1OTc2NjIyMTd9.Z2WUr1zmyFADc8OnzBUMH9YAntu7NFcuodHmlSKPLcw',1,1,'2020-08-17 11:03:37',NULL,'2020-08-17 11:03:37','2020-08-17 11:03:37'),(28,'eyJhbGciOiJIUzI1NiIsInR5cCI6IkpXVCJ9.eyJyZXN1bHRQaG9uZSI6IjgzNzQzOTM2MjEiLCJpYXQiOjE1OTc2NjI4MDh9.HsHvIBxJr76lRadWTITySsCvXvo77-rZ2UXS-qoub_Q',1,1,'2020-08-17 11:13:28',NULL,'2020-08-17 11:13:28','2020-08-17 11:13:28'),(29,'eyJhbGciOiJIUzI1NiIsInR5cCI6IkpXVCJ9.eyJyZXN1bHRQaG9uZSI6IjgzNzQzOTM2MjEiLCJpYXQiOjE1OTc2NjU1MDh9.11ZD0VZ7eA4BZlW9pL9k3Raw_jJFu25LSPEbe2z92uM',1,1,'2020-08-17 11:58:28',NULL,'2020-08-17 11:58:28','2020-08-17 11:58:28'),(30,'eyJhbGciOiJIUzI1NiIsInR5cCI6IkpXVCJ9.eyJyZXN1bHRQaG9uZSI6IjgzNzQzOTM2MjEiLCJpYXQiOjE1OTc2NjYwNzZ9.3omsdN6mOxt0gl_P_AsmITZw0GrerkGdkBukSQqJ0lM',1,1,'2020-08-17 12:07:56',NULL,'2020-08-17 12:07:56','2020-08-17 12:07:56'),(31,'eyJhbGciOiJIUzI1NiIsInR5cCI6IkpXVCJ9.eyJyZXN1bHRQaG9uZSI6IjgzNzQzOTM2MjEiLCJpYXQiOjE1OTc2Njg1NTh9.QTR-G6HJLCtr0erxrk-Vle3PfLz84Md21mj2BT-lmvI',1,1,'2020-08-17 12:49:18',NULL,'2020-08-17 12:49:18','2020-08-17 12:49:18'),(32,'eyJhbGciOiJIUzI1NiIsInR5cCI6IkpXVCJ9.eyJyZXN1bHRQaG9uZSI6IjgzNzQzOTM2MjEiLCJpYXQiOjE1OTc3NDU5OTR9.TRxiiF7XLGzgk-8mfVVKWI5cNWqbFG_uKBnYtoLncpg',1,1,'2020-08-18 10:19:55',NULL,'2020-08-18 10:19:55','2020-08-18 10:19:55'),(33,'eyJhbGciOiJIUzI1NiIsInR5cCI6IkpXVCJ9.eyJyZXN1bHRQaG9uZSI6IjgzNzQzOTM2MjEiLCJpYXQiOjE1OTc3NDYwMjN9.TAzRERIlTeDvwN9XyMjAK-P7vFfmfnbbTnUKvstRz24',1,1,'2020-08-18 10:20:23',NULL,'2020-08-18 10:20:23','2020-08-18 10:20:23'),(34,'eyJhbGciOiJIUzI1NiIsInR5cCI6IkpXVCJ9.eyJyZXN1bHRQaG9uZSI6IjgzNzQzOTM2MjEiLCJpYXQiOjE1OTc3NTgyMDV9.L2wpkMl1hKPaym7MCJex8Ju7An0qYluPFxJupv2V6-M',1,1,'2020-08-18 13:43:25',NULL,'2020-08-18 13:43:25','2020-08-18 13:43:25'),(35,'eyJhbGciOiJIUzI1NiIsInR5cCI6IkpXVCJ9.eyJyZXN1bHRQaG9uZSI6IjgzNzQzOTM2MjEiLCJpYXQiOjE1OTc3NjIyNTZ9.e3iY6zpzUN_PN8bhAyDPhVPsmFf7y36GKf-2dsNnifI',1,1,'2020-08-18 14:50:56',NULL,'2020-08-18 14:50:56','2020-08-18 14:50:56'),(36,'eyJhbGciOiJIUzI1NiIsInR5cCI6IkpXVCJ9.eyJyZXN1bHRQaG9uZSI6IjgzNzQzOTM2MjEiLCJpYXQiOjE1OTc3NjMwNzF9.oBOAQXYyywYnRlS9i_bviercQIjL5RXqETEfBZ2MXmI',1,1,'2020-08-18 15:04:31',NULL,'2020-08-18 15:04:31','2020-08-18 15:04:31'),(37,'eyJhbGciOiJIUzI1NiIsInR5cCI6IkpXVCJ9.eyJyZXN1bHRQaG9uZSI6IjgzNzQzOTM2MjEiLCJpYXQiOjE1OTc3NjM4MTJ9.diAqzmTeXHBid-HphYof6s5rvbDaGmyzmWPYEkpgLps',1,1,'2020-08-18 15:16:52',NULL,'2020-08-18 15:16:52','2020-08-18 15:16:52'),(38,'eyJhbGciOiJIUzI1NiIsInR5cCI6IkpXVCJ9.eyJyZXN1bHRQaG9uZSI6IjgzNzQzOTM2MjEiLCJpYXQiOjE1OTc3NjM4MjF9.W2RT_CxrpQzrm14QA39b4lz-blgmQwZI4JViKSkPzQk',1,1,'2020-08-18 15:17:01',NULL,'2020-08-18 15:17:01','2020-08-18 15:17:01'),(39,'eyJhbGciOiJIUzI1NiIsInR5cCI6IkpXVCJ9.eyJyZXN1bHRQaG9uZSI6IjgzNzQzOTM2MjEiLCJpYXQiOjE1OTc3NjkxNzl9.322a0UEZmajfSM89Ty7d3hnj2cIFo-uHAfQONZ-hGGI',1,1,'2020-08-18 16:46:19',NULL,'2020-08-18 16:46:19','2020-08-18 16:46:19'),(40,'eyJhbGciOiJIUzI1NiIsInR5cCI6IkpXVCJ9.eyJyZXN1bHRQaG9uZSI6IjgzNzQzOTM2MjEiLCJpYXQiOjE1OTc3NzA2Nzl9.1MYIByNsaJnTJTl2elc6OSfp_90YJyWFzoBcaHLQ3_4',1,1,'2020-08-18 17:11:20',NULL,'2020-08-18 17:11:20','2020-08-18 17:11:20'),(41,'eyJhbGciOiJIUzI1NiIsInR5cCI6IkpXVCJ9.eyJyZXN1bHRQaG9uZSI6IjgzNzQzOTM2MjEiLCJpYXQiOjE1OTc3NzA2OTd9.6TuZfuaqLs-CcFPt2jakpVD1nWA-fV4AkjumLvjBKYk',1,1,'2020-08-18 17:11:38',NULL,'2020-08-18 17:11:38','2020-08-18 17:11:38'),(42,'eyJhbGciOiJIUzI1NiIsInR5cCI6IkpXVCJ9.eyJyZXN1bHRQaG9uZSI6IjgzNzQzOTM2MjEiLCJpYXQiOjE1OTc3NzA3NzR9.QgAh-gY6cQ8zSKXiEiIAMNinVEcFRDJvXf59nuHLIHE',1,1,'2020-08-18 17:12:55',NULL,'2020-08-18 17:12:55','2020-08-18 17:12:55'),(43,'eyJhbGciOiJIUzI1NiIsInR5cCI6IkpXVCJ9.eyJyZXN1bHRQaG9uZSI6IjgzNzQzOTM2MjEiLCJpYXQiOjE1OTc3NzA5MzV9.GF744PcD1NxpW1UB1ozb_WOrOU0BofmQ3HhuT5UFRuk',1,1,'2020-08-18 17:15:35',NULL,'2020-08-18 17:15:35','2020-08-18 17:15:35'),(44,'eyJhbGciOiJIUzI1NiIsInR5cCI6IkpXVCJ9.eyJyZXN1bHRQaG9uZSI6IjgzNzQzOTM2MjEiLCJpYXQiOjE1OTc3NzA5NzB9.UepdiHaHnduWcYFzZzAFtTLyoMGJrGJG6AXPQRUcqRw',1,1,'2020-08-18 17:16:10',NULL,'2020-08-18 17:16:10','2020-08-18 17:16:10'),(45,'eyJhbGciOiJIUzI1NiIsInR5cCI6IkpXVCJ9.eyJyZXN1bHRQaG9uZSI6IjgzNzQzOTM2MjEiLCJpYXQiOjE1OTc3NzEzODl9.76DxH4DgtZrNoG0R7_pLYKf7yaEecbwmc6Dd4eY3Cas',1,1,'2020-08-18 17:23:09',NULL,'2020-08-18 17:23:09','2020-08-18 17:23:09'),(46,'eyJhbGciOiJIUzI1NiIsInR5cCI6IkpXVCJ9.eyJyZXN1bHRQaG9uZSI6IjgzNzQzOTM2MjEiLCJpYXQiOjE1OTc4MDk5ODF9.FPjWm5wz7vTH-3U557bpZfRmsbQhBoOZOklyuceKroo',1,1,'2020-08-19 04:06:21',NULL,'2020-08-19 04:06:21','2020-08-19 04:06:21'),(47,'eyJhbGciOiJIUzI1NiIsInR5cCI6IkpXVCJ9.eyJyZXN1bHRQaG9uZSI6IjgzNzQzOTM2MjEiLCJpYXQiOjE1OTc4MDk5ODF9.FPjWm5wz7vTH-3U557bpZfRmsbQhBoOZOklyuceKroo',1,1,'2020-08-19 04:06:21',NULL,'2020-08-19 04:06:21','2020-08-19 04:06:21'),(48,'eyJhbGciOiJIUzI1NiIsInR5cCI6IkpXVCJ9.eyJyZXN1bHRQaG9uZSI6IjgzNzQzOTM2MjEiLCJpYXQiOjE1OTc4MDk5ODF9.FPjWm5wz7vTH-3U557bpZfRmsbQhBoOZOklyuceKroo',1,1,'2020-08-19 04:06:21',NULL,'2020-08-19 04:06:21','2020-08-19 04:06:21'),(49,'eyJhbGciOiJIUzI1NiIsInR5cCI6IkpXVCJ9.eyJyZXN1bHRQaG9uZSI6IjgzNzQzOTM2MjEiLCJpYXQiOjE1OTc4MTEzMTF9.GxtsU6e-rcDexOzx9CO83gKWcGVDtKoVXhJOK4sbjiM',1,1,'2020-08-19 04:28:31',NULL,'2020-08-19 04:28:31','2020-08-19 04:28:31'),(50,'eyJhbGciOiJIUzI1NiIsInR5cCI6IkpXVCJ9.eyJyZXN1bHRQaG9uZSI6IjgzNzQzOTM2MjEiLCJpYXQiOjE1OTc4MTU2OTF9.-amxBb_wh6RoZPfb-JlNE_2oL4HyfNg-Fn69H9LVL54',1,1,'2020-08-19 05:41:31',NULL,'2020-08-19 05:41:31','2020-08-19 05:41:31'),(51,'eyJhbGciOiJIUzI1NiIsInR5cCI6IkpXVCJ9.eyJyZXN1bHRQaG9uZSI6IjgzNzQzOTM2MjEiLCJpYXQiOjE1OTc4MTcwMDR9.aYG-8E7X5D9XuDrjNUirOeQ9zUIVLnllrJVE-5b4Fqo',1,1,'2020-08-19 06:03:24',NULL,'2020-08-19 06:03:24','2020-08-19 06:03:24'),(52,'eyJhbGciOiJIUzI1NiIsInR5cCI6IkpXVCJ9.eyJyZXN1bHRQaG9uZSI6IjgzNzQzOTM2MjEiLCJpYXQiOjE1OTc4MTcxNDR9.1iZLXksfwpa3TzezFPHfbYftPJo4j5zrK9LXSLZqprw',1,1,'2020-08-19 06:05:44',NULL,'2020-08-19 06:05:44','2020-08-19 06:05:44'),(53,'eyJhbGciOiJIUzI1NiIsInR5cCI6IkpXVCJ9.eyJyZXN1bHRQaG9uZSI6IjgzNzQzOTM2MjEiLCJpYXQiOjE1OTc4MTcxOTh9.wBn70QNl7t_jd89qmpaNN7g8PO34xGVgjtglMwjvzIM',1,1,'2020-08-19 06:06:38',NULL,'2020-08-19 06:06:38','2020-08-19 06:06:38'),(54,'eyJhbGciOiJIUzI1NiIsInR5cCI6IkpXVCJ9.eyJyZXN1bHRQaG9uZSI6IjgzNzQzOTM2MjEiLCJpYXQiOjE1OTc4MTc0ODJ9.Bf46Ml4Bq7eHh_oIvS2K1DbXb_izN0ZmRxVzlpxgbLI',1,1,'2020-08-19 06:11:22',NULL,'2020-08-19 06:11:22','2020-08-19 06:11:22'),(55,'eyJhbGciOiJIUzI1NiIsInR5cCI6IkpXVCJ9.eyJyZXN1bHRQaG9uZSI6IjgzNzQzOTM2MjEiLCJpYXQiOjE1OTc4MTgwMDZ9.1gljj9RIzVO_qOPi_L1rm8H8Hew2z39LqLjZaaWg3Wo',1,1,'2020-08-19 06:20:06',NULL,'2020-08-19 06:20:06','2020-08-19 06:20:06'),(56,'eyJhbGciOiJIUzI1NiIsInR5cCI6IkpXVCJ9.eyJyZXN1bHRQaG9uZSI6IjgzNzQzOTM2MjEiLCJpYXQiOjE1OTc4MTgxMzZ9.Xm9a2SCWjp-PHseYRf5Hyj6rcWwqqYYeb_jtgLE3IeM',1,1,'2020-08-19 06:22:16',NULL,'2020-08-19 06:22:16','2020-08-19 06:22:16'),(57,'eyJhbGciOiJIUzI1NiIsInR5cCI6IkpXVCJ9.eyJyZXN1bHRQaG9uZSI6IjgzNzQzOTM2MjEiLCJpYXQiOjE1OTc4MTg1MTJ9.X-zHvoCNEs-Bt43VBTmIP_Augh7-C_sWQbptxVGAUj4',1,1,'2020-08-19 06:28:32',NULL,'2020-08-19 06:28:32','2020-08-19 06:28:32'),(58,'eyJhbGciOiJIUzI1NiIsInR5cCI6IkpXVCJ9.eyJyZXN1bHRQaG9uZSI6IjgzNzQzOTM2MjEiLCJpYXQiOjE1OTc4MTg1MjV9.J98tIAVU3u4ai6gMp-i7z4__WGj_QkCSY6BlMJbkHuw',1,1,'2020-08-19 06:28:45',NULL,'2020-08-19 06:28:45','2020-08-19 06:28:45'),(59,'eyJhbGciOiJIUzI1NiIsInR5cCI6IkpXVCJ9.eyJyZXN1bHRQaG9uZSI6Ijk3MDU2NjczOTUiLCJpYXQiOjE1OTc4MTg2NzR9.p_T-Qnlx6cw0GCI_kOepYK9s-7ZFtjTJJrw7NJl3YKw',11,1,'2020-08-19 06:31:14',NULL,'2020-08-19 06:31:14','2020-08-19 06:31:14'),(60,'eyJhbGciOiJIUzI1NiIsInR5cCI6IkpXVCJ9.eyJyZXN1bHRQaG9uZSI6Ijk3MDU2NjczOTUiLCJpYXQiOjE1OTc4MTg5ODR9.Ybb7LvabCm0ittgMvQHk0XqkqvuqPy6-Cb6fizGqx4I',11,1,'2020-08-19 06:36:24',NULL,'2020-08-19 06:36:24','2020-08-19 06:36:24'),(61,'eyJhbGciOiJIUzI1NiIsInR5cCI6IkpXVCJ9.eyJyZXN1bHRQaG9uZSI6Ijk3MDU2NjczOTUiLCJpYXQiOjE1OTc4MTkwNTR9.wniqtiGmnI7nB1_AyvgYDoMBOUnulesIvhr-S6-2NAQ',11,1,'2020-08-19 06:37:34',NULL,'2020-08-19 06:37:34','2020-08-19 06:37:34'),(62,'eyJhbGciOiJIUzI1NiIsInR5cCI6IkpXVCJ9.eyJyZXN1bHRQaG9uZSI6Ijk3MDU2NjczOTUiLCJpYXQiOjE1OTc4MTkxNzh9.pqE1yy5l6k5mGgR-Hqqq7WJ7xeULJtwE4VqiXjalbo0',11,1,'2020-08-19 06:39:38',NULL,'2020-08-19 06:39:38','2020-08-19 06:39:38'),(63,'eyJhbGciOiJIUzI1NiIsInR5cCI6IkpXVCJ9.eyJyZXN1bHRQaG9uZSI6Ijk3MDU2NjczOTUiLCJpYXQiOjE1OTc4MTkyMDd9.pZnROjCvHH7AO1BMYmpHH6pGBII00UnaFgV_zD85XvE',11,1,'2020-08-19 06:40:07',NULL,'2020-08-19 06:40:07','2020-08-19 06:40:07'),(64,'eyJhbGciOiJIUzI1NiIsInR5cCI6IkpXVCJ9.eyJyZXN1bHRQaG9uZSI6Ijk0OTQwNTk2OTQiLCJpYXQiOjE1OTc4MTkyNTR9.HEZBO6lzEv79YEjdtoR1WmEsftXGwGQHl26BnmrhzVc',10,1,'2020-08-19 06:40:54',NULL,'2020-08-19 06:40:54','2020-08-19 06:40:54'),(65,'eyJhbGciOiJIUzI1NiIsInR5cCI6IkpXVCJ9.eyJyZXN1bHRQaG9uZSI6Ijk3MDU2NjczOTUiLCJpYXQiOjE1OTc4MTk4Mzh9.dQ-Xtmm23dP_6d0a-kiEVGVJ21nDd8Z6A2_HeT-AIeg',11,1,'2020-08-19 06:50:38',NULL,'2020-08-19 06:50:38','2020-08-19 06:50:38'),(66,'eyJhbGciOiJIUzI1NiIsInR5cCI6IkpXVCJ9.eyJyZXN1bHRQaG9uZSI6Ijk3MDU2NjczOTUiLCJpYXQiOjE1OTc4MjAwMjN9.bpfRo1C1c3NeTPlxVdCYyXVIIPBIKlCsws7PEQEFbJ4',11,1,'2020-08-19 06:53:43',NULL,'2020-08-19 06:53:43','2020-08-19 06:53:43'),(67,'eyJhbGciOiJIUzI1NiIsInR5cCI6IkpXVCJ9.eyJyZXN1bHRQaG9uZSI6Ijk3MDU2NjczOTUiLCJpYXQiOjE1OTc4MjAwNTF9.9_zWFJaqZudYsw74HsyXvOy0Ry__E_tnqx9KjW9Pr0U',11,1,'2020-08-19 06:54:11',NULL,'2020-08-19 06:54:11','2020-08-19 06:54:11'),(68,'eyJhbGciOiJIUzI1NiIsInR5cCI6IkpXVCJ9.eyJyZXN1bHRQaG9uZSI6Ijk3MDU2NjczOTUiLCJpYXQiOjE1OTc4MjExMjd9.OlWdscTOL81V_1rfGxoVVr5jeOCVb1qE0OC-4i_mfdI',11,1,'2020-08-19 07:12:07',NULL,'2020-08-19 07:12:07','2020-08-19 07:12:07'),(69,'eyJhbGciOiJIUzI1NiIsInR5cCI6IkpXVCJ9.eyJyZXN1bHRQaG9uZSI6Ijk3MDU2NjczOTUiLCJpYXQiOjE1OTc4MjExNjB9.z5mavYus6YfuYg3RlkdkS86g4XQPVg7gsaUNJ6ENkgk',11,1,'2020-08-19 07:12:40',NULL,'2020-08-19 07:12:40','2020-08-19 07:12:40'),(70,'eyJhbGciOiJIUzI1NiIsInR5cCI6IkpXVCJ9.eyJyZXN1bHRQaG9uZSI6Ijk3MDU2NjczOTUiLCJpYXQiOjE1OTc4MjExOTJ9.B6ld1B5wOu7gb8Fnp1KQzwm-EFW40k9uBA9hiRrVr8w',11,1,'2020-08-19 07:13:12',NULL,'2020-08-19 07:13:12','2020-08-19 07:13:12'),(71,'eyJhbGciOiJIUzI1NiIsInR5cCI6IkpXVCJ9.eyJyZXN1bHRQaG9uZSI6Ijk3MDU2NjczOTUiLCJpYXQiOjE1OTc4MjEyNjR9.imPenjw7FShakMZf7vjvq5dpzWnaMJkgEWgvsznAo7A',11,1,'2020-08-19 07:14:24',NULL,'2020-08-19 07:14:24','2020-08-19 07:14:24'),(72,'eyJhbGciOiJIUzI1NiIsInR5cCI6IkpXVCJ9.eyJyZXN1bHRQaG9uZSI6IjgzNzQzOTM2MjEiLCJpYXQiOjE1OTc4MjY4MzZ9.839zCunewY9kjLRmD6sTM5qcUAR0qdA4ezH0BrLsO-A',1,1,'2020-08-19 08:47:16',NULL,'2020-08-19 08:47:16','2020-08-19 08:47:16'),(73,'eyJhbGciOiJIUzI1NiIsInR5cCI6IkpXVCJ9.eyJyZXN1bHRQaG9uZSI6Ijk3MDU2NjczOTUiLCJpYXQiOjE1OTc4MjY5MDF9.FC9yTaSP69tROnigjrIE5UK31WVyjCGRK2IldXZB9aU',11,1,'2020-08-19 08:48:21',NULL,'2020-08-19 08:48:21','2020-08-19 08:48:21'),(74,'eyJhbGciOiJIUzI1NiIsInR5cCI6IkpXVCJ9.eyJyZXN1bHRQaG9uZSI6Ijk3MDU2NjczOTUiLCJpYXQiOjE1OTc4MjY5MTN9.lxm7p11NgXetzr3JGj0i1q2Ef4jiyvYKTnex5gsyfMk',11,1,'2020-08-19 08:48:33',NULL,'2020-08-19 08:48:33','2020-08-19 08:48:33'),(75,'eyJhbGciOiJIUzI1NiIsInR5cCI6IkpXVCJ9.eyJyZXN1bHRQaG9uZSI6Ijk3MDU2NjczOTUiLCJpYXQiOjE1OTc4MjY5MTR9.UT2QPqFuhHqmZXwtX4voj6EuG89IhhMAKbJ1uhWcxoY',11,1,'2020-08-19 08:48:35',NULL,'2020-08-19 08:48:35','2020-08-19 08:48:35'),(76,'eyJhbGciOiJIUzI1NiIsInR5cCI6IkpXVCJ9.eyJyZXN1bHRQaG9uZSI6Ijk3MDU2NjczOTUiLCJpYXQiOjE1OTc4MjY5MTZ9._d-qg1xh9pVBazyoJf5QzO1VSdOOiPI4Fv_2z59xd2Q',11,1,'2020-08-19 08:48:36',NULL,'2020-08-19 08:48:36','2020-08-19 08:48:36'),(77,'eyJhbGciOiJIUzI1NiIsInR5cCI6IkpXVCJ9.eyJyZXN1bHRQaG9uZSI6Ijk3MDU2NjczOTUiLCJpYXQiOjE1OTc4MjY5MTZ9._d-qg1xh9pVBazyoJf5QzO1VSdOOiPI4Fv_2z59xd2Q',11,1,'2020-08-19 08:48:36',NULL,'2020-08-19 08:48:36','2020-08-19 08:48:36'),(78,'eyJhbGciOiJIUzI1NiIsInR5cCI6IkpXVCJ9.eyJyZXN1bHRQaG9uZSI6Ijk3MDU2NjczOTUiLCJpYXQiOjE1OTc4MjY5MTV9.BVIuT9xSpuvT_nxSmODBCh0-zF-F8-Jb0u5sSI709Uo',11,1,'2020-08-19 08:48:36',NULL,'2020-08-19 08:48:36','2020-08-19 08:48:36'),(79,'eyJhbGciOiJIUzI1NiIsInR5cCI6IkpXVCJ9.eyJyZXN1bHRQaG9uZSI6IjgzNzQzOTM2MjEiLCJpYXQiOjE1OTc4Mjg4NDd9.-DBpRtdnhqOqcxQf03RoiPSAGQ8Slhav5H-vAgYC_yI',1,1,'2020-08-19 09:20:48',NULL,'2020-08-19 09:20:48','2020-08-19 09:20:48'),(80,'eyJhbGciOiJIUzI1NiIsInR5cCI6IkpXVCJ9.eyJyZXN1bHRQaG9uZSI6IjgzNzQzOTM2MjEiLCJpYXQiOjE1OTc4Mjg4NDR9.PYR6WKq1AwCyAfrBtWu47BLQjTLdueVvKmtM2nCd4Ws',1,1,'2020-08-19 09:20:45',NULL,'2020-08-19 09:20:45','2020-08-19 09:20:45'),(81,'eyJhbGciOiJIUzI1NiIsInR5cCI6IkpXVCJ9.eyJyZXN1bHRQaG9uZSI6IjgzNzQzOTM2MjEiLCJpYXQiOjE1OTc4Mjg4NzV9.aAk_KXTZMsGigd5g07NkuXkAsRJBKM4OLVKhFYCI_8A',1,1,'2020-08-19 09:21:15',NULL,'2020-08-19 09:21:15','2020-08-19 09:21:15'),(82,'eyJhbGciOiJIUzI1NiIsInR5cCI6IkpXVCJ9.eyJyZXN1bHRQaG9uZSI6IjgzNzQzOTM2MjEiLCJpYXQiOjE1OTc4Mjg4NzR9.rC12x8jVSoUdgi7gOWOMFODIxwqGT2JHmGqaEKdO6KM',1,1,'2020-08-19 09:21:15',NULL,'2020-08-19 09:21:15','2020-08-19 09:21:15'),(83,'eyJhbGciOiJIUzI1NiIsInR5cCI6IkpXVCJ9.eyJyZXN1bHRQaG9uZSI6IjgzNzQzOTM2MjEiLCJpYXQiOjE1OTc4Mjg4NDZ9.eLA2CQzFyE0BaXDt8BOg2vfL4-nx5fWbt_yVyBlFkYM',1,1,'2020-08-19 09:20:48',NULL,'2020-08-19 09:20:48','2020-08-19 09:20:48'),(84,'eyJhbGciOiJIUzI1NiIsInR5cCI6IkpXVCJ9.eyJyZXN1bHRQaG9uZSI6IjgzNzQzOTM2MjEiLCJpYXQiOjE1OTc4MjkxMzh9.O5xizxdjHgmgx3dtBsdevG-bZgXXeh099nS_Glaaoi0',1,1,'2020-08-19 09:25:38',NULL,'2020-08-19 09:25:38','2020-08-19 09:25:38'),(85,'eyJhbGciOiJIUzI1NiIsInR5cCI6IkpXVCJ9.eyJyZXN1bHRQaG9uZSI6Ijk3MDU2NjczOTUiLCJpYXQiOjE1OTc4MjkyMjR9.lmKhKsoLNhBco0v4OriJtz_WEPJkMlFOMjqcSGfp7tw',11,1,'2020-08-19 09:27:05',NULL,'2020-08-19 09:27:05','2020-08-19 09:27:05'),(86,'eyJhbGciOiJIUzI1NiIsInR5cCI6IkpXVCJ9.eyJyZXN1bHRQaG9uZSI6Ijk3MDU2NjczOTUiLCJpYXQiOjE1OTc4Mjk1NDd9.yHeIrv1sAGl5VYEQG9EnP1qBflqDIkgQr_5Ia3sGcQA',11,1,'2020-08-19 09:32:28',NULL,'2020-08-19 09:32:28','2020-08-19 09:32:28'),(87,'eyJhbGciOiJIUzI1NiIsInR5cCI6IkpXVCJ9.eyJyZXN1bHRQaG9uZSI6Ijk3MDU2NjczOTUiLCJpYXQiOjE1OTc4Mjk2NDl9.cynNsECiTArV45cyyNQKF3KkNvJocmGqOMp56t7q75I',11,1,'2020-08-19 09:34:09',NULL,'2020-08-19 09:34:09','2020-08-19 09:34:09'),(88,'eyJhbGciOiJIUzI1NiIsInR5cCI6IkpXVCJ9.eyJyZXN1bHRQaG9uZSI6IjgzNzQzOTM2MjEiLCJpYXQiOjE1OTc5OTg2NTB9.9-lQzIE_VLal5rdx9Qhw4Vo-K_Nm6AZ1IK5KiBIoy0M',1,1,'2020-08-21 08:30:50',NULL,'2020-08-21 08:30:50','2020-08-21 08:30:50'),(89,'eyJhbGciOiJIUzI1NiIsInR5cCI6IkpXVCJ9.eyJyZXN1bHRQaG9uZSI6Ijk3MDU2NjczOTUiLCJpYXQiOjE1OTc5OTg4MjN9.V2QnPEvkA21gotPJaFOzr2BQ6rc9L6yltL2X_8Zqj4Y',11,1,'2020-08-21 08:33:43',NULL,'2020-08-21 08:33:43','2020-08-21 08:33:43'),(90,'eyJhbGciOiJIUzI1NiIsInR5cCI6IkpXVCJ9.eyJyZXN1bHRQaG9uZSI6Ijk0OTQwNTk2OTQiLCJpYXQiOjE1OTc5OTg5NzZ9.SBuJoFvEHcwLA4JBpu1-FWQfGDkC-dFcxApsX8vy3ZY',10,1,'2020-08-21 08:36:16',NULL,'2020-08-21 08:36:16','2020-08-21 08:36:16'),(91,'eyJhbGciOiJIUzI1NiIsInR5cCI6IkpXVCJ9.eyJyZXN1bHRQaG9uZSI6Ijk0OTQwNTk2OTQiLCJpYXQiOjE1OTc5OTkwNDN9.5yqi10sVXU19lB4ZciizAfxjKo0F6nswviNJ4fBr1qE',10,1,'2020-08-21 08:37:23',NULL,'2020-08-21 08:37:23','2020-08-21 08:37:23'),(92,'eyJhbGciOiJIUzI1NiIsInR5cCI6IkpXVCJ9.eyJyZXN1bHRQaG9uZSI6IjkzMzMzMzMzMzMiLCJpYXQiOjE1OTc5OTkxMTl9.5MoSCzCy__2tV53otm03lhWIjfF9vgyA_uXOZnHaT-o',9,1,'2020-08-21 08:38:39',NULL,'2020-08-21 08:38:39','2020-08-21 08:38:39'),(93,'eyJhbGciOiJIUzI1NiIsInR5cCI6IkpXVCJ9.eyJyZXN1bHRQaG9uZSI6Ijk5OTk5OTk5OTkiLCJpYXQiOjE1OTc5OTkxNjl9.gfRo4Rw_jASDMgD3LxKvYU2TdyvuGBh7P0WB-8YFVu4',3,1,'2020-08-21 08:39:29',NULL,'2020-08-21 08:39:29','2020-08-21 08:39:29'),(94,'eyJhbGciOiJIUzI1NiIsInR5cCI6IkpXVCJ9.eyJyZXN1bHRQaG9uZSI6IjgzNzQzOTM2MjEiLCJpYXQiOjE1OTc5OTkyMTV9.syXFuydD4xaqPKDVBXmgh2XgpTboLrs-HBeE7-Yev4w',1,1,'2020-08-21 08:40:15',NULL,'2020-08-21 08:40:15','2020-08-21 08:40:15'),(95,'eyJhbGciOiJIUzI1NiIsInR5cCI6IkpXVCJ9.eyJyZXN1bHRQaG9uZSI6Ijk3MDU2NjczOTUiLCJpYXQiOjE1OTc5OTk3MTl9.3fN6K3G2OkzgkaqoDQGuWkqgi-_nRPXmXgONRsUYL_g',11,1,'2020-08-21 08:48:39',NULL,'2020-08-21 08:48:39','2020-08-21 08:48:39'),(96,'eyJhbGciOiJIUzI1NiIsInR5cCI6IkpXVCJ9.eyJyZXN1bHRQaG9uZSI6Ijk3MDU2NjczOTUiLCJpYXQiOjE1OTc5OTk4MTF9.Lihk5v3wivqf0ZDIJC-2WOL81oLWnVExjljFNmp5JWo',11,1,'2020-08-21 08:50:11',NULL,'2020-08-21 08:50:11','2020-08-21 08:50:11'),(97,'eyJhbGciOiJIUzI1NiIsInR5cCI6IkpXVCJ9.eyJyZXN1bHRQaG9uZSI6Ijk3MDU2NjczOTUiLCJpYXQiOjE1OTc5OTk5NTh9.z7YBM1MoeFoIMa-dlVeEI5sX-jsLdW9tYaJZpHctn-E',11,1,'2020-08-21 08:52:38',NULL,'2020-08-21 08:52:38','2020-08-21 08:52:38'),(98,'eyJhbGciOiJIUzI1NiIsInR5cCI6IkpXVCJ9.eyJyZXN1bHRQaG9uZSI6Ijk3MDU2NjczOTUiLCJpYXQiOjE1OTgwMDA0NzJ9.7xCMBhiDBtAXCNHW-RWIWHr6BIZFD3ikLRrYS9LANH0',11,1,'2020-08-21 09:01:12',NULL,'2020-08-21 09:01:12','2020-08-21 09:01:12'),(99,'eyJhbGciOiJIUzI1NiIsInR5cCI6IkpXVCJ9.eyJyZXN1bHRQaG9uZSI6Ijk3MDU2NjczOTUiLCJpYXQiOjE1OTgwMDA2Njl9.QexAH4ZmN6GPtBUtGhrWy6k7Cu3idT4_vOSpOJER0EI',11,1,'2020-08-21 09:04:29',NULL,'2020-08-21 09:04:29','2020-08-21 09:04:29'),(100,'eyJhbGciOiJIUzI1NiIsInR5cCI6IkpXVCJ9.eyJyZXN1bHRQaG9uZSI6IjgzNzQzOTM2MjEiLCJpYXQiOjE1OTgwMDA4ODd9.AsCXO3Kj4Gap0VKxuPF_mvUUkD7Ir65DdBP-2PA40N0',1,1,'2020-08-21 09:08:07',NULL,'2020-08-21 09:08:07','2020-08-21 09:08:07'),(101,'eyJhbGciOiJIUzI1NiIsInR5cCI6IkpXVCJ9.eyJyZXN1bHRQaG9uZSI6Ijk3MDU2NjczOTUiLCJpYXQiOjE1OTgwMDE3ODV9.GMSJ96yZK3OtthYaRdU-4-eE5_5NVm8lnckJsuf8Y_M',11,1,'2020-08-21 09:23:05',NULL,'2020-08-21 09:23:05','2020-08-21 09:23:05'),(102,'eyJhbGciOiJIUzI1NiIsInR5cCI6IkpXVCJ9.eyJyZXN1bHRQaG9uZSI6Ijk3MDU2NjczOTUiLCJpYXQiOjE1OTgwMDE4NDh9.JQBUo-SEdyk8j-BCHU3twgig_dbwpVG57N5qBBW-og0',11,1,'2020-08-21 09:24:08',NULL,'2020-08-21 09:24:08','2020-08-21 09:24:08'),(103,'eyJhbGciOiJIUzI1NiIsInR5cCI6IkpXVCJ9.eyJyZXN1bHRQaG9uZSI6Ijk3MDU2NjczOTUiLCJpYXQiOjE1OTgwMDE4NTR9.XyMUAwlIP4jQw0LthnhGO5ZiXbG9Fhwv0ADXRKhftSg',11,1,'2020-08-21 09:24:14',NULL,'2020-08-21 09:24:14','2020-08-21 09:24:14'),(104,'eyJhbGciOiJIUzI1NiIsInR5cCI6IkpXVCJ9.eyJyZXN1bHRQaG9uZSI6Ijk3MDU2NjczOTUiLCJpYXQiOjE1OTgwMDE4ODl9.hrfjButAskOP5sk5Lcb_6Sb6TI5bqCiw9Kd1qlE1muY',11,1,'2020-08-21 09:24:49',NULL,'2020-08-21 09:24:49','2020-08-21 09:24:49'),(105,'eyJhbGciOiJIUzI1NiIsInR5cCI6IkpXVCJ9.eyJyZXN1bHRQaG9uZSI6IjgzNzQzOTM2MjEiLCJpYXQiOjE1OTgwMDE5MzR9.PfCRihJ_3VNa7KOgaFMIpTQ1KZfMB8OASy7TZbBbB1o',1,1,'2020-08-21 09:25:34',NULL,'2020-08-21 09:25:34','2020-08-21 09:25:34'),(106,'eyJhbGciOiJIUzI1NiIsInR5cCI6IkpXVCJ9.eyJyZXN1bHRQaG9uZSI6Ijk3MDU2NjczOTUiLCJpYXQiOjE1OTgwMDI4MjJ9.zSXvgdOnoCaj_MCpekMDvivgveE6JoNEIKvq5UwHWwA',11,1,'2020-08-21 09:40:22',NULL,'2020-08-21 09:40:22','2020-08-21 09:40:22'),(107,'eyJhbGciOiJIUzI1NiIsInR5cCI6IkpXVCJ9.eyJyZXN1bHRQaG9uZSI6Ijk3MDU2NjczOTUiLCJpYXQiOjE1OTgwMDMwNTB9.FvaBTeIj9pQ8iP-0-4sIIaI4tTxk5OMDr0nGHE5ENAY',11,1,'2020-08-21 09:44:10',NULL,'2020-08-21 09:44:10','2020-08-21 09:44:10'),(108,'eyJhbGciOiJIUzI1NiIsInR5cCI6IkpXVCJ9.eyJyZXN1bHRQaG9uZSI6Ijk3MDU2NjczOTUiLCJpYXQiOjE1OTgwMDM1NzB9.4ZaZr59GxjJ-rQZmpevbEIR2FVBMy9BRpn4d16WJ7-Q',11,1,'2020-08-21 09:52:50',NULL,'2020-08-21 09:52:50','2020-08-21 09:52:50'),(109,'eyJhbGciOiJIUzI1NiIsInR5cCI6IkpXVCJ9.eyJyZXN1bHRQaG9uZSI6Ijk3MDU2NjczOTUiLCJpYXQiOjE1OTgwMDM2ODl9.xgmqhA4qSuZTTqB73p_DgIa6YVUl-SisP4pxr5OABIg',11,1,'2020-08-21 09:54:49',NULL,'2020-08-21 09:54:49','2020-08-21 09:54:49'),(110,'eyJhbGciOiJIUzI1NiIsInR5cCI6IkpXVCJ9.eyJyZXN1bHRQaG9uZSI6Ijk3MDU2NjczOTUiLCJpYXQiOjE1OTgwMDQxMTd9.WdvDNuyDCoySMZkf2NkO-0iSHPgVWZB05-8x65kE9hc',11,1,'2020-08-21 10:01:57',NULL,'2020-08-21 10:01:57','2020-08-21 10:01:57'),(111,'eyJhbGciOiJIUzI1NiIsInR5cCI6IkpXVCJ9.eyJyZXN1bHRQaG9uZSI6Ijk3MDU2NjczOTUiLCJpYXQiOjE1OTgwMDQzMTN9.Jj7mQ_aLMOIWT83ejqjmxIk8fbEioLrqD_N3JJMKjdo',11,1,'2020-08-21 10:05:13',NULL,'2020-08-21 10:05:13','2020-08-21 10:05:13'),(112,'eyJhbGciOiJIUzI1NiIsInR5cCI6IkpXVCJ9.eyJyZXN1bHRQaG9uZSI6Ijk3MDU2NjczOTUiLCJpYXQiOjE1OTgwMDQ2OTF9.Qeis_c1gQ689782KVmNO6xoCpzPAVgYaYpGIv5cXOFo',11,1,'2020-08-21 10:11:31',NULL,'2020-08-21 10:11:31','2020-08-21 10:11:31'),(113,'eyJhbGciOiJIUzI1NiIsInR5cCI6IkpXVCJ9.eyJyZXN1bHRQaG9uZSI6Ijk3MDU2NjczOTUiLCJpYXQiOjE1OTgwMDUzNDh9.HV3z1p-zmrIK-Ibo_kPirS7XYNfDaDstBdFpqZTXdzc',11,1,'2020-08-21 10:22:28',NULL,'2020-08-21 10:22:28','2020-08-21 10:22:28'),(114,'eyJhbGciOiJIUzI1NiIsInR5cCI6IkpXVCJ9.eyJyZXN1bHRQaG9uZSI6Ijk3MDU2NjczOTUiLCJpYXQiOjE1OTgwMDU2NDB9.y1F9uGaNot2UP63E3T9PYhyglevBTSbo03ehrHQ6DuU',11,1,'2020-08-21 10:27:20',NULL,'2020-08-21 10:27:20','2020-08-21 10:27:20'),(115,'eyJhbGciOiJIUzI1NiIsInR5cCI6IkpXVCJ9.eyJyZXN1bHRQaG9uZSI6Ijk3MDU2NjczOTUiLCJpYXQiOjE1OTgwMDU5NDJ9.5hzda95xoIrZNZ9DZkz_igmcyoS6nzvoTfMT96Z4toc',11,1,'2020-08-21 10:32:22',NULL,'2020-08-21 10:32:22','2020-08-21 10:32:22'),(116,'eyJhbGciOiJIUzI1NiIsInR5cCI6IkpXVCJ9.eyJyZXN1bHRQaG9uZSI6Ijk3MDU2NjczOTUiLCJpYXQiOjE1OTgwMDY4MDR9.G0XdoW_cnsL63w6SYK8cJBF4Rvh2CqBcnz_5wsO5sCE',11,1,'2020-08-21 10:46:44',NULL,'2020-08-21 10:46:44','2020-08-21 10:46:44'),(117,'eyJhbGciOiJIUzI1NiIsInR5cCI6IkpXVCJ9.eyJyZXN1bHRQaG9uZSI6Ijk3MDU2NjczOTUiLCJpYXQiOjE1OTgwMDY4MTF9.iLGLw57sH2tM0W1SRjrckgJj3hvGrxI4_AAEMbNAGBc',11,1,'2020-08-21 10:46:51',NULL,'2020-08-21 10:46:51','2020-08-21 10:46:51'),(118,'eyJhbGciOiJIUzI1NiIsInR5cCI6IkpXVCJ9.eyJyZXN1bHRQaG9uZSI6IjgzNzQzOTM2MjEiLCJpYXQiOjE1OTgwMDY4ODJ9.Oqnwcr8koeykLHbgtxWSNkffSHWvunSsVo_sZ7JEheY',1,1,'2020-08-21 10:48:02',NULL,'2020-08-21 10:48:02','2020-08-21 10:48:02'),(119,'eyJhbGciOiJIUzI1NiIsInR5cCI6IkpXVCJ9.eyJyZXN1bHRQaG9uZSI6IjgzNzQzOTM2MjEiLCJpYXQiOjE1OTgwMDY5NTh9.5AtofkBffARNVcGd67tFitMCR7_0nYu9SFlZfoUDQw0',1,1,'2020-08-21 10:49:18',NULL,'2020-08-21 10:49:18','2020-08-21 10:49:18'),(120,'eyJhbGciOiJIUzI1NiIsInR5cCI6IkpXVCJ9.eyJyZXN1bHRQaG9uZSI6IjgzNzQzOTM2MjEiLCJpYXQiOjE1OTgwMDcwMDZ9.5qLiTYplHHF_dJkv1m3Wq4B6sM8Jvh2FszdHLjbd1mM',1,1,'2020-08-21 10:50:06',NULL,'2020-08-21 10:50:06','2020-08-21 10:50:06'),(121,'eyJhbGciOiJIUzI1NiIsInR5cCI6IkpXVCJ9.eyJyZXN1bHRQaG9uZSI6IjgzNzQzOTM2MjEiLCJpYXQiOjE1OTgwMDcwNzd9.UBJlY7DFA6s-q4NQEnL8QyOoTO0tJ7TqtexsJmRi0jY',1,1,'2020-08-21 10:51:17',NULL,'2020-08-21 10:51:17','2020-08-21 10:51:17'),(122,'eyJhbGciOiJIUzI1NiIsInR5cCI6IkpXVCJ9.eyJyZXN1bHRQaG9uZSI6Ijk3MDU2NjczOTUiLCJpYXQiOjE1OTgwMDcxMTR9.Lik5Qm_r4EiYOlN-nFZBxKYU2TvFr7FugOmaI34qMiA',11,1,'2020-08-21 10:51:54',NULL,'2020-08-21 10:51:54','2020-08-21 10:51:54'),(123,'eyJhbGciOiJIUzI1NiIsInR5cCI6IkpXVCJ9.eyJyZXN1bHRQaG9uZSI6Ijk3MDU2NjczOTUiLCJpYXQiOjE1OTgwMDcyMzF9.Hq-rkUr_zf2KfVCUzjzEkkfR_quRW_x7qhNgtuPbsqs',11,1,'2020-08-21 10:53:51',NULL,'2020-08-21 10:53:51','2020-08-21 10:53:51'),(124,'eyJhbGciOiJIUzI1NiIsInR5cCI6IkpXVCJ9.eyJyZXN1bHRQaG9uZSI6Ijk3MDU2NjczOTUiLCJpYXQiOjE1OTgwMDc3Njd9.TAepbUPEBfiImBKzb52_IahZjNAIUKb-E5gjBhsrpPA',11,1,'2020-08-21 11:02:47',NULL,'2020-08-21 11:02:47','2020-08-21 11:02:47'),(125,'eyJhbGciOiJIUzI1NiIsInR5cCI6IkpXVCJ9.eyJyZXN1bHRQaG9uZSI6Ijk3MDU2NjczOTUiLCJpYXQiOjE1OTgwMDc4NDd9.K-xGHNbyhPCBGN9uHaaFnEQUvLzo0IS1xSTZE0ladeg',11,1,'2020-08-21 11:04:07',NULL,'2020-08-21 11:04:07','2020-08-21 11:04:07'),(126,'eyJhbGciOiJIUzI1NiIsInR5cCI6IkpXVCJ9.eyJyZXN1bHRQaG9uZSI6Ijk3MDU2NjczOTUiLCJpYXQiOjE1OTgwMDc5MjJ9.RC6pYBz9z9hAHd8ccWg8n4Ny1SzAmQzqupE7_cLuP3E',11,1,'2020-08-21 11:05:22',NULL,'2020-08-21 11:05:22','2020-08-21 11:05:22'),(127,'eyJhbGciOiJIUzI1NiIsInR5cCI6IkpXVCJ9.eyJyZXN1bHRQaG9uZSI6Ijk3MDU2NjczOTUiLCJpYXQiOjE1OTgwMDgwMDZ9.Ex_b5at4VR2Ru5dpXVGVSVZSESZYt561tkOY7TERRZw',11,1,'2020-08-21 11:06:46',NULL,'2020-08-21 11:06:46','2020-08-21 11:06:46'),(128,'eyJhbGciOiJIUzI1NiIsInR5cCI6IkpXVCJ9.eyJyZXN1bHRQaG9uZSI6Ijk3MDU2NjczOTUiLCJpYXQiOjE1OTgwMDg5MTN9.s8pRq_TXQ5ivFyENWsUk4Nqrv0cGKiTpa9zDlQ0leLs',11,1,'2020-08-21 11:21:53',NULL,'2020-08-21 11:21:53','2020-08-21 11:21:53'),(129,'eyJhbGciOiJIUzI1NiIsInR5cCI6IkpXVCJ9.eyJyZXN1bHRQaG9uZSI6Ijk3MDU2NjczOTUiLCJpYXQiOjE1OTgwMDg5NDh9.kAeKzrS8jnPJQUbF_8Iwf3-fuReyq2g-58Zouk1OiR0',11,1,'2020-08-21 11:22:28',NULL,'2020-08-21 11:22:28','2020-08-21 11:22:28'),(130,'eyJhbGciOiJIUzI1NiIsInR5cCI6IkpXVCJ9.eyJyZXN1bHRQaG9uZSI6IjgzNzQzOTM2MjEiLCJpYXQiOjE1OTgwMDk3ODd9.MOWwERlP-YtNWaAukAdlr8rkAY_U3bjpg-xgNtW2XRY',1,1,'2020-08-21 11:36:27',NULL,'2020-08-21 11:36:27','2020-08-21 11:36:27'),(131,'eyJhbGciOiJIUzI1NiIsInR5cCI6IkpXVCJ9.eyJyZXN1bHRQaG9uZSI6IjgzNzQzOTM2MjEiLCJpYXQiOjE1OTgwMTQ5NDh9.uFV30qTH67cV0zfkYJysWqSE1gZ5uOYJ9FdxfI762H4',1,1,'2020-08-21 13:02:28',NULL,'2020-08-21 13:02:28','2020-08-21 13:02:28'),(132,'eyJhbGciOiJIUzI1NiIsInR5cCI6IkpXVCJ9.eyJyZXN1bHRQaG9uZSI6IjgzNzQzOTM2MjEiLCJpYXQiOjE1OTgwMTg1NTl9.I2SYxQRvwEKQfC59EdcUgUEKdLdYdAtPLgcgJOTNRdc',1,1,'2020-08-21 14:02:39',NULL,'2020-08-21 14:02:39','2020-08-21 14:02:39'),(133,'eyJhbGciOiJIUzI1NiIsInR5cCI6IkpXVCJ9.eyJyZXN1bHRQaG9uZSI6IjgzNzQzOTM2MjEiLCJpYXQiOjE1OTgwMTk5MTB9.gsw37QNJnmjIlrWYLdmHVShHZvAWojRkHLB3f4_z_bs',1,1,'2020-08-21 14:25:10',NULL,'2020-08-21 14:25:10','2020-08-21 14:25:10'),(134,'eyJhbGciOiJIUzI1NiIsInR5cCI6IkpXVCJ9.eyJyZXN1bHRQaG9uZSI6Ijk3MDU2NjczOTUiLCJpYXQiOjE1OTgwMTk5Njd9._pwEAg7xp_2dnuoLI690ucqTWFxUrOQvmzDMeDTrOL0',11,1,'2020-08-21 14:26:07',NULL,'2020-08-21 14:26:07','2020-08-21 14:26:07'),(135,'eyJhbGciOiJIUzI1NiIsInR5cCI6IkpXVCJ9.eyJyZXN1bHRQaG9uZSI6Ijk3MDU2NjczOTUiLCJpYXQiOjE1OTgwMjAwMTd9.74QiU6KEwzCWhfIb2ObORIokXPXv5tL_hppsBmunZdU',11,1,'2020-08-21 14:26:57',NULL,'2020-08-21 14:26:57','2020-08-21 14:26:57'),(136,'eyJhbGciOiJIUzI1NiIsInR5cCI6IkpXVCJ9.eyJyZXN1bHRQaG9uZSI6Ijk3MDU2NjczOTUiLCJpYXQiOjE1OTgwMjAwOTl9.Q190BI6Ul9h8VM023OaS29NhXcFA1hIjBM92QrsSWlI',11,1,'2020-08-21 14:28:19',NULL,'2020-08-21 14:28:19','2020-08-21 14:28:19'),(137,'eyJhbGciOiJIUzI1NiIsInR5cCI6IkpXVCJ9.eyJyZXN1bHRQaG9uZSI6Ijk3MDU2NjczOTUiLCJpYXQiOjE1OTgwMjAxMTV9.VKW6NSnuBqqWYgqHPr6sQOCZb5w4W2-AMIGPgkk15B8',11,1,'2020-08-21 14:28:35',NULL,'2020-08-21 14:28:35','2020-08-21 14:28:35'),(138,'eyJhbGciOiJIUzI1NiIsInR5cCI6IkpXVCJ9.eyJyZXN1bHRQaG9uZSI6Ijk3MDU2NjczOTUiLCJpYXQiOjE1OTgwMjAxNjZ9.cXxTN-UnK9W1ILvMEdFYIjt5pKoSIBsjzRFnFvJ4Nts',11,1,'2020-08-21 14:29:26',NULL,'2020-08-21 14:29:26','2020-08-21 14:29:26'),(139,'eyJhbGciOiJIUzI1NiIsInR5cCI6IkpXVCJ9.eyJyZXN1bHRQaG9uZSI6IjgzNzQzOTM2MjEiLCJpYXQiOjE1OTgwMjEwNzd9.qM-BuU0AXnOR6ISkWLDKv7kqmb0KBw6p39rcfWsdsGY',1,1,'2020-08-21 14:44:37',NULL,'2020-08-21 14:44:37','2020-08-21 14:44:37'),(140,'eyJhbGciOiJIUzI1NiIsInR5cCI6IkpXVCJ9.eyJyZXN1bHRQaG9uZSI6Ijk3MDU2NjczOTUiLCJpYXQiOjE1OTgwMjUwNjJ9.mtvLi4kMRQCAuGRSmg04o4R3TOGTL0I_sSrRdqDN6ao',11,1,'2020-08-21 15:51:02',NULL,'2020-08-21 15:51:02','2020-08-21 15:51:02'),(141,'eyJhbGciOiJIUzI1NiIsInR5cCI6IkpXVCJ9.eyJyZXN1bHRQaG9uZSI6IjgzNzQzOTM2MjEiLCJpYXQiOjE1OTgwMjUxNjB9.zOyddMa271c2HmVbC7EcwLGU_zKWsfxKiNP4j6Y8XkU',1,1,'2020-08-21 15:52:40',NULL,'2020-08-21 15:52:40','2020-08-21 15:52:40'),(142,'eyJhbGciOiJIUzI1NiIsInR5cCI6IkpXVCJ9.eyJyZXN1bHRQaG9uZSI6Ijk3MDU2NjczOTUiLCJpYXQiOjE1OTgwMjUyODB9.PLPQFJ0rJx6-Vn6TKJiFokWTWfGodtuvRWgG3fN5ua0',11,1,'2020-08-21 15:54:40',NULL,'2020-08-21 15:54:40','2020-08-21 15:54:40'),(143,'eyJhbGciOiJIUzI1NiIsInR5cCI6IkpXVCJ9.eyJyZXN1bHRQaG9uZSI6IjgzNzQzOTM2MjEiLCJpYXQiOjE1OTgyNDMzNjJ9.ax1I7r0iYF_AyHuklMtyTuYOwjFRA1c5MdbZ3Iyhfh4',1,1,'2020-08-24 04:29:22',NULL,'2020-08-24 04:29:22','2020-08-24 04:29:22'),(144,'eyJhbGciOiJIUzI1NiIsInR5cCI6IkpXVCJ9.eyJyZXN1bHRQaG9uZSI6IjgzNzQzOTM2MjEiLCJpYXQiOjE1OTgyNDQwMTV9.mh9J4oBfPqTmvzcdj8d36lmdIExfPX-HJLL6mwMMtUk',1,1,'2020-08-24 04:40:15',NULL,'2020-08-24 04:40:15','2020-08-24 04:40:15'),(145,'eyJhbGciOiJIUzI1NiIsInR5cCI6IkpXVCJ9.eyJyZXN1bHRQaG9uZSI6IjgzNzQzOTM2MjEiLCJpYXQiOjE1OTgyNDQxMDh9.N3czRU5cS1BxE1-CNoRwyHGwc96fk99_mUOEf_trOMs',1,1,'2020-08-24 04:41:48',NULL,'2020-08-24 04:41:48','2020-08-24 04:41:48'),(146,'eyJhbGciOiJIUzI1NiIsInR5cCI6IkpXVCJ9.eyJyZXN1bHRQaG9uZSI6IjgzNzQzOTM2MjEiLCJpYXQiOjE1OTgyNDQ2MzJ9.rCw6RW1EUxJuRUZ89zEsR_oEi-Kif51qyHR2_sBaC4o',1,1,'2020-08-24 04:50:32',NULL,'2020-08-24 04:50:32','2020-08-24 04:50:32'),(147,'eyJhbGciOiJIUzI1NiIsInR5cCI6IkpXVCJ9.eyJyZXN1bHRQaG9uZSI6Ijk3MDU2NjczOTUiLCJpYXQiOjE1OTgyNDQ5MDh9.ZZpxWbLY61YSHBUiwP4zGps28amj_huHNlQAJKfeC-s',11,1,'2020-08-24 04:55:08',NULL,'2020-08-24 04:55:08','2020-08-24 04:55:08'),(148,'eyJhbGciOiJIUzI1NiIsInR5cCI6IkpXVCJ9.eyJyZXN1bHRQaG9uZSI6IjgzNzQzOTM2MjEiLCJpYXQiOjE1OTgyNDUxNjd9.SFqRKOmp-dYYGfRd2v7PALO4JzC5uVd1VCzgUN8oXzM',1,1,'2020-08-24 04:59:27',NULL,'2020-08-24 04:59:27','2020-08-24 04:59:27'),(149,'eyJhbGciOiJIUzI1NiIsInR5cCI6IkpXVCJ9.eyJyZXN1bHRQaG9uZSI6IjgzNzQzOTM2MjEiLCJpYXQiOjE1OTgyNDUxOTV9.gO5aCYosx55dLgiX9RVm2LpgNT5iBya_E58rtHCRMrQ',1,1,'2020-08-24 04:59:55',NULL,'2020-08-24 04:59:55','2020-08-24 04:59:55'),(150,'eyJhbGciOiJIUzI1NiIsInR5cCI6IkpXVCJ9.eyJyZXN1bHRQaG9uZSI6IjgzNzQzOTM2MjEiLCJpYXQiOjE1OTgyNDUyNTB9.UZfY269QYTIWnHQoXMV47wWxkPMPIouFknO6bu0IaaI',1,1,'2020-08-24 05:00:50',NULL,'2020-08-24 05:00:50','2020-08-24 05:00:50'),(151,'eyJhbGciOiJIUzI1NiIsInR5cCI6IkpXVCJ9.eyJyZXN1bHRQaG9uZSI6IjgzNzQzOTM2MjEiLCJpYXQiOjE1OTgyNDU1MjJ9.Jyc0BuDk5Kyq5FmHCZGU9u3fbDKSwGUm8PuDdJDuWTE',1,1,'2020-08-24 05:05:22',NULL,'2020-08-24 05:05:22','2020-08-24 05:05:22'),(152,'eyJhbGciOiJIUzI1NiIsInR5cCI6IkpXVCJ9.eyJyZXN1bHRQaG9uZSI6IjgzNzQzOTM2MjEiLCJpYXQiOjE1OTgyNDU2MTJ9.sghqB4yHwg0BXgTOeJiE7YfZZwcfXHNiVqVmYkM1E0A',1,1,'2020-08-24 05:06:52',NULL,'2020-08-24 05:06:52','2020-08-24 05:06:52'),(153,'eyJhbGciOiJIUzI1NiIsInR5cCI6IkpXVCJ9.eyJyZXN1bHRQaG9uZSI6IjgzNzQzOTM2MjEiLCJpYXQiOjE1OTgyNDU2NDV9.WM4kUwYx9UDZ070OhqrEbbnUn02AOfSLAWdL9aJ1rOA',1,1,'2020-08-24 05:07:25',NULL,'2020-08-24 05:07:25','2020-08-24 05:07:25'),(154,'eyJhbGciOiJIUzI1NiIsInR5cCI6IkpXVCJ9.eyJyZXN1bHRQaG9uZSI6Ijk3MDU2NjczOTUiLCJpYXQiOjE1OTgyNDU2NTR9.Y4Z6kRQsE9IJjkhxzb-WudEK1TK6s4o7Eik4Ogy7ov4',11,1,'2020-08-24 05:07:34',NULL,'2020-08-24 05:07:34','2020-08-24 05:07:34'),(155,'eyJhbGciOiJIUzI1NiIsInR5cCI6IkpXVCJ9.eyJyZXN1bHRQaG9uZSI6Ijk3MDU2NjczOTUiLCJpYXQiOjE1OTgyNDU4MjR9.Tnnh1oervrLkpXyG9iok3SUbrld2uYS7u372SlMJinE',11,1,'2020-08-24 05:10:24',NULL,'2020-08-24 05:10:24','2020-08-24 05:10:24'),(156,'eyJhbGciOiJIUzI1NiIsInR5cCI6IkpXVCJ9.eyJyZXN1bHRQaG9uZSI6Ijk3MDU2NjczOTUiLCJpYXQiOjE1OTgyNDYyOTJ9.PoSguAuOCfCSgJlpDn_yBDjHYR3pMYwdJrkkllv8Zvg',11,1,'2020-08-24 05:18:12',NULL,'2020-08-24 05:18:12','2020-08-24 05:18:12'),(157,'eyJhbGciOiJIUzI1NiIsInR5cCI6IkpXVCJ9.eyJyZXN1bHRQaG9uZSI6Ijk3MDU2NjczOTUiLCJpYXQiOjE1OTgyNDYzNzh9.m5LR3MBh9NgJA7WrSsxQsy1E6KToXSx7MIFrf4KpHzM',11,1,'2020-08-24 05:19:38',NULL,'2020-08-24 05:19:38','2020-08-24 05:19:38'),(158,'eyJhbGciOiJIUzI1NiIsInR5cCI6IkpXVCJ9.eyJyZXN1bHRQaG9uZSI6IjgzNzQzOTM2MjEiLCJpYXQiOjE1OTgyNDY5OTR9.2IYCKGNV17uRM3dbG-VCh-IMdCXO_XpBhSri22ewlEo',1,1,'2020-08-24 05:29:54',NULL,'2020-08-24 05:29:54','2020-08-24 05:29:54'),(159,'eyJhbGciOiJIUzI1NiIsInR5cCI6IkpXVCJ9.eyJyZXN1bHRQaG9uZSI6Ijk3MDU2NjczOTUiLCJpYXQiOjE1OTgyNDcxMDR9.T2Zdz-Fk3FvDwkUIB5b8k2CxTGZJMWvIi4YYlf4q0lk',11,1,'2020-08-24 05:31:44',NULL,'2020-08-24 05:31:44','2020-08-24 05:31:44'),(160,'eyJhbGciOiJIUzI1NiIsInR5cCI6IkpXVCJ9.eyJyZXN1bHRQaG9uZSI6Ijk3MDU2NjczOTUiLCJpYXQiOjE1OTgyNDgwNTZ9.I5oenRZp_pmFGivDHtAG1mh6_jjfJVys5afWnw0NACk',11,1,'2020-08-24 05:47:36',NULL,'2020-08-24 05:47:36','2020-08-24 05:47:36'),(161,'eyJhbGciOiJIUzI1NiIsInR5cCI6IkpXVCJ9.eyJyZXN1bHRQaG9uZSI6Ijk3MDU2NjczOTUiLCJpYXQiOjE1OTgyNDgxMTh9.7uUrjqETQ8qHJr2LXdBM1E4unQ3lf-OyFchAewg6ejA',11,1,'2020-08-24 05:48:38',NULL,'2020-08-24 05:48:38','2020-08-24 05:48:38'),(162,'eyJhbGciOiJIUzI1NiIsInR5cCI6IkpXVCJ9.eyJyZXN1bHRQaG9uZSI6Ijk3MDU2NjczOTUiLCJpYXQiOjE1OTgyNDgyMjh9.YQ_wWlZi7Yn0ysxmJLNqKk1k2eTFRjCqNvKOkpr1XCk',11,1,'2020-08-24 05:50:28',NULL,'2020-08-24 05:50:28','2020-08-24 05:50:28'),(163,'eyJhbGciOiJIUzI1NiIsInR5cCI6IkpXVCJ9.eyJyZXN1bHRQaG9uZSI6Ijk3MDU2NjczOTUiLCJpYXQiOjE1OTgyNDg3OTF9.QaYR9TH17NuftwjkghvhUk_K5Qp1LmB0pypBvAskrD4',11,1,'2020-08-24 05:59:51',NULL,'2020-08-24 05:59:51','2020-08-24 05:59:51'),(164,'eyJhbGciOiJIUzI1NiIsInR5cCI6IkpXVCJ9.eyJyZXN1bHRQaG9uZSI6Ijk3MDU2NjczOTUiLCJpYXQiOjE1OTgyNDg4MDd9.7qScvU-ltbPi-1aMlGycs_O13YNTUsiNDZF8hTuRCNA',11,1,'2020-08-24 06:00:07',NULL,'2020-08-24 06:00:07','2020-08-24 06:00:07'),(165,'eyJhbGciOiJIUzI1NiIsInR5cCI6IkpXVCJ9.eyJyZXN1bHRQaG9uZSI6Ijk3MDU2NjczOTUiLCJpYXQiOjE1OTgyNDg4NTF9.i2GXQ8zWV5RfIhyWZ-YvubS4WTics7qrIYHe_ukY5Vc',11,1,'2020-08-24 06:00:51',NULL,'2020-08-24 06:00:51','2020-08-24 06:00:51'),(166,'eyJhbGciOiJIUzI1NiIsInR5cCI6IkpXVCJ9.eyJyZXN1bHRQaG9uZSI6Ijk3MDU2NjczOTUiLCJpYXQiOjE1OTgyNDg5NTV9.bJ5D2lfIALXNHQnkNrAeGfsB4teF9OGaTworbQSBobk',11,1,'2020-08-24 06:02:35',NULL,'2020-08-24 06:02:35','2020-08-24 06:02:35'),(167,'eyJhbGciOiJIUzI1NiIsInR5cCI6IkpXVCJ9.eyJyZXN1bHRQaG9uZSI6IjgzNzQzOTM2MjEiLCJpYXQiOjE1OTgyNTA0NjB9.MkEHIunoSyITXV99cLZxBkplmVp8jTPqU4gWZUugZ5w',1,1,'2020-08-24 06:27:40',NULL,'2020-08-24 06:27:40','2020-08-24 06:27:40'),(168,'eyJhbGciOiJIUzI1NiIsInR5cCI6IkpXVCJ9.eyJyZXN1bHRQaG9uZSI6Ijk3MDU2NjczOTUiLCJpYXQiOjE1OTgyNTA2NTB9.XDx0gxdJUEEZcbqXPT_ZD0PtAcjNxtHSe3qHeB8zPq0',11,1,'2020-08-24 06:30:50',NULL,'2020-08-24 06:30:50','2020-08-24 06:30:50'),(169,'eyJhbGciOiJIUzI1NiIsInR5cCI6IkpXVCJ9.eyJyZXN1bHRQaG9uZSI6Ijk3MDU2NjczOTUiLCJpYXQiOjE1OTgyNTA3MDJ9.s9Vy9Rkdfmor6fTSQ93DBKXhgmCP5iI3BTBmYR_xgXo',11,1,'2020-08-24 06:31:42',NULL,'2020-08-24 06:31:42','2020-08-24 06:31:42'),(170,'eyJhbGciOiJIUzI1NiIsInR5cCI6IkpXVCJ9.eyJyZXN1bHRQaG9uZSI6Ijk3MDU2NjczOTUiLCJpYXQiOjE1OTgyNTA5OTh9.Q5K1-aohvLNIge0TYqz11ZrnPXgE3EdurCO4WG-Za1s',11,1,'2020-08-24 06:36:38',NULL,'2020-08-24 06:36:38','2020-08-24 06:36:38'),(171,'eyJhbGciOiJIUzI1NiIsInR5cCI6IkpXVCJ9.eyJyZXN1bHRQaG9uZSI6Ijk3MDU2NjczOTUiLCJpYXQiOjE1OTgyNTEyMDZ9.NPUQ4z0jQ8VzQuRHZM_poPmmukJbF8iEQFtBjA6mXqQ',11,1,'2020-08-24 06:40:06',NULL,'2020-08-24 06:40:06','2020-08-24 06:40:06'),(172,'eyJhbGciOiJIUzI1NiIsInR5cCI6IkpXVCJ9.eyJyZXN1bHRQaG9uZSI6Ijk3MDU2NjczOTUiLCJpYXQiOjE1OTgyNTE0MzN9._eE6zQdvul75EUlMWBwiycG3y9mSa1M48Xuv5Pm-mm0',11,1,'2020-08-24 06:43:53',NULL,'2020-08-24 06:43:53','2020-08-24 06:43:53'),(173,'eyJhbGciOiJIUzI1NiIsInR5cCI6IkpXVCJ9.eyJyZXN1bHRQaG9uZSI6Ijk3MDU2NjczOTUiLCJpYXQiOjE1OTgyNTE4Nzd9.Haam219ebqxpOkwVmz1T1mcZm0_YaQBZalxcWA5pEIE',11,1,'2020-08-24 06:51:17',NULL,'2020-08-24 06:51:17','2020-08-24 06:51:17'),(174,'eyJhbGciOiJIUzI1NiIsInR5cCI6IkpXVCJ9.eyJyZXN1bHRQaG9uZSI6Ijk3MDU2NjczOTUiLCJpYXQiOjE1OTgyNTM1NDh9.kcBKbjMBu6pIi5VuYa7UHkZWc04UKcdNV7zwpO-2Abk',11,1,'2020-08-24 07:19:08',NULL,'2020-08-24 07:19:08','2020-08-24 07:19:08'),(175,'eyJhbGciOiJIUzI1NiIsInR5cCI6IkpXVCJ9.eyJyZXN1bHRQaG9uZSI6Ijk3MDU2NjczOTUiLCJpYXQiOjE1OTgyNTQ0NTJ9.45Tk4-Nq8zkJeCn2lBB9EO4oMVBEYvYxGTcR6kRTJNI',11,1,'2020-08-24 07:34:12',NULL,'2020-08-24 07:34:12','2020-08-24 07:34:12'),(176,'eyJhbGciOiJIUzI1NiIsInR5cCI6IkpXVCJ9.eyJyZXN1bHRQaG9uZSI6Ijk3MDU2NjczOTUiLCJpYXQiOjE1OTgyNTkwMTN9.U78hKDbfyvL4TZd_fxjcyHdV-LMun2smgJyIztTZJCo',11,1,'2020-08-24 08:50:13',NULL,'2020-08-24 08:50:13','2020-08-24 08:50:13'),(177,'eyJhbGciOiJIUzI1NiIsInR5cCI6IkpXVCJ9.eyJyZXN1bHRQaG9uZSI6IjgzNzQzOTM2MjEiLCJpYXQiOjE1OTgyNTkxNzd9.S9RdW5_jfptDm0L1b8Sc7QvqduqVhvGuVCRFfdzpCZY',1,1,'2020-08-24 08:52:57',NULL,'2020-08-24 08:52:57','2020-08-24 08:52:57'),(178,'eyJhbGciOiJIUzI1NiIsInR5cCI6IkpXVCJ9.eyJyZXN1bHRQaG9uZSI6Ijk3MDU2NjczOTUiLCJpYXQiOjE1OTgyNjEzMjF9.Verg0Jzso1qpNq6smXf4Yrtxb2YPXQS9SkwsRkVNxl0',11,1,'2020-08-24 09:28:41',NULL,'2020-08-24 09:28:41','2020-08-24 09:28:41'),(179,'eyJhbGciOiJIUzI1NiIsInR5cCI6IkpXVCJ9.eyJyZXN1bHRQaG9uZSI6IjgzNzQzOTM2MjEiLCJpYXQiOjE1OTgyNjI2NTF9.NyEJFufboEhuoKMxpYu4R6ESfdJVhQ0vYOF0Ktgn0XY',1,1,'2020-08-24 09:50:51',NULL,'2020-08-24 09:50:51','2020-08-24 09:50:51'),(180,'eyJhbGciOiJIUzI1NiIsInR5cCI6IkpXVCJ9.eyJyZXN1bHRQaG9uZSI6Ijk3MDU2NjczOTUiLCJpYXQiOjE1OTgyNjYxMzV9.3l-NHTzuenD0GXZEX8gYQ-OJNb8oSErjlUSbmqIjKPc',11,1,'2020-08-24 10:48:55',NULL,'2020-08-24 10:48:55','2020-08-24 10:48:55'),(181,'eyJhbGciOiJIUzI1NiIsInR5cCI6IkpXVCJ9.eyJyZXN1bHRQaG9uZSI6Ijk3MDU2NjczOTUiLCJpYXQiOjE1OTgyNjc0MDN9.VSr8rNbZpo3rq0lpBEYS26IVlDdYVH19VgfAmOLFW2Y',11,1,'2020-08-24 11:10:03',NULL,'2020-08-24 11:10:03','2020-08-24 11:10:03'),(182,'eyJhbGciOiJIUzI1NiIsInR5cCI6IkpXVCJ9.eyJyZXN1bHRQaG9uZSI6Ijk3MDU2NjczOTUiLCJpYXQiOjE1OTgyNjk1NzF9.WFGqv8t8W8Uq5WF55DoFTYzH4djm-G3I98_zo47ALUQ',11,1,'2020-08-24 11:46:11',NULL,'2020-08-24 11:46:11','2020-08-24 11:46:11'),(183,'eyJhbGciOiJIUzI1NiIsInR5cCI6IkpXVCJ9.eyJyZXN1bHRQaG9uZSI6Ijk3MDU2NjczOTUiLCJpYXQiOjE1OTgyNzA3MTl9.XMyf5fr5KymQFDzwnV69FTUcuwZjY7fpCnVuyDWmtsc',11,1,'2020-08-24 12:05:19',NULL,'2020-08-24 12:05:19','2020-08-24 12:05:19'),(184,'eyJhbGciOiJIUzI1NiIsInR5cCI6IkpXVCJ9.eyJyZXN1bHRQaG9uZSI6Ijk3MDU2NjczOTUiLCJpYXQiOjE1OTgyNzA4MjZ9.p7-RW07FLHQdisSqyd0HoVabjEf-o_Pxs7RPLADJ8ts',11,1,'2020-08-24 12:07:06',NULL,'2020-08-24 12:07:06','2020-08-24 12:07:06'),(185,'eyJhbGciOiJIUzI1NiIsInR5cCI6IkpXVCJ9.eyJyZXN1bHRQaG9uZSI6Ijk3MDU2NjczOTUiLCJpYXQiOjE1OTgyNzA5Njh9.y5ADiM9kdiPpvUzyM1FsFwb-nmEhZAbmT3S74YerO5s',11,1,'2020-08-24 12:09:28',NULL,'2020-08-24 12:09:28','2020-08-24 12:09:28'),(186,'eyJhbGciOiJIUzI1NiIsInR5cCI6IkpXVCJ9.eyJyZXN1bHRQaG9uZSI6Ijk3MDU2NjczOTUiLCJpYXQiOjE1OTgyNzEwMDF9.JwUcvmeuPnNZqe4FWjEYbSwZU4FyVLjQO4lVRyCIHzY',11,1,'2020-08-24 12:10:01',NULL,'2020-08-24 12:10:01','2020-08-24 12:10:01'),(187,'eyJhbGciOiJIUzI1NiIsInR5cCI6IkpXVCJ9.eyJyZXN1bHRQaG9uZSI6IjgzNzQzOTM2MjEiLCJpYXQiOjE1OTgyNzUwNDV9.takwHjcbTxTdQl_rcxOjw9adHJnG0Liy0QhvZcUzhW0',1,1,'2020-08-24 13:17:25',NULL,'2020-08-24 13:17:25','2020-08-24 13:17:25'),(188,'eyJhbGciOiJIUzI1NiIsInR5cCI6IkpXVCJ9.eyJyZXN1bHRQaG9uZSI6IjgzNzQzOTM2MjEiLCJpYXQiOjE1OTgyNzUxMjR9.3DlhaVlumF61KT6n9g3PQfK8EdmxPw6wZM5KY4Bs-rE',1,1,'2020-08-24 13:18:44',NULL,'2020-08-24 13:18:44','2020-08-24 13:18:44'),(189,'eyJhbGciOiJIUzI1NiIsInR5cCI6IkpXVCJ9.eyJyZXN1bHRQaG9uZSI6IjgzNzQzOTM2MjEiLCJpYXQiOjE1OTgyNzU0Mjd9.ySrWWBz1Q-ygTh-s94b4Y3WyZimJOF0ct0MTM5vBqco',1,1,'2020-08-24 13:23:47',NULL,'2020-08-24 13:23:47','2020-08-24 13:23:47'),(190,'eyJhbGciOiJIUzI1NiIsInR5cCI6IkpXVCJ9.eyJyZXN1bHRQaG9uZSI6IjgzNzQzOTM2MjEiLCJpYXQiOjE1OTgyNzU0OTN9.2RlQ3s49tZrf0szCkSIN6O_16srF70FVbWhJX0365UE',1,1,'2020-08-24 13:24:53',NULL,'2020-08-24 13:24:53','2020-08-24 13:24:53'),(191,'eyJhbGciOiJIUzI1NiIsInR5cCI6IkpXVCJ9.eyJyZXN1bHRQaG9uZSI6IjgzNzQzOTM2MjEiLCJpYXQiOjE1OTgyNzU3NDV9.9TEwzMN4VXw23rh-fXFZeLByzcAc-qFgIXLqMYEs9ds',1,1,'2020-08-24 13:29:05',NULL,'2020-08-24 13:29:05','2020-08-24 13:29:05'),(192,'eyJhbGciOiJIUzI1NiIsInR5cCI6IkpXVCJ9.eyJyZXN1bHRQaG9uZSI6IjgzNzQzOTM2MjEiLCJpYXQiOjE1OTgyNzY4NTV9.3iOONmXRSK-hB1GILgyd5ZmICLwrOXoTyKB1lWFi6kA',1,1,'2020-08-24 13:47:35',NULL,'2020-08-24 13:47:35','2020-08-24 13:47:35'),(193,'eyJhbGciOiJIUzI1NiIsInR5cCI6IkpXVCJ9.eyJyZXN1bHRQaG9uZSI6IjgzNzQzOTM2MjEiLCJpYXQiOjE1OTgyNzgzMjN9.KvKdIB2Uln0_2Eticn7d-iQo1rOXh7XoCah4KiksCpw',1,1,'2020-08-24 14:12:03',NULL,'2020-08-24 14:12:03','2020-08-24 14:12:03'),(194,'eyJhbGciOiJIUzI1NiIsInR5cCI6IkpXVCJ9.eyJyZXN1bHRQaG9uZSI6Ijk3MDU2NjczOTUiLCJpYXQiOjE1OTgzMjgxOTV9.Dtord4IO6FtYfFWBtVYE4vk1nhnzzt4SQW3fg045R4k',11,1,'2020-08-25 04:03:15',NULL,'2020-08-25 04:03:15','2020-08-25 04:03:15'),(195,'eyJhbGciOiJIUzI1NiIsInR5cCI6IkpXVCJ9.eyJyZXN1bHRQaG9uZSI6IjgzNzQzOTM2MjEiLCJpYXQiOjE1OTgzMjk1NDJ9.VPww5Pot0SL4mvxJcCTtJp25slyqhfhFbBT-9R08RI4',1,1,'2020-08-25 04:25:42',NULL,'2020-08-25 04:25:42','2020-08-25 04:25:42'),(196,'eyJhbGciOiJIUzI1NiIsInR5cCI6IkpXVCJ9.eyJyZXN1bHRQaG9uZSI6Ijk3MDU2NjczOTUiLCJpYXQiOjE1OTgzMzAyOTJ9.asczho8i8btmYioisSbfdK5q2Op-6HWJdSToFLfUHho',11,1,'2020-08-25 04:38:12',NULL,'2020-08-25 04:38:12','2020-08-25 04:38:12'),(197,'eyJhbGciOiJIUzI1NiIsInR5cCI6IkpXVCJ9.eyJyZXN1bHRQaG9uZSI6IjgzNzQzOTM2MjEiLCJpYXQiOjE1OTgzMzAzOTJ9.---YaqfD5Ta4GFSAZA9jz-JmSy_Bul4pozeyec9CtDw',1,1,'2020-08-25 04:39:52',NULL,'2020-08-25 04:39:52','2020-08-25 04:39:52'),(198,'eyJhbGciOiJIUzI1NiIsInR5cCI6IkpXVCJ9.eyJyZXN1bHRQaG9uZSI6Ijk3MDU2NjczOTUiLCJpYXQiOjE1OTgzMzA1MTZ9.QTSe6wWZFQfJRGinZXkWl8QiBpMGRh3m0VCOCYno2bc',11,1,'2020-08-25 04:41:56',NULL,'2020-08-25 04:41:56','2020-08-25 04:41:56'),(199,'eyJhbGciOiJIUzI1NiIsInR5cCI6IkpXVCJ9.eyJyZXN1bHRQaG9uZSI6Ijk3MDU2NjczOTUiLCJpYXQiOjE1OTgzMzA2MjF9.Pvf0DLg0eJh_WZv6m0YhN8hpgbd6PD4yuVjNjWxUhhk',11,1,'2020-08-25 04:43:41',NULL,'2020-08-25 04:43:41','2020-08-25 04:43:41'),(200,'eyJhbGciOiJIUzI1NiIsInR5cCI6IkpXVCJ9.eyJyZXN1bHRQaG9uZSI6Ijk3MDU2NjczOTUiLCJpYXQiOjE1OTgzMzA3MDd9.i79N2WOM4A3l_AU7BGF4EbzZVQN_RDghz1tpAkmJuYk',11,1,'2020-08-25 04:45:07',NULL,'2020-08-25 04:45:07','2020-08-25 04:45:07'),(201,'eyJhbGciOiJIUzI1NiIsInR5cCI6IkpXVCJ9.eyJyZXN1bHRQaG9uZSI6Ijk3MDU2NjczOTUiLCJpYXQiOjE1OTgzMzA5NjV9.ezEpYRsexX4aPurP-GshGTnrmZA2uD9yma13sYqh8o4',11,1,'2020-08-25 04:49:25',NULL,'2020-08-25 04:49:25','2020-08-25 04:49:25'),(202,'eyJhbGciOiJIUzI1NiIsInR5cCI6IkpXVCJ9.eyJyZXN1bHRQaG9uZSI6Ijk3MDU2NjczOTUiLCJpYXQiOjE1OTgzMzEwMzF9.C2DIRoru47FtwJYpDsJ8OFXIL63DWPdT-XfEXMLGyhE',11,1,'2020-08-25 04:50:31',NULL,'2020-08-25 04:50:31','2020-08-25 04:50:31'),(203,'eyJhbGciOiJIUzI1NiIsInR5cCI6IkpXVCJ9.eyJyZXN1bHRQaG9uZSI6Ijk3MDU2NjczOTUiLCJpYXQiOjE1OTgzMzEyMjN9.RLDgXhXqPlOCgsI4w14wubNkY-rl3BHpuhJY3q8wI1g',11,1,'2020-08-25 04:53:43',NULL,'2020-08-25 04:53:43','2020-08-25 04:53:43'),(204,'eyJhbGciOiJIUzI1NiIsInR5cCI6IkpXVCJ9.eyJyZXN1bHRQaG9uZSI6Ijk3MDU2NjczOTUiLCJpYXQiOjE1OTgzMzE4NTF9.WD7jpgILsAelKdg5WuOOYz3Tt9jjAkMjOHNoUycmc-w',11,1,'2020-08-25 05:04:11',NULL,'2020-08-25 05:04:11','2020-08-25 05:04:11'),(205,'eyJhbGciOiJIUzI1NiIsInR5cCI6IkpXVCJ9.eyJyZXN1bHRQaG9uZSI6Ijk3MDU2NjczOTUiLCJpYXQiOjE1OTgzMzMzMjd9.i6U-sLBO8iqmxbPqiTpxju5BouMwF3VNW08kWJaDrkg',11,1,'2020-08-25 05:28:47',NULL,'2020-08-25 05:28:47','2020-08-25 05:28:47'),(206,'eyJhbGciOiJIUzI1NiIsInR5cCI6IkpXVCJ9.eyJyZXN1bHRQaG9uZSI6Ijk3MDU2NjczOTUiLCJpYXQiOjE1OTgzMzM3MDd9.JT0ISkWL2jfvRdVwz4k6bvbX_2vrmWGbDERt60SxN_0',11,1,'2020-08-25 05:35:07',NULL,'2020-08-25 05:35:07','2020-08-25 05:35:07'),(207,'eyJhbGciOiJIUzI1NiIsInR5cCI6IkpXVCJ9.eyJyZXN1bHRQaG9uZSI6Ijk3MDU2NjczOTUiLCJpYXQiOjE1OTgzMzM3NDN9.loZJ8FDWB_vjuGUK2ajql24KhgJdjYdvLnHkBLLJ1Dw',11,1,'2020-08-25 05:35:43',NULL,'2020-08-25 05:35:43','2020-08-25 05:35:43'),(208,'eyJhbGciOiJIUzI1NiIsInR5cCI6IkpXVCJ9.eyJyZXN1bHRQaG9uZSI6Ijk3MDU2NjczOTUiLCJpYXQiOjE1OTgzMzM5NTB9.URQPR36XPcB10C9iA_pmpBb-N_l5FfBOndF24HQVpjQ',11,1,'2020-08-25 05:39:10',NULL,'2020-08-25 05:39:10','2020-08-25 05:39:10'),(209,'eyJhbGciOiJIUzI1NiIsInR5cCI6IkpXVCJ9.eyJyZXN1bHRQaG9uZSI6Ijk3MDU2NjczOTUiLCJpYXQiOjE1OTgzMzQ3MTZ9.ZNZWsowh7J8IlSHYq2CYZoO_4vRTpGfcf1wUTlLmrb4',11,1,'2020-08-25 05:51:56',NULL,'2020-08-25 05:51:56','2020-08-25 05:51:56'),(210,'eyJhbGciOiJIUzI1NiIsInR5cCI6IkpXVCJ9.eyJyZXN1bHRQaG9uZSI6Ijk3MDU2NjczOTUiLCJpYXQiOjE1OTgzMzQ5NDZ9.C-nCkNXYHlesMNVgHVOsXi7Mv38dJLbh4rMC5s9-U9M',11,1,'2020-08-25 05:55:46',NULL,'2020-08-25 05:55:46','2020-08-25 05:55:46'),(211,'eyJhbGciOiJIUzI1NiIsInR5cCI6IkpXVCJ9.eyJyZXN1bHRQaG9uZSI6Ijk3MDU2NjczOTUiLCJpYXQiOjE1OTgzMzUzMTh9.Bxh0RO8DiBxbecmmZrCpzmTqr3A2_djA41DrVq099sg',11,1,'2020-08-25 06:01:58',NULL,'2020-08-25 06:01:58','2020-08-25 06:01:58'),(212,'eyJhbGciOiJIUzI1NiIsInR5cCI6IkpXVCJ9.eyJyZXN1bHRQaG9uZSI6Ijk3MDU2NjczOTUiLCJpYXQiOjE1OTgzMzU0NjJ9._MEVcDf1S7CLELpxsi_1oG1shv9O84Ypz54Sj0BRhoQ',11,1,'2020-08-25 06:04:22',NULL,'2020-08-25 06:04:22','2020-08-25 06:04:22'),(213,'eyJhbGciOiJIUzI1NiIsInR5cCI6IkpXVCJ9.eyJyZXN1bHRQaG9uZSI6Ijk3MDU2NjczOTUiLCJpYXQiOjE1OTgzMzU1NDV9.6ahmAY0V-LRp6F4PJ0fKi9r9H1wVqSDBRT9eW_97aCU',11,1,'2020-08-25 06:05:45',NULL,'2020-08-25 06:05:45','2020-08-25 06:05:45'),(214,'eyJhbGciOiJIUzI1NiIsInR5cCI6IkpXVCJ9.eyJyZXN1bHRQaG9uZSI6Ijk3MDU2NjczOTUiLCJpYXQiOjE1OTgzMzU1NjF9.qV08jYsIIWAKJayDvgq8GNmZTwiFGHkFeKLbpXCvnGQ',11,1,'2020-08-25 06:06:01',NULL,'2020-08-25 06:06:01','2020-08-25 06:06:01'),(215,'eyJhbGciOiJIUzI1NiIsInR5cCI6IkpXVCJ9.eyJyZXN1bHRQaG9uZSI6IjgzNzQzOTM2MjEiLCJpYXQiOjE1OTgzMzU2NjN9.rsAGHYIYWGnUrQPCbPxZYtMLZFd6Rxo89Kz_M6rdOBE',1,1,'2020-08-25 06:07:43',NULL,'2020-08-25 06:07:43','2020-08-25 06:07:43'),(216,'eyJhbGciOiJIUzI1NiIsInR5cCI6IkpXVCJ9.eyJyZXN1bHRQaG9uZSI6Ijk3MDU2NjczOTUiLCJpYXQiOjE1OTgzMzU2Njl9.37KLMi5Df3tdX7XHiRAWlIqpDwReJpv6EUuwMKJ4rts',11,1,'2020-08-25 06:07:49',NULL,'2020-08-25 06:07:49','2020-08-25 06:07:49'),(217,'eyJhbGciOiJIUzI1NiIsInR5cCI6IkpXVCJ9.eyJyZXN1bHRQaG9uZSI6Ijk3MDU2NjczOTUiLCJpYXQiOjE1OTgzMzU2OTd9._JIDtCnFUw3HppvqpLdyE0qz3pjycOV0mo6afJT7haw',11,1,'2020-08-25 06:08:17',NULL,'2020-08-25 06:08:17','2020-08-25 06:08:17'),(218,'eyJhbGciOiJIUzI1NiIsInR5cCI6IkpXVCJ9.eyJyZXN1bHRQaG9uZSI6Ijk3MDU2NjczOTUiLCJpYXQiOjE1OTgzMzU4ODJ9.wq7_cNktfhDiWzWlWL7TJGhVC35abePcNxrZpOytF7s',11,1,'2020-08-25 06:11:22',NULL,'2020-08-25 06:11:22','2020-08-25 06:11:22'),(219,'eyJhbGciOiJIUzI1NiIsInR5cCI6IkpXVCJ9.eyJyZXN1bHRQaG9uZSI6Ijk3MDU2NjczOTUiLCJpYXQiOjE1OTgzMzYxMDV9.Ijo3FN8vRSmjJql9O56QKemYO295bRwpzqG7V1GUuqA',11,1,'2020-08-25 06:15:05',NULL,'2020-08-25 06:15:05','2020-08-25 06:15:05'),(220,'eyJhbGciOiJIUzI1NiIsInR5cCI6IkpXVCJ9.eyJyZXN1bHRQaG9uZSI6IjgzNzQzOTM2MjEiLCJpYXQiOjE1OTgzMzcxNjB9.bYHX6w9OctZK7W4xZa2zHqLWJPba-TmCrjOvuPUeOrc',1,1,'2020-08-25 06:32:40',NULL,'2020-08-25 06:32:40','2020-08-25 06:32:40'),(221,'eyJhbGciOiJIUzI1NiIsInR5cCI6IkpXVCJ9.eyJyZXN1bHRQaG9uZSI6Ijk3MDU2NjczOTUiLCJpYXQiOjE1OTgzMzcxODF9.CxZ1ozrq8Boy492j8hswO7J8mk25r4RNqV6MWBFnntQ',11,1,'2020-08-25 06:33:01',NULL,'2020-08-25 06:33:01','2020-08-25 06:33:01'),(222,'eyJhbGciOiJIUzI1NiIsInR5cCI6IkpXVCJ9.eyJyZXN1bHRQaG9uZSI6IjgzNzQzOTM2MjEiLCJpYXQiOjE1OTgzMzgwNjJ9.Epe50x3OtQkb19FfBw85OpFH_H_OsZi0Kd7cZwJ796c',1,1,'2020-08-25 06:47:42',NULL,'2020-08-25 06:47:42','2020-08-25 06:47:42'),(223,'eyJhbGciOiJIUzI1NiIsInR5cCI6IkpXVCJ9.eyJyZXN1bHRQaG9uZSI6IjgzNzQzOTM2MjEiLCJpYXQiOjE1OTgzMzgxNTl9.YfcPS5kXBQ9phUf26uRXsSUWq4WJXkaOiHX6XkO4DYs',1,1,'2020-08-25 06:49:19',NULL,'2020-08-25 06:49:19','2020-08-25 06:49:19'),(224,'eyJhbGciOiJIUzI1NiIsInR5cCI6IkpXVCJ9.eyJyZXN1bHRQaG9uZSI6IjgzNzQzOTM2MjEiLCJpYXQiOjE1OTgzMzgyMDR9.jtRHbA3d1Y2bsRGKa1EoX-jSTm4hfgEHaTVid8BnAnE',1,1,'2020-08-25 06:50:04',NULL,'2020-08-25 06:50:04','2020-08-25 06:50:04'),(225,'eyJhbGciOiJIUzI1NiIsInR5cCI6IkpXVCJ9.eyJyZXN1bHRQaG9uZSI6IjgzNzQzOTM2MjEiLCJpYXQiOjE1OTgzMzgzMzR9.OvCO8PW6lB6lVgKR46osXPGLmIxykuq4oSbdB0EfBts',1,1,'2020-08-25 06:52:14',NULL,'2020-08-25 06:52:14','2020-08-25 06:52:14'),(226,'eyJhbGciOiJIUzI1NiIsInR5cCI6IkpXVCJ9.eyJyZXN1bHRQaG9uZSI6IjgzNzQzOTM2MjEiLCJpYXQiOjE1OTgzMzg2MzB9.Jl8oMiLxjr-AJ0ZA17Ox3gHOwTSlZGkbAZOK7H07ams',1,1,'2020-08-25 06:57:10',NULL,'2020-08-25 06:57:10','2020-08-25 06:57:10'),(227,'eyJhbGciOiJIUzI1NiIsInR5cCI6IkpXVCJ9.eyJyZXN1bHRQaG9uZSI6IjgzNzQzOTM2MjEiLCJpYXQiOjE1OTgzMzg2NTR9.78Xprqcfgsn-wwttr3GasBN7kuR95tWsRi3YD6A9Sk4',1,1,'2020-08-25 06:57:34',NULL,'2020-08-25 06:57:34','2020-08-25 06:57:34'),(228,'eyJhbGciOiJIUzI1NiIsInR5cCI6IkpXVCJ9.eyJyZXN1bHRQaG9uZSI6IjgzNzQzOTM2MjEiLCJpYXQiOjE1OTgzMzg2NTl9.2qfkliOCiTYAO2XoUGCtcfhvSZ-gIvUWR0qS3sEN5zc',1,1,'2020-08-25 06:57:39',NULL,'2020-08-25 06:57:39','2020-08-25 06:57:39'),(229,'eyJhbGciOiJIUzI1NiIsInR5cCI6IkpXVCJ9.eyJyZXN1bHRQaG9uZSI6IjgzNzQzOTM2MjEiLCJpYXQiOjE1OTgzMzg4MDF9.xsQCW-pzyDaHKIKixvLBLbScHwma_VR5us27Pzj0xQ8',1,1,'2020-08-25 07:00:01',NULL,'2020-08-25 07:00:01','2020-08-25 07:00:01'),(230,'eyJhbGciOiJIUzI1NiIsInR5cCI6IkpXVCJ9.eyJyZXN1bHRQaG9uZSI6IjgzNzQzOTM2MjEiLCJpYXQiOjE1OTgzMzg4OTZ9.7HyZxF-XPSsjmlcZbziHlPKVaSRvKKIXj2YUPQ76uQ0',1,1,'2020-08-25 07:01:36',NULL,'2020-08-25 07:01:36','2020-08-25 07:01:36'),(231,'eyJhbGciOiJIUzI1NiIsInR5cCI6IkpXVCJ9.eyJyZXN1bHRQaG9uZSI6IjgzNzQzOTM2MjEiLCJpYXQiOjE1OTgzMzkxOTV9.MHS4UUv6RAebTTW1e0K0Nb-fCFcZ8Jx-9yNOMY9j3DM',1,1,'2020-08-25 07:06:35',NULL,'2020-08-25 07:06:35','2020-08-25 07:06:35'),(232,'eyJhbGciOiJIUzI1NiIsInR5cCI6IkpXVCJ9.eyJyZXN1bHRQaG9uZSI6Ijk3MDU2NjczOTUiLCJpYXQiOjE1OTgzNDcwNDh9.79nD6utMR6gjVrxZef0WVvYu39ajysScppXu4rUgIok',11,1,'2020-08-25 09:17:28',NULL,'2020-08-25 09:17:28','2020-08-25 09:17:28'),(233,'eyJhbGciOiJIUzI1NiIsInR5cCI6IkpXVCJ9.eyJyZXN1bHRQaG9uZSI6Ijk3MDU2NjczOTUiLCJpYXQiOjE1OTgzNDczNzF9.KSox-jv6vtpPaEEtdYxUQbnhegpmt6CGDwj0Y0fR6go',11,1,'2020-08-25 09:22:51',NULL,'2020-08-25 09:22:51','2020-08-25 09:22:51'),(234,'eyJhbGciOiJIUzI1NiIsInR5cCI6IkpXVCJ9.eyJyZXN1bHRQaG9uZSI6Ijk3MDU2NjczOTUiLCJpYXQiOjE1OTgzNDczODF9.gIdSYOWhW5nA_BXKSMLZz76HY9dG3s4M0Tss_bwkIK4',11,1,'2020-08-25 09:23:01',NULL,'2020-08-25 09:23:01','2020-08-25 09:23:01'),(235,'eyJhbGciOiJIUzI1NiIsInR5cCI6IkpXVCJ9.eyJyZXN1bHRQaG9uZSI6Ijk3MDU2NjczOTUiLCJpYXQiOjE1OTgzNDg5NTN9.q6jrdcXNF7irK9UJHAnRF4NlEC8DN79W6oqdlwscHB4',11,1,'2020-08-25 09:49:13',NULL,'2020-08-25 09:49:13','2020-08-25 09:49:13'),(236,'eyJhbGciOiJIUzI1NiIsInR5cCI6IkpXVCJ9.eyJyZXN1bHRQaG9uZSI6Ijk3MDU2NjczOTUiLCJpYXQiOjE1OTgzNDg5OTd9.w1ySz2KzrM7L3623kJEP-0NiKVEBuq56bMxsZHYWEaI',11,1,'2020-08-25 09:49:57',NULL,'2020-08-25 09:49:57','2020-08-25 09:49:57'),(237,'eyJhbGciOiJIUzI1NiIsInR5cCI6IkpXVCJ9.eyJyZXN1bHRQaG9uZSI6Ijk3MDU2NjczOTUiLCJpYXQiOjE1OTgzNDkzODd9.I8fCTEpiXps4lVng0ZN1wz7yl5L7RVYJY-tX3P1ByO4',11,1,'2020-08-25 09:56:27',NULL,'2020-08-25 09:56:27','2020-08-25 09:56:27'),(238,'eyJhbGciOiJIUzI1NiIsInR5cCI6IkpXVCJ9.eyJyZXN1bHRQaG9uZSI6Ijk3MDU2NjczOTUiLCJpYXQiOjE1OTgzNDk4MDh9.X6ci-DZdBtoboJhbeUWdbbHLxbYjbF5ypl9BWis2AXU',11,1,'2020-08-25 10:03:28',NULL,'2020-08-25 10:03:28','2020-08-25 10:03:28'),(239,'eyJhbGciOiJIUzI1NiIsInR5cCI6IkpXVCJ9.eyJyZXN1bHRQaG9uZSI6Ijk3MDU2NjczOTUiLCJpYXQiOjE1OTgzNDk5Mjl9.mSE0TqsIy8eSpmKuxlsHN1iP9dD208VbThvUPaZ4od0',11,1,'2020-08-25 10:05:29',NULL,'2020-08-25 10:05:29','2020-08-25 10:05:29'),(240,'eyJhbGciOiJIUzI1NiIsInR5cCI6IkpXVCJ9.eyJyZXN1bHRQaG9uZSI6Ijk3MDU2NjczOTUiLCJpYXQiOjE1OTgzNTA0ODd9.clw67JqCQFX5ijwKmQT7nPDK41nVRsUsAd1dzdXz080',11,1,'2020-08-25 10:14:47',NULL,'2020-08-25 10:14:47','2020-08-25 10:14:47'),(241,'eyJhbGciOiJIUzI1NiIsInR5cCI6IkpXVCJ9.eyJyZXN1bHRQaG9uZSI6Ijk3MDU2NjczOTUiLCJpYXQiOjE1OTgzNTA2ODR9.kW-Rsca_NA0wi5beNH9U0jMntjuurIShk5cvtK7nh-8',11,1,'2020-08-25 10:18:04',NULL,'2020-08-25 10:18:04','2020-08-25 10:18:04'),(242,'eyJhbGciOiJIUzI1NiIsInR5cCI6IkpXVCJ9.eyJyZXN1bHRQaG9uZSI6Ijk3MDU2NjczOTUiLCJpYXQiOjE1OTgzNTA3Mzl9.KAPPlmcCDZ2YKmbIIwQMD7Q-jdFwi0p8LKXMGNp0he0',11,1,'2020-08-25 10:18:59',NULL,'2020-08-25 10:18:59','2020-08-25 10:18:59'),(243,'eyJhbGciOiJIUzI1NiIsInR5cCI6IkpXVCJ9.eyJyZXN1bHRQaG9uZSI6Ijk3MDU2NjczOTUiLCJpYXQiOjE1OTgzNTA3Nzd9.Fyw5cG8VXk01RKGH--j5ZfaiymH1RED2XGw2Z5GQa1Y',11,1,'2020-08-25 10:19:37',NULL,'2020-08-25 10:19:37','2020-08-25 10:19:37'),(244,'eyJhbGciOiJIUzI1NiIsInR5cCI6IkpXVCJ9.eyJyZXN1bHRQaG9uZSI6Ijk3MDU2NjczOTUiLCJpYXQiOjE1OTgzNTA5MDR9.4APtX3RBVgL3xaUQEeB_xpn7oRdIup8SEVLsiwFN1Tk',11,1,'2020-08-25 10:21:44',NULL,'2020-08-25 10:21:44','2020-08-25 10:21:44'),(245,'eyJhbGciOiJIUzI1NiIsInR5cCI6IkpXVCJ9.eyJyZXN1bHRQaG9uZSI6Ijk3MDU2NjczOTUiLCJpYXQiOjE1OTgzNTE2MTB9.jNfmvGPsOH7qMpJBSc5UIooNVIR_RVGnWF08ZnQ7MH0',11,1,'2020-08-25 10:33:30',NULL,'2020-08-25 10:33:30','2020-08-25 10:33:30'),(246,'eyJhbGciOiJIUzI1NiIsInR5cCI6IkpXVCJ9.eyJyZXN1bHRQaG9uZSI6Ijk3MDU2NjczOTUiLCJpYXQiOjE1OTgzNTE2NDF9.dxXX6p78ut7-H_4GmyF2Ave-Zhml4oN8e6E_bMQA1GE',11,1,'2020-08-25 10:34:01',NULL,'2020-08-25 10:34:01','2020-08-25 10:34:01'),(247,'eyJhbGciOiJIUzI1NiIsInR5cCI6IkpXVCJ9.eyJyZXN1bHRQaG9uZSI6Ijk3MDU2NjczOTUiLCJpYXQiOjE1OTgzNTE3Mzh9.FyuSlbfwwEWtesbWm24qgE72z99Z_u67owgZprPNC9s',11,1,'2020-08-25 10:35:38',NULL,'2020-08-25 10:35:38','2020-08-25 10:35:38'),(248,'eyJhbGciOiJIUzI1NiIsInR5cCI6IkpXVCJ9.eyJyZXN1bHRQaG9uZSI6Ijk3MDU2NjczOTUiLCJpYXQiOjE1OTgzNTIyNzF9.fb8lpNUYi8BoyjaO3s2peDSaF3A2bV6mgLDQjoV_TYc',11,1,'2020-08-25 10:44:31',NULL,'2020-08-25 10:44:31','2020-08-25 10:44:31');
/*!40000 ALTER TABLE `user_token` ENABLE KEYS */;
UNLOCK TABLES;

--
-- Table structure for table `users`
--

DROP TABLE IF EXISTS `users`;
/*!40101 SET @saved_cs_client     = @@character_set_client */;
/*!50503 SET character_set_client = utf8mb4 */;
CREATE TABLE `users` (
  `id` int NOT NULL AUTO_INCREMENT,
  `name` varchar(45) DEFAULT NULL,
  `mobile` varchar(45) NOT NULL,
  `password` varchar(45) NOT NULL,
  `role` varchar(45) NOT NULL,
  `date_added` date DEFAULT NULL,
  `date_deleted` date DEFAULT NULL,
  `added_by` varchar(50) DEFAULT NULL,
  `deleted_by` varchar(50) DEFAULT NULL,
  PRIMARY KEY (`id`),
  UNIQUE KEY `id_UNIQUE` (`id`)
) ENGINE=InnoDB AUTO_INCREMENT=20 DEFAULT CHARSET=utf8mb4 COLLATE=utf8mb4_0900_ai_ci;
/*!40101 SET character_set_client = @saved_cs_client */;

--
-- Dumping data for table `users`
--

LOCK TABLES `users` WRITE;
/*!40000 ALTER TABLE `users` DISABLE KEYS */;
INSERT INTO `users` VALUES (1,'mukesh','8374393621','mukesh','admin',NULL,NULL,NULL,NULL),(2,'Shayroo Ali','9823883544','123','cleaner','2020-08-13',NULL,'mukesh',NULL),(3,'Balaiah Yadav','9999999999','123','cleaner','2020-08-14',NULL,'mukesh',NULL),(4,'test12','9097868876','000','cleaner','2020-08-14','2020-08-14','mukesh','mukesh'),(5,'Basant Dolakia','9254444444','999','cleaner','2020-08-14',NULL,'mukesh',NULL),(6,'susmitha','9090912345','','cleaner','2020-08-17',NULL,'mukesh',NULL),(7,'Hasrath Ali','9121212121','123','cleaner','2020-08-17',NULL,'mukesh',NULL),(8,'dinesh','9222222222','000','cleaner','2020-08-17',NULL,'mukesh',NULL),(9,'Dharmendar Singh','9333333333','000','cleaner','2020-08-17',NULL,'mukesh',NULL),(10,'Bala Saikrupa','9494059694','12345','cleaner','2020-08-18',NULL,'mukesh',NULL),(11,'Senthil Nathan','9705667395','12345','cleaner','2020-08-19',NULL,'mukesh',NULL),(12,'susmitha','9121214343','000','cleaner','2020-08-21',NULL,'mukesh',NULL),(13,'susmitha tallapaneni','9812128786','123','cleaner','2020-08-21',NULL,'mukesh',NULL),(14,'susmitha tallapaneni ','9012787676','123','cleaner','2020-08-21',NULL,'mukesh',NULL),(15,'susmitha','9134334545','','cleaner','2020-08-21',NULL,'mukesh',NULL),(16,'srinadh','9167635587','123','cleaner','2020-08-21',NULL,'mukesh',NULL),(17,'srinadh','9367676769','000','cleaner','2020-08-21',NULL,'mukesh',NULL),(18,'Anil','9335552465','123','cleaner','2020-08-24',NULL,'mukesh',NULL),(19,'Anil','9535656556','123','cleaner','2020-08-24',NULL,'mukesh',NULL);
/*!40000 ALTER TABLE `users` ENABLE KEYS */;
UNLOCK TABLES;

--
-- Table structure for table `vehicles`
--

DROP TABLE IF EXISTS `vehicles`;
/*!40101 SET @saved_cs_client     = @@character_set_client */;
/*!50503 SET character_set_client = utf8mb4 */;
CREATE TABLE `vehicles` (
  `id` int NOT NULL AUTO_INCREMENT,
  `registration_no` varchar(45) DEFAULT NULL,
  `customer_id` int NOT NULL,
  `parking_no` varchar(45) DEFAULT NULL,
  `building_id` int NOT NULL,
  PRIMARY KEY (`id`),
  KEY `fk_veh_building_id` (`building_id`),
  KEY `fk_cust_id` (`customer_id`),
  CONSTRAINT `fk_cust_id` FOREIGN KEY (`customer_id`) REFERENCES `customers` (`id`),
  CONSTRAINT `fk_veh_building_id` FOREIGN KEY (`building_id`) REFERENCES `buildings` (`id`)
) ENGINE=InnoDB AUTO_INCREMENT=80 DEFAULT CHARSET=utf8mb4 COLLATE=utf8mb4_0900_ai_ci;
/*!40101 SET character_set_client = @saved_cs_client */;

--
-- Dumping data for table `vehicles`
--

LOCK TABLES `vehicles` WRITE;
/*!40000 ALTER TABLE `vehicles` DISABLE KEYS */;
INSERT INTO `vehicles` VALUES (2,'AP091111',6,'1234',1),(3,'AP091112',6,'1234',1),(4,'AP091114',6,'1234',1),(11,'TS10EC1010',10,'66',1),(12,'TS10EC1121',11,'66',1),(13,'TS10EC1221',12,'98',1),(14,'TS08EC1221',13,'98',1),(15,'TS08EC1235',14,'76',1),(16,'TS08EC1231',15,'8',1),(17,'MH01QQ1111',16,'909',1),(18,'MH01QQ1111',17,'909',1),(19,'TS08EC1910',18,'98',1),(20,'MH01QQ1111',19,'90',1),(21,'mh00098',20,'90889',1),(22,'MH01QQ1111',21,'90',1),(23,'TS08EC1919',22,'98',1),(24,'TS08EC1959',23,'98',1),(25,'TS08EC1859',24,'9898',1),(26,'TS08EC1820',25,'998',1),(27,'TS08EC2020',26,'9898',1),(28,'TS08EC2520',27,'99',1),(29,'AP08EW2521',28,'98',1),(30,'AP08EW2522',29,'12',1),(31,'MHJK1111',30,'0',1),(32,'MKLJJJ111',31,'0',1),(33,'AP08EW2552',32,'89798',1),(34,'AP08EW2612',34,'12',1),(35,'AP08EC2612',35,'12',1),(36,'MH08EC2662',36,'12',1),(37,'MH08EC2062',38,'12',1),(38,'KA08EC2069',38,'12',1),(39,'KA08EW2069',39,'90',1),(40,'AP08EW2746',39,'90',1),(41,'AP10EW2726',41,'90',1),(42,'AP10EW2736',41,'90',1),(43,'AP10EC2782',42,'99',1),(44,'TSOPL7777',42,'99',1),(45,'TS098KIUJ',43,'100',1),(46,'TFDLO999',43,'100',1),(47,'AP10EQ2782',43,'123',1),(48,'AP22EQ2748',44,'90',1),(49,'TS22EQ2123',45,'90',1),(50,'TS11EQ2222',45,'12',1),(51,'TS11EQ9999',46,'90',1),(52,'TS108762',46,'12',1),(53,'TS091902',47,'99',1),(54,'AP-11-212',48,'987687',1),(55,'AP-09-12',48,'-86',1),(56,'DU-11-12',49,'12099877',1),(57,'DU-09-12',49,'99879',1),(58,'AP101234',50,'9090',1),(59,'AP129999',51,'123',1),(60,'TS012344',52,'86778',1),(61,'AP092387',53,'8778',1),(62,'MH01QQ11',32,'89798',1),(63,'AP107654',54,'9898',1),(64,'AP128767',54,'08080',1),(65,'AP7688',55,'1233',1),(66,'AP18765',55,'87854',1),(67,'DU-01-1234',56,'1767',4),(68,'AP110909',57,'7637',1),(69,'AP46565',57,'898',1),(70,'AP764563',58,'1234',1),(71,'AP35435',58,'1234',1),(72,'TS15EM0766',59,'24',8),(73,'TS28EW2932',60,'125',1),(74,'TS10EA1234',61,'122',1),(75,'AP09PR1233',62,'4322',10),(76,'AP12KD9999',62,'9009',10),(77,'AP09KD9898',63,'7872',1),(78,'DU01AE9090',64,'8782',13),(79,'DU09PR3243',64,'1234',13);
/*!40000 ALTER TABLE `vehicles` ENABLE KEYS */;
UNLOCK TABLES;

--
-- Table structure for table `work_schedule`
--

DROP TABLE IF EXISTS `work_schedule`;
/*!40101 SET @saved_cs_client     = @@character_set_client */;
/*!50503 SET character_set_client = utf8mb4 */;
CREATE TABLE `work_schedule` (
  `id` int NOT NULL AUTO_INCREMENT,
  `worker_building_id` int DEFAULT NULL,
  `vehicle_id` int NOT NULL,
  `monday` int DEFAULT NULL,
  `tuesday` int DEFAULT NULL,
  `wednesday` int DEFAULT NULL,
  `thursday` int DEFAULT NULL,
  `friday` int DEFAULT NULL,
  `saturday` int DEFAULT NULL,
  `sunday` int DEFAULT NULL,
  `date_created` timestamp NOT NULL DEFAULT CURRENT_TIMESTAMP ON UPDATE CURRENT_TIMESTAMP,
  `date_updated` timestamp NOT NULL DEFAULT CURRENT_TIMESTAMP ON UPDATE CURRENT_TIMESTAMP,
  `created_by` varchar(50) DEFAULT NULL,
  `updated_by` varchar(50) DEFAULT NULL,
  `client_ip` varchar(150) DEFAULT NULL,
  `browser_details` varchar(200) DEFAULT NULL,
  `start_date` date DEFAULT NULL,
  `end_date` date DEFAULT NULL,
  `subscription_amount` int DEFAULT NULL,
  PRIMARY KEY (`id`),
  KEY `fk_worker_id` (`worker_building_id`),
  KEY `fk_vehicle_id` (`vehicle_id`),
  CONSTRAINT `fk_vehicle_id` FOREIGN KEY (`vehicle_id`) REFERENCES `vehicles` (`id`),
  CONSTRAINT `workr_build_id` FOREIGN KEY (`worker_building_id`) REFERENCES `worker_building` (`id`)
) ENGINE=InnoDB AUTO_INCREMENT=65 DEFAULT CHARSET=utf8mb4 COLLATE=utf8mb4_0900_ai_ci;
/*!40101 SET character_set_client = @saved_cs_client */;

--
-- Dumping data for table `work_schedule`
--

LOCK TABLES `work_schedule` WRITE;
/*!40000 ALTER TABLE `work_schedule` DISABLE KEYS */;
INSERT INTO `work_schedule` VALUES (2,2,11,1,1,1,1,1,1,1,'2020-08-24 13:01:29','2020-08-24 13:01:29','undefined','undefined',NULL,NULL,NULL,'2020-08-24',500),(3,2,12,1,1,1,1,1,1,1,'2020-08-21 08:37:09','2020-08-21 08:37:09','undefined','undefined',NULL,NULL,NULL,'2020-08-20',500),(4,2,13,1,1,1,1,1,1,1,'2020-08-24 13:01:12','2020-08-24 13:01:12','undefined','undefined',NULL,NULL,NULL,'2020-08-24',500),(5,2,14,1,1,1,1,1,1,1,'2020-08-24 13:01:05','2020-08-24 13:01:05','undefined','undefined',NULL,NULL,NULL,'2020-08-24',500),(6,2,15,1,1,1,1,1,1,1,'2020-08-24 12:59:59','2020-08-24 12:59:59','undefined','undefined',NULL,NULL,NULL,'2020-08-24',500),(7,2,16,1,1,1,1,1,1,1,'2020-08-24 13:00:40','2020-08-24 13:00:40','undefined','undefined',NULL,NULL,NULL,'2020-08-24',500),(8,2,17,1,1,1,1,1,1,1,'2020-08-24 13:00:47','2020-08-24 13:00:47','undefined','undefined',NULL,NULL,NULL,'2020-08-24',500),(9,2,18,1,1,1,1,1,1,1,'2020-08-24 13:00:54','2020-08-24 13:00:54','undefined','undefined',NULL,NULL,NULL,'2020-08-24',500),(10,2,19,1,1,1,1,1,1,1,'2020-08-24 13:02:32','2020-08-24 13:02:32','undefined','undefined',NULL,NULL,NULL,'2020-08-24',500),(11,2,20,1,1,1,1,1,1,1,'2020-08-24 13:02:37','2020-08-24 13:02:37','undefined','undefined',NULL,NULL,NULL,'2020-08-24',500),(12,2,21,1,1,1,1,1,1,1,'2020-08-24 13:02:43','2020-08-24 13:02:43','undefined','undefined',NULL,NULL,NULL,'2020-08-24',500),(13,2,22,1,1,1,1,1,1,1,'2020-08-24 13:02:50','2020-08-24 13:02:50','undefined','undefined',NULL,NULL,NULL,'2020-08-24',500),(14,2,23,1,1,1,1,1,1,1,'2020-08-24 13:02:57','2020-08-24 13:02:57','undefined','undefined',NULL,NULL,NULL,'2020-08-24',500),(15,2,24,1,1,1,1,1,1,1,'2020-08-24 13:03:04','2020-08-24 13:03:04','undefined','undefined',NULL,NULL,NULL,'2020-08-24',500),(16,2,25,1,1,1,1,1,1,1,'2020-08-24 13:03:11','2020-08-24 13:03:11','undefined','undefined',NULL,NULL,NULL,'2020-08-24',500),(17,2,26,1,1,1,1,1,1,1,'2020-08-24 13:03:17','2020-08-24 13:03:17','undefined','undefined',NULL,NULL,NULL,'2020-08-24',500),(18,2,27,1,1,1,1,1,1,1,'2020-08-24 13:03:24','2020-08-24 13:03:24','undefined','undefined',NULL,NULL,NULL,'2020-08-24',500),(19,2,28,1,1,1,1,1,1,1,'2020-08-21 08:37:09','2020-08-21 08:37:09','undefined','undefined',NULL,NULL,'2020-08-03','2020-08-13',500),(20,2,29,1,1,1,1,1,1,1,'2020-08-24 13:03:45','2020-08-24 13:03:45','undefined','undefined',NULL,NULL,NULL,'2020-08-24',500),(21,2,30,1,1,1,1,1,1,1,'2020-08-21 08:37:09','2020-08-21 08:37:09','undefined','undefined',NULL,NULL,NULL,'2020-08-13',500),(22,2,33,1,1,1,1,1,1,1,'2020-08-24 13:04:14','2020-08-24 13:04:14','undefined','undefined',NULL,NULL,'2020-08-06','2020-08-24',500),(23,2,35,1,1,1,1,1,1,1,'2020-08-24 13:04:29','2020-08-24 13:04:29','undefined','undefined',NULL,NULL,'2020-08-06','2020-08-24',500),(24,2,36,1,1,1,1,1,1,1,'2020-08-24 13:04:35','2020-08-24 13:04:35','undefined','undefined',NULL,NULL,'2020-06-08','2020-08-24',500),(25,2,37,0,0,0,0,0,0,1,'2020-08-24 13:04:52','2020-08-24 13:04:52','undefined','undefined',NULL,NULL,'2020-06-08','2020-08-24',500),(26,2,38,0,0,0,0,0,0,1,'2020-08-24 13:04:52','2020-08-24 13:04:52','undefined','undefined',NULL,NULL,'2020-06-08','2020-08-24',500),(27,2,39,1,1,1,1,1,1,1,'2020-08-24 13:04:57','2020-08-24 13:04:57','undefined','undefined',NULL,NULL,'2020-06-08','2020-08-24',500),(28,2,40,1,1,1,1,1,1,1,'2020-08-24 13:04:57','2020-08-24 13:04:57','undefined','undefined',NULL,NULL,'2020-06-08','2020-08-24',500),(29,2,41,0,0,0,0,0,1,0,'2020-08-24 13:05:05','2020-08-24 13:05:05','undefined','undefined',NULL,NULL,'2020-06-08','2020-08-24',500),(30,2,42,0,0,0,0,0,1,0,'2020-08-24 13:05:05','2020-08-24 13:05:05','undefined','undefined',NULL,NULL,'2020-06-08','2020-08-24',500),(31,2,43,1,0,0,0,0,0,0,'2020-08-21 08:37:09','2020-08-21 08:37:09','undefined','undefined',NULL,NULL,'2020-06-08',NULL,500),(32,2,44,1,0,0,0,0,0,0,'2020-08-21 08:37:09','2020-08-21 08:37:09','undefined','undefined',NULL,NULL,'2020-06-08',NULL,500),(33,2,45,0,0,0,1,0,1,0,'2020-08-21 08:37:09','2020-08-21 08:37:09','undefined','undefined',NULL,NULL,'2020-06-08','2020-08-20',500),(34,2,46,0,0,0,1,0,1,0,'2020-08-21 08:37:09','2020-08-21 08:37:09','undefined','undefined',NULL,NULL,'2020-06-08','2020-08-20',500),(35,2,47,0,0,0,0,0,0,1,'2020-08-21 08:37:09','2020-08-21 08:37:09','undefined','undefined',NULL,NULL,'2020-06-08','2020-08-20',500),(36,2,49,1,1,1,1,1,1,1,'2020-08-24 13:05:21','2020-08-24 13:05:21','undefined','undefined',NULL,NULL,'2020-06-08','2020-08-24',500),(37,2,51,1,1,1,1,1,1,1,'2020-08-24 13:05:28','2020-08-24 13:05:28','undefined','undefined',NULL,NULL,'2020-06-08','2020-08-24',500),(38,2,53,0,0,0,0,0,0,1,'2020-08-24 13:05:34','2020-08-24 13:05:34','undefined','undefined',NULL,NULL,'2020-08-06','2020-08-24',500),(39,2,54,0,0,0,0,0,0,1,'2020-08-24 13:05:45','2020-08-24 13:05:45','undefined','undefined',NULL,NULL,'2020-08-06','2020-08-24',500),(40,2,56,1,1,1,1,1,1,1,'2020-08-24 13:05:51','2020-08-24 13:05:51','undefined','undefined',NULL,NULL,'2020-08-06','2020-08-24',500),(41,2,57,0,0,1,0,0,0,0,'2020-08-24 13:05:51','2020-08-24 13:05:51','undefined','undefined',NULL,NULL,'2020-08-12','2020-08-24',500),(42,2,62,1,1,1,1,1,1,1,'2020-08-21 08:37:09','2020-08-21 08:37:09','undefined','undefined',NULL,NULL,'2020-08-06','2020-08-13',500),(43,2,33,0,0,0,0,0,1,1,'2020-08-24 13:04:14','2020-08-24 13:04:14','undefined','undefined',NULL,NULL,'2020-08-06','2020-08-24',500),(44,2,63,1,1,1,1,1,1,1,'2020-08-21 08:37:09','2020-08-21 08:37:09','undefined','undefined',NULL,NULL,'2020-08-14','2020-08-14',500),(45,2,64,1,0,0,1,0,0,0,'2020-08-21 08:37:09','2020-08-21 08:37:09','undefined','undefined',NULL,NULL,'2020-08-14','2020-08-14',500),(46,9,65,1,1,1,1,1,1,1,'2020-08-24 13:06:23','2020-08-24 13:06:23','undefined','undefined',NULL,NULL,'2020-08-17','2020-08-24',500),(47,9,66,1,0,0,0,1,0,0,'2020-08-24 13:06:23','2020-08-24 13:06:23','undefined','undefined',NULL,NULL,'2020-08-17','2020-08-24',500),(48,9,66,1,0,0,1,0,0,0,'2020-08-24 13:06:23','2020-08-24 13:06:23','undefined','undefined',NULL,NULL,'2020-08-17','2020-08-24',500),(49,9,67,1,1,1,1,1,1,1,'2020-08-24 13:06:30','2020-08-24 13:06:30','undefined','undefined',NULL,NULL,'2020-08-17','2020-08-24',500),(50,2,68,1,1,1,1,1,1,1,'2020-08-21 10:18:28','2020-08-21 10:18:28','undefined','undefined',NULL,NULL,'2020-08-17','2020-08-21',500),(51,2,69,1,0,0,0,1,0,0,'2020-08-21 10:18:28','2020-08-21 10:18:28','undefined','undefined',NULL,NULL,'2020-08-17','2020-08-21',500),(52,2,70,1,1,1,1,1,1,1,'2020-08-24 13:06:38','2020-08-24 13:06:38','undefined','undefined',NULL,NULL,'2020-08-17','2020-08-24',500),(53,2,71,1,1,1,1,1,1,1,'2020-08-24 13:06:38','2020-08-24 13:06:38','undefined','undefined',NULL,NULL,'2020-08-17','2020-08-24',500),(54,12,72,1,1,1,1,1,1,1,'2020-08-24 13:06:45','2020-08-24 13:06:45','undefined','undefined',NULL,NULL,'2020-08-18','2020-08-24',500),(55,4,73,1,1,1,1,1,1,1,'2020-08-21 08:37:09','2020-08-21 08:37:09','undefined','undefined',NULL,NULL,'2020-08-20',NULL,500),(56,4,74,1,1,1,1,1,1,1,'2020-08-21 08:37:09','2020-08-21 08:37:09','undefined','undefined',NULL,NULL,'2020-08-20','2020-08-20',500),(57,14,75,1,1,1,1,1,1,1,'2020-08-25 04:40:59','2020-08-25 04:40:59','undefined','undefined',NULL,NULL,'2020-08-21','2020-08-25',NULL),(58,14,76,1,0,0,0,1,0,0,'2020-08-25 04:42:26','2020-08-25 04:42:26','undefined','undefined',NULL,NULL,'2020-08-21','2020-08-25',NULL),(59,14,76,1,0,1,0,0,0,0,'2020-08-25 04:42:26','2020-08-25 04:42:26','undefined','undefined',NULL,NULL,'2020-08-21','2020-08-25',NULL),(60,14,76,0,0,0,0,0,1,1,'2020-08-25 04:42:26','2020-08-25 04:42:26','undefined','undefined',NULL,NULL,'2020-08-21','2020-08-25',NULL),(61,2,77,1,1,1,1,1,1,1,'2020-08-21 14:40:23','2020-08-21 14:40:23','mukesh',NULL,NULL,NULL,'2020-08-21','2020-08-21',100),(62,2,77,0,1,0,1,1,1,1,'2020-08-21 14:41:25','2020-08-21 14:41:25','undefined','undefined',NULL,NULL,'2020-08-21','2020-08-21',NULL),(63,18,78,1,1,1,1,1,1,1,'2020-08-24 14:10:05','2020-08-24 14:10:05','mukesh',NULL,NULL,NULL,'2020-08-24',NULL,500),(64,18,79,1,1,1,0,0,0,0,'2020-08-24 14:12:27','2020-08-24 14:12:27','undefined',NULL,NULL,NULL,'2020-08-24',NULL,600);
/*!40000 ALTER TABLE `work_schedule` ENABLE KEYS */;
UNLOCK TABLES;

--
-- Table structure for table `worker_building`
--

DROP TABLE IF EXISTS `worker_building`;
/*!40101 SET @saved_cs_client     = @@character_set_client */;
/*!50503 SET character_set_client = utf8mb4 */;
CREATE TABLE `worker_building` (
  `id` int NOT NULL AUTO_INCREMENT,
  `worker_id` int NOT NULL,
  `building_id` int NOT NULL,
  `created_By` varchar(50) DEFAULT NULL,
  `deleted_By` varchar(50) DEFAULT NULL,
  `client_ip` varchar(200) DEFAULT NULL,
  `start_date` date DEFAULT NULL,
  `end_date` date DEFAULT NULL,
  PRIMARY KEY (`id`),
  KEY `fk_build_id` (`building_id`),
  KEY `fk_workr_id` (`worker_id`),
  CONSTRAINT `fk_build_id` FOREIGN KEY (`building_id`) REFERENCES `buildings` (`id`),
  CONSTRAINT `fk_workr_id` FOREIGN KEY (`worker_id`) REFERENCES `workers` (`id`)
) ENGINE=InnoDB AUTO_INCREMENT=19 DEFAULT CHARSET=utf8mb4 COLLATE=utf8mb4_0900_ai_ci;
/*!40101 SET character_set_client = @saved_cs_client */;

--
-- Dumping data for table `worker_building`
--

LOCK TABLES `worker_building` WRITE;
/*!40000 ALTER TABLE `worker_building` DISABLE KEYS */;
INSERT INTO `worker_building` VALUES (2,12,1,NULL,'mukesh',NULL,NULL,'2020-08-21'),(3,1,2,'mukesh','mukesh',NULL,'2020-08-08','2020-08-13'),(4,2,1,'mukesh',NULL,NULL,'2020-08-08',NULL),(5,2,2,'mukesh','mukesh',NULL,'2020-08-08','2020-08-09'),(6,3,4,'mukesh',NULL,NULL,'2020-08-13',NULL),(7,4,4,'mukesh',NULL,NULL,'2020-08-14',NULL),(8,6,4,'mukesh',NULL,NULL,'2020-08-14',NULL),(9,12,1,'mukesh','mukesh',NULL,'2020-08-17','2020-08-17'),(10,8,4,'mukesh','mukesh',NULL,'2020-08-17','2020-08-17'),(11,10,4,'mukesh',NULL,NULL,'2020-08-17',NULL),(12,12,8,'mukesh','mukesh',NULL,'2020-08-18','2020-08-21'),(13,12,8,'mukesh','mukesh',NULL,'2020-08-19','2020-08-21'),(14,15,10,'mukesh','mukesh',NULL,'2020-08-21','2020-08-05'),(15,17,10,'mukesh','mukesh',NULL,'2020-08-21','2020-08-21'),(16,18,10,'mukesh','mukesh',NULL,'2020-08-21','2020-08-21'),(17,19,13,'mukesh','mukesh',NULL,'2020-08-24','2020-08-24'),(18,20,13,'mukesh',NULL,NULL,'2020-08-24',NULL);
/*!40000 ALTER TABLE `worker_building` ENABLE KEYS */;
UNLOCK TABLES;

--
-- Table structure for table `workers`
--

DROP TABLE IF EXISTS `workers`;
/*!40101 SET @saved_cs_client     = @@character_set_client */;
/*!50503 SET character_set_client = utf8mb4 */;
CREATE TABLE `workers` (
  `id` int NOT NULL AUTO_INCREMENT,
  `name` varchar(45) DEFAULT NULL,
  `mobile` varchar(45) DEFAULT NULL,
  `status` tinyint(1) DEFAULT NULL,
  `deletedAt` datetime DEFAULT NULL,
  `deletedBY` varchar(50) DEFAULT NULL,
  `user_id` int DEFAULT NULL,
  PRIMARY KEY (`id`),
  KEY `fk_user_id` (`user_id`),
  CONSTRAINT `fk_user_id` FOREIGN KEY (`user_id`) REFERENCES `users` (`id`)
) ENGINE=InnoDB AUTO_INCREMENT=21 DEFAULT CHARSET=utf8mb4 COLLATE=utf8mb4_0900_ai_ci;
/*!40101 SET character_set_client = @saved_cs_client */;

--
-- Dumping data for table `workers`
--

LOCK TABLES `workers` WRITE;
/*!40000 ALTER TABLE `workers` DISABLE KEYS */;
INSERT INTO `workers` VALUES (1,'mukesh','9087611111',1,NULL,NULL,NULL),(2,'Rizwan Zaman','9090909011',1,NULL,NULL,NULL),(3,'Shayroo Ali','9823883544',1,NULL,NULL,2),(4,'Balaiah Yadav','9999999999',1,NULL,NULL,3),(5,'test12','9097868876',0,'2020-08-14 00:00:00','mukesh',4),(6,'Basant Dolakia','9254444444',1,NULL,NULL,5),(7,'susmitha','9090912345',0,'2020-08-17 00:00:00','mukesh',6),(8,'Hasrath Ali','9121212121',1,NULL,NULL,7),(9,'testttttttttt','9222222222',0,'2020-08-17 00:00:00','mukesh',8),(10,'Dharmendar Singh','9333333333',1,NULL,NULL,9),(11,'Bala Saikrupa','9494059694',1,NULL,NULL,10),(12,'Senthil Nathan','9705667395',1,NULL,NULL,11),(13,'susmitha','9121214343',1,NULL,NULL,12),(14,'susmitha tallapaneni','9812128786',1,NULL,NULL,13),(15,'susmitha tallapaneni ','9012787676',0,'2020-08-21 00:00:00','mukesh',14),(16,'susmitha','9134334545',1,NULL,NULL,15),(17,'srinadh','9167635587',0,'2020-08-21 00:00:00','mukesh',16),(18,'srinadh','9367676769',0,'2020-08-21 00:00:00','mukesh',17),(19,'Anil','9335552465',0,'2020-08-24 00:00:00','mukesh',18),(20,'Anil','9535656556',1,NULL,NULL,19);
/*!40000 ALTER TABLE `workers` ENABLE KEYS */;
UNLOCK TABLES;
/*!40103 SET TIME_ZONE=@OLD_TIME_ZONE */;

/*!40101 SET SQL_MODE=@OLD_SQL_MODE */;
/*!40014 SET FOREIGN_KEY_CHECKS=@OLD_FOREIGN_KEY_CHECKS */;
/*!40014 SET UNIQUE_CHECKS=@OLD_UNIQUE_CHECKS */;
/*!40101 SET CHARACTER_SET_CLIENT=@OLD_CHARACTER_SET_CLIENT */;
/*!40101 SET CHARACTER_SET_RESULTS=@OLD_CHARACTER_SET_RESULTS */;
/*!40101 SET COLLATION_CONNECTION=@OLD_COLLATION_CONNECTION */;
/*!40111 SET SQL_NOTES=@OLD_SQL_NOTES */;

-- Dump completed on 2020-08-25 11:30:21
