
-- Civilite --

INSERT INTO civilite (id,libelle) VALUES (0,'Madame');
INSERT INTO civilite (id,libelle) VALUES (1,'Mademoiselle');
INSERT INTO civilite (id,libelle) VALUES (2,'Monsieur');

-- Client --

INSERT INTO client (id,nom,prenom,civilite_id) VALUES (1,'Frye','Uma',0);
INSERT INTO client (id,nom,prenom,civilite_id) VALUES (2,'Farmer','Akeem',2);
INSERT INTO client (id,nom,prenom,civilite_id) VALUES (3,'Farley','Dalton',2);
INSERT INTO client (id,nom,prenom,civilite_id) VALUES (4,'Garner','Priscilla',0);
INSERT INTO client (id,nom,prenom,civilite_id) VALUES (5,'Hopper','Samuel',2);
INSERT INTO client (id,nom,prenom,civilite_id) VALUES (6,'Garrison','Nash',2);
INSERT INTO client (id,nom,prenom,civilite_id) VALUES (7,'Payne','Amir',0);
INSERT INTO client (id,nom,prenom,civilite_id) VALUES (8,'Vasquez','Whilemina',1);
INSERT INTO client (id,nom,prenom,civilite_id) VALUES (9,'Cardenas','Gemma',1);
INSERT INTO client (id,nom,prenom,civilite_id) VALUES (10,'Herman','Iona',0);
INSERT INTO client (id,nom,prenom,civilite_id) VALUES (11,'Delacruz','Camden',2);
INSERT INTO client (id,nom,prenom,civilite_id) VALUES (12,'Coffey','Jamalia',1);
INSERT INTO client (id,nom,prenom,civilite_id) VALUES (13,'Campos','Fiona',1);
INSERT INTO client (id,nom,prenom,civilite_id) VALUES (14,'Lang','Gisela',0);
INSERT INTO client (id,nom,prenom,civilite_id) VALUES (15,'Phillips','Kiona',1);
INSERT INTO client (id,nom,prenom,civilite_id) VALUES (16,'Flores','Medge',0);
INSERT INTO client (id,nom,prenom,civilite_id) VALUES (17,'Mooney','Nash',2);
INSERT INTO client (id,nom,prenom,civilite_id) VALUES (18,'Rasmussen','Barclay',1);
INSERT INTO client (id,nom,prenom,civilite_id) VALUES (19,'Ellis','Wayne',1);
INSERT INTO client (id,nom,prenom,civilite_id) VALUES (20,'Huff','Hamilton',0);
INSERT INTO client (id,nom,prenom,civilite_id) VALUES (21,'Mcpherson','Dara',2);
INSERT INTO client (id,nom,prenom,civilite_id) VALUES (22,'Reynolds','Brock',2);
INSERT INTO client (id,nom,prenom,civilite_id) VALUES (23,'Hardin','Dante',0);
INSERT INTO client (id,nom,prenom,civilite_id) VALUES (24,'Morris','Nathan',1);
INSERT INTO client (id,nom,prenom,civilite_id) VALUES (25,'Duncan','Kasper',0);
INSERT INTO client (id,nom,prenom,civilite_id) VALUES (26,'Bray','Angela',0);
INSERT INTO client (id,nom,prenom,civilite_id) VALUES (27,'Avery','Felicia',0);
INSERT INTO client (id,nom,prenom,civilite_id) VALUES (28,'Murphy','Justina',0);
INSERT INTO client (id,nom,prenom,civilite_id) VALUES (29,'Bullock','Lamar',2);
INSERT INTO client (id,nom,prenom,civilite_id) VALUES (30,'Sparks','Lance',0);
INSERT INTO client (id,nom,prenom,civilite_id) VALUES (31,'Page','Kennedy',1);
INSERT INTO client (id,nom,prenom,civilite_id) VALUES (32,'Bradshaw','Jermaine',2);
INSERT INTO client (id,nom,prenom,civilite_id) VALUES (33,'Smith','Trevor',1);
INSERT INTO client (id,nom,prenom,civilite_id) VALUES (34,'Patterson','Vernon',1);
INSERT INTO client (id,nom,prenom,civilite_id) VALUES (35,'Preston','Plato',0);
INSERT INTO client (id,nom,prenom,civilite_id) VALUES (36,'Greer','Nita',1);
INSERT INTO client (id,nom,prenom,civilite_id) VALUES (37,'Gentry','Erin',1);
INSERT INTO client (id,nom,prenom,civilite_id) VALUES (38,'Golden','Evan',2);
INSERT INTO client (id,nom,prenom,civilite_id) VALUES (39,'Gonzales','Charity',1);
INSERT INTO client (id,nom,prenom,civilite_id) VALUES (40,'Alvarez','Yoshio',2);
INSERT INTO client (id,nom,prenom,civilite_id) VALUES (41,'Wiggins','Hamish',2);
INSERT INTO client (id,nom,prenom,civilite_id) VALUES (42,'Murray','Noel',2);
INSERT INTO client (id,nom,prenom,civilite_id) VALUES (43,'Hart','Cooper',1);
INSERT INTO client (id,nom,prenom,civilite_id) VALUES (44,'Franks','Baxter',1);
INSERT INTO client (id,nom,prenom,civilite_id) VALUES (45,'Ward','Cara',1);
INSERT INTO client (id,nom,prenom,civilite_id) VALUES (46,'Sanchez','Lana',2);
INSERT INTO client (id,nom,prenom,civilite_id) VALUES (47,'Clay','Keith',2);
INSERT INTO client (id,nom,prenom,civilite_id) VALUES (48,'Vance','Declan',1);
INSERT INTO client (id,nom,prenom,civilite_id) VALUES (49,'Gardner','Mason',1);
INSERT INTO client (id,nom,prenom,civilite_id) VALUES (50,'Rowland','Otto',0);
INSERT INTO client (id,nom,prenom,civilite_id) VALUES (51,'Terry','Lesley',0);
INSERT INTO client (id,nom,prenom,civilite_id) VALUES (52,'Rich','Lee',2);
INSERT INTO client (id,nom,prenom,civilite_id) VALUES (53,'Quinn','Barrett',0);
INSERT INTO client (id,nom,prenom,civilite_id) VALUES (54,'Griffin','Renee',1);
INSERT INTO client (id,nom,prenom,civilite_id) VALUES (55,'Wynn','Celeste',0);
INSERT INTO client (id,nom,prenom,civilite_id) VALUES (56,'Graves','Rafael',1);
INSERT INTO client (id,nom,prenom,civilite_id) VALUES (57,'Molina','Celeste',1);
INSERT INTO client (id,nom,prenom,civilite_id) VALUES (58,'Herrera','Alfonso',1);
INSERT INTO client (id,nom,prenom,civilite_id) VALUES (59,'Dejesus','Bell',2);
INSERT INTO client (id,nom,prenom,civilite_id) VALUES (60,'Goodwin','Ayanna',0);
INSERT INTO client (id,nom,prenom,civilite_id) VALUES (61,'Reyes','Benedict',2);
INSERT INTO client (id,nom,prenom,civilite_id) VALUES (62,'Morton','Warren',1);
INSERT INTO client (id,nom,prenom,civilite_id) VALUES (63,'Wilkerson','Yael',1);
INSERT INTO client (id,nom,prenom,civilite_id) VALUES (64,'Glenn','Orla',0);
INSERT INTO client (id,nom,prenom,civilite_id) VALUES (65,'Kidd','Barbara',2);
INSERT INTO client (id,nom,prenom,civilite_id) VALUES (66,'Frye','Raymond',1);
INSERT INTO client (id,nom,prenom,civilite_id) VALUES (67,'Potter','Ezra',1);
INSERT INTO client (id,nom,prenom,civilite_id) VALUES (68,'Holloway','Yoshio',2);
INSERT INTO client (id,nom,prenom,civilite_id) VALUES (69,'Williams','Kyra',0);
INSERT INTO client (id,nom,prenom,civilite_id) VALUES (70,'Avila','Drake',2);
INSERT INTO client (id,nom,prenom,civilite_id) VALUES (71,'Massey','Drake',2);
INSERT INTO client (id,nom,prenom,civilite_id) VALUES (72,'Dawson','Cade',0);
INSERT INTO client (id,nom,prenom,civilite_id) VALUES (73,'Mcclure','Quynn',2);
INSERT INTO client (id,nom,prenom,civilite_id) VALUES (74,'Crawford','Amos',0);
INSERT INTO client (id,nom,prenom,civilite_id) VALUES (75,'Jarvis','Isaac',1);
INSERT INTO client (id,nom,prenom,civilite_id) VALUES (76,'Sweeney','Tanisha',1);
INSERT INTO client (id,nom,prenom,civilite_id) VALUES (77,'Pollard','Erica',1);
INSERT INTO client (id,nom,prenom,civilite_id) VALUES (78,'Klein','Fatima',2);
INSERT INTO client (id,nom,prenom,civilite_id) VALUES (79,'Kidd','Rooney',0);
INSERT INTO client (id,nom,prenom,civilite_id) VALUES (80,'Bush','Oleg',2);
INSERT INTO client (id,nom,prenom,civilite_id) VALUES (81,'Mccormick','Freya',1);
INSERT INTO client (id,nom,prenom,civilite_id) VALUES (82,'Franco','Tyrone',1);
INSERT INTO client (id,nom,prenom,civilite_id) VALUES (83,'Greer','Kaitlin',0);
INSERT INTO client (id,nom,prenom,civilite_id) VALUES (84,'Garrison','Nomlanga',2);
INSERT INTO client (id,nom,prenom,civilite_id) VALUES (85,'Donaldson','Chase',1);
INSERT INTO client (id,nom,prenom,civilite_id) VALUES (86,'Sanford','Camden',2);
INSERT INTO client (id,nom,prenom,civilite_id) VALUES (87,'Marquez','Cairo',0);
INSERT INTO client (id,nom,prenom,civilite_id) VALUES (88,'Farley','Francesca',0);
INSERT INTO client (id,nom,prenom,civilite_id) VALUES (89,'Mills','Larissa',1);
INSERT INTO client (id,nom,prenom,civilite_id) VALUES (90,'Durham','Quinlan',1);
INSERT INTO client (id,nom,prenom,civilite_id) VALUES (91,'Kane','Bryar',2);
INSERT INTO client (id,nom,prenom,civilite_id) VALUES (92,'Hardy','Zephr',0);
INSERT INTO client (id,nom,prenom,civilite_id) VALUES (93,'Silva','Hermione',2);
INSERT INTO client (id,nom,prenom,civilite_id) VALUES (94,'Sharp','Keith',0);
INSERT INTO client (id,nom,prenom,civilite_id) VALUES (95,'Gonzales','Clementine',2);
INSERT INTO client (id,nom,prenom,civilite_id) VALUES (96,'Marquez','Griffin',2);
INSERT INTO client (id,nom,prenom,civilite_id) VALUES (97,'Howard','Stuart',1);
INSERT INTO client (id,nom,prenom,civilite_id) VALUES (98,'Suarez','Evan',0);
INSERT INTO client (id,nom,prenom,civilite_id) VALUES (99,'Dickson','Yoko',2);
INSERT INTO client (id,nom,prenom,civilite_id) VALUES (100,'Hunter','Kadeem',0);


-- Telephone --

INSERT INTO telephone (id,numero) VALUES (1,'04 46 53 70 25');
INSERT INTO telephone (id,numero) VALUES (2,'09 70 80 48 67');
INSERT INTO telephone (id,numero) VALUES (3,'05 91 91 30 82');
INSERT INTO telephone (id,numero) VALUES (4,'05 45 85 68 25');
INSERT INTO telephone (id,numero) VALUES (5,'03 06 21 74 88');
INSERT INTO telephone (id,numero) VALUES (6,'03 79 59 49 49');
INSERT INTO telephone (id,numero) VALUES (7,'01 05 23 45 13');
INSERT INTO telephone (id,numero) VALUES (8,'01 51 04 76 62');
INSERT INTO telephone (id,numero) VALUES (9,'08 38 06 81 52');
INSERT INTO telephone (id,numero) VALUES (10,'08 87 63 85 43');
INSERT INTO telephone (id,numero) VALUES (11,'03 87 19 62 14');
INSERT INTO telephone (id,numero) VALUES (12,'07 12 17 00 20');
INSERT INTO telephone (id,numero) VALUES (13,'02 90 15 29 26');
INSERT INTO telephone (id,numero) VALUES (14,'08 56 19 87 13');
INSERT INTO telephone (id,numero) VALUES (15,'06 88 98 23 82');
INSERT INTO telephone (id,numero) VALUES (16,'07 72 12 33 33');
INSERT INTO telephone (id,numero) VALUES (17,'02 43 92 22 25');
INSERT INTO telephone (id,numero) VALUES (18,'07 50 19 90 27');
INSERT INTO telephone (id,numero) VALUES (19,'09 42 54 30 73');
INSERT INTO telephone (id,numero) VALUES (20,'02 09 76 95 45');
INSERT INTO telephone (id,numero) VALUES (21,'02 09 93 07 07');
INSERT INTO telephone (id,numero) VALUES (22,'03 23 16 73 06');
INSERT INTO telephone (id,numero) VALUES (23,'07 70 32 00 27');
INSERT INTO telephone (id,numero) VALUES (24,'07 73 46 17 65');
INSERT INTO telephone (id,numero) VALUES (25,'02 17 46 86 96');
INSERT INTO telephone (id,numero) VALUES (26,'02 87 83 91 78');
INSERT INTO telephone (id,numero) VALUES (27,'03 76 39 95 33');
INSERT INTO telephone (id,numero) VALUES (28,'04 51 39 02 52');
INSERT INTO telephone (id,numero) VALUES (29,'03 33 89 13 53');
INSERT INTO telephone (id,numero) VALUES (30,'05 77 37 74 88');
INSERT INTO telephone (id,numero) VALUES (31,'01 60 95 52 88');
INSERT INTO telephone (id,numero) VALUES (32,'04 20 35 94 09');
INSERT INTO telephone (id,numero) VALUES (33,'07 10 31 95 09');
INSERT INTO telephone (id,numero) VALUES (34,'08 90 44 34 92');
INSERT INTO telephone (id,numero) VALUES (35,'04 32 38 32 65');
INSERT INTO telephone (id,numero) VALUES (36,'07 88 63 00 09');
INSERT INTO telephone (id,numero) VALUES (37,'04 17 41 06 94');
INSERT INTO telephone (id,numero) VALUES (38,'04 89 08 15 01');
INSERT INTO telephone (id,numero) VALUES (39,'08 49 89 43 47');
INSERT INTO telephone (id,numero) VALUES (40,'09 46 28 07 70');
INSERT INTO telephone (id,numero) VALUES (41,'08 03 57 70 53');
INSERT INTO telephone (id,numero) VALUES (42,'02 08 76 86 20');
INSERT INTO telephone (id,numero) VALUES (43,'07 87 40 59 84');
INSERT INTO telephone (id,numero) VALUES (44,'04 11 70 72 43');
INSERT INTO telephone (id,numero) VALUES (45,'04 47 26 75 76');
INSERT INTO telephone (id,numero) VALUES (46,'09 42 93 70 77');
INSERT INTO telephone (id,numero) VALUES (47,'08 80 00 94 02');
INSERT INTO telephone (id,numero) VALUES (48,'06 19 26 65 85');
INSERT INTO telephone (id,numero) VALUES (49,'05 06 31 27 40');
INSERT INTO telephone (id,numero) VALUES (50,'06 19 78 63 64');
INSERT INTO telephone (id,numero) VALUES (51,'05 35 65 21 68');
INSERT INTO telephone (id,numero) VALUES (52,'06 16 36 07 99');
INSERT INTO telephone (id,numero) VALUES (53,'08 75 97 54 20');
INSERT INTO telephone (id,numero) VALUES (54,'07 73 10 67 16');
INSERT INTO telephone (id,numero) VALUES (55,'02 93 15 36 27');
INSERT INTO telephone (id,numero) VALUES (56,'09 82 19 25 21');
INSERT INTO telephone (id,numero) VALUES (57,'09 29 08 08 02');
INSERT INTO telephone (id,numero) VALUES (58,'04 22 20 09 15');
INSERT INTO telephone (id,numero) VALUES (59,'01 71 39 90 08');
INSERT INTO telephone (id,numero) VALUES (60,'03 77 60 44 07');
INSERT INTO telephone (id,numero) VALUES (61,'01 06 83 49 06');
INSERT INTO telephone (id,numero) VALUES (62,'03 12 99 66 70');
INSERT INTO telephone (id,numero) VALUES (63,'09 95 29 72 62');
INSERT INTO telephone (id,numero) VALUES (64,'05 39 00 92 91');
INSERT INTO telephone (id,numero) VALUES (65,'09 81 63 08 24');
INSERT INTO telephone (id,numero) VALUES (66,'06 68 24 78 16');
INSERT INTO telephone (id,numero) VALUES (67,'02 79 68 87 35');
INSERT INTO telephone (id,numero) VALUES (68,'01 44 65 46 46');
INSERT INTO telephone (id,numero) VALUES (69,'04 03 64 85 31');
INSERT INTO telephone (id,numero) VALUES (70,'06 34 88 13 61');
INSERT INTO telephone (id,numero) VALUES (71,'05 41 83 71 74');
INSERT INTO telephone (id,numero) VALUES (72,'02 98 00 56 60');
INSERT INTO telephone (id,numero) VALUES (73,'03 35 57 83 64');
INSERT INTO telephone (id,numero) VALUES (74,'06 21 65 98 57');
INSERT INTO telephone (id,numero) VALUES (75,'09 32 19 65 98');
INSERT INTO telephone (id,numero) VALUES (76,'03 27 77 71 63');
INSERT INTO telephone (id,numero) VALUES (77,'05 99 66 40 62');
INSERT INTO telephone (id,numero) VALUES (78,'01 33 62 83 91');
INSERT INTO telephone (id,numero) VALUES (79,'07 92 49 81 44');
INSERT INTO telephone (id,numero) VALUES (80,'01 84 60 98 15');
INSERT INTO telephone (id,numero) VALUES (81,'07 29 53 08 69');
INSERT INTO telephone (id,numero) VALUES (82,'04 97 36 58 83');
INSERT INTO telephone (id,numero) VALUES (83,'08 42 63 44 14');
INSERT INTO telephone (id,numero) VALUES (84,'04 38 59 74 83');
INSERT INTO telephone (id,numero) VALUES (85,'02 11 45 62 43');
INSERT INTO telephone (id,numero) VALUES (86,'01 82 44 02 00');
INSERT INTO telephone (id,numero) VALUES (87,'05 38 40 56 63');
INSERT INTO telephone (id,numero) VALUES (88,'09 88 75 05 68');
INSERT INTO telephone (id,numero) VALUES (89,'06 34 85 73 58');
INSERT INTO telephone (id,numero) VALUES (90,'02 60 03 63 83');
INSERT INTO telephone (id,numero) VALUES (91,'01 28 08 06 60');
INSERT INTO telephone (id,numero) VALUES (92,'06 90 20 27 55');
INSERT INTO telephone (id,numero) VALUES (93,'08 58 21 53 21');
INSERT INTO telephone (id,numero) VALUES (94,'03 62 16 85 00');
INSERT INTO telephone (id,numero) VALUES (95,'06 32 32 12 29');
INSERT INTO telephone (id,numero) VALUES (96,'08 77 07 02 49');
INSERT INTO telephone (id,numero) VALUES (97,'07 80 36 37 03');
INSERT INTO telephone (id,numero) VALUES (98,'06 36 83 45 00');
INSERT INTO telephone (id,numero) VALUES (99,'09 31 95 88 37');
INSERT INTO telephone (id,numero) VALUES (100,'05 25 75 24 83');

-- Salle --

 INSERT INTO salle (id,nom,adresse,compladresse,codepostal,ville) VALUES (1,'Est Mauris Rhoncus LLP','1660 Vivamus Road','PK','13795','Mielec');
INSERT INTO salle (id,nom,adresse,compladresse,codepostal,ville) VALUES (2,'Malesuada Consulting','516-1826 Dui. St.','Metropolitana de Santiago','49403','Curacaví');
INSERT INTO salle (id,nom,adresse,compladresse,codepostal,ville) VALUES (3,'Bibendum Fermentum Metus Company','757-8303 Mi Street','GO','56822','Anápolis');
INSERT INTO salle (id,nom,adresse,compladresse,codepostal,ville) VALUES (4,'Ac Mattis Ornare Corp.','P.O. Box 107, 9829 Eget Rd.','BE','96349','Makurdi');
INSERT INTO salle (id,nom,adresse,compladresse,codepostal,ville) VALUES (5,'Nibh Consulting','Ap #290-5367 Varius Avenue','KT','02696','Katsina');
INSERT INTO salle (id,nom,adresse,compladresse,codepostal,ville) VALUES (6,'Ut Dolor Consulting','P.O. Box 921, 1418 Sed Road','Wie','58654','Vienna');
INSERT INTO salle (id,nom,adresse,compladresse,codepostal,ville) VALUES (7,'Semper Tellus Id Associates','3446 Proin Avenue','Dolnośląskie','87876','Jelenia Góra');
INSERT INTO salle (id,nom,adresse,compladresse,codepostal,ville) VALUES (8,'Dolor Corp.','Ap #539-7019 Fringilla Av.','SJ','51823','San José');
INSERT INTO salle (id,nom,adresse,compladresse,codepostal,ville) VALUES (9,'Elit A Consulting','376-8423 Etiam Rd.','Konya','03778','Akşehir');
INSERT INTO salle (id,nom,adresse,compladresse,codepostal,ville) VALUES (10,'Parturient LLP','769-8805 Hendrerit Rd.','Z.','46619','Rotterdam');
INSERT INTO salle (id,nom,adresse,compladresse,codepostal,ville) VALUES (11,'Fringilla Porttitor Vulputate Incorporated','1460 Sed, St.','SIC','44826','Roccalumera');
INSERT INTO salle (id,nom,adresse,compladresse,codepostal,ville) VALUES (12,'Tristique Pharetra Quisque Institute','190-3394 In, Street','Ontario','81132','Ancaster Town');
INSERT INTO salle (id,nom,adresse,compladresse,codepostal,ville) VALUES (13,'Est Tempor Consulting','789-4113 Accumsan Ave','Picardie','90036','Creil');
INSERT INTO salle (id,nom,adresse,compladresse,codepostal,ville) VALUES (14,'Non Justo Corporation','Ap #144-2111 Quam Street','Kayseri','89270','Pınarbaşı');
INSERT INTO salle (id,nom,adresse,compladresse,codepostal,ville) VALUES (15,'Massa Non Ltd','1422 Magna Rd.','SP','10974','Diadema');
INSERT INTO salle (id,nom,adresse,compladresse,codepostal,ville) VALUES (16,'Felis Eget Varius Institute','P.O. Box 878, 3450 Ultricies Rd.','AK','12493','Uyo');
INSERT INTO salle (id,nom,adresse,compladresse,codepostal,ville) VALUES (17,'Molestie Company','247-2512 Orci. Rd.','Leinster','68883','Dublin');
INSERT INTO salle (id,nom,adresse,compladresse,codepostal,ville) VALUES (18,'Donec Industries','133-9086 Sodales Street','Ankara','07867','Polatlı');
INSERT INTO salle (id,nom,adresse,compladresse,codepostal,ville) VALUES (19,'Ac Inc.','5765 Ultrices Ave','OY','49241','Shaki');
INSERT INTO salle (id,nom,adresse,compladresse,codepostal,ville) VALUES (20,'Leo Elementum Sem Foundation','230-3000 Nulla Road','Maharastra','83547','Solapur');
INSERT INTO salle (id,nom,adresse,compladresse,codepostal,ville) VALUES (21,'Nunc Interdum LLC','8439 Dignissim Ave','NO','82121','Tourcoing');
INSERT INTO salle (id,nom,adresse,compladresse,codepostal,ville) VALUES (22,'Malesuada Vel Venenatis LLP','P.O. Box 218, 9805 Elementum, Street','AB','92642','Åkersberga');
INSERT INTO salle (id,nom,adresse,compladresse,codepostal,ville) VALUES (23,'Tincidunt Vehicula Inc.','P.O. Box 414, 5671 Eu St.','Istanbul','25812','Istanbul');
INSERT INTO salle (id,nom,adresse,compladresse,codepostal,ville) VALUES (24,'Scelerisque Associates','849-491 Neque. St.','Berlin','42554','Berlin');
INSERT INTO salle (id,nom,adresse,compladresse,codepostal,ville) VALUES (25,'Quisque Ac Corporation','5872 Netus St.','MT','92679','Great Falls');
INSERT INTO salle (id,nom,adresse,compladresse,codepostal,ville) VALUES (26,'Ornare Sagittis Foundation','P.O. Box 940, 7297 Scelerisque Rd.','Katsina','14546','Katsina');
INSERT INTO salle (id,nom,adresse,compladresse,codepostal,ville) VALUES (27,'Elit LLC','4218 Tempus Av.','Baden','24207','Karlsruhe');
INSERT INTO salle (id,nom,adresse,compladresse,codepostal,ville) VALUES (28,'In Aliquet Lobortis Company','9033 Phasellus Road','Ist','96622','Istanbul');
INSERT INTO salle (id,nom,adresse,compladresse,codepostal,ville) VALUES (29,'Neque Nullam Nisl LLP','Ap #179-7361 Pellentesque Rd.','VIC','84623','Melton');
INSERT INTO salle (id,nom,adresse,compladresse,codepostal,ville) VALUES (30,'Ridiculus Mus Foundation','P.O. Box 557, 3968 Cras Av.','HR','10883','Watford');
INSERT INTO salle (id,nom,adresse,compladresse,codepostal,ville) VALUES (31,'Adipiscing Foundation','2749 In Ave','Lombardia','03908','Castello dell''Acqua');
INSERT INTO salle (id,nom,adresse,compladresse,codepostal,ville) VALUES (32,'Nec Foundation','Ap #553-7259 Faucibus St.','Zeeland','05772','Hulst');
INSERT INTO salle (id,nom,adresse,compladresse,codepostal,ville) VALUES (33,'Elit Pellentesque A LLP','P.O. Box 487, 8017 Semper Rd.','Toscana','42571','Coreglia Antelminelli');
INSERT INTO salle (id,nom,adresse,compladresse,codepostal,ville) VALUES (34,'Primis In Faucibus Corp.','Ap #582-8945 Tristique Rd.','PUG','54346','Erchie');
INSERT INTO salle (id,nom,adresse,compladresse,codepostal,ville) VALUES (35,'Eget Magna Industries','P.O. Box 573, 1326 Blandit Avenue','UP','70247','Jhansi');
INSERT INTO salle (id,nom,adresse,compladresse,codepostal,ville) VALUES (36,'Blandit LLC','5586 Sit Avenue','RM','64750','Lo Barnechea');
INSERT INTO salle (id,nom,adresse,compladresse,codepostal,ville) VALUES (37,'Morbi Tristique Foundation','399-8089 Integer Road','Antwerpen','56620','Meer');
INSERT INTO salle (id,nom,adresse,compladresse,codepostal,ville) VALUES (38,'Magna Cras Convallis LLC','371-2948 Sem Street','TN','94589','Palayankottai');
INSERT INTO salle (id,nom,adresse,compladresse,codepostal,ville) VALUES (39,'Malesuada Vel PC','P.O. Box 787, 7317 Velit Street','IN','22662','Indianapolis');
INSERT INTO salle (id,nom,adresse,compladresse,codepostal,ville) VALUES (40,'Sem Nulla Interdum Consulting','Ap #229-1850 Pellentesque Street','West Bengal','00581','Haldia');
INSERT INTO salle (id,nom,adresse,compladresse,codepostal,ville) VALUES (41,'Nisl Incorporated','902-8812 Sed Av.','AB','86816','Vallentuna');
INSERT INTO salle (id,nom,adresse,compladresse,codepostal,ville) VALUES (42,'Phasellus Dapibus PC','199 Sed, St.','Wie','61674','Vienna');
INSERT INTO salle (id,nom,adresse,compladresse,codepostal,ville) VALUES (43,'Cras Interdum PC','P.O. Box 850, 9282 Etiam St.','Istanbul','03614','Istanbul');
INSERT INTO salle (id,nom,adresse,compladresse,codepostal,ville) VALUES (44,'Curabitur Consequat Lectus Associates','914-1122 Integer Street','Ist','80660','Istanbul');
INSERT INTO salle (id,nom,adresse,compladresse,codepostal,ville) VALUES (45,'Mollis LLP','539-9243 Urna. Ave','Wie','27707','Vienna');
INSERT INTO salle (id,nom,adresse,compladresse,codepostal,ville) VALUES (46,'Pharetra Nam Ac Corp.','Ap #937-5267 Placerat, St.','Adana','61239','Ceyhan');
INSERT INTO salle (id,nom,adresse,compladresse,codepostal,ville) VALUES (47,'Dolor Institute','628 Ornare, Av.','NI','19756','Kerikeri');
INSERT INTO salle (id,nom,adresse,compladresse,codepostal,ville) VALUES (48,'Fringilla Porttitor Vulputate Incorporated','P.O. Box 883, 7468 Aliquet, Rd.','MA','08262','Boston');
INSERT INTO salle (id,nom,adresse,compladresse,codepostal,ville) VALUES (49,'Fringilla Consulting','339-7233 Commodo Street','NL','13430','Bonavista');
INSERT INTO salle (id,nom,adresse,compladresse,codepostal,ville) VALUES (50,'Dis Parturient Montes PC','775-687 Tincidunt St.','N.','35358','Medemblik');
INSERT INTO salle (id,nom,adresse,compladresse,codepostal,ville) VALUES (51,'Lacus Limited','528-4763 Convallis St.','WA','85646','Tacoma');
INSERT INTO salle (id,nom,adresse,compladresse,codepostal,ville) VALUES (52,'Posuere Cubilia Institute','788-3768 Porttitor Road','KR','15348','Milnathort');
INSERT INTO salle (id,nom,adresse,compladresse,codepostal,ville) VALUES (53,'Penatibus Et LLC','364-4094 Ipsum Av.','AN','84469','Jaén');
INSERT INTO salle (id,nom,adresse,compladresse,codepostal,ville) VALUES (54,'Mauris Id Sapien Corporation','Ap #474-7098 Id, St.','BR','85696','Brecon');
INSERT INTO salle (id,nom,adresse,compladresse,codepostal,ville) VALUES (55,'Aliquet Nec Imperdiet Corp.','3113 Aliquet Rd.','IL','58060','Saint-Denis');
INSERT INTO salle (id,nom,adresse,compladresse,codepostal,ville) VALUES (56,'Sem Nulla Consulting','5839 Eleifend. Street','Minnesota','96130','Minneapolis');
INSERT INTO salle (id,nom,adresse,compladresse,codepostal,ville) VALUES (57,'Dictum LLC','752-2175 Cubilia St.','WB','67240','Virginal-Samme');
INSERT INTO salle (id,nom,adresse,compladresse,codepostal,ville) VALUES (58,'Dui Company','Ap #422-2783 Cras St.','AP','84941','Proddatur');
INSERT INTO salle (id,nom,adresse,compladresse,codepostal,ville) VALUES (59,'Maecenas Mi Felis Foundation','683-7042 Et Av.','ID','70030','Nampa');
INSERT INTO salle (id,nom,adresse,compladresse,codepostal,ville) VALUES (60,'Elit Pede Malesuada Foundation','P.O. Box 628, 9737 Aenean Ave','AR','66836','Huesca');
INSERT INTO salle (id,nom,adresse,compladresse,codepostal,ville) VALUES (61,'Curabitur Ut Ltd','5840 Elementum, St.','Zeeland','29661','Terneuzen');
INSERT INTO salle (id,nom,adresse,compladresse,codepostal,ville) VALUES (62,'Commodo Tincidunt Corp.','Ap #656-8968 In Ave','Lubelskie','04164','Lublin');
INSERT INTO salle (id,nom,adresse,compladresse,codepostal,ville) VALUES (63,'Condimentum Company','P.O. Box 119, 2831 Venenatis St.','Catalunya','46721','Reus');
INSERT INTO salle (id,nom,adresse,compladresse,codepostal,ville) VALUES (64,'Phasellus In LLP','823-4666 Mi, St.','QC','30219','Rimouski');
INSERT INTO salle (id,nom,adresse,compladresse,codepostal,ville) VALUES (65,'Vitae Mauris Sit Incorporated','4709 Fermentum Rd.','Alajuela','62515','San José de Alajuela');
INSERT INTO salle (id,nom,adresse,compladresse,codepostal,ville) VALUES (66,'Ut Mi PC','996-5342 Aenean Street','TOS','26648','Vagli Sotto');
INSERT INTO salle (id,nom,adresse,compladresse,codepostal,ville) VALUES (67,'Ipsum Donec Limited','Ap #451-467 Aliquet, St.','Ada','51121','Ceyhan');
INSERT INTO salle (id,nom,adresse,compladresse,codepostal,ville) VALUES (68,'Est Vitae Associates','P.O. Box 206, 3628 Cursus Avenue','Biobío','43546','Yumbel');
INSERT INTO salle (id,nom,adresse,compladresse,codepostal,ville) VALUES (69,'Ut Corporation','Ap #204-1032 Egestas. St.','Hamburg','05215','Hamburg');
INSERT INTO salle (id,nom,adresse,compladresse,codepostal,ville) VALUES (70,'Duis A Corp.','Ap #181-5475 Mus. Av.','OR','97487','Brahmapur');
INSERT INTO salle (id,nom,adresse,compladresse,codepostal,ville) VALUES (71,'Urna LLC','3189 Cursus St.','Quebec','93403','Saint-Prime');
INSERT INTO salle (id,nom,adresse,compladresse,codepostal,ville) VALUES (72,'Pretium Neque Consulting','Ap #410-7641 Nibh. Rd.','NI','95220','Morrinsville');
INSERT INTO salle (id,nom,adresse,compladresse,codepostal,ville) VALUES (73,'Sed Pede LLP','P.O. Box 894, 546 Donec Rd.','NS','67335','Annapolis Royal');
INSERT INTO salle (id,nom,adresse,compladresse,codepostal,ville) VALUES (74,'Volutpat Nulla Institute','Ap #566-7615 Nulla. Rd.','North Island','86630','Dannevirke');
INSERT INTO salle (id,nom,adresse,compladresse,codepostal,ville) VALUES (75,'Fusce Aliquam Consulting','Ap #600-5702 Euismod St.','North Island','94952','Te Awamutu');
INSERT INTO salle (id,nom,adresse,compladresse,codepostal,ville) VALUES (76,'Mattis Ltd','1927 Ante Rd.','İzm','71002','Çeşme');
INSERT INTO salle (id,nom,adresse,compladresse,codepostal,ville) VALUES (77,'Nam Porttitor Company','P.O. Box 873, 1362 Pede, Rd.','Ontario','07403','Bath');
INSERT INTO salle (id,nom,adresse,compladresse,codepostal,ville) VALUES (78,'Vulputate Nisi LLC','P.O. Box 593, 2397 Commodo Rd.','Uttar Pradesh','70579','Maunath Bhanjan');
INSERT INTO salle (id,nom,adresse,compladresse,codepostal,ville) VALUES (79,'Neque Non Quam Associates','P.O. Box 938, 2879 Eget Ave','Lazio','56287','Scandriglia');
INSERT INTO salle (id,nom,adresse,compladresse,codepostal,ville) VALUES (80,'Eget LLP','P.O. Box 834, 7680 Diam Rd.','AB','49672','Raymond');
INSERT INTO salle (id,nom,adresse,compladresse,codepostal,ville) VALUES (81,'Hendrerit Corp.','Ap #991-903 Sapien. Avenue','M','97855','Cork');
INSERT INTO salle (id,nom,adresse,compladresse,codepostal,ville) VALUES (82,'Malesuada Fames Company','Ap #560-424 A Rd.','Istanbul','79359','Istanbul');
INSERT INTO salle (id,nom,adresse,compladresse,codepostal,ville) VALUES (83,'Quisque Imperdiet Limited','Ap #873-8543 A, Avenue','Wie','67388','Vienna');
INSERT INTO salle (id,nom,adresse,compladresse,codepostal,ville) VALUES (84,'Tincidunt Congue LLC','Ap #383-2002 Curabitur Ave','Umbria','01877','Polino');
INSERT INTO salle (id,nom,adresse,compladresse,codepostal,ville) VALUES (85,'Nulla Aliquet Corp.','Ap #623-7980 Blandit Ave','Utrecht','00831','Zeist');
INSERT INTO salle (id,nom,adresse,compladresse,codepostal,ville) VALUES (86,'Mauris Blandit Enim Associates','7599 Ut St.','BE','29300','Berlin');
INSERT INTO salle (id,nom,adresse,compladresse,codepostal,ville) VALUES (87,'Velit Company','882 Dapibus St.','Alaska','53514','College');
INSERT INTO salle (id,nom,adresse,compladresse,codepostal,ville) VALUES (88,'Ornare Elit Elit PC','504-7561 Nisl. Avenue','NU','96768','Iqaluit');
INSERT INTO salle (id,nom,adresse,compladresse,codepostal,ville) VALUES (89,'Elementum Purus Accumsan Associates','P.O. Box 883, 1599 Dolor Rd.','Ontario','84334','Kingston');
INSERT INTO salle (id,nom,adresse,compladresse,codepostal,ville) VALUES (90,'Sagittis Placerat Corp.','249-5332 In St.','Alsace','59220','Strasbourg');
INSERT INTO salle (id,nom,adresse,compladresse,codepostal,ville) VALUES (91,'Dui Augue Eu Inc.','P.O. Box 857, 3738 Interdum Av.','North Island','51131','Manukau');
INSERT INTO salle (id,nom,adresse,compladresse,codepostal,ville) VALUES (92,'Lectus Ltd','Ap #465-6956 Suspendisse Rd.','Berwickshire','34689','Coldstream');
INSERT INTO salle (id,nom,adresse,compladresse,codepostal,ville) VALUES (93,'Nunc Ac LLC','P.O. Box 514, 1334 Fusce Road','Wisconsin','47142','Kenosha');
INSERT INTO salle (id,nom,adresse,compladresse,codepostal,ville) VALUES (94,'Nunc Limited','Ap #248-5042 Iaculis Rd.','CA','48551','Sacramento');
INSERT INTO salle (id,nom,adresse,compladresse,codepostal,ville) VALUES (95,'Metus Vitae PC','Ap #191-3591 Cras Ave','PE','51951','Stratford');
INSERT INTO salle (id,nom,adresse,compladresse,codepostal,ville) VALUES (96,'Orci Limited','4227 Cum Rd.','Texas','23450','San Antonio');
INSERT INTO salle (id,nom,adresse,compladresse,codepostal,ville) VALUES (97,'Consectetuer Rhoncus Company','6286 Duis Rd.','OY','52540','Oyo');
INSERT INTO salle (id,nom,adresse,compladresse,codepostal,ville) VALUES (98,'In Faucibus Orci Ltd','8059 Nibh. Ave','O','84272','Kungälv');
INSERT INTO salle (id,nom,adresse,compladresse,codepostal,ville) VALUES (99,'Purus Maecenas Libero LLC','P.O. Box 888, 2682 Aliquam Rd.','Uttar Pradesh','43541','Bulandshahr');
INSERT INTO salle (id,nom,adresse,compladresse,codepostal,ville) VALUES (100,'Rutrum Urna Consulting','184-8278 Tristique Av.','Antwerpen','73082','Boechout');


-- Categorie_prix --

INSERT INTO CATEGORIE_PRIX (id,montant) VALUES (1,'480,22');
INSERT INTO CATEGORIE_PRIX (id,montant) VALUES (2,'421,02');
INSERT INTO CATEGORIE_PRIX (id,montant) VALUES (3,'463,09');
INSERT INTO CATEGORIE_PRIX (id,montant) VALUES (4,'792,21');
INSERT INTO CATEGORIE_PRIX (id,montant) VALUES (5,'024,29');
INSERT INTO CATEGORIE_PRIX (id,montant) VALUES (6,'848,86');
INSERT INTO CATEGORIE_PRIX (id,montant) VALUES (7,'917,34');
INSERT INTO CATEGORIE_PRIX (id,montant) VALUES (8,'525,34');
INSERT INTO CATEGORIE_PRIX (id,montant) VALUES (9,'370,86');
INSERT INTO CATEGORIE_PRIX (id,montant) VALUES (10,'060,49');

-- posseder --

 INSERT INTO posseder (client_id,phone_id) VALUES (14,31);
INSERT INTO posseder (client_id,phone_id) VALUES (72,75);
INSERT INTO posseder (client_id,phone_id) VALUES (81,1);
INSERT INTO posseder (client_id,phone_id) VALUES (56,12);
INSERT INTO posseder (client_id,phone_id) VALUES (51,44);
INSERT INTO posseder (client_id,phone_id) VALUES (26,70);
INSERT INTO posseder (client_id,phone_id) VALUES (64,89);
INSERT INTO posseder (client_id,phone_id) VALUES (74,24);
INSERT INTO posseder (client_id,phone_id) VALUES (52,49);
INSERT INTO posseder (client_id,phone_id) VALUES (17,98);
INSERT INTO posseder (client_id,phone_id) VALUES (93,65);
INSERT INTO posseder (client_id,phone_id) VALUES (87,22);
INSERT INTO posseder (client_id,phone_id) VALUES (8,72);
INSERT INTO posseder (client_id,phone_id) VALUES (14,30);
INSERT INTO posseder (client_id,phone_id) VALUES (100,15);
INSERT INTO posseder (client_id,phone_id) VALUES (85,67);
INSERT INTO posseder (client_id,phone_id) VALUES (40,43);
INSERT INTO posseder (client_id,phone_id) VALUES (47,9);
INSERT INTO posseder (client_id,phone_id) VALUES (55,6);
INSERT INTO posseder (client_id,phone_id) VALUES (66,90);
INSERT INTO posseder (client_id,phone_id) VALUES (24,90);
INSERT INTO posseder (client_id,phone_id) VALUES (70,53);
INSERT INTO posseder (client_id,phone_id) VALUES (76,29);
INSERT INTO posseder (client_id,phone_id) VALUES (64,85);
INSERT INTO posseder (client_id,phone_id) VALUES (14,75);
INSERT INTO posseder (client_id,phone_id) VALUES (21,49);
INSERT INTO posseder (client_id,phone_id) VALUES (28,52);
INSERT INTO posseder (client_id,phone_id) VALUES (47,48);
INSERT INTO posseder (client_id,phone_id) VALUES (95,20);
INSERT INTO posseder (client_id,phone_id) VALUES (61,32);
INSERT INTO posseder (client_id,phone_id) VALUES (76,84);
INSERT INTO posseder (client_id,phone_id) VALUES (2,35);
INSERT INTO posseder (client_id,phone_id) VALUES (57,51);
INSERT INTO posseder (client_id,phone_id) VALUES (33,88);
INSERT INTO posseder (client_id,phone_id) VALUES (17,94);
INSERT INTO posseder (client_id,phone_id) VALUES (42,24);
INSERT INTO posseder (client_id,phone_id) VALUES (63,71);
INSERT INTO posseder (client_id,phone_id) VALUES (15,7);
INSERT INTO posseder (client_id,phone_id) VALUES (35,30);
INSERT INTO posseder (client_id,phone_id) VALUES (98,35);
INSERT INTO posseder (client_id,phone_id) VALUES (17,18);
INSERT INTO posseder (client_id,phone_id) VALUES (77,21);
INSERT INTO posseder (client_id,phone_id) VALUES (13,31);
INSERT INTO posseder (client_id,phone_id) VALUES (32,72);
INSERT INTO posseder (client_id,phone_id) VALUES (45,20);
INSERT INTO posseder (client_id,phone_id) VALUES (62,47);
INSERT INTO posseder (client_id,phone_id) VALUES (38,95);
INSERT INTO posseder (client_id,phone_id) VALUES (11,58);
INSERT INTO posseder (client_id,phone_id) VALUES (6,53);
INSERT INTO posseder (client_id,phone_id) VALUES (92,93);
INSERT INTO posseder (client_id,phone_id) VALUES (67,79);
INSERT INTO posseder (client_id,phone_id) VALUES (90,99);
INSERT INTO posseder (client_id,phone_id) VALUES (56,56);
INSERT INTO posseder (client_id,phone_id) VALUES (50,82);
INSERT INTO posseder (client_id,phone_id) VALUES (53,48);
INSERT INTO posseder (client_id,phone_id) VALUES (98,13);
INSERT INTO posseder (client_id,phone_id) VALUES (40,29);
INSERT INTO posseder (client_id,phone_id) VALUES (90,7);
INSERT INTO posseder (client_id,phone_id) VALUES (28,46);
INSERT INTO posseder (client_id,phone_id) VALUES (32,44);
INSERT INTO posseder (client_id,phone_id) VALUES (90,19);
INSERT INTO posseder (client_id,phone_id) VALUES (30,90);
INSERT INTO posseder (client_id,phone_id) VALUES (92,60);
INSERT INTO posseder (client_id,phone_id) VALUES (49,100);
INSERT INTO posseder (client_id,phone_id) VALUES (57,98);
INSERT INTO posseder (client_id,phone_id) VALUES (91,63);
INSERT INTO posseder (client_id,phone_id) VALUES (52,53);
INSERT INTO posseder (client_id,phone_id) VALUES (72,2);
INSERT INTO posseder (client_id,phone_id) VALUES (15,83);
INSERT INTO posseder (client_id,phone_id) VALUES (71,45);
INSERT INTO posseder (client_id,phone_id) VALUES (78,49);
INSERT INTO posseder (client_id,phone_id) VALUES (68,63);
INSERT INTO posseder (client_id,phone_id) VALUES (37,17);
INSERT INTO posseder (client_id,phone_id) VALUES (98,94);
INSERT INTO posseder (client_id,phone_id) VALUES (54,31);
INSERT INTO posseder (client_id,phone_id) VALUES (58,21);
INSERT INTO posseder (client_id,phone_id) VALUES (5,95);
INSERT INTO posseder (client_id,phone_id) VALUES (96,10);
INSERT INTO posseder (client_id,phone_id) VALUES (89,20);
INSERT INTO posseder (client_id,phone_id) VALUES (87,72);
INSERT INTO posseder (client_id,phone_id) VALUES (1,90);
INSERT INTO posseder (client_id,phone_id) VALUES (36,83);
INSERT INTO posseder (client_id,phone_id) VALUES (68,62);
INSERT INTO posseder (client_id,phone_id) VALUES (5,9);
INSERT INTO posseder (client_id,phone_id) VALUES (18,40);
INSERT INTO posseder (client_id,phone_id) VALUES (73,12);
INSERT INTO posseder (client_id,phone_id) VALUES (63,87);
INSERT INTO posseder (client_id,phone_id) VALUES (94,61);
INSERT INTO posseder (client_id,phone_id) VALUES (64,22);
INSERT INTO posseder (client_id,phone_id) VALUES (31,62);
INSERT INTO posseder (client_id,phone_id) VALUES (81,82);
INSERT INTO posseder (client_id,phone_id) VALUES (44,69);
INSERT INTO posseder (client_id,phone_id) VALUES (9,98);
INSERT INTO posseder (client_id,phone_id) VALUES (23,24);
INSERT INTO posseder (client_id,phone_id) VALUES (20,72);
INSERT INTO posseder (client_id,phone_id) VALUES (76,51);
INSERT INTO posseder (client_id,phone_id) VALUES (72,94);
INSERT INTO posseder (client_id,phone_id) VALUES (33,98);
INSERT INTO posseder (client_id,phone_id) VALUES (41,39);
INSERT INTO posseder (client_id,phone_id) VALUES (58,17);


-- Facture --

 INSERT INTO facture (id,f_date,reference,client_id) VALUES (1,'10/03/2018','BOR0679493',45);
INSERT INTO facture (id,f_date,reference,client_id) VALUES (2,'03/03/2018','OHI6802298',15);
INSERT INTO facture (id,f_date,reference,client_id) VALUES (3,'28/09/2019','PGA8995964',85);
INSERT INTO facture (id,f_date,reference,client_id) VALUES (4,'15/12/2018','CVT0970633',98);
INSERT INTO facture (id,f_date,reference,client_id) VALUES (5,'14/03/2019','VHI4848356',74);
INSERT INTO facture (id,f_date,reference,client_id) VALUES (6,'30/04/2019','QOR0504969',52);
INSERT INTO facture (id,f_date,reference,client_id) VALUES (7,'10/10/2018','LXL2497877',51);
INSERT INTO facture (id,f_date,reference,client_id) VALUES (8,'12/01/2019','CRD2480274',86);
INSERT INTO facture (id,f_date,reference,client_id) VALUES (9,'01/10/2019','SHX9137381',47);
INSERT INTO facture (id,f_date,reference,client_id) VALUES (10,'21/02/2019','FAN2746230',47);
INSERT INTO facture (id,f_date,reference,client_id) VALUES (11,'17/04/2018','BLM4449737',7);
INSERT INTO facture (id,f_date,reference,client_id) VALUES (12,'27/09/2019','UJT9120552',97);
INSERT INTO facture (id,f_date,reference,client_id) VALUES (13,'31/05/2019','XIW5631657',37);
INSERT INTO facture (id,f_date,reference,client_id) VALUES (14,'24/10/2018','ZYU3565842',35);
INSERT INTO facture (id,f_date,reference,client_id) VALUES (15,'23/12/2017','HXH2349747',82);
INSERT INTO facture (id,f_date,reference,client_id) VALUES (16,'15/04/2018','UXB1844782',69);
INSERT INTO facture (id,f_date,reference,client_id) VALUES (17,'25/07/2019','SUR6514994',18);
INSERT INTO facture (id,f_date,reference,client_id) VALUES (18,'01/08/2018','WRZ7040139',58);
INSERT INTO facture (id,f_date,reference,client_id) VALUES (19,'14/06/2019','VIS7023573',76);
INSERT INTO facture (id,f_date,reference,client_id) VALUES (20,'13/11/2017','RHV1007270',29);
INSERT INTO facture (id,f_date,reference,client_id) VALUES (21,'08/07/2019','MXI0452842',79);
INSERT INTO facture (id,f_date,reference,client_id) VALUES (22,'10/07/2018','QKI8981886',6);
INSERT INTO facture (id,f_date,reference,client_id) VALUES (23,'14/10/2019','XMO6748175',17);
INSERT INTO facture (id,f_date,reference,client_id) VALUES (24,'26/11/2018','OBS1336956',22);
INSERT INTO facture (id,f_date,reference,client_id) VALUES (25,'12/07/2019','WDW7901693',64);
INSERT INTO facture (id,f_date,reference,client_id) VALUES (26,'17/01/2018','WYN6680769',65);
INSERT INTO facture (id,f_date,reference,client_id) VALUES (27,'24/12/2017','FEU0390134',50);
INSERT INTO facture (id,f_date,reference,client_id) VALUES (28,'02/05/2018','VAQ1221417',84);
INSERT INTO facture (id,f_date,reference,client_id) VALUES (29,'08/08/2018','KBP7087241',52);
INSERT INTO facture (id,f_date,reference,client_id) VALUES (30,'15/09/2019','HLA4423847',83);
INSERT INTO facture (id,f_date,reference,client_id) VALUES (31,'06/03/2018','VTD1015216',26);
INSERT INTO facture (id,f_date,reference,client_id) VALUES (32,'06/11/2017','PNX6610957',42);
INSERT INTO facture (id,f_date,reference,client_id) VALUES (33,'19/10/2017','AEL9712834',93);
INSERT INTO facture (id,f_date,reference,client_id) VALUES (34,'27/05/2019','XDJ5641758',46);
INSERT INTO facture (id,f_date,reference,client_id) VALUES (35,'21/09/2019','EVD5392313',29);
INSERT INTO facture (id,f_date,reference,client_id) VALUES (36,'29/09/2018','GWC8047655',18);
INSERT INTO facture (id,f_date,reference,client_id) VALUES (37,'12/09/2018','WLE6514026',89);
INSERT INTO facture (id,f_date,reference,client_id) VALUES (38,'13/04/2018','TIC6228004',68);
INSERT INTO facture (id,f_date,reference,client_id) VALUES (39,'08/06/2018','WPZ8425498',44);
INSERT INTO facture (id,f_date,reference,client_id) VALUES (40,'20/02/2019','GSD4689436',92);
INSERT INTO facture (id,f_date,reference,client_id) VALUES (41,'30/04/2018','VPG6149282',71);
INSERT INTO facture (id,f_date,reference,client_id) VALUES (42,'25/04/2018','RLD8832458',77);
INSERT INTO facture (id,f_date,reference,client_id) VALUES (43,'03/03/2018','QWI6019201',22);
INSERT INTO facture (id,f_date,reference,client_id) VALUES (44,'18/01/2019','HGB2111276',75);
INSERT INTO facture (id,f_date,reference,client_id) VALUES (45,'26/04/2019','AND6254874',12);
INSERT INTO facture (id,f_date,reference,client_id) VALUES (46,'31/03/2019','FEW6229531',13);
INSERT INTO facture (id,f_date,reference,client_id) VALUES (47,'02/08/2018','QQN7500416',98);
INSERT INTO facture (id,f_date,reference,client_id) VALUES (48,'03/06/2018','EZA8046899',56);
INSERT INTO facture (id,f_date,reference,client_id) VALUES (49,'24/12/2018','RJW7306526',97);
INSERT INTO facture (id,f_date,reference,client_id) VALUES (50,'05/05/2018','XTP7959662',44);
INSERT INTO facture (id,f_date,reference,client_id) VALUES (51,'21/04/2018','MSP0586212',43);
INSERT INTO facture (id,f_date,reference,client_id) VALUES (52,'01/02/2019','SGB1885467',50);
INSERT INTO facture (id,f_date,reference,client_id) VALUES (53,'14/12/2018','YPE7958037',59);
INSERT INTO facture (id,f_date,reference,client_id) VALUES (54,'07/03/2019','FJW4210216',86);
INSERT INTO facture (id,f_date,reference,client_id) VALUES (55,'26/01/2019','RTD0647833',61);
INSERT INTO facture (id,f_date,reference,client_id) VALUES (56,'23/06/2019','JPP9933379',97);
INSERT INTO facture (id,f_date,reference,client_id) VALUES (57,'23/02/2018','GVR3467476',19);
INSERT INTO facture (id,f_date,reference,client_id) VALUES (58,'02/07/2019','IKQ4930396',79);
INSERT INTO facture (id,f_date,reference,client_id) VALUES (59,'08/11/2017','ZYZ5464876',6);
INSERT INTO facture (id,f_date,reference,client_id) VALUES (60,'05/07/2019','SBC1939177',96);
INSERT INTO facture (id,f_date,reference,client_id) VALUES (61,'25/11/2018','ZYS3038565',53);
INSERT INTO facture (id,f_date,reference,client_id) VALUES (62,'28/12/2017','BJP8425249',60);
INSERT INTO facture (id,f_date,reference,client_id) VALUES (63,'16/08/2019','QJP7873238',13);
INSERT INTO facture (id,f_date,reference,client_id) VALUES (64,'27/01/2018','ICN7166634',32);
INSERT INTO facture (id,f_date,reference,client_id) VALUES (65,'21/11/2018','PHL3523571',69);
INSERT INTO facture (id,f_date,reference,client_id) VALUES (66,'25/06/2019','SZF9040652',84);
INSERT INTO facture (id,f_date,reference,client_id) VALUES (67,'09/05/2018','FKT6904799',88);
INSERT INTO facture (id,f_date,reference,client_id) VALUES (68,'30/03/2019','YVO7847649',19);
INSERT INTO facture (id,f_date,reference,client_id) VALUES (69,'25/12/2017','RDL1163437',1);
INSERT INTO facture (id,f_date,reference,client_id) VALUES (70,'26/04/2019','TNO3036161',23);
INSERT INTO facture (id,f_date,reference,client_id) VALUES (71,'06/12/2017','HZY7845171',78);
INSERT INTO facture (id,f_date,reference,client_id) VALUES (72,'01/05/2019','QNQ0421571',53);
INSERT INTO facture (id,f_date,reference,client_id) VALUES (73,'16/02/2018','HLF4328168',27);
INSERT INTO facture (id,f_date,reference,client_id) VALUES (74,'28/06/2018','JTL1994441',73);
INSERT INTO facture (id,f_date,reference,client_id) VALUES (75,'15/12/2017','PMA9520521',9);
INSERT INTO facture (id,f_date,reference,client_id) VALUES (76,'10/10/2019','OBS9964935',31);
INSERT INTO facture (id,f_date,reference,client_id) VALUES (77,'19/06/2018','LDT8923089',96);
INSERT INTO facture (id,f_date,reference,client_id) VALUES (78,'06/12/2018','ZYD6732351',20);
INSERT INTO facture (id,f_date,reference,client_id) VALUES (79,'26/03/2018','BBM4059315',55);
INSERT INTO facture (id,f_date,reference,client_id) VALUES (80,'07/04/2018','STK9756712',100);
INSERT INTO facture (id,f_date,reference,client_id) VALUES (81,'17/06/2019','ADA8100713',100);
INSERT INTO facture (id,f_date,reference,client_id) VALUES (82,'04/09/2019','JBJ1582385',67);
INSERT INTO facture (id,f_date,reference,client_id) VALUES (83,'09/02/2019','FXW5878934',47);
INSERT INTO facture (id,f_date,reference,client_id) VALUES (84,'03/11/2018','UPI6205628',86);
INSERT INTO facture (id,f_date,reference,client_id) VALUES (85,'12/09/2019','BRL8304457',66);
INSERT INTO facture (id,f_date,reference,client_id) VALUES (86,'19/11/2018','EAC8611882',78);
INSERT INTO facture (id,f_date,reference,client_id) VALUES (87,'03/04/2019','LLH2486678',50);
INSERT INTO facture (id,f_date,reference,client_id) VALUES (88,'05/05/2019','NRY3297677',14);
INSERT INTO facture (id,f_date,reference,client_id) VALUES (89,'07/02/2018','QJX9132293',87);
INSERT INTO facture (id,f_date,reference,client_id) VALUES (90,'12/12/2017','ZZM9967639',71);
INSERT INTO facture (id,f_date,reference,client_id) VALUES (91,'25/06/2018','XDX4151320',31);
INSERT INTO facture (id,f_date,reference,client_id) VALUES (92,'13/04/2018','IJR1654335',72);
INSERT INTO facture (id,f_date,reference,client_id) VALUES (93,'04/10/2019','DQI9641444',87);
INSERT INTO facture (id,f_date,reference,client_id) VALUES (94,'31/03/2018','PBH6939556',77);
INSERT INTO facture (id,f_date,reference,client_id) VALUES (95,'23/11/2017','KWT4152599',34);
INSERT INTO facture (id,f_date,reference,client_id) VALUES (96,'11/10/2019','OFF4196401',80);
INSERT INTO facture (id,f_date,reference,client_id) VALUES (97,'10/02/2018','GIQ9678389',57);
INSERT INTO facture (id,f_date,reference,client_id) VALUES (98,'31/01/2018','MKU8080315',73);
INSERT INTO facture (id,f_date,reference,client_id) VALUES (99,'22/05/2018','GYE9215720',65);
INSERT INTO facture (id,f_date,reference,client_id) VALUES (100,'12/03/2019','PPT7416669',50);

-- Place --

 INSERT INTO place (id,numero,gradin,rangee,salle_id,categorie_prix_id) VALUES (1,9035,'Y',57,86,6);
INSERT INTO place (id,numero,gradin,rangee,salle_id,categorie_prix_id) VALUES (2,8899,'V',100,79,9);
INSERT INTO place (id,numero,gradin,rangee,salle_id,categorie_prix_id) VALUES (3,5503,'V',86,2,1);
INSERT INTO place (id,numero,gradin,rangee,salle_id,categorie_prix_id) VALUES (4,1305,'W',51,95,3);
INSERT INTO place (id,numero,gradin,rangee,salle_id,categorie_prix_id) VALUES (5,3997,'N',53,97,8);
INSERT INTO place (id,numero,gradin,rangee,salle_id,categorie_prix_id) VALUES (6,3878,'B',2,59,7);
INSERT INTO place (id,numero,gradin,rangee,salle_id,categorie_prix_id) VALUES (7,5514,'H',16,29,1);
INSERT INTO place (id,numero,gradin,rangee,salle_id,categorie_prix_id) VALUES (8,3876,'Y',96,30,9);
INSERT INTO place (id,numero,gradin,rangee,salle_id,categorie_prix_id) VALUES (9,5893,'B',60,39,10);
INSERT INTO place (id,numero,gradin,rangee,salle_id,categorie_prix_id) VALUES (10,4183,'A',2,70,3);
INSERT INTO place (id,numero,gradin,rangee,salle_id,categorie_prix_id) VALUES (11,4726,'E',17,70,1);
INSERT INTO place (id,numero,gradin,rangee,salle_id,categorie_prix_id) VALUES (12,4878,'Z',98,96,4);
INSERT INTO place (id,numero,gradin,rangee,salle_id,categorie_prix_id) VALUES (13,7296,'K',12,63,2);
INSERT INTO place (id,numero,gradin,rangee,salle_id,categorie_prix_id) VALUES (14,2143,'G',28,73,3);
INSERT INTO place (id,numero,gradin,rangee,salle_id,categorie_prix_id) VALUES (15,1315,'C',5,20,1);
INSERT INTO place (id,numero,gradin,rangee,salle_id,categorie_prix_id) VALUES (16,5411,'T',5,6,7);
INSERT INTO place (id,numero,gradin,rangee,salle_id,categorie_prix_id) VALUES (17,6040,'Y',49,7,1);
INSERT INTO place (id,numero,gradin,rangee,salle_id,categorie_prix_id) VALUES (18,194,'U',53,22,2);
INSERT INTO place (id,numero,gradin,rangee,salle_id,categorie_prix_id) VALUES (19,6081,'U',90,79,3);
INSERT INTO place (id,numero,gradin,rangee,salle_id,categorie_prix_id) VALUES (20,4434,'A',3,42,5);
INSERT INTO place (id,numero,gradin,rangee,salle_id,categorie_prix_id) VALUES (21,7798,'K',52,8,4);
INSERT INTO place (id,numero,gradin,rangee,salle_id,categorie_prix_id) VALUES (22,2841,'J',67,1,5);
INSERT INTO place (id,numero,gradin,rangee,salle_id,categorie_prix_id) VALUES (23,9267,'B',47,39,7);
INSERT INTO place (id,numero,gradin,rangee,salle_id,categorie_prix_id) VALUES (24,7671,'P',17,73,2);
INSERT INTO place (id,numero,gradin,rangee,salle_id,categorie_prix_id) VALUES (25,1285,'F',37,5,2);
INSERT INTO place (id,numero,gradin,rangee,salle_id,categorie_prix_id) VALUES (26,8542,'O',56,4,1);
INSERT INTO place (id,numero,gradin,rangee,salle_id,categorie_prix_id) VALUES (27,216,'F',22,31,8);
INSERT INTO place (id,numero,gradin,rangee,salle_id,categorie_prix_id) VALUES (28,8720,'S',38,57,8);
INSERT INTO place (id,numero,gradin,rangee,salle_id,categorie_prix_id) VALUES (29,4514,'R',84,58,7);
INSERT INTO place (id,numero,gradin,rangee,salle_id,categorie_prix_id) VALUES (30,1849,'T',97,26,9);
INSERT INTO place (id,numero,gradin,rangee,salle_id,categorie_prix_id) VALUES (31,2596,'Y',42,45,10);
INSERT INTO place (id,numero,gradin,rangee,salle_id,categorie_prix_id) VALUES (32,9582,'Q',68,92,2);
INSERT INTO place (id,numero,gradin,rangee,salle_id,categorie_prix_id) VALUES (33,2531,'U',42,52,2);
INSERT INTO place (id,numero,gradin,rangee,salle_id,categorie_prix_id) VALUES (34,688,'I',39,89,9);
INSERT INTO place (id,numero,gradin,rangee,salle_id,categorie_prix_id) VALUES (35,1572,'N',11,20,1);
INSERT INTO place (id,numero,gradin,rangee,salle_id,categorie_prix_id) VALUES (36,497,'M',40,77,5);
INSERT INTO place (id,numero,gradin,rangee,salle_id,categorie_prix_id) VALUES (37,492,'C',19,59,4);
INSERT INTO place (id,numero,gradin,rangee,salle_id,categorie_prix_id) VALUES (38,7253,'K',15,56,10);
INSERT INTO place (id,numero,gradin,rangee,salle_id,categorie_prix_id) VALUES (39,9673,'N',91,66,6);
INSERT INTO place (id,numero,gradin,rangee,salle_id,categorie_prix_id) VALUES (40,5005,'K',57,29,2);
INSERT INTO place (id,numero,gradin,rangee,salle_id,categorie_prix_id) VALUES (41,5289,'N',86,41,8);
INSERT INTO place (id,numero,gradin,rangee,salle_id,categorie_prix_id) VALUES (42,8555,'B',23,77,2);
INSERT INTO place (id,numero,gradin,rangee,salle_id,categorie_prix_id) VALUES (43,1392,'J',33,21,3);
INSERT INTO place (id,numero,gradin,rangee,salle_id,categorie_prix_id) VALUES (44,6275,'T',97,70,5);
INSERT INTO place (id,numero,gradin,rangee,salle_id,categorie_prix_id) VALUES (45,6064,'F',64,80,3);
INSERT INTO place (id,numero,gradin,rangee,salle_id,categorie_prix_id) VALUES (46,1922,'X',92,78,4);
INSERT INTO place (id,numero,gradin,rangee,salle_id,categorie_prix_id) VALUES (47,1852,'Z',56,15,5);
INSERT INTO place (id,numero,gradin,rangee,salle_id,categorie_prix_id) VALUES (48,4524,'E',83,84,1);
INSERT INTO place (id,numero,gradin,rangee,salle_id,categorie_prix_id) VALUES (49,3469,'G',2,7,4);
INSERT INTO place (id,numero,gradin,rangee,salle_id,categorie_prix_id) VALUES (50,6111,'U',81,19,1);
INSERT INTO place (id,numero,gradin,rangee,salle_id,categorie_prix_id) VALUES (51,1865,'K',62,22,2);
INSERT INTO place (id,numero,gradin,rangee,salle_id,categorie_prix_id) VALUES (52,7750,'A',12,57,2);
INSERT INTO place (id,numero,gradin,rangee,salle_id,categorie_prix_id) VALUES (53,3981,'P',26,32,9);
INSERT INTO place (id,numero,gradin,rangee,salle_id,categorie_prix_id) VALUES (54,8047,'K',90,49,9);
INSERT INTO place (id,numero,gradin,rangee,salle_id,categorie_prix_id) VALUES (55,835,'E',34,30,2);
INSERT INTO place (id,numero,gradin,rangee,salle_id,categorie_prix_id) VALUES (56,6078,'U',78,11,10);
INSERT INTO place (id,numero,gradin,rangee,salle_id,categorie_prix_id) VALUES (57,2838,'X',77,23,9);
INSERT INTO place (id,numero,gradin,rangee,salle_id,categorie_prix_id) VALUES (58,7616,'R',50,47,8);
INSERT INTO place (id,numero,gradin,rangee,salle_id,categorie_prix_id) VALUES (59,4809,'C',29,20,5);
INSERT INTO place (id,numero,gradin,rangee,salle_id,categorie_prix_id) VALUES (60,5909,'N',71,23,2);
INSERT INTO place (id,numero,gradin,rangee,salle_id,categorie_prix_id) VALUES (61,8561,'W',33,45,10);
INSERT INTO place (id,numero,gradin,rangee,salle_id,categorie_prix_id) VALUES (62,4916,'W',45,83,6);
INSERT INTO place (id,numero,gradin,rangee,salle_id,categorie_prix_id) VALUES (63,9834,'P',20,31,8);
INSERT INTO place (id,numero,gradin,rangee,salle_id,categorie_prix_id) VALUES (64,808,'Z',17,72,9);
INSERT INTO place (id,numero,gradin,rangee,salle_id,categorie_prix_id) VALUES (65,4553,'H',94,85,9);
INSERT INTO place (id,numero,gradin,rangee,salle_id,categorie_prix_id) VALUES (66,6770,'B',10,20,7);
INSERT INTO place (id,numero,gradin,rangee,salle_id,categorie_prix_id) VALUES (67,9040,'R',23,8,7);
INSERT INTO place (id,numero,gradin,rangee,salle_id,categorie_prix_id) VALUES (68,7286,'L',65,58,1);
INSERT INTO place (id,numero,gradin,rangee,salle_id,categorie_prix_id) VALUES (69,4073,'Y',1,47,2);
INSERT INTO place (id,numero,gradin,rangee,salle_id,categorie_prix_id) VALUES (70,3117,'W',42,82,8);
INSERT INTO place (id,numero,gradin,rangee,salle_id,categorie_prix_id) VALUES (71,3189,'S',44,68,4);
INSERT INTO place (id,numero,gradin,rangee,salle_id,categorie_prix_id) VALUES (72,8086,'A',53,48,7);
INSERT INTO place (id,numero,gradin,rangee,salle_id,categorie_prix_id) VALUES (73,3001,'F',43,41,1);
INSERT INTO place (id,numero,gradin,rangee,salle_id,categorie_prix_id) VALUES (74,2972,'L',54,8,1);
INSERT INTO place (id,numero,gradin,rangee,salle_id,categorie_prix_id) VALUES (75,2235,'P',32,12,9);
INSERT INTO place (id,numero,gradin,rangee,salle_id,categorie_prix_id) VALUES (76,5351,'B',41,32,5);
INSERT INTO place (id,numero,gradin,rangee,salle_id,categorie_prix_id) VALUES (77,1257,'B',64,100,6);
INSERT INTO place (id,numero,gradin,rangee,salle_id,categorie_prix_id) VALUES (78,36,'A',70,29,8);
INSERT INTO place (id,numero,gradin,rangee,salle_id,categorie_prix_id) VALUES (79,2492,'W',71,47,8);
INSERT INTO place (id,numero,gradin,rangee,salle_id,categorie_prix_id) VALUES (80,7863,'W',61,8,2);
INSERT INTO place (id,numero,gradin,rangee,salle_id,categorie_prix_id) VALUES (81,1859,'V',39,8,2);
INSERT INTO place (id,numero,gradin,rangee,salle_id,categorie_prix_id) VALUES (82,7198,'P',64,52,2);
INSERT INTO place (id,numero,gradin,rangee,salle_id,categorie_prix_id) VALUES (83,8243,'Z',83,35,4);
INSERT INTO place (id,numero,gradin,rangee,salle_id,categorie_prix_id) VALUES (84,2677,'B',60,69,5);
INSERT INTO place (id,numero,gradin,rangee,salle_id,categorie_prix_id) VALUES (85,4315,'H',96,78,9);
INSERT INTO place (id,numero,gradin,rangee,salle_id,categorie_prix_id) VALUES (86,587,'G',52,68,1);
INSERT INTO place (id,numero,gradin,rangee,salle_id,categorie_prix_id) VALUES (87,7991,'Q',25,62,1);
INSERT INTO place (id,numero,gradin,rangee,salle_id,categorie_prix_id) VALUES (88,6559,'F',67,99,3);
INSERT INTO place (id,numero,gradin,rangee,salle_id,categorie_prix_id) VALUES (89,6058,'U',49,58,6);
INSERT INTO place (id,numero,gradin,rangee,salle_id,categorie_prix_id) VALUES (90,9562,'H',82,27,10);
INSERT INTO place (id,numero,gradin,rangee,salle_id,categorie_prix_id) VALUES (91,5640,'V',71,67,8);
INSERT INTO place (id,numero,gradin,rangee,salle_id,categorie_prix_id) VALUES (92,5044,'C',94,23,9);
INSERT INTO place (id,numero,gradin,rangee,salle_id,categorie_prix_id) VALUES (93,9876,'T',23,76,6);
INSERT INTO place (id,numero,gradin,rangee,salle_id,categorie_prix_id) VALUES (94,1807,'M',73,58,7);
INSERT INTO place (id,numero,gradin,rangee,salle_id,categorie_prix_id) VALUES (95,3470,'K',33,42,5);
INSERT INTO place (id,numero,gradin,rangee,salle_id,categorie_prix_id) VALUES (96,1311,'S',65,4,1);
INSERT INTO place (id,numero,gradin,rangee,salle_id,categorie_prix_id) VALUES (97,4791,'P',60,69,7);
INSERT INTO place (id,numero,gradin,rangee,salle_id,categorie_prix_id) VALUES (98,6630,'Z',21,96,7);
INSERT INTO place (id,numero,gradin,rangee,salle_id,categorie_prix_id) VALUES (99,5060,'I',17,38,1);
INSERT INTO place (id,numero,gradin,rangee,salle_id,categorie_prix_id) VALUES (100,877,'M',4,81,5);

-- evenement --

 INSERT INTO evenement (id,libelle,description) VALUES (1,'Morbi Metus Vivamus Institute','neque vitae semper egestas, urna justo faucibus lectus, a sollicitudin orci sem eget massa. Suspendisse eleifend. Cras sed leo. Cras vehicula aliquet libero. Integer in magna. Phasellus dolor elit, pellentesque a, facilisis non, bibendum sed, est. Nunc laoreet lectus quis massa. Mauris vestibulum, neque sed dictum eleifend, nunc risus varius orci, in consequat enim diam vel arcu. Curabitur ut odio vel est tempor bibendum. Donec felis orci, adipiscing non, luctus sit amet, faucibus ut, nulla. Cras eu tellus eu augue porttitor interdum. Sed auctor odio a purus. Duis elementum, dui quis accumsan convallis, ante lectus convallis est, vitae sodales nisi magna sed dui. Fusce aliquam, enim nec tempus scelerisque, lorem ipsum sodales purus, in molestie tortor nibh sit amet orci. Ut sagittis lobortis mauris. Suspendisse aliquet molestie tellus. Aenean egestas hendrerit neque. In ornare sagittis felis. Donec tempor, est ac mattis semper, dui lectus rutrum urna, nec luctus felis purus');
INSERT INTO evenement (id,libelle,description) VALUES (2,'Libero Dui Nec LLP','et magnis dis parturient montes, nascetur ridiculus mus. Donec dignissim magna a tortor. Nunc commodo auctor velit. Aliquam nisl. Nulla eu neque pellentesque massa lobortis ultrices. Vivamus rhoncus. Donec est. Nunc ullamcorper, velit in aliquet lobortis, nisi nibh lacinia orci, consectetuer euismod est arcu ac orci. Ut semper pretium neque. Morbi quis urna. Nunc quis arcu vel quam dignissim pharetra. Nam ac nulla. In tincidunt congue turpis. In condimentum. Donec at arcu. Vestibulum ante ipsum primis in faucibus orci luctus et ultrices posuere cubilia Curae; Donec tincidunt. Donec vitae erat vel pede blandit congue. In scelerisque scelerisque dui. Suspendisse ac metus vitae velit egestas lacinia. Sed congue, elit sed consequat auctor, nunc nulla vulputate dui, nec tempus mauris erat eget ipsum. Suspendisse sagittis. Nullam vitae diam. Proin dolor. Nulla semper tellus id nunc interdum feugiat. Sed nec metus facilisis lorem tristique aliquet. Phasellus fermentum convallis ligula. Donec luctus aliquet odio.');
INSERT INTO evenement (id,libelle,description) VALUES (3,'Pretium Neque Consulting','eleifend egestas. Sed pharetra, felis eget varius ultrices, mauris ipsum porta elit, a feugiat tellus lorem eu metus. In lorem. Donec elementum, lorem ut aliquam iaculis, lacus pede sagittis augue, eu tempor erat neque non quam. Pellentesque habitant morbi tristique senectus et netus et malesuada fames ac turpis egestas. Aliquam fringilla cursus purus. Nullam scelerisque neque sed sem egestas blandit. Nam nulla magna, malesuada vel, convallis in, cursus et, eros. Proin ultrices. Duis volutpat nunc sit amet metus. Aliquam erat volutpat. Nulla facilisis. Suspendisse commodo tincidunt nibh. Phasellus nulla. Integer vulputate, risus a ultricies adipiscing, enim mi tempor lorem, eget mollis lectus pede et risus. Quisque libero lacus, varius et, euismod et, commodo at, libero. Morbi accumsan laoreet ipsum. Curabitur consequat, lectus sit amet luctus vulputate, nisi sem semper erat, in consectetuer ipsum nunc id enim. Curabitur massa. Vestibulum accumsan neque et nunc. Quisque ornare tortor at risus. Nunc ac');
INSERT INTO evenement (id,libelle,description) VALUES (4,'Gravida Sagittis Duis Consulting','consectetuer rhoncus. Nullam velit dui, semper et, lacinia vitae, sodales at, velit. Pellentesque ultricies dignissim lacus. Aliquam rutrum lorem ac risus. Morbi metus. Vivamus euismod urna. Nullam lobortis quam a felis ullamcorper viverra. Maecenas iaculis aliquet diam. Sed diam lorem, auctor quis, tristique ac, eleifend vitae, erat. Vivamus nisi. Mauris nulla. Integer urna. Vivamus molestie dapibus ligula. Aliquam erat volutpat. Nulla dignissim. Maecenas ornare egestas ligula. Nullam feugiat placerat velit. Quisque varius. Nam porttitor scelerisque neque. Nullam nisl. Maecenas malesuada fringilla est. Mauris eu turpis. Nulla aliquet. Proin velit. Sed malesuada augue ut lacus. Nulla tincidunt, neque vitae semper egestas, urna justo faucibus lectus, a sollicitudin orci sem eget massa. Suspendisse eleifend. Cras sed leo. Cras vehicula aliquet libero. Integer in magna. Phasellus dolor elit, pellentesque a, facilisis non, bibendum sed, est. Nunc laoreet lectus quis massa. Mauris vestibulum, neque sed dictum eleifend, nunc risus varius orci, in consequat enim');
INSERT INTO evenement (id,libelle,description) VALUES (5,'Eu Company','eu enim. Etiam imperdiet dictum magna. Ut tincidunt orci quis lectus. Nullam suscipit, est ac facilisis facilisis, magna tellus faucibus leo, in lobortis tellus justo sit amet nulla. Donec non justo. Proin non massa non ante bibendum ullamcorper. Duis cursus, diam at pretium aliquet, metus urna convallis erat, eget tincidunt dui augue eu tellus. Phasellus elit pede, malesuada vel, venenatis vel, faucibus id, libero. Donec consectetuer mauris id sapien. Cras dolor dolor, tempus non, lacinia at, iaculis quis, pede. Praesent eu dui. Cum sociis natoque penatibus et magnis dis parturient montes, nascetur ridiculus mus. Aenean eget magna. Suspendisse tristique neque venenatis lacus. Etiam bibendum fermentum metus. Aenean sed pede nec ante blandit viverra. Donec tempus, lorem fringilla ornare placerat, orci lacus vestibulum lorem, sit amet ultricies sem magna nec quam. Curabitur vel lectus. Cum sociis natoque penatibus et magnis dis parturient montes, nascetur ridiculus mus. Donec dignissim magna a tortor.');
INSERT INTO evenement (id,libelle,description) VALUES (6,'Cursus Inc.','sed, facilisis vitae, orci. Phasellus dapibus quam quis diam. Pellentesque habitant morbi tristique senectus et netus et malesuada fames ac turpis egestas. Fusce aliquet magna a neque. Nullam ut nisi a odio semper cursus. Integer mollis. Integer tincidunt aliquam arcu. Aliquam ultrices iaculis odio. Nam interdum enim non nisi. Aenean eget metus. In nec orci. Donec nibh. Quisque nonummy ipsum non arcu. Vivamus sit amet risus. Donec egestas. Aliquam nec enim. Nunc ut erat. Sed nunc est, mollis non, cursus non, egestas a, dui. Cras pellentesque. Sed dictum. Proin eget odio. Aliquam vulputate ullamcorper magna. Sed eu eros. Nam consequat dolor vitae dolor. Donec fringilla. Donec feugiat metus sit amet ante. Vivamus non lorem vitae odio sagittis semper. Nam tempor diam dictum sapien. Aenean massa. Integer vitae nibh. Donec est mauris, rhoncus id, mollis nec, cursus a, enim. Suspendisse aliquet, sem ut cursus luctus, ipsum leo elementum sem, vitae aliquam');
INSERT INTO evenement (id,libelle,description) VALUES (7,'Nam Incorporated','velit dui, semper et, lacinia vitae, sodales at, velit. Pellentesque ultricies dignissim lacus. Aliquam rutrum lorem ac risus. Morbi metus. Vivamus euismod urna. Nullam lobortis quam a felis ullamcorper viverra. Maecenas iaculis aliquet diam. Sed diam lorem, auctor quis, tristique ac, eleifend vitae, erat. Vivamus nisi. Mauris nulla. Integer urna. Vivamus molestie dapibus ligula. Aliquam erat volutpat. Nulla dignissim. Maecenas ornare egestas ligula. Nullam feugiat placerat velit. Quisque varius. Nam porttitor scelerisque neque. Nullam nisl. Maecenas malesuada fringilla est. Mauris eu turpis. Nulla aliquet. Proin velit. Sed malesuada augue ut lacus. Nulla tincidunt, neque vitae semper egestas, urna justo faucibus lectus, a sollicitudin orci sem eget massa. Suspendisse eleifend. Cras sed leo. Cras vehicula aliquet libero. Integer in magna. Phasellus dolor elit, pellentesque a, facilisis non, bibendum sed, est. Nunc laoreet lectus quis massa. Mauris vestibulum, neque sed dictum eleifend, nunc risus varius orci, in consequat enim diam vel arcu.');
INSERT INTO evenement (id,libelle,description) VALUES (8,'Imperdiet Ltd','lacus. Mauris non dui nec urna suscipit nonummy. Fusce fermentum fermentum arcu. Vestibulum ante ipsum primis in faucibus orci luctus et ultrices posuere cubilia Curae; Phasellus ornare. Fusce mollis. Duis sit amet diam eu dolor egestas rhoncus. Proin nisl sem, consequat nec, mollis vitae, posuere at, velit. Cras lorem lorem, luctus ut, pellentesque eget, dictum placerat, augue. Sed molestie. Sed id risus quis diam luctus lobortis. Class aptent taciti sociosqu ad litora torquent per conubia nostra, per inceptos hymenaeos. Mauris ut quam vel sapien imperdiet ornare. In faucibus. Morbi vehicula. Pellentesque tincidunt tempus risus. Donec egestas. Duis ac arcu. Nunc mauris. Morbi non sapien molestie orci tincidunt adipiscing. Mauris molestie pharetra nibh. Aliquam ornare, libero at auctor ullamcorper, nisl arcu iaculis enim, sit amet ornare lectus justo eu arcu. Morbi sit amet massa. Quisque porttitor eros nec tellus. Nunc lectus pede, ultrices a, auctor non, feugiat nec, diam. Duis mi');
INSERT INTO evenement (id,libelle,description) VALUES (9,'Ut Industries','Morbi non sapien molestie orci tincidunt adipiscing. Mauris molestie pharetra nibh. Aliquam ornare, libero at auctor ullamcorper, nisl arcu iaculis enim, sit amet ornare lectus justo eu arcu. Morbi sit amet massa. Quisque porttitor eros nec tellus. Nunc lectus pede, ultrices a, auctor non, feugiat nec, diam. Duis mi enim, condimentum eget, volutpat ornare, facilisis eget, ipsum. Donec sollicitudin adipiscing ligula. Aenean gravida nunc sed pede. Cum sociis natoque penatibus et magnis dis parturient montes, nascetur ridiculus mus. Proin vel arcu eu odio tristique pharetra. Quisque ac libero nec ligula consectetuer rhoncus. Nullam velit dui, semper et, lacinia vitae, sodales at, velit. Pellentesque ultricies dignissim lacus. Aliquam rutrum lorem ac risus. Morbi metus. Vivamus euismod urna. Nullam lobortis quam a felis ullamcorper viverra. Maecenas iaculis aliquet diam. Sed diam lorem, auctor quis, tristique ac, eleifend vitae, erat. Vivamus nisi. Mauris nulla. Integer urna. Vivamus molestie dapibus ligula. Aliquam erat volutpat.');
INSERT INTO evenement (id,libelle,description) VALUES (10,'Faucibus Company','nec orci. Donec nibh. Quisque nonummy ipsum non arcu. Vivamus sit amet risus. Donec egestas. Aliquam nec enim. Nunc ut erat. Sed nunc est, mollis non, cursus non, egestas a, dui. Cras pellentesque. Sed dictum. Proin eget odio. Aliquam vulputate ullamcorper magna. Sed eu eros. Nam consequat dolor vitae dolor. Donec fringilla. Donec feugiat metus sit amet ante. Vivamus non lorem vitae odio sagittis semper. Nam tempor diam dictum sapien. Aenean massa. Integer vitae nibh. Donec est mauris, rhoncus id, mollis nec, cursus a, enim. Suspendisse aliquet, sem ut cursus luctus, ipsum leo elementum sem, vitae aliquam eros turpis non enim. Mauris quis turpis vitae purus gravida sagittis. Duis gravida. Praesent eu nulla at sem molestie sodales. Mauris blandit enim consequat purus. Maecenas libero est, congue a, aliquet vel, vulputate eu, odio. Phasellus at augue id ante dictum cursus. Nunc mauris elit, dictum eu, eleifend nec, malesuada ut, sem. Nulla');
INSERT INTO evenement (id,libelle,description) VALUES (11,'Eu Inc.','elementum, dui quis accumsan convallis, ante lectus convallis est, vitae sodales nisi magna sed dui. Fusce aliquam, enim nec tempus scelerisque, lorem ipsum sodales purus, in molestie tortor nibh sit amet orci. Ut sagittis lobortis mauris. Suspendisse aliquet molestie tellus. Aenean egestas hendrerit neque. In ornare sagittis felis. Donec tempor, est ac mattis semper, dui lectus rutrum urna, nec luctus felis purus ac tellus. Suspendisse sed dolor. Fusce mi lorem, vehicula et, rutrum eu, ultrices sit amet, risus. Donec nibh enim, gravida sit amet, dapibus id, blandit at, nisi. Cum sociis natoque penatibus et magnis dis parturient montes, nascetur ridiculus mus. Proin vel nisl. Quisque fringilla euismod enim. Etiam gravida molestie arcu. Sed eu nibh vulputate mauris sagittis placerat. Cras dictum ultricies ligula. Nullam enim. Sed nulla ante, iaculis nec, eleifend non, dapibus rutrum, justo. Praesent luctus. Curabitur egestas nunc sed libero. Proin sed turpis nec mauris blandit mattis. Cras');
INSERT INTO evenement (id,libelle,description) VALUES (12,'Orci Adipiscing Consulting','nec ante blandit viverra. Donec tempus, lorem fringilla ornare placerat, orci lacus vestibulum lorem, sit amet ultricies sem magna nec quam. Curabitur vel lectus. Cum sociis natoque penatibus et magnis dis parturient montes, nascetur ridiculus mus. Donec dignissim magna a tortor. Nunc commodo auctor velit. Aliquam nisl. Nulla eu neque pellentesque massa lobortis ultrices. Vivamus rhoncus. Donec est. Nunc ullamcorper, velit in aliquet lobortis, nisi nibh lacinia orci, consectetuer euismod est arcu ac orci. Ut semper pretium neque. Morbi quis urna. Nunc quis arcu vel quam dignissim pharetra. Nam ac nulla. In tincidunt congue turpis. In condimentum. Donec at arcu. Vestibulum ante ipsum primis in faucibus orci luctus et ultrices posuere cubilia Curae; Donec tincidunt. Donec vitae erat vel pede blandit congue. In scelerisque scelerisque dui. Suspendisse ac metus vitae velit egestas lacinia. Sed congue, elit sed consequat auctor, nunc nulla vulputate dui, nec tempus mauris erat eget ipsum. Suspendisse');
INSERT INTO evenement (id,libelle,description) VALUES (13,'Ultrices Iaculis Odio PC','Vivamus molestie dapibus ligula. Aliquam erat volutpat. Nulla dignissim. Maecenas ornare egestas ligula. Nullam feugiat placerat velit. Quisque varius. Nam porttitor scelerisque neque. Nullam nisl. Maecenas malesuada fringilla est. Mauris eu turpis. Nulla aliquet. Proin velit. Sed malesuada augue ut lacus. Nulla tincidunt, neque vitae semper egestas, urna justo faucibus lectus, a sollicitudin orci sem eget massa. Suspendisse eleifend. Cras sed leo. Cras vehicula aliquet libero. Integer in magna. Phasellus dolor elit, pellentesque a, facilisis non, bibendum sed, est. Nunc laoreet lectus quis massa. Mauris vestibulum, neque sed dictum eleifend, nunc risus varius orci, in consequat enim diam vel arcu. Curabitur ut odio vel est tempor bibendum. Donec felis orci, adipiscing non, luctus sit amet, faucibus ut, nulla. Cras eu tellus eu augue porttitor interdum. Sed auctor odio a purus. Duis elementum, dui quis accumsan convallis, ante lectus convallis est, vitae sodales nisi magna sed dui. Fusce aliquam, enim nec');
INSERT INTO evenement (id,libelle,description) VALUES (14,'Ullamcorper Incorporated','senectus et netus et malesuada fames ac turpis egestas. Fusce aliquet magna a neque. Nullam ut nisi a odio semper cursus. Integer mollis. Integer tincidunt aliquam arcu. Aliquam ultrices iaculis odio. Nam interdum enim non nisi. Aenean eget metus. In nec orci. Donec nibh. Quisque nonummy ipsum non arcu. Vivamus sit amet risus. Donec egestas. Aliquam nec enim. Nunc ut erat. Sed nunc est, mollis non, cursus non, egestas a, dui. Cras pellentesque. Sed dictum. Proin eget odio. Aliquam vulputate ullamcorper magna. Sed eu eros. Nam consequat dolor vitae dolor. Donec fringilla. Donec feugiat metus sit amet ante. Vivamus non lorem vitae odio sagittis semper. Nam tempor diam dictum sapien. Aenean massa. Integer vitae nibh. Donec est mauris, rhoncus id, mollis nec, cursus a, enim. Suspendisse aliquet, sem ut cursus luctus, ipsum leo elementum sem, vitae aliquam eros turpis non enim. Mauris quis turpis vitae purus gravida sagittis. Duis gravida.');
INSERT INTO evenement (id,libelle,description) VALUES (15,'Vel Foundation','pellentesque. Sed dictum. Proin eget odio. Aliquam vulputate ullamcorper magna. Sed eu eros. Nam consequat dolor vitae dolor. Donec fringilla. Donec feugiat metus sit amet ante. Vivamus non lorem vitae odio sagittis semper. Nam tempor diam dictum sapien. Aenean massa. Integer vitae nibh. Donec est mauris, rhoncus id, mollis nec, cursus a, enim. Suspendisse aliquet, sem ut cursus luctus, ipsum leo elementum sem, vitae aliquam eros turpis non enim. Mauris quis turpis vitae purus gravida sagittis. Duis gravida. Praesent eu nulla at sem molestie sodales. Mauris blandit enim consequat purus. Maecenas libero est, congue a, aliquet vel, vulputate eu, odio. Phasellus at augue id ante dictum cursus. Nunc mauris elit, dictum eu, eleifend nec, malesuada ut, sem. Nulla interdum. Curabitur dictum. Phasellus in felis. Nulla tempor augue ac ipsum. Phasellus vitae mauris sit amet lorem semper auctor. Mauris vel turpis. Aliquam adipiscing lobortis risus. In mi pede, nonummy ut, molestie');
INSERT INTO evenement (id,libelle,description) VALUES (16,'Nonummy Ipsum Non Ltd','consequat dolor vitae dolor. Donec fringilla. Donec feugiat metus sit amet ante. Vivamus non lorem vitae odio sagittis semper. Nam tempor diam dictum sapien. Aenean massa. Integer vitae nibh. Donec est mauris, rhoncus id, mollis nec, cursus a, enim. Suspendisse aliquet, sem ut cursus luctus, ipsum leo elementum sem, vitae aliquam eros turpis non enim. Mauris quis turpis vitae purus gravida sagittis. Duis gravida. Praesent eu nulla at sem molestie sodales. Mauris blandit enim consequat purus. Maecenas libero est, congue a, aliquet vel, vulputate eu, odio. Phasellus at augue id ante dictum cursus. Nunc mauris elit, dictum eu, eleifend nec, malesuada ut, sem. Nulla interdum. Curabitur dictum. Phasellus in felis. Nulla tempor augue ac ipsum. Phasellus vitae mauris sit amet lorem semper auctor. Mauris vel turpis. Aliquam adipiscing lobortis risus. In mi pede, nonummy ut, molestie in, tempus eu, ligula. Aenean euismod mauris eu elit. Nulla facilisi. Sed neque. Sed');
INSERT INTO evenement (id,libelle,description) VALUES (17,'Mauris Magna LLP','sodales. Mauris blandit enim consequat purus. Maecenas libero est, congue a, aliquet vel, vulputate eu, odio. Phasellus at augue id ante dictum cursus. Nunc mauris elit, dictum eu, eleifend nec, malesuada ut, sem. Nulla interdum. Curabitur dictum. Phasellus in felis. Nulla tempor augue ac ipsum. Phasellus vitae mauris sit amet lorem semper auctor. Mauris vel turpis. Aliquam adipiscing lobortis risus. In mi pede, nonummy ut, molestie in, tempus eu, ligula. Aenean euismod mauris eu elit. Nulla facilisi. Sed neque. Sed eget lacus. Mauris non dui nec urna suscipit nonummy. Fusce fermentum fermentum arcu. Vestibulum ante ipsum primis in faucibus orci luctus et ultrices posuere cubilia Curae; Phasellus ornare. Fusce mollis. Duis sit amet diam eu dolor egestas rhoncus. Proin nisl sem, consequat nec, mollis vitae, posuere at, velit. Cras lorem lorem, luctus ut, pellentesque eget, dictum placerat, augue. Sed molestie. Sed id risus quis diam luctus lobortis. Class aptent taciti');
INSERT INTO evenement (id,libelle,description) VALUES (18,'Mi Pede Associates','Cras convallis convallis dolor. Quisque tincidunt pede ac urna. Ut tincidunt vehicula risus. Nulla eget metus eu erat semper rutrum. Fusce dolor quam, elementum at, egestas a, scelerisque sed, sapien. Nunc pulvinar arcu et pede. Nunc sed orci lobortis augue scelerisque mollis. Phasellus libero mauris, aliquam eu, accumsan sed, facilisis vitae, orci. Phasellus dapibus quam quis diam. Pellentesque habitant morbi tristique senectus et netus et malesuada fames ac turpis egestas. Fusce aliquet magna a neque. Nullam ut nisi a odio semper cursus. Integer mollis. Integer tincidunt aliquam arcu. Aliquam ultrices iaculis odio. Nam interdum enim non nisi. Aenean eget metus. In nec orci. Donec nibh. Quisque nonummy ipsum non arcu. Vivamus sit amet risus. Donec egestas. Aliquam nec enim. Nunc ut erat. Sed nunc est, mollis non, cursus non, egestas a, dui. Cras pellentesque. Sed dictum. Proin eget odio. Aliquam vulputate ullamcorper magna. Sed eu eros. Nam consequat dolor vitae');
INSERT INTO evenement (id,libelle,description) VALUES (19,'Pellentesque Corporation','euismod mauris eu elit. Nulla facilisi. Sed neque. Sed eget lacus. Mauris non dui nec urna suscipit nonummy. Fusce fermentum fermentum arcu. Vestibulum ante ipsum primis in faucibus orci luctus et ultrices posuere cubilia Curae; Phasellus ornare. Fusce mollis. Duis sit amet diam eu dolor egestas rhoncus. Proin nisl sem, consequat nec, mollis vitae, posuere at, velit. Cras lorem lorem, luctus ut, pellentesque eget, dictum placerat, augue. Sed molestie. Sed id risus quis diam luctus lobortis. Class aptent taciti sociosqu ad litora torquent per conubia nostra, per inceptos hymenaeos. Mauris ut quam vel sapien imperdiet ornare. In faucibus. Morbi vehicula. Pellentesque tincidunt tempus risus. Donec egestas. Duis ac arcu. Nunc mauris. Morbi non sapien molestie orci tincidunt adipiscing. Mauris molestie pharetra nibh. Aliquam ornare, libero at auctor ullamcorper, nisl arcu iaculis enim, sit amet ornare lectus justo eu arcu. Morbi sit amet massa. Quisque porttitor eros nec tellus. Nunc lectus');
INSERT INTO evenement (id,libelle,description) VALUES (20,'Integer In Magna Corporation','odio. Phasellus at augue id ante dictum cursus. Nunc mauris elit, dictum eu, eleifend nec, malesuada ut, sem. Nulla interdum. Curabitur dictum. Phasellus in felis. Nulla tempor augue ac ipsum. Phasellus vitae mauris sit amet lorem semper auctor. Mauris vel turpis. Aliquam adipiscing lobortis risus. In mi pede, nonummy ut, molestie in, tempus eu, ligula. Aenean euismod mauris eu elit. Nulla facilisi. Sed neque. Sed eget lacus. Mauris non dui nec urna suscipit nonummy. Fusce fermentum fermentum arcu. Vestibulum ante ipsum primis in faucibus orci luctus et ultrices posuere cubilia Curae; Phasellus ornare. Fusce mollis. Duis sit amet diam eu dolor egestas rhoncus. Proin nisl sem, consequat nec, mollis vitae, posuere at, velit. Cras lorem lorem, luctus ut, pellentesque eget, dictum placerat, augue. Sed molestie. Sed id risus quis diam luctus lobortis. Class aptent taciti sociosqu ad litora torquent per conubia nostra, per inceptos hymenaeos. Mauris ut quam vel sapien');
INSERT INTO evenement (id,libelle,description) VALUES (21,'Mauris Sapien Cursus Company','molestie in, tempus eu, ligula. Aenean euismod mauris eu elit. Nulla facilisi. Sed neque. Sed eget lacus. Mauris non dui nec urna suscipit nonummy. Fusce fermentum fermentum arcu. Vestibulum ante ipsum primis in faucibus orci luctus et ultrices posuere cubilia Curae; Phasellus ornare. Fusce mollis. Duis sit amet diam eu dolor egestas rhoncus. Proin nisl sem, consequat nec, mollis vitae, posuere at, velit. Cras lorem lorem, luctus ut, pellentesque eget, dictum placerat, augue. Sed molestie. Sed id risus quis diam luctus lobortis. Class aptent taciti sociosqu ad litora torquent per conubia nostra, per inceptos hymenaeos. Mauris ut quam vel sapien imperdiet ornare. In faucibus. Morbi vehicula. Pellentesque tincidunt tempus risus. Donec egestas. Duis ac arcu. Nunc mauris. Morbi non sapien molestie orci tincidunt adipiscing. Mauris molestie pharetra nibh. Aliquam ornare, libero at auctor ullamcorper, nisl arcu iaculis enim, sit amet ornare lectus justo eu arcu. Morbi sit amet massa. Quisque');
INSERT INTO evenement (id,libelle,description) VALUES (22,'Dictum LLP','sit amet, faucibus ut, nulla. Cras eu tellus eu augue porttitor interdum. Sed auctor odio a purus. Duis elementum, dui quis accumsan convallis, ante lectus convallis est, vitae sodales nisi magna sed dui. Fusce aliquam, enim nec tempus scelerisque, lorem ipsum sodales purus, in molestie tortor nibh sit amet orci. Ut sagittis lobortis mauris. Suspendisse aliquet molestie tellus. Aenean egestas hendrerit neque. In ornare sagittis felis. Donec tempor, est ac mattis semper, dui lectus rutrum urna, nec luctus felis purus ac tellus. Suspendisse sed dolor. Fusce mi lorem, vehicula et, rutrum eu, ultrices sit amet, risus. Donec nibh enim, gravida sit amet, dapibus id, blandit at, nisi. Cum sociis natoque penatibus et magnis dis parturient montes, nascetur ridiculus mus. Proin vel nisl. Quisque fringilla euismod enim. Etiam gravida molestie arcu. Sed eu nibh vulputate mauris sagittis placerat. Cras dictum ultricies ligula. Nullam enim. Sed nulla ante, iaculis nec, eleifend non,');
INSERT INTO evenement (id,libelle,description) VALUES (23,'Dolor Dapibus Industries','In ornare sagittis felis. Donec tempor, est ac mattis semper, dui lectus rutrum urna, nec luctus felis purus ac tellus. Suspendisse sed dolor. Fusce mi lorem, vehicula et, rutrum eu, ultrices sit amet, risus. Donec nibh enim, gravida sit amet, dapibus id, blandit at, nisi. Cum sociis natoque penatibus et magnis dis parturient montes, nascetur ridiculus mus. Proin vel nisl. Quisque fringilla euismod enim. Etiam gravida molestie arcu. Sed eu nibh vulputate mauris sagittis placerat. Cras dictum ultricies ligula. Nullam enim. Sed nulla ante, iaculis nec, eleifend non, dapibus rutrum, justo. Praesent luctus. Curabitur egestas nunc sed libero. Proin sed turpis nec mauris blandit mattis. Cras eget nisi dictum augue malesuada malesuada. Integer id magna et ipsum cursus vestibulum. Mauris magna. Duis dignissim tempor arcu. Vestibulum ut eros non enim commodo hendrerit. Donec porttitor tellus non magna. Nam ligula elit, pretium et, rutrum non, hendrerit id, ante. Nunc mauris sapien,');
INSERT INTO evenement (id,libelle,description) VALUES (24,'Donec Elementum Lorem Ltd','tempus mauris erat eget ipsum. Suspendisse sagittis. Nullam vitae diam. Proin dolor. Nulla semper tellus id nunc interdum feugiat. Sed nec metus facilisis lorem tristique aliquet. Phasellus fermentum convallis ligula. Donec luctus aliquet odio. Etiam ligula tortor, dictum eu, placerat eget, venenatis a, magna. Lorem ipsum dolor sit amet, consectetuer adipiscing elit. Etiam laoreet, libero et tristique pellentesque, tellus sem mollis dui, in sodales elit erat vitae risus. Duis a mi fringilla mi lacinia mattis. Integer eu lacus. Quisque imperdiet, erat nonummy ultricies ornare, elit elit fermentum risus, at fringilla purus mauris a nunc. In at pede. Cras vulputate velit eu sem. Pellentesque ut ipsum ac mi eleifend egestas. Sed pharetra, felis eget varius ultrices, mauris ipsum porta elit, a feugiat tellus lorem eu metus. In lorem. Donec elementum, lorem ut aliquam iaculis, lacus pede sagittis augue, eu tempor erat neque non quam. Pellentesque habitant morbi tristique senectus et netus');
INSERT INTO evenement (id,libelle,description) VALUES (25,'Dolor Tempus Non Corporation','lacus. Mauris non dui nec urna suscipit nonummy. Fusce fermentum fermentum arcu. Vestibulum ante ipsum primis in faucibus orci luctus et ultrices posuere cubilia Curae; Phasellus ornare. Fusce mollis. Duis sit amet diam eu dolor egestas rhoncus. Proin nisl sem, consequat nec, mollis vitae, posuere at, velit. Cras lorem lorem, luctus ut, pellentesque eget, dictum placerat, augue. Sed molestie. Sed id risus quis diam luctus lobortis. Class aptent taciti sociosqu ad litora torquent per conubia nostra, per inceptos hymenaeos. Mauris ut quam vel sapien imperdiet ornare. In faucibus. Morbi vehicula. Pellentesque tincidunt tempus risus. Donec egestas. Duis ac arcu. Nunc mauris. Morbi non sapien molestie orci tincidunt adipiscing. Mauris molestie pharetra nibh. Aliquam ornare, libero at auctor ullamcorper, nisl arcu iaculis enim, sit amet ornare lectus justo eu arcu. Morbi sit amet massa. Quisque porttitor eros nec tellus. Nunc lectus pede, ultrices a, auctor non, feugiat nec, diam. Duis mi');
INSERT INTO evenement (id,libelle,description) VALUES (26,'Ut Corp.','mattis. Cras eget nisi dictum augue malesuada malesuada. Integer id magna et ipsum cursus vestibulum. Mauris magna. Duis dignissim tempor arcu. Vestibulum ut eros non enim commodo hendrerit. Donec porttitor tellus non magna. Nam ligula elit, pretium et, rutrum non, hendrerit id, ante. Nunc mauris sapien, cursus in, hendrerit consectetuer, cursus et, magna. Praesent interdum ligula eu enim. Etiam imperdiet dictum magna. Ut tincidunt orci quis lectus. Nullam suscipit, est ac facilisis facilisis, magna tellus faucibus leo, in lobortis tellus justo sit amet nulla. Donec non justo. Proin non massa non ante bibendum ullamcorper. Duis cursus, diam at pretium aliquet, metus urna convallis erat, eget tincidunt dui augue eu tellus. Phasellus elit pede, malesuada vel, venenatis vel, faucibus id, libero. Donec consectetuer mauris id sapien. Cras dolor dolor, tempus non, lacinia at, iaculis quis, pede. Praesent eu dui. Cum sociis natoque penatibus et magnis dis parturient montes, nascetur ridiculus mus.');
INSERT INTO evenement (id,libelle,description) VALUES (27,'Aenean Gravida Nunc Ltd','ullamcorper. Duis cursus, diam at pretium aliquet, metus urna convallis erat, eget tincidunt dui augue eu tellus. Phasellus elit pede, malesuada vel, venenatis vel, faucibus id, libero. Donec consectetuer mauris id sapien. Cras dolor dolor, tempus non, lacinia at, iaculis quis, pede. Praesent eu dui. Cum sociis natoque penatibus et magnis dis parturient montes, nascetur ridiculus mus. Aenean eget magna. Suspendisse tristique neque venenatis lacus. Etiam bibendum fermentum metus. Aenean sed pede nec ante blandit viverra. Donec tempus, lorem fringilla ornare placerat, orci lacus vestibulum lorem, sit amet ultricies sem magna nec quam. Curabitur vel lectus. Cum sociis natoque penatibus et magnis dis parturient montes, nascetur ridiculus mus. Donec dignissim magna a tortor. Nunc commodo auctor velit. Aliquam nisl. Nulla eu neque pellentesque massa lobortis ultrices. Vivamus rhoncus. Donec est. Nunc ullamcorper, velit in aliquet lobortis, nisi nibh lacinia orci, consectetuer euismod est arcu ac orci. Ut semper pretium neque.');
INSERT INTO evenement (id,libelle,description) VALUES (28,'Purus Maecenas Libero Corporation','Mauris vel turpis. Aliquam adipiscing lobortis risus. In mi pede, nonummy ut, molestie in, tempus eu, ligula. Aenean euismod mauris eu elit. Nulla facilisi. Sed neque. Sed eget lacus. Mauris non dui nec urna suscipit nonummy. Fusce fermentum fermentum arcu. Vestibulum ante ipsum primis in faucibus orci luctus et ultrices posuere cubilia Curae; Phasellus ornare. Fusce mollis. Duis sit amet diam eu dolor egestas rhoncus. Proin nisl sem, consequat nec, mollis vitae, posuere at, velit. Cras lorem lorem, luctus ut, pellentesque eget, dictum placerat, augue. Sed molestie. Sed id risus quis diam luctus lobortis. Class aptent taciti sociosqu ad litora torquent per conubia nostra, per inceptos hymenaeos. Mauris ut quam vel sapien imperdiet ornare. In faucibus. Morbi vehicula. Pellentesque tincidunt tempus risus. Donec egestas. Duis ac arcu. Nunc mauris. Morbi non sapien molestie orci tincidunt adipiscing. Mauris molestie pharetra nibh. Aliquam ornare, libero at auctor ullamcorper, nisl arcu iaculis enim,');
INSERT INTO evenement (id,libelle,description) VALUES (29,'Posuere At Limited','luctus et ultrices posuere cubilia Curae; Phasellus ornare. Fusce mollis. Duis sit amet diam eu dolor egestas rhoncus. Proin nisl sem, consequat nec, mollis vitae, posuere at, velit. Cras lorem lorem, luctus ut, pellentesque eget, dictum placerat, augue. Sed molestie. Sed id risus quis diam luctus lobortis. Class aptent taciti sociosqu ad litora torquent per conubia nostra, per inceptos hymenaeos. Mauris ut quam vel sapien imperdiet ornare. In faucibus. Morbi vehicula. Pellentesque tincidunt tempus risus. Donec egestas. Duis ac arcu. Nunc mauris. Morbi non sapien molestie orci tincidunt adipiscing. Mauris molestie pharetra nibh. Aliquam ornare, libero at auctor ullamcorper, nisl arcu iaculis enim, sit amet ornare lectus justo eu arcu. Morbi sit amet massa. Quisque porttitor eros nec tellus. Nunc lectus pede, ultrices a, auctor non, feugiat nec, diam. Duis mi enim, condimentum eget, volutpat ornare, facilisis eget, ipsum. Donec sollicitudin adipiscing ligula. Aenean gravida nunc sed pede. Cum sociis');
INSERT INTO evenement (id,libelle,description) VALUES (30,'Mollis Duis Foundation','ligula eu enim. Etiam imperdiet dictum magna. Ut tincidunt orci quis lectus. Nullam suscipit, est ac facilisis facilisis, magna tellus faucibus leo, in lobortis tellus justo sit amet nulla. Donec non justo. Proin non massa non ante bibendum ullamcorper. Duis cursus, diam at pretium aliquet, metus urna convallis erat, eget tincidunt dui augue eu tellus. Phasellus elit pede, malesuada vel, venenatis vel, faucibus id, libero. Donec consectetuer mauris id sapien. Cras dolor dolor, tempus non, lacinia at, iaculis quis, pede. Praesent eu dui. Cum sociis natoque penatibus et magnis dis parturient montes, nascetur ridiculus mus. Aenean eget magna. Suspendisse tristique neque venenatis lacus. Etiam bibendum fermentum metus. Aenean sed pede nec ante blandit viverra. Donec tempus, lorem fringilla ornare placerat, orci lacus vestibulum lorem, sit amet ultricies sem magna nec quam. Curabitur vel lectus. Cum sociis natoque penatibus et magnis dis parturient montes, nascetur ridiculus mus. Donec dignissim magna a');
INSERT INTO evenement (id,libelle,description) VALUES (31,'Curabitur Massa Vestibulum LLP','lorem. Donec elementum, lorem ut aliquam iaculis, lacus pede sagittis augue, eu tempor erat neque non quam. Pellentesque habitant morbi tristique senectus et netus et malesuada fames ac turpis egestas. Aliquam fringilla cursus purus. Nullam scelerisque neque sed sem egestas blandit. Nam nulla magna, malesuada vel, convallis in, cursus et, eros. Proin ultrices. Duis volutpat nunc sit amet metus. Aliquam erat volutpat. Nulla facilisis. Suspendisse commodo tincidunt nibh. Phasellus nulla. Integer vulputate, risus a ultricies adipiscing, enim mi tempor lorem, eget mollis lectus pede et risus. Quisque libero lacus, varius et, euismod et, commodo at, libero. Morbi accumsan laoreet ipsum. Curabitur consequat, lectus sit amet luctus vulputate, nisi sem semper erat, in consectetuer ipsum nunc id enim. Curabitur massa. Vestibulum accumsan neque et nunc. Quisque ornare tortor at risus. Nunc ac sem ut dolor dapibus gravida. Aliquam tincidunt, nunc ac mattis ornare, lectus ante dictum mi, ac mattis velit justo');
INSERT INTO evenement (id,libelle,description) VALUES (32,'Metus Institute','Curabitur vel lectus. Cum sociis natoque penatibus et magnis dis parturient montes, nascetur ridiculus mus. Donec dignissim magna a tortor. Nunc commodo auctor velit. Aliquam nisl. Nulla eu neque pellentesque massa lobortis ultrices. Vivamus rhoncus. Donec est. Nunc ullamcorper, velit in aliquet lobortis, nisi nibh lacinia orci, consectetuer euismod est arcu ac orci. Ut semper pretium neque. Morbi quis urna. Nunc quis arcu vel quam dignissim pharetra. Nam ac nulla. In tincidunt congue turpis. In condimentum. Donec at arcu. Vestibulum ante ipsum primis in faucibus orci luctus et ultrices posuere cubilia Curae; Donec tincidunt. Donec vitae erat vel pede blandit congue. In scelerisque scelerisque dui. Suspendisse ac metus vitae velit egestas lacinia. Sed congue, elit sed consequat auctor, nunc nulla vulputate dui, nec tempus mauris erat eget ipsum. Suspendisse sagittis. Nullam vitae diam. Proin dolor. Nulla semper tellus id nunc interdum feugiat. Sed nec metus facilisis lorem tristique aliquet. Phasellus');
INSERT INTO evenement (id,libelle,description) VALUES (33,'A Associates','amet nulla. Donec non justo. Proin non massa non ante bibendum ullamcorper. Duis cursus, diam at pretium aliquet, metus urna convallis erat, eget tincidunt dui augue eu tellus. Phasellus elit pede, malesuada vel, venenatis vel, faucibus id, libero. Donec consectetuer mauris id sapien. Cras dolor dolor, tempus non, lacinia at, iaculis quis, pede. Praesent eu dui. Cum sociis natoque penatibus et magnis dis parturient montes, nascetur ridiculus mus. Aenean eget magna. Suspendisse tristique neque venenatis lacus. Etiam bibendum fermentum metus. Aenean sed pede nec ante blandit viverra. Donec tempus, lorem fringilla ornare placerat, orci lacus vestibulum lorem, sit amet ultricies sem magna nec quam. Curabitur vel lectus. Cum sociis natoque penatibus et magnis dis parturient montes, nascetur ridiculus mus. Donec dignissim magna a tortor. Nunc commodo auctor velit. Aliquam nisl. Nulla eu neque pellentesque massa lobortis ultrices. Vivamus rhoncus. Donec est. Nunc ullamcorper, velit in aliquet lobortis, nisi nibh lacinia');
INSERT INTO evenement (id,libelle,description) VALUES (34,'Augue Sed Molestie Industries','diam. Duis mi enim, condimentum eget, volutpat ornare, facilisis eget, ipsum. Donec sollicitudin adipiscing ligula. Aenean gravida nunc sed pede. Cum sociis natoque penatibus et magnis dis parturient montes, nascetur ridiculus mus. Proin vel arcu eu odio tristique pharetra. Quisque ac libero nec ligula consectetuer rhoncus. Nullam velit dui, semper et, lacinia vitae, sodales at, velit. Pellentesque ultricies dignissim lacus. Aliquam rutrum lorem ac risus. Morbi metus. Vivamus euismod urna. Nullam lobortis quam a felis ullamcorper viverra. Maecenas iaculis aliquet diam. Sed diam lorem, auctor quis, tristique ac, eleifend vitae, erat. Vivamus nisi. Mauris nulla. Integer urna. Vivamus molestie dapibus ligula. Aliquam erat volutpat. Nulla dignissim. Maecenas ornare egestas ligula. Nullam feugiat placerat velit. Quisque varius. Nam porttitor scelerisque neque. Nullam nisl. Maecenas malesuada fringilla est. Mauris eu turpis. Nulla aliquet. Proin velit. Sed malesuada augue ut lacus. Nulla tincidunt, neque vitae semper egestas, urna justo faucibus lectus, a sollicitudin');
INSERT INTO evenement (id,libelle,description) VALUES (35,'Ultrices Mauris Ipsum Inc.','imperdiet, erat nonummy ultricies ornare, elit elit fermentum risus, at fringilla purus mauris a nunc. In at pede. Cras vulputate velit eu sem. Pellentesque ut ipsum ac mi eleifend egestas. Sed pharetra, felis eget varius ultrices, mauris ipsum porta elit, a feugiat tellus lorem eu metus. In lorem. Donec elementum, lorem ut aliquam iaculis, lacus pede sagittis augue, eu tempor erat neque non quam. Pellentesque habitant morbi tristique senectus et netus et malesuada fames ac turpis egestas. Aliquam fringilla cursus purus. Nullam scelerisque neque sed sem egestas blandit. Nam nulla magna, malesuada vel, convallis in, cursus et, eros. Proin ultrices. Duis volutpat nunc sit amet metus. Aliquam erat volutpat. Nulla facilisis. Suspendisse commodo tincidunt nibh. Phasellus nulla. Integer vulputate, risus a ultricies adipiscing, enim mi tempor lorem, eget mollis lectus pede et risus. Quisque libero lacus, varius et, euismod et, commodo at, libero. Morbi accumsan laoreet ipsum. Curabitur consequat, lectus');
INSERT INTO evenement (id,libelle,description) VALUES (36,'Ut Ltd','ante bibendum ullamcorper. Duis cursus, diam at pretium aliquet, metus urna convallis erat, eget tincidunt dui augue eu tellus. Phasellus elit pede, malesuada vel, venenatis vel, faucibus id, libero. Donec consectetuer mauris id sapien. Cras dolor dolor, tempus non, lacinia at, iaculis quis, pede. Praesent eu dui. Cum sociis natoque penatibus et magnis dis parturient montes, nascetur ridiculus mus. Aenean eget magna. Suspendisse tristique neque venenatis lacus. Etiam bibendum fermentum metus. Aenean sed pede nec ante blandit viverra. Donec tempus, lorem fringilla ornare placerat, orci lacus vestibulum lorem, sit amet ultricies sem magna nec quam. Curabitur vel lectus. Cum sociis natoque penatibus et magnis dis parturient montes, nascetur ridiculus mus. Donec dignissim magna a tortor. Nunc commodo auctor velit. Aliquam nisl. Nulla eu neque pellentesque massa lobortis ultrices. Vivamus rhoncus. Donec est. Nunc ullamcorper, velit in aliquet lobortis, nisi nibh lacinia orci, consectetuer euismod est arcu ac orci. Ut semper');
INSERT INTO evenement (id,libelle,description) VALUES (37,'Et Magnis Dis Incorporated','rhoncus id, mollis nec, cursus a, enim. Suspendisse aliquet, sem ut cursus luctus, ipsum leo elementum sem, vitae aliquam eros turpis non enim. Mauris quis turpis vitae purus gravida sagittis. Duis gravida. Praesent eu nulla at sem molestie sodales. Mauris blandit enim consequat purus. Maecenas libero est, congue a, aliquet vel, vulputate eu, odio. Phasellus at augue id ante dictum cursus. Nunc mauris elit, dictum eu, eleifend nec, malesuada ut, sem. Nulla interdum. Curabitur dictum. Phasellus in felis. Nulla tempor augue ac ipsum. Phasellus vitae mauris sit amet lorem semper auctor. Mauris vel turpis. Aliquam adipiscing lobortis risus. In mi pede, nonummy ut, molestie in, tempus eu, ligula. Aenean euismod mauris eu elit. Nulla facilisi. Sed neque. Sed eget lacus. Mauris non dui nec urna suscipit nonummy. Fusce fermentum fermentum arcu. Vestibulum ante ipsum primis in faucibus orci luctus et ultrices posuere cubilia Curae; Phasellus ornare. Fusce mollis. Duis sit');
INSERT INTO evenement (id,libelle,description) VALUES (38,'Ipsum Donec Sollicitudin Inc.','luctus et ultrices posuere cubilia Curae; Donec tincidunt. Donec vitae erat vel pede blandit congue. In scelerisque scelerisque dui. Suspendisse ac metus vitae velit egestas lacinia. Sed congue, elit sed consequat auctor, nunc nulla vulputate dui, nec tempus mauris erat eget ipsum. Suspendisse sagittis. Nullam vitae diam. Proin dolor. Nulla semper tellus id nunc interdum feugiat. Sed nec metus facilisis lorem tristique aliquet. Phasellus fermentum convallis ligula. Donec luctus aliquet odio. Etiam ligula tortor, dictum eu, placerat eget, venenatis a, magna. Lorem ipsum dolor sit amet, consectetuer adipiscing elit. Etiam laoreet, libero et tristique pellentesque, tellus sem mollis dui, in sodales elit erat vitae risus. Duis a mi fringilla mi lacinia mattis. Integer eu lacus. Quisque imperdiet, erat nonummy ultricies ornare, elit elit fermentum risus, at fringilla purus mauris a nunc. In at pede. Cras vulputate velit eu sem. Pellentesque ut ipsum ac mi eleifend egestas. Sed pharetra, felis eget');
INSERT INTO evenement (id,libelle,description) VALUES (39,'Sed Facilisis Vitae Incorporated','cursus et, magna. Praesent interdum ligula eu enim. Etiam imperdiet dictum magna. Ut tincidunt orci quis lectus. Nullam suscipit, est ac facilisis facilisis, magna tellus faucibus leo, in lobortis tellus justo sit amet nulla. Donec non justo. Proin non massa non ante bibendum ullamcorper. Duis cursus, diam at pretium aliquet, metus urna convallis erat, eget tincidunt dui augue eu tellus. Phasellus elit pede, malesuada vel, venenatis vel, faucibus id, libero. Donec consectetuer mauris id sapien. Cras dolor dolor, tempus non, lacinia at, iaculis quis, pede. Praesent eu dui. Cum sociis natoque penatibus et magnis dis parturient montes, nascetur ridiculus mus. Aenean eget magna. Suspendisse tristique neque venenatis lacus. Etiam bibendum fermentum metus. Aenean sed pede nec ante blandit viverra. Donec tempus, lorem fringilla ornare placerat, orci lacus vestibulum lorem, sit amet ultricies sem magna nec quam. Curabitur vel lectus. Cum sociis natoque penatibus et magnis dis parturient montes, nascetur ridiculus');
INSERT INTO evenement (id,libelle,description) VALUES (40,'Orci Company','nisl. Nulla eu neque pellentesque massa lobortis ultrices. Vivamus rhoncus. Donec est. Nunc ullamcorper, velit in aliquet lobortis, nisi nibh lacinia orci, consectetuer euismod est arcu ac orci. Ut semper pretium neque. Morbi quis urna. Nunc quis arcu vel quam dignissim pharetra. Nam ac nulla. In tincidunt congue turpis. In condimentum. Donec at arcu. Vestibulum ante ipsum primis in faucibus orci luctus et ultrices posuere cubilia Curae; Donec tincidunt. Donec vitae erat vel pede blandit congue. In scelerisque scelerisque dui. Suspendisse ac metus vitae velit egestas lacinia. Sed congue, elit sed consequat auctor, nunc nulla vulputate dui, nec tempus mauris erat eget ipsum. Suspendisse sagittis. Nullam vitae diam. Proin dolor. Nulla semper tellus id nunc interdum feugiat. Sed nec metus facilisis lorem tristique aliquet. Phasellus fermentum convallis ligula. Donec luctus aliquet odio. Etiam ligula tortor, dictum eu, placerat eget, venenatis a, magna. Lorem ipsum dolor sit amet, consectetuer adipiscing elit.');
INSERT INTO evenement (id,libelle,description) VALUES (41,'Eget Volutpat Ltd','purus gravida sagittis. Duis gravida. Praesent eu nulla at sem molestie sodales. Mauris blandit enim consequat purus. Maecenas libero est, congue a, aliquet vel, vulputate eu, odio. Phasellus at augue id ante dictum cursus. Nunc mauris elit, dictum eu, eleifend nec, malesuada ut, sem. Nulla interdum. Curabitur dictum. Phasellus in felis. Nulla tempor augue ac ipsum. Phasellus vitae mauris sit amet lorem semper auctor. Mauris vel turpis. Aliquam adipiscing lobortis risus. In mi pede, nonummy ut, molestie in, tempus eu, ligula. Aenean euismod mauris eu elit. Nulla facilisi. Sed neque. Sed eget lacus. Mauris non dui nec urna suscipit nonummy. Fusce fermentum fermentum arcu. Vestibulum ante ipsum primis in faucibus orci luctus et ultrices posuere cubilia Curae; Phasellus ornare. Fusce mollis. Duis sit amet diam eu dolor egestas rhoncus. Proin nisl sem, consequat nec, mollis vitae, posuere at, velit. Cras lorem lorem, luctus ut, pellentesque eget, dictum placerat, augue. Sed');
INSERT INTO evenement (id,libelle,description) VALUES (42,'Vel Arcu Eu Incorporated','eu tempor erat neque non quam. Pellentesque habitant morbi tristique senectus et netus et malesuada fames ac turpis egestas. Aliquam fringilla cursus purus. Nullam scelerisque neque sed sem egestas blandit. Nam nulla magna, malesuada vel, convallis in, cursus et, eros. Proin ultrices. Duis volutpat nunc sit amet metus. Aliquam erat volutpat. Nulla facilisis. Suspendisse commodo tincidunt nibh. Phasellus nulla. Integer vulputate, risus a ultricies adipiscing, enim mi tempor lorem, eget mollis lectus pede et risus. Quisque libero lacus, varius et, euismod et, commodo at, libero. Morbi accumsan laoreet ipsum. Curabitur consequat, lectus sit amet luctus vulputate, nisi sem semper erat, in consectetuer ipsum nunc id enim. Curabitur massa. Vestibulum accumsan neque et nunc. Quisque ornare tortor at risus. Nunc ac sem ut dolor dapibus gravida. Aliquam tincidunt, nunc ac mattis ornare, lectus ante dictum mi, ac mattis velit justo nec ante. Maecenas mi felis, adipiscing fringilla, porttitor vulputate, posuere vulputate,');
INSERT INTO evenement (id,libelle,description) VALUES (43,'Augue Limited','luctus et ultrices posuere cubilia Curae; Phasellus ornare. Fusce mollis. Duis sit amet diam eu dolor egestas rhoncus. Proin nisl sem, consequat nec, mollis vitae, posuere at, velit. Cras lorem lorem, luctus ut, pellentesque eget, dictum placerat, augue. Sed molestie. Sed id risus quis diam luctus lobortis. Class aptent taciti sociosqu ad litora torquent per conubia nostra, per inceptos hymenaeos. Mauris ut quam vel sapien imperdiet ornare. In faucibus. Morbi vehicula. Pellentesque tincidunt tempus risus. Donec egestas. Duis ac arcu. Nunc mauris. Morbi non sapien molestie orci tincidunt adipiscing. Mauris molestie pharetra nibh. Aliquam ornare, libero at auctor ullamcorper, nisl arcu iaculis enim, sit amet ornare lectus justo eu arcu. Morbi sit amet massa. Quisque porttitor eros nec tellus. Nunc lectus pede, ultrices a, auctor non, feugiat nec, diam. Duis mi enim, condimentum eget, volutpat ornare, facilisis eget, ipsum. Donec sollicitudin adipiscing ligula. Aenean gravida nunc sed pede. Cum sociis');
INSERT INTO evenement (id,libelle,description) VALUES (44,'Montes Nascetur Ridiculus LLC','lacus. Etiam bibendum fermentum metus. Aenean sed pede nec ante blandit viverra. Donec tempus, lorem fringilla ornare placerat, orci lacus vestibulum lorem, sit amet ultricies sem magna nec quam. Curabitur vel lectus. Cum sociis natoque penatibus et magnis dis parturient montes, nascetur ridiculus mus. Donec dignissim magna a tortor. Nunc commodo auctor velit. Aliquam nisl. Nulla eu neque pellentesque massa lobortis ultrices. Vivamus rhoncus. Donec est. Nunc ullamcorper, velit in aliquet lobortis, nisi nibh lacinia orci, consectetuer euismod est arcu ac orci. Ut semper pretium neque. Morbi quis urna. Nunc quis arcu vel quam dignissim pharetra. Nam ac nulla. In tincidunt congue turpis. In condimentum. Donec at arcu. Vestibulum ante ipsum primis in faucibus orci luctus et ultrices posuere cubilia Curae; Donec tincidunt. Donec vitae erat vel pede blandit congue. In scelerisque scelerisque dui. Suspendisse ac metus vitae velit egestas lacinia. Sed congue, elit sed consequat auctor, nunc nulla vulputate');
INSERT INTO evenement (id,libelle,description) VALUES (45,'Ligula Aliquam Erat Associates','magnis dis parturient montes, nascetur ridiculus mus. Aenean eget magna. Suspendisse tristique neque venenatis lacus. Etiam bibendum fermentum metus. Aenean sed pede nec ante blandit viverra. Donec tempus, lorem fringilla ornare placerat, orci lacus vestibulum lorem, sit amet ultricies sem magna nec quam. Curabitur vel lectus. Cum sociis natoque penatibus et magnis dis parturient montes, nascetur ridiculus mus. Donec dignissim magna a tortor. Nunc commodo auctor velit. Aliquam nisl. Nulla eu neque pellentesque massa lobortis ultrices. Vivamus rhoncus. Donec est. Nunc ullamcorper, velit in aliquet lobortis, nisi nibh lacinia orci, consectetuer euismod est arcu ac orci. Ut semper pretium neque. Morbi quis urna. Nunc quis arcu vel quam dignissim pharetra. Nam ac nulla. In tincidunt congue turpis. In condimentum. Donec at arcu. Vestibulum ante ipsum primis in faucibus orci luctus et ultrices posuere cubilia Curae; Donec tincidunt. Donec vitae erat vel pede blandit congue. In scelerisque scelerisque dui. Suspendisse ac');
INSERT INTO evenement (id,libelle,description) VALUES (46,'Consectetuer Adipiscing Elit LLP','viverra. Maecenas iaculis aliquet diam. Sed diam lorem, auctor quis, tristique ac, eleifend vitae, erat. Vivamus nisi. Mauris nulla. Integer urna. Vivamus molestie dapibus ligula. Aliquam erat volutpat. Nulla dignissim. Maecenas ornare egestas ligula. Nullam feugiat placerat velit. Quisque varius. Nam porttitor scelerisque neque. Nullam nisl. Maecenas malesuada fringilla est. Mauris eu turpis. Nulla aliquet. Proin velit. Sed malesuada augue ut lacus. Nulla tincidunt, neque vitae semper egestas, urna justo faucibus lectus, a sollicitudin orci sem eget massa. Suspendisse eleifend. Cras sed leo. Cras vehicula aliquet libero. Integer in magna. Phasellus dolor elit, pellentesque a, facilisis non, bibendum sed, est. Nunc laoreet lectus quis massa. Mauris vestibulum, neque sed dictum eleifend, nunc risus varius orci, in consequat enim diam vel arcu. Curabitur ut odio vel est tempor bibendum. Donec felis orci, adipiscing non, luctus sit amet, faucibus ut, nulla. Cras eu tellus eu augue porttitor interdum. Sed auctor odio a');
INSERT INTO evenement (id,libelle,description) VALUES (47,'Nisl Elementum Ltd','Vivamus rhoncus. Donec est. Nunc ullamcorper, velit in aliquet lobortis, nisi nibh lacinia orci, consectetuer euismod est arcu ac orci. Ut semper pretium neque. Morbi quis urna. Nunc quis arcu vel quam dignissim pharetra. Nam ac nulla. In tincidunt congue turpis. In condimentum. Donec at arcu. Vestibulum ante ipsum primis in faucibus orci luctus et ultrices posuere cubilia Curae; Donec tincidunt. Donec vitae erat vel pede blandit congue. In scelerisque scelerisque dui. Suspendisse ac metus vitae velit egestas lacinia. Sed congue, elit sed consequat auctor, nunc nulla vulputate dui, nec tempus mauris erat eget ipsum. Suspendisse sagittis. Nullam vitae diam. Proin dolor. Nulla semper tellus id nunc interdum feugiat. Sed nec metus facilisis lorem tristique aliquet. Phasellus fermentum convallis ligula. Donec luctus aliquet odio. Etiam ligula tortor, dictum eu, placerat eget, venenatis a, magna. Lorem ipsum dolor sit amet, consectetuer adipiscing elit. Etiam laoreet, libero et tristique pellentesque, tellus sem');
INSERT INTO evenement (id,libelle,description) VALUES (48,'Ipsum Primis Corporation','facilisis, magna tellus faucibus leo, in lobortis tellus justo sit amet nulla. Donec non justo. Proin non massa non ante bibendum ullamcorper. Duis cursus, diam at pretium aliquet, metus urna convallis erat, eget tincidunt dui augue eu tellus. Phasellus elit pede, malesuada vel, venenatis vel, faucibus id, libero. Donec consectetuer mauris id sapien. Cras dolor dolor, tempus non, lacinia at, iaculis quis, pede. Praesent eu dui. Cum sociis natoque penatibus et magnis dis parturient montes, nascetur ridiculus mus. Aenean eget magna. Suspendisse tristique neque venenatis lacus. Etiam bibendum fermentum metus. Aenean sed pede nec ante blandit viverra. Donec tempus, lorem fringilla ornare placerat, orci lacus vestibulum lorem, sit amet ultricies sem magna nec quam. Curabitur vel lectus. Cum sociis natoque penatibus et magnis dis parturient montes, nascetur ridiculus mus. Donec dignissim magna a tortor. Nunc commodo auctor velit. Aliquam nisl. Nulla eu neque pellentesque massa lobortis ultrices. Vivamus rhoncus. Donec');
INSERT INTO evenement (id,libelle,description) VALUES (49,'Urna Limited','elit. Etiam laoreet, libero et tristique pellentesque, tellus sem mollis dui, in sodales elit erat vitae risus. Duis a mi fringilla mi lacinia mattis. Integer eu lacus. Quisque imperdiet, erat nonummy ultricies ornare, elit elit fermentum risus, at fringilla purus mauris a nunc. In at pede. Cras vulputate velit eu sem. Pellentesque ut ipsum ac mi eleifend egestas. Sed pharetra, felis eget varius ultrices, mauris ipsum porta elit, a feugiat tellus lorem eu metus. In lorem. Donec elementum, lorem ut aliquam iaculis, lacus pede sagittis augue, eu tempor erat neque non quam. Pellentesque habitant morbi tristique senectus et netus et malesuada fames ac turpis egestas. Aliquam fringilla cursus purus. Nullam scelerisque neque sed sem egestas blandit. Nam nulla magna, malesuada vel, convallis in, cursus et, eros. Proin ultrices. Duis volutpat nunc sit amet metus. Aliquam erat volutpat. Nulla facilisis. Suspendisse commodo tincidunt nibh. Phasellus nulla. Integer vulputate, risus a ultricies');
INSERT INTO evenement (id,libelle,description) VALUES (50,'Pellentesque PC','congue turpis. In condimentum. Donec at arcu. Vestibulum ante ipsum primis in faucibus orci luctus et ultrices posuere cubilia Curae; Donec tincidunt. Donec vitae erat vel pede blandit congue. In scelerisque scelerisque dui. Suspendisse ac metus vitae velit egestas lacinia. Sed congue, elit sed consequat auctor, nunc nulla vulputate dui, nec tempus mauris erat eget ipsum. Suspendisse sagittis. Nullam vitae diam. Proin dolor. Nulla semper tellus id nunc interdum feugiat. Sed nec metus facilisis lorem tristique aliquet. Phasellus fermentum convallis ligula. Donec luctus aliquet odio. Etiam ligula tortor, dictum eu, placerat eget, venenatis a, magna. Lorem ipsum dolor sit amet, consectetuer adipiscing elit. Etiam laoreet, libero et tristique pellentesque, tellus sem mollis dui, in sodales elit erat vitae risus. Duis a mi fringilla mi lacinia mattis. Integer eu lacus. Quisque imperdiet, erat nonummy ultricies ornare, elit elit fermentum risus, at fringilla purus mauris a nunc. In at pede. Cras vulputate');
INSERT INTO evenement (id,libelle,description) VALUES (51,'A Arcu Sed Corp.','turpis vitae purus gravida sagittis. Duis gravida. Praesent eu nulla at sem molestie sodales. Mauris blandit enim consequat purus. Maecenas libero est, congue a, aliquet vel, vulputate eu, odio. Phasellus at augue id ante dictum cursus. Nunc mauris elit, dictum eu, eleifend nec, malesuada ut, sem. Nulla interdum. Curabitur dictum. Phasellus in felis. Nulla tempor augue ac ipsum. Phasellus vitae mauris sit amet lorem semper auctor. Mauris vel turpis. Aliquam adipiscing lobortis risus. In mi pede, nonummy ut, molestie in, tempus eu, ligula. Aenean euismod mauris eu elit. Nulla facilisi. Sed neque. Sed eget lacus. Mauris non dui nec urna suscipit nonummy. Fusce fermentum fermentum arcu. Vestibulum ante ipsum primis in faucibus orci luctus et ultrices posuere cubilia Curae; Phasellus ornare. Fusce mollis. Duis sit amet diam eu dolor egestas rhoncus. Proin nisl sem, consequat nec, mollis vitae, posuere at, velit. Cras lorem lorem, luctus ut, pellentesque eget, dictum placerat,');
INSERT INTO evenement (id,libelle,description) VALUES (52,'Risus Nulla Eget Ltd','ipsum. Curabitur consequat, lectus sit amet luctus vulputate, nisi sem semper erat, in consectetuer ipsum nunc id enim. Curabitur massa. Vestibulum accumsan neque et nunc. Quisque ornare tortor at risus. Nunc ac sem ut dolor dapibus gravida. Aliquam tincidunt, nunc ac mattis ornare, lectus ante dictum mi, ac mattis velit justo nec ante. Maecenas mi felis, adipiscing fringilla, porttitor vulputate, posuere vulputate, lacus. Cras interdum. Nunc sollicitudin commodo ipsum. Suspendisse non leo. Vivamus nibh dolor, nonummy ac, feugiat non, lobortis quis, pede. Suspendisse dui. Fusce diam nunc, ullamcorper eu, euismod ac, fermentum vel, mauris. Integer sem elit, pharetra ut, pharetra sed, hendrerit a, arcu. Sed et libero. Proin mi. Aliquam gravida mauris ut mi. Duis risus odio, auctor vitae, aliquet nec, imperdiet nec, leo. Morbi neque tellus, imperdiet non, vestibulum nec, euismod in, dolor. Fusce feugiat. Lorem ipsum dolor sit amet, consectetuer adipiscing elit. Aliquam auctor, velit eget laoreet posuere,');
INSERT INTO evenement (id,libelle,description) VALUES (53,'Sed Industries','in, hendrerit consectetuer, cursus et, magna. Praesent interdum ligula eu enim. Etiam imperdiet dictum magna. Ut tincidunt orci quis lectus. Nullam suscipit, est ac facilisis facilisis, magna tellus faucibus leo, in lobortis tellus justo sit amet nulla. Donec non justo. Proin non massa non ante bibendum ullamcorper. Duis cursus, diam at pretium aliquet, metus urna convallis erat, eget tincidunt dui augue eu tellus. Phasellus elit pede, malesuada vel, venenatis vel, faucibus id, libero. Donec consectetuer mauris id sapien. Cras dolor dolor, tempus non, lacinia at, iaculis quis, pede. Praesent eu dui. Cum sociis natoque penatibus et magnis dis parturient montes, nascetur ridiculus mus. Aenean eget magna. Suspendisse tristique neque venenatis lacus. Etiam bibendum fermentum metus. Aenean sed pede nec ante blandit viverra. Donec tempus, lorem fringilla ornare placerat, orci lacus vestibulum lorem, sit amet ultricies sem magna nec quam. Curabitur vel lectus. Cum sociis natoque penatibus et magnis dis parturient');
INSERT INTO evenement (id,libelle,description) VALUES (54,'Class Aptent Taciti Industries','Proin eget odio. Aliquam vulputate ullamcorper magna. Sed eu eros. Nam consequat dolor vitae dolor. Donec fringilla. Donec feugiat metus sit amet ante. Vivamus non lorem vitae odio sagittis semper. Nam tempor diam dictum sapien. Aenean massa. Integer vitae nibh. Donec est mauris, rhoncus id, mollis nec, cursus a, enim. Suspendisse aliquet, sem ut cursus luctus, ipsum leo elementum sem, vitae aliquam eros turpis non enim. Mauris quis turpis vitae purus gravida sagittis. Duis gravida. Praesent eu nulla at sem molestie sodales. Mauris blandit enim consequat purus. Maecenas libero est, congue a, aliquet vel, vulputate eu, odio. Phasellus at augue id ante dictum cursus. Nunc mauris elit, dictum eu, eleifend nec, malesuada ut, sem. Nulla interdum. Curabitur dictum. Phasellus in felis. Nulla tempor augue ac ipsum. Phasellus vitae mauris sit amet lorem semper auctor. Mauris vel turpis. Aliquam adipiscing lobortis risus. In mi pede, nonummy ut, molestie in, tempus eu,');
INSERT INTO evenement (id,libelle,description) VALUES (55,'Phasellus Libero LLP','dapibus ligula. Aliquam erat volutpat. Nulla dignissim. Maecenas ornare egestas ligula. Nullam feugiat placerat velit. Quisque varius. Nam porttitor scelerisque neque. Nullam nisl. Maecenas malesuada fringilla est. Mauris eu turpis. Nulla aliquet. Proin velit. Sed malesuada augue ut lacus. Nulla tincidunt, neque vitae semper egestas, urna justo faucibus lectus, a sollicitudin orci sem eget massa. Suspendisse eleifend. Cras sed leo. Cras vehicula aliquet libero. Integer in magna. Phasellus dolor elit, pellentesque a, facilisis non, bibendum sed, est. Nunc laoreet lectus quis massa. Mauris vestibulum, neque sed dictum eleifend, nunc risus varius orci, in consequat enim diam vel arcu. Curabitur ut odio vel est tempor bibendum. Donec felis orci, adipiscing non, luctus sit amet, faucibus ut, nulla. Cras eu tellus eu augue porttitor interdum. Sed auctor odio a purus. Duis elementum, dui quis accumsan convallis, ante lectus convallis est, vitae sodales nisi magna sed dui. Fusce aliquam, enim nec tempus scelerisque,');
INSERT INTO evenement (id,libelle,description) VALUES (56,'Duis Ac Arcu Institute','at, iaculis quis, pede. Praesent eu dui. Cum sociis natoque penatibus et magnis dis parturient montes, nascetur ridiculus mus. Aenean eget magna. Suspendisse tristique neque venenatis lacus. Etiam bibendum fermentum metus. Aenean sed pede nec ante blandit viverra. Donec tempus, lorem fringilla ornare placerat, orci lacus vestibulum lorem, sit amet ultricies sem magna nec quam. Curabitur vel lectus. Cum sociis natoque penatibus et magnis dis parturient montes, nascetur ridiculus mus. Donec dignissim magna a tortor. Nunc commodo auctor velit. Aliquam nisl. Nulla eu neque pellentesque massa lobortis ultrices. Vivamus rhoncus. Donec est. Nunc ullamcorper, velit in aliquet lobortis, nisi nibh lacinia orci, consectetuer euismod est arcu ac orci. Ut semper pretium neque. Morbi quis urna. Nunc quis arcu vel quam dignissim pharetra. Nam ac nulla. In tincidunt congue turpis. In condimentum. Donec at arcu. Vestibulum ante ipsum primis in faucibus orci luctus et ultrices posuere cubilia Curae; Donec tincidunt. Donec');
INSERT INTO evenement (id,libelle,description) VALUES (57,'Dictum Ultricies Inc.','neque venenatis lacus. Etiam bibendum fermentum metus. Aenean sed pede nec ante blandit viverra. Donec tempus, lorem fringilla ornare placerat, orci lacus vestibulum lorem, sit amet ultricies sem magna nec quam. Curabitur vel lectus. Cum sociis natoque penatibus et magnis dis parturient montes, nascetur ridiculus mus. Donec dignissim magna a tortor. Nunc commodo auctor velit. Aliquam nisl. Nulla eu neque pellentesque massa lobortis ultrices. Vivamus rhoncus. Donec est. Nunc ullamcorper, velit in aliquet lobortis, nisi nibh lacinia orci, consectetuer euismod est arcu ac orci. Ut semper pretium neque. Morbi quis urna. Nunc quis arcu vel quam dignissim pharetra. Nam ac nulla. In tincidunt congue turpis. In condimentum. Donec at arcu. Vestibulum ante ipsum primis in faucibus orci luctus et ultrices posuere cubilia Curae; Donec tincidunt. Donec vitae erat vel pede blandit congue. In scelerisque scelerisque dui. Suspendisse ac metus vitae velit egestas lacinia. Sed congue, elit sed consequat auctor, nunc');
INSERT INTO evenement (id,libelle,description) VALUES (58,'Diam Eu Dolor Ltd','Quisque nonummy ipsum non arcu. Vivamus sit amet risus. Donec egestas. Aliquam nec enim. Nunc ut erat. Sed nunc est, mollis non, cursus non, egestas a, dui. Cras pellentesque. Sed dictum. Proin eget odio. Aliquam vulputate ullamcorper magna. Sed eu eros. Nam consequat dolor vitae dolor. Donec fringilla. Donec feugiat metus sit amet ante. Vivamus non lorem vitae odio sagittis semper. Nam tempor diam dictum sapien. Aenean massa. Integer vitae nibh. Donec est mauris, rhoncus id, mollis nec, cursus a, enim. Suspendisse aliquet, sem ut cursus luctus, ipsum leo elementum sem, vitae aliquam eros turpis non enim. Mauris quis turpis vitae purus gravida sagittis. Duis gravida. Praesent eu nulla at sem molestie sodales. Mauris blandit enim consequat purus. Maecenas libero est, congue a, aliquet vel, vulputate eu, odio. Phasellus at augue id ante dictum cursus. Nunc mauris elit, dictum eu, eleifend nec, malesuada ut, sem. Nulla interdum. Curabitur dictum. Phasellus');
INSERT INTO evenement (id,libelle,description) VALUES (59,'Nunc Est Mollis Industries','tortor, dictum eu, placerat eget, venenatis a, magna. Lorem ipsum dolor sit amet, consectetuer adipiscing elit. Etiam laoreet, libero et tristique pellentesque, tellus sem mollis dui, in sodales elit erat vitae risus. Duis a mi fringilla mi lacinia mattis. Integer eu lacus. Quisque imperdiet, erat nonummy ultricies ornare, elit elit fermentum risus, at fringilla purus mauris a nunc. In at pede. Cras vulputate velit eu sem. Pellentesque ut ipsum ac mi eleifend egestas. Sed pharetra, felis eget varius ultrices, mauris ipsum porta elit, a feugiat tellus lorem eu metus. In lorem. Donec elementum, lorem ut aliquam iaculis, lacus pede sagittis augue, eu tempor erat neque non quam. Pellentesque habitant morbi tristique senectus et netus et malesuada fames ac turpis egestas. Aliquam fringilla cursus purus. Nullam scelerisque neque sed sem egestas blandit. Nam nulla magna, malesuada vel, convallis in, cursus et, eros. Proin ultrices. Duis volutpat nunc sit amet metus. Aliquam');
INSERT INTO evenement (id,libelle,description) VALUES (60,'Purus Gravida Incorporated','quis accumsan convallis, ante lectus convallis est, vitae sodales nisi magna sed dui. Fusce aliquam, enim nec tempus scelerisque, lorem ipsum sodales purus, in molestie tortor nibh sit amet orci. Ut sagittis lobortis mauris. Suspendisse aliquet molestie tellus. Aenean egestas hendrerit neque. In ornare sagittis felis. Donec tempor, est ac mattis semper, dui lectus rutrum urna, nec luctus felis purus ac tellus. Suspendisse sed dolor. Fusce mi lorem, vehicula et, rutrum eu, ultrices sit amet, risus. Donec nibh enim, gravida sit amet, dapibus id, blandit at, nisi. Cum sociis natoque penatibus et magnis dis parturient montes, nascetur ridiculus mus. Proin vel nisl. Quisque fringilla euismod enim. Etiam gravida molestie arcu. Sed eu nibh vulputate mauris sagittis placerat. Cras dictum ultricies ligula. Nullam enim. Sed nulla ante, iaculis nec, eleifend non, dapibus rutrum, justo. Praesent luctus. Curabitur egestas nunc sed libero. Proin sed turpis nec mauris blandit mattis. Cras eget nisi');
INSERT INTO evenement (id,libelle,description) VALUES (61,'Ultricies Ornare Elit Company','nulla ante, iaculis nec, eleifend non, dapibus rutrum, justo. Praesent luctus. Curabitur egestas nunc sed libero. Proin sed turpis nec mauris blandit mattis. Cras eget nisi dictum augue malesuada malesuada. Integer id magna et ipsum cursus vestibulum. Mauris magna. Duis dignissim tempor arcu. Vestibulum ut eros non enim commodo hendrerit. Donec porttitor tellus non magna. Nam ligula elit, pretium et, rutrum non, hendrerit id, ante. Nunc mauris sapien, cursus in, hendrerit consectetuer, cursus et, magna. Praesent interdum ligula eu enim. Etiam imperdiet dictum magna. Ut tincidunt orci quis lectus. Nullam suscipit, est ac facilisis facilisis, magna tellus faucibus leo, in lobortis tellus justo sit amet nulla. Donec non justo. Proin non massa non ante bibendum ullamcorper. Duis cursus, diam at pretium aliquet, metus urna convallis erat, eget tincidunt dui augue eu tellus. Phasellus elit pede, malesuada vel, venenatis vel, faucibus id, libero. Donec consectetuer mauris id sapien. Cras dolor dolor,');
INSERT INTO evenement (id,libelle,description) VALUES (62,'Dui Augue Eu Inc.','sit amet orci. Ut sagittis lobortis mauris. Suspendisse aliquet molestie tellus. Aenean egestas hendrerit neque. In ornare sagittis felis. Donec tempor, est ac mattis semper, dui lectus rutrum urna, nec luctus felis purus ac tellus. Suspendisse sed dolor. Fusce mi lorem, vehicula et, rutrum eu, ultrices sit amet, risus. Donec nibh enim, gravida sit amet, dapibus id, blandit at, nisi. Cum sociis natoque penatibus et magnis dis parturient montes, nascetur ridiculus mus. Proin vel nisl. Quisque fringilla euismod enim. Etiam gravida molestie arcu. Sed eu nibh vulputate mauris sagittis placerat. Cras dictum ultricies ligula. Nullam enim. Sed nulla ante, iaculis nec, eleifend non, dapibus rutrum, justo. Praesent luctus. Curabitur egestas nunc sed libero. Proin sed turpis nec mauris blandit mattis. Cras eget nisi dictum augue malesuada malesuada. Integer id magna et ipsum cursus vestibulum. Mauris magna. Duis dignissim tempor arcu. Vestibulum ut eros non enim commodo hendrerit. Donec porttitor tellus');
INSERT INTO evenement (id,libelle,description) VALUES (63,'Dis Parturient Montes Inc.','eu nulla at sem molestie sodales. Mauris blandit enim consequat purus. Maecenas libero est, congue a, aliquet vel, vulputate eu, odio. Phasellus at augue id ante dictum cursus. Nunc mauris elit, dictum eu, eleifend nec, malesuada ut, sem. Nulla interdum. Curabitur dictum. Phasellus in felis. Nulla tempor augue ac ipsum. Phasellus vitae mauris sit amet lorem semper auctor. Mauris vel turpis. Aliquam adipiscing lobortis risus. In mi pede, nonummy ut, molestie in, tempus eu, ligula. Aenean euismod mauris eu elit. Nulla facilisi. Sed neque. Sed eget lacus. Mauris non dui nec urna suscipit nonummy. Fusce fermentum fermentum arcu. Vestibulum ante ipsum primis in faucibus orci luctus et ultrices posuere cubilia Curae; Phasellus ornare. Fusce mollis. Duis sit amet diam eu dolor egestas rhoncus. Proin nisl sem, consequat nec, mollis vitae, posuere at, velit. Cras lorem lorem, luctus ut, pellentesque eget, dictum placerat, augue. Sed molestie. Sed id risus quis diam');
INSERT INTO evenement (id,libelle,description) VALUES (64,'Et Rutrum Eu Institute','quis diam. Pellentesque habitant morbi tristique senectus et netus et malesuada fames ac turpis egestas. Fusce aliquet magna a neque. Nullam ut nisi a odio semper cursus. Integer mollis. Integer tincidunt aliquam arcu. Aliquam ultrices iaculis odio. Nam interdum enim non nisi. Aenean eget metus. In nec orci. Donec nibh. Quisque nonummy ipsum non arcu. Vivamus sit amet risus. Donec egestas. Aliquam nec enim. Nunc ut erat. Sed nunc est, mollis non, cursus non, egestas a, dui. Cras pellentesque. Sed dictum. Proin eget odio. Aliquam vulputate ullamcorper magna. Sed eu eros. Nam consequat dolor vitae dolor. Donec fringilla. Donec feugiat metus sit amet ante. Vivamus non lorem vitae odio sagittis semper. Nam tempor diam dictum sapien. Aenean massa. Integer vitae nibh. Donec est mauris, rhoncus id, mollis nec, cursus a, enim. Suspendisse aliquet, sem ut cursus luctus, ipsum leo elementum sem, vitae aliquam eros turpis non enim. Mauris quis turpis');
INSERT INTO evenement (id,libelle,description) VALUES (65,'Ut Eros Company','sodales purus, in molestie tortor nibh sit amet orci. Ut sagittis lobortis mauris. Suspendisse aliquet molestie tellus. Aenean egestas hendrerit neque. In ornare sagittis felis. Donec tempor, est ac mattis semper, dui lectus rutrum urna, nec luctus felis purus ac tellus. Suspendisse sed dolor. Fusce mi lorem, vehicula et, rutrum eu, ultrices sit amet, risus. Donec nibh enim, gravida sit amet, dapibus id, blandit at, nisi. Cum sociis natoque penatibus et magnis dis parturient montes, nascetur ridiculus mus. Proin vel nisl. Quisque fringilla euismod enim. Etiam gravida molestie arcu. Sed eu nibh vulputate mauris sagittis placerat. Cras dictum ultricies ligula. Nullam enim. Sed nulla ante, iaculis nec, eleifend non, dapibus rutrum, justo. Praesent luctus. Curabitur egestas nunc sed libero. Proin sed turpis nec mauris blandit mattis. Cras eget nisi dictum augue malesuada malesuada. Integer id magna et ipsum cursus vestibulum. Mauris magna. Duis dignissim tempor arcu. Vestibulum ut eros non');
INSERT INTO evenement (id,libelle,description) VALUES (66,'At Pretium Consulting','luctus, ipsum leo elementum sem, vitae aliquam eros turpis non enim. Mauris quis turpis vitae purus gravida sagittis. Duis gravida. Praesent eu nulla at sem molestie sodales. Mauris blandit enim consequat purus. Maecenas libero est, congue a, aliquet vel, vulputate eu, odio. Phasellus at augue id ante dictum cursus. Nunc mauris elit, dictum eu, eleifend nec, malesuada ut, sem. Nulla interdum. Curabitur dictum. Phasellus in felis. Nulla tempor augue ac ipsum. Phasellus vitae mauris sit amet lorem semper auctor. Mauris vel turpis. Aliquam adipiscing lobortis risus. In mi pede, nonummy ut, molestie in, tempus eu, ligula. Aenean euismod mauris eu elit. Nulla facilisi. Sed neque. Sed eget lacus. Mauris non dui nec urna suscipit nonummy. Fusce fermentum fermentum arcu. Vestibulum ante ipsum primis in faucibus orci luctus et ultrices posuere cubilia Curae; Phasellus ornare. Fusce mollis. Duis sit amet diam eu dolor egestas rhoncus. Proin nisl sem, consequat nec, mollis');
INSERT INTO evenement (id,libelle,description) VALUES (67,'Odio Nam Interdum Corporation','In mi pede, nonummy ut, molestie in, tempus eu, ligula. Aenean euismod mauris eu elit. Nulla facilisi. Sed neque. Sed eget lacus. Mauris non dui nec urna suscipit nonummy. Fusce fermentum fermentum arcu. Vestibulum ante ipsum primis in faucibus orci luctus et ultrices posuere cubilia Curae; Phasellus ornare. Fusce mollis. Duis sit amet diam eu dolor egestas rhoncus. Proin nisl sem, consequat nec, mollis vitae, posuere at, velit. Cras lorem lorem, luctus ut, pellentesque eget, dictum placerat, augue. Sed molestie. Sed id risus quis diam luctus lobortis. Class aptent taciti sociosqu ad litora torquent per conubia nostra, per inceptos hymenaeos. Mauris ut quam vel sapien imperdiet ornare. In faucibus. Morbi vehicula. Pellentesque tincidunt tempus risus. Donec egestas. Duis ac arcu. Nunc mauris. Morbi non sapien molestie orci tincidunt adipiscing. Mauris molestie pharetra nibh. Aliquam ornare, libero at auctor ullamcorper, nisl arcu iaculis enim, sit amet ornare lectus justo eu arcu.');
INSERT INTO evenement (id,libelle,description) VALUES (68,'Est Nunc Laoreet Consulting','Vestibulum ante ipsum primis in faucibus orci luctus et ultrices posuere cubilia Curae; Donec tincidunt. Donec vitae erat vel pede blandit congue. In scelerisque scelerisque dui. Suspendisse ac metus vitae velit egestas lacinia. Sed congue, elit sed consequat auctor, nunc nulla vulputate dui, nec tempus mauris erat eget ipsum. Suspendisse sagittis. Nullam vitae diam. Proin dolor. Nulla semper tellus id nunc interdum feugiat. Sed nec metus facilisis lorem tristique aliquet. Phasellus fermentum convallis ligula. Donec luctus aliquet odio. Etiam ligula tortor, dictum eu, placerat eget, venenatis a, magna. Lorem ipsum dolor sit amet, consectetuer adipiscing elit. Etiam laoreet, libero et tristique pellentesque, tellus sem mollis dui, in sodales elit erat vitae risus. Duis a mi fringilla mi lacinia mattis. Integer eu lacus. Quisque imperdiet, erat nonummy ultricies ornare, elit elit fermentum risus, at fringilla purus mauris a nunc. In at pede. Cras vulputate velit eu sem. Pellentesque ut ipsum ac');
INSERT INTO evenement (id,libelle,description) VALUES (69,'Tempus Inc.','tristique neque venenatis lacus. Etiam bibendum fermentum metus. Aenean sed pede nec ante blandit viverra. Donec tempus, lorem fringilla ornare placerat, orci lacus vestibulum lorem, sit amet ultricies sem magna nec quam. Curabitur vel lectus. Cum sociis natoque penatibus et magnis dis parturient montes, nascetur ridiculus mus. Donec dignissim magna a tortor. Nunc commodo auctor velit. Aliquam nisl. Nulla eu neque pellentesque massa lobortis ultrices. Vivamus rhoncus. Donec est. Nunc ullamcorper, velit in aliquet lobortis, nisi nibh lacinia orci, consectetuer euismod est arcu ac orci. Ut semper pretium neque. Morbi quis urna. Nunc quis arcu vel quam dignissim pharetra. Nam ac nulla. In tincidunt congue turpis. In condimentum. Donec at arcu. Vestibulum ante ipsum primis in faucibus orci luctus et ultrices posuere cubilia Curae; Donec tincidunt. Donec vitae erat vel pede blandit congue. In scelerisque scelerisque dui. Suspendisse ac metus vitae velit egestas lacinia. Sed congue, elit sed consequat auctor,');
INSERT INTO evenement (id,libelle,description) VALUES (70,'Id Libero Donec PC','vel est tempor bibendum. Donec felis orci, adipiscing non, luctus sit amet, faucibus ut, nulla. Cras eu tellus eu augue porttitor interdum. Sed auctor odio a purus. Duis elementum, dui quis accumsan convallis, ante lectus convallis est, vitae sodales nisi magna sed dui. Fusce aliquam, enim nec tempus scelerisque, lorem ipsum sodales purus, in molestie tortor nibh sit amet orci. Ut sagittis lobortis mauris. Suspendisse aliquet molestie tellus. Aenean egestas hendrerit neque. In ornare sagittis felis. Donec tempor, est ac mattis semper, dui lectus rutrum urna, nec luctus felis purus ac tellus. Suspendisse sed dolor. Fusce mi lorem, vehicula et, rutrum eu, ultrices sit amet, risus. Donec nibh enim, gravida sit amet, dapibus id, blandit at, nisi. Cum sociis natoque penatibus et magnis dis parturient montes, nascetur ridiculus mus. Proin vel nisl. Quisque fringilla euismod enim. Etiam gravida molestie arcu. Sed eu nibh vulputate mauris sagittis placerat. Cras dictum ultricies');
INSERT INTO evenement (id,libelle,description) VALUES (71,'Molestie Inc.','nonummy ultricies ornare, elit elit fermentum risus, at fringilla purus mauris a nunc. In at pede. Cras vulputate velit eu sem. Pellentesque ut ipsum ac mi eleifend egestas. Sed pharetra, felis eget varius ultrices, mauris ipsum porta elit, a feugiat tellus lorem eu metus. In lorem. Donec elementum, lorem ut aliquam iaculis, lacus pede sagittis augue, eu tempor erat neque non quam. Pellentesque habitant morbi tristique senectus et netus et malesuada fames ac turpis egestas. Aliquam fringilla cursus purus. Nullam scelerisque neque sed sem egestas blandit. Nam nulla magna, malesuada vel, convallis in, cursus et, eros. Proin ultrices. Duis volutpat nunc sit amet metus. Aliquam erat volutpat. Nulla facilisis. Suspendisse commodo tincidunt nibh. Phasellus nulla. Integer vulputate, risus a ultricies adipiscing, enim mi tempor lorem, eget mollis lectus pede et risus. Quisque libero lacus, varius et, euismod et, commodo at, libero. Morbi accumsan laoreet ipsum. Curabitur consequat, lectus sit amet');
INSERT INTO evenement (id,libelle,description) VALUES (72,'Luctus Ut Pellentesque Consulting','lorem ipsum sodales purus, in molestie tortor nibh sit amet orci. Ut sagittis lobortis mauris. Suspendisse aliquet molestie tellus. Aenean egestas hendrerit neque. In ornare sagittis felis. Donec tempor, est ac mattis semper, dui lectus rutrum urna, nec luctus felis purus ac tellus. Suspendisse sed dolor. Fusce mi lorem, vehicula et, rutrum eu, ultrices sit amet, risus. Donec nibh enim, gravida sit amet, dapibus id, blandit at, nisi. Cum sociis natoque penatibus et magnis dis parturient montes, nascetur ridiculus mus. Proin vel nisl. Quisque fringilla euismod enim. Etiam gravida molestie arcu. Sed eu nibh vulputate mauris sagittis placerat. Cras dictum ultricies ligula. Nullam enim. Sed nulla ante, iaculis nec, eleifend non, dapibus rutrum, justo. Praesent luctus. Curabitur egestas nunc sed libero. Proin sed turpis nec mauris blandit mattis. Cras eget nisi dictum augue malesuada malesuada. Integer id magna et ipsum cursus vestibulum. Mauris magna. Duis dignissim tempor arcu. Vestibulum ut');
INSERT INTO evenement (id,libelle,description) VALUES (73,'Eget Associates','leo, in lobortis tellus justo sit amet nulla. Donec non justo. Proin non massa non ante bibendum ullamcorper. Duis cursus, diam at pretium aliquet, metus urna convallis erat, eget tincidunt dui augue eu tellus. Phasellus elit pede, malesuada vel, venenatis vel, faucibus id, libero. Donec consectetuer mauris id sapien. Cras dolor dolor, tempus non, lacinia at, iaculis quis, pede. Praesent eu dui. Cum sociis natoque penatibus et magnis dis parturient montes, nascetur ridiculus mus. Aenean eget magna. Suspendisse tristique neque venenatis lacus. Etiam bibendum fermentum metus. Aenean sed pede nec ante blandit viverra. Donec tempus, lorem fringilla ornare placerat, orci lacus vestibulum lorem, sit amet ultricies sem magna nec quam. Curabitur vel lectus. Cum sociis natoque penatibus et magnis dis parturient montes, nascetur ridiculus mus. Donec dignissim magna a tortor. Nunc commodo auctor velit. Aliquam nisl. Nulla eu neque pellentesque massa lobortis ultrices. Vivamus rhoncus. Donec est. Nunc ullamcorper, velit');
INSERT INTO evenement (id,libelle,description) VALUES (74,'Risus Institute','mollis nec, cursus a, enim. Suspendisse aliquet, sem ut cursus luctus, ipsum leo elementum sem, vitae aliquam eros turpis non enim. Mauris quis turpis vitae purus gravida sagittis. Duis gravida. Praesent eu nulla at sem molestie sodales. Mauris blandit enim consequat purus. Maecenas libero est, congue a, aliquet vel, vulputate eu, odio. Phasellus at augue id ante dictum cursus. Nunc mauris elit, dictum eu, eleifend nec, malesuada ut, sem. Nulla interdum. Curabitur dictum. Phasellus in felis. Nulla tempor augue ac ipsum. Phasellus vitae mauris sit amet lorem semper auctor. Mauris vel turpis. Aliquam adipiscing lobortis risus. In mi pede, nonummy ut, molestie in, tempus eu, ligula. Aenean euismod mauris eu elit. Nulla facilisi. Sed neque. Sed eget lacus. Mauris non dui nec urna suscipit nonummy. Fusce fermentum fermentum arcu. Vestibulum ante ipsum primis in faucibus orci luctus et ultrices posuere cubilia Curae; Phasellus ornare. Fusce mollis. Duis sit amet diam');
INSERT INTO evenement (id,libelle,description) VALUES (75,'Eu Company','lorem vitae odio sagittis semper. Nam tempor diam dictum sapien. Aenean massa. Integer vitae nibh. Donec est mauris, rhoncus id, mollis nec, cursus a, enim. Suspendisse aliquet, sem ut cursus luctus, ipsum leo elementum sem, vitae aliquam eros turpis non enim. Mauris quis turpis vitae purus gravida sagittis. Duis gravida. Praesent eu nulla at sem molestie sodales. Mauris blandit enim consequat purus. Maecenas libero est, congue a, aliquet vel, vulputate eu, odio. Phasellus at augue id ante dictum cursus. Nunc mauris elit, dictum eu, eleifend nec, malesuada ut, sem. Nulla interdum. Curabitur dictum. Phasellus in felis. Nulla tempor augue ac ipsum. Phasellus vitae mauris sit amet lorem semper auctor. Mauris vel turpis. Aliquam adipiscing lobortis risus. In mi pede, nonummy ut, molestie in, tempus eu, ligula. Aenean euismod mauris eu elit. Nulla facilisi. Sed neque. Sed eget lacus. Mauris non dui nec urna suscipit nonummy. Fusce fermentum fermentum arcu. Vestibulum');
INSERT INTO evenement (id,libelle,description) VALUES (76,'Aliquam Erat Associates','ut, sem. Nulla interdum. Curabitur dictum. Phasellus in felis. Nulla tempor augue ac ipsum. Phasellus vitae mauris sit amet lorem semper auctor. Mauris vel turpis. Aliquam adipiscing lobortis risus. In mi pede, nonummy ut, molestie in, tempus eu, ligula. Aenean euismod mauris eu elit. Nulla facilisi. Sed neque. Sed eget lacus. Mauris non dui nec urna suscipit nonummy. Fusce fermentum fermentum arcu. Vestibulum ante ipsum primis in faucibus orci luctus et ultrices posuere cubilia Curae; Phasellus ornare. Fusce mollis. Duis sit amet diam eu dolor egestas rhoncus. Proin nisl sem, consequat nec, mollis vitae, posuere at, velit. Cras lorem lorem, luctus ut, pellentesque eget, dictum placerat, augue. Sed molestie. Sed id risus quis diam luctus lobortis. Class aptent taciti sociosqu ad litora torquent per conubia nostra, per inceptos hymenaeos. Mauris ut quam vel sapien imperdiet ornare. In faucibus. Morbi vehicula. Pellentesque tincidunt tempus risus. Donec egestas. Duis ac arcu. Nunc');
INSERT INTO evenement (id,libelle,description) VALUES (77,'Rhoncus Corporation','eget, ipsum. Donec sollicitudin adipiscing ligula. Aenean gravida nunc sed pede. Cum sociis natoque penatibus et magnis dis parturient montes, nascetur ridiculus mus. Proin vel arcu eu odio tristique pharetra. Quisque ac libero nec ligula consectetuer rhoncus. Nullam velit dui, semper et, lacinia vitae, sodales at, velit. Pellentesque ultricies dignissim lacus. Aliquam rutrum lorem ac risus. Morbi metus. Vivamus euismod urna. Nullam lobortis quam a felis ullamcorper viverra. Maecenas iaculis aliquet diam. Sed diam lorem, auctor quis, tristique ac, eleifend vitae, erat. Vivamus nisi. Mauris nulla. Integer urna. Vivamus molestie dapibus ligula. Aliquam erat volutpat. Nulla dignissim. Maecenas ornare egestas ligula. Nullam feugiat placerat velit. Quisque varius. Nam porttitor scelerisque neque. Nullam nisl. Maecenas malesuada fringilla est. Mauris eu turpis. Nulla aliquet. Proin velit. Sed malesuada augue ut lacus. Nulla tincidunt, neque vitae semper egestas, urna justo faucibus lectus, a sollicitudin orci sem eget massa. Suspendisse eleifend. Cras sed leo.');
INSERT INTO evenement (id,libelle,description) VALUES (78,'Luctus Et Ultrices Institute','nec ligula consectetuer rhoncus. Nullam velit dui, semper et, lacinia vitae, sodales at, velit. Pellentesque ultricies dignissim lacus. Aliquam rutrum lorem ac risus. Morbi metus. Vivamus euismod urna. Nullam lobortis quam a felis ullamcorper viverra. Maecenas iaculis aliquet diam. Sed diam lorem, auctor quis, tristique ac, eleifend vitae, erat. Vivamus nisi. Mauris nulla. Integer urna. Vivamus molestie dapibus ligula. Aliquam erat volutpat. Nulla dignissim. Maecenas ornare egestas ligula. Nullam feugiat placerat velit. Quisque varius. Nam porttitor scelerisque neque. Nullam nisl. Maecenas malesuada fringilla est. Mauris eu turpis. Nulla aliquet. Proin velit. Sed malesuada augue ut lacus. Nulla tincidunt, neque vitae semper egestas, urna justo faucibus lectus, a sollicitudin orci sem eget massa. Suspendisse eleifend. Cras sed leo. Cras vehicula aliquet libero. Integer in magna. Phasellus dolor elit, pellentesque a, facilisis non, bibendum sed, est. Nunc laoreet lectus quis massa. Mauris vestibulum, neque sed dictum eleifend, nunc risus varius orci, in');
INSERT INTO evenement (id,libelle,description) VALUES (79,'Dui Ltd','dictum augue malesuada malesuada. Integer id magna et ipsum cursus vestibulum. Mauris magna. Duis dignissim tempor arcu. Vestibulum ut eros non enim commodo hendrerit. Donec porttitor tellus non magna. Nam ligula elit, pretium et, rutrum non, hendrerit id, ante. Nunc mauris sapien, cursus in, hendrerit consectetuer, cursus et, magna. Praesent interdum ligula eu enim. Etiam imperdiet dictum magna. Ut tincidunt orci quis lectus. Nullam suscipit, est ac facilisis facilisis, magna tellus faucibus leo, in lobortis tellus justo sit amet nulla. Donec non justo. Proin non massa non ante bibendum ullamcorper. Duis cursus, diam at pretium aliquet, metus urna convallis erat, eget tincidunt dui augue eu tellus. Phasellus elit pede, malesuada vel, venenatis vel, faucibus id, libero. Donec consectetuer mauris id sapien. Cras dolor dolor, tempus non, lacinia at, iaculis quis, pede. Praesent eu dui. Cum sociis natoque penatibus et magnis dis parturient montes, nascetur ridiculus mus. Aenean eget magna. Suspendisse');
INSERT INTO evenement (id,libelle,description) VALUES (80,'Pellentesque Incorporated','id nunc interdum feugiat. Sed nec metus facilisis lorem tristique aliquet. Phasellus fermentum convallis ligula. Donec luctus aliquet odio. Etiam ligula tortor, dictum eu, placerat eget, venenatis a, magna. Lorem ipsum dolor sit amet, consectetuer adipiscing elit. Etiam laoreet, libero et tristique pellentesque, tellus sem mollis dui, in sodales elit erat vitae risus. Duis a mi fringilla mi lacinia mattis. Integer eu lacus. Quisque imperdiet, erat nonummy ultricies ornare, elit elit fermentum risus, at fringilla purus mauris a nunc. In at pede. Cras vulputate velit eu sem. Pellentesque ut ipsum ac mi eleifend egestas. Sed pharetra, felis eget varius ultrices, mauris ipsum porta elit, a feugiat tellus lorem eu metus. In lorem. Donec elementum, lorem ut aliquam iaculis, lacus pede sagittis augue, eu tempor erat neque non quam. Pellentesque habitant morbi tristique senectus et netus et malesuada fames ac turpis egestas. Aliquam fringilla cursus purus. Nullam scelerisque neque sed sem');
INSERT INTO evenement (id,libelle,description) VALUES (81,'Quisque Varius PC','facilisi. Sed neque. Sed eget lacus. Mauris non dui nec urna suscipit nonummy. Fusce fermentum fermentum arcu. Vestibulum ante ipsum primis in faucibus orci luctus et ultrices posuere cubilia Curae; Phasellus ornare. Fusce mollis. Duis sit amet diam eu dolor egestas rhoncus. Proin nisl sem, consequat nec, mollis vitae, posuere at, velit. Cras lorem lorem, luctus ut, pellentesque eget, dictum placerat, augue. Sed molestie. Sed id risus quis diam luctus lobortis. Class aptent taciti sociosqu ad litora torquent per conubia nostra, per inceptos hymenaeos. Mauris ut quam vel sapien imperdiet ornare. In faucibus. Morbi vehicula. Pellentesque tincidunt tempus risus. Donec egestas. Duis ac arcu. Nunc mauris. Morbi non sapien molestie orci tincidunt adipiscing. Mauris molestie pharetra nibh. Aliquam ornare, libero at auctor ullamcorper, nisl arcu iaculis enim, sit amet ornare lectus justo eu arcu. Morbi sit amet massa. Quisque porttitor eros nec tellus. Nunc lectus pede, ultrices a, auctor non,');
INSERT INTO evenement (id,libelle,description) VALUES (82,'Libero Mauris Associates','a nunc. In at pede. Cras vulputate velit eu sem. Pellentesque ut ipsum ac mi eleifend egestas. Sed pharetra, felis eget varius ultrices, mauris ipsum porta elit, a feugiat tellus lorem eu metus. In lorem. Donec elementum, lorem ut aliquam iaculis, lacus pede sagittis augue, eu tempor erat neque non quam. Pellentesque habitant morbi tristique senectus et netus et malesuada fames ac turpis egestas. Aliquam fringilla cursus purus. Nullam scelerisque neque sed sem egestas blandit. Nam nulla magna, malesuada vel, convallis in, cursus et, eros. Proin ultrices. Duis volutpat nunc sit amet metus. Aliquam erat volutpat. Nulla facilisis. Suspendisse commodo tincidunt nibh. Phasellus nulla. Integer vulputate, risus a ultricies adipiscing, enim mi tempor lorem, eget mollis lectus pede et risus. Quisque libero lacus, varius et, euismod et, commodo at, libero. Morbi accumsan laoreet ipsum. Curabitur consequat, lectus sit amet luctus vulputate, nisi sem semper erat, in consectetuer ipsum nunc id');
INSERT INTO evenement (id,libelle,description) VALUES (83,'Nibh Phasellus Nulla Foundation','faucibus lectus, a sollicitudin orci sem eget massa. Suspendisse eleifend. Cras sed leo. Cras vehicula aliquet libero. Integer in magna. Phasellus dolor elit, pellentesque a, facilisis non, bibendum sed, est. Nunc laoreet lectus quis massa. Mauris vestibulum, neque sed dictum eleifend, nunc risus varius orci, in consequat enim diam vel arcu. Curabitur ut odio vel est tempor bibendum. Donec felis orci, adipiscing non, luctus sit amet, faucibus ut, nulla. Cras eu tellus eu augue porttitor interdum. Sed auctor odio a purus. Duis elementum, dui quis accumsan convallis, ante lectus convallis est, vitae sodales nisi magna sed dui. Fusce aliquam, enim nec tempus scelerisque, lorem ipsum sodales purus, in molestie tortor nibh sit amet orci. Ut sagittis lobortis mauris. Suspendisse aliquet molestie tellus. Aenean egestas hendrerit neque. In ornare sagittis felis. Donec tempor, est ac mattis semper, dui lectus rutrum urna, nec luctus felis purus ac tellus. Suspendisse sed dolor. Fusce');
INSERT INTO evenement (id,libelle,description) VALUES (84,'Eu Tellus LLP','per conubia nostra, per inceptos hymenaeos. Mauris ut quam vel sapien imperdiet ornare. In faucibus. Morbi vehicula. Pellentesque tincidunt tempus risus. Donec egestas. Duis ac arcu. Nunc mauris. Morbi non sapien molestie orci tincidunt adipiscing. Mauris molestie pharetra nibh. Aliquam ornare, libero at auctor ullamcorper, nisl arcu iaculis enim, sit amet ornare lectus justo eu arcu. Morbi sit amet massa. Quisque porttitor eros nec tellus. Nunc lectus pede, ultrices a, auctor non, feugiat nec, diam. Duis mi enim, condimentum eget, volutpat ornare, facilisis eget, ipsum. Donec sollicitudin adipiscing ligula. Aenean gravida nunc sed pede. Cum sociis natoque penatibus et magnis dis parturient montes, nascetur ridiculus mus. Proin vel arcu eu odio tristique pharetra. Quisque ac libero nec ligula consectetuer rhoncus. Nullam velit dui, semper et, lacinia vitae, sodales at, velit. Pellentesque ultricies dignissim lacus. Aliquam rutrum lorem ac risus. Morbi metus. Vivamus euismod urna. Nullam lobortis quam a felis ullamcorper');
INSERT INTO evenement (id,libelle,description) VALUES (85,'Natoque Penatibus LLC','fermentum fermentum arcu. Vestibulum ante ipsum primis in faucibus orci luctus et ultrices posuere cubilia Curae; Phasellus ornare. Fusce mollis. Duis sit amet diam eu dolor egestas rhoncus. Proin nisl sem, consequat nec, mollis vitae, posuere at, velit. Cras lorem lorem, luctus ut, pellentesque eget, dictum placerat, augue. Sed molestie. Sed id risus quis diam luctus lobortis. Class aptent taciti sociosqu ad litora torquent per conubia nostra, per inceptos hymenaeos. Mauris ut quam vel sapien imperdiet ornare. In faucibus. Morbi vehicula. Pellentesque tincidunt tempus risus. Donec egestas. Duis ac arcu. Nunc mauris. Morbi non sapien molestie orci tincidunt adipiscing. Mauris molestie pharetra nibh. Aliquam ornare, libero at auctor ullamcorper, nisl arcu iaculis enim, sit amet ornare lectus justo eu arcu. Morbi sit amet massa. Quisque porttitor eros nec tellus. Nunc lectus pede, ultrices a, auctor non, feugiat nec, diam. Duis mi enim, condimentum eget, volutpat ornare, facilisis eget, ipsum. Donec');
INSERT INTO evenement (id,libelle,description) VALUES (86,'Elementum Purus Institute','nibh lacinia orci, consectetuer euismod est arcu ac orci. Ut semper pretium neque. Morbi quis urna. Nunc quis arcu vel quam dignissim pharetra. Nam ac nulla. In tincidunt congue turpis. In condimentum. Donec at arcu. Vestibulum ante ipsum primis in faucibus orci luctus et ultrices posuere cubilia Curae; Donec tincidunt. Donec vitae erat vel pede blandit congue. In scelerisque scelerisque dui. Suspendisse ac metus vitae velit egestas lacinia. Sed congue, elit sed consequat auctor, nunc nulla vulputate dui, nec tempus mauris erat eget ipsum. Suspendisse sagittis. Nullam vitae diam. Proin dolor. Nulla semper tellus id nunc interdum feugiat. Sed nec metus facilisis lorem tristique aliquet. Phasellus fermentum convallis ligula. Donec luctus aliquet odio. Etiam ligula tortor, dictum eu, placerat eget, venenatis a, magna. Lorem ipsum dolor sit amet, consectetuer adipiscing elit. Etiam laoreet, libero et tristique pellentesque, tellus sem mollis dui, in sodales elit erat vitae risus. Duis a mi');
INSERT INTO evenement (id,libelle,description) VALUES (87,'Libero Inc.','tellus faucibus leo, in lobortis tellus justo sit amet nulla. Donec non justo. Proin non massa non ante bibendum ullamcorper. Duis cursus, diam at pretium aliquet, metus urna convallis erat, eget tincidunt dui augue eu tellus. Phasellus elit pede, malesuada vel, venenatis vel, faucibus id, libero. Donec consectetuer mauris id sapien. Cras dolor dolor, tempus non, lacinia at, iaculis quis, pede. Praesent eu dui. Cum sociis natoque penatibus et magnis dis parturient montes, nascetur ridiculus mus. Aenean eget magna. Suspendisse tristique neque venenatis lacus. Etiam bibendum fermentum metus. Aenean sed pede nec ante blandit viverra. Donec tempus, lorem fringilla ornare placerat, orci lacus vestibulum lorem, sit amet ultricies sem magna nec quam. Curabitur vel lectus. Cum sociis natoque penatibus et magnis dis parturient montes, nascetur ridiculus mus. Donec dignissim magna a tortor. Nunc commodo auctor velit. Aliquam nisl. Nulla eu neque pellentesque massa lobortis ultrices. Vivamus rhoncus. Donec est. Nunc');
INSERT INTO evenement (id,libelle,description) VALUES (88,'Aliquet Odio Corp.','metus facilisis lorem tristique aliquet. Phasellus fermentum convallis ligula. Donec luctus aliquet odio. Etiam ligula tortor, dictum eu, placerat eget, venenatis a, magna. Lorem ipsum dolor sit amet, consectetuer adipiscing elit. Etiam laoreet, libero et tristique pellentesque, tellus sem mollis dui, in sodales elit erat vitae risus. Duis a mi fringilla mi lacinia mattis. Integer eu lacus. Quisque imperdiet, erat nonummy ultricies ornare, elit elit fermentum risus, at fringilla purus mauris a nunc. In at pede. Cras vulputate velit eu sem. Pellentesque ut ipsum ac mi eleifend egestas. Sed pharetra, felis eget varius ultrices, mauris ipsum porta elit, a feugiat tellus lorem eu metus. In lorem. Donec elementum, lorem ut aliquam iaculis, lacus pede sagittis augue, eu tempor erat neque non quam. Pellentesque habitant morbi tristique senectus et netus et malesuada fames ac turpis egestas. Aliquam fringilla cursus purus. Nullam scelerisque neque sed sem egestas blandit. Nam nulla magna, malesuada');
INSERT INTO evenement (id,libelle,description) VALUES (89,'Tellus Foundation','Sed eu nibh vulputate mauris sagittis placerat. Cras dictum ultricies ligula. Nullam enim. Sed nulla ante, iaculis nec, eleifend non, dapibus rutrum, justo. Praesent luctus. Curabitur egestas nunc sed libero. Proin sed turpis nec mauris blandit mattis. Cras eget nisi dictum augue malesuada malesuada. Integer id magna et ipsum cursus vestibulum. Mauris magna. Duis dignissim tempor arcu. Vestibulum ut eros non enim commodo hendrerit. Donec porttitor tellus non magna. Nam ligula elit, pretium et, rutrum non, hendrerit id, ante. Nunc mauris sapien, cursus in, hendrerit consectetuer, cursus et, magna. Praesent interdum ligula eu enim. Etiam imperdiet dictum magna. Ut tincidunt orci quis lectus. Nullam suscipit, est ac facilisis facilisis, magna tellus faucibus leo, in lobortis tellus justo sit amet nulla. Donec non justo. Proin non massa non ante bibendum ullamcorper. Duis cursus, diam at pretium aliquet, metus urna convallis erat, eget tincidunt dui augue eu tellus. Phasellus elit pede, malesuada');
INSERT INTO evenement (id,libelle,description) VALUES (90,'Varius Nam Consulting','tincidunt vehicula risus. Nulla eget metus eu erat semper rutrum. Fusce dolor quam, elementum at, egestas a, scelerisque sed, sapien. Nunc pulvinar arcu et pede. Nunc sed orci lobortis augue scelerisque mollis. Phasellus libero mauris, aliquam eu, accumsan sed, facilisis vitae, orci. Phasellus dapibus quam quis diam. Pellentesque habitant morbi tristique senectus et netus et malesuada fames ac turpis egestas. Fusce aliquet magna a neque. Nullam ut nisi a odio semper cursus. Integer mollis. Integer tincidunt aliquam arcu. Aliquam ultrices iaculis odio. Nam interdum enim non nisi. Aenean eget metus. In nec orci. Donec nibh. Quisque nonummy ipsum non arcu. Vivamus sit amet risus. Donec egestas. Aliquam nec enim. Nunc ut erat. Sed nunc est, mollis non, cursus non, egestas a, dui. Cras pellentesque. Sed dictum. Proin eget odio. Aliquam vulputate ullamcorper magna. Sed eu eros. Nam consequat dolor vitae dolor. Donec fringilla. Donec feugiat metus sit amet ante. Vivamus');
INSERT INTO evenement (id,libelle,description) VALUES (91,'Orci Phasellus Dapibus Limited','porta elit, a feugiat tellus lorem eu metus. In lorem. Donec elementum, lorem ut aliquam iaculis, lacus pede sagittis augue, eu tempor erat neque non quam. Pellentesque habitant morbi tristique senectus et netus et malesuada fames ac turpis egestas. Aliquam fringilla cursus purus. Nullam scelerisque neque sed sem egestas blandit. Nam nulla magna, malesuada vel, convallis in, cursus et, eros. Proin ultrices. Duis volutpat nunc sit amet metus. Aliquam erat volutpat. Nulla facilisis. Suspendisse commodo tincidunt nibh. Phasellus nulla. Integer vulputate, risus a ultricies adipiscing, enim mi tempor lorem, eget mollis lectus pede et risus. Quisque libero lacus, varius et, euismod et, commodo at, libero. Morbi accumsan laoreet ipsum. Curabitur consequat, lectus sit amet luctus vulputate, nisi sem semper erat, in consectetuer ipsum nunc id enim. Curabitur massa. Vestibulum accumsan neque et nunc. Quisque ornare tortor at risus. Nunc ac sem ut dolor dapibus gravida. Aliquam tincidunt, nunc ac mattis');
INSERT INTO evenement (id,libelle,description) VALUES (92,'Proin Vel LLC','rutrum, justo. Praesent luctus. Curabitur egestas nunc sed libero. Proin sed turpis nec mauris blandit mattis. Cras eget nisi dictum augue malesuada malesuada. Integer id magna et ipsum cursus vestibulum. Mauris magna. Duis dignissim tempor arcu. Vestibulum ut eros non enim commodo hendrerit. Donec porttitor tellus non magna. Nam ligula elit, pretium et, rutrum non, hendrerit id, ante. Nunc mauris sapien, cursus in, hendrerit consectetuer, cursus et, magna. Praesent interdum ligula eu enim. Etiam imperdiet dictum magna. Ut tincidunt orci quis lectus. Nullam suscipit, est ac facilisis facilisis, magna tellus faucibus leo, in lobortis tellus justo sit amet nulla. Donec non justo. Proin non massa non ante bibendum ullamcorper. Duis cursus, diam at pretium aliquet, metus urna convallis erat, eget tincidunt dui augue eu tellus. Phasellus elit pede, malesuada vel, venenatis vel, faucibus id, libero. Donec consectetuer mauris id sapien. Cras dolor dolor, tempus non, lacinia at, iaculis quis, pede.');
INSERT INTO evenement (id,libelle,description) VALUES (93,'Iaculis Odio Nam Foundation','mauris elit, dictum eu, eleifend nec, malesuada ut, sem. Nulla interdum. Curabitur dictum. Phasellus in felis. Nulla tempor augue ac ipsum. Phasellus vitae mauris sit amet lorem semper auctor. Mauris vel turpis. Aliquam adipiscing lobortis risus. In mi pede, nonummy ut, molestie in, tempus eu, ligula. Aenean euismod mauris eu elit. Nulla facilisi. Sed neque. Sed eget lacus. Mauris non dui nec urna suscipit nonummy. Fusce fermentum fermentum arcu. Vestibulum ante ipsum primis in faucibus orci luctus et ultrices posuere cubilia Curae; Phasellus ornare. Fusce mollis. Duis sit amet diam eu dolor egestas rhoncus. Proin nisl sem, consequat nec, mollis vitae, posuere at, velit. Cras lorem lorem, luctus ut, pellentesque eget, dictum placerat, augue. Sed molestie. Sed id risus quis diam luctus lobortis. Class aptent taciti sociosqu ad litora torquent per conubia nostra, per inceptos hymenaeos. Mauris ut quam vel sapien imperdiet ornare. In faucibus. Morbi vehicula. Pellentesque tincidunt tempus');
INSERT INTO evenement (id,libelle,description) VALUES (94,'Proin Dolor Industries','lectus. Cum sociis natoque penatibus et magnis dis parturient montes, nascetur ridiculus mus. Donec dignissim magna a tortor. Nunc commodo auctor velit. Aliquam nisl. Nulla eu neque pellentesque massa lobortis ultrices. Vivamus rhoncus. Donec est. Nunc ullamcorper, velit in aliquet lobortis, nisi nibh lacinia orci, consectetuer euismod est arcu ac orci. Ut semper pretium neque. Morbi quis urna. Nunc quis arcu vel quam dignissim pharetra. Nam ac nulla. In tincidunt congue turpis. In condimentum. Donec at arcu. Vestibulum ante ipsum primis in faucibus orci luctus et ultrices posuere cubilia Curae; Donec tincidunt. Donec vitae erat vel pede blandit congue. In scelerisque scelerisque dui. Suspendisse ac metus vitae velit egestas lacinia. Sed congue, elit sed consequat auctor, nunc nulla vulputate dui, nec tempus mauris erat eget ipsum. Suspendisse sagittis. Nullam vitae diam. Proin dolor. Nulla semper tellus id nunc interdum feugiat. Sed nec metus facilisis lorem tristique aliquet. Phasellus fermentum convallis');
INSERT INTO evenement (id,libelle,description) VALUES (95,'Ultricies LLP','eros. Proin ultrices. Duis volutpat nunc sit amet metus. Aliquam erat volutpat. Nulla facilisis. Suspendisse commodo tincidunt nibh. Phasellus nulla. Integer vulputate, risus a ultricies adipiscing, enim mi tempor lorem, eget mollis lectus pede et risus. Quisque libero lacus, varius et, euismod et, commodo at, libero. Morbi accumsan laoreet ipsum. Curabitur consequat, lectus sit amet luctus vulputate, nisi sem semper erat, in consectetuer ipsum nunc id enim. Curabitur massa. Vestibulum accumsan neque et nunc. Quisque ornare tortor at risus. Nunc ac sem ut dolor dapibus gravida. Aliquam tincidunt, nunc ac mattis ornare, lectus ante dictum mi, ac mattis velit justo nec ante. Maecenas mi felis, adipiscing fringilla, porttitor vulputate, posuere vulputate, lacus. Cras interdum. Nunc sollicitudin commodo ipsum. Suspendisse non leo. Vivamus nibh dolor, nonummy ac, feugiat non, lobortis quis, pede. Suspendisse dui. Fusce diam nunc, ullamcorper eu, euismod ac, fermentum vel, mauris. Integer sem elit, pharetra ut, pharetra sed,');
INSERT INTO evenement (id,libelle,description) VALUES (96,'Eu Company','neque sed sem egestas blandit. Nam nulla magna, malesuada vel, convallis in, cursus et, eros. Proin ultrices. Duis volutpat nunc sit amet metus. Aliquam erat volutpat. Nulla facilisis. Suspendisse commodo tincidunt nibh. Phasellus nulla. Integer vulputate, risus a ultricies adipiscing, enim mi tempor lorem, eget mollis lectus pede et risus. Quisque libero lacus, varius et, euismod et, commodo at, libero. Morbi accumsan laoreet ipsum. Curabitur consequat, lectus sit amet luctus vulputate, nisi sem semper erat, in consectetuer ipsum nunc id enim. Curabitur massa. Vestibulum accumsan neque et nunc. Quisque ornare tortor at risus. Nunc ac sem ut dolor dapibus gravida. Aliquam tincidunt, nunc ac mattis ornare, lectus ante dictum mi, ac mattis velit justo nec ante. Maecenas mi felis, adipiscing fringilla, porttitor vulputate, posuere vulputate, lacus. Cras interdum. Nunc sollicitudin commodo ipsum. Suspendisse non leo. Vivamus nibh dolor, nonummy ac, feugiat non, lobortis quis, pede. Suspendisse dui. Fusce diam nunc,');
INSERT INTO evenement (id,libelle,description) VALUES (97,'Ante Maecenas Corp.','sagittis lobortis mauris. Suspendisse aliquet molestie tellus. Aenean egestas hendrerit neque. In ornare sagittis felis. Donec tempor, est ac mattis semper, dui lectus rutrum urna, nec luctus felis purus ac tellus. Suspendisse sed dolor. Fusce mi lorem, vehicula et, rutrum eu, ultrices sit amet, risus. Donec nibh enim, gravida sit amet, dapibus id, blandit at, nisi. Cum sociis natoque penatibus et magnis dis parturient montes, nascetur ridiculus mus. Proin vel nisl. Quisque fringilla euismod enim. Etiam gravida molestie arcu. Sed eu nibh vulputate mauris sagittis placerat. Cras dictum ultricies ligula. Nullam enim. Sed nulla ante, iaculis nec, eleifend non, dapibus rutrum, justo. Praesent luctus. Curabitur egestas nunc sed libero. Proin sed turpis nec mauris blandit mattis. Cras eget nisi dictum augue malesuada malesuada. Integer id magna et ipsum cursus vestibulum. Mauris magna. Duis dignissim tempor arcu. Vestibulum ut eros non enim commodo hendrerit. Donec porttitor tellus non magna. Nam ligula');
INSERT INTO evenement (id,libelle,description) VALUES (98,'Senectus Et LLC','ultrices posuere cubilia Curae; Phasellus ornare. Fusce mollis. Duis sit amet diam eu dolor egestas rhoncus. Proin nisl sem, consequat nec, mollis vitae, posuere at, velit. Cras lorem lorem, luctus ut, pellentesque eget, dictum placerat, augue. Sed molestie. Sed id risus quis diam luctus lobortis. Class aptent taciti sociosqu ad litora torquent per conubia nostra, per inceptos hymenaeos. Mauris ut quam vel sapien imperdiet ornare. In faucibus. Morbi vehicula. Pellentesque tincidunt tempus risus. Donec egestas. Duis ac arcu. Nunc mauris. Morbi non sapien molestie orci tincidunt adipiscing. Mauris molestie pharetra nibh. Aliquam ornare, libero at auctor ullamcorper, nisl arcu iaculis enim, sit amet ornare lectus justo eu arcu. Morbi sit amet massa. Quisque porttitor eros nec tellus. Nunc lectus pede, ultrices a, auctor non, feugiat nec, diam. Duis mi enim, condimentum eget, volutpat ornare, facilisis eget, ipsum. Donec sollicitudin adipiscing ligula. Aenean gravida nunc sed pede. Cum sociis natoque penatibus');
INSERT INTO evenement (id,libelle,description) VALUES (99,'Elementum LLP','eget odio. Aliquam vulputate ullamcorper magna. Sed eu eros. Nam consequat dolor vitae dolor. Donec fringilla. Donec feugiat metus sit amet ante. Vivamus non lorem vitae odio sagittis semper. Nam tempor diam dictum sapien. Aenean massa. Integer vitae nibh. Donec est mauris, rhoncus id, mollis nec, cursus a, enim. Suspendisse aliquet, sem ut cursus luctus, ipsum leo elementum sem, vitae aliquam eros turpis non enim. Mauris quis turpis vitae purus gravida sagittis. Duis gravida. Praesent eu nulla at sem molestie sodales. Mauris blandit enim consequat purus. Maecenas libero est, congue a, aliquet vel, vulputate eu, odio. Phasellus at augue id ante dictum cursus. Nunc mauris elit, dictum eu, eleifend nec, malesuada ut, sem. Nulla interdum. Curabitur dictum. Phasellus in felis. Nulla tempor augue ac ipsum. Phasellus vitae mauris sit amet lorem semper auctor. Mauris vel turpis. Aliquam adipiscing lobortis risus. In mi pede, nonummy ut, molestie in, tempus eu, ligula.');
INSERT INTO evenement (id,libelle,description) VALUES (100,'Metus In Inc.','risus. Nulla eget metus eu erat semper rutrum. Fusce dolor quam, elementum at, egestas a, scelerisque sed, sapien. Nunc pulvinar arcu et pede. Nunc sed orci lobortis augue scelerisque mollis. Phasellus libero mauris, aliquam eu, accumsan sed, facilisis vitae, orci. Phasellus dapibus quam quis diam. Pellentesque habitant morbi tristique senectus et netus et malesuada fames ac turpis egestas. Fusce aliquet magna a neque. Nullam ut nisi a odio semper cursus. Integer mollis. Integer tincidunt aliquam arcu. Aliquam ultrices iaculis odio. Nam interdum enim non nisi. Aenean eget metus. In nec orci. Donec nibh. Quisque nonummy ipsum non arcu. Vivamus sit amet risus. Donec egestas. Aliquam nec enim. Nunc ut erat. Sed nunc est, mollis non, cursus non, egestas a, dui. Cras pellentesque. Sed dictum. Proin eget odio. Aliquam vulputate ullamcorper magna. Sed eu eros. Nam consequat dolor vitae dolor. Donec fringilla. Donec feugiat metus sit amet ante. Vivamus non lorem');

-- sederoule --

 INSERT INTO sederoule (evenement_id,salle_id,nbplacesdisponibles,dateevenement) VALUES (43,38,3227,'30/12/2019');
INSERT INTO sederoule (evenement_id,salle_id,nbplacesdisponibles,dateevenement) VALUES (92,44,6845,'05/09/2025');
INSERT INTO sederoule (evenement_id,salle_id,nbplacesdisponibles,dateevenement) VALUES (59,23,5174,'23/07/2030');
INSERT INTO sederoule (evenement_id,salle_id,nbplacesdisponibles,dateevenement) VALUES (54,82,2701,'26/08/2018');
INSERT INTO sederoule (evenement_id,salle_id,nbplacesdisponibles,dateevenement) VALUES (85,51,883,'24/06/2023');
INSERT INTO sederoule (evenement_id,salle_id,nbplacesdisponibles,dateevenement) VALUES (18,1,3632,'08/03/2028');
INSERT INTO sederoule (evenement_id,salle_id,nbplacesdisponibles,dateevenement) VALUES (72,74,4655,'22/12/2024');
INSERT INTO sederoule (evenement_id,salle_id,nbplacesdisponibles,dateevenement) VALUES (73,52,8184,'14/11/2018');
INSERT INTO sederoule (evenement_id,salle_id,nbplacesdisponibles,dateevenement) VALUES (70,34,2993,'08/08/2028');
INSERT INTO sederoule (evenement_id,salle_id,nbplacesdisponibles,dateevenement) VALUES (7,59,7439,'03/02/2025');
INSERT INTO sederoule (evenement_id,salle_id,nbplacesdisponibles,dateevenement) VALUES (26,55,7569,'06/05/2023');
INSERT INTO sederoule (evenement_id,salle_id,nbplacesdisponibles,dateevenement) VALUES (65,26,9629,'28/09/2020');
INSERT INTO sederoule (evenement_id,salle_id,nbplacesdisponibles,dateevenement) VALUES (55,73,3931,'12/01/2030');
INSERT INTO sederoule (evenement_id,salle_id,nbplacesdisponibles,dateevenement) VALUES (35,22,3599,'23/02/2024');
INSERT INTO sederoule (evenement_id,salle_id,nbplacesdisponibles,dateevenement) VALUES (72,67,6668,'22/10/2027');
INSERT INTO sederoule (evenement_id,salle_id,nbplacesdisponibles,dateevenement) VALUES (47,83,6562,'04/01/2022');
INSERT INTO sederoule (evenement_id,salle_id,nbplacesdisponibles,dateevenement) VALUES (70,88,1894,'09/03/2019');
INSERT INTO sederoule (evenement_id,salle_id,nbplacesdisponibles,dateevenement) VALUES (15,98,2432,'13/08/2027');
INSERT INTO sederoule (evenement_id,salle_id,nbplacesdisponibles,dateevenement) VALUES (73,70,7792,'28/01/2022');
INSERT INTO sederoule (evenement_id,salle_id,nbplacesdisponibles,dateevenement) VALUES (94,29,1624,'07/09/2022');
INSERT INTO sederoule (evenement_id,salle_id,nbplacesdisponibles,dateevenement) VALUES (34,25,8510,'10/06/2028');
INSERT INTO sederoule (evenement_id,salle_id,nbplacesdisponibles,dateevenement) VALUES (75,46,5513,'11/10/2029');
INSERT INTO sederoule (evenement_id,salle_id,nbplacesdisponibles,dateevenement) VALUES (98,33,5369,'12/05/2019');
INSERT INTO sederoule (evenement_id,salle_id,nbplacesdisponibles,dateevenement) VALUES (78,63,1355,'23/11/2030');
INSERT INTO sederoule (evenement_id,salle_id,nbplacesdisponibles,dateevenement) VALUES (60,48,4511,'27/05/2022');
INSERT INTO sederoule (evenement_id,salle_id,nbplacesdisponibles,dateevenement) VALUES (36,74,4389,'16/03/2029');
INSERT INTO sederoule (evenement_id,salle_id,nbplacesdisponibles,dateevenement) VALUES (61,100,6534,'19/01/2024');
INSERT INTO sederoule (evenement_id,salle_id,nbplacesdisponibles,dateevenement) VALUES (89,54,3640,'02/01/2018');
INSERT INTO sederoule (evenement_id,salle_id,nbplacesdisponibles,dateevenement) VALUES (21,92,6288,'17/07/2019');
INSERT INTO sederoule (evenement_id,salle_id,nbplacesdisponibles,dateevenement) VALUES (7,97,4726,'07/10/2029');
INSERT INTO sederoule (evenement_id,salle_id,nbplacesdisponibles,dateevenement) VALUES (23,88,1995,'21/09/2021');
INSERT INTO sederoule (evenement_id,salle_id,nbplacesdisponibles,dateevenement) VALUES (94,31,3679,'04/02/2029');
INSERT INTO sederoule (evenement_id,salle_id,nbplacesdisponibles,dateevenement) VALUES (93,41,5131,'05/08/2023');
INSERT INTO sederoule (evenement_id,salle_id,nbplacesdisponibles,dateevenement) VALUES (51,75,3759,'30/04/2030');
INSERT INTO sederoule (evenement_id,salle_id,nbplacesdisponibles,dateevenement) VALUES (92,31,6148,'28/12/2023');
INSERT INTO sederoule (evenement_id,salle_id,nbplacesdisponibles,dateevenement) VALUES (65,23,8600,'18/07/2025');
INSERT INTO sederoule (evenement_id,salle_id,nbplacesdisponibles,dateevenement) VALUES (14,45,5108,'08/10/2020');
INSERT INTO sederoule (evenement_id,salle_id,nbplacesdisponibles,dateevenement) VALUES (81,67,5147,'14/12/2017');
INSERT INTO sederoule (evenement_id,salle_id,nbplacesdisponibles,dateevenement) VALUES (86,37,7797,'28/04/2028');
INSERT INTO sederoule (evenement_id,salle_id,nbplacesdisponibles,dateevenement) VALUES (13,85,7641,'11/08/2021');
INSERT INTO sederoule (evenement_id,salle_id,nbplacesdisponibles,dateevenement) VALUES (70,16,7452,'31/08/2022');
INSERT INTO sederoule (evenement_id,salle_id,nbplacesdisponibles,dateevenement) VALUES (72,65,3849,'17/03/2023');
INSERT INTO sederoule (evenement_id,salle_id,nbplacesdisponibles,dateevenement) VALUES (53,44,7737,'05/09/2023');
INSERT INTO sederoule (evenement_id,salle_id,nbplacesdisponibles,dateevenement) VALUES (15,61,7194,'03/02/2030');
INSERT INTO sederoule (evenement_id,salle_id,nbplacesdisponibles,dateevenement) VALUES (41,45,6600,'07/10/2029');
INSERT INTO sederoule (evenement_id,salle_id,nbplacesdisponibles,dateevenement) VALUES (32,73,7571,'16/09/2029');
INSERT INTO sederoule (evenement_id,salle_id,nbplacesdisponibles,dateevenement) VALUES (34,38,185,'08/03/2024');
INSERT INTO sederoule (evenement_id,salle_id,nbplacesdisponibles,dateevenement) VALUES (52,28,2931,'14/03/2029');
INSERT INTO sederoule (evenement_id,salle_id,nbplacesdisponibles,dateevenement) VALUES (46,29,8308,'08/02/2026');
INSERT INTO sederoule (evenement_id,salle_id,nbplacesdisponibles,dateevenement) VALUES (25,28,5299,'23/11/2026');
INSERT INTO sederoule (evenement_id,salle_id,nbplacesdisponibles,dateevenement) VALUES (45,89,9154,'13/02/2030');
INSERT INTO sederoule (evenement_id,salle_id,nbplacesdisponibles,dateevenement) VALUES (99,88,6886,'27/03/2019');
INSERT INTO sederoule (evenement_id,salle_id,nbplacesdisponibles,dateevenement) VALUES (47,72,7665,'26/12/2025');
INSERT INTO sederoule (evenement_id,salle_id,nbplacesdisponibles,dateevenement) VALUES (37,64,6327,'14/04/2025');
INSERT INTO sederoule (evenement_id,salle_id,nbplacesdisponibles,dateevenement) VALUES (77,7,3683,'09/07/2026');
INSERT INTO sederoule (evenement_id,salle_id,nbplacesdisponibles,dateevenement) VALUES (3,4,4573,'07/08/2021');
INSERT INTO sederoule (evenement_id,salle_id,nbplacesdisponibles,dateevenement) VALUES (95,9,3366,'05/11/2030');
INSERT INTO sederoule (evenement_id,salle_id,nbplacesdisponibles,dateevenement) VALUES (34,33,7477,'13/01/2017');
INSERT INTO sederoule (evenement_id,salle_id,nbplacesdisponibles,dateevenement) VALUES (38,78,611,'15/09/2022');
INSERT INTO sederoule (evenement_id,salle_id,nbplacesdisponibles,dateevenement) VALUES (62,63,5286,'23/05/2022');
INSERT INTO sederoule (evenement_id,salle_id,nbplacesdisponibles,dateevenement) VALUES (9,19,301,'26/11/2018');
INSERT INTO sederoule (evenement_id,salle_id,nbplacesdisponibles,dateevenement) VALUES (4,13,1783,'06/12/2028');
INSERT INTO sederoule (evenement_id,salle_id,nbplacesdisponibles,dateevenement) VALUES (59,89,8521,'11/05/2026');
INSERT INTO sederoule (evenement_id,salle_id,nbplacesdisponibles,dateevenement) VALUES (57,34,3091,'07/09/2020');
INSERT INTO sederoule (evenement_id,salle_id,nbplacesdisponibles,dateevenement) VALUES (55,86,195,'23/10/2026');
INSERT INTO sederoule (evenement_id,salle_id,nbplacesdisponibles,dateevenement) VALUES (18,78,5979,'12/12/2029');
INSERT INTO sederoule (evenement_id,salle_id,nbplacesdisponibles,dateevenement) VALUES (81,80,6048,'17/03/2028');
INSERT INTO sederoule (evenement_id,salle_id,nbplacesdisponibles,dateevenement) VALUES (24,10,7263,'19/07/2029');
INSERT INTO sederoule (evenement_id,salle_id,nbplacesdisponibles,dateevenement) VALUES (45,4,8430,'03/09/2019');
INSERT INTO sederoule (evenement_id,salle_id,nbplacesdisponibles,dateevenement) VALUES (1,36,5682,'08/07/2027');
INSERT INTO sederoule (evenement_id,salle_id,nbplacesdisponibles,dateevenement) VALUES (55,23,3520,'12/07/2022');
INSERT INTO sederoule (evenement_id,salle_id,nbplacesdisponibles,dateevenement) VALUES (31,79,9670,'08/12/2028');
INSERT INTO sederoule (evenement_id,salle_id,nbplacesdisponibles,dateevenement) VALUES (32,69,1234,'29/05/2022');
INSERT INTO sederoule (evenement_id,salle_id,nbplacesdisponibles,dateevenement) VALUES (39,98,2445,'17/06/2024');
INSERT INTO sederoule (evenement_id,salle_id,nbplacesdisponibles,dateevenement) VALUES (2,1,4977,'21/07/2018');
INSERT INTO sederoule (evenement_id,salle_id,nbplacesdisponibles,dateevenement) VALUES (61,89,5808,'11/07/2018');
INSERT INTO sederoule (evenement_id,salle_id,nbplacesdisponibles,dateevenement) VALUES (72,72,7813,'08/01/2029');
INSERT INTO sederoule (evenement_id,salle_id,nbplacesdisponibles,dateevenement) VALUES (54,17,7979,'11/02/2020');
INSERT INTO sederoule (evenement_id,salle_id,nbplacesdisponibles,dateevenement) VALUES (43,5,4177,'26/12/2028');
INSERT INTO sederoule (evenement_id,salle_id,nbplacesdisponibles,dateevenement) VALUES (16,19,1187,'11/07/2028');
INSERT INTO sederoule (evenement_id,salle_id,nbplacesdisponibles,dateevenement) VALUES (11,23,367,'06/02/2027');
INSERT INTO sederoule (evenement_id,salle_id,nbplacesdisponibles,dateevenement) VALUES (89,59,5896,'27/08/2024');
INSERT INTO sederoule (evenement_id,salle_id,nbplacesdisponibles,dateevenement) VALUES (57,48,3316,'09/10/2025');
INSERT INTO sederoule (evenement_id,salle_id,nbplacesdisponibles,dateevenement) VALUES (84,28,5795,'28/12/2021');
INSERT INTO sederoule (evenement_id,salle_id,nbplacesdisponibles,dateevenement) VALUES (64,41,1536,'06/03/2019');
INSERT INTO sederoule (evenement_id,salle_id,nbplacesdisponibles,dateevenement) VALUES (64,70,3321,'30/09/2018');
INSERT INTO sederoule (evenement_id,salle_id,nbplacesdisponibles,dateevenement) VALUES (79,44,3738,'12/12/2024');
INSERT INTO sederoule (evenement_id,salle_id,nbplacesdisponibles,dateevenement) VALUES (70,36,13,'12/08/2018');
INSERT INTO sederoule (evenement_id,salle_id,nbplacesdisponibles,dateevenement) VALUES (20,55,4632,'26/10/2022');
INSERT INTO sederoule (evenement_id,salle_id,nbplacesdisponibles,dateevenement) VALUES (27,41,5616,'10/04/2026');
INSERT INTO sederoule (evenement_id,salle_id,nbplacesdisponibles,dateevenement) VALUES (64,91,4775,'16/06/2019');
INSERT INTO sederoule (evenement_id,salle_id,nbplacesdisponibles,dateevenement) VALUES (52,50,6046,'25/03/2027');
INSERT INTO sederoule (evenement_id,salle_id,nbplacesdisponibles,dateevenement) VALUES (73,2,6736,'02/11/2029');
INSERT INTO sederoule (evenement_id,salle_id,nbplacesdisponibles,dateevenement) VALUES (3,83,1755,'13/02/2025');
INSERT INTO sederoule (evenement_id,salle_id,nbplacesdisponibles,dateevenement) VALUES (27,84,3988,'18/12/2019');
INSERT INTO sederoule (evenement_id,salle_id,nbplacesdisponibles,dateevenement) VALUES (88,90,1471,'06/04/2026');
INSERT INTO sederoule (evenement_id,salle_id,nbplacesdisponibles,dateevenement) VALUES (25,40,1716,'18/02/2019');
INSERT INTO sederoule (evenement_id,salle_id,nbplacesdisponibles,dateevenement) VALUES (97,88,6457,'02/08/2023');
INSERT INTO sederoule (evenement_id,salle_id,nbplacesdisponibles,dateevenement) VALUES (68,35,7191,'04/01/2027');
INSERT INTO sederoule (evenement_id,salle_id,nbplacesdisponibles,dateevenement) VALUES (54,94,3464,'09/09/2023');


-- billet --

 INSERT INTO billet (id,code,id_facture,id_client,id_place,id_evenement) VALUES (1,';36295842890497=28106237? ',14,13,55,12);
INSERT INTO billet (id,code,id_facture,id_client,id_place,id_evenement) VALUES (2,';6334604129456490=8509841517?2',21,5,57,11);
INSERT INTO billet (id,code,id_facture,id_client,id_place,id_evenement) VALUES (3,';30421494870118=71082601?3',21,38,1,85);
INSERT INTO billet (id,code,id_facture,id_client,id_place,id_evenement) VALUES (4,';345858505936224=36038169662?5',11,99,83,1);
INSERT INTO billet (id,code,id_facture,id_client,id_place,id_evenement) VALUES (5,';372380127825491=89046863120?5',97,53,70,41);
INSERT INTO billet (id,code,id_facture,id_client,id_place,id_evenement) VALUES (6,';214973720297191=01017536? ',62,8,56,12);
INSERT INTO billet (id,code,id_facture,id_client,id_place,id_evenement) VALUES (7,';6334118947075721=94123465208? ',40,22,74,41);
INSERT INTO billet (id,code,id_facture,id_client,id_place,id_evenement) VALUES (8,';6706677809748832=32033925? ',54,85,23,33);
INSERT INTO billet (id,code,id_facture,id_client,id_place,id_evenement) VALUES (9,';4532306178573=06109276730?8',87,79,49,18);
INSERT INTO billet (id,code,id_facture,id_client,id_place,id_evenement) VALUES (10,';4175004220852688=16129575? ',71,79,7,11);
INSERT INTO billet (id,code,id_facture,id_client,id_place,id_evenement) VALUES (11,';201490552589517=31074904014?5',93,8,95,36);
INSERT INTO billet (id,code,id_facture,id_client,id_place,id_evenement) VALUES (12,';6767493593862029=92012802?9',48,85,41,55);
INSERT INTO billet (id,code,id_facture,id_client,id_place,id_evenement) VALUES (13,';214986686191091=07117784?6',93,15,34,12);
INSERT INTO billet (id,code,id_facture,id_client,id_place,id_evenement) VALUES (14,';630495928008=2205764840?9',24,68,35,99);
INSERT INTO billet (id,code,id_facture,id_client,id_place,id_evenement) VALUES (15,';6334594740062282=72109049711? ',10,20,61,21);
INSERT INTO billet (id,code,id_facture,id_client,id_place,id_evenement) VALUES (16,';30182116820325=9310990311?9',92,69,93,93);
INSERT INTO billet (id,code,id_facture,id_client,id_place,id_evenement) VALUES (17,';6494962651767833=77081585493?8',66,25,14,38);
INSERT INTO billet (id,code,id_facture,id_client,id_place,id_evenement) VALUES (18,';213195695279670=10101431205?4',18,42,86,57);
INSERT INTO billet (id,code,id_facture,id_client,id_place,id_evenement) VALUES (19,';630457438020=75049006?8',29,38,19,71);
INSERT INTO billet (id,code,id_facture,id_client,id_place,id_evenement) VALUES (20,';201486562379881=24021711?5',38,42,1,95);
INSERT INTO billet (id,code,id_facture,id_client,id_place,id_evenement) VALUES (21,';316480540827501=04015458? ',33,8,83,10);
INSERT INTO billet (id,code,id_facture,id_client,id_place,id_evenement) VALUES (22,';36867288830565=95045645481?9',86,82,93,59);
INSERT INTO billet (id,code,id_facture,id_client,id_place,id_evenement) VALUES (23,';4485743523697=98101722238? ',97,63,38,100);
INSERT INTO billet (id,code,id_facture,id_client,id_place,id_evenement) VALUES (24,';213158044003647=3401281472?1',57,54,19,55);
INSERT INTO billet (id,code,id_facture,id_client,id_place,id_evenement) VALUES (25,';309153501313931=8812130832? ',64,2,38,26);
INSERT INTO billet (id,code,id_facture,id_client,id_place,id_evenement) VALUES (26,';5172922675360529=92128094? ',36,25,45,8);
INSERT INTO billet (id,code,id_facture,id_client,id_place,id_evenement) VALUES (27,';4905137639686128=79013855538?4',53,88,22,80);
INSERT INTO billet (id,code,id_facture,id_client,id_place,id_evenement) VALUES (28,';36904225030676=99054949?3',93,88,67,66);
INSERT INTO billet (id,code,id_facture,id_client,id_place,id_evenement) VALUES (29,';5349136233055855=1311574441?6',86,84,94,14);
INSERT INTO billet (id,code,id_facture,id_client,id_place,id_evenement) VALUES (30,';676341105903=35056175? ',72,30,33,4);
INSERT INTO billet (id,code,id_facture,id_client,id_place,id_evenement) VALUES (31,';4905666291717615=31088003703?1',53,82,49,8);
INSERT INTO billet (id,code,id_facture,id_client,id_place,id_evenement) VALUES (32,';201403560984448=73078777?3',91,58,92,91);
INSERT INTO billet (id,code,id_facture,id_client,id_place,id_evenement) VALUES (33,';6771689689937161=73114698021?2',56,48,82,90);
INSERT INTO billet (id,code,id_facture,id_client,id_place,id_evenement) VALUES (34,';30547278453844=32058595? ',99,37,50,30);
INSERT INTO billet (id,code,id_facture,id_client,id_place,id_evenement) VALUES (35,';344244394606163=26109802797? ',92,9,19,33);
INSERT INTO billet (id,code,id_facture,id_client,id_place,id_evenement) VALUES (36,';36025519217173=93084737?4',23,32,30,38);
INSERT INTO billet (id,code,id_facture,id_client,id_place,id_evenement) VALUES (37,';309919956990294=05056228? ',92,79,11,24);
INSERT INTO billet (id,code,id_facture,id_client,id_place,id_evenement) VALUES (38,';5641821648010950=29044439? ',10,92,86,21);
INSERT INTO billet (id,code,id_facture,id_client,id_place,id_evenement) VALUES (39,';6550382907948379=1003643505?6',66,79,94,16);
INSERT INTO billet (id,code,id_facture,id_client,id_place,id_evenement) VALUES (40,';30020044811877=03091532383?4',10,97,68,31);
INSERT INTO billet (id,code,id_facture,id_client,id_place,id_evenement) VALUES (41,';30526706867494=2312157749? ',23,90,21,25);
INSERT INTO billet (id,code,id_facture,id_client,id_place,id_evenement) VALUES (42,';214951113249938=8311650962?8',11,33,36,12);
INSERT INTO billet (id,code,id_facture,id_client,id_place,id_evenement) VALUES (43,';309314144741058=03092893759? ',15,26,21,9);
INSERT INTO billet (id,code,id_facture,id_client,id_place,id_evenement) VALUES (44,';5431078702330956=06015569?5',87,25,53,76);
INSERT INTO billet (id,code,id_facture,id_client,id_place,id_evenement) VALUES (45,';36083260801141=0110335493? ',10,47,9,47);
INSERT INTO billet (id,code,id_facture,id_client,id_place,id_evenement) VALUES (46,';343140061687331=07101969039?4',98,94,87,93);
INSERT INTO billet (id,code,id_facture,id_client,id_place,id_evenement) VALUES (47,';36142120435472=37078193726?7',89,38,65,78);
INSERT INTO billet (id,code,id_facture,id_client,id_place,id_evenement) VALUES (48,';4916612002397=14051197886? ',19,24,54,54);
INSERT INTO billet (id,code,id_facture,id_client,id_place,id_evenement) VALUES (49,';6771965489191906=8305170541?5',35,93,95,95);
INSERT INTO billet (id,code,id_facture,id_client,id_place,id_evenement) VALUES (50,';6465467093382808=96045917435?7',62,98,72,22);
INSERT INTO billet (id,code,id_facture,id_client,id_place,id_evenement) VALUES (51,';201435078011983=34092735?8',50,92,54,13);
INSERT INTO billet (id,code,id_facture,id_client,id_place,id_evenement) VALUES (52,';6709255412701758=15046943210? ',64,75,25,76);
INSERT INTO billet (id,code,id_facture,id_client,id_place,id_evenement) VALUES (53,';5177206358599669=22026998046? ',13,95,92,89);
INSERT INTO billet (id,code,id_facture,id_client,id_place,id_evenement) VALUES (54,';4485808960875=0912164563?7',34,19,25,1);
INSERT INTO billet (id,code,id_facture,id_client,id_place,id_evenement) VALUES (55,';6333764655894539=7406750811?7',96,34,1,44);
INSERT INTO billet (id,code,id_facture,id_client,id_place,id_evenement) VALUES (56,';6334453844078076=8102487778? ',32,15,45,60);
INSERT INTO billet (id,code,id_facture,id_client,id_place,id_evenement) VALUES (57,';201456037154524=7410148111? ',59,24,97,38);
INSERT INTO billet (id,code,id_facture,id_client,id_place,id_evenement) VALUES (58,';6455663723988228=77093558733?5',1,52,7,31);
INSERT INTO billet (id,code,id_facture,id_client,id_place,id_evenement) VALUES (59,';6709729454727640=71032104482?3',86,3,8,74);
INSERT INTO billet (id,code,id_facture,id_client,id_place,id_evenement) VALUES (60,';30157841813233=25085068637?5',2,60,88,4);
INSERT INTO billet (id,code,id_facture,id_client,id_place,id_evenement) VALUES (61,';346701409899602=37113597?8',20,89,57,91);
INSERT INTO billet (id,code,id_facture,id_client,id_place,id_evenement) VALUES (62,';6454324937660605=90013101593?4',40,15,99,49);
INSERT INTO billet (id,code,id_facture,id_client,id_place,id_evenement) VALUES (63,';36989854989698=2209754593?7',9,76,11,43);
INSERT INTO billet (id,code,id_facture,id_client,id_place,id_evenement) VALUES (64,';317547033200591=14119557?6',95,2,96,12);
INSERT INTO billet (id,code,id_facture,id_client,id_place,id_evenement) VALUES (65,';6447627806068399=83077542251?5',79,53,4,80);
INSERT INTO billet (id,code,id_facture,id_client,id_place,id_evenement) VALUES (66,';5641826884508211=28027662039? ',18,59,63,97);
INSERT INTO billet (id,code,id_facture,id_client,id_place,id_evenement) VALUES (67,';36833844194904=97029648?8',28,18,29,97);
INSERT INTO billet (id,code,id_facture,id_client,id_place,id_evenement) VALUES (68,';6334726300869611=7407136238?6',7,20,76,47);
INSERT INTO billet (id,code,id_facture,id_client,id_place,id_evenement) VALUES (69,';213191638691345=72079647? ',50,92,79,37);
INSERT INTO billet (id,code,id_facture,id_client,id_place,id_evenement) VALUES (70,';4913181957983881=73047735329?4',48,80,15,87);
INSERT INTO billet (id,code,id_facture,id_client,id_place,id_evenement) VALUES (71,';4903600194425713=2908702567? ',25,62,28,34);
INSERT INTO billet (id,code,id_facture,id_client,id_place,id_evenement) VALUES (72,';30057754597098=1212940710? ',41,90,95,74);
INSERT INTO billet (id,code,id_facture,id_client,id_place,id_evenement) VALUES (73,';6771298019013832=87062418702?9',93,95,91,49);
INSERT INTO billet (id,code,id_facture,id_client,id_place,id_evenement) VALUES (74,';314278768229026=14079795532?4',54,18,89,37);
INSERT INTO billet (id,code,id_facture,id_client,id_place,id_evenement) VALUES (75,';180041440359418=37053842121?7',97,60,22,12);
INSERT INTO billet (id,code,id_facture,id_client,id_place,id_evenement) VALUES (76,';6767497348918820=72112629095? ',73,51,74,70);
INSERT INTO billet (id,code,id_facture,id_client,id_place,id_evenement) VALUES (77,';379269073536843=3202585386? ',100,20,60,25);
INSERT INTO billet (id,code,id_facture,id_client,id_place,id_evenement) VALUES (78,';630455484182=24074238?1',28,28,39,21);
INSERT INTO billet (id,code,id_facture,id_client,id_place,id_evenement) VALUES (79,';5396737805882972=0704402728? ',20,81,44,64);
INSERT INTO billet (id,code,id_facture,id_client,id_place,id_evenement) VALUES (80,';5464026253121969=9611657602?2',65,22,9,13);
INSERT INTO billet (id,code,id_facture,id_client,id_place,id_evenement) VALUES (81,';311641132683397=8012387855? ',91,61,12,31);
INSERT INTO billet (id,code,id_facture,id_client,id_place,id_evenement) VALUES (82,';6709238062705824=7305965978? ',30,29,61,63);
INSERT INTO billet (id,code,id_facture,id_client,id_place,id_evenement) VALUES (83,';6448216369260764=9206626679? ',25,49,36,70);
INSERT INTO billet (id,code,id_facture,id_client,id_place,id_evenement) VALUES (84,';4024007155977=14075382528?4',75,60,41,89);
INSERT INTO billet (id,code,id_facture,id_client,id_place,id_evenement) VALUES (85,';6709012290540828=2405371148?8',84,53,89,94);
INSERT INTO billet (id,code,id_facture,id_client,id_place,id_evenement) VALUES (86,';676196030420=2904716156? ',41,51,23,11);
INSERT INTO billet (id,code,id_facture,id_client,id_place,id_evenement) VALUES (87,';6331100296912772=19128879?6',8,66,20,10);
INSERT INTO billet (id,code,id_facture,id_client,id_place,id_evenement) VALUES (88,';5456301346492986=8606200956?8',48,31,51,77);
INSERT INTO billet (id,code,id_facture,id_client,id_place,id_evenement) VALUES (89,';501874490227=02021936? ',68,30,99,59);
INSERT INTO billet (id,code,id_facture,id_client,id_place,id_evenement) VALUES (90,';6767607754045260=12083023?5',36,85,2,33);
INSERT INTO billet (id,code,id_facture,id_client,id_place,id_evenement) VALUES (91,';4916619117933=79059168?3',58,8,53,79);
INSERT INTO billet (id,code,id_facture,id_client,id_place,id_evenement) VALUES (92,';4905527729452144=82046253?2',83,76,43,93);
INSERT INTO billet (id,code,id_facture,id_client,id_place,id_evenement) VALUES (93,';201480208496712=0701334340? ',86,43,87,95);
INSERT INTO billet (id,code,id_facture,id_client,id_place,id_evenement) VALUES (94,';214966296539830=3612405201? ',39,49,6,73);
INSERT INTO billet (id,code,id_facture,id_client,id_place,id_evenement) VALUES (95,';372679771603546=16029699788? ',56,96,51,13);
INSERT INTO billet (id,code,id_facture,id_client,id_place,id_evenement) VALUES (96,';6709751512065193=8309342666? ',10,56,9,25);
INSERT INTO billet (id,code,id_facture,id_client,id_place,id_evenement) VALUES (97,';6767719672626590=2106895384? ',88,46,37,71);
INSERT INTO billet (id,code,id_facture,id_client,id_place,id_evenement) VALUES (98,';501815206229=3202884575? ',37,35,98,95);
INSERT INTO billet (id,code,id_facture,id_client,id_place,id_evenement) VALUES (99,';4024007166446=95021524619? ',78,38,59,51);
INSERT INTO billet (id,code,id_facture,id_client,id_place,id_evenement) VALUES (100,';309964439750972=8508823383?3',10,28,93,68);
INSERT INTO billet (id,code,id_client,id_place,id_evenement) VALUES (163,';20144856i473532=79106949216?4',100,69,71);
INSERT INTO billet (id,code,id_client,id_place,id_evenement) VALUES (192,';34947584j544155=71081159282?2',1,69,33);
INSERT INTO billet (id,code,id_client,id_place,id_evenement) VALUES (101,';6706251883766092=30044334?5',14,12,81);
INSERT INTO billet (id,code,id_client,id_place,id_evenement) VALUES (102,';501806146350=17095011? ',10,24,81);
INSERT INTO billet (id,code,id_client,id_place,id_evenement) VALUES (103,';36791398438731=96077566? ',51,29,65);
INSERT INTO billet (id,code,id_client,id_place,id_evenement) VALUES (104,';213194970784116=76042436? ',27,94,89);
INSERT INTO billet (id,code,id_client,id_place,id_evenement) VALUES (105,';4175002394390121=7606169138?6',72,100,53);
INSERT INTO billet (id,code,id_client,id_place,id_evenement) VALUES (106,';4905151316442697=15105044982?9',41,97,21);
INSERT INTO billet (id,code,id_client,id_place,id_evenement) VALUES (107,';4485451456593=16104583773?7',20,42,1);
INSERT INTO billet (id,code,id_client,id_place,id_evenement) VALUES (108,';36208635376442=9011126651? ',43,59,86);
INSERT INTO billet (id,code,id_client,id_place,id_evenement) VALUES (109,';376216692045964=8208230362? ',63,67,82);
INSERT INTO billet (id,code,id_client,id_place,id_evenement) VALUES (110,';201481564512019=14031605748? ',63,47,75);
INSERT INTO billet (id,code,id_client,id_place,id_evenement) VALUES (111,';676298870160=89046274600? ',83,76,15);
INSERT INTO billet (id,code,id_client,id_place,id_evenement) VALUES (112,';4905913653346504=06094794? ',29,100,72);
INSERT INTO billet (id,code,id_client,id_place,id_evenement) VALUES (113,';6706668604893634=06114508? ',62,69,81);
INSERT INTO billet (id,code,id_client,id_place,id_evenement) VALUES (114,';589371187602=0401798343?1',6,85,76);
INSERT INTO billet (id,code,id_client,id_place,id_evenement) VALUES (115,';180094466030256=9611244475?9',98,57,81);
INSERT INTO billet (id,code,id_client,id_place,id_evenement) VALUES (116,';36541385902987=15092346?9',83,81,91);
INSERT INTO billet (id,code,id_client,id_place,id_evenement) VALUES (117,';317360029799554=89011703? ',58,85,54);
INSERT INTO billet (id,code,id_client,id_place,id_evenement) VALUES (118,';201475482229805=91066914644? ',95,42,85);
INSERT INTO billet (id,code,id_client,id_place,id_evenement) VALUES (119,';30529604181687=25089013? ',14,4,96);
INSERT INTO billet (id,code,id_client,id_place,id_evenement) VALUES (120,';5296175229683349=15082863? ',88,14,80);
INSERT INTO billet (id,code,id_client,id_place,id_evenement) VALUES (121,';4175000757868642=2709717904?9',49,66,48);
INSERT INTO billet (id,code,id_client,id_place,id_evenement) VALUES (122,';5169019862291172=98122485876?7',89,6,61);
INSERT INTO billet (id,code,id_client,id_place,id_evenement) VALUES (123,';180039446203705=17123531? ',73,57,89);
INSERT INTO billet (id,code,id_client,id_place,id_evenement) VALUES (124,';4916904299842=0211445784?4',39,79,58);
INSERT INTO billet (id,code,id_client,id_place,id_evenement) VALUES (125,';676189400861=36076254162?5',2,58,72);
INSERT INTO billet (id,code,id_client,id_place,id_evenement) VALUES (126,';6767395884828074=23065148930?9',35,78,16);
INSERT INTO billet (id,code,id_client,id_place,id_evenement) VALUES (127,';4539168466087=29032559233?4',27,64,8);
INSERT INTO billet (id,code,id_client,id_place,id_evenement) VALUES (128,';5488383160223210=89013595? ',35,25,69);
INSERT INTO billet (id,code,id_client,id_place,id_evenement) VALUES (129,';5182876092773789=70065022?7',24,23,4);
INSERT INTO billet (id,code,id_client,id_place,id_evenement) VALUES (130,';4844112153963314=96058278255? ',14,100,11);
INSERT INTO billet (id,code,id_client,id_place,id_evenement) VALUES (131,';4716214692581=79104705?2',71,39,94);
INSERT INTO billet (id,code,id_client,id_place,id_evenement) VALUES (132,';36481769465154=88071213? ',34,6,18);
INSERT INTO billet (id,code,id_client,id_place,id_evenement) VALUES (133,';314259668553798=2703333308?2',93,75,66);
INSERT INTO billet (id,code,id_client,id_place,id_evenement) VALUES (134,';6334949994301614=8107499894?8',91,69,73);
INSERT INTO billet (id,code,id_client,id_place,id_evenement) VALUES (135,';5106052378288693=9606122598?8',3,90,7);
INSERT INTO billet (id,code,id_client,id_place,id_evenement) VALUES (136,';4913559732047231=25033995374? ',47,70,80);
INSERT INTO billet (id,code,id_client,id_place,id_evenement) VALUES (137,';309024190934396=90099607347? ',58,11,85);
INSERT INTO billet (id,code,id_client,id_place,id_evenement) VALUES (138,';36278675878094=80055276? ',54,26,92);
INSERT INTO billet (id,code,id_client,id_place,id_evenement) VALUES (139,';6334216379044437=7310843888?5',95,83,30);
INSERT INTO billet (id,code,id_client,id_place,id_evenement) VALUES (140,';6767923886439507=14057272?5',87,45,87);
INSERT INTO billet (id,code,id_client,id_place,id_evenement) VALUES (141,';309571508402334=74067951217?4',4,71,25);
INSERT INTO billet (id,code,id_client,id_place,id_evenement) VALUES (142,';4936795002794465=72063949213?6',97,12,53);
INSERT INTO billet (id,code,id_client,id_place,id_evenement) VALUES (143,';4913315717722383=8111676324? ',80,40,12);
INSERT INTO billet (id,code,id_client,id_place,id_evenement) VALUES (144,';6334739096036626=83086871?2',32,6,41);
INSERT INTO billet (id,code,id_client,id_place,id_evenement) VALUES (145,';4916551175212=7207204952?4',76,61,85);
INSERT INTO billet (id,code,id_client,id_place,id_evenement) VALUES (146,';6334217604653299=86021804433?5',33,75,74);
INSERT INTO billet (id,code,id_client,id_place,id_evenement) VALUES (147,';6334927269765150=76055496?3',17,50,20);
INSERT INTO billet (id,code,id_client,id_place,id_evenement) VALUES (148,';4911974611194883=8405846729?9',87,52,59);
INSERT INTO billet (id,code,id_client,id_place,id_evenement) VALUES (149,';4026296661120614=01117199449? ',44,29,63);
INSERT INTO billet (id,code,id_client,id_place,id_evenement) VALUES (150,';5157466927460389=74037743? ',68,85,70);
INSERT INTO billet (id,code,id_client,id_place,id_evenement) VALUES (151,';5435337571215466=3004234995? ',10,74,17);
INSERT INTO billet (id,code,id_client,id_place,id_evenement) VALUES (152,';214907107819565=3707501254? ',2,26,53);
INSERT INTO billet (id,code,id_client,id_place,id_evenement) VALUES (153,';6771359226401275=0009302252?5',65,8,20);
INSERT INTO billet (id,code,id_client,id_place,id_evenement) VALUES (154,';676332635280=7808937719?2',77,20,56);
INSERT INTO billet (id,code,id_client,id_place,id_evenement) VALUES (155,';6457875854596830=87114232612?1',71,83,66);
INSERT INTO billet (id,code,id_client,id_place,id_evenement) VALUES (156,';4929929624845=1610502130?1',34,52,95);
INSERT INTO billet (id,code,id_client,id_place,id_evenement) VALUES (157,';309346229527697=7101317224?6',70,68,14);
INSERT INTO billet (id,code,id_client,id_place,id_evenement) VALUES (158,';309945509753640=83063708125? ',26,1,58);
INSERT INTO billet (id,code,id_client,id_place,id_evenement) VALUES (159,';5205794009732314=21033856? ',25,95,22);
INSERT INTO billet (id,code,id_client,id_place,id_evenement) VALUES (160,';6450856802294816=85109541?3',85,84,70);
INSERT INTO billet (id,code,id_client,id_place,id_evenement) VALUES (161,';30291916774390=9912406350?9',8,77,92);
INSERT INTO billet (id,code,id_client,id_place,id_evenement) VALUES (162,';30079963017544=32092919?1',59,33,42);
INSERT INTO billet (id,code,id_client,id_place,id_evenement) VALUES (164,';201405208700615=3203613299?5',66,80,69);
INSERT INTO billet (id,code,id_client,id_place,id_evenement) VALUES (165,';6499259568809419=92023848? ',97,23,62);
INSERT INTO billet (id,code,id_client,id_place,id_evenement) VALUES (166,';30350192613183=2002904503?1',63,24,85);
INSERT INTO billet (id,code,id_client,id_place,id_evenement) VALUES (167,';6767691934849544=16089886?5',21,23,51);
INSERT INTO billet (id,code,id_client,id_place,id_evenement) VALUES (168,';36505448354569=81041526?8',32,64,84);
INSERT INTO billet (id,code,id_client,id_place,id_evenement) VALUES (169,';580931348164=05118634336?8',92,65,88);
INSERT INTO billet (id,code,id_client,id_place,id_evenement) VALUES (170,';5550495774183292=26019599180?2',63,44,23);
INSERT INTO billet (id,code,id_client,id_place,id_evenement) VALUES (171,';36120867424818=25036953?8',88,99,84);
INSERT INTO billet (id,code,id_client,id_place,id_evenement) VALUES (172,';589344400280=94015992?9',55,16,5);
INSERT INTO billet (id,code,id_client,id_place,id_evenement) VALUES (173,';377463208823463=1909384941?6',63,46,77);
INSERT INTO billet (id,code,id_client,id_place,id_evenement) VALUES (174,';6476706144969239=35019077958? ',99,57,90);
INSERT INTO billet (id,code,id_client,id_place,id_evenement) VALUES (175,';4026738159614699=36126542117? ',16,32,12);
INSERT INTO billet (id,code,id_client,id_place,id_evenement) VALUES (176,';30216835959889=1902203341?1',11,74,76);
INSERT INTO billet (id,code,id_client,id_place,id_evenement) VALUES (177,';5306073109933736=0906376676?3',87,33,27);
INSERT INTO billet (id,code,id_client,id_place,id_evenement) VALUES (178,';5353510932882681=34086242770? ',57,30,36);
INSERT INTO billet (id,code,id_client,id_place,id_evenement) VALUES (179,';5171608216831513=0902179150? ',62,88,72);
INSERT INTO billet (id,code,id_client,id_place,id_evenement) VALUES (180,';6771414092883906=0402995118?1',99,41,23);
INSERT INTO billet (id,code,id_client,id_place,id_evenement) VALUES (181,';676117440856=70018907869?5',84,29,35);
INSERT INTO billet (id,code,id_client,id_place,id_evenement) VALUES (182,';30216106973478=78118147992?9',57,17,27);
INSERT INTO billet (id,code,id_client,id_place,id_evenement) VALUES (183,';6499770410138054=3407415537? ',28,89,21);
INSERT INTO billet (id,code,id_client,id_place,id_evenement) VALUES (184,';36493183723563=79043955?2',75,69,37);
INSERT INTO billet (id,code,id_client,id_place,id_evenement) VALUES (185,';5574161610205481=16084248301? ',10,26,41);
INSERT INTO billet (id,code,id_client,id_place,id_evenement) VALUES (186,';36353682910022=8803435224? ',62,21,78);
INSERT INTO billet (id,code,id_client,id_place,id_evenement) VALUES (187,';6767079718044120=89088178?8',23,6,38);
INSERT INTO billet (id,code,id_client,id_place,id_evenement) VALUES (188,';6463673121762851=95097959?9',20,17,99);
INSERT INTO billet (id,code,id_client,id_place,id_evenement) VALUES (189,';4936962818991392=99056461136?7',12,22,18);
INSERT INTO billet (id,code,id_client,id_place,id_evenement) VALUES (190,';4916559308120=89055514?1',49,47,5);
INSERT INTO billet (id,code,id_client,id_place,id_evenement) VALUES (191,';6334925639911314=18047492284?9',21,27,75);
INSERT INTO billet (id,code,id_client,id_place,id_evenement) VALUES (193,';30588074059302=05027715? ',78,31,4);
INSERT INTO billet (id,code,id_client,id_place,id_evenement) VALUES (194,';5641820299916325=34054636543?5',60,37,59);
INSERT INTO billet (id,code,id_client,id_place,id_evenement) VALUES (195,';36308045119083=8403954744? ',63,47,95);
INSERT INTO billet (id,code,id_client,id_place,id_evenement) VALUES (196,';6331101056576021=99082221585? ',78,89,47);
INSERT INTO billet (id,code,id_client,id_place,id_evenement) VALUES (197,';341356814230730=77096095?2',92,87,100);
INSERT INTO billet (id,code,id_client,id_place,id_evenement) VALUES (198,';4556588546678=13017595701?6',96,76,30);
INSERT INTO billet (id,code,id_client,id_place,id_evenement) VALUES (199,';30578690390074=06035109?9',10,81,83);
INSERT INTO billet (id,code,id_client,id_place,id_evenement) VALUES (200,';180067815460408=09038252062?9',48,12,80);
