insert into airline(id, code, name) values (1, 'TR', 'Turkish Airlines');
insert into airline(id, code, name) values (2, 'SN', 'Brussels Airlines');
insert into airline(id, code, name) values (3, 'EK', 'Fly Emirates');
insert into airline(id, code, name) values (4, 'PK', 'Player Kill');
insert into airline(id, code, name) values (5, 'MH370', 'Malaysian Airlines');
insert into airline(id, code, name) values (6, 'NH', 'All Nippon Airlines');
insert into airline(id, code, name) values (7, 'LA', 'Lian Air');
insert into airline(id, code, name) values (8, 'GA', 'Garuda Indonasia');
insert into airline(id, code, name) values (9, 'LK', 'Leeroy Jenkins');
insert into airline(id, code, name) values (10, 'WOW', 'WOW Airlines');

insert into airport(id, code, country, name, timeZone) values (1, 'BRU', 'Belgium', 'Brussels International Airport', 1);
insert into airport(id, code, country, name, timeZone) values (2, 'OST', 'West-Vloanderen', 'Ostend Airport', 1);
insert into airport(id, code, country, name, timeZone) values (3, 'AMS', 'The Netherlands', 'Amsterdam International Airport', 1);
insert into airport(id, code, country, name, timeZone) values (4, 'IST', 'Turkey', 'Istanbul Mustafa Kemal Attatürk Airport', 2);
insert into airport(id, code, country, name, timeZone) values (5, 'ZNZ', 'Tanzania', 'Zanzibar', 2);
insert into airport(id, code, country, name, timeZone) values (6, 'HTR', 'United Kingdom', 'Heathrow London Airport', 0);
insert into airport(id, code, country, name, timeZone) values (7, 'CDG', 'France', 'Paris Charles de Gaule', 1);
insert into airport(id, code, country, name, timeZone) values (8, 'DXB', 'United Arab Emirates', 'Dubai Airport', 4);
insert into airport(id, code, country, name, timeZone) values (9, 'CAI', 'Egypt', 'Cairo International Airport', 2);
insert into airport(id, code, country, name, timeZone) values (10, 'MEX', 'Mexico', 'Aeropuerto Internacional de la Ciudad de México', -6);
insert into airport(id, code, country, name, timeZone) values (11, 'NRT', 'Japan', 'Narita International Airport', 9);
insert into airport(id, code, country, name, timeZone) values (12, 'PVG', 'China', 'Shangai Pudong Airport', 8);
insert into airport(id, code, country, name, timeZone) values (13, 'JFK', 'United States of America', 'John F. Kennedy International Airport', -5);
insert into airport(id, code, country, name, timeZone) values (14, 'LAX', 'United States of America', 'Los Angeles International Airport', -8);
insert into airport(id, code, country, name, timeZone) values (15, 'BKK', 'Thailand', 'Bangkok Suvarnabhumi', 7);
insert into airport(id, code, country, name, timeZone) values (16, 'HKT', 'Thailand', 'Phuket International Airport', 7);
insert into airport(id, code, country, name, timeZone) values (17, 'SVO', 'Russia', 'Sveremetyevo International Airport', 3);
insert into airport(id, code, country, name, timeZone) values (18, 'SIN', 'Singapore', 'Singapore Changi Airport', 8);
insert into airport(id, code, country, name, timeZone) values (19, 'SYD', 'Australia', 'Kingford Smith International Airport', 11);
insert into airport(id, code, country, name, timeZone) values (20, 'CGK', 'Indonesia', 'Jakarta Soekarno Hatta', 7);
insert into airport(id, code, country, name, timeZone) values (21, 'JED', 'Saudi Arabia', 'Jeddah-King Abdulaziz International Airport', 3);
insert into airport(id, code, country, name, timeZone) values (22, 'GIG', 'Brazil', 'Antonio Carlôs Jobim Airport', -3);
insert into airport(id, code, country, name, timeZone) values (23, 'SCL', 'Chile', 'Santiago Airport', -4);
insert into airport(id, code, country, name, timeZone) values (24, 'MBA', 'Kenia', 'Mombasa Airport', 3 );
insert into airport(id, code, country, name, timeZone) values (25, 'ROR', 'Micronesia', 'Koror', 9);
insert into airport(id, code, country, name, timeZone) values (26, 'ONT', 'Canada', 'Ontario International Airport', -5);
insert into airport(id, code, country, name, timeZone) values (27, 'HNL', 'United States of America', 'Daniel K. Inouye International Airport', -10);
insert into airport(id, code, country, name, timeZone) values (28, 'DEL', 'India', 'Indira Gandhi International Airport', 6);

insert into flightroute(id, destination_id, origin_id) VALUES (1, 1, 2);
insert into flightroute(id, destination_id, origin_id) VALUES (2, 2, 1);
insert into flightroute(id, destination_id, origin_id) VALUES (3, 3, 4);
insert into flightroute(id, destination_id, origin_id) VALUES (4, 4, 3);
insert into flightroute(id, destination_id, origin_id) VALUES (5, 5, 6);
insert into flightroute(id, destination_id, origin_id) VALUES (6, 6, 5);
insert into flightroute(id, destination_id, origin_id) VALUES (7, 7, 8);
insert into flightroute(id, destination_id, origin_id) VALUES (8, 8, 7);
insert into flightroute(id, destination_id, origin_id) VALUES (9, 9, 10);
insert into flightroute(id, destination_id, origin_id) VALUES (10, 10, 9);
insert into flightroute(id, destination_id, origin_id) VALUES (11, 11, 12);
insert into flightroute(id, destination_id, origin_id) VALUES (12, 12, 11);
insert into flightroute(id, destination_id, origin_id) VALUES (13, 13, 14);
insert into flightroute(id, destination_id, origin_id) VALUES (14, 14, 13);
insert into flightroute(id, destination_id, origin_id) VALUES (15, 15, 16);
insert into flightroute(id, destination_id, origin_id) VALUES (16, 16, 15);
insert into flightroute(id, destination_id, origin_id) VALUES (17, 17, 18);
insert into flightroute(id, destination_id, origin_id) VALUES (18, 18, 17);
insert into flightroute(id, destination_id, origin_id) VALUES (19, 19, 20);
insert into flightroute(id, destination_id, origin_id) VALUES (20, 20, 19);
insert into flightroute(id, destination_id, origin_id) VALUES (21, 21, 22);
insert into flightroute(id, destination_id, origin_id) VALUES (22, 22, 21);
insert into flightroute(id, destination_id, origin_id) VALUES (23, 23, 24);
insert into flightroute(id, destination_id, origin_id) VALUES (24, 24, 23);
insert into flightroute(id, destination_id, origin_id) VALUES (25, 25, 26);
insert into flightroute(id, destination_id, origin_id) VALUES (26, 26, 25);
insert into flightroute(id, destination_id, origin_id) VALUES (27, 27, 28);
insert into flightroute(id, destination_id, origin_id) VALUES (28, 28 ,27);
insert into flightroute(id, destination_id, origin_id) VALUES (29, 12, 16);
insert into flightroute(id, destination_id, origin_id) VALUES (30, 16, 12);
insert into flightroute(id, destination_id, origin_id) VALUES (31, 14, 23);
insert into flightroute(id, destination_id, origin_id) VALUES (32, 17, 19);
insert into flightroute(id, destination_id, origin_id) VALUES (33, 23, 14);
insert into flightroute(id, destination_id, origin_id) VALUES (34, 19, 17);
insert into flightroute(id, destination_id, origin_id) VALUES (35, 15, 18);
insert into flightroute(id, destination_id, origin_id) VALUES (36, 18, 15);
insert into flightroute(id, destination_id, origin_id) VALUES (37, 26, 5);
insert into flightroute(id, destination_id, origin_id) VALUES (38, 5, 26);
insert into flightroute(id, destination_id, origin_id) VALUES (39, 2, 8);
insert into flightroute(id, destination_id, origin_id) VALUES (40, 8, 2);
insert into flightroute(id, destination_id, origin_id) VALUES (41, 15 ,1);
insert into flightroute(id, destination_id, origin_id) VALUES (42, 1, 17);
insert into flightroute(id, destination_id, origin_id) VALUES (43, 17 ,1);
insert into flightroute(id, destination_id, origin_id) VALUES (44, 1, 28);
insert into flightroute(id, destination_id, origin_id) VALUES (45, 28, 1);
insert into flightroute(id, destination_id, origin_id) VALUES (46, 1, 26);
insert into flightroute(id, destination_id, origin_id) VALUES (47, 26, 1);
insert into flightroute(id, destination_id, origin_id) VALUES (48, 1, 7);
insert into flightroute(id, destination_id, origin_id) VALUES (49, 7, 1);
insert into flightroute(id, destination_id, origin_id) VALUES (50, 1, 15);

insert into flightinstance(id, arrivalLocalDateTime, departureLocalDateTime, airline_id, flightRoute_id) VALUES (1, '2018-12-06 14:30:32', '2018-11-29 06:15:00',  1, 5);
insert into flightinstance(id, arrivalLocalDateTime, departureLocalDateTime, airline_id, flightRoute_id) VALUES (2, '2018-12-06 14:30:32', '2018-11-29 06:15:00',  2, 1);
insert into flightinstance(id, arrivalLocalDateTime, departureLocalDateTime, airline_id, flightRoute_id) VALUES (3, '2018-12-06 14:30:32', '2018-11-29 06:15:00',  3, 9);
insert into flightinstance(id, arrivalLocalDateTime, departureLocalDateTime, airline_id, flightRoute_id) VALUES (4, '2018-12-06 14:30:32', '2018-11-29 06:15:00',  4, 25);
insert into flightinstance(id, arrivalLocalDateTime, departureLocalDateTime, airline_id, flightRoute_id) VALUES (5, '2018-12-06 14:30:32', '2018-11-29 06:15:00',  5, 23);
insert into flightinstance(id, arrivalLocalDateTime, departureLocalDateTime, airline_id, flightRoute_id) VALUES (6, '2018-12-06 14:30:32', '2018-11-29 06:15:00',  6, 24);
insert into flightinstance(id, arrivalLocalDateTime, departureLocalDateTime, airline_id, flightRoute_id) VALUES (7, '2018-12-06 14:30:32', '2018-11-29 06:15:00',  7, 18);
insert into flightinstance(id, arrivalLocalDateTime, departureLocalDateTime, airline_id, flightRoute_id) VALUES (8, '2018-12-06 14:30:32', '2018-11-29 06:15:00',  8, 15);
insert into flightinstance(id, arrivalLocalDateTime, departureLocalDateTime, airline_id, flightRoute_id) VALUES (9, '2018-12-06 14:30:32', '2018-11-29 06:15:00',  9, 4);
insert into flightinstance(id, arrivalLocalDateTime, departureLocalDateTime, airline_id, flightRoute_id) VALUES (10, '2018-12-06 14:30:32', '2018-11-29 06:15:00', 10, 6);
insert into flightinstance(id, arrivalLocalDateTime, departureLocalDateTime, airline_id, flightRoute_id) VALUES (11, '2018-12-06 14:30:32', '2018-11-29 06:15:00',  1, 7);
insert into flightinstance(id, arrivalLocalDateTime, departureLocalDateTime, airline_id, flightRoute_id) VALUES (12, '2018-12-06 14:30:32', '2018-11-29 06:15:00',  2, 21);
insert into flightinstance(id, arrivalLocalDateTime, departureLocalDateTime, airline_id, flightRoute_id) VALUES (13, '2018-12-06 14:30:32', '2018-11-29 06:15:00',  3, 10);
insert into flightinstance(id, arrivalLocalDateTime, departureLocalDateTime, airline_id, flightRoute_id) VALUES (14, '2018-12-06 14:30:32', '2018-11-29 06:15:00',  4, 11);

insert into luxurywithcapacityandprices(id, FlightInstance_Id, basePrice, flightQuality, numberOfSeats) values (1, 1, 250, 'ECONOMY', 150);
insert into luxurywithcapacityandprices(id, FlightInstance_Id, basePrice, flightQuality, numberOfSeats) values (2, 3, 250, 'ECONOMY', 150);
insert into luxurywithcapacityandprices(id, FlightInstance_Id, basePrice, flightQuality, numberOfSeats) values (3, 5, 250, 'ECONOMY', 150);
insert into luxurywithcapacityandprices(id, FlightInstance_Id, basePrice, flightQuality, numberOfSeats) values (4, 7, 250, 'ECONOMY', 150);
insert into luxurywithcapacityandprices(id, FlightInstance_Id, basePrice, flightQuality, numberOfSeats) values (5, 9, 250, 'ECONOMY', 150);
insert into luxurywithcapacityandprices(id, FlightInstance_Id, basePrice, flightQuality, numberOfSeats) values (6, 11, 250, 'ECONOMY', 150);
insert into luxurywithcapacityandprices(id, FlightInstance_Id, basePrice, flightQuality, numberOfSeats) values (7, 13, 250, 'ECONOMY', 150);
insert into luxurywithcapacityandprices(id, FlightInstance_Id, basePrice, flightQuality, numberOfSeats) values (8, 2, 75, 'ECONOMY', 180);
insert into luxurywithcapacityandprices(id, FlightInstance_Id, basePrice, flightQuality, numberOfSeats) values (9, 4, 75, 'ECONOMY', 180);
insert into luxurywithcapacityandprices(id, FlightInstance_Id, basePrice, flightQuality, numberOfSeats) values (10, 6, 75, 'ECONOMY', 180);
insert into luxurywithcapacityandprices(id, FlightInstance_Id, basePrice, flightQuality, numberOfSeats) values (11, 8, 75, 'ECONOMY', 180);
insert into luxurywithcapacityandprices(id, FlightInstance_Id, basePrice, flightQuality, numberOfSeats) values (12, 10, 75, 'ECONOMY', 180);
insert into luxurywithcapacityandprices(id, FlightInstance_Id, basePrice, flightQuality, numberOfSeats) values (13, 12, 75, 'ECONOMY', 180);
insert into luxurywithcapacityandprices(id, FlightInstance_Id, basePrice, flightQuality, numberOfSeats) values (14, 14, 75, 'ECONOMY', 180);
insert into luxurywithcapacityandprices(id, FlightInstance_Id, basePrice, flightQuality, numberOfSeats) values (15, 1, 1300, 'BUSINESS', 30);
insert into luxurywithcapacityandprices(id, FlightInstance_Id, basePrice, flightQuality, numberOfSeats) values (16, 5, 1300, 'BUSINESS', 30);
insert into luxurywithcapacityandprices(id, FlightInstance_Id, basePrice, flightQuality, numberOfSeats) values (17, 7, 1300, 'BUSINESS', 30);
insert into luxurywithcapacityandprices(id, FlightInstance_Id, basePrice, flightQuality, numberOfSeats) values (18, 11, 1300, 'BUSINESS', 30);
insert into luxurywithcapacityandprices(id, FlightInstance_Id, basePrice, flightQuality, numberOfSeats) values (19, 13, 1300, 'BUSINESS', 30);
insert into luxurywithcapacityandprices(id, FlightInstance_Id, basePrice, flightQuality, numberOfSeats) values (20, 6, 900, 'BUSINESS', 75);
insert into luxurywithcapacityandprices(id, FlightInstance_Id, basePrice, flightQuality, numberOfSeats) values (21, 8, 900, 'BUSINESS', 75);
insert into luxurywithcapacityandprices(id, FlightInstance_Id, basePrice, flightQuality, numberOfSeats) values (22, 9, 900, 'BUSINESS', 75);
insert into luxurywithcapacityandprices(id, FlightInstance_Id, basePrice, flightQuality, numberOfSeats) values (23, 3, 5000, 'FIRST_CLASS', 20);
insert into luxurywithcapacityandprices(id, FlightInstance_Id, basePrice, flightQuality, numberOfSeats) values (24, 5, 5000, 'FIRST_CLASS', 20);
insert into luxurywithcapacityandprices(id, FlightInstance_Id, basePrice, flightQuality, numberOfSeats) values (25, 5, 5000, 'FIRST_CLASS', 20);
insert into luxurywithcapacityandprices(id, FlightInstance_Id, basePrice, flightQuality, numberOfSeats) values (26, 4, 25000, 'FIRST_CLASS', 15);
insert into luxurywithcapacityandprices(id, FlightInstance_Id, basePrice, flightQuality, numberOfSeats) values (27, 12, 25000, 'FIRST_CLASS', 15);
insert into luxurywithcapacityandprices(id, FlightInstance_Id, basePrice, flightQuality, numberOfSeats) values (28, 14, 25000, 'FIRST_CLASS', 15);


insert into volumediscount(id, FlightInstance_Id, nbOfSeatForThisDicscount, purcentage) VALUES (1, 1, 50, 0.05);
insert into volumediscount(id, FlightInstance_Id, nbOfSeatForThisDicscount, purcentage) VALUES (2, 5, 50, 0.05);
insert into volumediscount(id, FlightInstance_Id, nbOfSeatForThisDicscount, purcentage) VALUES (3, 9, 50, 0.05);
insert into volumediscount(id, FlightInstance_Id, nbOfSeatForThisDicscount, purcentage) VALUES (4, 2, 50, 0.15);
insert into volumediscount(id, FlightInstance_Id, nbOfSeatForThisDicscount, purcentage) VALUES (5, 6, 50, 0.15);
insert into volumediscount(id, FlightInstance_Id, nbOfSeatForThisDicscount, purcentage) VALUES (6, 12, 50, 0.15);
insert into volumediscount(id, FlightInstance_Id, nbOfSeatForThisDicscount, purcentage) VALUES (7, 3, 50, 0.1);
insert into volumediscount(id, FlightInstance_Id, nbOfSeatForThisDicscount, purcentage) VALUES (8, 13, 50, 0.1);
insert into volumediscount(id, FlightInstance_Id, nbOfSeatForThisDicscount, purcentage) VALUES (9, 4, 50, 0.1);
insert into volumediscount(id, FlightInstance_Id, nbOfSeatForThisDicscount, purcentage) VALUES (10, 14, 50, 0.2);
insert into volumediscount(id, FlightInstance_Id, nbOfSeatForThisDicscount, purcentage) VALUES (11, 1, 100, 0.25);
insert into volumediscount(id, FlightInstance_Id, nbOfSeatForThisDicscount, purcentage) VALUES (12, 5, 100, 0.25);
insert into volumediscount(id, FlightInstance_Id, nbOfSeatForThisDicscount, purcentage) VALUES (13, 12, 100, 0.25);
insert into volumediscount(id, FlightInstance_Id, nbOfSeatForThisDicscount, purcentage) VALUES (14, 14, 100, 0.25);
insert into volumediscount(id, FlightInstance_Id, nbOfSeatForThisDicscount, purcentage) VALUES (15, 2, 100, 0.33);
insert into volumediscount(id, FlightInstance_Id, nbOfSeatForThisDicscount, purcentage) VALUES (16, 6, 100, 0.33);
insert into volumediscount(id, FlightInstance_Id, nbOfSeatForThisDicscount, purcentage) VALUES (17, 7, 100, 0.33);
insert into volumediscount(id, FlightInstance_Id, nbOfSeatForThisDicscount, purcentage) VALUES (18, 9, 100, 0.40);
insert into volumediscount(id, FlightInstance_Id, nbOfSeatForThisDicscount, purcentage) VALUES (19, 3, 100, 0.40);
insert into volumediscount(id, FlightInstance_Id, nbOfSeatForThisDicscount, purcentage) VALUES (20, 4, 100, 0.40);
insert into volumediscount(id, FlightInstance_Id, nbOfSeatForThisDicscount, purcentage) VALUES (21, 8, 100, 0.40);
insert into volumediscount(id, FlightInstance_Id, nbOfSeatForThisDicscount, purcentage) VALUES (22, 1, 150, 0.50);
insert into volumediscount(id, FlightInstance_Id, nbOfSeatForThisDicscount, purcentage) VALUES (23, 13, 150, 0.50);
insert into volumediscount(id, FlightInstance_Id, nbOfSeatForThisDicscount, purcentage) VALUES (24, 11, 150, 0.66);
insert into volumediscount(id, FlightInstance_Id, nbOfSeatForThisDicscount, purcentage) VALUES (25, 4, 150, 0.66);
insert into volumediscount(id, FlightInstance_Id, nbOfSeatForThisDicscount, purcentage) VALUES (26, 10, 150, 0.66);
insert into volumediscount(id, FlightInstance_Id, nbOfSeatForThisDicscount, purcentage) VALUES (27, 6, 150, 0.66);


insert into person(partner_disc, id, email, firstName, lastName, password, role, userName, linkedAirline_id) values ('A', 1, 'Leeroy@Jenkins.com,', 'Leeroy', 'Jenkins', 'password123', 'PARTNER', 'Leeroy.Jenkins', 9);
insert into person(partner_disc, id, email, firstName, lastName, password, role, userName, linkedAirline_id) values ('P', 2, 'employee@togethair.com', 'Hardworking', 'Employee', 'password456', 'EMPLOYEE', 'hardWorkingEmployee', NULL );
insert into person(partner_disc, id, email, firstName, lastName, password, role, userName, linkedAirline_id) values ('P', 3, 'traveler@hotmail.com', 'Enthousiastic', 'Traveler', 'password789', 'CUSTOMER', 'EnthousiasticTraveler', NULL);


insert into booking(id, nbSeats, totalPrice, payementStatus, customer_id, flightInstance_id) VALUES (1, 2, 5.0, 'PAID', 3, 12);
insert into booking(id, nbSeats, totalPrice, payementStatus, customer_id, flightInstance_id) VALUES (2, 6, 5.0, 'PENDING', 3,6);
insert into booking(id, nbSeats, totalPrice, payementStatus, customer_id, flightInstance_id) values (3, 3, 5.0, 'PAID', 1, 1);
insert into booking(id, nbSeats, totalPrice, payementStatus, customer_id, flightInstance_id) values (4, 4, 5.0, 'PENDING', 2, 8);
