﻿--
-- Script was generated by Devart dbForge Studio for MySQL, Version 8.0.40.0
-- Product home page: http://www.devart.com/dbforge/mysql/studio
-- Script date 28/11/2019 13:57:32
-- Server version: 
-- Client version: 4.1
--

-- 
-- Disable foreign keys
-- 
/*!40014 SET @OLD_FOREIGN_KEY_CHECKS=@@FOREIGN_KEY_CHECKS, FOREIGN_KEY_CHECKS=0 */;

-- 
-- Set SQL mode
-- 
/*!40101 SET @OLD_SQL_MODE=@@SQL_MODE, SQL_MODE='NO_AUTO_VALUE_ON_ZERO' */;

-- 
-- Set character set the client will use to send SQL statements to the server
--
SET NAMES 'utf8';

DROP DATABASE IF EXISTS futbol;

CREATE DATABASE IF NOT EXISTS futbol
CHARACTER SET latin1
COLLATE latin1_swedish_ci;

--
-- Set default database
--
USE futbol;

--
-- Create table `competiciones`
--
CREATE TABLE IF NOT EXISTS competiciones (
  codigo_competicion int(3) NOT NULL AUTO_INCREMENT,
  nombre varchar(20) NOT NULL,
  lugar varchar(20) DEFAULT NULL,
  ganador varchar(30) DEFAULT NULL,
  tipo varchar(20) DEFAULT NULL,
  num_equipos int(4) DEFAULT NULL,
  anio_inicio date DEFAULT NULL,
  anio_fin date DEFAULT NULL,
  PRIMARY KEY (codigo_competicion)
)
ENGINE = INNODB,
AUTO_INCREMENT = 9757885,
AVG_ROW_LENGTH = 546,
CHARACTER SET latin1,
COLLATE latin1_swedish_ci;

--
-- Create table `equipos`
--
CREATE TABLE IF NOT EXISTS equipos (
  codigo_equipo int(5) NOT NULL AUTO_INCREMENT,
  nombre_equipo varchar(25) NOT NULL,
  es_seleccion tinyint(1) DEFAULT 0,
  entrenador varchar(25) DEFAULT NULL,
  estadio varchar(35) DEFAULT NULL,
  PRIMARY KEY (codigo_equipo)
)
ENGINE = INNODB,
AUTO_INCREMENT = 9477036,
AVG_ROW_LENGTH = 546,
CHARACTER SET latin1,
COLLATE latin1_swedish_ci;

--
-- Create table `partidos`
--
CREATE TABLE IF NOT EXISTS partidos (
  codigo_partido int(5) NOT NULL AUTO_INCREMENT,
  fecha date DEFAULT NULL,
  hora time DEFAULT NULL,
  resultado varchar(6) DEFAULT NULL,
  estadio varchar(35) DEFAULT NULL,
  codigo_competicion int(3) DEFAULT NULL,
  codigo_equipo_fuera int(5) DEFAULT NULL,
  codigo_equipo_casa int(5) DEFAULT NULL,
  PRIMARY KEY (codigo_partido)
)
ENGINE = INNODB,
AUTO_INCREMENT = 8061263,
AVG_ROW_LENGTH = 546,
CHARACTER SET latin1,
COLLATE latin1_swedish_ci;

--
-- Create foreign key
--
ALTER TABLE partidos
ADD CONSTRAINT fk_partidos_competiciones FOREIGN KEY (codigo_competicion)
REFERENCES competiciones (codigo_competicion);

--
-- Create foreign key
--
ALTER TABLE partidos
ADD CONSTRAINT fk_partidos_equipos_casa FOREIGN KEY (codigo_equipo_casa)
REFERENCES equipos (codigo_equipo);

--
-- Create foreign key
--
ALTER TABLE partidos
ADD CONSTRAINT fk_partidos_equipos_fuera FOREIGN KEY (codigo_equipo_fuera)
REFERENCES equipos (codigo_equipo);

--
-- Create table `goles`
--
CREATE TABLE IF NOT EXISTS goles (
  codigo_gol int(5) NOT NULL AUTO_INCREMENT,
  id_asistencia int(5) DEFAULT NULL,
  tipo varchar(20) NOT NULL,
  PRIMARY KEY (codigo_gol)
)
ENGINE = INNODB,
AUTO_INCREMENT = 9873288,
AVG_ROW_LENGTH = 546,
CHARACTER SET latin1,
COLLATE latin1_swedish_ci;

--
-- Create index `uk_goles_asistencias1` on table `goles`
--
ALTER TABLE goles
ADD UNIQUE INDEX uk_goles_asistencias1 (id_asistencia);

--
-- Create table `jugadores`
--
CREATE TABLE IF NOT EXISTS jugadores (
  codigo_jugador int(5) NOT NULL AUTO_INCREMENT,
  nombre varchar(30) NOT NULL,
  apellidos varchar(50) NOT NULL,
  dorsal int(3) DEFAULT NULL,
  fecha_nac date DEFAULT NULL,
  representante varchar(30) DEFAULT NULL,
  PRIMARY KEY (codigo_jugador)
)
ENGINE = INNODB,
AUTO_INCREMENT = 9469753,
AVG_ROW_LENGTH = 546,
CHARACTER SET latin1,
COLLATE latin1_swedish_ci;

--
-- Create table `patrocinadores`
--
CREATE TABLE IF NOT EXISTS patrocinadores (
  codigo_patrocinador int(5) NOT NULL,
  codigo_jugador int(5) DEFAULT NULL,
  nombre_patrocinador varchar(30) DEFAULT NULL,
  PRIMARY KEY (codigo_patrocinador)
)
ENGINE = INNODB,
AVG_ROW_LENGTH = 546,
CHARACTER SET latin1,
COLLATE latin1_swedish_ci;

--
-- Create index `uk_patrocinador_jugadores` on table `patrocinadores`
--
ALTER TABLE patrocinadores
ADD UNIQUE INDEX uk_patrocinador_jugadores (codigo_jugador, nombre_patrocinador);

--
-- Create foreign key
--
ALTER TABLE patrocinadores
ADD CONSTRAINT fk_patrocinadores_jugadores FOREIGN KEY (codigo_jugador)
REFERENCES jugadores (codigo_jugador);

--
-- Create table `jugadores_en_equipos`
--
CREATE TABLE IF NOT EXISTS jugadores_en_equipos (
  id int(11) NOT NULL AUTO_INCREMENT,
  codigo_jugador int(5) DEFAULT NULL,
  codigo_equipo int(5) DEFAULT NULL,
  fecha_inicio date DEFAULT NULL,
  fecha_fin date DEFAULT NULL,
  PRIMARY KEY (id)
)
ENGINE = INNODB,
AUTO_INCREMENT = 9167052,
AVG_ROW_LENGTH = 546,
CHARACTER SET latin1,
COLLATE latin1_swedish_ci;

--
-- Create index `uk_equipos_jugadores` on table `jugadores_en_equipos`
--
ALTER TABLE jugadores_en_equipos
ADD UNIQUE INDEX uk_equipos_jugadores (codigo_jugador, codigo_equipo);

--
-- Create foreign key
--
ALTER TABLE jugadores_en_equipos
ADD CONSTRAINT fk_jugadores_equipos_equipos FOREIGN KEY (codigo_equipo)
REFERENCES equipos (codigo_equipo);

--
-- Create foreign key
--
ALTER TABLE jugadores_en_equipos
ADD CONSTRAINT fk_jugadores_equipos_jugadores FOREIGN KEY (codigo_jugador)
REFERENCES jugadores (codigo_jugador);

--
-- Create table `goles_marcadaos`
--
CREATE TABLE IF NOT EXISTS goles_marcadaos (
  id int(5) NOT NULL AUTO_INCREMENT,
  codigo_partido int(5) DEFAULT NULL,
  codigo_gol int(5) DEFAULT NULL,
  codigo_jugador int(5) DEFAULT NULL,
  minuto int(3) DEFAULT NULL,
  PRIMARY KEY (id)
)
ENGINE = INNODB,
AUTO_INCREMENT = 9174337,
AVG_ROW_LENGTH = 546,
CHARACTER SET latin1,
COLLATE latin1_swedish_ci;

--
-- Create index `uk_goles_marcados_goles_jugadores` on table `goles_marcadaos`
--
ALTER TABLE goles_marcadaos
ADD UNIQUE INDEX uk_goles_marcados_goles_jugadores (codigo_jugador, codigo_gol);

--
-- Create index `uk_goles_marcados_partidos_goles` on table `goles_marcadaos`
--
ALTER TABLE goles_marcadaos
ADD UNIQUE INDEX uk_goles_marcados_partidos_goles (codigo_partido, codigo_gol);

--
-- Create index `uk_goles_marcados_partidos_goles_jugadores` on table `goles_marcadaos`
--
ALTER TABLE goles_marcadaos
ADD UNIQUE INDEX uk_goles_marcados_partidos_goles_jugadores (codigo_jugador, codigo_partido, codigo_gol);

--
-- Create foreign key
--
ALTER TABLE goles_marcadaos
ADD CONSTRAINT fk_goles_marcados_goles FOREIGN KEY (codigo_gol)
REFERENCES goles (codigo_gol);

--
-- Create foreign key
--
ALTER TABLE goles_marcadaos
ADD CONSTRAINT fk_goles_marcados_jugadores FOREIGN KEY (codigo_jugador)
REFERENCES jugadores (codigo_jugador);

--
-- Create foreign key
--
ALTER TABLE goles_marcadaos
ADD CONSTRAINT fk_goles_marcados_partidos FOREIGN KEY (codigo_partido)
REFERENCES partidos (codigo_partido);

--
-- Create table `asistencias`
--
CREATE TABLE IF NOT EXISTS asistencias (
  id_asistencia int(5) NOT NULL AUTO_INCREMENT,
  codigo_asistencia int(5) DEFAULT NULL,
  codigo_gol int(5) DEFAULT NULL,
  tipo varchar(20) NOT NULL,
  PRIMARY KEY (id_asistencia)
)
ENGINE = INNODB,
AUTO_INCREMENT = 9053979,
AVG_ROW_LENGTH = 546,
CHARACTER SET latin1,
COLLATE latin1_swedish_ci;

--
-- Create index `uk_asistencias_goles1` on table `asistencias`
--
ALTER TABLE asistencias
ADD UNIQUE INDEX uk_asistencias_goles1 (codigo_asistencia, codigo_gol);

--
-- Create foreign key
--
ALTER TABLE asistencias
ADD CONSTRAINT fk_asistencias_goles FOREIGN KEY (codigo_gol)
REFERENCES goles (codigo_gol);

--
-- Create foreign key
--
ALTER TABLE goles
ADD CONSTRAINT fk_goles_asistencias FOREIGN KEY (id_asistencia)
REFERENCES asistencias (id_asistencia);

--
-- Create table `asistencias_realizadas`
--
CREATE TABLE IF NOT EXISTS asistencias_realizadas (
  id int(5) NOT NULL,
  codigo_partido int(5) DEFAULT NULL,
  id_asistencia int(5) DEFAULT NULL,
  codigo_jugador int(5) DEFAULT NULL,
  minuto int(3) DEFAULT NULL,
  PRIMARY KEY (id)
)
ENGINE = INNODB,
AVG_ROW_LENGTH = 546,
CHARACTER SET latin1,
COLLATE latin1_swedish_ci;

--
-- Create index `uk_goles_marcados_asistencias_jugadores` on table `asistencias_realizadas`
--
ALTER TABLE asistencias_realizadas
ADD UNIQUE INDEX uk_goles_marcados_asistencias_jugadores (codigo_jugador, id_asistencia);

--
-- Create index `uk_goles_marcados_partidos_asistencias` on table `asistencias_realizadas`
--
ALTER TABLE asistencias_realizadas
ADD UNIQUE INDEX uk_goles_marcados_partidos_asistencias (codigo_partido, id_asistencia);

--
-- Create index `uk_goles_marcados_partidos_asistencias_jugadores` on table `asistencias_realizadas`
--
ALTER TABLE asistencias_realizadas
ADD UNIQUE INDEX uk_goles_marcados_partidos_asistencias_jugadores (codigo_jugador, codigo_partido, id_asistencia);

--
-- Create foreign key
--
ALTER TABLE asistencias_realizadas
ADD CONSTRAINT fk_asistencias_realizadas_asistencias FOREIGN KEY (id_asistencia)
REFERENCES asistencias (id_asistencia);

--
-- Create foreign key
--
ALTER TABLE asistencias_realizadas
ADD CONSTRAINT fk_asistencias_realizadas_jugadores FOREIGN KEY (codigo_jugador)
REFERENCES jugadores (codigo_jugador);

--
-- Create foreign key
--
ALTER TABLE asistencias_realizadas
ADD CONSTRAINT fk_asistencias_realizadas_partidos FOREIGN KEY (codigo_partido)
REFERENCES partidos (codigo_partido);

-- 
-- Dumping data for table competiciones
--
INSERT INTO competiciones VALUES
(545139, '15W45', 'O3', '683', ' supercopa', 28, '1980-05-18', '1981-10-12'),
(545140, '0', 'BUQ', 'W61M31M43A80W', ' liga ', 4, '1989-06-25', '1989-12-11'),
(1545139, 'T3NO40JEX', '4W', 'L1XC', ' liga ', 147, '1983-02-16', '1983-04-11'),
(1545140, 'R7', 'PU778', '498J6UH', 'copa ', 24, '1982-01-08', '1983-08-20'),
(2763071, '75I', '9DFL', '0846YQ', ' supercopa', 61, '1970-03-05', '1972-01-17'),
(2763072, 'E9', '2', 'SJG', ' liga ', 157, '1991-06-05', '1993-04-23'),
(2763073, 'CC5M970G', 'Y14', 'WQ1', ' liga ', 147, '1995-03-03', '1997-03-17'),
(2763074, '4X', '4', 'C568N45PIG', ' liga ', 0, '1989-11-04', '1990-07-04'),
(3763071, '00A848', 'WC', 'JK1', 'copa ', 3, '1971-03-09', '1971-08-12'),
(3763072, 'D8', '6HPR4', 'K9', ' supercopa', 5, '1970-01-05', '1970-04-09'),
(3763073, '7E8W7RH', 'D', 'C20206', ' liga ', 11, '1972-07-30', '1973-08-12'),
(3763074, '3PJQO10XA', 'EXEY3Y5H6L87O5M', '9D2VY', 'copa ', 23, '1970-03-24', '1970-11-18'),
(3763075, 'ZD65Y4N545KJ2I', '4J', 'SNUKX', ' liga ', 130, '2006-11-24', '2008-01-13'),
(4242856, '4', '9', 'KXI020499C3', ' liga ', 7, '2015-03-31', '2015-05-04'),
(4242857, '527T', '85', 'V', 'copa ', 69, '1979-10-27', '1981-03-01'),
(4242858, '44GU1J34', '9', '7X', ' supercopa', 171, '1979-08-08', '1981-06-10'),
(4242859, 'UE7230Q', '10U9', '0RPB', ' liga ', 93, '2000-08-11', '2002-01-20'),
(5242856, 'KWUQ7', 'C', 'E7U', 'copa ', 55, '1980-05-17', '1981-03-06'),
(5242857, 'Q8S', '0', 'A', ' supercopa', 113, '2003-03-24', '2004-08-12'),
(5242858, 'Y', '4A', '7253X3', 'copa ', 128, '1980-10-27', '1982-05-04'),
(5242859, 'HN4', '5B5B', 'B', 'copa ', 50, '1999-12-26', '2000-07-23'),
(5242860, '1A', '6', '6X', 'copa ', 73, '1970-04-08', '1970-08-11'),
(6099922, 'I', 'J6', '3Q', ' liga ', 83, '1973-03-15', '1975-04-06'),
(6099923, 'DL2Q507C026274', '5', '15WK8T67', ' liga ', 84, '1970-06-29', '1971-06-23'),
(6099924, 'K', 'M5', 'C', ' liga ', 42, '1973-10-11', '1974-04-28'),
(7099923, 'X', 'Y46', '2K742', 'copa ', 106, '1970-01-01', '1971-11-18'),
(7099924, 'N3USVDC', 'NIL', '39F', ' supercopa', 82, '1970-11-09', '1971-05-12'),
(8757886, '306P', '7A', 'RU', ' liga ', 99, '1975-11-15', '1976-07-14'),
(9757883, '3L', 'A7S7', 'DT3589R8', ' supercopa', 170, '1975-02-21', '1976-10-15'),
(9757884, 'C', '186E', '50', ' supercopa', 146, '1970-03-29', '1971-04-13');

-- 
-- Dumping data for table equipos
--
INSERT INTO equipos VALUES
(82181, '78', 1, 'QYL88117Q37', 'Q71R127Y96A0CED6HJ1Y5'),
(82182, '65', 0, 'YL6', '2'),
(82183, '15NK8B5V0', 1, '4', 'TNLK68WQ5'),
(82184, 'J842', 1, '0Y93', 'L3W92590LF2G6'),
(82185, 'H63MN2CHL', 0, '8GT52NU1', 'PR0'),
(1082182, '7', 0, '0178C', '170'),
(1082183, 'VH4S721', 1, '0K1', 'ZJ72'),
(1082184, '8', 0, 'I7K777294', '2345'),
(1082185, 'HCZ9W09I', 1, 'V6', 'E'),
(2620334, '183R', 0, '0S0Y', 'O2MO7P280128A1U'),
(2620335, 'W', 1, '048', '8'),
(2620336, '41K', 0, 'N2C', '2B3'),
(3620335, 'JC7168', 0, '7', '54E9'),
(3620336, '3VM9EZI', 1, '7SO5H7U1', 'D'),
(3620337, '3', 0, '3D', 'VKHR0O0'),
(4812006, '5', 1, '8', '3S4PV2MVB167A0212L8S2ZN'),
(4812007, '2Y', 0, '41Y2PC', '779D6FRASSGZH'),
(5812006, 'QI94T', 1, 'P', 'H52'),
(5812007, 'TN3NYNB1', 0, 'G22', '5S26J20'),
(6561560, 'T4SCUB3L', 0, '1', 'KTHUY5MU64S1L'),
(6561561, '2IUA', 1, 'K', 'UEL'),
(7561560, '7', 1, 'L', 'K18T'),
(7561561, 'D', 1, 'CSE657', '811N9VJT'),
(7561562, 'B1', 0, '0', 'B08'),
(8477035, '2C8B8', 1, '26', 'ZP94J8'),
(8477036, 'AOEX9B', 1, '3L8Q', 'F45O6NYY298OA'),
(8477037, '6', 1, 'Q', '19TRJ8HNA9AEA0'),
(9477033, 'X14', 1, '277', 'ZA9K25FD2356R3PTI3P'),
(9477034, 'NH', 1, 'H71227', '75R1S9KU960HM320'),
(9477035, '0', 1, '3', '725D');

-- 
-- Dumping data for table goles
--
INSERT INTO goles VALUES
(240585, 8053979, ' pecho '),
(240586, 6312988, ' otro'),
(240587, 4212429, ' pecho '),
(240588, 7312990, ' otro'),
(1240586, 180571, ' pecho '),
(1240587, 180569, ' pecho '),
(1240588, 4212428, ' pie izquierdo '),
(2533928, 180572, ' pecho '),
(2533929, 6312989, ' pie izquierdo '),
(2533930, 6312990, 'rodilla derecha '),
(3533928, 1180573, ' pie derecho '),
(3533929, 7312992, 'rodilla derecha '),
(3533930, 1180572, 'rodilla derecha '),
(3533931, 1180570, 'cabeza '),
(4472938, 8053980, ' pie derecho '),
(4472939, 9053977, 'cabeza '),
(4472940, 5212429, ' rodilla izquierda '),
(4472941, 8053981, ' pie izquierdo '),
(5472938, 3621288, ' rodilla izquierda '),
(5472939, 6312991, ' pie derecho '),
(5472940, 7312989, ' otro'),
(5472941, 2621287, ' rodilla izquierda '),
(5472942, 9053978, 'rodilla derecha '),
(6042965, 3621287, ' pie izquierdo '),
(6042966, 180570, ' pie izquierdo '),
(7042966, 2621288, ' pecho '),
(7042967, 7312991, 'rodilla derecha '),
(8873289, 1180571, 'rodilla derecha '),
(8873290, 1180569, 'rodilla derecha '),
(9873287, 5212430, ' pie derecho ');

-- 
-- Dumping data for table partidos
--
INSERT INTO partidos VALUES
(703543, '2003-06-04', '13:14:58', '3-3', 'C84DVQHIS57Z5KM39', 1545140, 1082185, 3620336),
(703544, '1998-04-23', '22:01:33', '1-7', '44HM1CV', 3763073, 7561561, 82181),
(1703543, '2002-11-10', '16:10:00', '6-8', '7RF2J2694E853', 4242858, 7561561, 9477033),
(1703544, '1986-12-29', '12:22:00', '2-4', 'A22O', 5242856, 6561561, 3620336),
(2774738, '2003-05-02', '23:17:25', '3-8', 'Q', 3763074, 6561560, 8477037),
(2774739, '2019-02-13', '22:03:32', '8-5', '96F178', 545139, 9477034, 82182),
(2774740, '1974-01-03', '07:23:04', '0-2', 'XO49H9TB4RU0', 2763074, 1082183, 82183),
(2774741, '1981-07-19', '01:10:18', '0-6', '66KG5J7U1UX1SMQDM', 3763072, 3620337, 2620334),
(2774742, '2016-03-24', '14:57:03', '4-0', '89RR0KOD623U', 3763075, 82185, 8477036),
(3774739, '2009-09-05', '23:35:52', '1-5', '0V6MSUG', 4242857, 7561560, 82181),
(3774740, '1970-07-17', '00:03:18', '2-8', '65G', 9757883, 1082183, 82183),
(3774741, '1984-05-30', '10:59:23', '1-3', 'X159', 2763074, 2620336, 2620336),
(3774742, '1989-12-23', '02:01:37', '6-1', '05H', 7099923, 1082182, 9477033),
(3774743, '1970-05-21', '00:02:21', '9-8', 'TI8', 6099924, 8477037, 4812007),
(4445517, '1970-01-10', '00:00:10', '9-7', 'H', 2763074, 9477033, 8477035),
(5445517, '1971-01-04', '15:11:44', '0-0', '2002938ZJOVO534UNZIC9IOHZDKG', 7099923, 3620336, 7561560),
(6679402, '1971-09-06', '14:01:02', '2-9', '9SMM68WF78', 3763071, 82182, 8477035),
(6679403, '1971-01-03', '22:34:21', '5-2', 'O', 7099924, 82182, 6561561),
(6679404, '2012-01-15', '20:09:34', '5-4', 'K991AGUV59978SXW08F3X3', 3763075, 5812006, 3620335),
(6679405, '2005-04-25', '17:11:36', '1-0', '50B8B1DM6CT5', 2763074, 9477033, 3620336),
(6679406, '1990-10-11', '12:30:55', '1-8', 'D1H474409I0X', 3763074, 6561561, 9477033),
(6679407, '1990-08-12', '08:17:17', '7-2', 'Y9UP1', 6099922, 82184, 82181),
(6679408, '1984-06-06', '01:23:50', '1-3', '3', 6099923, 1082182, 8477037),
(7679403, '2003-05-25', '18:32:31', '7-3', '7', 7099924, 8477036, 82181),
(7679404, '1970-01-02', '21:57:11', '4-0', '09UYIMRHZ3', 6099922, 9477035, 8477037),
(7679405, '1979-01-25', '16:57:17', '5-7', '1ST51F351UX41', 4242859, 4812007, 82183),
(7679406, '1981-06-29', '15:14:46', '9-2', 'D', 3763071, 8477035, 7561562),
(7679407, '2000-07-02', '17:14:47', '4-3', 'S7W13363', 545139, 8477037, 82185),
(7679408, '1997-08-08', '15:04:56', '7-2', 'M60B5VI02', 5242859, 82182, 9477033),
(8061262, '2008-08-13', '15:13:31', '9-3', 'TX', 5242859, 8477037, 82185);

-- 
-- Dumping data for table jugadores
--
INSERT INTO jugadores VALUES
(681584, '3B3F1RQJI', '27120', 81, '1989-04-29', '863S3L5G7'),
(681585, '629L', '35715', 3, '1978-12-28', '10'),
(681586, 'B6C5F0BH77H4A9G', '24242', 97, '2010-07-23', 'HA099J'),
(1681584, '1ZP9U', '01251', 24, '1971-02-24', '3'),
(1681585, 'FK8X09', '96561', 6, '1981-04-15', '1J8018K'),
(1681586, '3W63C', '75530', 82, '1986-12-26', '97'),
(1681587, '1W70S', '29949', 78, '2013-03-20', '79Y3E5V'),
(2851382, '2', '58469', 3, '1991-12-09', '7UF'),
(2851383, '8ZY369VZ6H7', '29888', 43, '1975-01-17', 'WN901I03W'),
(2851384, '16N679N42QI', '83062', 8, '1979-12-31', '9'),
(2851385, 'D', '34002', 80, '2010-05-31', 'GP80Q1S212L'),
(2851386, 'S7FK', '16433', 21, '1975-03-22', '3'),
(3851383, '6G', '90983', 97, '1972-07-12', '85C'),
(3851384, '3', '37056', 23, '2015-11-24', 'KL'),
(3851385, '0M', '39805', 85, '1970-05-12', '6PP5JI'),
(3851386, 'Z', '80652', 37, '1978-02-12', '6'),
(3851387, 'UIP7', '60783', 38, '1992-06-03', 'W'),
(4456541, '84418Y8837Q5', '83308', 95, '1973-10-20', '8UOX1'),
(4456542, 'HJGZ539A01JDEW8N7T954', '02053', 18, '2003-04-03', '1F8N0V5T2M'),
(5456542, '3MI6', '11456', 23, '1970-01-09', '55105VBNKB9'),
(5456543, '9J', '42735', 28, '1987-04-11', 'A9P5G'),
(6677719, '9C5BWZ0T3', '52912', 22, '1971-09-05', '465'),
(6677720, '322N90HL', '90570', 12, '1970-01-03', '6Q'),
(7677720, '98LYA9F7E', '72252', 23, '1970-01-01', '3FG6EG391H'),
(8469752, '3O5A82', '23679', 16, '1970-03-09', '47L63'),
(8469753, '1UHWAW', '71040', 79, '2004-07-02', 'T705H0T18O998'),
(8469754, '7YLLUL7S1', '66975', 9, '2012-02-26', '6V1344PI3EX6LAER9'),
(9469750, '9B073L', '15656', 98, '1993-03-14', 'LFI1'),
(9469751, '9', '67228', 50, '1979-10-18', 'Y'),
(9469752, 'Q2H63F493ZGU1P05YV', '23392', 51, '1970-03-06', 'TEWLVOR1K');

-- 
-- Dumping data for table asistencias
--
INSERT INTO asistencias VALUES
(180569, 780490401, 4472939, ' rodilla izquierda '),
(180570, 1720634702, 2533929, ' otro'),
(180571, 1935383065, 1240588, ' pie izquierdo '),
(180572, 1720634703, 4472941, ' pecho '),
(1180569, 282028467, 240588, ' pie derecho '),
(1180570, 780490402, 1240587, ' pecho '),
(1180571, 67280100, 3533931, ' pecho '),
(1180572, 565742037, 5472938, 'cabeza '),
(1180573, 1628760196, 7042966, ' pecho '),
(2621287, 1192177800, 7042967, ' pie izquierdo '),
(2621288, 1414011831, 8873290, ' pecho '),
(3621287, 1192177799, 9873287, ' pecho '),
(3621288, 282028466, 4472938, ' pie derecho '),
(4212428, 1628760197, 6042965, ' pie izquierdo '),
(4212429, 1935383064, 1240586, ' pie izquierdo '),
(5212429, 1414011830, 5472941, ' rodilla izquierda '),
(5212430, 1628760198, 3533929, ' pie derecho '),
(6312988, 977429435, 8873289, ' pecho '),
(6312989, 977429432, 5472940, ' pie izquierdo '),
(6312990, 565742035, 240585, ' pecho '),
(6312991, 67280102, 2533928, ' pie derecho '),
(7312989, 1192177798, 5472939, ' otro'),
(7312990, 780490403, 240586, 'rodilla derecha '),
(7312991, 977429434, 6042966, ' rodilla izquierda '),
(7312992, 1414011832, 4472940, ' otro'),
(8053979, 977429433, 240587, 'rodilla derecha '),
(8053980, 2147483647, 2533930, ' pie izquierdo '),
(8053981, 67280101, 3533930, 'rodilla derecha '),
(9053977, 565742036, 5472942, ' otro'),
(9053978, 1720634704, 3533928, 'rodilla derecha ');

-- 
-- Dumping data for table patrocinadores
--
INSERT INTO patrocinadores VALUES
(895056188, 681584, 'S702ASCE'),
(196756399, 681585, '002'),
(1109804554, 681586, 'LGX2'),
(196756398, 1681584, '1JAE'),
(2147483647, 1681585, '3'),
(411504763, 1681586, 'WJ0QYB'),
(1570403175, 1681587, '3PGVNH'),
(1355654809, 2851382, 'I0QP3'),
(1109804551, 2851383, '8K5L9'),
(1570403177, 2851384, 'SU2T'),
(2111188004, 2851385, '6YSD4'),
(1355654810, 2851386, '1'),
(2111188003, 3851383, '0249HX66'),
(1570403174, 3851384, '3Z9H'),
(718983012, 3851385, '51URHPSE'),
(895056185, 3851386, 'C4'),
(2111188002, 3851387, 'VK2'),
(411504765, 4456541, 'U1K51AC'),
(1570403176, 4456542, '869GJSS6MFM1P34NQ'),
(411504764, 5456542, '74'),
(1109804550, 5456543, 'CWFL6'),
(895056187, 6677719, '0DF'),
(1896439642, 6677720, '5HG'),
(504234647, 7677720, 'Q12G'),
(895056186, 8469752, '0K'),
(1109804552, 8469753, 'F25Q1QJX'),
(1355654811, 8469754, 'U'),
(1109804553, 9469750, '51X667OW'),
(1896439640, 9469751, '34T'),
(1896439641, 9469752, 'Q0T');

-- 
-- Dumping data for table jugadores_en_equipos
--
INSERT INTO jugadores_en_equipos VALUES
(377030, 3851384, 2620335, '1984-03-20', '2008-08-18'),
(377031, 5456542, 2620336, '1971-07-27', '1979-02-06'),
(377032, 2851384, 82183, '1975-03-06', '1994-02-03'),
(1377031, 1681585, 8477035, '2003-09-01', '2029-04-12'),
(1377032, 681584, 82181, '2008-05-31', '2022-09-25'),
(1377033, 681586, 3620336, '1994-08-20', '1995-06-21'),
(2622239, 8469752, 1082182, '1973-02-16', '1987-10-19'),
(2622240, 9469752, 1082185, '1986-06-23', '1994-06-23'),
(2622241, 2851385, 5812007, '1987-12-09', '1994-12-15'),
(3622240, 1681587, 4812007, '1971-06-30', '1978-07-28'),
(3622241, 6677719, 5812006, '2003-11-26', '2018-06-25'),
(4710925, 9469751, 4812006, '1973-07-29', '1977-12-21'),
(4710926, 4456542, 3620337, '2006-07-04', '2017-05-14'),
(5710926, 8469753, 3620335, '1997-08-03', '2010-08-26'),
(5710927, 8469754, 8477037, '2014-04-17', '2015-09-24'),
(6162491, 3851386, 82184, '1971-11-23', '1998-12-22'),
(6162492, 1681586, 8477036, '1970-01-09', '1977-11-10'),
(6162493, 2851382, 6561560, '1980-09-03', '2006-03-20'),
(6162494, 2851386, 9477034, '1978-10-26', '1980-01-29'),
(6162495, 4456541, 6561561, '1999-03-25', '2009-08-25'),
(7162491, 5456543, 7561562, '1974-07-02', '1998-10-06'),
(7162492, 3851385, 1082184, '1983-03-30', '1991-06-23'),
(7162493, 1681584, 7561560, '1972-01-30', '1980-11-12'),
(7162494, 3851387, 9477035, '1979-08-29', '1982-02-25'),
(7162495, 6677720, 82185, '1997-06-22', '2014-12-16'),
(7162496, 7677720, 7561561, '1988-10-29', '1992-02-06'),
(8167053, 3851383, 2620334, '1986-11-06', '2008-09-18'),
(8167054, 681585, 82182, '1981-02-02', '1988-09-21'),
(9167050, 2851383, 1082183, '1990-04-23', '1997-11-06'),
(9167051, 9469750, 9477033, '1978-10-31', '1983-06-20');

-- 
-- Dumping data for table goles_marcadaos
--
INSERT INTO goles_marcadaos VALUES
(801930, 2774742, 3533931, 5456543, 30),
(801931, 6679405, 5472941, 9469751, 42),
(801932, 7679405, 5472940, 6677719, 11),
(801933, 8061262, 2533930, 4456542, 1),
(1801931, 7679406, 240586, 3851385, 102),
(1801932, 2774739, 8873289, 8469752, 8),
(1801933, 6679404, 5472939, 3851383, 100),
(2775691, 3774742, 240587, 1681587, 1),
(2775692, 1703544, 2533929, 4456541, 106),
(2775693, 703543, 1240586, 2851384, 64),
(3775691, 3774740, 4472938, 2851382, 103),
(3775692, 6679408, 5472942, 6677720, 127),
(3775693, 6679407, 1240587, 8469754, 8),
(4944014, 3774743, 240588, 3851387, 101),
(4944015, 6679403, 9873287, 681585, 5),
(5944014, 5445517, 240585, 2851383, 6),
(5944015, 3774739, 6042965, 681584, 106),
(5944016, 3774741, 8873290, 7677720, 1),
(6430831, 2774740, 4472939, 8469753, 76),
(6430832, 4445517, 3533930, 681586, 3),
(7430831, 6679402, 5472938, 1681585, 50),
(7430832, 2774738, 3533928, 1681584, 27),
(8174336, 1703543, 4472940, 3851384, 113),
(8174337, 7679407, 4472941, 5456542, 104),
(8174338, 7679403, 2533928, 9469750, 17),
(8174339, 6679406, 7042966, 2851385, 116),
(9174333, 2774741, 6042966, 3851386, 60),
(9174334, 7679404, 3533929, 1681586, 7),
(9174335, 7679408, 1240588, 9469752, 17),
(9174336, 703544, 7042967, 2851386, 130);

-- 
-- Dumping data for table asistencias_realizadas
--
INSERT INTO asistencias_realizadas VALUES
(138097365, 2774741, 180571, 3851386, 48),
(138097366, 5445517, 1180570, 2851383, 101),
(138097367, 2774740, 8053980, 8469753, 91),
(138097368, 3774743, 1180573, 3851387, 97),
(138097369, 7679403, 6312989, 9469750, 90),
(138097370, 3774741, 2621287, 7677720, 11),
(352845731, 7679406, 8053981, 3851385, 8),
(352845732, 6679405, 7312990, 9469751, 8),
(352845733, 2774738, 6312988, 1681584, 55),
(352845734, 3774742, 1180572, 1681587, 8),
(352845735, 703543, 3621287, 2851384, 109),
(642144964, 2774742, 7312992, 5456543, 54),
(642144965, 3774739, 4212428, 681584, 36),
(856893330, 1703543, 9053978, 3851384, 33),
(856893331, 6679408, 6312991, 6677720, 39),
(935535796, 2774739, 1180569, 8469752, 7),
(935535797, 6679403, 8053979, 681585, 8),
(1150284161, 7679404, 5212429, 1681586, 24),
(1150284162, 8061262, 5212430, 4456542, 124),
(1150284163, 6679406, 1180571, 2851385, 39),
(1335398849, 3774740, 9053977, 2851382, 63),
(1335398850, 7679408, 180572, 9469752, 130),
(1335398851, 1703544, 4212429, 4456541, 77),
(1550147215, 7679407, 3621288, 5456542, 61),
(1550147216, 6679404, 180569, 3851383, 97),
(1788927201, 6679402, 7312989, 1681585, 90),
(1788927202, 703544, 6312990, 2851386, 85),
(1788927203, 4445517, 7312991, 681586, 23),
(2003675563, 7679405, 180570, 6677719, 0),
(2003675564, 6679407, 2621288, 8469754, 112);

-- 
-- Restore previous SQL mode
-- 
/*!40101 SET SQL_MODE=@OLD_SQL_MODE */;

-- 
-- Enable foreign keys
-- 
/*!40014 SET FOREIGN_KEY_CHECKS = @OLD_FOREIGN_KEY_CHECKS */;