CREATE TABLE USER_MODULES (
  PF_USER number(*),
  PF_MODULE number(*),
  PRIMARY KEY (PF_USER, PF_MODULE),
  FOREIGN KEY (PF_USER) references USERS (P_ID),
  FOREIGN KEY (PF_MODULE) references MODULE (P_ID)
);

INSERT INTO USER_MODULES (PF_USER, PF_MODULE) VALUES (72908, 59102);
INSERT INTO USER_MODULES (PF_USER, PF_MODULE) VALUES (72908, 59103);
INSERT INTO USER_MODULES (PF_USER, PF_MODULE) VALUES (72908, 59152);
INSERT INTO USER_MODULES (PF_USER, PF_MODULE) VALUES (72908, 58991);
INSERT INTO USER_MODULES (PF_USER, PF_MODULE) VALUES (72908, 59010);
INSERT INTO USER_MODULES (PF_USER, PF_MODULE) VALUES (72908, 59066);
INSERT INTO USER_MODULES (PF_USER, PF_MODULE) VALUES (72908, 59115);
INSERT INTO USER_MODULES (PF_USER, PF_MODULE) VALUES (72908, 59116);

INSERT INTO USER_MODULES (PF_USER, PF_MODULE) VALUES (73170, 59102);
INSERT INTO USER_MODULES (PF_USER, PF_MODULE) VALUES (73170, 59103);
INSERT INTO USER_MODULES (PF_USER, PF_MODULE) VALUES (73170, 59152);
INSERT INTO USER_MODULES (PF_USER, PF_MODULE) VALUES (73170, 58991);
INSERT INTO USER_MODULES (PF_USER, PF_MODULE) VALUES (73170, 59010);
INSERT INTO USER_MODULES (PF_USER, PF_MODULE) VALUES (73170, 59066);
INSERT INTO USER_MODULES (PF_USER, PF_MODULE) VALUES (73170, 59115);
INSERT INTO USER_MODULES (PF_USER, PF_MODULE) VALUES (73170, 59116);

INSERT INTO USER_MODULES (PF_USER, PF_MODULE) VALUES (72923, 59102);
INSERT INTO USER_MODULES (PF_USER, PF_MODULE) VALUES (72923, 59103);
INSERT INTO USER_MODULES (PF_USER, PF_MODULE) VALUES (72923, 59152);
INSERT INTO USER_MODULES (PF_USER, PF_MODULE) VALUES (72923, 58991);
INSERT INTO USER_MODULES (PF_USER, PF_MODULE) VALUES (72923, 59010);
INSERT INTO USER_MODULES (PF_USER, PF_MODULE) VALUES (72923, 59066);
INSERT INTO USER_MODULES (PF_USER, PF_MODULE) VALUES (72923, 59115);
INSERT INTO USER_MODULES (PF_USER, PF_MODULE) VALUES (72923, 59116);

INSERT INTO USER_MODULES (PF_USER, PF_MODULE) VALUES (62923, 59102);
INSERT INTO USER_MODULES (PF_USER, PF_MODULE) VALUES (62923, 59103);
INSERT INTO USER_MODULES (PF_USER, PF_MODULE) VALUES (62923, 59152);
INSERT INTO USER_MODULES (PF_USER, PF_MODULE) VALUES (62923, 58991);
INSERT INTO USER_MODULES (PF_USER, PF_MODULE) VALUES (62923, 59010);
INSERT INTO USER_MODULES (PF_USER, PF_MODULE) VALUES (62923, 59066);
INSERT INTO USER_MODULES (PF_USER, PF_MODULE) VALUES (62923, 59115);
INSERT INTO USER_MODULES (PF_USER, PF_MODULE) VALUES (62923, 59116);

INSERT INTO USER_MODULES (PF_USER, PF_MODULE) VALUES (72916, 59102);
INSERT INTO USER_MODULES (PF_USER, PF_MODULE) VALUES (72916, 59103);
INSERT INTO USER_MODULES (PF_USER, PF_MODULE) VALUES (72916, 59152);
INSERT INTO USER_MODULES (PF_USER, PF_MODULE) VALUES (72916, 58991);
INSERT INTO USER_MODULES (PF_USER, PF_MODULE) VALUES (72916, 59010);
INSERT INTO USER_MODULES (PF_USER, PF_MODULE) VALUES (72916, 59066);
INSERT INTO USER_MODULES (PF_USER, PF_MODULE) VALUES (72916, 59115);
INSERT INTO USER_MODULES (PF_USER, PF_MODULE) VALUES (72916, 59116);

INSERT INTO USER_MODULES (PF_USER, PF_MODULE) VALUES (72919, 59102);
INSERT INTO USER_MODULES (PF_USER, PF_MODULE) VALUES (72919, 59103);
INSERT INTO USER_MODULES (PF_USER, PF_MODULE) VALUES (72919, 59152);
INSERT INTO USER_MODULES (PF_USER, PF_MODULE) VALUES (72919, 58991);
INSERT INTO USER_MODULES (PF_USER, PF_MODULE) VALUES (72919, 59010);
INSERT INTO USER_MODULES (PF_USER, PF_MODULE) VALUES (72919, 59066);
INSERT INTO USER_MODULES (PF_USER, PF_MODULE) VALUES (72919, 59115);
INSERT INTO USER_MODULES (PF_USER, PF_MODULE) VALUES (72919, 59116);


INSERT INTO MATIERES (PF_ID) VALUES (59102);
INSERT INTO MATIERES (PF_ID) VALUES (59103);
INSERT INTO MATIERES (PF_ID) VALUES (59152);
INSERT INTO MATIERES (PF_ID) VALUES (58991);
INSERT INTO MATIERES (PF_ID) VALUES (59010);
INSERT INTO MATIERES (PF_ID) VALUES (59066);
INSERT INTO MATIERES (PF_ID) VALUES (59115);
INSERT INTO MATIERES (PF_ID) VALUES (59116);

INSERT INTO SCO_UNITES_ENS (P_ID, LIBELLE, NB_ECTS) VALUES (31, 'Test 1', 15);
INSERT INTO SCO_UNITES_ENS (P_ID, LIBELLE, NB_ECTS) VALUES (35, 'Test 2', 30);

INSERT INTO SCO_UNITES_ENS_MODULES VALUES (31, 59102, 1.5, 0, 0, 'moyenne_epreuves', 'NORMALE');
INSERT INTO SCO_UNITES_ENS_MODULES VALUES (31, 59103, 2.0, 0, 0, 'moyenne_epreuves', 'NORMALE');
INSERT INTO SCO_UNITES_ENS_MODULES VALUES (31, 59152, 1.0, 0, 0, 'moyenne_epreuves', 'NORMALE');
INSERT INTO SCO_UNITES_ENS_MODULES VALUES (35, 58991, 1.5, 0, 0, 'moyenne_epreuves', 'NORMALE');
INSERT INTO SCO_UNITES_ENS_MODULES VALUES (35, 59010, 2.2, 0, 0, 'moyenne_epreuves', 'NORMALE');
INSERT INTO SCO_UNITES_ENS_MODULES VALUES (35, 59066, 0.5, 0, 0, 'moyenne_epreuves', 'NORMALE');
INSERT INTO SCO_UNITES_ENS_MODULES VALUES (35, 59115, 3.0, 0, 0, 'moyenne_epreuves', 'NORMALE');
INSERT INTO SCO_UNITES_ENS_MODULES VALUES (35, 59116, 1.5, 0, 0, 'moyenne_epreuves', 'NORMALE');

INSERT INTO SCO_UNIT (P_ID, LABEL, NUMBER_ECTS, BARRE_MODULE, BARRE_UE) VALUES (31, 'Test 1', 15, 0, 10);
INSERT INTO SCO_UNIT (P_ID, LABEL, NUMBER_ECTS, BARRE_MODULE, BARRE_UE) VALUES (35, 'Test 2', 30, 0, 20);

INSERT INTO SCO_UNIT_MODULE VALUES (31, 59102, 1.5, 0, 0, 'moyenne_epreuves', 'NORMALE');
INSERT INTO SCO_UNIT_MODULE VALUES (31, 59103, 2.0, 0, 0, 'moyenne_epreuves', 'NORMALE');
INSERT INTO SCO_UNIT_MODULE VALUES (31, 59152, 1.0, 0, 0, 'moyenne_epreuves', 'NORMALE');
INSERT INTO SCO_UNIT_MODULE VALUES (35, 58991, 1.5, 0, 0, 'moyenne_epreuves', 'NORMALE');
INSERT INTO SCO_UNIT_MODULE VALUES (35, 59010, 2.2, 0, 0, 'moyenne_epreuves', 'NORMALE');
INSERT INTO SCO_UNIT_MODULE VALUES (35, 59066, 0.5, 0, 0, 'moyenne_epreuves', 'NORMALE');
INSERT INTO SCO_UNIT_MODULE VALUES (35, 59115, 3.0, 0, 0, 'moyenne_epreuves', 'NORMALE');
INSERT INTO SCO_UNIT_MODULE VALUES (35, 59116, 1.5, 0, 0, 'moyenne_epreuves', 'NORMALE');

INSERT INTO SCO_EXAM (P_ID, F_UNITE_ENS, F_MODULE, COEFF, LABEL, TYPE_EXAM) VALUES (9901, 31, 59102, 2, 'Examen', 'Examen');
INSERT INTO SCO_EXAM (P_ID, F_UNITE_ENS, F_MODULE, COEFF, LABEL, TYPE_EXAM) VALUES (9902, 31, 59103, 1, 'Devoir surveillé', 'DS');
INSERT INTO SCO_EXAM (P_ID, F_UNITE_ENS, F_MODULE, COEFF, LABEL, TYPE_EXAM) VALUES (9903, 31, 59103, 3, 'Soutenance', 'Projet');
INSERT INTO SCO_EXAM (P_ID, F_UNITE_ENS, F_MODULE, COEFF, LABEL, TYPE_EXAM) VALUES (9904, 31, 59152, 2, 'Examen', 'Examen');
INSERT INTO SCO_EXAM (P_ID, F_UNITE_ENS, F_MODULE, COEFF, LABEL, TYPE_EXAM) VALUES (9905, 31, 59152, 1, 'Soutenance', 'Oral');
INSERT INTO SCO_EXAM (P_ID, F_UNITE_ENS, F_MODULE, COEFF, LABEL, TYPE_EXAM) VALUES (9906, 35, 58991, 2, 'Examen', 'Examen');
INSERT INTO SCO_EXAM (P_ID, F_UNITE_ENS, F_MODULE, COEFF, LABEL, TYPE_EXAM) VALUES (9907, 35, 59010, 2, 'Examen', 'Examen');
INSERT INTO SCO_EXAM (P_ID, F_UNITE_ENS, F_MODULE, COEFF, LABEL, TYPE_EXAM) VALUES (9909, 35, 59066, 1.25, 'Examen', 'Examen');
INSERT INTO SCO_EXAM (P_ID, F_UNITE_ENS, F_MODULE, COEFF, LABEL, TYPE_EXAM) VALUES (9910, 35, 59115, 2, 'Examen', 'Examen');
INSERT INTO SCO_EXAM (P_ID, F_UNITE_ENS, F_MODULE, COEFF, LABEL, TYPE_EXAM) VALUES (9911, 35, 59115, 0.7, 'Oral', 'Oral');
INSERT INTO SCO_EXAM (P_ID, F_UNITE_ENS, F_MODULE, COEFF, LABEL, TYPE_EXAM) VALUES (9912, 35, 59116, 1.3, 'Devoir Surveillé', 'DS');

INSERT INTO STUDENT (PF_ID, CURRENT_STATUS, CIVILITY) VALUES (72908, 'entrant', 'Monsieur');
INSERT INTO STUDENT (PF_ID, CURRENT_STATUS, CIVILITY) VALUES (73170, 'entrant', 'Monsieur');
INSERT INTO STUDENT (PF_ID, CURRENT_STATUS, CIVILITY) VALUES (72923, 'entrant', 'Monsieur');
INSERT INTO STUDENT (PF_ID, CURRENT_STATUS, CIVILITY) VALUES (72916, 'entrant', 'Monsieur');
INSERT INTO STUDENT (PF_ID, CURRENT_STATUS, CIVILITY) VALUES (72919, 'entrant', 'Madame');

INSERT INTO SCO_MARKS (PF_STUDENT, PF_EXAM, MARKS, DISPENSE) VALUES (72908, 9901, 15, 'n');
INSERT INTO SCO_MARKS (PF_STUDENT, PF_EXAM, MARKS, DISPENSE) VALUES (72908, 9902, 11, 'n');
INSERT INTO SCO_MARKS (PF_STUDENT, PF_EXAM, MARKS, DISPENSE) VALUES (72908, 9903, 8.5, 'n');
INSERT INTO SCO_MARKS (PF_STUDENT, PF_EXAM, MARKS, DISPENSE) VALUES (72908, 9904, 11.5, 'n');
INSERT INTO SCO_MARKS (PF_STUDENT, PF_EXAM, MARKS, DISPENSE) VALUES (72908, 9905, 15, 'n');
INSERT INTO SCO_MARKS (PF_STUDENT, PF_EXAM, MARKS, DISPENSE) VALUES (72908, 9906, 17, 'n');
INSERT INTO SCO_MARKS (PF_STUDENT, PF_EXAM, MARKS, DISPENSE) VALUES (72908, 9907, 6, 'n');
INSERT INTO SCO_MARKS (PF_STUDENT, PF_EXAM, MARKS, DISPENSE) VALUES (72908, 9909, 9.5, 'n');
INSERT INTO SCO_MARKS (PF_STUDENT, PF_EXAM, MARKS, DISPENSE) VALUES (72908, 9910, 15.5, 'n');
INSERT INTO SCO_MARKS (PF_STUDENT, PF_EXAM, MARKS, DISPENSE) VALUES (72908, 9911, 13, 'n');
INSERT INTO SCO_MARKS (PF_STUDENT, PF_EXAM, MARKS, DISPENSE) VALUES (72908, 9912, 18, 'n');

INSERT INTO SCO_MARKS (PF_STUDENT, PF_EXAM, MARKS, DISPENSE) VALUES (73170, 9901, 11.5, 'n');
INSERT INTO SCO_MARKS (PF_STUDENT, PF_EXAM, MARKS, DISPENSE) VALUES (73170, 9902, 12, 'n');
INSERT INTO SCO_MARKS (PF_STUDENT, PF_EXAM, MARKS, DISPENSE) VALUES (73170, 9903, 14, 'n');
INSERT INTO SCO_MARKS (PF_STUDENT, PF_EXAM, MARKS, DISPENSE) VALUES (73170, 9904, 17.5, 'n');
INSERT INTO SCO_MARKS (PF_STUDENT, PF_EXAM, MARKS, DISPENSE) VALUES (73170, 9905, 9.5, 'n');
INSERT INTO SCO_MARKS (PF_STUDENT, PF_EXAM, MARKS, DISPENSE) VALUES (73170, 9906, 9.5, 'n');
INSERT INTO SCO_MARKS (PF_STUDENT, PF_EXAM, MARKS, DISPENSE) VALUES (73170, 9907, 10, 'n');
INSERT INTO SCO_MARKS (PF_STUDENT, PF_EXAM, MARKS, DISPENSE) VALUES (73170, 9909, 8.5, 'n');
INSERT INTO SCO_MARKS (PF_STUDENT, PF_EXAM, MARKS, DISPENSE) VALUES (73170, 9910, 14, 'n');
INSERT INTO SCO_MARKS (PF_STUDENT, PF_EXAM, MARKS, DISPENSE) VALUES (73170, 9911, 13.5, 'n');
INSERT INTO SCO_MARKS (PF_STUDENT, PF_EXAM, MARKS, DISPENSE) VALUES (73170, 9912, 12, 'n');

INSERT INTO SCO_MARKS (PF_STUDENT, PF_EXAM, MARKS, DISPENSE) VALUES (72923, 9901, 8, 'n');
INSERT INTO SCO_MARKS (PF_STUDENT, PF_EXAM, MARKS, DISPENSE) VALUES (72923, 9902, 12.5, 'n');
INSERT INTO SCO_MARKS (PF_STUDENT, PF_EXAM, MARKS, DISPENSE) VALUES (72923, 9903, 16, 'n');
INSERT INTO SCO_MARKS (PF_STUDENT, PF_EXAM, MARKS, DISPENSE) VALUES (72923, 9904, 19.5, 'n');
INSERT INTO SCO_MARKS (PF_STUDENT, PF_EXAM, MARKS, DISPENSE) VALUES (72923, 9905, 20, 'n');
INSERT INTO SCO_MARKS (PF_STUDENT, PF_EXAM, MARKS, DISPENSE) VALUES (72923, 9906, 4.5, 'n');
INSERT INTO SCO_MARKS (PF_STUDENT, PF_EXAM, MARKS, DISPENSE) VALUES (72923, 9907, 9, 'n');
INSERT INTO SCO_MARKS (PF_STUDENT, PF_EXAM, MARKS, DISPENSE) VALUES (72923, 9909, 13, 'n');
INSERT INTO SCO_MARKS (PF_STUDENT, PF_EXAM, MARKS, DISPENSE) VALUES (72923, 9910, 13, 'n');
INSERT INTO SCO_MARKS (PF_STUDENT, PF_EXAM, MARKS, DISPENSE) VALUES (72923, 9911, 13, 'n');
INSERT INTO SCO_MARKS (PF_STUDENT, PF_EXAM, MARKS, DISPENSE) VALUES (72923, 9912, 16, 'n');

INSERT INTO SCO_MARKS (PF_STUDENT, PF_EXAM, MARKS, DISPENSE) VALUES (72916, 9901, 13, 'n');
INSERT INTO SCO_MARKS (PF_STUDENT, PF_EXAM, MARKS, DISPENSE) VALUES (72916, 9902, 16, 'n');
INSERT INTO SCO_MARKS (PF_STUDENT, PF_EXAM, MARKS, DISPENSE) VALUES (72916, 9903, 8, 'n');
INSERT INTO SCO_MARKS (PF_STUDENT, PF_EXAM, MARKS, DISPENSE) VALUES (72916, 9904, 8.5, 'n');
INSERT INTO SCO_MARKS (PF_STUDENT, PF_EXAM, MARKS, DISPENSE) VALUES (72916, 9905, 11, 'n');
INSERT INTO SCO_MARKS (PF_STUDENT, PF_EXAM, MARKS, DISPENSE) VALUES (72916, 9906, 11.5, 'n');
INSERT INTO SCO_MARKS (PF_STUDENT, PF_EXAM, MARKS, DISPENSE) VALUES (72916, 9907, 4, 'n');
INSERT INTO SCO_MARKS (PF_STUDENT, PF_EXAM, MARKS, DISPENSE) VALUES (72916, 9909, 8.5, 'n');
INSERT INTO SCO_MARKS (PF_STUDENT, PF_EXAM, MARKS, DISPENSE) VALUES (72916, 9910, 14.5, 'n');
INSERT INTO SCO_MARKS (PF_STUDENT, PF_EXAM, MARKS, DISPENSE) VALUES (72916, 9911, 15, 'n');
INSERT INTO SCO_MARKS (PF_STUDENT, PF_EXAM, MARKS, DISPENSE) VALUES (72916, 9912, 10, 'n');

INSERT INTO SCO_MARKS (PF_STUDENT, PF_EXAM, MARKS, DISPENSE) VALUES (72919, 9901, 11, 'n');
INSERT INTO SCO_MARKS (PF_STUDENT, PF_EXAM, MARKS, DISPENSE) VALUES (72919, 9902, 12, 'n');
INSERT INTO SCO_MARKS (PF_STUDENT, PF_EXAM, MARKS, DISPENSE) VALUES (72919, 9903, 16, 'n');
INSERT INTO SCO_MARKS (PF_STUDENT, PF_EXAM, MARKS, DISPENSE) VALUES (72919, 9904, 14, 'n');
INSERT INTO SCO_MARKS (PF_STUDENT, PF_EXAM, MARKS, DISPENSE) VALUES (72919, 9905, 6, 'n');
INSERT INTO SCO_MARKS (PF_STUDENT, PF_EXAM, MARKS, DISPENSE) VALUES (72919, 9906, 9.5, 'n');
INSERT INTO SCO_MARKS (PF_STUDENT, PF_EXAM, MARKS, DISPENSE) VALUES (72919, 9907, 11, 'n');
INSERT INTO SCO_MARKS (PF_STUDENT, PF_EXAM, MARKS, DISPENSE) VALUES (72919, 9909, 6.25, 'n');
INSERT INTO SCO_MARKS (PF_STUDENT, PF_EXAM, MARKS, DISPENSE) VALUES (72919, 9910, 17, 'n');
INSERT INTO SCO_MARKS (PF_STUDENT, PF_EXAM, MARKS, DISPENSE) VALUES (72919, 9911, 6.5, 'n');
INSERT INTO SCO_MARKS (PF_STUDENT, PF_EXAM, MARKS, DISPENSE) VALUES (72919, 9912, 14, 'n');

INSERT INTO SCO_MARKS (PF_STUDENT, PF_EXAM, MARKS, DISPENSE) VALUES (62923, 9901, 5, 'n');
INSERT INTO SCO_MARKS (PF_STUDENT, PF_EXAM, MARKS, DISPENSE) VALUES (62923, 9902, 6, 'n');
INSERT INTO SCO_MARKS (PF_STUDENT, PF_EXAM, MARKS, DISPENSE) VALUES (62923, 9903, 11, 'n');
INSERT INTO SCO_MARKS (PF_STUDENT, PF_EXAM, MARKS, DISPENSE) VALUES (62923, 9904, 8.5, 'n');
INSERT INTO SCO_MARKS (PF_STUDENT, PF_EXAM, MARKS, DISPENSE) VALUES (62923, 9905, 3, 'n');
INSERT INTO SCO_MARKS (PF_STUDENT, PF_EXAM, MARKS, DISPENSE) VALUES (62923, 9906, 4.5, 'n');
INSERT INTO SCO_MARKS (PF_STUDENT, PF_EXAM, MARKS, DISPENSE) VALUES (62923, 9907, 12, 'n');
INSERT INTO SCO_MARKS (PF_STUDENT, PF_EXAM, MARKS, DISPENSE) VALUES (62923, 9909, 9, 'n');
INSERT INTO SCO_MARKS (PF_STUDENT, PF_EXAM, MARKS, DISPENSE) VALUES (62923, 9910, 10, 'n');
INSERT INTO SCO_MARKS (PF_STUDENT, PF_EXAM, MARKS, DISPENSE) VALUES (62923, 9911, 8.5, 'n');
INSERT INTO SCO_MARKS (PF_STUDENT, PF_EXAM, MARKS, DISPENSE) VALUES (62923, 9912, 10.5, 'n');

INSERT INTO SCO_MARKS (PF_STUDENT, PF_EXAM, MARKS, DISPENSE) VALUES (62912, 9901, 13, 'n');
INSERT INTO SCO_MARKS (PF_STUDENT, PF_EXAM, MARKS, DISPENSE) VALUES (62912, 9902, 16, 'n');
INSERT INTO SCO_MARKS (PF_STUDENT, PF_EXAM, MARKS, DISPENSE) VALUES (62912, 9903, 10, 'n');
INSERT INTO SCO_MARKS (PF_STUDENT, PF_EXAM, MARKS, DISPENSE) VALUES (62912, 9904, 9.5, 'n');
INSERT INTO SCO_MARKS (PF_STUDENT, PF_EXAM, MARKS, DISPENSE) VALUES (62912, 9905, 13, 'n');
INSERT INTO SCO_MARKS (PF_STUDENT, PF_EXAM, MARKS, DISPENSE) VALUES (62912, 9906, 11, 'n');
INSERT INTO SCO_MARKS (PF_STUDENT, PF_EXAM, MARKS, DISPENSE) VALUES (62912, 9907, 19, 'n');
INSERT INTO SCO_MARKS (PF_STUDENT, PF_EXAM, MARKS, DISPENSE) VALUES (62912, 9909, 10, 'n');
INSERT INTO SCO_MARKS (PF_STUDENT, PF_EXAM, MARKS, DISPENSE) VALUES (62912, 9910, 10.5, 'n');
INSERT INTO SCO_MARKS (PF_STUDENT, PF_EXAM, MARKS, DISPENSE) VALUES (62912, 9911, 9, 'n');
INSERT INTO SCO_MARKS (PF_STUDENT, PF_EXAM, MARKS, DISPENSE) VALUES (62912, 9912, 8, 'n');

CREATE VIEW VIEW_AVERAGE_MODULE_UE_SN as
  select sm.PF_STUDENT studentId, se.F_UNITE_ENS, se.F_MODULE, ceil(10*sum(sm.MARKS*se.COEFF)/sum(se.COEFF)) /10 average
from SCO_MARKS sm, SCO_EXAM se
where sm.MARKS >= 0
and se.COEFF > 0
and se.TYPE_SESSION = 'normale'
and se.P_ID = sm.PF_EXAM
group by sm.PF_STUDENT, se.F_UNITE_ENS, se.F_MODULE
/

CREATE VIEW VIEW_AVERAGE_MODULE_UE_SR as
  select sm.PF_STUDENT studentId, se.F_UNITE_ENS, se.F_MODULE, ceil(10*sum(sm.MARKS*se.COEFF)/sum(se.COEFF)) /10 average
from SCO_MARKS sm, SCO_EXAM se
where sm.MARKS >= 0
and se.COEFF > 0
and se.TYPE_SESSION = 'rattrapage'
and se.P_ID = sm.PF_EXAM
group by sm.PF_STUDENT, se.F_UNITE_ENS, se.F_MODULE
/


create view VIEW_AVERAGE_MODULE_UE as
  select sm.STUDENTID, sm.F_UNITE_ENS, sm.F_MODULE,
         sm.AVERAGE moyenne_sm,greatest (sm.AVERAGE,sr.AVERAGE) moyenne,1 flag_rattrapage
  from VIEW_AVERAGE_MODULE_UE_SN sm,VIEW_AVERAGE_MODULE_UE_SR sr
  where
      sm.STUDENTID = sr.STUDENTID
    and
      sm.F_MODULE = sr.F_MODULE
    and
      sm.F_UNITE_ENS = sr.F_UNITE_ENS
  union
  select sm.STUDENTID, sm.F_UNITE_ENS, sm.F_MODULE,AVERAGE moyenne_sm, AVERAGE, 0 flag_rattrapage from VIEW_AVERAGE_MODULE_UE_SN sm
  where
      0 = (select count(sr.STUDENTID) from VIEW_AVERAGE_MODULE_UE_SR sr
           where
               sr.STUDENTID = sm.STUDENTID
             and
               sm.F_UNITE_ENS = sr.F_UNITE_ENS
             and
               sm.F_MODULE = sr.F_MODULE)
  union
  select sr.STUDENTID, sr.F_UNITE_ENS, sr.F_MODULE,0 moyenne_sm, AVERAGE,1 flag_rattrapage
  from VIEW_AVERAGE_MODULE_UE_SR sr
  where
      0 = (select count(STUDENTID) from VIEW_AVERAGE_MODULE_UE_SN sm
           where
               sr.STUDENTID = sm.STUDENTID
             and
               sm.F_UNITE_ENS = sr.F_UNITE_ENS
             and
               sm.F_MODULE = sr.F_MODULE)
/

