INSERT INTO auth_user_comp (id) VALUES ('112f8df3-537c-4905-9427-ba859b0109e4') ON CONFLICT DO NOTHING;
INSERT INTO auth_user_comp (id) VALUES ('48d116e9-a32c-481a-b243-02d78813373c') ON CONFLICT DO NOTHING;
INSERT INTO auth_user_comp (id) VALUES ('85eef0ed-74c0-4e87-b1b7-32416c0e3f26') ON CONFLICT DO NOTHING;
INSERT INTO auth_user_comp (id) VALUES ('6c65247d-99c8-4066-91e5-6eb3b3e75018') ON CONFLICT DO NOTHING;
INSERT INTO auth_user_comp (id) VALUES ('828f6f2c-38bc-4e30-8743-bce207f79b28') ON CONFLICT DO NOTHING;
INSERT INTO auth_user_comp (id) VALUES ('2a0859e2-e73f-4ebe-85c0-6a39d231bbbb') ON CONFLICT DO NOTHING;
INSERT INTO auth_user_comp (id) VALUES ('87bf5ecb-155e-4fe5-88f4-4eac48549c63') ON CONFLICT DO NOTHING;
INSERT INTO auth_user_comp (id) VALUES ('eb71e1a1-36d1-49da-b514-ffa852281483') ON CONFLICT DO NOTHING;
INSERT INTO auth_user_comp (id) VALUES ('b097505f-be60-414b-83a8-cf4f44bc30ed') ON CONFLICT DO NOTHING;
INSERT INTO auth_user_comp (id) VALUES ('998546ca-8185-4460-b38d-8d9b63199b9d') ON CONFLICT DO NOTHING;
INSERT INTO auth_user_comp (id) VALUES ('5d03a1cb-b52b-4462-aab8-de7ba2114cb3') ON CONFLICT DO NOTHING;
INSERT INTO auth_user_comp (id) VALUES ('ca798ff5-0ed1-4f0a-a3aa-602c38112548') ON CONFLICT DO NOTHING;
INSERT INTO auth_user_comp (id) VALUES ('9d45f57d-5fea-44cb-bae7-b607e29b87f3') ON CONFLICT DO NOTHING;
INSERT INTO auth_user_comp (id) VALUES ('dea9ff33-6dd2-4c0a-b113-a90ee32a01ca') ON CONFLICT DO NOTHING;
INSERT INTO auth_user_comp (id) VALUES ('497b5240-44b6-42b8-846e-e788da509cad') ON CONFLICT DO NOTHING;
INSERT INTO auth_user_comp (id) VALUES ('bfd9070a-cef8-4ee5-8393-825eae561b77') ON CONFLICT DO NOTHING;
INSERT INTO auth_user_comp (id) VALUES ('f2bc4350-45b8-4588-a5e5-844f12e791f2') ON CONFLICT DO NOTHING;
INSERT INTO auth_user_comp (id) VALUES ('63fdc89c-3a4e-4e1a-ab8e-a30d793082ae') ON CONFLICT DO NOTHING;
INSERT INTO auth_user_comp (id) VALUES ('639d8f89-d7de-450b-9127-d8e6e04bde9c') ON CONFLICT DO NOTHING;
INSERT INTO auth_user_comp (id) VALUES ('97d05a9b-74ec-4f29-8cc9-9ab97a1ad1c1') ON CONFLICT DO NOTHING;
INSERT INTO auth_user_comp (id) VALUES ('93ae7136-b490-4fbe-bdc0-a958b42ff49f') ON CONFLICT DO NOTHING;
INSERT INTO auth_user_comp (id) VALUES ('fbb387a4-222b-4b38-97cd-4d576e95d322') ON CONFLICT DO NOTHING;
INSERT INTO auth_user_comp (id) VALUES ('024334fc-531a-4233-b197-d684a18491b8') ON CONFLICT DO NOTHING;
INSERT INTO auth_user_comp (id) VALUES ('fe883a4d-07e9-46fb-a89f-754930230784') ON CONFLICT DO NOTHING;
INSERT INTO auth_user_comp (id) VALUES ('eb7c8bfd-46cd-4ad2-9201-a7b4f0b9bdde') ON CONFLICT DO NOTHING;
INSERT INTO auth_user_comp (id) VALUES ('453ff4f1-4965-444b-8fc3-d9a05f2cd560') ON CONFLICT DO NOTHING;
INSERT INTO auth_user_comp (id) VALUES ('dc96aa9d-13a0-4532-ba6b-a7104d43ae76') ON CONFLICT DO NOTHING;
INSERT INTO auth_user_comp (id) VALUES ('3792890e-8b66-47ad-a295-cd906c54a3a2') ON CONFLICT DO NOTHING;

INSERT INTO auth_user_impl (id,allowedPermissions,name,email) VALUES ('112f8df3-537c-4905-9427-ba859b0109e4','administrator','Ichlasul Affan','ichlaffterlalu@gmail.com') ON CONFLICT DO NOTHING;
INSERT INTO auth_user_impl (id,allowedPermissions,name,email) VALUES ('48d116e9-a32c-481a-b243-02d78813373c','','Ichlasul Affan (Dummy)','ichlasul.affan@gmail.com') ON CONFLICT DO NOTHING;
INSERT INTO auth_user_impl (id,allowedPermissions,name,email) VALUES ('85eef0ed-74c0-4e87-b1b7-32416c0e3f26','','Falah Prasetyo Waluyo','falah.prasetyo01@ui.ac.id') ON CONFLICT DO NOTHING;
INSERT INTO auth_user_impl (id,allowedPermissions,name,email) VALUES ('6c65247d-99c8-4066-91e5-6eb3b3e75018','','Samuel Tupa Febrian','samuel.febrian@gmail.com') ON CONFLICT DO NOTHING;
INSERT INTO auth_user_impl (id,allowedPermissions,name,email) VALUES ('828f6f2c-38bc-4e30-8743-bce207f79b28','','Christopher Samuel','christopher.samuel@ui.ac.id') ON CONFLICT DO NOTHING;
INSERT INTO auth_user_impl (id,allowedPermissions,name,email) VALUES ('2a0859e2-e73f-4ebe-85c0-6a39d231bbbb','','Maya','maya.retno21@gmail.com') ON CONFLICT DO NOTHING;
INSERT INTO auth_user_impl (id,allowedPermissions,name,email) VALUES ('87bf5ecb-155e-4fe5-88f4-4eac48549c63','','Adamy','adamy.rayeuk@gmail.com') ON CONFLICT DO NOTHING;
INSERT INTO auth_user_impl (id,allowedPermissions,name,email) VALUES ('eb71e1a1-36d1-49da-b514-ffa852281483','administrator','Tolhas','tolhas.parulian@ui.ac.id') ON CONFLICT DO NOTHING;
INSERT INTO auth_user_impl (id,allowedPermissions,name,email) VALUES ('b097505f-be60-414b-83a8-cf4f44bc30ed','','admin','admin@user.com') ON CONFLICT DO NOTHING;
INSERT INTO auth_user_impl (id,allowedPermissions,name,email) VALUES ('998546ca-8185-4460-b38d-8d9b63199b9d','','registered','registered@user.com') ON CONFLICT DO NOTHING;
INSERT INTO auth_user_impl (id,allowedPermissions,name,email) VALUES ('5d03a1cb-b52b-4462-aab8-de7ba2114cb3','','keuangan','keuangan@user.com') ON CONFLICT DO NOTHING;
INSERT INTO auth_user_impl (id,allowedPermissions,name,email) VALUES ('ca798ff5-0ed1-4f0a-a3aa-602c38112548','','humas','humas@user.com') ON CONFLICT DO NOTHING;
INSERT INTO auth_user_impl (id,allowedPermissions,name,email) VALUES ('9d45f57d-5fea-44cb-bae7-b607e29b87f3','','fundraising','fundraising@user.com') ON CONFLICT DO NOTHING;
INSERT INTO auth_user_impl (id,allowedPermissions,name,email) VALUES ('dea9ff33-6dd2-4c0a-b113-a90ee32a01ca','','manajer','manajer@user.com') ON CONFLICT DO NOTHING;

INSERT INTO auth_user_passworded (id,password,user_id) VALUES ('497b5240-44b6-42b8-846e-e788da509cad','349cbccafc082902f6d88098da92b998129d98c079996b96f305705ffddc67baa935e07353a00b6068e6b0f8e1245ee8d499c80ece5232ad938825cb292bce3b','112f8df3-537c-4905-9427-ba859b0109e4') ON CONFLICT DO NOTHING;
INSERT INTO auth_user_passworded (id,password,user_id) VALUES ('bfd9070a-cef8-4ee5-8393-825eae561b77','349cbccafc082902f6d88098da92b998129d98c079996b96f305705ffddc67baa935e07353a00b6068e6b0f8e1245ee8d499c80ece5232ad938825cb292bce3b','48d116e9-a32c-481a-b243-02d78813373c') ON CONFLICT DO NOTHING;
INSERT INTO auth_user_passworded (id,password,user_id) VALUES ('f2bc4350-45b8-4588-a5e5-844f12e791f2','349cbccafc082902f6d88098da92b998129d98c079996b96f305705ffddc67baa935e07353a00b6068e6b0f8e1245ee8d499c80ece5232ad938825cb292bce3b','85eef0ed-74c0-4e87-b1b7-32416c0e3f26') ON CONFLICT DO NOTHING;
INSERT INTO auth_user_passworded (id,password,user_id) VALUES ('63fdc89c-3a4e-4e1a-ab8e-a30d793082ae','349cbccafc082902f6d88098da92b998129d98c079996b96f305705ffddc67baa935e07353a00b6068e6b0f8e1245ee8d499c80ece5232ad938825cb292bce3b','6c65247d-99c8-4066-91e5-6eb3b3e75018') ON CONFLICT DO NOTHING;
INSERT INTO auth_user_passworded (id,password,user_id) VALUES ('639d8f89-d7de-450b-9127-d8e6e04bde9c','349cbccafc082902f6d88098da92b998129d98c079996b96f305705ffddc67baa935e07353a00b6068e6b0f8e1245ee8d499c80ece5232ad938825cb292bce3b','828f6f2c-38bc-4e30-8743-bce207f79b28') ON CONFLICT DO NOTHING;
INSERT INTO auth_user_passworded (id,password,user_id) VALUES ('97d05a9b-74ec-4f29-8cc9-9ab97a1ad1c1','349cbccafc082902f6d88098da92b998129d98c079996b96f305705ffddc67baa935e07353a00b6068e6b0f8e1245ee8d499c80ece5232ad938825cb292bce3b','2a0859e2-e73f-4ebe-85c0-6a39d231bbbb') ON CONFLICT DO NOTHING;
INSERT INTO auth_user_passworded (id,password,user_id) VALUES ('93ae7136-b490-4fbe-bdc0-a958b42ff49f','349cbccafc082902f6d88098da92b998129d98c079996b96f305705ffddc67baa935e07353a00b6068e6b0f8e1245ee8d499c80ece5232ad938825cb292bce3b','87bf5ecb-155e-4fe5-88f4-4eac48549c63') ON CONFLICT DO NOTHING;
INSERT INTO auth_user_passworded (id,password,user_id) VALUES ('fbb387a4-222b-4b38-97cd-4d576e95d322','349cbccafc082902f6d88098da92b998129d98c079996b96f305705ffddc67baa935e07353a00b6068e6b0f8e1245ee8d499c80ece5232ad938825cb292bce3b','eb71e1a1-36d1-49da-b514-ffa852281483') ON CONFLICT DO NOTHING;
INSERT INTO auth_user_passworded (id,password,user_id) VALUES ('024334fc-531a-4233-b197-d684a18491b8','349cbccafc082902f6d88098da92b998129d98c079996b96f305705ffddc67baa935e07353a00b6068e6b0f8e1245ee8d499c80ece5232ad938825cb292bce3b','b097505f-be60-414b-83a8-cf4f44bc30ed') ON CONFLICT DO NOTHING;
INSERT INTO auth_user_passworded (id,password,user_id) VALUES ('fe883a4d-07e9-46fb-a89f-754930230784','349cbccafc082902f6d88098da92b998129d98c079996b96f305705ffddc67baa935e07353a00b6068e6b0f8e1245ee8d499c80ece5232ad938825cb292bce3b','998546ca-8185-4460-b38d-8d9b63199b9d') ON CONFLICT DO NOTHING;
INSERT INTO auth_user_passworded (id,password,user_id) VALUES ('eb7c8bfd-46cd-4ad2-9201-a7b4f0b9bdde','349cbccafc082902f6d88098da92b998129d98c079996b96f305705ffddc67baa935e07353a00b6068e6b0f8e1245ee8d499c80ece5232ad938825cb292bce3b','5d03a1cb-b52b-4462-aab8-de7ba2114cb3') ON CONFLICT DO NOTHING;
INSERT INTO auth_user_passworded (id,password,user_id) VALUES ('453ff4f1-4965-444b-8fc3-d9a05f2cd560','349cbccafc082902f6d88098da92b998129d98c079996b96f305705ffddc67baa935e07353a00b6068e6b0f8e1245ee8d499c80ece5232ad938825cb292bce3b','ca798ff5-0ed1-4f0a-a3aa-602c38112548') ON CONFLICT DO NOTHING;
INSERT INTO auth_user_passworded (id,password,user_id) VALUES ('dc96aa9d-13a0-4532-ba6b-a7104d43ae76','349cbccafc082902f6d88098da92b998129d98c079996b96f305705ffddc67baa935e07353a00b6068e6b0f8e1245ee8d499c80ece5232ad938825cb292bce3b','9d45f57d-5fea-44cb-bae7-b607e29b87f3') ON CONFLICT DO NOTHING;
INSERT INTO auth_user_passworded (id,password,user_id) VALUES ('3792890e-8b66-47ad-a295-cd906c54a3a2','349cbccafc082902f6d88098da92b998129d98c079996b96f305705ffddc67baa935e07353a00b6068e6b0f8e1245ee8d499c80ece5232ad938825cb292bce3b','dea9ff33-6dd2-4c0a-b113-a90ee32a01ca') ON CONFLICT DO NOTHING;

INSERT INTO auth_role_comp (id) VALUES ('75f6727e-66f8-484f-b77f-83eeec82cd10') ON CONFLICT DO NOTHING;
INSERT INTO auth_role_comp (id) VALUES ('cbf05ba1-3e06-4f68-8aa2-1d3ef1533150') ON CONFLICT DO NOTHING;
INSERT INTO auth_role_comp (id) VALUES ('34b4fdcb-fb33-4f44-b48f-b1c135395def') ON CONFLICT DO NOTHING;
INSERT INTO auth_role_comp (id) VALUES ('a5e403e9-18a5-4079-8fc6-38613ae86080') ON CONFLICT DO NOTHING;
INSERT INTO auth_role_comp (id) VALUES ('98272338-2822-420d-8c06-cff0d411d776') ON CONFLICT DO NOTHING;
INSERT INTO auth_role_comp (id) VALUES ('6723f08f-fa65-457a-9734-68d70cce58eb') ON CONFLICT DO NOTHING;

INSERT INTO auth_role_impl (id,name,allowedPermissions) VALUES ('75f6727e-66f8-484f-b77f-83eeec82cd10','Administrator','administrator') ON CONFLICT DO NOTHING;
INSERT INTO auth_role_impl (id,name,allowedPermissions) VALUES ('cbf05ba1-3e06-4f68-8aa2-1d3ef1533150','Registered','') ON CONFLICT DO NOTHING;
INSERT INTO auth_role_impl (id,name,allowedPermissions) VALUES ('34b4fdcb-fb33-4f44-b48f-b1c135395def','Keuangan','CreateIncome,UpdateIncome,DeleteIncome,CreateExpense,UpdateExpense,DeleteExpense,CreateFinancialReport,UpdateFinancialReport,DeleteFinancialReport') ON CONFLICT DO NOTHING;
INSERT INTO auth_role_impl (id,name,allowedPermissions) VALUES ('a5e403e9-18a5-4079-8fc6-38613ae86080','Humas','CreateProgram,UpdateProgram,DeleteProgram,CreateOperational,UpdateOperational,DeleteOperational') ON CONFLICT DO NOTHING;
INSERT INTO auth_role_impl (id,name,allowedPermissions) VALUES ('98272338-2822-420d-8c06-cff0d411d776','Fundraising','ReadCOD,CreateCOD,UpdateCOD,DeleteCOD') ON CONFLICT DO NOTHING;
INSERT INTO auth_role_impl (id,name,allowedPermissions) VALUES ('6723f08f-fa65-457a-9734-68d70cce58eb','Manajer','CreateIncome,UpdateIncome,DeleteIncome,CreateExpense,UpdateExpense,DeleteExpense,CreateFinancialReport,UpdateFinancialReport,DeleteFinancialReport,CreateArusKas,UpdateArusKas,DeleteArusKas,CreateProgram,UpdateProgram,DeleteProgram,CreateOperational,UpdateOperational,DeleteOperational,ReadCOD,CreateCOD,UpdateCOD,DeleteCOD') ON CONFLICT DO NOTHING;

INSERT INTO auth_user_role_comp (id) VALUES ('e4d7da71-960b-4779-8f73-7202aff6105f') ON CONFLICT DO NOTHING;
INSERT INTO auth_user_role_comp (id) VALUES ('5edc3f60-92d2-4722-8534-57ec388da23a') ON CONFLICT DO NOTHING;
INSERT INTO auth_user_role_comp (id) VALUES ('925fe0be-78e7-471e-8fd6-9fa129e2555b') ON CONFLICT DO NOTHING;
INSERT INTO auth_user_role_comp (id) VALUES ('4b9a6e71-14fb-49de-91db-92f3ba776d6c') ON CONFLICT DO NOTHING;
INSERT INTO auth_user_role_comp (id) VALUES ('7942319f-57c9-4f07-a897-a14f06897734') ON CONFLICT DO NOTHING;
INSERT INTO auth_user_role_comp (id) VALUES ('baeea95e-549a-4148-b7cf-27748b9cacfb') ON CONFLICT DO NOTHING;
INSERT INTO auth_user_role_comp (id) VALUES ('ff00b0b0-9251-4c17-aa3a-3f465dbd4c55') ON CONFLICT DO NOTHING;
INSERT INTO auth_user_role_comp (id) VALUES ('5a69e6a5-80c3-4242-b0a0-400dee961868') ON CONFLICT DO NOTHING;
INSERT INTO auth_user_role_comp (id) VALUES ('118fac06-f754-4c36-bf92-7213a1a08c56') ON CONFLICT DO NOTHING;
INSERT INTO auth_user_role_comp (id) VALUES ('abaa2891-f244-4a69-93f7-99e731aff9da') ON CONFLICT DO NOTHING;
INSERT INTO auth_user_role_comp (id) VALUES ('2323a52a-c0e1-4032-b442-7a16416f6029') ON CONFLICT DO NOTHING;
INSERT INTO auth_user_role_comp (id) VALUES ('1f918317-7787-4259-99bb-07816bb42c2e') ON CONFLICT DO NOTHING;
INSERT INTO auth_user_role_comp (id) VALUES ('3fe16d25-12e6-43db-97dd-ea534e7184e8') ON CONFLICT DO NOTHING;
INSERT INTO auth_user_role_comp (id) VALUES ('468d7175-1028-4d11-8074-17ecb4536709') ON CONFLICT DO NOTHING;

INSERT INTO auth_user_role_impl (id,authRole,authUser) VALUES ('e4d7da71-960b-4779-8f73-7202aff6105f','cbf05ba1-3e06-4f68-8aa2-1d3ef1533150','112f8df3-537c-4905-9427-ba859b0109e4') ON CONFLICT DO NOTHING;
INSERT INTO auth_user_role_impl (id,authRole,authUser) VALUES ('5edc3f60-92d2-4722-8534-57ec388da23a','cbf05ba1-3e06-4f68-8aa2-1d3ef1533150','48d116e9-a32c-481a-b243-02d78813373c') ON CONFLICT DO NOTHING;
INSERT INTO auth_user_role_impl (id,authRole,authUser) VALUES ('925fe0be-78e7-471e-8fd6-9fa129e2555b','cbf05ba1-3e06-4f68-8aa2-1d3ef1533150','85eef0ed-74c0-4e87-b1b7-32416c0e3f26') ON CONFLICT DO NOTHING;
INSERT INTO auth_user_role_impl (id,authRole,authUser) VALUES ('4b9a6e71-14fb-49de-91db-92f3ba776d6c','cbf05ba1-3e06-4f68-8aa2-1d3ef1533150','6c65247d-99c8-4066-91e5-6eb3b3e75018') ON CONFLICT DO NOTHING;
INSERT INTO auth_user_role_impl (id,authRole,authUser) VALUES ('7942319f-57c9-4f07-a897-a14f06897734','cbf05ba1-3e06-4f68-8aa2-1d3ef1533150','828f6f2c-38bc-4e30-8743-bce207f79b28') ON CONFLICT DO NOTHING;
INSERT INTO auth_user_role_impl (id,authRole,authUser) VALUES ('baeea95e-549a-4148-b7cf-27748b9cacfb','75f6727e-66f8-484f-b77f-83eeec82cd10','2a0859e2-e73f-4ebe-85c0-6a39d231bbbb') ON CONFLICT DO NOTHING;
INSERT INTO auth_user_role_impl (id,authRole,authUser) VALUES ('ff00b0b0-9251-4c17-aa3a-3f465dbd4c55','cbf05ba1-3e06-4f68-8aa2-1d3ef1533150','87bf5ecb-155e-4fe5-88f4-4eac48549c63') ON CONFLICT DO NOTHING;
INSERT INTO auth_user_role_impl (id,authRole,authUser) VALUES ('5a69e6a5-80c3-4242-b0a0-400dee961868','cbf05ba1-3e06-4f68-8aa2-1d3ef1533150','eb71e1a1-36d1-49da-b514-ffa852281483') ON CONFLICT DO NOTHING;
INSERT INTO auth_user_role_impl (id,authRole,authUser) VALUES ('118fac06-f754-4c36-bf92-7213a1a08c56','75f6727e-66f8-484f-b77f-83eeec82cd10','b097505f-be60-414b-83a8-cf4f44bc30ed') ON CONFLICT DO NOTHING;
INSERT INTO auth_user_role_impl (id,authRole,authUser) VALUES ('abaa2891-f244-4a69-93f7-99e731aff9da','cbf05ba1-3e06-4f68-8aa2-1d3ef1533150','998546ca-8185-4460-b38d-8d9b63199b9d') ON CONFLICT DO NOTHING;
INSERT INTO auth_user_role_impl (id,authRole,authUser) VALUES ('2323a52a-c0e1-4032-b442-7a16416f6029','34b4fdcb-fb33-4f44-b48f-b1c135395def','5d03a1cb-b52b-4462-aab8-de7ba2114cb3') ON CONFLICT DO NOTHING;
INSERT INTO auth_user_role_impl (id,authRole,authUser) VALUES ('1f918317-7787-4259-99bb-07816bb42c2e','a5e403e9-18a5-4079-8fc6-38613ae86080','ca798ff5-0ed1-4f0a-a3aa-602c38112548') ON CONFLICT DO NOTHING;
INSERT INTO auth_user_role_impl (id,authRole,authUser) VALUES ('3fe16d25-12e6-43db-97dd-ea534e7184e8','98272338-2822-420d-8c06-cff0d411d776','9d45f57d-5fea-44cb-bae7-b607e29b87f3') ON CONFLICT DO NOTHING;
INSERT INTO auth_user_role_impl (id,authRole,authUser) VALUES ('468d7175-1028-4d11-8074-17ecb4536709','6723f08f-fa65-457a-9734-68d70cce58eb','dea9ff33-6dd2-4c0a-b113-a90ee32a01ca') ON CONFLICT DO NOTHING;