USE [master]
GO
/****** Object:  Database [aspnet-WebAppDoctorManagement-20181206015437]    Script Date: 2018/12/09 09:10:33 AM ******/
CREATE DATABASE [aspnet-WebAppDoctorManagement-20181206015437]
 CONTAINMENT = NONE
 ON  PRIMARY 
( NAME = N'aspnet-WebAppDoctorManagement-20181206015437.mdf', FILENAME = N'C:\Prize Test Netcare\WebAppDoctorManagement\WebAppDoctorManagement\App_Data\aspnet-WebAppDoctorManagement-20181206015437.mdf' , SIZE = 3264KB , MAXSIZE = UNLIMITED, FILEGROWTH = 1024KB )
 LOG ON 
( NAME = N'aspnet-WebAppDoctorManagement-20181206015437_log.ldf', FILENAME = N'C:\Prize Test Netcare\WebAppDoctorManagement\WebAppDoctorManagement\App_Data\aspnet-WebAppDoctorManagement-20181206015437_log.ldf' , SIZE = 1024KB , MAXSIZE = 2048GB , FILEGROWTH = 10%)
GO
ALTER DATABASE [aspnet-WebAppDoctorManagement-20181206015437] SET COMPATIBILITY_LEVEL = 120
GO
IF (1 = FULLTEXTSERVICEPROPERTY('IsFullTextInstalled'))
begin
EXEC [aspnet-WebAppDoctorManagement-20181206015437].[dbo].[sp_fulltext_database] @action = 'enable'
end
GO
ALTER DATABASE [aspnet-WebAppDoctorManagement-20181206015437] SET ANSI_NULL_DEFAULT OFF 
GO
ALTER DATABASE [aspnet-WebAppDoctorManagement-20181206015437] SET ANSI_NULLS OFF 
GO
ALTER DATABASE [aspnet-WebAppDoctorManagement-20181206015437] SET ANSI_PADDING OFF 
GO
ALTER DATABASE [aspnet-WebAppDoctorManagement-20181206015437] SET ANSI_WARNINGS OFF 
GO
ALTER DATABASE [aspnet-WebAppDoctorManagement-20181206015437] SET ARITHABORT OFF 
GO
ALTER DATABASE [aspnet-WebAppDoctorManagement-20181206015437] SET AUTO_CLOSE ON 
GO
ALTER DATABASE [aspnet-WebAppDoctorManagement-20181206015437] SET AUTO_SHRINK OFF 
GO
ALTER DATABASE [aspnet-WebAppDoctorManagement-20181206015437] SET AUTO_UPDATE_STATISTICS ON 
GO
ALTER DATABASE [aspnet-WebAppDoctorManagement-20181206015437] SET CURSOR_CLOSE_ON_COMMIT OFF 
GO
ALTER DATABASE [aspnet-WebAppDoctorManagement-20181206015437] SET CURSOR_DEFAULT  GLOBAL 
GO
ALTER DATABASE [aspnet-WebAppDoctorManagement-20181206015437] SET CONCAT_NULL_YIELDS_NULL OFF 
GO
ALTER DATABASE [aspnet-WebAppDoctorManagement-20181206015437] SET NUMERIC_ROUNDABORT OFF 
GO
ALTER DATABASE [aspnet-WebAppDoctorManagement-20181206015437] SET QUOTED_IDENTIFIER OFF 
GO
ALTER DATABASE [aspnet-WebAppDoctorManagement-20181206015437] SET RECURSIVE_TRIGGERS OFF 
GO
ALTER DATABASE [aspnet-WebAppDoctorManagement-20181206015437] SET  ENABLE_BROKER 
GO
ALTER DATABASE [aspnet-WebAppDoctorManagement-20181206015437] SET AUTO_UPDATE_STATISTICS_ASYNC OFF 
GO
ALTER DATABASE [aspnet-WebAppDoctorManagement-20181206015437] SET DATE_CORRELATION_OPTIMIZATION OFF 
GO
ALTER DATABASE [aspnet-WebAppDoctorManagement-20181206015437] SET TRUSTWORTHY OFF 
GO
ALTER DATABASE [aspnet-WebAppDoctorManagement-20181206015437] SET ALLOW_SNAPSHOT_ISOLATION OFF 
GO
ALTER DATABASE [aspnet-WebAppDoctorManagement-20181206015437] SET PARAMETERIZATION SIMPLE 
GO
ALTER DATABASE [aspnet-WebAppDoctorManagement-20181206015437] SET READ_COMMITTED_SNAPSHOT ON 
GO
ALTER DATABASE [aspnet-WebAppDoctorManagement-20181206015437] SET HONOR_BROKER_PRIORITY OFF 
GO
ALTER DATABASE [aspnet-WebAppDoctorManagement-20181206015437] SET RECOVERY SIMPLE 
GO
ALTER DATABASE [aspnet-WebAppDoctorManagement-20181206015437] SET  MULTI_USER 
GO
ALTER DATABASE [aspnet-WebAppDoctorManagement-20181206015437] SET PAGE_VERIFY CHECKSUM  
GO
ALTER DATABASE [aspnet-WebAppDoctorManagement-20181206015437] SET DB_CHAINING OFF 
GO
ALTER DATABASE [aspnet-WebAppDoctorManagement-20181206015437] SET FILESTREAM( NON_TRANSACTED_ACCESS = OFF ) 
GO
ALTER DATABASE [aspnet-WebAppDoctorManagement-20181206015437] SET TARGET_RECOVERY_TIME = 0 SECONDS 
GO
ALTER DATABASE [aspnet-WebAppDoctorManagement-20181206015437] SET DELAYED_DURABILITY = DISABLED 
GO
USE [aspnet-WebAppDoctorManagement-20181206015437]
GO
/****** Object:  Table [dbo].[__MigrationHistory]    Script Date: 2018/12/09 09:10:34 AM ******/
SET ANSI_NULLS ON
GO
SET QUOTED_IDENTIFIER ON
GO
SET ANSI_PADDING ON
GO
CREATE TABLE [dbo].[__MigrationHistory](
	[MigrationId] [nvarchar](150) NOT NULL,
	[ContextKey] [nvarchar](300) NOT NULL,
	[Model] [varbinary](max) NOT NULL,
	[ProductVersion] [nvarchar](32) NOT NULL,
 CONSTRAINT [PK_dbo.__MigrationHistory] PRIMARY KEY CLUSTERED 
(
	[MigrationId] ASC,
	[ContextKey] ASC
)WITH (PAD_INDEX = OFF, STATISTICS_NORECOMPUTE = OFF, IGNORE_DUP_KEY = OFF, ALLOW_ROW_LOCKS = ON, ALLOW_PAGE_LOCKS = ON) ON [PRIMARY]
) ON [PRIMARY] TEXTIMAGE_ON [PRIMARY]

GO
SET ANSI_PADDING OFF
GO
/****** Object:  Table [dbo].[AspNetRoles]    Script Date: 2018/12/09 09:10:34 AM ******/
SET ANSI_NULLS ON
GO
SET QUOTED_IDENTIFIER ON
GO
CREATE TABLE [dbo].[AspNetRoles](
	[Id] [nvarchar](128) NOT NULL,
	[Name] [nvarchar](256) NOT NULL,
 CONSTRAINT [PK_dbo.AspNetRoles] PRIMARY KEY CLUSTERED 
(
	[Id] ASC
)WITH (PAD_INDEX = OFF, STATISTICS_NORECOMPUTE = OFF, IGNORE_DUP_KEY = OFF, ALLOW_ROW_LOCKS = ON, ALLOW_PAGE_LOCKS = ON) ON [PRIMARY]
) ON [PRIMARY]

GO
/****** Object:  Table [dbo].[AspNetUserClaims]    Script Date: 2018/12/09 09:10:34 AM ******/
SET ANSI_NULLS ON
GO
SET QUOTED_IDENTIFIER ON
GO
CREATE TABLE [dbo].[AspNetUserClaims](
	[Id] [int] IDENTITY(1,1) NOT NULL,
	[UserId] [nvarchar](128) NOT NULL,
	[ClaimType] [nvarchar](max) NULL,
	[ClaimValue] [nvarchar](max) NULL,
 CONSTRAINT [PK_dbo.AspNetUserClaims] PRIMARY KEY CLUSTERED 
(
	[Id] ASC
)WITH (PAD_INDEX = OFF, STATISTICS_NORECOMPUTE = OFF, IGNORE_DUP_KEY = OFF, ALLOW_ROW_LOCKS = ON, ALLOW_PAGE_LOCKS = ON) ON [PRIMARY]
) ON [PRIMARY] TEXTIMAGE_ON [PRIMARY]

GO
/****** Object:  Table [dbo].[AspNetUserLogins]    Script Date: 2018/12/09 09:10:34 AM ******/
SET ANSI_NULLS ON
GO
SET QUOTED_IDENTIFIER ON
GO
CREATE TABLE [dbo].[AspNetUserLogins](
	[LoginProvider] [nvarchar](128) NOT NULL,
	[ProviderKey] [nvarchar](128) NOT NULL,
	[UserId] [nvarchar](128) NOT NULL,
 CONSTRAINT [PK_dbo.AspNetUserLogins] PRIMARY KEY CLUSTERED 
(
	[LoginProvider] ASC,
	[ProviderKey] ASC,
	[UserId] ASC
)WITH (PAD_INDEX = OFF, STATISTICS_NORECOMPUTE = OFF, IGNORE_DUP_KEY = OFF, ALLOW_ROW_LOCKS = ON, ALLOW_PAGE_LOCKS = ON) ON [PRIMARY]
) ON [PRIMARY]

GO
/****** Object:  Table [dbo].[AspNetUserRoles]    Script Date: 2018/12/09 09:10:34 AM ******/
SET ANSI_NULLS ON
GO
SET QUOTED_IDENTIFIER ON
GO
CREATE TABLE [dbo].[AspNetUserRoles](
	[UserId] [nvarchar](128) NOT NULL,
	[RoleId] [nvarchar](128) NOT NULL,
 CONSTRAINT [PK_dbo.AspNetUserRoles] PRIMARY KEY CLUSTERED 
(
	[UserId] ASC,
	[RoleId] ASC
)WITH (PAD_INDEX = OFF, STATISTICS_NORECOMPUTE = OFF, IGNORE_DUP_KEY = OFF, ALLOW_ROW_LOCKS = ON, ALLOW_PAGE_LOCKS = ON) ON [PRIMARY]
) ON [PRIMARY]

GO
/****** Object:  Table [dbo].[AspNetUsers]    Script Date: 2018/12/09 09:10:34 AM ******/
SET ANSI_NULLS ON
GO
SET QUOTED_IDENTIFIER ON
GO
CREATE TABLE [dbo].[AspNetUsers](
	[Id] [nvarchar](128) NOT NULL,
	[Email] [nvarchar](256) NULL,
	[EmailConfirmed] [bit] NOT NULL,
	[PasswordHash] [nvarchar](max) NULL,
	[SecurityStamp] [nvarchar](max) NULL,
	[PhoneNumber] [nvarchar](max) NULL,
	[PhoneNumberConfirmed] [bit] NOT NULL,
	[TwoFactorEnabled] [bit] NOT NULL,
	[LockoutEndDateUtc] [datetime] NULL,
	[LockoutEnabled] [bit] NOT NULL,
	[AccessFailedCount] [int] NOT NULL,
	[UserName] [nvarchar](256) NOT NULL,
 CONSTRAINT [PK_dbo.AspNetUsers] PRIMARY KEY CLUSTERED 
(
	[Id] ASC
)WITH (PAD_INDEX = OFF, STATISTICS_NORECOMPUTE = OFF, IGNORE_DUP_KEY = OFF, ALLOW_ROW_LOCKS = ON, ALLOW_PAGE_LOCKS = ON) ON [PRIMARY]
) ON [PRIMARY] TEXTIMAGE_ON [PRIMARY]

GO
/****** Object:  Table [dbo].[DoctorProfiles]    Script Date: 2018/12/09 09:10:34 AM ******/
SET ANSI_NULLS ON
GO
SET QUOTED_IDENTIFIER ON
GO
CREATE TABLE [dbo].[DoctorProfiles](
	[Id] [int] IDENTITY(1,1) NOT NULL,
	[FirstName] [nvarchar](100) NOT NULL,
	[Surname] [nvarchar](100) NOT NULL,
	[HPCSANUMBER] [nvarchar](20) NOT NULL,
	[IDNumber] [nvarchar](20) NOT NULL,
	[Discipline] [bit] NOT NULL,
	[TitleId] [int] NOT NULL,
	[ProvinceId] [int] NOT NULL,
	[RegionId] [int] NOT NULL,
 CONSTRAINT [PK_dbo.DoctorProfiles] PRIMARY KEY CLUSTERED 
(
	[Id] ASC
)WITH (PAD_INDEX = OFF, STATISTICS_NORECOMPUTE = OFF, IGNORE_DUP_KEY = OFF, ALLOW_ROW_LOCKS = ON, ALLOW_PAGE_LOCKS = ON) ON [PRIMARY]
) ON [PRIMARY]

GO
/****** Object:  Table [dbo].[Provinces]    Script Date: 2018/12/09 09:10:34 AM ******/
SET ANSI_NULLS ON
GO
SET QUOTED_IDENTIFIER ON
GO
CREATE TABLE [dbo].[Provinces](
	[Id] [int] IDENTITY(1,1) NOT NULL,
	[Description] [nvarchar](100) NOT NULL,
 CONSTRAINT [PK_dbo.Provinces] PRIMARY KEY CLUSTERED 
(
	[Id] ASC
)WITH (PAD_INDEX = OFF, STATISTICS_NORECOMPUTE = OFF, IGNORE_DUP_KEY = OFF, ALLOW_ROW_LOCKS = ON, ALLOW_PAGE_LOCKS = ON) ON [PRIMARY]
) ON [PRIMARY]

GO
/****** Object:  Table [dbo].[Regions]    Script Date: 2018/12/09 09:10:34 AM ******/
SET ANSI_NULLS ON
GO
SET QUOTED_IDENTIFIER ON
GO
CREATE TABLE [dbo].[Regions](
	[Id] [int] IDENTITY(1,1) NOT NULL,
	[Description] [nvarchar](100) NOT NULL,
 CONSTRAINT [PK_dbo.Regions] PRIMARY KEY CLUSTERED 
(
	[Id] ASC
)WITH (PAD_INDEX = OFF, STATISTICS_NORECOMPUTE = OFF, IGNORE_DUP_KEY = OFF, ALLOW_ROW_LOCKS = ON, ALLOW_PAGE_LOCKS = ON) ON [PRIMARY]
) ON [PRIMARY]

GO
/****** Object:  Table [dbo].[Titles]    Script Date: 2018/12/09 09:10:34 AM ******/
SET ANSI_NULLS ON
GO
SET QUOTED_IDENTIFIER ON
GO
CREATE TABLE [dbo].[Titles](
	[Id] [int] IDENTITY(1,1) NOT NULL,
	[Description] [nvarchar](100) NOT NULL,
 CONSTRAINT [PK_dbo.Titles] PRIMARY KEY CLUSTERED 
(
	[Id] ASC
)WITH (PAD_INDEX = OFF, STATISTICS_NORECOMPUTE = OFF, IGNORE_DUP_KEY = OFF, ALLOW_ROW_LOCKS = ON, ALLOW_PAGE_LOCKS = ON) ON [PRIMARY]
) ON [PRIMARY]

GO
INSERT [dbo].[__MigrationHistory] ([MigrationId], [ContextKey], [Model], [ProductVersion]) VALUES (N'201812061200370_InitialCreate', N'WebAppDoctorManagement.Models.ApplicationDbContext', 0x1F8B0800000000000400DD5C5B6FDB36147E1FB0FF20E8691B522B97B5E802BB45E6245BB0E6823AEDF656D012ED08952855A2D204C37ED91EF693F617762851375E74B115DB19060CB578F89DC3C38FE42179987FFFFE67FCF6C1F78C7B1CC56E4026E6C168DF3430B103C725CB8999D0C58BD7E6DB37DF7E333E73FC07E3632E77C4E4A0268927E61DA5E1B165C5F61DF6513CF25D3B0AE260414776E05BC809ACC3FDFD9FAC83030B0384095886317E9F10EAFA38FD013FA701B1714813E45D060EF662FE1D4A6629AA71857C1C87C8C613F3773C3F09C3D3C0A6417489085A621F133ACA2A9AC689E722306A86BD85692042028A28987CFC21C6331A0564390BE103F26E1F430C720BE4C59837E5B814EFDAAAFD43D62AABAC9843D9494C03BF27E0C111779325565FC9D966E14670E419389C3EB256A7CE9C98170E4E3FBD0F3C7080A8F078EA454C78625E162A4EE2F00AD3515E7194419E4700F735883E8FAA887B46E77A7B05AD0E47FBECBF3D639A783489F084E08446C8DB336E92B9E7DABFE1C7DBE0332693A383F9E2E8F5CB57C8397AF5233E7A596D29B415E46A1FE0D34D14843802DBF0A268BF6958F57A9658B1A856A9937905B80423C4342ED1C33B4C96F40EC6CEE16BD338771FB0937FE1E4FA405C185050894609FCBC4A3C0FCD3D5C945B8D3AD9FF1BB41EBE7C3588D62B74EF2ED3AE17F4C3C089605CBDC75E5A1ADFB96136BC6AFDFD898B9D4781CF7ED7F995957E9A054964B3C6045A915B142D31AD5B37B64AF276A234831A9ED639EAEE539B592AD35B29CA1AB4CA48C8556C7A34E4F63EADDECE8C8395083A2FA516F34813E11AD7AD9100B467A8C54B421D7425148186FE9FE7C7331FB9DE001364072D10A62CDCC8C7452B7F0E808E88F4B6F906C531CC0FCEAF28BE6B301DFE3980E9336C2711D07646911F3EB9B69BBB80E0ABC49FB3D1B0395D8375CDEDD7E01CB141774658ADB5F1DE05F6E720A167C43945147FA0760EC87EDEBA7E778041CC39B16D1CC7E74066EC4C0388C273C00B428F0E7BC3B1B96ADB01CAD443AEAF8E508459F5532E5A46296A092952D188A9A2952653DF054B9774333517D59B9A49B49ACAC5FA9ACAC0BA59CA25F586A602AD76665283C57F690F0D1F00A6B0BB1F01AEB778EBE6828A1B673043E25F30C1114C63CE0DA21447A4EC812EF3C6368285B4FB98D2275F9B524D1F91970CAD6AA5D1904E02C38F861476F747436A267CBE771D169574D816E5C200DF495EBDE36A1F7382659B1E0EB5666E5AF966E600DD703989E3C076D351A03810E3C71975FB218633DACF36B2D688E723D03020BACB963CF8026D3345525D9353EC618A8D133B3B309CA2D8468EEC466890D3C3B07C455518569E93D48DFB41D2094CC711AB84D826288691EA122A0F0B97D86E88BC562F09353B2E61ACED850EB1E41487983085AD9EE8A25C7D2CC20C28F4089DD2E6A1B155615C33113551ABAECFDB42D8B2DFA5D38A8D70B22576D6F092C76F4F42CC668F6D809CCD2EE96280F6886F1B04E57B95AE0410372EBB465061C7A421280FA93642D0BAC7B640D0BA4B9E1D41B32D6AD7FE17F6ABBB46CFFA4679F3CB7AA3BBB6C0CD9A3F768C9A59EC097528D4C0914CCFD3392BC40F54B139033BF9FE2CE6A1AE4811063EC3B47E6453C6BBCA38D46A061149D4045812AD05945F0E4A40D280EA615C7E96D7681D8F227AC0E6E76E8DB07CEE17602B1C90B1AB97A41541FD55AA48CE4EBB8FA265051B249277DA2C547014841027AF7AC33B3845772E2B3BA64B2CDC271AAE348C774683835A22578D93F2C60CEEA59C9AED5E5205647D42B2B5BC24844F1A2FE58D19DC4B9CA3ED4E5204053DC282B55C545FC2071A6CF94947B1DA1465632B4BA3E21FC69626DF6A7C89C2D025CB4AFE15FF62CCB2E4ABE98B59FF54243FC3B0EC58919154585B68A2418496582805D560E9B91BC5F414513447EC9C67EAF89298726DD54CFFB9CAEAF2297762BE0EE4D2ECDF598DE62BFDDAB22BC7251CEE1C1ACB6AA5EDC60A2AA8AB1B2C350E7928521CE24F032FF1893ED6D2D7CEAEF2AAF5B32F32C2D812EC976229C97152C45BEF854E7D248F8FE1FBAB886A56EF333D84CEF3794C5AF5BD2E4ED5A3E4C7565514DD51D6D6FA5017DEACDA6F6210D9BFDB5A119E66B4F1CC952A00FFD413A392FC208155CABAA3D6F353AA98F592EE8842124A155228EA616535D5A46664B560253C8D47D512DD35C8C9255574B9B43BB222CDA40AAD285E015B61B358D61D5591895205561477C72ED352C4F97487D733EDD66688052DDB08AFB7A269309E66721C6641ACDCF757812A9F7B62F11B7D098C7FDF496269778343102B3B0A598F581A0CFD7C54BB34AF4F478D37FD7ACCDA4D786DCA6FCA04D0E3F5A3EF939244DA178A2285F6627F28EC03C77C4FD6FE3847DAA46522A691BB1196FBC798627FC40446B32FDED473319BDC7301609BBBC031CDB23FCCC3FD8343E151CFEE3CB0B1E2D8F1147B5ADD2B9B7A9F6D20918BDCA3C8BE43919C56B1C6239412543AB1BE200E7E98987FA6B58ED3C30FF6AFF4F39E71117F20EE97040A6EA3041B7FC969A2C324E537EFC276F4094577AF5EFCF129ABBA675C4730628E8D7DC197ABF470FD61452F6BB2AA6B58B3F2738BE73BA06AAF1694A8C28058FD91C2DCA5833C50C8ADFCCE470FDFF7354DF908612D44C54383A1F00671A1EE21C12A58DA47040EFCA4E923827E8D553F2A58C534ED830297F407139F13749F86F29A5B5C6A14DBA34D4C49A99F5BD3B1D7CACDDCF6DA24656DAF35D0E5CCEC1E706B645FAFC08C6796B83CD8EAA8C84B1E0C7B9BD47EF264E45DC93F2E3343B69B76BCC94CE3867BA3FF5582F10EA4C429527CB69F46BC69AEE98E74773C17B35FB2F08E918D277E6D3F2578D364D31DF3EE38D97A25FEEE18D7B6B57E6E99699D97D0ADA7F1CA19499AAB19D559705B9A6E76700E3BFC790024C822CAEC75A53A2F4CA7AC248B566129A257AA4F4813154B0347D22B4934ABEDD756BEE0373696CB34ABD5A47136E9E6F37FA36E2ED3AC5B931CB98D0463657AA22AE9BB651E6BCA927A4E09C5B596B4E4AFB7C5AC8DF7ECCF297F7810A7D4468FE68EF8F9A40B0FE29221874E8FF460F9BA17D6CECA5F6C84F53B76972504FBFB8D04DBB555B390B9208B205FBC058B7211E184E61253E4C0927A125177816C0AC5EC8C397D1E9E9EDBB19B8E39762EC87542C3844293B13FF76A075E2C0868D29FE640D76D1E5F87E95F3A19A20960A6CBCEE6AFC9CF89EB3985DDE78A33210D048B2EF8892EEB4BCA4E76978F05D255403A0271F71541D12DF6430FC0E26B3243F77815DB807EEFF012D98FE509A00EA4BD23EA6E1F9FBA6819213FE618657DF8091C76FC8737FF0154EDB0D9B8540000, N'6.1.3-40302')
INSERT [dbo].[__MigrationHistory] ([MigrationId], [ContextKey], [Model], [ProductVersion]) VALUES (N'201812061229113_Title', N'WebAppDoctorManagement.Models.ApplicationDbContext', 0x1F8B0800000000000400DD5C5B6FDB36147E1FB0FF20E8691B522B97B5E802BB45E6245BB0E6823AEDF656D012ED08952855A2D204C37ED91EF693F617762851375E74B115DB19060CB578F89DC3C38FE42179987FFFFE67FCF6C1F78C7B1CC56E4026E6C168DF3430B103C725CB8999D0C58BD7E6DB37DF7E333E73FC07E3632E77C4E4A0268927E61DA5E1B165C5F61DF6513CF25D3B0AE260414776E05BC809ACC3FDFD9FAC83030B0384095886317E9F10EAFA38FD013FA701B1714813E45D060EF662FE1D4A6629AA71857C1C87C8C613F3773C3F09C3D3C0A6417489085A621F133ACA2A9AC689E722306A86BD85692042028A28987CFC21C6331A0564390BE103F26E1F430C720BE4C59837E5B814EFDAAAFD43D62AABAC9843D9494C03BF27E0C111779325565FC9D966E14670E419389C3EB256A7CE9C98170E4E3FBD0F3C7080A8F078EA454C78625E162A4EE2F00AD3515E7194419E4700F735883E8FAA887B46E77A7B05AD0E47FBECBF3D639A783489F084E08446C8DB336E92B9E7DABFE1C7DBE0332693A383F9E2E8F5CB57C8397AF5233E7A596D29B415E46A1FE0D34D14843802DBF0A268BF6958F57A9658B1A856A9937905B80423C4342ED1C33B4C96F40EC6CEE16BD338771FB0937FE1E4FA405C185050894609FCBC4A3C0FCD3D5C945B8D3AD9FF1BB41EBE7C3588D62B74EF2ED3AE17F4C3C089605CBDC75E5A1ADFB96136BC6AFDFD898B9D4781CF7ED7F995957E9A054964B3C6045A915B142D31AD5B37B64AF276A234831A9ED639EAEE539B592AD35B29CA1AB4CA48C8556C7A34E4F63EADDECE8C8395083A2FA516F34813E11AD7AD9100B467A8C54B421D7425148186FE9FE7C7331FB9DE001364072D10A62CDCC8C7452B7F0E808E88F4B6F906C531CC0FCEAF28BE6B301DFE3980E9336C2711D07646911F3EB9B69BBB80E0ABC49FB3D1B0395D8375CDEDD7E01CB141774658ADB5F1DE05F6E720A167C43945147FA0760EC87EDEBA7E778041CC39B16D1CC7E74066EC4C0388C273C00B428F0E7BC3B1B96ADB01CAD443AEAF8E508459F5532E5A46296A092952D188A9A2952653DF054B9774333517D59B9A49B49ACAC5FA9ACAC0BA59CA25F586A602AD76665283C57F690F0D1F00A6B0BB1F01AEB778EBE6828A1B673043E25F30C1114C63CE0DA21447A4EC812EF3C6368285B4FB98D2275F9B524D1F91970CAD6AA5D1904E02C38F861476F747436A267CBE771D169574D816E5C200DF495EBDE36A1F7382659B1E0EB5666E5AF966E600DD703989E3C076D351A03810E3C71975FB218633DACF36B2D688E723D03020BACB963CF8026D3345525D9353EC618A8D133B3B309CA2D8468EEC466890D3C3B07C455518569E93D48DFB41D2094CC711AB84D826288691EA122A0F0B97D86E88BC562F09353B2E61ACED850EB1E41487983085AD9EE8A25C7D2CC20C28F4089DD2E6A1B155615C33113551ABAECFDB42D8B2DFA5D38A8D70B22576D6F092C76F4F42CC668F6D809CCD2EE96280F6886F1B04E57B95AE0410372EBB465061C7A421280FA93642D0BAC7B640D0BA4B9E1D41B32D6AD7FE17F6ABBB46CFFA4679F3CB7AA3BBB6C0CD9A3F768C9A59EC097528D4C0914CCFD3392BC40F54B139033BF9FE2CE6A1AE4811063EC3B47E6453C6BBCA38D46A061149D4045812AD05945F0E4A40D280EA615C7E96D7681D8F227AC0E6E76E8DB07CEE17602B1C90B1AB97A41541FD55AA48CE4EBB8FA265051B249277DA2C547014841027AF7AC33B3845772E2B3BA64B2CDC271AAE348C774683835A22578D93F2C60CEEA59C9AED5E5205647D42B2B5BC24844F1A2FE58D19DC4B9CA3ED4E5204053DC282B55C545FC2071A6CF94947B1DA1465632B4BA3E21FC69626DF6A7C89C2D025CB4AFE15FF62CCB2E4ABE98B59FF54243FC3B0EC58919154585B68A2418496582805D560E9B91BC5F414513447EC9C67EAF89298726DD54CFFB9CAEAF2297762BE0EE4D2ECDF598DE62BFDDAB22BC7251CEE1C1ACB6AA5EDC60A2AA8AB1B2C350E7928521CE24F032FF1893ED6D2D7CEAEF2AAF5B32F32C2D812EC976229C97152C45BEF854E7D248F8FE1FBAB886A56EF333D84CEF3794C5AF5BD2E4ED5A3E4C7565514DD51D6D6FA5017DEACDA6F6210D9BFDB5A119E66B4F1CC952A00FFD413A392FC208155CABAA3D6F353AA98F592EE8842124A155228EA616535D5A46664B560253C8D47D512DD35C8C9255574B9B43BB222CDA40AAD285E015B61B358D61D5591895205561477C72ED352C4F97487D733EDD66688052DDB08AFB7A269309E66721C6641ACDCF757812A9F7B62F11B7D098C7FDF496269778343102B3B0A598F581A0CFD7C54BB34AF4F478D37FD7ACCDA4D786DCA6FCA04D0E3F5A3EF939244DA178A2285F6627F28EC03C77C4FD6FE3847DAA46522A691BB1196FBC798627FC40446B32FDED473319BDC7301609BBBC031CDB23FCCC3FD8343E151CFEE3CB0B1E2D8F1147B5ADD2B9B7A9F6D20918BDCA3C8BE43919C56B1C6239412543AB1BE200E7E98987FA6B58ED3C30FF6AFF4F39E71117F20EE97040A6EA3041B7FC969A2C324E537EFC276F4094577AF5EFCF129ABBA675C4730628E8D7DC197ABF470FD61452F6BB2AA6B58B3F2738BE73BA06AAF1694A8C28058FD91C2DCA5833C50C8ADFCCE470FDFF7354DF908612D44C54383A1F00671A1EE21C12A58DA47040EFCA4E923827E8D553F2A58C534ED830297F407139F13749F86F29A5B5C6A14DBA34D4C49A99F5BD3B1D7CACDDCF6DA24656DAF35D0E5CCEC1E706B645FAFC08C6796B83CD8EAA8C84B1E0C7B9BD47EF264E45DC93F2E3343B69B76BCC94CE3867BA3FF5582F10EA4C429527CB69F46BC69AEE98E74773C17B35FB2F08E918D277E6D3F2578D364D31DF3EE38D97A25FEEE18D7B6B57E6E99699D97D0ADA7F1CA19499AAB19D559705B9A6E76700E3BFC790024C822CAEC75A53A2F4CA7AC248B566129A257AA4F4813154B0347D22B4934ABEDD756BEE0373696CB34ABD5A47136E9E6F37FA36E2ED3AC5B931CB98D0463657AA22AE9BB651E6BCA927A4E09C5B596B4E4AFB7C5AC8DF7ECCF297F7810A7D4468FE68EF8F9A40B0FE29221874E8FF460F9BA17D6CECA5F6C84F53B76972504FBFB8D04DBB555B390B9208B205FBC058B7211E184E61253E4C0927A125177816C0AC5EC8C397D1E9E9EDBB19B8E39762EC87542C3844293B13FF76A075E2C0868D29FE640D76D1E5F87E95F3A19A20960A6CBCEE6AFC9CF89EB3985DDE78A33210D048B2EF8892EEB4BCA4E76978F05D255403A0271F71541D12DF6430FC0E26B3243F77815DB807EEFF012D98FE509A00EA4BD23EA6E1F9FBA6819213FE618657DF8091C76FC8737FF0154EDB0D9B8540000, N'6.1.3-40302')
INSERT [dbo].[__MigrationHistory] ([MigrationId], [ContextKey], [Model], [ProductVersion]) VALUES (N'201812061232216_Province', N'WebAppDoctorManagement.Models.ApplicationDbContext', 0x1F8B0800000000000400DD5C5B6FDB36147E1FB0FF20E8691B522B97B5E802BB45E6245BB0E6823AEDF656D012ED08952855A2D204C37ED91EF693F617762851375E74B115DB19060CB578F89DC3C38FE42179987FFFFE67FCF6C1F78C7B1CC56E4026E6C168DF3430B103C725CB8999D0C58BD7E6DB37DF7E333E73FC07E3632E77C4E4A0268927E61DA5E1B165C5F61DF6513CF25D3B0AE260414776E05BC809ACC3FDFD9FAC83030B0384095886317E9F10EAFA38FD013FA701B1714813E45D060EF662FE1D4A6629AA71857C1C87C8C613F3773C3F09C3D3C0A6417489085A621F133ACA2A9AC689E722306A86BD85692042028A28987CFC21C6331A0564390BE103F26E1F430C720BE4C59837E5B814EFDAAAFD43D62AABAC9843D9494C03BF27E0C111779325565FC9D966E14670E419389C3EB256A7CE9C98170E4E3FBD0F3C7080A8F078EA454C78625E162A4EE2F00AD3515E7194419E4700F735883E8FAA887B46E77A7B05AD0E47FBECBF3D639A783489F084E08446C8DB336E92B9E7DABFE1C7DBE0332693A383F9E2E8F5CB57C8397AF5233E7A596D29B415E46A1FE0D34D14843802DBF0A268BF6958F57A9658B1A856A9937905B80423C4342ED1C33B4C96F40EC6CEE16BD338771FB0937FE1E4FA405C185050894609FCBC4A3C0FCD3D5C945B8D3AD9FF1BB41EBE7C3588D62B74EF2ED3AE17F4C3C089605CBDC75E5A1ADFB96136BC6AFDFD898B9D4781CF7ED7F995957E9A054964B3C6045A915B142D31AD5B37B64AF276A234831A9ED639EAEE539B592AD35B29CA1AB4CA48C8556C7A34E4F63EADDECE8C8395083A2FA516F34813E11AD7AD9100B467A8C54B421D7425148186FE9FE7C7331FB9DE001364072D10A62CDCC8C7452B7F0E808E88F4B6F906C531CC0FCEAF28BE6B301DFE3980E9336C2711D07646911F3EB9B69BBB80E0ABC49FB3D1B0395D8375CDEDD7E01CB141774658ADB5F1DE05F6E720A167C43945147FA0760EC87EDEBA7E778041CC39B16D1CC7E74066EC4C0388C273C00B428F0E7BC3B1B96ADB01CAD443AEAF8E508459F5532E5A46296A092952D188A9A2952653DF054B9774333517D59B9A49B49ACAC5FA9ACAC0BA59CA25F586A602AD76665283C57F690F0D1F00A6B0BB1F01AEB778EBE6828A1B673043E25F30C1114C63CE0DA21447A4EC812EF3C6368285B4FB98D2275F9B524D1F91970CAD6AA5D1904E02C38F861476F747436A267CBE771D169574D816E5C200DF495EBDE36A1F7382659B1E0EB5666E5AF966E600DD703989E3C076D351A03810E3C71975FB218633DACF36B2D688E723D03020BACB963CF8026D3345525D9353EC618A8D133B3B309CA2D8468EEC466890D3C3B07C455518569E93D48DFB41D2094CC711AB84D826288691EA122A0F0B97D86E88BC562F09353B2E61ACED850EB1E41487983085AD9EE8A25C7D2CC20C28F4089DD2E6A1B155615C33113551ABAECFDB42D8B2DFA5D38A8D70B22576D6F092C76F4F42CC668F6D809CCD2EE96280F6886F1B04E57B95AE0410372EBB465061C7A421280FA93642D0BAC7B640D0BA4B9E1D41B32D6AD7FE17F6ABBB46CFFA4679F3CB7AA3BBB6C0CD9A3F768C9A59EC097528D4C0914CCFD3392BC40F54B139033BF9FE2CE6A1AE4811063EC3B47E6453C6BBCA38D46A061149D4045812AD05945F0E4A40D280EA615C7E96D7681D8F227AC0E6E76E8DB07CEE17602B1C90B1AB97A41541FD55AA48CE4EBB8FA265051B249277DA2C547014841027AF7AC33B3845772E2B3BA64B2CDC271AAE348C774683835A22578D93F2C60CEEA59C9AED5E5205647D42B2B5BC24844F1A2FE58D19DC4B9CA3ED4E5204053DC282B55C545FC2071A6CF94947B1DA1465632B4BA3E21FC69626DF6A7C89C2D025CB4AFE15FF62CCB2E4ABE98B59FF54243FC3B0EC58919154585B68A2418496582805D560E9B91BC5F414513447EC9C67EAF89298726DD54CFFB9CAEAF2297762BE0EE4D2ECDF598DE62BFDDAB22BC7251CEE1C1ACB6AA5EDC60A2AA8AB1B2C350E7928521CE24F032FF1893ED6D2D7CEAEF2AAF5B32F32C2D812EC976229C97152C45BEF854E7D248F8FE1FBAB886A56EF333D84CEF3794C5AF5BD2E4ED5A3E4C7565514DD51D6D6FA5017DEACDA6F6210D9BFDB5A119E66B4F1CC952A00FFD413A392FC208155CABAA3D6F353AA98F592EE8842124A155228EA616535D5A46664B560253C8D47D512DD35C8C9255574B9B43BB222CDA40AAD285E015B61B358D61D5591895205561477C72ED352C4F97487D733EDD66688052DDB08AFB7A269309E66721C6641ACDCF757812A9F7B62F11B7D098C7FDF496269778343102B3B0A598F581A0CFD7C54BB34AF4F478D37FD7ACCDA4D786DCA6FCA04D0E3F5A3EF939244DA178A2285F6627F28EC03C77C4FD6FE3847DAA46522A691BB1196FBC798627FC40446B32FDED473319BDC7301609BBBC031CDB23FCCC3FD8343E151CFEE3CB0B1E2D8F1147B5ADD2B9B7A9F6D20918BDCA3C8BE43919C56B1C6239412543AB1BE200E7E98987FA6B58ED3C30FF6AFF4F39E71117F20EE97040A6EA3041B7FC969A2C324E537EFC276F4094577AF5EFCF129ABBA675C4730628E8D7DC197ABF470FD61452F6BB2AA6B58B3F2738BE73BA06AAF1694A8C28058FD91C2DCA5833C50C8ADFCCE470FDFF7354DF908612D44C54383A1F00671A1EE21C12A58DA47040EFCA4E923827E8D553F2A58C534ED830297F407139F13749F86F29A5B5C6A14DBA34D4C49A99F5BD3B1D7CACDDCF6DA24656DAF35D0E5CCEC1E706B645FAFC08C6796B83CD8EAA8C84B1E0C7B9BD47EF264E45DC93F2E3343B69B76BCC94CE3867BA3FF5582F10EA4C429527CB69F46BC69AEE98E74773C17B35FB2F08E918D277E6D3F2578D364D31DF3EE38D97A25FEEE18D7B6B57E6E99699D97D0ADA7F1CA19499AAB19D559705B9A6E76700E3BFC790024C822CAEC75A53A2F4CA7AC248B566129A257AA4F4813154B0347D22B4934ABEDD756BEE0373696CB34ABD5A47136E9E6F37FA36E2ED3AC5B931CB98D0463657AA22AE9BB651E6BCA927A4E09C5B596B4E4AFB7C5AC8DF7ECCF297F7810A7D4468FE68EF8F9A40B0FE29221874E8FF460F9BA17D6CECA5F6C84F53B76972504FBFB8D04DBB555B390B9208B205FBC058B7211E184E61253E4C0927A125177816C0AC5EC8C397D1E9E9EDBB19B8E39762EC87542C3844293B13FF76A075E2C0868D29FE640D76D1E5F87E95F3A19A20960A6CBCEE6AFC9CF89EB3985DDE78A33210D048B2EF8892EEB4BCA4E76978F05D255403A0271F71541D12DF6430FC0E26B3243F77815DB807EEFF012D98FE509A00EA4BD23EA6E1F9FBA6819213FE618657DF8091C76FC8737FF0154EDB0D9B8540000, N'6.1.3-40302')
INSERT [dbo].[__MigrationHistory] ([MigrationId], [ContextKey], [Model], [ProductVersion]) VALUES (N'201812061255107_Provinceregion', N'WebAppDoctorManagement.Models.ApplicationDbContext', 0x1F8B0800000000000400ED5CDB6EE4B8117D0F907F10F49404DE962F99C1C468EFC2DBB63746C6174CF76CF236604BECB63012A51529AF8D60BF6C1FF249F985901275E14D976E75B71C0C16584C8BE4A96255912C16ABFCDFDFFF33FDE1250CAC6798603F4217F6C9E4D8B6207223CF47EB0B3B25ABEF3ED83F7CFFC73F4CAFBDF0C5FAB9E877C6FAD191085FD84F84C4E78E83DD2718023C097D378970B42213370A1DE045CEE9F1F1DF9C93130752089B6259D6F4538A881FC2EC07FD398B900B639282E02EF26080F977DA32CF50AD7B10421C03175ED8FF84CBCB38BE8A5C1225770081350C2122937CA06D5D063EA04CCD61B0B22D80504400A12C9F7FC6704E9208ADE731FD0082C56B0C69BF150830E45339AFBA779DD5F1299B95530D2CA0DC149328EC097872C6C5E4C8C33712B65D8A910AF29A0A9CBCB25967C2BCB01F93E8D9A762B72D99D8F92C4858C716594F0A84234BDFEFA8B4176A56ECBF236B9606244DE0058229494070643DA6CBC077FF015F17D157882E501A0475B629E3B44DF8403F51C2314CC8EB27B8E293B9F56CCB11C739F2C072586D4C3ECD5B44CE4E6DEB9E1207CB0096565113C99CCE0CFE04114C0081DE232004268861C04CAE0A7589D615C46EE2C7B92A73A2D41AE91AB3AD3BF0F211A23579A2ABEF98AEAA1BFF057AC517CEC867E4D32549079124851A46EBC4A74EA5EA46032878FF14058D467057DAD8258EEF219914032739E44D42E17E8D92AF933AE291D5795C6527A75DEDE4EC64B93AFBF0EE3DF0CEDEFF159EBDDBBFCDE8D477FA617BF5A934D9FF1BA89EBE7B3F08D57BF0ECAF33D54BF4E9CE99D08DF5130CB256FCE4C7F9FE2AE8FB0BEF76934421FB2DDA57DEFA651EA509DB711691B1CB02246B48B634690635BC5917A8E3376DC6A96ADEDAAE6C429BAC8482C4BE5743C1EF6EE976B6B8854F9ACDACF908CD867F3B3FDFE4F9493546459F4D8F2D86CD8D40027AF3E6B0BFCDE03A047E30C0D9D8810ABDA2ACFC2484E52C7F8CE84E04506F9E1F01C6F468F0FE0EF05303EBF49F03B03E876E9A50B39D1310C63BA7F6F81421789F864BB61AF6476B30D52C7E8D6E005B74D7888DDA1AEF63E47E8D52728DBC2BBAEB7D266E01C87E2EFCB03BC020EC5CBA2EC4F8861A33F46611BD81B7EDDFCD706CAF3AB46F3A0B801FEA9D536957FD5274AD1C547D0FC5493574D339AA4DAC7E8CD63EEAC66AD1D5CC6ADEA39555DEAD2FAB0CAC1BA7BCA799D1AC432B9F79AFC15CFF4C43C3FBFE19ECF89DFFB1FB7287BA3964EA6344777E3665947E06413A34A98D5643B6090CBF1A32D8F1AF868CCD2C52E931AFA4C38DB8E84CE13BF5D75FB6DBD79CC4D9BE978330CD7D13DFCF1E605A2E971847AE9FAD024D2C9447B244FEA90F67B587B5F2D9C8A1313A316AE83E3BF2E8173A375B36AA0774050348A075E9E68F0533805DE0A962A413F27A30569CA81AC6AA1099C8DC5F149AD4D261C206017609C274A5FA88A8CBC247AE1F83A0554AD2C88E47189B7B49436EB98231448C60AB24BA10D747C41803251D49296D129A3A358B6B364483D76AD2799B0B5BE95D8956ECC5265B7C67835D72FF6D2786D92CB13D1867B348BA30608CEE1EC240F95DA5AB01C81797B119A8746332182877A9F662A0A2C40E60A0A248DE9C81E657D4AEFA97EEAB63334FF1A2BCFF63BD515C07B04D411E2333CDDCF7A463081D0113D53CAF96AC11BE10CDE58CF2C9EF6798BBBAB28930F03924523607B6ADCAE7E5B651657A38CD203C9AA30088CE6C0B886C894D8095B5B68066EF643A24FEFED6329CBF4D2BA39545DD636E453CB17172DC93E9015BC4FE1A61F9F923C1D6EC50C5AEBFD1D73A9A5FF2E505D2E90654CEAC342665A175BAB0D47034F6246FA0E2C43B08C5141B5605D3C51FEFE391D726C695D120A016EFD920A46232834BA930CD7629E99CC23E6EE15652925C3883948AC90C2E256EA3ED42D238263D5C93AD4424BA11032DB622DA529E7865DBD4C9D338F987A963C8F79CDE8138F6D1BA96FFC9BF58F33CF973F6DDBC7F2A649863382ED6644496DC969448948035945A2969CAE98D9F607205085802166B9A79A1D24D7BBE1BB6FF82A47C84AB8A2CCE826204FB773EAA5B8AA6C637E2503774B26C44366F583305F3508BA5E58200249A47845914A42132FB7AE6D1428A471D466850F1A68E3413C5B353C4A7F8DFA23E3A69CBB47A37D594E063F5D756F3F0DD682C7FFCAD8FCFBF8C4647EA6E36BCBE4A1776739D99214C922F6E3175D99B6E36669422D0594731053F0FA643EEF90FA7B8FCC6D05F5B8671DF36C3F27E359C8EE47B597F6DB522EC466F3C21AD0EC03FF5C4A8E5342960B5B6EEA862DA591D536CE98E28E596D521A5A61E5CD633C80426EB0D1BE11924AAEFD19D829A335647575BBB236BB2C7EAD09AE60DB0353CCB6DDD5135096675604D7377EC2ADB4C3EF446EC7418A30543781D796C693BB7C380B19BCD7118AFA596C65307AA7DEE89C513751430FE7D9486650CB00C61587974713BC3326098F723211746DC8E1A1378CC9842828BB0E53725F898F1FA99EF4E8D4409B5C85D4AEA65C8450AAD4C7998A3BDDE56897BE45D6CAB10233DEE5F3181E1847598CC7F0966810FD9E65E74A0D6E6AF20267952977D7A7C722AD5E98EA766D6C1D80B3461225DE1ACA8AF3DE466FA4CAAADD9973D53B134A535E81924EE1348D4E29A1D549EEE5D8AFAD9B17CB32D0A332B50E529EF1679F0E5C2FE7736EA3C8BC8B27F659F8FAC5BFC19F9BFA4B46191A4D0FA4DCD9F1F56E6FA60C348CB0ABB4BF5F65F5FF2A147D64342F79C73EB5892E5261A168B0D7B71930FDD829B9E2588DF36A381CAF8DEEE7E2454C36951A5FD64F3E2B7A54F06297C2BB8FC53085EFEDC97356D71DB56889A02B6A1F00611A1A9406D132C63719A477F92AC38ADDF64F5C56A9BB0662C54CBF69C2DCBD4BAEFE2C5C8039ED49AFBF99BDDDBC775B42BD5405B2D74B5E2A707DC16553D1B58C61B2B8819EC74D4D4BB0C867D48D3DE7991CB58EA5AAA64C1C396B3ECB382A5E175F9FFAA706504A9D69AB4CDC397A7ECDBD64C6F0A23CFF1EF5784323263E3C9BC872F35D9B7B199DE19466E6CBD0A4A46666B873A3F0F6C699D8FD0839787A859A6B25AC5D281AAB6A3F20295B28FFCC586DEEC9711557EEE49D60A463A5627E4E6A190119B75A4F23F0CA04F273611ABECD148B0EA62266ACE639609E751546381898E044F4D6B435656BD4243E9D13CA17E52E4DE4AA318799F66B286BA8226DAFCF06AA4CDFB34D33664EB1FA2E2459B2FAF2B626AD9849B1241DF52858B30939682AA3687BB314BE52D15B40C221461F518322CDE4EFDCA20221972E9F4A857519325E8C15FFB13E6D4F9C0FEBA82607FD01C415738F2CB3EB76815159E87C451D1450A2FDD41023CEA0F5C26C45F0197D0661620CFFE664A167464CF344BE8DDA28794C429A15386E13210A275CC8369A29F15E5883C4F1FB287383CC414289B3E7B5878403FA67EE0957CDF68025A0608E61AF17034D3256161E9F56B89741FA18E405C7CA547B780611C5030FC80E6E0196EC21B35BF8F700DDCD72A7C690269578428F6E9950FD6090831C7A8C6D39FD486BDF0E5FBFF0159AA89CFC95F0000, N'6.1.3-40302')
INSERT [dbo].[__MigrationHistory] ([MigrationId], [ContextKey], [Model], [ProductVersion]) VALUES (N'201812061259151_Region', N'WebAppDoctorManagement.Models.ApplicationDbContext', 0x1F8B0800000000000400ED5D5B6FE3B8157E2FD0FF20E8A92DB2562E9DC13470769175926DD0C905B167DBB7012DD18E3012E515A96C82627FD93EF427F52F9494A80B6FBAD8B22D17C1028BB1487EE7F09C43F2F0F09C99FFFEFE9FF10FAF6160BDC018FB11BAB04F46C7B605911B793E5A5ED809597CF7C9FEE1FB3FFE617CED85AFD6CF79BF33D68F8E44F8C27E266475EE38D87D8621C0A3D077E308470B3272A3D0015EE49C1E1FFFCD3939712085B02996658D9F1244FC10A63FE8CF49845CB8220908EE220F06987FA72DD314D5BA0721C42BE0C20BFB9F707EB95A5D452E89E23B80C0128610915136D0B62E031F50A6A63058D816402822805096CFBF603825718496D315FD0082D9DB0AD27E0B1060C8A7725E766F3BABE353362BA71C9843B9092651D811F0E48C8BC99187AF256CBB102315E43515387963B34E8579613FC6D18B4FC56E5B32B1F34910B38E0DB21EE5084796BEDF51612FD4ACD87F47D624094812C30B04131283E0C87A4CE681EFFE03BECDA26F105DA02408AA6C53C6699BF0817EA2845730266F4F70C12773EBD996238E73E481C5B0CA986C9AB7889C9DDAD63D250EE6012CACA22292299D19FC0922180302BD4740088C11C380A95C15EA12AD2B88DDD85F65AACC88526BA46BCCB6EEC0EB678896E499AEBE63BAAA6EFC57E8E55F38235F904F97241D44E2046A18AD121F3BA5AA6B0DE0092E5376D6557F36FE5DF907A9FC9CF7A728A8DD01EE8A0DE612AFEE2119E5034719E44D4CE17E8DE26FA32AE291D57A5C6927A76DEDE4EC64BE38FBF4E123F0CE3EFE159E7DD8BDCDE8D477FA6973F5A934D9FF6BA89E7EF8D80BD57BF0E22F53D54BF4E9B119D353F50906692B7EF657D9E12AE8FB2BEF76134721FB2DDA57D6FA751A25313B6E6691B1CB0CC44B4836346906D5BF59E7A8C3376DC6A96ADEDAAE6C42EBAC849CC4AE5743CEEF76E9B6B6B8994FEACDACFE004D87BF9F9F07797E528D51D1A7D3638B617D2390800EDE1C76B7195C87C00F7A381B5B50A1F7D3851F87B098E58F11DD8900EACCF323C0981E0DDEDF017EAE619DFEB107D6A7D04D626AB65302C2D5D6A93D3E4708DE27E19CAD86DDD1EA4D35B35FA31BC016DD3562A336C6FB1CB9DFA2845C23EF8AEE7A5F889B03B29F333F6C0FD00B3B97AE0B31BEA1C60CBD499420D2B47FD7C3B1BD6ADFBEE924007EA8774EA55DF56BDEB57450F53D1427D5D04DE7A8D6B1FA395AFAA81DAB795733AB598F465679B7AEAC32B0769CF29E6646D30E8D7C66BD7A73FD530DF5EFFBA7B0C377FE87EECBEDEBE690AA8F11DDFAD99452FA190449DFA4D65A0DE926D0FF6A486187BF1A5236D330B5C7BC921637E2BC33856FD55F7FD96E5E731267BB5E0EC234774D7C377B8069B95C621CB97EBA0A34B1501EC912F9A73E9CD51CD6CA662387C6E8C4A8A1FBECC8A35FE8DC6CD9A81ED0150C2081D6A59BBD144D007681A78A914EC8EBC0587EA26A182B436422737F5168524B87311B04D82508D395EA23A22E0B1FB9FE0A048D529246B63CC2D8DC0B1A72CB155C41C408364AA20D717D448C3150D09194D224A1B153B1B87A433478AD269D37B9B0A5DE9568C54E6CB2C17736D825F7DFB66298F512DB8171D68BA40D03C6E8EE3E0C94DF55DA1A807C71199A814A3726838172976A27062A4A6C0F062A8AE4E00C34BBA2B6D5BF745F1D9A798A17E5DD1FEBB5E2DA836D0AF218986966BE271D43E80818ABE67935678DF095682E67944F7E3FC3DCD5954D84814F21915279B06D953E2FB78D32CDC7A907C9D239741079A2481340160E52868BDE7003886CCA7580A5B93780A60F6D3A24FE80D7309C3F6E2BA3955DA1C3DCF28064EDE4B82BD401360F1ED6C2F2034C82AD18B28A5D7DE4AF7434A702C82BACD515AA9859614CCA4A6D75E3A9E068EC49DE81C589B7108A29B8AC0AA68D43DFC5A5AF4C8C2BA346400DEEB74148F9647A97526E9ACD52D279955DFCCA8DA424F9800629E593E95D4ADC469B85A4F16C3AF8361B8948F4437A5A6C79B8A638328BB6B1932501F30F63C7902D3CBE03AB958F9695EC61FEC59A66A9C393EFA6DD1369C30CC371B1269FB6E0B6A044A2182CA1D44A49534E6FFC18932B40C01CB060D5C40B956E5A07C1B0FDE724651F4055647E16E423D89FB351ED127C35CE1587BAA1936523D279C38A2998875A2CA91B0420D6BC424CA2200991D959348F167244AA3042838A3776A49928AEA1223EC58117F5D14A5BB9B3D59FAEB893D65D53A681EF7A2A7CDAFEB424F8C2DD75553F7C3B1ACB5EF9ABE3B32F83D1917AEAF4AFAFE2AAB1BECECC1026C9E7D7D5AAEC4D5758334A1ED1AEA298A2DC7BD321BFA1F5A7B8EC66D75D5B8671EF9B61710FEE4F47F2FDB9BBB61A11B6A3379E795805E09F3A625492D714B04A5B7B5431BFB08A29B6B447949208AB905253072EABA9820293D586B5F00C12D5F7684F414D0EACA2ABADED9135698255684DF31AD81A9EE5B6F6A89A4CC22AB0A6B93D769956281F7A03763A8C519D3EBC8E2C06B899DB61C0D8CEE6D88FD752C9D7AA02553E77C4E219590A18FF3E48C33206C2FA30AC2C0ABC99611930CCFB9190F4246E47B5995A664C219349D8F2EB32B9CC78DDCC77AB46A284C4E42E05F522342685C0C63C1CD55C55AFC4A7B22EB6958B911EF76F98C070C43A8CA6BF0493C0876C73CF3B506BF31710932C7BCF3E3D3E3995AAF1875319EF60EC059A709EAE3C5ED4D70E92707D26D5C634DB8E39779A1A2AF40262F719C46A1555AFF5E5EFF2EBA3447BE752D4CF8E25666E50C15C822A6FDEB7C883AF17F6BFD351E7E9CB03FB53FAF9C8BAC55F90FF4B421B667102ADDFD442937E65AE0FD60CB4FEB6BD546FFFF5351B7A643DC474CF3EB78E2559AEA361B12AB71337D9D00DB8E958ABFBBE19F554EF7AB8FB915036AA4595F693F5AB44E73EE9A54234E7F24F2178FD7357D6B455A01B216A2A3DFBC2EB4584A64ACE75B08C559C1EFD49D22ACE6E93D55775AEC39AB1A233DD7336ACE76CBF8BE723F778526BE21B07BBB70FEB6857CAE6365AE86A695C07B80DCADFD6B08C03AB1CEBED74D41486F586BD4FD3DE7A35D8500AC0CAA4D8FDD67DEDB2D4ABE675FEFFAAC26B0035099AF4E4FDD771EDDAD64C6F32032F86E956AD353063E349EBFBAFC9DAB5B199DE69066E6C9D2AAF06666BFB3A3FF76C69AD8FD0BDD751A9D9D4B25AC51299B208AAF40295FAA8ECC58BDEECE711557EE649562AAB5A954FD5544FE9E08B9AAB96253E99ED2924C4661DA1ECAFE7D0E7E49B8895C66E2458763113351703C884B310ADB14A4B4782E70D36212B5B8A4243E9513FA16E52E4AE50AD18799F7AB286E29C3ADAFC64ACA5CDFBD4D33694BCECA36C4C5B74A2AB046CD8E10D590DDA9AC2219789093369A84A6CF2E66B53880EA92AAC17A108ABC790FE72384560BD88A4CFA5D3A1E84BCD64A15E45E55F91A09E0DF6972504FB37251074057FA2E8738B1651EED6481CE55DA4D8D51D24C0A3CEC6654CFC0570096D66D1F7F46F2E4A239AEC0D680EBD5BF490905542E89461380F845020738FEAE8A7956D22CFE387F4950FF73105CAA6CF5E2D1ED08F891F7805DF379A68990182F95D3CD6CD744958CC7BF95620DD47A82510175FE12ECE60B80A28187E4053F002D7E18D9ADF67B804EE5B191B3581342B4214FBF8CA07CB1884986394E3E94F6AC35EF8FAFDFF00704AB5F04C650000, N'6.1.3-40302')
INSERT [dbo].[__MigrationHistory] ([MigrationId], [ContextKey], [Model], [ProductVersion]) VALUES (N'201812061313378_DoctorProfile', N'WebAppDoctorManagement.Models.ApplicationDbContext', 0x1F8B0800000000000400ED5D596FE4B8117E0F90FF20F4531278DD3E328389D1DE85A73DDE35323EE0F66CF236A025BA2DAC8E5E899AB511E497E5213F297F21A4444A3C25EA68B5BC30E6C52D925F15AB8A579155F3BFFFFC77F1C3731838DF6092FA71743A3BDC3F9839307263CF8FD6A7B30C3D7EF761F6C3F77FFCC3E293173E3B3FB37AC7A41E6E19A5A7B327843627F379EA3EC110A4FBA1EF26711A3FA27D370EE7C08BE74707077F9B1F1ECE218698612CC759DC6511F24398FFC03F9771E4C20DCA4070157B3048E9775CB2CA519D6B10C274035C783AFB077C38DB6CCE6317C5C91588C01A863042FB45C3997316F80033B582C1E3CC015114238030CB275F52B842491CAD571BFC0104F72F1B88EB3D822085B42B275575DB5E1D1C915ECDAB860CCACD5214872D010F8FA998E672F34EC29E9562C482FC84058E5E48AF73619ECE0A09DE26F1A31F6009C8144F9641426A37087C5F80D973F495F74ACBC10646FEED39CB2C4059024F2398A104047BCE6DF610F8EEDFE1CB7DFC0B8C4EA32C08F80EE02EE032E103FE84E96E60825EEEE023EDD6A53773E662BBB9DCB06CC6B529FA7A19A1E3A399738D8983870096F6C1C965857B067F84114C0082DE2D40082611C180B98415EA12AD0B3F4911F99391C45689C7DACCB902CF9F61B4464F78141EE0D175E13F438F7DA16C7C897C3C347123946450C3663DE95596443B21FCD3ED727576FDE5EAE3A7BB1AE2475BA17D797E9D850F30199DF0B99FBAFE26F0A352E01FE33880206A8D74EFA30036DB683D08FEF9CDC7B36C5F9C3BB8C6A3A035CA35F8E6AFF30164E06BE6DCC120AF903EF99B6202172797AF55D58B240EEFE2409EC5CA1A5F577196908AF7716DB57B90AC21B267B6E8BC05ABACA289D1A2BC814D5AA92D93B9B958F048EB9958CC8B1B382CEAE8185CCCAB05A77619AA94DA750562086F8B4FE3E2730E5337F137C58E62BBAB80B501B0A1D255FD45FB37E5BF4AE5D339A8ABEEF3E66FAA7F95AA67BC9375A5CE02AECA23CE59BAB986689F35DC2F202F120CF75B9CFCB2CF23EE39D6ED2A3B39B2B593E3C387C7E30FEFDE03EFF8FD5FE1F1BBF16D46A7BEA30FDBD8C7369C558EDEBD1F84AA713B830FEE49AADDCEF0FAFE4AAB55BB19B554D9CC68AAF4DACB303C0235BC5933D4E99B36E154356F6D55D2A12E238191187B34307EB74BD7DAE2F0B28795979B169148F79554027AF56BEA7816F129047E30C00469416519478F7E1242AFAF47E116A4299E1FBC9F40FA54C33AFE7300D657D0CD126CB62B04C2CDD6A9DD3EC5116C74F90C4E6B30D5DCFF165F0032E83E45A4556FBCCFB1FB4B9CA14F91778EB78E5F90CB00C9CF7B3FB40718849D33D785697A818D197ACB388B503F6F1499AB76BD415906C00FF53B146956FDCAAA56BB147D0D65A762A8D6D635F4395EFB911DABACAA99D5A24623ABB45A6B571B06B3E394D634339A5768E4B3A835D8FE2FD7D0F01BC01C76FA3BC0A91F8877B57DCCD547886E7D6DCA29FD0C826C68529D46433E090C3F1A72D8E98F869CCDDC4DED915D89C5B18855C6F056F5F527AEE631277136F67010BA3936F171E600D370394BD3D8F5F351A0BB90AF2EBBC43EE07D9C6377F355F44AB9F6C13DC4164F2E265DCCD5E9EC2F8A981A49B035922351DDE288E88733D9766FA2731840049D33B77817B104A90B3C555B586E9EF8059B3B4CC8C006E42494E2E1EA47481D1B980F7F0302AB3E48AD2DD732C25D49472E39871B1891F9C74A4F360CF057B72A23253D497C4DD25ACC39136C6399F4C2C6CE68E48BCEC1AD52BA24E508B08BA5695BA4C8FFE8F628EAC7867CF5006002B658DC1FD9598A74A13DB8258A97E11C3EBDE49AB61D0ADC8F6E86826E6CA8976F627662849A9B07938DD45D435426225E866DD1526A19D3D8AE7AA5D1343C3AD9A2594A2398A2591256F3A1F6066324433438984C3A6FF236557A572E1646B1C9063797C12EA9AB652B86592FB1118CB35E24360C186FE37661A0D4AD686B00B28F716A062A39370D064ABD1FA318A828B11D18A828925767A08537D956FF926B796AE629FAB4C75FD66BC5B503DB14E43131D32CDC44B80DC22D60A29AE7F9032984CF48E347C57C52576A4ABD52B28910F01544BA53543A732A1F95FE4CA41C814438E6A1D02155AEA10690E260A9836027F90680FC4CA06B4F0F604DF4637D6B716FDE00220FAC3AC06AF03580D2B74D0A9032C9B4608E5D45D6724777562D60D9B5612D2C5D0F25586E5C180C958B00E02AD7C70AC803D7DA815AF6521D2DCA6C60ED32E540B93123CFF0A2245A4B890D972619E91C79F6AEBC21E42339EF38C87232185836742A68128DC6AF64ED591A4230A22F894364735C6FB1E81E4FAA52697274D8BA3A78CDC64DA2A8F14C70389A99B6B7504CEF3554C1D81CBCDB1CBDB98E5165D408A8E1986C1012EBCCE05262737EB39474A7BF36E7BF5E5292CE6A0629B1CE0C2E256AA3CD42D29C405A9C417A89483C2F0C34D8D80D68B9B52DCB16F322BC9B7E58CC0D71E08B2BB0D9F8D19A8B0BA75F9C551114BEFC6ED53E443A2C30E6AE206D79235E52C2D3335843A91493C69CE641BDE700810740EE7F975EA854D36EE40DFB2A4652BB5757B5C9765AAC19F9BB68DA22745B731CA27817B8DBA4592E01685ADDD4F60E89DE07014834EF7C9671908591F98C676ECDC54FF320DC677BAC32209A472A3FDAE308F1CD3C9650608F57C52C0B722ABFDA23F141C83C16FFDD1EADBC74E1A18C3731661CFE429B87AABBE836A35517923C96F99A924C3492692BA77B6550293E1871A85A0DE46AC73FDC18369D732C86AFB9E97646AE10842618235F30196DB113C870BAD29FB72C34656AF8A6A7CAEB339C9AB4673F0B2D19DABD29A9F4AD0DA723C127D75E55F5CDB7A33175CF62DAAEEC4847EA1E7F787D952ECFEE3A33439824CF9CF8BCEC4D8E7D330ABBE717361986BBFF9DE9D0E4A2E9AA37D9C3DC5E6D8D08DB196D342A8F07A09F5A6270815D0A1857D662F32BC4DE09DB5FA1A4C531460CB0130E3362510B2EF9303A8149BEA0139E41A2FA1A2D0E274AE09C704A514AED913521743CB4A6B803B68667B9CC1E551365C7036B8AEDB1AB903B793E9DF07A6674CF0EB1A015B764FD563403C67626C76116442E968907E23EB7C4A2D14A0A18FD3E49C3327AB48730ACE29EB49F611930CCF3911010244E47B5514C664C21CA47F1F798A29CCC78EDCC77AB46A2F8B6E52A25F5D2C72DF9B217D4AFDC9CF85471341755660E13235EEE5F5204C37D52617FF56BB00C7C48267756015B9BFF08535444B6CD8E0E0E8FA484A9D3495E3A4F532FD0F8E58D194C45A58D10A5EA13D136C6A1B60C4A53D28346DF40E23E8144CDD4D42FFBE760B89AE49E5AECA3F6D072EECEA170D5D49C0F3EEA9B96333707E561D665E4C1E7D3D9BFF23627CEE53FBFD2667BCE4D8287E48973E0FC7B80649EB6D4AB96BD1890B380DA9267ED5A106F9F49F2F731136872B6751CB36D5331BEC9AFA3FC341EE037F175CC0838BA14F5BD2321E03D12E655A04D9323E934F92BFFBCE75CA65F22FFD70C17DC27192493A49CD2665899EBBDAA134DF7662F55BCE4144DC505A7A786C52470ADB8299AF6E0A6736AB8D73BA0840C6BFA3DA03820BA2754EBB20FD42553635CFE2904CF7F6ECB9A36615A2F444D52B4A1F00611A129E959172C63C2330FFF4479C2B3769DD52740EBC29A31F959BE82F74C7D663F0DB1963B5C6A34EECE57BB539AD6DAA46498EA35D0D52C522DE07A648AEA6019AF2CC9D260ABE3AD9A436930EC5D9AF6D612279515464F606488F6E8938CA4535866CDA3419B19D7E99CE7E37798EE88055B8D9B78682A96647CD238013B7A45898A6854DAA83983A66242A6E79613B020E3D3F62927199A4A5EA12ABA79B7E984C6CC2054F3BCD1D617369271F54B1C348154179A30F5DDA7071ADBD64C2F8F5AF868A79F046862C6469317EC3ED5CFD8C6667A8D3471636B95D06762B6B6ABF573C79666BD84EE3C3D8F1AFC2BAB953E1DD33E596A4CBB53BCF03A9D790F313683C255529F53C2989AA736338F8ECEAD313F894C829D771502AC40076F4AF02183D38390824DBFEBA0EFF539326464716FAC10108B75748A64F3FA707813B16AE01A095655CC44CD71F83261651253E82A35EAC9B6EB2BDD7CD57696D6A9276BC85E51479BAEC5B5B4699D7ADA869C1063272C9287B218C55B97E7413BED6862F8ED933AD8757FB04C44E214C307C54EB1DBF7C3241912A63E2EC4741A5DDE7202216DFA115DB6B486CD93E159BC36EFDA941306093D6948FCD6745036C8449FED6DCAF98106118AB04C18E2278617CAB6D2010D229221874E8BF43F6A2804DEB0671179B451FC3A87A9BFAE2016183382AEB0552FEB5C468F313B31481CB12AD26DE71544C0C3FBF8B304F98FC045B898BCD7C8FF5B98FC0E9CBC1A7A80DE657493A14D86709761F8100897C7E4E451473FCF7124F2BCB8C95F59A6437401B3E993772E37D1C7CC0FBC92EF0BCDFDAA01821C69E8EB08A24B445E49AC5F4AA4EB58CE196302A2E22B4F62F730DC04182CBD8956E01BECC21B36BFCF700DDC97EA36DD04D2AC0851EC8B731FAC1310A614A36A8F7F621BF6C2E7EFFF0FD0E05FBA30890000, N'6.1.3-40302')
INSERT [dbo].[AspNetRoles] ([Id], [Name]) VALUES (N'1', N'Admin')
INSERT [dbo].[AspNetUserRoles] ([UserId], [RoleId]) VALUES (N'ee5ce249-4fb5-40ab-90b6-06d78f112c17', N'1')
INSERT [dbo].[AspNetUsers] ([Id], [Email], [EmailConfirmed], [PasswordHash], [SecurityStamp], [PhoneNumber], [PhoneNumberConfirmed], [TwoFactorEnabled], [LockoutEndDateUtc], [LockoutEnabled], [AccessFailedCount], [UserName]) VALUES (N'53d35aee-e6bf-40c1-910b-665cc36c8cef', N'isaiah.tshuma@progsoft.co.za', 0, N'ANmVH7VnmI2xs12PpKulPjKFOcQbXWhN0LJv3W2odeSIyAgN5R0YVl7e5evpuST8BA==', N'41a01160-82dc-411c-96b9-eb5cfc541fcc', NULL, 0, 0, NULL, 1, 0, N'isaiah.tshuma@progsoft.co.za')
INSERT [dbo].[AspNetUsers] ([Id], [Email], [EmailConfirmed], [PasswordHash], [SecurityStamp], [PhoneNumber], [PhoneNumberConfirmed], [TwoFactorEnabled], [LockoutEndDateUtc], [LockoutEnabled], [AccessFailedCount], [UserName]) VALUES (N'ee5ce249-4fb5-40ab-90b6-06d78f112c17', N'prize.tshuma@avisbudget.co.za', 0, N'AP5NP4oT+M8OAWZYJOuAioL7IyGdNrRKyOhCDcr7Hs65eAM692P6Rs78sT6RSUZRtA==', N'847839ff-3c1d-4c38-8db3-befb23eafa91', NULL, 0, 0, NULL, 1, 0, N'prize.tshuma@avisbudget.co.za')
SET IDENTITY_INSERT [dbo].[DoctorProfiles] ON 

INSERT [dbo].[DoctorProfiles] ([Id], [FirstName], [Surname], [HPCSANUMBER], [IDNumber], [Discipline], [TitleId], [ProvinceId], [RegionId]) VALUES (1, N'PRIZE', N'TSHUMA', N'1213456789', N'8309226338082', 0, 1, 1, 1)
INSERT [dbo].[DoctorProfiles] ([Id], [FirstName], [Surname], [HPCSANUMBER], [IDNumber], [Discipline], [TitleId], [ProvinceId], [RegionId]) VALUES (2, N'Isaiah', N'Tshuma', N'123456789', N'8309226338082', 1, 1, 1, 1)
INSERT [dbo].[DoctorProfiles] ([Id], [FirstName], [Surname], [HPCSANUMBER], [IDNumber], [Discipline], [TitleId], [ProvinceId], [RegionId]) VALUES (3, N'Nonhlanhla', N'Tshuma', N'123456784', N'8309226338082', 0, 1, 1, 1)
INSERT [dbo].[DoctorProfiles] ([Id], [FirstName], [Surname], [HPCSANUMBER], [IDNumber], [Discipline], [TitleId], [ProvinceId], [RegionId]) VALUES (4, N'test1', N'test1', N'123456', N'8309226338082', 0, 1, 1, 1)
INSERT [dbo].[DoctorProfiles] ([Id], [FirstName], [Surname], [HPCSANUMBER], [IDNumber], [Discipline], [TitleId], [ProvinceId], [RegionId]) VALUES (5, N'test2', N'test2', N'test2', N'8309226338082', 0, 1, 1, 1)
INSERT [dbo].[DoctorProfiles] ([Id], [FirstName], [Surname], [HPCSANUMBER], [IDNumber], [Discipline], [TitleId], [ProvinceId], [RegionId]) VALUES (1003, N'Gezela', N'Tshuma', N'456987', N'8309226338082', 0, 1, 1, 4)
INSERT [dbo].[DoctorProfiles] ([Id], [FirstName], [Surname], [HPCSANUMBER], [IDNumber], [Discipline], [TitleId], [ProvinceId], [RegionId]) VALUES (1004, N'Trainne Doctor', N'Trainne Doctor', N'369852', N'8309226338082', 0, 1, 1, 2)
INSERT [dbo].[DoctorProfiles] ([Id], [FirstName], [Surname], [HPCSANUMBER], [IDNumber], [Discipline], [TitleId], [ProvinceId], [RegionId]) VALUES (1005, N'testPrize', N'testPrize', N'741258', N'8309226338082', 0, 1002, 1, 3)
INSERT [dbo].[DoctorProfiles] ([Id], [FirstName], [Surname], [HPCSANUMBER], [IDNumber], [Discipline], [TitleId], [ProvinceId], [RegionId]) VALUES (1006, N'testDoctor', N'testDoctor', N'745896', N'8309226338082', 0, 1002, 1, 3)
SET IDENTITY_INSERT [dbo].[DoctorProfiles] OFF
SET IDENTITY_INSERT [dbo].[Provinces] ON 

INSERT [dbo].[Provinces] ([Id], [Description]) VALUES (1, N'Gauteng')
INSERT [dbo].[Provinces] ([Id], [Description]) VALUES (2, N'Mpumalanga')
INSERT [dbo].[Provinces] ([Id], [Description]) VALUES (3, N'Nothern West Province')
INSERT [dbo].[Provinces] ([Id], [Description]) VALUES (4, N'Limpopo')
INSERT [dbo].[Provinces] ([Id], [Description]) VALUES (5, N'Free State')
INSERT [dbo].[Provinces] ([Id], [Description]) VALUES (6, N'Estern Cape')
INSERT [dbo].[Provinces] ([Id], [Description]) VALUES (7, N'Western Cape')
INSERT [dbo].[Provinces] ([Id], [Description]) VALUES (8, N'Nothern Cape')
INSERT [dbo].[Provinces] ([Id], [Description]) VALUES (9, N'Kwazulu Natal')
SET IDENTITY_INSERT [dbo].[Provinces] OFF
SET IDENTITY_INSERT [dbo].[Regions] ON 

INSERT [dbo].[Regions] ([Id], [Description]) VALUES (1, N'Kempton Park')
INSERT [dbo].[Regions] ([Id], [Description]) VALUES (2, N'Soweto')
INSERT [dbo].[Regions] ([Id], [Description]) VALUES (3, N'Edenvale')
INSERT [dbo].[Regions] ([Id], [Description]) VALUES (4, N'Sandton')
SET IDENTITY_INSERT [dbo].[Regions] OFF
SET IDENTITY_INSERT [dbo].[Titles] ON 

INSERT [dbo].[Titles] ([Id], [Description]) VALUES (1, N'Mr')
INSERT [dbo].[Titles] ([Id], [Description]) VALUES (2, N'Miss')
INSERT [dbo].[Titles] ([Id], [Description]) VALUES (1002, N'Dr')
SET IDENTITY_INSERT [dbo].[Titles] OFF
SET ANSI_PADDING ON

GO
/****** Object:  Index [RoleNameIndex]    Script Date: 2018/12/09 09:10:34 AM ******/
CREATE UNIQUE NONCLUSTERED INDEX [RoleNameIndex] ON [dbo].[AspNetRoles]
(
	[Name] ASC
)WITH (PAD_INDEX = OFF, STATISTICS_NORECOMPUTE = OFF, SORT_IN_TEMPDB = OFF, IGNORE_DUP_KEY = OFF, DROP_EXISTING = OFF, ONLINE = OFF, ALLOW_ROW_LOCKS = ON, ALLOW_PAGE_LOCKS = ON) ON [PRIMARY]
GO
SET ANSI_PADDING ON

GO
/****** Object:  Index [IX_UserId]    Script Date: 2018/12/09 09:10:34 AM ******/
CREATE NONCLUSTERED INDEX [IX_UserId] ON [dbo].[AspNetUserClaims]
(
	[UserId] ASC
)WITH (PAD_INDEX = OFF, STATISTICS_NORECOMPUTE = OFF, SORT_IN_TEMPDB = OFF, DROP_EXISTING = OFF, ONLINE = OFF, ALLOW_ROW_LOCKS = ON, ALLOW_PAGE_LOCKS = ON) ON [PRIMARY]
GO
SET ANSI_PADDING ON

GO
/****** Object:  Index [IX_UserId]    Script Date: 2018/12/09 09:10:34 AM ******/
CREATE NONCLUSTERED INDEX [IX_UserId] ON [dbo].[AspNetUserLogins]
(
	[UserId] ASC
)WITH (PAD_INDEX = OFF, STATISTICS_NORECOMPUTE = OFF, SORT_IN_TEMPDB = OFF, DROP_EXISTING = OFF, ONLINE = OFF, ALLOW_ROW_LOCKS = ON, ALLOW_PAGE_LOCKS = ON) ON [PRIMARY]
GO
SET ANSI_PADDING ON

GO
/****** Object:  Index [IX_RoleId]    Script Date: 2018/12/09 09:10:34 AM ******/
CREATE NONCLUSTERED INDEX [IX_RoleId] ON [dbo].[AspNetUserRoles]
(
	[RoleId] ASC
)WITH (PAD_INDEX = OFF, STATISTICS_NORECOMPUTE = OFF, SORT_IN_TEMPDB = OFF, DROP_EXISTING = OFF, ONLINE = OFF, ALLOW_ROW_LOCKS = ON, ALLOW_PAGE_LOCKS = ON) ON [PRIMARY]
GO
SET ANSI_PADDING ON

GO
/****** Object:  Index [IX_UserId]    Script Date: 2018/12/09 09:10:34 AM ******/
CREATE NONCLUSTERED INDEX [IX_UserId] ON [dbo].[AspNetUserRoles]
(
	[UserId] ASC
)WITH (PAD_INDEX = OFF, STATISTICS_NORECOMPUTE = OFF, SORT_IN_TEMPDB = OFF, DROP_EXISTING = OFF, ONLINE = OFF, ALLOW_ROW_LOCKS = ON, ALLOW_PAGE_LOCKS = ON) ON [PRIMARY]
GO
SET ANSI_PADDING ON

GO
/****** Object:  Index [UserNameIndex]    Script Date: 2018/12/09 09:10:34 AM ******/
CREATE UNIQUE NONCLUSTERED INDEX [UserNameIndex] ON [dbo].[AspNetUsers]
(
	[UserName] ASC
)WITH (PAD_INDEX = OFF, STATISTICS_NORECOMPUTE = OFF, SORT_IN_TEMPDB = OFF, IGNORE_DUP_KEY = OFF, DROP_EXISTING = OFF, ONLINE = OFF, ALLOW_ROW_LOCKS = ON, ALLOW_PAGE_LOCKS = ON) ON [PRIMARY]
GO
/****** Object:  Index [IX_ProvinceId]    Script Date: 2018/12/09 09:10:34 AM ******/
CREATE NONCLUSTERED INDEX [IX_ProvinceId] ON [dbo].[DoctorProfiles]
(
	[ProvinceId] ASC
)WITH (PAD_INDEX = OFF, STATISTICS_NORECOMPUTE = OFF, SORT_IN_TEMPDB = OFF, DROP_EXISTING = OFF, ONLINE = OFF, ALLOW_ROW_LOCKS = ON, ALLOW_PAGE_LOCKS = ON) ON [PRIMARY]
GO
/****** Object:  Index [IX_RegionId]    Script Date: 2018/12/09 09:10:34 AM ******/
CREATE NONCLUSTERED INDEX [IX_RegionId] ON [dbo].[DoctorProfiles]
(
	[RegionId] ASC
)WITH (PAD_INDEX = OFF, STATISTICS_NORECOMPUTE = OFF, SORT_IN_TEMPDB = OFF, DROP_EXISTING = OFF, ONLINE = OFF, ALLOW_ROW_LOCKS = ON, ALLOW_PAGE_LOCKS = ON) ON [PRIMARY]
GO
/****** Object:  Index [IX_TitleId]    Script Date: 2018/12/09 09:10:34 AM ******/
CREATE NONCLUSTERED INDEX [IX_TitleId] ON [dbo].[DoctorProfiles]
(
	[TitleId] ASC
)WITH (PAD_INDEX = OFF, STATISTICS_NORECOMPUTE = OFF, SORT_IN_TEMPDB = OFF, DROP_EXISTING = OFF, ONLINE = OFF, ALLOW_ROW_LOCKS = ON, ALLOW_PAGE_LOCKS = ON) ON [PRIMARY]
GO
ALTER TABLE [dbo].[AspNetUserClaims]  WITH CHECK ADD  CONSTRAINT [FK_dbo.AspNetUserClaims_dbo.AspNetUsers_UserId] FOREIGN KEY([UserId])
REFERENCES [dbo].[AspNetUsers] ([Id])
ON DELETE CASCADE
GO
ALTER TABLE [dbo].[AspNetUserClaims] CHECK CONSTRAINT [FK_dbo.AspNetUserClaims_dbo.AspNetUsers_UserId]
GO
ALTER TABLE [dbo].[AspNetUserLogins]  WITH CHECK ADD  CONSTRAINT [FK_dbo.AspNetUserLogins_dbo.AspNetUsers_UserId] FOREIGN KEY([UserId])
REFERENCES [dbo].[AspNetUsers] ([Id])
ON DELETE CASCADE
GO
ALTER TABLE [dbo].[AspNetUserLogins] CHECK CONSTRAINT [FK_dbo.AspNetUserLogins_dbo.AspNetUsers_UserId]
GO
ALTER TABLE [dbo].[AspNetUserRoles]  WITH CHECK ADD  CONSTRAINT [FK_dbo.AspNetUserRoles_dbo.AspNetRoles_RoleId] FOREIGN KEY([RoleId])
REFERENCES [dbo].[AspNetRoles] ([Id])
ON DELETE CASCADE
GO
ALTER TABLE [dbo].[AspNetUserRoles] CHECK CONSTRAINT [FK_dbo.AspNetUserRoles_dbo.AspNetRoles_RoleId]
GO
ALTER TABLE [dbo].[AspNetUserRoles]  WITH CHECK ADD  CONSTRAINT [FK_dbo.AspNetUserRoles_dbo.AspNetUsers_UserId] FOREIGN KEY([UserId])
REFERENCES [dbo].[AspNetUsers] ([Id])
ON DELETE CASCADE
GO
ALTER TABLE [dbo].[AspNetUserRoles] CHECK CONSTRAINT [FK_dbo.AspNetUserRoles_dbo.AspNetUsers_UserId]
GO
ALTER TABLE [dbo].[DoctorProfiles]  WITH CHECK ADD  CONSTRAINT [FK_dbo.DoctorProfiles_dbo.Provinces_ProvinceId] FOREIGN KEY([ProvinceId])
REFERENCES [dbo].[Provinces] ([Id])
ON DELETE CASCADE
GO
ALTER TABLE [dbo].[DoctorProfiles] CHECK CONSTRAINT [FK_dbo.DoctorProfiles_dbo.Provinces_ProvinceId]
GO
ALTER TABLE [dbo].[DoctorProfiles]  WITH CHECK ADD  CONSTRAINT [FK_dbo.DoctorProfiles_dbo.Regions_RegionId] FOREIGN KEY([RegionId])
REFERENCES [dbo].[Regions] ([Id])
ON DELETE CASCADE
GO
ALTER TABLE [dbo].[DoctorProfiles] CHECK CONSTRAINT [FK_dbo.DoctorProfiles_dbo.Regions_RegionId]
GO
ALTER TABLE [dbo].[DoctorProfiles]  WITH CHECK ADD  CONSTRAINT [FK_dbo.DoctorProfiles_dbo.Titles_TitleId] FOREIGN KEY([TitleId])
REFERENCES [dbo].[Titles] ([Id])
ON DELETE CASCADE
GO
ALTER TABLE [dbo].[DoctorProfiles] CHECK CONSTRAINT [FK_dbo.DoctorProfiles_dbo.Titles_TitleId]
GO
USE [master]
GO
ALTER DATABASE [aspnet-WebAppDoctorManagement-20181206015437] SET  READ_WRITE 
GO
