USE [master]
GO
/****** Object:  Database [ToosShent]    Script Date: 9/14/2020 5:47:27 PM ******/
CREATE DATABASE [ToosShent]
 CONTAINMENT = NONE
 ON  PRIMARY 
( NAME = N'ToosShent', FILENAME = N'C:\Program Files\Microsoft SQL Server\MSSQL13.MSSQLSERVER\MSSQL\DATA\ToosShent.mdf' , SIZE = 8192KB , MAXSIZE = UNLIMITED, FILEGROWTH = 65536KB )
 LOG ON 
( NAME = N'ToosShent_log', FILENAME = N'C:\Program Files\Microsoft SQL Server\MSSQL13.MSSQLSERVER\MSSQL\DATA\ToosShent_log.ldf' , SIZE = 8192KB , MAXSIZE = 2048GB , FILEGROWTH = 65536KB )
GO
ALTER DATABASE [ToosShent] SET COMPATIBILITY_LEVEL = 120
GO
IF (1 = FULLTEXTSERVICEPROPERTY('IsFullTextInstalled'))
begin
EXEC [ToosShent].[dbo].[sp_fulltext_database] @action = 'enable'
end
GO
ALTER DATABASE [ToosShent] SET ANSI_NULL_DEFAULT OFF 
GO
ALTER DATABASE [ToosShent] SET ANSI_NULLS OFF 
GO
ALTER DATABASE [ToosShent] SET ANSI_PADDING OFF 
GO
ALTER DATABASE [ToosShent] SET ANSI_WARNINGS OFF 
GO
ALTER DATABASE [ToosShent] SET ARITHABORT OFF 
GO
ALTER DATABASE [ToosShent] SET AUTO_CLOSE OFF 
GO
ALTER DATABASE [ToosShent] SET AUTO_SHRINK OFF 
GO
ALTER DATABASE [ToosShent] SET AUTO_UPDATE_STATISTICS ON 
GO
ALTER DATABASE [ToosShent] SET CURSOR_CLOSE_ON_COMMIT OFF 
GO
ALTER DATABASE [ToosShent] SET CURSOR_DEFAULT  GLOBAL 
GO
ALTER DATABASE [ToosShent] SET CONCAT_NULL_YIELDS_NULL OFF 
GO
ALTER DATABASE [ToosShent] SET NUMERIC_ROUNDABORT OFF 
GO
ALTER DATABASE [ToosShent] SET QUOTED_IDENTIFIER OFF 
GO
ALTER DATABASE [ToosShent] SET RECURSIVE_TRIGGERS OFF 
GO
ALTER DATABASE [ToosShent] SET  DISABLE_BROKER 
GO
ALTER DATABASE [ToosShent] SET AUTO_UPDATE_STATISTICS_ASYNC OFF 
GO
ALTER DATABASE [ToosShent] SET DATE_CORRELATION_OPTIMIZATION OFF 
GO
ALTER DATABASE [ToosShent] SET TRUSTWORTHY OFF 
GO
ALTER DATABASE [ToosShent] SET ALLOW_SNAPSHOT_ISOLATION OFF 
GO
ALTER DATABASE [ToosShent] SET PARAMETERIZATION SIMPLE 
GO
ALTER DATABASE [ToosShent] SET READ_COMMITTED_SNAPSHOT OFF 
GO
ALTER DATABASE [ToosShent] SET HONOR_BROKER_PRIORITY OFF 
GO
ALTER DATABASE [ToosShent] SET RECOVERY FULL 
GO
ALTER DATABASE [ToosShent] SET  MULTI_USER 
GO
ALTER DATABASE [ToosShent] SET PAGE_VERIFY CHECKSUM  
GO
ALTER DATABASE [ToosShent] SET DB_CHAINING OFF 
GO
ALTER DATABASE [ToosShent] SET FILESTREAM( NON_TRANSACTED_ACCESS = OFF ) 
GO
ALTER DATABASE [ToosShent] SET TARGET_RECOVERY_TIME = 60 SECONDS 
GO
ALTER DATABASE [ToosShent] SET DELAYED_DURABILITY = DISABLED 
GO
EXEC sys.sp_db_vardecimal_storage_format N'ToosShent', N'ON'
GO
ALTER DATABASE [ToosShent] SET QUERY_STORE = OFF
GO
USE [ToosShent]
GO
ALTER DATABASE SCOPED CONFIGURATION SET MAXDOP = 0;
GO
ALTER DATABASE SCOPED CONFIGURATION FOR SECONDARY SET MAXDOP = PRIMARY;
GO
ALTER DATABASE SCOPED CONFIGURATION SET LEGACY_CARDINALITY_ESTIMATION = OFF;
GO
ALTER DATABASE SCOPED CONFIGURATION FOR SECONDARY SET LEGACY_CARDINALITY_ESTIMATION = PRIMARY;
GO
ALTER DATABASE SCOPED CONFIGURATION SET PARAMETER_SNIFFING = ON;
GO
ALTER DATABASE SCOPED CONFIGURATION FOR SECONDARY SET PARAMETER_SNIFFING = PRIMARY;
GO
ALTER DATABASE SCOPED CONFIGURATION SET QUERY_OPTIMIZER_HOTFIXES = OFF;
GO
ALTER DATABASE SCOPED CONFIGURATION FOR SECONDARY SET QUERY_OPTIMIZER_HOTFIXES = PRIMARY;
GO
USE [ToosShent]
GO
/****** Object:  SqlAssembly [ConvertDate]    Script Date: 9/14/2020 5:47:27 PM ******/
CREATE ASSEMBLY [ConvertDate]
FROM 0x4D5A90000300000004000000FFFF0000B800000000000000400000000000000000000000000000000000000000000000000000000000000000000000800000000E1FBA0E00B409CD21B8014CCD21546869732070726F6772616D2063616E6E6F742062652072756E20696E20444F53206D6F64652E0D0D0A2400000000000000504500004C01030089F0E35A0000000000000000E00002210B010B00000800000006000000000000BE260000002000000040000000000010002000000002000004000000000000000600000000000000008000000002000000000000030060850000100000100000000010000010000000000000100000000000000000000000642600005700000000400000B002000000000000000000000000000000000000006000000C0000002C2500001C0000000000000000000000000000000000000000000000000000000000000000000000000000000000000000200000080000000000000000000000082000004800000000000000000000002E74657874000000C4060000002000000008000000020000000000000000000000000000200000602E72737263000000B00200000040000000040000000A0000000000000000000000000000400000402E72656C6F6300000C0000000060000000020000000E00000000000000000000000000004000004200000000000000000000000000000000A0260000000000004800000002000500D4200000580400000100000000000000000000000000000000000000000000000000000000000000000000000000000000000000000000000000000000000000133004006E0000000100001100730500000A0A1B8D0A0000010C081606026F0600000A0D1203280700000AA208177201000070A2081806026F0800000A0D12037205000070280900000AA208197201000070A2081A06026F0A00000A0D12037205000070280900000AA208280B00000A280C00000A0B2B00072A1E02280D00000A2A000042534A4201000100000000000C00000076342E302E33303331390000000005006C00000078010000237E0000E4010000DC01000023537472696E677300000000C00300000C00000023555300CC030000100000002347554944000000DC0300007C00000023426C6F620000000000000002000001471502000900000000FA253300160000010000000C0000000200000002000000010000000D0000000400000001000000010000000200000000000A0001000000000006003F0038000A00670052000600710038000600A60093001300BA0000000600E900C90006000901C9000A004E01330106007801630106008801380006008F0163010600A00138000000000001000000000001000100010010001A00000005000100010050200000000096007A000A000100CA20000000008618880011000200000001008E00210088001500310088001B003900880011004100880011004900880011005900980125006100A6012B005900AF0125006100A6012F005900B80125005100C60134001100CD013A000900880011002000230020002E000B004A002E00130053002E001B005C0040000480000000000000000000000000000000002701000004000000000000000000000001002F000000000004000000000000000000000001004600000000000000003C4D6F64756C653E00436F6E76657274446174652E646C6C0055736572446566696E656446756E6374696F6E73006D73636F726C69620053797374656D004F626A6563740053797374656D2E446174610053797374656D2E446174612E53716C54797065730053716C537472696E67004461746554696D65004D696C616469325368616D7369002E63746F7200446174650053797374656D2E446961676E6F73746963730044656275676761626C6541747472696275746500446562756767696E674D6F6465730053797374656D2E52756E74696D652E436F6D70696C6572536572766963657300436F6D70696C6174696F6E52656C61786174696F6E734174747269627574650052756E74696D65436F6D7061746962696C69747941747472696275746500436F6E7665727444617465004D6963726F736F66742E53716C5365727665722E5365727665720053716C46756E6374696F6E4174747269627574650053797374656D2E476C6F62616C697A6174696F6E005065727369616E43616C656E64617200537472696E670043616C656E646172004765745965617200496E74333200546F537472696E67004765744D6F6E7468004765744461794F664D6F6E746800436F6E636174006F705F496D706C696369740000000000032F000005300030000000452A2B7134AB7A44A18EF5EBC622DDD10008B77A5C561934E0890600011109110D032000010520010111150420010108040100000005200108110D0320000E0420010E0E0500010E1D0E05000111090E090704122511091D0E080801000701000000000801000800000000001E01000100540216577261704E6F6E457863657074696F6E5468726F777301000000000089F0E35A00000000020000001C01000048250000480700005253445387BD5854E079D74CA49E0E6E30BFD20101000000643A5C50726F6A6563745C54454D505C436F6E76657274446174655C436F6E76657274446174655C6F626A5C44656275675C436F6E76657274446174652E7064620000000000000000000000000000000000000000000000000000000000000000000000000000000000000000000000000000000000000000000000000000000000000000000000000000000000000000000000000000000000000000000000000000000000000000000000000000000000000000000000000000000000000000000000000000000000000000000000000000000000000000000000000000000000000000000000000000000000000000000000000000000000000000000000000000008C2600000000000000000000AE260000002000000000000000000000000000000000000000000000A02600000000000000000000000000000000000000005F436F72446C6C4D61696E006D73636F7265652E646C6C0000000000FF25002000100000000000000000000000000000000000000000000000000000000000000000000000000000000000000000000000000000000000000000000000000000000000000000000000000000000000000000000000000000000000000000000000000000000000000000000000000000000000000000000000000000000000000000000000000000000000000000000000000000000000000000000000000000000000000000000000000000000000000000000000000000000000000000000000000000000000000000000000000000000000000000000000000000000000000000000000000000000000000000000000000000000000000000000000000000000000000000000000000000000000000000000000000000000000000000000000000000000000000000000000000000000000000000000000000000000000000000000000000000000000000100100000001800008000000000000000000000000000000100010000003000008000000000000000000000000000000100000000004800000058400000540200000000000000000000540234000000560053005F00560045005200530049004F004E005F0049004E0046004F0000000000BD04EFFE00000100000000000000000000000000000000003F000000000000000400000002000000000000000000000000000000440000000100560061007200460069006C00650049006E0066006F00000000002400040000005400720061006E0073006C006100740069006F006E00000000000000B004B4010000010053007400720069006E006700460069006C00650049006E0066006F0000009001000001003000300030003000300034006200300000002C0002000100460069006C0065004400650073006300720069007000740069006F006E000000000020000000300008000100460069006C006500560065007200730069006F006E000000000030002E0030002E0030002E003000000040001000010049006E007400650072006E0061006C004E0061006D006500000043006F006E00760065007200740044006100740065002E0064006C006C0000002800020001004C006500670061006C0043006F0070007900720069006700680074000000200000004800100001004F0072006900670069006E0061006C00460069006C0065006E0061006D006500000043006F006E00760065007200740044006100740065002E0064006C006C000000340008000100500072006F006400750063007400560065007200730069006F006E00000030002E0030002E0030002E003000000038000800010041007300730065006D0062006C0079002000560065007200730069006F006E00000030002E0030002E0030002E003000000000000000000000000000000000000000000000000000000000000000000000000000000000000000000000000000000000000000000000000000000000000000000000000000000000000000000000000000000000000000000000000000000000000000000000000000000000000000000000000000000000000000000000000000000000000000000000000000000000000000000000000000000000000000000000000000000000000000000000000000000000000000000000000000000000000000000000000000000000000000000000000000000000000000000000000000000000000000000000000000000000000000000000000000000000000000000000000000000000000000000000000000000000000000000000000000000000000000000000000000000000000000000000000000000000000000000000000000000000000000000000000000000000000000002000000C000000C03600000000000000000000000000000000000000000000000000000000000000000000000000000000000000000000000000000000000000000000000000000000000000000000000000000000000000000000000000000000000000000000000000000000000000000000000000000000000000000000000000000000000000000000000000000000000000000000000000000000000000000000000000000000000000000000000000000000000000000000000000000000000000000000000000000000000000000000000000000000000000000000000000000000000000000000000000000000000000000000000000000000000000000000000000000000000000000000000000000000000000000000000000000000000000000000000000000000000000000000000000000000000000000000000000000000000000000000000000000000000000000000000000000000000000000000000000000000000000000000000000000000000000000000000000000000000000000000000000000000000000000000000000000000000000000000000000000000000000000000000000000000000000000000000000000000000000000000000000000000000000000000000000000000000000000000000000000000000000000000000000000000000000000000000000000000000000000000
WITH PERMISSION_SET = SAFE

GO
/****** Object:  UserDefinedFunction [dbo].[fnc_getMiladi2Shamsi]    Script Date: 9/14/2020 5:47:27 PM ******/
SET ANSI_NULLS OFF
GO
SET QUOTED_IDENTIFIER OFF
GO
CREATE FUNCTION [dbo].[fnc_getMiladi2Shamsi](@Date [datetime])
RETURNS [nvarchar](100) WITH EXECUTE AS CALLER
AS 
EXTERNAL NAME [ConvertDate].[UserDefinedFunctions].[Miladi2Shamsi]
GO
/****** Object:  Table [dbo].[Complex]    Script Date: 9/14/2020 5:47:27 PM ******/
SET ANSI_NULLS ON
GO
SET QUOTED_IDENTIFIER ON
GO
CREATE TABLE [dbo].[Complex](
	[Id] [bigint] IDENTITY(1,1) NOT NULL,
	[Title] [nvarchar](50) NULL,
 CONSTRAINT [PK_Complex] PRIMARY KEY CLUSTERED 
(
	[Id] ASC
)WITH (PAD_INDEX = OFF, STATISTICS_NORECOMPUTE = OFF, IGNORE_DUP_KEY = OFF, ALLOW_ROW_LOCKS = ON, ALLOW_PAGE_LOCKS = ON) ON [PRIMARY]
) ON [PRIMARY]

GO
/****** Object:  Table [dbo].[Customer]    Script Date: 9/14/2020 5:47:27 PM ******/
SET ANSI_NULLS ON
GO
SET QUOTED_IDENTIFIER ON
GO
CREATE TABLE [dbo].[Customer](
	[Id] [bigint] IDENTITY(1,1) NOT NULL,
	[Code] [varchar](50) NOT NULL,
	[FirstName] [nvarchar](50) NOT NULL,
	[lastName] [nvarchar](50) NOT NULL,
	[Mobile] [nchar](12) NOT NULL,
	[IsActive] [bit] NULL,
	[CreationDate] [datetime] NOT NULL,
	[CustomerTypeId] [bigint] NULL,
 CONSTRAINT [PK_User] PRIMARY KEY CLUSTERED 
(
	[Id] ASC
)WITH (PAD_INDEX = OFF, STATISTICS_NORECOMPUTE = OFF, IGNORE_DUP_KEY = OFF, ALLOW_ROW_LOCKS = ON, ALLOW_PAGE_LOCKS = ON) ON [PRIMARY]
) ON [PRIMARY]

GO
/****** Object:  Table [dbo].[CustomerShop]    Script Date: 9/14/2020 5:47:27 PM ******/
SET ANSI_NULLS ON
GO
SET QUOTED_IDENTIFIER ON
GO
CREATE TABLE [dbo].[CustomerShop](
	[Id] [bigint] IDENTITY(1,1) NOT NULL,
	[CustomerID] [bigint] NOT NULL,
	[ShopId] [bigint] NULL,
	[Tablo] [nvarchar](50) NOT NULL,
 CONSTRAINT [PK_CustomerShop] PRIMARY KEY CLUSTERED 
(
	[Id] ASC
)WITH (PAD_INDEX = OFF, STATISTICS_NORECOMPUTE = OFF, IGNORE_DUP_KEY = OFF, ALLOW_ROW_LOCKS = ON, ALLOW_PAGE_LOCKS = ON) ON [PRIMARY]
) ON [PRIMARY]

GO
/****** Object:  Table [dbo].[CustomerShopStatus]    Script Date: 9/14/2020 5:47:27 PM ******/
SET ANSI_NULLS ON
GO
SET QUOTED_IDENTIFIER ON
GO
CREATE TABLE [dbo].[CustomerShopStatus](
	[Id] [bigint] IDENTITY(1,1) NOT NULL,
	[CustomerShopId] [bigint] NOT NULL,
	[CreationDate] [datetime] NOT NULL,
	[UserID] [bigint] NULL,
	[IsActive] [bit] NULL,
 CONSTRAINT [PK_CustomerShopStatus] PRIMARY KEY CLUSTERED 
(
	[Id] ASC
)WITH (PAD_INDEX = OFF, STATISTICS_NORECOMPUTE = OFF, IGNORE_DUP_KEY = OFF, ALLOW_ROW_LOCKS = ON, ALLOW_PAGE_LOCKS = ON) ON [PRIMARY]
) ON [PRIMARY]

GO
/****** Object:  Table [dbo].[CustomerType]    Script Date: 9/14/2020 5:47:27 PM ******/
SET ANSI_NULLS ON
GO
SET QUOTED_IDENTIFIER ON
GO
CREATE TABLE [dbo].[CustomerType](
	[ID] [bigint] IDENTITY(1,1) NOT NULL,
	[Title] [nvarchar](50) NULL,
	[IsActive] [bit] NULL,
 CONSTRAINT [PK_CustomerType] PRIMARY KEY CLUSTERED 
(
	[ID] ASC
)WITH (PAD_INDEX = OFF, STATISTICS_NORECOMPUTE = OFF, IGNORE_DUP_KEY = OFF, ALLOW_ROW_LOCKS = ON, ALLOW_PAGE_LOCKS = ON) ON [PRIMARY]
) ON [PRIMARY]

GO
/****** Object:  Table [dbo].[Option]    Script Date: 9/14/2020 5:47:27 PM ******/
SET ANSI_NULLS ON
GO
SET QUOTED_IDENTIFIER ON
GO
CREATE TABLE [dbo].[Option](
	[Id] [bigint] IDENTITY(1,1) NOT NULL,
	[Name] [nvarchar](50) NULL,
	[Value] [nvarchar](50) NULL,
 CONSTRAINT [PK_Option] PRIMARY KEY CLUSTERED 
(
	[Id] ASC
)WITH (PAD_INDEX = OFF, STATISTICS_NORECOMPUTE = OFF, IGNORE_DUP_KEY = OFF, ALLOW_ROW_LOCKS = ON, ALLOW_PAGE_LOCKS = ON) ON [PRIMARY]
) ON [PRIMARY]

GO
/****** Object:  Table [dbo].[Price]    Script Date: 9/14/2020 5:47:27 PM ******/
SET ANSI_NULLS ON
GO
SET QUOTED_IDENTIFIER ON
GO
CREATE TABLE [dbo].[Price](
	[Id] [bigint] IDENTITY(1,1) NOT NULL,
	[BasePrice] [decimal](18, 0) NULL,
	[CreationDate] [datetime] NOT NULL,
	[IsActive] [bit] NOT NULL,
 CONSTRAINT [PK_Price] PRIMARY KEY CLUSTERED 
(
	[Id] ASC
)WITH (PAD_INDEX = OFF, STATISTICS_NORECOMPUTE = OFF, IGNORE_DUP_KEY = OFF, ALLOW_ROW_LOCKS = ON, ALLOW_PAGE_LOCKS = ON) ON [PRIMARY]
) ON [PRIMARY]

GO
/****** Object:  Table [dbo].[Role]    Script Date: 9/14/2020 5:47:27 PM ******/
SET ANSI_NULLS ON
GO
SET QUOTED_IDENTIFIER ON
GO
CREATE TABLE [dbo].[Role](
	[Id] [bigint] IDENTITY(1,1) NOT NULL,
	[Name] [nvarchar](50) NULL,
	[ShowName] [nvarchar](50) NULL,
 CONSTRAINT [PK_Role] PRIMARY KEY CLUSTERED 
(
	[Id] ASC
)WITH (PAD_INDEX = OFF, STATISTICS_NORECOMPUTE = OFF, IGNORE_DUP_KEY = OFF, ALLOW_ROW_LOCKS = ON, ALLOW_PAGE_LOCKS = ON) ON [PRIMARY]
) ON [PRIMARY]

GO
/****** Object:  Table [dbo].[RoleAccessList]    Script Date: 9/14/2020 5:47:27 PM ******/
SET ANSI_NULLS ON
GO
SET QUOTED_IDENTIFIER ON
GO
CREATE TABLE [dbo].[RoleAccessList](
	[Id] [bigint] IDENTITY(1,1) NOT NULL,
	[AccessObjectId] [bigint] NULL,
	[AccessType] [bit] NULL,
	[RoleId] [bigint] NULL,
 CONSTRAINT [PK_RoleAccessList] PRIMARY KEY CLUSTERED 
(
	[Id] ASC
)WITH (PAD_INDEX = OFF, STATISTICS_NORECOMPUTE = OFF, IGNORE_DUP_KEY = OFF, ALLOW_ROW_LOCKS = ON, ALLOW_PAGE_LOCKS = ON) ON [PRIMARY]
) ON [PRIMARY]

GO
/****** Object:  Table [dbo].[Shop]    Script Date: 9/14/2020 5:47:27 PM ******/
SET ANSI_NULLS ON
GO
SET QUOTED_IDENTIFIER ON
GO
CREATE TABLE [dbo].[Shop](
	[Id] [bigint] IDENTITY(1,1) NOT NULL,
	[Pelak] [nvarchar](50) NULL,
	[ComplexId] [bigint] NULL,
 CONSTRAINT [PK_Shop] PRIMARY KEY CLUSTERED 
(
	[Id] ASC
)WITH (PAD_INDEX = OFF, STATISTICS_NORECOMPUTE = OFF, IGNORE_DUP_KEY = OFF, ALLOW_ROW_LOCKS = ON, ALLOW_PAGE_LOCKS = ON) ON [PRIMARY]
) ON [PRIMARY]

GO
/****** Object:  Table [dbo].[ShopCounter]    Script Date: 9/14/2020 5:47:27 PM ******/
SET ANSI_NULLS ON
GO
SET QUOTED_IDENTIFIER ON
GO
CREATE TABLE [dbo].[ShopCounter](
	[Id] [bigint] IDENTITY(1,1) NOT NULL,
	[CustomerShopID] [bigint] NULL,
	[PriceId] [bigint] NULL,
	[StartDate] [date] NULL,
	[StartCoutValue] [decimal](18, 0) NULL,
	[EndDate] [date] NULL,
	[EndCoutValue] [decimal](18, 0) NULL,
	[UserId] [bigint] NULL,
	[CreationDate] [datetime] NULL,
 CONSTRAINT [PK_ShopCounter] PRIMARY KEY CLUSTERED 
(
	[Id] ASC
)WITH (PAD_INDEX = OFF, STATISTICS_NORECOMPUTE = OFF, IGNORE_DUP_KEY = OFF, ALLOW_ROW_LOCKS = ON, ALLOW_PAGE_LOCKS = ON) ON [PRIMARY]
) ON [PRIMARY]

GO
/****** Object:  Table [dbo].[Status]    Script Date: 9/14/2020 5:47:27 PM ******/
SET ANSI_NULLS ON
GO
SET QUOTED_IDENTIFIER ON
GO
CREATE TABLE [dbo].[Status](
	[Id] [int] IDENTITY(1,1) NOT NULL,
	[Title] [nvarchar](50) NULL,
	[ShowName] [nvarchar](50) NULL,
	[IsActive] [bit] NOT NULL,
 CONSTRAINT [PK_Status] PRIMARY KEY CLUSTERED 
(
	[Id] ASC
)WITH (PAD_INDEX = OFF, STATISTICS_NORECOMPUTE = OFF, IGNORE_DUP_KEY = OFF, ALLOW_ROW_LOCKS = ON, ALLOW_PAGE_LOCKS = ON) ON [PRIMARY]
) ON [PRIMARY]

GO
/****** Object:  Table [dbo].[SystemAccessObject]    Script Date: 9/14/2020 5:47:27 PM ******/
SET ANSI_NULLS ON
GO
SET QUOTED_IDENTIFIER ON
GO
CREATE TABLE [dbo].[SystemAccessObject](
	[Id] [bigint] IDENTITY(1,1) NOT NULL,
	[Name] [nvarchar](50) NULL,
 CONSTRAINT [PK_SystemAccessObject] PRIMARY KEY CLUSTERED 
(
	[Id] ASC
)WITH (PAD_INDEX = OFF, STATISTICS_NORECOMPUTE = OFF, IGNORE_DUP_KEY = OFF, ALLOW_ROW_LOCKS = ON, ALLOW_PAGE_LOCKS = ON) ON [PRIMARY]
) ON [PRIMARY]

GO
/****** Object:  Table [dbo].[User]    Script Date: 9/14/2020 5:47:27 PM ******/
SET ANSI_NULLS ON
GO
SET QUOTED_IDENTIFIER ON
GO
CREATE TABLE [dbo].[User](
	[Id] [bigint] IDENTITY(1,1) NOT NULL,
	[UserName] [nvarchar](50) NULL,
	[Password] [nvarchar](250) NULL,
	[Mobile] [nchar](12) NULL,
	[EmailAddress] [nvarchar](100) NULL,
	[NickName] [nvarchar](50) NULL,
	[Status] [int] NULL,
 CONSTRAINT [PK_User_1] PRIMARY KEY CLUSTERED 
(
	[Id] ASC
)WITH (PAD_INDEX = OFF, STATISTICS_NORECOMPUTE = OFF, IGNORE_DUP_KEY = OFF, ALLOW_ROW_LOCKS = ON, ALLOW_PAGE_LOCKS = ON) ON [PRIMARY]
) ON [PRIMARY]

GO
/****** Object:  Table [dbo].[UserRecovery]    Script Date: 9/14/2020 5:47:27 PM ******/
SET ANSI_NULLS ON
GO
SET QUOTED_IDENTIFIER ON
GO
CREATE TABLE [dbo].[UserRecovery](
	[Id] [bigint] IDENTITY(1,1) NOT NULL,
	[EmailAddress] [nvarchar](100) NULL,
	[Code] [nvarchar](50) NULL,
	[ExpirationDateTime] [datetime] NULL,
	[CreationDate] [datetime] NULL,
 CONSTRAINT [PK_UserRecovery] PRIMARY KEY CLUSTERED 
(
	[Id] ASC
)WITH (PAD_INDEX = OFF, STATISTICS_NORECOMPUTE = OFF, IGNORE_DUP_KEY = OFF, ALLOW_ROW_LOCKS = ON, ALLOW_PAGE_LOCKS = ON) ON [PRIMARY]
) ON [PRIMARY]

GO
/****** Object:  Table [dbo].[UserRole]    Script Date: 9/14/2020 5:47:27 PM ******/
SET ANSI_NULLS ON
GO
SET QUOTED_IDENTIFIER ON
GO
CREATE TABLE [dbo].[UserRole](
	[Id] [bigint] IDENTITY(1,1) NOT NULL,
	[UserId] [bigint] NULL,
	[RoleId] [bigint] NULL,
 CONSTRAINT [PK_UserRole] PRIMARY KEY CLUSTERED 
(
	[Id] ASC
)WITH (PAD_INDEX = OFF, STATISTICS_NORECOMPUTE = OFF, IGNORE_DUP_KEY = OFF, ALLOW_ROW_LOCKS = ON, ALLOW_PAGE_LOCKS = ON) ON [PRIMARY]
) ON [PRIMARY]

GO
SET IDENTITY_INSERT [dbo].[Complex] ON 

INSERT [dbo].[Complex] ([Id], [Title]) VALUES (1, N'بازار عتیق')
INSERT [dbo].[Complex] ([Id], [Title]) VALUES (2, N'بازار فیروزه')
INSERT [dbo].[Complex] ([Id], [Title]) VALUES (3, N'بازار گلستان')
SET IDENTITY_INSERT [dbo].[Complex] OFF
SET IDENTITY_INSERT [dbo].[Customer] ON 

INSERT [dbo].[Customer] ([Id], [Code], [FirstName], [lastName], [Mobile], [IsActive], [CreationDate], [CustomerTypeId]) VALUES (1, N'0001', N'مهرداد', N'محجل گلشنی', N'09143010428 ', 1, CAST(N'2020-08-07T01:02:56.860' AS DateTime), 1)
INSERT [dbo].[Customer] ([Id], [Code], [FirstName], [lastName], [Mobile], [IsActive], [CreationDate], [CustomerTypeId]) VALUES (3, N'0002', N'مهدی', N'محجل', N'09336706989 ', 1, CAST(N'2020-08-08T01:06:53.643' AS DateTime), 1)
INSERT [dbo].[Customer] ([Id], [Code], [FirstName], [lastName], [Mobile], [IsActive], [CreationDate], [CustomerTypeId]) VALUES (4, N'0003', N'سمیرا', N'نورمحمدی', N'09025473816 ', 1, CAST(N'2020-08-08T01:10:20.380' AS DateTime), 1)
INSERT [dbo].[Customer] ([Id], [Code], [FirstName], [lastName], [Mobile], [IsActive], [CreationDate], [CustomerTypeId]) VALUES (5, N'0004', N'مهدی', N'صدیق', N'09024788600 ', 1, CAST(N'2020-09-12T13:14:08.720' AS DateTime), 2)
SET IDENTITY_INSERT [dbo].[Customer] OFF
SET IDENTITY_INSERT [dbo].[CustomerShop] ON 

INSERT [dbo].[CustomerShop] ([Id], [CustomerID], [ShopId], [Tablo]) VALUES (1, 1, 2, N'مبل راموس')
INSERT [dbo].[CustomerShop] ([Id], [CustomerID], [ShopId], [Tablo]) VALUES (20009, 1, 7, N'مبل راموس2')
INSERT [dbo].[CustomerShop] ([Id], [CustomerID], [ShopId], [Tablo]) VALUES (20010, 4, 5, N'مبل اسپورت')
INSERT [dbo].[CustomerShop] ([Id], [CustomerID], [ShopId], [Tablo]) VALUES (20011, 3, 6, N'شرکای')
SET IDENTITY_INSERT [dbo].[CustomerShop] OFF
SET IDENTITY_INSERT [dbo].[CustomerShopStatus] ON 

INSERT [dbo].[CustomerShopStatus] ([Id], [CustomerShopId], [CreationDate], [UserID], [IsActive]) VALUES (11, 20009, CAST(N'2020-09-12T13:56:48.693' AS DateTime), 1, 1)
INSERT [dbo].[CustomerShopStatus] ([Id], [CustomerShopId], [CreationDate], [UserID], [IsActive]) VALUES (12, 1, CAST(N'2020-01-01T00:00:00.000' AS DateTime), 2, 1)
INSERT [dbo].[CustomerShopStatus] ([Id], [CustomerShopId], [CreationDate], [UserID], [IsActive]) VALUES (13, 20010, CAST(N'2020-09-14T13:32:21.270' AS DateTime), 1, 1)
INSERT [dbo].[CustomerShopStatus] ([Id], [CustomerShopId], [CreationDate], [UserID], [IsActive]) VALUES (14, 20011, CAST(N'2020-09-14T13:32:36.407' AS DateTime), 1, 1)
SET IDENTITY_INSERT [dbo].[CustomerShopStatus] OFF
SET IDENTITY_INSERT [dbo].[CustomerType] ON 

INSERT [dbo].[CustomerType] ([ID], [Title], [IsActive]) VALUES (1, N'مغازه دار', 1)
INSERT [dbo].[CustomerType] ([ID], [Title], [IsActive]) VALUES (2, N'پیمانکار', 1)
SET IDENTITY_INSERT [dbo].[CustomerType] OFF
SET IDENTITY_INSERT [dbo].[Price] ON 

INSERT [dbo].[Price] ([Id], [BasePrice], [CreationDate], [IsActive]) VALUES (1, CAST(150 AS Decimal(18, 0)), CAST(N'2019-01-01T00:00:00.000' AS DateTime), 0)
INSERT [dbo].[Price] ([Id], [BasePrice], [CreationDate], [IsActive]) VALUES (2, CAST(200 AS Decimal(18, 0)), CAST(N'2020-01-01T00:00:00.000' AS DateTime), 1)
SET IDENTITY_INSERT [dbo].[Price] OFF
SET IDENTITY_INSERT [dbo].[Shop] ON 

INSERT [dbo].[Shop] ([Id], [Pelak], [ComplexId]) VALUES (1, N'1', 1)
INSERT [dbo].[Shop] ([Id], [Pelak], [ComplexId]) VALUES (2, N'2', 1)
INSERT [dbo].[Shop] ([Id], [Pelak], [ComplexId]) VALUES (3, N'3', 1)
INSERT [dbo].[Shop] ([Id], [Pelak], [ComplexId]) VALUES (4, N'10', 2)
INSERT [dbo].[Shop] ([Id], [Pelak], [ComplexId]) VALUES (5, N'11', 2)
INSERT [dbo].[Shop] ([Id], [Pelak], [ComplexId]) VALUES (6, N'12', 2)
INSERT [dbo].[Shop] ([Id], [Pelak], [ComplexId]) VALUES (7, N'1', 3)
INSERT [dbo].[Shop] ([Id], [Pelak], [ComplexId]) VALUES (8, N'2', 3)
INSERT [dbo].[Shop] ([Id], [Pelak], [ComplexId]) VALUES (9, N'3', 3)
SET IDENTITY_INSERT [dbo].[Shop] OFF
SET IDENTITY_INSERT [dbo].[ShopCounter] ON 

INSERT [dbo].[ShopCounter] ([Id], [CustomerShopID], [PriceId], [StartDate], [StartCoutValue], [EndDate], [EndCoutValue], [UserId], [CreationDate]) VALUES (1, 1, 2, CAST(N'2020-08-01' AS Date), CAST(1234 AS Decimal(18, 0)), CAST(N'2020-09-02' AS Date), CAST(1269 AS Decimal(18, 0)), 1, CAST(N'2020-01-01T00:00:00.000' AS DateTime))
INSERT [dbo].[ShopCounter] ([Id], [CustomerShopID], [PriceId], [StartDate], [StartCoutValue], [EndDate], [EndCoutValue], [UserId], [CreationDate]) VALUES (2, 20010, 2, CAST(N'2020-08-22' AS Date), CAST(4563 AS Decimal(18, 0)), CAST(N'2020-09-21' AS Date), CAST(5123 AS Decimal(18, 0)), 1, CAST(N'2020-09-14T13:48:46.880' AS DateTime))
INSERT [dbo].[ShopCounter] ([Id], [CustomerShopID], [PriceId], [StartDate], [StartCoutValue], [EndDate], [EndCoutValue], [UserId], [CreationDate]) VALUES (3, 20011, 2, CAST(N'2020-08-22' AS Date), CAST(32145 AS Decimal(18, 0)), CAST(N'2020-09-21' AS Date), CAST(32146 AS Decimal(18, 0)), 1, NULL)
SET IDENTITY_INSERT [dbo].[ShopCounter] OFF
SET IDENTITY_INSERT [dbo].[Status] ON 

INSERT [dbo].[Status] ([Id], [Title], [ShowName], [IsActive]) VALUES (1, N'Active', N'فعال', 1)
INSERT [dbo].[Status] ([Id], [Title], [ShowName], [IsActive]) VALUES (2, N'Deactive', N'غیرفعال', 1)
INSERT [dbo].[Status] ([Id], [Title], [ShowName], [IsActive]) VALUES (3, N'Deleted', N'حذف شده', 1)
INSERT [dbo].[Status] ([Id], [Title], [ShowName], [IsActive]) VALUES (4, N'Banned', N'محروم', 1)
SET IDENTITY_INSERT [dbo].[Status] OFF
SET IDENTITY_INSERT [dbo].[User] ON 

INSERT [dbo].[User] ([Id], [UserName], [Password], [Mobile], [EmailAddress], [NickName], [Status]) VALUES (1, N'mehrdad', N'202cb962ac59075b964b07152d234b70', N'09359719229 ', N'l2aiin@yahoo.com', N'مهرداد محجل گلشنی', 1)
INSERT [dbo].[User] ([Id], [UserName], [Password], [Mobile], [EmailAddress], [NickName], [Status]) VALUES (2, N'mahdi', N'202cb962ac59075b964b07152d234b70', N'09336709689 ', N'l2aiin@yahoo.com', N'مهدی محجل', 1)
SET IDENTITY_INSERT [dbo].[User] OFF
ALTER TABLE [dbo].[Customer] ADD  CONSTRAINT [DF_User_IsActive]  DEFAULT ((1)) FOR [IsActive]
GO
ALTER TABLE [dbo].[Customer] ADD  CONSTRAINT [DF_User_CreationDate]  DEFAULT (getdate()) FOR [CreationDate]
GO
ALTER TABLE [dbo].[CustomerShopStatus] ADD  CONSTRAINT [DF_CustomerShopStatus_CreationDate]  DEFAULT (getdate()) FOR [CreationDate]
GO
ALTER TABLE [dbo].[CustomerShopStatus] ADD  CONSTRAINT [DF_CustomerShopStatus_IsActive]  DEFAULT ((1)) FOR [IsActive]
GO
ALTER TABLE [dbo].[Price] ADD  CONSTRAINT [DF_Price_CreationDate]  DEFAULT (getdate()) FOR [CreationDate]
GO
ALTER TABLE [dbo].[Price] ADD  CONSTRAINT [DF_Price_IsActive]  DEFAULT ((1)) FOR [IsActive]
GO
ALTER TABLE [dbo].[Customer]  WITH CHECK ADD  CONSTRAINT [FK_Customer_CustomerType] FOREIGN KEY([CustomerTypeId])
REFERENCES [dbo].[CustomerType] ([ID])
GO
ALTER TABLE [dbo].[Customer] CHECK CONSTRAINT [FK_Customer_CustomerType]
GO
ALTER TABLE [dbo].[CustomerShop]  WITH CHECK ADD  CONSTRAINT [FK_CustomerShop_Customer] FOREIGN KEY([CustomerID])
REFERENCES [dbo].[Customer] ([Id])
GO
ALTER TABLE [dbo].[CustomerShop] CHECK CONSTRAINT [FK_CustomerShop_Customer]
GO
ALTER TABLE [dbo].[CustomerShop]  WITH CHECK ADD  CONSTRAINT [FK_CustomerShop_Shop] FOREIGN KEY([ShopId])
REFERENCES [dbo].[Shop] ([Id])
GO
ALTER TABLE [dbo].[CustomerShop] CHECK CONSTRAINT [FK_CustomerShop_Shop]
GO
ALTER TABLE [dbo].[CustomerShopStatus]  WITH CHECK ADD  CONSTRAINT [FK_CustomerShopStatus_CustomerShop] FOREIGN KEY([CustomerShopId])
REFERENCES [dbo].[CustomerShop] ([Id])
GO
ALTER TABLE [dbo].[CustomerShopStatus] CHECK CONSTRAINT [FK_CustomerShopStatus_CustomerShop]
GO
ALTER TABLE [dbo].[CustomerShopStatus]  WITH CHECK ADD  CONSTRAINT [FK_CustomerShopStatus_User] FOREIGN KEY([UserID])
REFERENCES [dbo].[User] ([Id])
GO
ALTER TABLE [dbo].[CustomerShopStatus] CHECK CONSTRAINT [FK_CustomerShopStatus_User]
GO
ALTER TABLE [dbo].[RoleAccessList]  WITH CHECK ADD  CONSTRAINT [FK_RoleAccessList_Role] FOREIGN KEY([RoleId])
REFERENCES [dbo].[Role] ([Id])
GO
ALTER TABLE [dbo].[RoleAccessList] CHECK CONSTRAINT [FK_RoleAccessList_Role]
GO
ALTER TABLE [dbo].[RoleAccessList]  WITH CHECK ADD  CONSTRAINT [FK_RoleAccessList_SystemAccessObject] FOREIGN KEY([AccessObjectId])
REFERENCES [dbo].[SystemAccessObject] ([Id])
GO
ALTER TABLE [dbo].[RoleAccessList] CHECK CONSTRAINT [FK_RoleAccessList_SystemAccessObject]
GO
ALTER TABLE [dbo].[Shop]  WITH CHECK ADD  CONSTRAINT [FK_Shop_Complex] FOREIGN KEY([ComplexId])
REFERENCES [dbo].[Complex] ([Id])
GO
ALTER TABLE [dbo].[Shop] CHECK CONSTRAINT [FK_Shop_Complex]
GO
ALTER TABLE [dbo].[Shop]  WITH CHECK ADD  CONSTRAINT [FK_Shop_Shop] FOREIGN KEY([Id])
REFERENCES [dbo].[Shop] ([Id])
GO
ALTER TABLE [dbo].[Shop] CHECK CONSTRAINT [FK_Shop_Shop]
GO
ALTER TABLE [dbo].[ShopCounter]  WITH CHECK ADD  CONSTRAINT [FK_ShopCounter_CustomerShop] FOREIGN KEY([CustomerShopID])
REFERENCES [dbo].[CustomerShop] ([Id])
GO
ALTER TABLE [dbo].[ShopCounter] CHECK CONSTRAINT [FK_ShopCounter_CustomerShop]
GO
ALTER TABLE [dbo].[ShopCounter]  WITH CHECK ADD  CONSTRAINT [FK_ShopCounter_Price] FOREIGN KEY([PriceId])
REFERENCES [dbo].[Price] ([Id])
GO
ALTER TABLE [dbo].[ShopCounter] CHECK CONSTRAINT [FK_ShopCounter_Price]
GO
ALTER TABLE [dbo].[ShopCounter]  WITH CHECK ADD  CONSTRAINT [FK_ShopCounter_User] FOREIGN KEY([UserId])
REFERENCES [dbo].[User] ([Id])
GO
ALTER TABLE [dbo].[ShopCounter] CHECK CONSTRAINT [FK_ShopCounter_User]
GO
ALTER TABLE [dbo].[User]  WITH CHECK ADD  CONSTRAINT [FK_User_Status] FOREIGN KEY([Status])
REFERENCES [dbo].[Status] ([Id])
GO
ALTER TABLE [dbo].[User] CHECK CONSTRAINT [FK_User_Status]
GO
ALTER TABLE [dbo].[UserRole]  WITH CHECK ADD  CONSTRAINT [FK_UserRole_Role] FOREIGN KEY([RoleId])
REFERENCES [dbo].[Role] ([Id])
GO
ALTER TABLE [dbo].[UserRole] CHECK CONSTRAINT [FK_UserRole_Role]
GO
ALTER TABLE [dbo].[UserRole]  WITH CHECK ADD  CONSTRAINT [FK_UserRole_User] FOREIGN KEY([UserId])
REFERENCES [dbo].[User] ([Id])
GO
ALTER TABLE [dbo].[UserRole] CHECK CONSTRAINT [FK_UserRole_User]
GO
/****** Object:  StoredProcedure [dbo].[prc_AddCustomerToShop]    Script Date: 9/14/2020 5:47:27 PM ******/
SET ANSI_NULLS ON
GO
SET QUOTED_IDENTIFIER ON
GO

-- =============================================
-- Author:		Mehrdad Mohajjel
-- Create date: 1396/03/30
-- Description:	insert Into UD_typetable
-- =============================================

CREATE PROCEDURE [dbo].[prc_AddCustomerToShop]
	@CustomerID BIGINT,
	@ShopID BIGINT,
	@UserID BIGINT,
	@Tablo NVARCHAR(100)
AS
BEGIN
	BEGIN TRY
		SET NOCOUNT ON
		SET XACT_ABORT ON
		
		BEGIN TRANSACTION

		
		DECLARE @CustomerShopTable  table( CustomerShopID BIGINT);  

			INSERT INTO CustomerShop(CustomerID,ShopId,Tablo)
				OUTPUT Inserted.Id INTO @CustomerShopTable  
			VALUES(@CustomerID,@ShopId,@Tablo)

			DECLARE @CustomerShopID BIGINT =(SELECT CustomerShopID FROM @CustomerShopTable)

			UPDATE CustomerShopStatus SET IsActive = 0 WHERE CustomerShopId IN( SELECT CustomerShopID FROM @CustomerShopTable )

			INSERT INTO CustomerShopStatus (CustomerShopId,UserId,CreationDate,IsActive)
			VALUES(@CustomerShopID,@UserID,GETDATE(),1)
	
		COMMIT
		--SET @output_status = 1
		--SET @output_message = 'OK'
		RETURN 1

	END TRY

	BEGIN CATCH
		IF XACT_STATE() <> 0
			ROLLBACK TRANSACTION
		
		--SET @output_status = 100
		--SET @output_message = 'ERROR'
		RAISERROR ('Error', 16, 1) WITH LOG
		RETURN ERROR_NUMBER()	
	END CATCH
END
GO
/****** Object:  StoredProcedure [dbo].[prc_GetCustomerShopByComplexID]    Script Date: 9/14/2020 5:47:27 PM ******/
SET ANSI_NULLS ON
GO
SET QUOTED_IDENTIFIER ON
GO

-- =============================================
-- Author:		Mehrdad Mohajjel
-- Create date: 1396/03/30
-- =============================================

CREATE PROCEDURE [dbo].[prc_GetCustomerShopByComplexID]
	@ComplexID BIGINT
AS
BEGIN
	BEGIN TRY
		SET NOCOUNT ON
		SET XACT_ABORT ON


		SELECT DISTINCT

			S.Id As ShopID,
			CS.Id AS CustomerShopID,
			C.Id AS ComplexId,
			S.Pelak,
			C.Title AS ComplexTitle,
			CS.Tablo,
			CO.FirstName + ' '+CO.lastName As CustomerName ,
			CSS.CreationDate
		FROM Shop S
			INNER JOIN Complex C ON C.Id = s.ComplexId
			INNER JOIN CustomerShop CS ON  CS.ShopId = S.Id
			INNER JOIN Customer CO ON CO.Id = CS.CustomerID  
			INNER JOIN CustomerShopStatus CSS ON CSS.CustomerShopId = CS.Id
		WHERE
			(@ComplexID =0 OR S.ComplexId = @ComplexID)
			AND  CSS.IsActive = 1

		--SET @output_status = 1
		--SET @output_message = 'OK'
		RETURN 1

	END TRY

	BEGIN CATCH
		IF XACT_STATE() <> 0
			ROLLBACK TRANSACTION
		
		DECLARE @output_message NVARCHAR(4000) = ERROR_MESSAGE()
		RAISERROR (@output_message, 16, 1) WITH LOG
		RETURN ERROR_NUMBER()
	END CATCH
END
GO
/****** Object:  StoredProcedure [dbo].[prc_GetCustomerShopByCustomerID]    Script Date: 9/14/2020 5:47:27 PM ******/
SET ANSI_NULLS ON
GO
SET QUOTED_IDENTIFIER ON
GO

-- =============================================
-- Author:		Mehrdad Mohajjel
-- Create date: 1396/03/30
-- =============================================

CREATE PROCEDURE [dbo].[prc_GetCustomerShopByCustomerID]
	@CustomerID BIGINT
AS
BEGIN
	BEGIN TRY
		SET NOCOUNT ON
		SET XACT_ABORT ON


		SELECT DISTINCT
			CS.Id AS CustomerShopID,
			CS.CustomerID ,
			S.Id AS ShopID,
			C.Title AS ComplexTitle,
			CS.Tablo,
			S.Pelak,
			CO.FirstName + ' '+CO.lastName As CustomerName ,
			CSS.CreationDate,
			CASE
				WHEN CSS.IsActive =1 THEN 'فعال'
			ELSE N'غیرفعال'
			END AS StatusTitle

			
		FROM Shop S
			INNER JOIN Complex C ON C.Id = s.ComplexId
			INNER JOIN CustomerShop CS ON  CS.ShopId = S.Id
			INNER JOIN Customer CO ON CO.Id = CS.CustomerID  
			INNER JOIN CustomerShopStatus CSS ON CSS.CustomerShopId = CS.Id
		WHERE
			
			  CS.CustomerID = @CustomerID

		--SET @output_status = 1
		--SET @output_message = 'OK'
		RETURN 1

	END TRY

	BEGIN CATCH
		IF XACT_STATE() <> 0
			ROLLBACK TRANSACTION
		
		DECLARE @output_message NVARCHAR(4000) = ERROR_MESSAGE()
		RAISERROR (@output_message, 16, 1) WITH LOG
		RETURN ERROR_NUMBER()
	END CATCH
END
GO
/****** Object:  StoredProcedure [dbo].[prc_GetExpenceDetail]    Script Date: 9/14/2020 5:47:27 PM ******/
SET ANSI_NULLS ON
GO
SET QUOTED_IDENTIFIER ON
GO

-- =============================================
-- Author:		Mehrdad Mohajjel
-- Create date: 1396/03/30
-- =============================================

CREATE PROCEDURE [dbo].[prc_GetExpenceDetail]
	@StartDate Date,
	@EndDate Date
AS
BEGIN
	BEGIN TRY
		SET NOCOUNT ON
		SET XACT_ABORT ON


		SELECT DISTINCT
			   SC.[Id]
			  ,SC.[CustomerShopID]
			  ,C.Code
			   ,C.FirstName + ' '+C.lastName AS CustomerName
			   ,CS.Tablo
			   ,S.Pelak
			  ,CO.Title AS ComplexTitle
			  ,SC.[PriceId]
			  ,P.BasePrice
			  ,[dbo].fnc_getMiladi2Shamsi(SC.[StartDate]) AS StartDate
			  ,SC.[StartCoutValue]
			  ,[dbo].fnc_getMiladi2Shamsi(SC.[EndDate]) AS EndDate
			  ,SC.[EndCoutValue]
			  ,CAST(SC.[EndCoutValue] AS decimal(16,0))-CAST(SC.[StartCoutValue] AS decimal(16,0)) AS TotalCount
			  ,(CAST(SC.[EndCoutValue] AS decimal(16,0))-CAST(SC.[StartCoutValue] AS decimal(16,0)))*(CAST(P.BasePrice AS decimal(16,0))) TotalPrice
			  ,U.NickName  AS UserName
			  
		  FROM [dbo].[ShopCounter] SC			
			  INNER JOIN  CustomerShop CS ON CS.Id = SC.CustomerShopID
			  INNER JOIN  CustomerShopStatus CSS ON CSS.CustomerShopId = SC.CustomerShopID
			  INNER JOIN  Customer C ON C.Id = CS.CustomerID 
			  INNER JOIN  Shop S ON S.Id = CS.ShopId
			  INNER JOIN  Complex CO ON CO.Id = S.ComplexId
			  INNER JOIN  Price P ON P.Id = SC.PriceId
			  INNER JOIN  [User] U ON U.Id =SC.UserId
         WHERE
		  DATEDIFF(DAY,@StartDate,sc.StartDate) >= 0 AND DATEDIFF(DAY,sc.StartDate,@EndDate) >= 0

		  AND CSS.IsActive = 1
		RETURN 1

	END TRY

	BEGIN CATCH
		IF XACT_STATE() <> 0
			ROLLBACK TRANSACTION
		
		DECLARE @output_message NVARCHAR(4000) = ERROR_MESSAGE()
		RAISERROR (@output_message, 16, 1) WITH LOG
		RETURN ERROR_NUMBER()
	END CATCH
END
GO
/****** Object:  StoredProcedure [dbo].[prc_GetExpenceDetailByKarkardID]    Script Date: 9/14/2020 5:47:27 PM ******/
SET ANSI_NULLS ON
GO
SET QUOTED_IDENTIFIER ON
GO

-- =============================================
-- Author:		Mehrdad Mohajjel
-- Create date: 1396/03/30
-- =============================================

CREATE PROCEDURE [dbo].[prc_GetExpenceDetailByKarkardID]
	@KarkardID BIGINT
AS
BEGIN
	BEGIN TRY
		SET NOCOUNT ON
		SET XACT_ABORT ON


		SELECT DISTINCT
			   SC.[Id]
			  ,SC.[CustomerShopID]
			   ,C.FirstName + ' '+C.lastName AS CustomerName
			   ,C.Code
			   ,CS.Tablo
			   ,S.Pelak
			  ,CO.Title AS ComplexTitle
			  ,SC.[PriceId]
			  ,P.BasePrice
			  ,[dbo].fnc_getMiladi2Shamsi(SC.[StartDate]) AS StartDate
			  ,SC.[StartCoutValue]
			  ,[dbo].fnc_getMiladi2Shamsi(SC.[EndDate]) AS EndDate
			  ,SC.[EndCoutValue]
			  ,CAST(SC.[EndCoutValue] AS decimal(16,0))-CAST(SC.[StartCoutValue] AS decimal(16,0)) AS TotalCount
			  ,(CAST(SC.[EndCoutValue] AS decimal(16,0))-CAST(SC.[StartCoutValue] AS decimal(16,0)))*(CAST(P.BasePrice AS decimal(16,0))) TotalPrice
			  ,U.NickName  AS UserName
		  FROM [dbo].[ShopCounter] SC			
			  INNER JOIN  CustomerShop CS ON CS.Id = SC.CustomerShopID
			  INNER JOIN  CustomerShopStatus CSS ON CSS.CustomerShopId = SC.CustomerShopID
			  INNER JOIN  Customer C ON C.Id = CS.CustomerID 
			  INNER JOIN  Shop S ON S.Id = CS.ShopId
			  INNER JOIN  Complex CO ON CO.Id = S.ComplexId
			  INNER JOIN  Price P ON P.Id = SC.PriceId
			  INNER JOIN  [User] U ON U.Id =SC.UserId
         WHERE
					SC.Id = @KarkardID
		RETURN 1

	END TRY

	BEGIN CATCH
		IF XACT_STATE() <> 0
			ROLLBACK TRANSACTION
		
		DECLARE @output_message NVARCHAR(4000) = ERROR_MESSAGE()
		RAISERROR (@output_message, 16, 1) WITH LOG
		RETURN ERROR_NUMBER()
	END CATCH
END
GO
/****** Object:  StoredProcedure [dbo].[prc_GetShopListByComplexID]    Script Date: 9/14/2020 5:47:27 PM ******/
SET ANSI_NULLS ON
GO
SET QUOTED_IDENTIFIER ON
GO

-- =============================================
-- Author:		Mehrdad Mohajjel
-- Create date: 1396/03/30
-- =============================================

CREATE PROCEDURE [dbo].[prc_GetShopListByComplexID]
	@ComplexID BIGINT
AS	
BEGIN
	BEGIN TRY
		SET NOCOUNT ON
		SET XACT_ABORT ON


		SELECT  DISTINCT
				S.Id,
				S.ComplexId,
				S.Pelak 
		FROM Shop S
		WHERE Id NOT IN
			(SELECT ShopId  
			FROM CustomerShop CS 
			INNER JOIN CustomerShopStatus CSS ON CSS.CustomerShopId = Cs.Id
			 WHERE CSS.IsActive = 1
			 )
		AND S.ComplexId = @ComplexID

		--SET @output_status = 1
		--SET @output_message = 'OK'
		RETURN 1

	END TRY

	BEGIN CATCH
		IF XACT_STATE() <> 0
			ROLLBACK TRANSACTION
		
		DECLARE @output_message NVARCHAR(4000) = ERROR_MESSAGE()
		RAISERROR (@output_message, 16, 1) WITH LOG
		RETURN ERROR_NUMBER()
	END CATCH
END
GO
/****** Object:  StoredProcedure [dbo].[prc_RemoveCustomerShop]    Script Date: 9/14/2020 5:47:27 PM ******/
SET ANSI_NULLS ON
GO
SET QUOTED_IDENTIFIER ON
GO



CREATE PROCEDURE [dbo].[prc_RemoveCustomerShop]
	@CustomerShopID BIGINT,
	@UserID BIGINT
AS
BEGIN
	BEGIN TRY
		SET NOCOUNT ON
		SET XACT_ABORT ON
		
		BEGIN TRANSACTION

		
		UPDATE CustomerShopStatus SET  IsActive = 0 WHERE CustomerShopId = @CustomerShopID 

		--INSERT INTO CustomerShopStatus (CustomerShopId, UserID, IsActive, CreationDate) VALUES (@CustomerShopID ,@UserID , 1, GETDATE())
	
		COMMIT
		RETURN 1

	END TRY

	BEGIN CATCH
		IF XACT_STATE() <> 0
			ROLLBACK TRANSACTION
		
		RAISERROR ('Error', 16, 1) WITH LOG
		RETURN ERROR_NUMBER()	
	END CATCH
END
GO
USE [master]
GO
ALTER DATABASE [ToosShent] SET  READ_WRITE 
GO
