-- phpMyAdmin SQL Dump
-- version 4.2.7
-- http://www.phpmyadmin.net
--
-- Host: localhost
-- Generation Time: 2018 年 9 月 14 日 20:54
-- サーバのバージョン： 5.5.58
-- PHP Version: 5.3.29

SET SQL_MODE = "NO_AUTO_VALUE_ON_ZERO";
SET time_zone = "+00:00";


/*!40101 SET @OLD_CHARACTER_SET_CLIENT=@@CHARACTER_SET_CLIENT */;
/*!40101 SET @OLD_CHARACTER_SET_RESULTS=@@CHARACTER_SET_RESULTS */;
/*!40101 SET @OLD_COLLATION_CONNECTION=@@COLLATION_CONNECTION */;
/*!40101 SET NAMES utf8 */;

--
-- Database: `codecamp21852`
--

-- --------------------------------------------------------

--
-- テーブルの構造 `bbs`
--

CREATE TABLE IF NOT EXISTS `bbs` (
  `log` varchar(30) NOT NULL,
  `my_name` varchar(20) NOT NULL,
  `comment` varchar(100) NOT NULL
) ENGINE=InnoDB DEFAULT CHARSET=utf8;

--
-- テーブルのデータのダンプ `bbs`
--

INSERT INTO `bbs` (`log`, `my_name`, `comment`) VALUES
('2018/07/06 12:11:19', '山田太郎', 'こんにちは'),
('2018/07/06 12:13:12', '山田太郎', 'hello'),
('2018/07/06 12:23:29', '山田花子', 'あいうえお'),
('2018/07/06 12:47:46', 'abc', 'hello'),
('2018/07/11 13:04:08', '山田太郎', 'こんにちは'),
('2018-07-28 10:02:52', '山田太郎', 'こんにちは'),
('2018-07-28 15:33:33', '山田太郎', 'hello'),
('2018-07-28 15:54:26', '田中花子', 'やほ'),
('2018-07-28 16:21:40', 'abc', 'hi'),
('2018-07-28 16:42:25', 'jo', 'おやすみ'),
('2018-07-28 20:08:49', 'qq', 'qq'),
('2018-08-03 16:07:20', '山田太郎', 'こんにちは'),
('2018-08-03 16:08:06', '<h1></h1>', 'hi'),
('2018-08-03 17:08:50', '山田太郎', 'あいうえお');

-- --------------------------------------------------------

--
-- テーブルの構造 `buy_history_table`
--

CREATE TABLE IF NOT EXISTS `buy_history_table` (
  `drink_id` int(11) NOT NULL,
  `buy_date` datetime NOT NULL
) ENGINE=InnoDB DEFAULT CHARSET=utf8;

--
-- テーブルのデータのダンプ `buy_history_table`
--

INSERT INTO `buy_history_table` (`drink_id`, `buy_date`) VALUES
(1, '2018-07-25 15:07:13'),
(3, '2018-07-25 15:09:14'),
(3, '2018-07-25 15:43:32'),
(1, '2018-07-27 10:26:15'),
(2, '2018-07-27 10:26:47'),
(4, '2018-07-28 16:49:22'),
(1, '2018-07-29 10:39:23'),
(3, '2018-07-29 10:58:53'),
(1, '2018-07-29 11:05:04'),
(1, '2018-08-02 20:46:39'),
(2, '2018-08-02 21:45:02'),
(3, '2018-08-03 16:39:56'),
(11, '2018-08-04 07:58:33');

-- --------------------------------------------------------

--
-- テーブルの構造 `character_table`
--

CREATE TABLE IF NOT EXISTS `character_table` (
`character_id` int(11) NOT NULL,
  `character_name` varchar(100) NOT NULL,
  `pref` varchar(100) NOT NULL
) ENGINE=InnoDB  DEFAULT CHARSET=utf8 AUTO_INCREMENT=4 ;

--
-- テーブルのデータのダンプ `character_table`
--

INSERT INTO `character_table` (`character_id`, `character_name`, `pref`) VALUES
(1, 'ふなっしー', '千葉県'),
(2, 'ひこにゃん', '滋賀県'),
(3, 'まりもっこり', '北海道');

-- --------------------------------------------------------

--
-- テーブルの構造 `customer_table`
--

CREATE TABLE IF NOT EXISTS `customer_table` (
`customer_id` int(11) NOT NULL,
  `customer_name` varchar(100) NOT NULL,
  `address` varchar(300) NOT NULL,
  `phone_number` varchar(15) NOT NULL
) ENGINE=InnoDB  DEFAULT CHARSET=utf8 AUTO_INCREMENT=4 ;

--
-- テーブルのデータのダンプ `customer_table`
--

INSERT INTO `customer_table` (`customer_id`, `customer_name`, `address`, `phone_number`) VALUES
(1, '佐藤一郎', '東京都港区六本木６−１０−１', '00300000000'),
(2, '鈴木誠', '神奈川県横浜市立野２−１', '02147483647'),
(3, '山田亮', '東京都杉並区今川５−３', '02147483647');

-- --------------------------------------------------------

--
-- テーブルの構造 `drink_table`
--

CREATE TABLE IF NOT EXISTS `drink_table` (
`drink_id` int(11) NOT NULL,
  `drink_name` varchar(100) NOT NULL,
  `price` int(11) NOT NULL,
  `create_date` datetime NOT NULL,
  `update_date` datetime NOT NULL,
  `status` int(11) NOT NULL,
  `image_name` varchar(100) NOT NULL
) ENGINE=InnoDB  DEFAULT CHARSET=utf8 AUTO_INCREMENT=13 ;

--
-- テーブルのデータのダンプ `drink_table`
--

INSERT INTO `drink_table` (`drink_id`, `drink_name`, `price`, `create_date`, `update_date`, `status`, `image_name`) VALUES
(1, 'コーラ', 100, '2018-07-25 15:02:52', '2018-08-04 08:04:19', 1, '4c52850772cf4b78479ca50f0df83c8e41004dc1.png'),
(2, 'お茶', 80, '2018-07-25 15:03:42', '2018-07-25 15:03:42', 1, '969da7de9e000ef1d064fd8987d2b2977976098a.jpg'),
(3, '水', 80, '2018-07-25 15:04:17', '2018-07-25 15:04:17', 1, '60a6a9740cd5e9ba49c74b1850ff4094398cba05.png'),
(4, 'サイダー', 150, '2018-07-25 15:05:12', '2018-08-02 21:46:05', 0, 'f2b2293bcdb7d93cdc0e496c95660c65ca73c874.png'),
(5, 'コーヒー', 100, '2018-07-25 15:08:00', '2018-08-02 21:45:50', 0, '541e03a8c6d45cfd7d270cf6233aac1fe18b7707.png'),
(6, '紅茶', 150, '2018-07-25 15:41:25', '2018-07-25 15:42:02', 0, 'd199ae394f269b37a2ef9174c3ad3b1962836ee4.png'),
(7, 'グレープジュース', 150, '2018-07-28 16:48:59', '2018-08-02 21:39:24', 1, '13141fee683bd2f5d44e5c54dcf81220e7c6d9dd.png'),
(10, '水', 100, '2018-08-03 16:25:24', '2018-08-03 16:25:24', 0, ''),
(11, 'コーラ', 100, '2018-08-03 16:49:14', '2018-08-03 16:49:14', 1, 'cde8efb4752f4cb3ae3c75740dd31961adbf438f.png'),
(12, 'サイダー', 150, '2018-08-04 08:01:24', '2018-08-04 08:01:24', 1, '6e4cd5c26b18b5d1e16eb609152a4e60979bd802.png');

-- --------------------------------------------------------

--
-- テーブルの構造 `ec_cart_table`
--

CREATE TABLE IF NOT EXISTS `ec_cart_table` (
`cart_id` int(11) NOT NULL,
  `user_id` int(11) NOT NULL,
  `item_id` int(11) NOT NULL,
  `amount` int(11) NOT NULL,
  `created_date` datetime NOT NULL,
  `updated_date` datetime NOT NULL
) ENGINE=InnoDB  DEFAULT CHARSET=utf8 AUTO_INCREMENT=15 ;

-- --------------------------------------------------------

--
-- テーブルの構造 `ec_item_table`
--

CREATE TABLE IF NOT EXISTS `ec_item_table` (
`item_id` int(11) NOT NULL,
  `name` varchar(100) NOT NULL,
  `price` int(11) NOT NULL,
  `img` varchar(100) NOT NULL,
  `status` int(11) NOT NULL,
  `created_date` datetime NOT NULL,
  `updated_date` datetime NOT NULL
) ENGINE=InnoDB  DEFAULT CHARSET=utf8 AUTO_INCREMENT=9 ;

--
-- テーブルのデータのダンプ `ec_item_table`
--

INSERT INTO `ec_item_table` (`item_id`, `name`, `price`, `img`, `status`, `created_date`, `updated_date`) VALUES
(1, 'cola', 150, 'bd03589c0f3f877803505555062cf1e3780e87ce.png', 1, '2018-08-13 20:38:03', '2018-08-13 20:38:03'),
(2, 'water', 80, 'f4df686183aea50a352731603b9c90d8a5a3a6fe.png', 1, '2018-08-13 20:38:42', '2018-08-13 20:38:42'),
(3, 'green tea', 100, '261f78e0a5805e293a1294a735fdbc1b43711e75.jpg', 1, '2018-08-13 20:39:09', '2018-08-13 20:39:09'),
(4, 'grape juice', 150, '4f0b6f1366ec82e0a771edbd52464e60532d0cc0.png', 1, '2018-08-13 20:39:31', '2018-08-13 20:39:31'),
(5, 'POCARI SWEAT', 150, 'ea39936c29fe2310ff4c7696b441b7077a3f2b67.png', 0, '2018-08-13 20:39:53', '2018-08-13 20:39:53'),
(6, 'a<br>あ<br>㈱', 532, 'dc28616276c5b804fef7e47a2befd8c17d7d3ac3.png', 1, '2018-08-15 00:14:29', '2018-08-15 00:14:29'),
(7, '商品 A', 100, 'd50e35ac7bb22400d164545966dc4fa3116d2b51.jpg', 0, '2018-08-15 00:15:12', '2018-08-15 12:28:43');

-- --------------------------------------------------------

--
-- テーブルの構造 `ec_stock_table`
--

CREATE TABLE IF NOT EXISTS `ec_stock_table` (
`stock_id` int(11) NOT NULL,
  `item_id` int(11) NOT NULL,
  `stock` int(11) NOT NULL,
  `created_date` datetime NOT NULL,
  `updated_date` datetime NOT NULL
) ENGINE=InnoDB  DEFAULT CHARSET=utf8 AUTO_INCREMENT=9 ;

--
-- テーブルのデータのダンプ `ec_stock_table`
--

INSERT INTO `ec_stock_table` (`stock_id`, `item_id`, `stock`, `created_date`, `updated_date`) VALUES
(1, 1, 99, '2018-08-13 20:38:03', '2018-08-13 20:42:10'),
(2, 2, 297, '2018-08-13 20:38:42', '2018-08-13 20:57:54'),
(3, 3, 99, '2018-08-13 20:39:09', '2018-08-13 20:57:54'),
(4, 4, 50, '2018-08-13 20:39:31', '2018-08-13 20:39:31'),
(5, 5, 50, '2018-08-13 20:39:53', '2018-08-13 20:39:53'),
(6, 6, 10, '2018-08-15 00:14:29', '2018-08-15 12:28:32'),
(7, 7, 9, '2018-08-15 00:15:12', '2018-08-15 00:24:10');

-- --------------------------------------------------------

--
-- テーブルの構造 `ec_user_table`
--

CREATE TABLE IF NOT EXISTS `ec_user_table` (
`user_id` int(11) NOT NULL,
  `user_name` varchar(100) NOT NULL,
  `password` varchar(100) NOT NULL,
  `created_date` datetime NOT NULL,
  `updated_date` datetime NOT NULL
) ENGINE=InnoDB  DEFAULT CHARSET=utf8 AUTO_INCREMENT=5 ;

--
-- テーブルのデータのダンプ `ec_user_table`
--

INSERT INTO `ec_user_table` (`user_id`, `user_name`, `password`, `created_date`, `updated_date`) VALUES
(1, 'yamadataro', 'yamada1234', '2018-08-13 20:40:19', '2018-08-13 20:40:19'),
(2, 'tanakataro', 'tanaka1234', '2018-08-13 20:40:31', '2018-08-13 20:40:31'),
(3, 'satotaro', 'sato1234', '2018-08-13 20:41:07', '2018-08-13 20:41:07'),
(4, 'testuser', 'testuser', '2018-08-15 00:22:50', '2018-08-15 00:22:50');

-- --------------------------------------------------------

--
-- テーブルの構造 `emp_table`
--

CREATE TABLE IF NOT EXISTS `emp_table` (
`emp_id` int(11) NOT NULL,
  `emp_name` varchar(100) NOT NULL,
  `job` varchar(100) NOT NULL,
  `age` int(11) NOT NULL
) ENGINE=InnoDB  DEFAULT CHARSET=utf8 AUTO_INCREMENT=5 ;

--
-- テーブルのデータのダンプ `emp_table`
--

INSERT INTO `emp_table` (`emp_id`, `emp_name`, `job`, `age`) VALUES
(1, '山田太郎', 'manager', 50),
(2, '伊藤静香', 'manager', 45),
(3, '鈴木三郎', 'analyst', 30),
(4, '山田花子', 'clerk', 24);

-- --------------------------------------------------------

--
-- テーブルの構造 `goods_table`
--

CREATE TABLE IF NOT EXISTS `goods_table` (
`goods_id` int(11) NOT NULL,
  `goods_name` varchar(100) NOT NULL,
  `price` int(11) NOT NULL
) ENGINE=InnoDB  DEFAULT CHARSET=utf8 AUTO_INCREMENT=10 ;

--
-- テーブルのデータのダンプ `goods_table`
--

INSERT INTO `goods_table` (`goods_id`, `goods_name`, `price`) VALUES
(1, 'コーラ', 100),
(2, 'USB', 2000),
(3, '傘', 500),
(4, 'お茶', 100),
(5, 'サイダー', 100),
(6, 'ボールペン', 80),
(9, 'パン', 100);

-- --------------------------------------------------------

--
-- テーブルの構造 `order_detail_table`
--

CREATE TABLE IF NOT EXISTS `order_detail_table` (
  `order_id` int(11) NOT NULL,
  `goods_id` int(11) NOT NULL,
  `quantity` int(11) NOT NULL
) ENGINE=InnoDB DEFAULT CHARSET=utf8;

--
-- テーブルのデータのダンプ `order_detail_table`
--

INSERT INTO `order_detail_table` (`order_id`, `goods_id`, `quantity`) VALUES
(1, 1, 3),
(1, 5, 3),
(2, 2, 1),
(3, 1, 10),
(3, 4, 10),
(4, 1, 5),
(6, 1, 1),
(9, 1, 1);

-- --------------------------------------------------------

--
-- テーブルの構造 `order_table`
--

CREATE TABLE IF NOT EXISTS `order_table` (
`order_id` int(11) NOT NULL,
  `customer_id` int(11) NOT NULL,
  `order_date` datetime NOT NULL,
  `payment` varchar(20) NOT NULL
) ENGINE=InnoDB  DEFAULT CHARSET=utf8 AUTO_INCREMENT=12 ;

--
-- テーブルのデータのダンプ `order_table`
--

INSERT INTO `order_table` (`order_id`, `customer_id`, `order_date`, `payment`) VALUES
(1, 1, '2013-10-01 10:22:30', 'クレジット'),
(2, 2, '2013-10-01 18:51:06', 'クレジット'),
(3, 3, '2013-10-02 09:14:35', '代金引換'),
(4, 1, '2013-10-03 11:00:57', 'クレジット'),
(6, 1, '2018-07-16 17:12:08', 'クレジット'),
(9, 1, '2018-07-18 07:55:36', 'クレジット'),
(11, 1, '2018-07-18 07:58:18', 'クレジット');

-- --------------------------------------------------------

--
-- テーブルの構造 `point_customer_table`
--

CREATE TABLE IF NOT EXISTS `point_customer_table` (
`customer_id` int(11) unsigned NOT NULL COMMENT 'ユーザーID',
  `point` int(11) unsigned NOT NULL DEFAULT '0' COMMENT '保有ポイント'
) ENGINE=InnoDB  DEFAULT CHARSET=utf8 COMMENT='ユーザーの保有ポイント情報' AUTO_INCREMENT=4 ;

--
-- テーブルのデータのダンプ `point_customer_table`
--

INSERT INTO `point_customer_table` (`customer_id`, `point`) VALUES
(1, 300),
(2, 2800),
(3, 200);

-- --------------------------------------------------------

--
-- テーブルの構造 `point_gift_table`
--

CREATE TABLE IF NOT EXISTS `point_gift_table` (
`point_gift_id` int(11) NOT NULL,
  `name` varchar(100) NOT NULL,
  `point` int(11) NOT NULL COMMENT '必要ポイント'
) ENGINE=InnoDB  DEFAULT CHARSET=utf8 AUTO_INCREMENT=6 ;

--
-- テーブルのデータのダンプ `point_gift_table`
--

INSERT INTO `point_gift_table` (`point_gift_id`, `name`, `point`) VALUES
(1, 'コーラ', 100),
(2, 'USB', 2000),
(3, '傘', 500),
(4, 'お茶', 100),
(5, 'サイダー', 100);

-- --------------------------------------------------------

--
-- テーブルの構造 `point_history_table`
--

CREATE TABLE IF NOT EXISTS `point_history_table` (
  `customer_id` int(11) unsigned NOT NULL,
  `point_gift_id` int(11) unsigned NOT NULL,
  `created_at` datetime NOT NULL
) ENGINE=InnoDB DEFAULT CHARSET=utf8 COMMENT='履歴テーブル';

--
-- テーブルのデータのダンプ `point_history_table`
--

INSERT INTO `point_history_table` (`customer_id`, `point_gift_id`, `created_at`) VALUES
(1, 1, '2013-10-01 15:23:46'),
(1, 5, '2013-10-01 15:25:10'),
(2, 2, '2013-10-02 12:47:52'),
(3, 1, '2013-10-02 20:38:09'),
(1, 1, '2018-07-18 09:30:51'),
(1, 5, '2018-07-18 09:44:51'),
(1, 4, '2018-07-18 09:46:23'),
(1, 1, '2018-07-18 09:47:13'),
(1, 1, '2018-07-18 13:12:06'),
(1, 5, '2018-07-19 21:21:24');

-- --------------------------------------------------------

--
-- テーブルの構造 `postcode_table`
--

CREATE TABLE IF NOT EXISTS `postcode_table` (
  `postcode` int(7) unsigned zerofill NOT NULL,
  `pref_kana` varchar(300) NOT NULL,
  `city_kana` varchar(300) NOT NULL,
  `town_area_kana` varchar(300) NOT NULL,
  `pref` varchar(100) NOT NULL,
  `city` varchar(100) NOT NULL,
  `town_area` varchar(100) NOT NULL
) ENGINE=InnoDB DEFAULT CHARSET=utf8;

--
-- テーブルのデータのダンプ `postcode_table`
--

INSERT INTO `postcode_table` (`postcode`, `pref_kana`, `city_kana`, `town_area_kana`, `pref`, `city`, `town_area`) VALUES
(0600000, 'ﾎｯｶｲﾄﾞｳ', 'ｻｯﾎﾟﾛｼﾁｭｳｵｳｸ', 'ｲｶﾆｹｲｻｲｶﾞﾅｲﾊﾞｱｲ', '北海道', '札幌市中央区', '以下に掲載がない場合'),
(0640941, 'ﾎｯｶｲﾄﾞｳ', 'ｻｯﾎﾟﾛｼﾁｭｳｵｳｸ', 'ｱｻﾋｶﾞｵｶ', '北海道', '札幌市中央区', '旭ケ丘'),
(0600041, 'ﾎｯｶｲﾄﾞｳ', 'ｻｯﾎﾟﾛｼﾁｭｳｵｳｸ', 'ｵｵﾄﾞｵﾘﾋｶﾞｼ', '北海道', '札幌市中央区', '大通東'),
(0600042, 'ﾎｯｶｲﾄﾞｳ', 'ｻｯﾎﾟﾛｼﾁｭｳｵｳｸ', 'ｵｵﾄﾞｵﾘﾆｼ(1-19ﾁｮｳﾒ)', '北海道', '札幌市中央区', '大通西（１〜１９丁目）'),
(0640820, 'ﾎｯｶｲﾄﾞｳ', 'ｻｯﾎﾟﾛｼﾁｭｳｵｳｸ', 'ｵｵﾄﾞｵﾘﾆｼ(20-28ﾁｮｳﾒ)', '北海道', '札幌市中央区', '大通西（２０〜２８丁目）'),
(0600031, 'ﾎｯｶｲﾄﾞｳ', 'ｻｯﾎﾟﾛｼﾁｭｳｵｳｸ', 'ｷﾀ1ｼﾞｮｳﾋｶﾞｼ', '北海道', '札幌市中央区', '北一条東'),
(0600001, 'ﾎｯｶｲﾄﾞｳ', 'ｻｯﾎﾟﾛｼﾁｭｳｵｳｸ', 'ｷﾀ1ｼﾞｮｳﾆｼ(1-19ﾁｮｳﾒ)', '北海道', '札幌市中央区', '北一条西（１〜１９丁目）'),
(0640821, 'ﾎｯｶｲﾄﾞｳ', 'ｻｯﾎﾟﾛｼﾁｭｳｵｳｸ', 'ｷﾀ1ｼﾞｮｳﾆｼ(20-28ﾁｮｳﾒ)', '北海道', '札幌市中央区', '北一条西（２０〜２８丁目）'),
(0600032, 'ﾎｯｶｲﾄﾞｳ', 'ｻｯﾎﾟﾛｼﾁｭｳｵｳｸ', 'ｷﾀ2ｼﾞｮｳﾋｶﾞｼ', '北海道', '札幌市中央区', '北二条東'),
(0600002, 'ﾎｯｶｲﾄﾞｳ', 'ｻｯﾎﾟﾛｼﾁｭｳｵｳｸ', 'ｷﾀ2ｼﾞｮｳﾆｼ(1-19ﾁｮｳﾒ)', '北海道', '札幌市中央区', '北二条西（１〜１９丁目）'),
(0640822, 'ﾎｯｶｲﾄﾞｳ', 'ｻｯﾎﾟﾛｼﾁｭｳｵｳｸ', 'ｷﾀ2ｼﾞｮｳﾆｼ(20-28ﾁｮｳﾒ)', '北海道', '札幌市中央区', '北二条西（２０〜２８丁目）'),
(0600033, 'ﾎｯｶｲﾄﾞｳ', 'ｻｯﾎﾟﾛｼﾁｭｳｵｳｸ', 'ｷﾀ3ｼﾞｮｳﾋｶﾞｼ', '北海道', '札幌市中央区', '北三条東'),
(0600003, 'ﾎｯｶｲﾄﾞｳ', 'ｻｯﾎﾟﾛｼﾁｭｳｵｳｸ', 'ｷﾀ3ｼﾞｮｳﾆｼ(1-19ﾁｮｳﾒ)', '北海道', '札幌市中央区', '北三条西（１〜１９丁目）'),
(0640823, 'ﾎｯｶｲﾄﾞｳ', 'ｻｯﾎﾟﾛｼﾁｭｳｵｳｸ', 'ｷﾀ3ｼﾞｮｳﾆｼ(20-30ﾁｮｳﾒ)', '北海道', '札幌市中央区', '北三条西（２０〜３０丁目）'),
(0600034, 'ﾎｯｶｲﾄﾞｳ', 'ｻｯﾎﾟﾛｼﾁｭｳｵｳｸ', 'ｷﾀ4ｼﾞｮｳﾋｶﾞｼ(1-8ﾁｮｳﾒ)', '北海道', '札幌市中央区', '北四条東（１〜８丁目）'),
(0600004, 'ﾎｯｶｲﾄﾞｳ', 'ｻｯﾎﾟﾛｼﾁｭｳｵｳｸ', 'ｷﾀ4ｼﾞｮｳﾆｼ(1-19ﾁｮｳﾒ)', '北海道', '札幌市中央区', '北四条西（１〜１９丁目）'),
(0640824, 'ﾎｯｶｲﾄﾞｳ', 'ｻｯﾎﾟﾛｼﾁｭｳｵｳｸ', 'ｷﾀ4ｼﾞｮｳﾆｼ(20-30ﾁｮｳﾒ)', '北海道', '札幌市中央区', '北四条西（２０〜３０丁目）'),
(0600035, 'ﾎｯｶｲﾄﾞｳ', 'ｻｯﾎﾟﾛｼﾁｭｳｵｳｸ', 'ｷﾀ5ｼﾞｮｳﾋｶﾞｼ', '北海道', '札幌市中央区', '北五条東'),
(0600005, 'ﾎｯｶｲﾄﾞｳ', 'ｻｯﾎﾟﾛｼﾁｭｳｵｳｸ', 'ｷﾀ5ｼﾞｮｳﾆｼ(1-24ﾁｮｳﾒ)', '北海道', '札幌市中央区', '北五条西（１〜２４丁目）'),
(0640825, 'ﾎｯｶｲﾄﾞｳ', 'ｻｯﾎﾟﾛｼﾁｭｳｵｳｸ', 'ｷﾀ5ｼﾞｮｳﾆｼ(25-29ﾁｮｳﾒ)', '北海道', '札幌市中央区', '北五条西（２５〜２９丁目）'),
(0600006, 'ﾎｯｶｲﾄﾞｳ', 'ｻｯﾎﾟﾛｼﾁｭｳｵｳｸ', 'ｷﾀ6ｼﾞｮｳﾆｼ(10-25ﾁｮｳﾒ)', '北海道', '札幌市中央区', '北六条西（１０〜２５丁目）'),
(0640826, 'ﾎｯｶｲﾄﾞｳ', 'ｻｯﾎﾟﾛｼﾁｭｳｵｳｸ', 'ｷﾀ6ｼﾞｮｳﾆｼ(26-28ﾁｮｳﾒ)', '北海道', '札幌市中央区', '北六条西（２６〜２８丁目）'),
(0600007, 'ﾎｯｶｲﾄﾞｳ', 'ｻｯﾎﾟﾛｼﾁｭｳｵｳｸ', 'ｷﾀ7ｼﾞｮｳﾆｼ', '北海道', '札幌市中央区', '北七条西'),
(0600008, 'ﾎｯｶｲﾄﾞｳ', 'ｻｯﾎﾟﾛｼﾁｭｳｵｳｸ', 'ｷﾀ8ｼﾞｮｳﾆｼ', '北海道', '札幌市中央区', '北八条西'),
(0600009, 'ﾎｯｶｲﾄﾞｳ', 'ｻｯﾎﾟﾛｼﾁｭｳｵｳｸ', 'ｷﾀ9ｼﾞｮｳﾆｼ', '北海道', '札幌市中央区', '北九条西'),
(0600010, 'ﾎｯｶｲﾄﾞｳ', 'ｻｯﾎﾟﾛｼﾁｭｳｵｳｸ', 'ｷﾀ10ｼﾞｮｳﾆｼ', '北海道', '札幌市中央区', '北十条西'),
(0600011, 'ﾎｯｶｲﾄﾞｳ', 'ｻｯﾎﾟﾛｼﾁｭｳｵｳｸ', 'ｷﾀ11ｼﾞｮｳﾆｼ', '北海道', '札幌市中央区', '北十一条西'),
(0600012, 'ﾎｯｶｲﾄﾞｳ', 'ｻｯﾎﾟﾛｼﾁｭｳｵｳｸ', 'ｷﾀ12ｼﾞｮｳﾆｼ', '北海道', '札幌市中央区', '北十二条西'),
(0600013, 'ﾎｯｶｲﾄﾞｳ', 'ｻｯﾎﾟﾛｼﾁｭｳｵｳｸ', 'ｷﾀ13ｼﾞｮｳﾆｼ', '北海道', '札幌市中央区', '北十三条西'),
(0600014, 'ﾎｯｶｲﾄﾞｳ', 'ｻｯﾎﾟﾛｼﾁｭｳｵｳｸ', 'ｷﾀ14ｼﾞｮｳﾆｼ', '北海道', '札幌市中央区', '北十四条西'),
(0600015, 'ﾎｯｶｲﾄﾞｳ', 'ｻｯﾎﾟﾛｼﾁｭｳｵｳｸ', 'ｷﾀ15ｼﾞｮｳﾆｼ', '北海道', '札幌市中央区', '北十五条西'),
(0600016, 'ﾎｯｶｲﾄﾞｳ', 'ｻｯﾎﾟﾛｼﾁｭｳｵｳｸ', 'ｷﾀ16ｼﾞｮｳﾆｼ', '北海道', '札幌市中央区', '北十六条西'),
(0600017, 'ﾎｯｶｲﾄﾞｳ', 'ｻｯﾎﾟﾛｼﾁｭｳｵｳｸ', 'ｷﾀ17ｼﾞｮｳﾆｼ', '北海道', '札幌市中央区', '北十七条西'),
(0600018, 'ﾎｯｶｲﾄﾞｳ', 'ｻｯﾎﾟﾛｼﾁｭｳｵｳｸ', 'ｷﾀ18ｼﾞｮｳﾆｼ', '北海道', '札幌市中央区', '北十八条西'),
(0600020, 'ﾎｯｶｲﾄﾞｳ', 'ｻｯﾎﾟﾛｼﾁｭｳｵｳｸ', 'ｷﾀ20ｼﾞｮｳﾆｼ', '北海道', '札幌市中央区', '北二十条西'),
(0600021, 'ﾎｯｶｲﾄﾞｳ', 'ｻｯﾎﾟﾛｼﾁｭｳｵｳｸ', 'ｷﾀ21ｼﾞｮｳﾆｼ', '北海道', '札幌市中央区', '北二十一条西'),
(0600022, 'ﾎｯｶｲﾄﾞｳ', 'ｻｯﾎﾟﾛｼﾁｭｳｵｳｸ', 'ｷﾀ22ｼﾞｮｳﾆｼ', '北海道', '札幌市中央区', '北二十二条西'),
(0640943, 'ﾎｯｶｲﾄﾞｳ', 'ｻｯﾎﾟﾛｼﾁｭｳｵｳｸ', 'ｻｶｲｶﾞﾜ', '北海道', '札幌市中央区', '界川'),
(0640931, 'ﾎｯｶｲﾄﾞｳ', 'ｻｯﾎﾟﾛｼﾁｭｳｵｳｸ', 'ﾅｶｼﾞﾏｺｳｴﾝ', '北海道', '札幌市中央区', '中島公園'),
(0640945, 'ﾎｯｶｲﾄﾞｳ', 'ｻｯﾎﾟﾛｼﾁｭｳｵｳｸ', 'ﾊﾞﾝｹｲ', '北海道', '札幌市中央区', '盤渓'),
(0640942, 'ﾎｯｶｲﾄﾞｳ', 'ｻｯﾎﾟﾛｼﾁｭｳｵｳｸ', 'ﾌｼﾐ', '北海道', '札幌市中央区', '伏見'),
(0640946, 'ﾎｯｶｲﾄﾞｳ', 'ｻｯﾎﾟﾛｼﾁｭｳｵｳｸ', 'ﾌﾀｺﾞﾔﾏ', '北海道', '札幌市中央区', '双子山'),
(0640944, 'ﾎｯｶｲﾄﾞｳ', 'ｻｯﾎﾟﾛｼﾁｭｳｵｳｸ', 'ﾏﾙﾔﾏﾆｼﾏﾁ', '北海道', '札幌市中央区', '円山西町'),
(0600051, 'ﾎｯｶｲﾄﾞｳ', 'ｻｯﾎﾟﾛｼﾁｭｳｵｳｸ', 'ﾐﾅﾐ1ｼﾞｮｳﾋｶﾞｼ', '北海道', '札幌市中央区', '南一条東'),
(0600061, 'ﾎｯｶｲﾄﾞｳ', 'ｻｯﾎﾟﾛｼﾁｭｳｵｳｸ', 'ﾐﾅﾐ1ｼﾞｮｳﾆｼ(1-19ﾁｮｳﾒ)', '北海道', '札幌市中央区', '南一条西（１〜１９丁目）'),
(0640801, 'ﾎｯｶｲﾄﾞｳ', 'ｻｯﾎﾟﾛｼﾁｭｳｵｳｸ', 'ﾐﾅﾐ1ｼﾞｮｳﾆｼ(20-28ﾁｮｳﾒ)', '北海道', '札幌市中央区', '南一条西（２０〜２８丁目）'),
(0600052, 'ﾎｯｶｲﾄﾞｳ', 'ｻｯﾎﾟﾛｼﾁｭｳｵｳｸ', 'ﾐﾅﾐ2ｼﾞｮｳﾋｶﾞｼ', '北海道', '札幌市中央区', '南二条東'),
(0600062, 'ﾎｯｶｲﾄﾞｳ', 'ｻｯﾎﾟﾛｼﾁｭｳｵｳｸ', 'ﾐﾅﾐ2ｼﾞｮｳﾆｼ(1-19ﾁｮｳﾒ)', '北海道', '札幌市中央区', '南二条西（１〜１９丁目）'),
(0640802, 'ﾎｯｶｲﾄﾞｳ', 'ｻｯﾎﾟﾛｼﾁｭｳｵｳｸ', 'ﾐﾅﾐ2ｼﾞｮｳﾆｼ(20-28ﾁｮｳﾒ)', '北海道', '札幌市中央区', '南二条西（２０〜２８丁目）'),
(0600053, 'ﾎｯｶｲﾄﾞｳ', 'ｻｯﾎﾟﾛｼﾁｭｳｵｳｸ', 'ﾐﾅﾐ3ｼﾞｮｳﾋｶﾞｼ', '北海道', '札幌市中央区', '南三条東'),
(0600063, 'ﾎｯｶｲﾄﾞｳ', 'ｻｯﾎﾟﾛｼﾁｭｳｵｳｸ', 'ﾐﾅﾐ3ｼﾞｮｳﾆｼ(1-18ﾁｮｳﾒ)', '北海道', '札幌市中央区', '南三条西（１〜１８丁目）'),
(0640803, 'ﾎｯｶｲﾄﾞｳ', 'ｻｯﾎﾟﾛｼﾁｭｳｵｳｸ', 'ﾐﾅﾐ3ｼﾞｮｳﾆｼ(20-28ﾁｮｳﾒ)', '北海道', '札幌市中央区', '南三条西（２０〜２８丁目）'),
(0600054, 'ﾎｯｶｲﾄﾞｳ', 'ｻｯﾎﾟﾛｼﾁｭｳｵｳｸ', 'ﾐﾅﾐ4ｼﾞｮｳﾋｶﾞｼ', '北海道', '札幌市中央区', '南四条東'),
(0640804, 'ﾎｯｶｲﾄﾞｳ', 'ｻｯﾎﾟﾛｼﾁｭｳｵｳｸ', 'ﾐﾅﾐ4ｼﾞｮｳﾆｼ', '北海道', '札幌市中央区', '南四条西'),
(0600055, 'ﾎｯｶｲﾄﾞｳ', 'ｻｯﾎﾟﾛｼﾁｭｳｵｳｸ', 'ﾐﾅﾐ5ｼﾞｮｳﾋｶﾞｼ', '北海道', '札幌市中央区', '南五条東'),
(0640805, 'ﾎｯｶｲﾄﾞｳ', 'ｻｯﾎﾟﾛｼﾁｭｳｵｳｸ', 'ﾐﾅﾐ5ｼﾞｮｳﾆｼ', '北海道', '札幌市中央区', '南五条西'),
(0600056, 'ﾎｯｶｲﾄﾞｳ', 'ｻｯﾎﾟﾛｼﾁｭｳｵｳｸ', 'ﾐﾅﾐ6ｼﾞｮｳﾋｶﾞｼ', '北海道', '札幌市中央区', '南六条東'),
(0640806, 'ﾎｯｶｲﾄﾞｳ', 'ｻｯﾎﾟﾛｼﾁｭｳｵｳｸ', 'ﾐﾅﾐ6ｼﾞｮｳﾆｼ', '北海道', '札幌市中央区', '南六条西'),
(0600057, 'ﾎｯｶｲﾄﾞｳ', 'ｻｯﾎﾟﾛｼﾁｭｳｵｳｸ', 'ﾐﾅﾐ7ｼﾞｮｳﾋｶﾞｼ', '北海道', '札幌市中央区', '南七条東'),
(0640807, 'ﾎｯｶｲﾄﾞｳ', 'ｻｯﾎﾟﾛｼﾁｭｳｵｳｸ', 'ﾐﾅﾐ7ｼﾞｮｳﾆｼ', '北海道', '札幌市中央区', '南七条西'),
(0640808, 'ﾎｯｶｲﾄﾞｳ', 'ｻｯﾎﾟﾛｼﾁｭｳｵｳｸ', 'ﾐﾅﾐ8ｼﾞｮｳﾆｼ', '北海道', '札幌市中央区', '南八条西'),
(0640809, 'ﾎｯｶｲﾄﾞｳ', 'ｻｯﾎﾟﾛｼﾁｭｳｵｳｸ', 'ﾐﾅﾐ9ｼﾞｮｳﾆｼ', '北海道', '札幌市中央区', '南九条西'),
(0640810, 'ﾎｯｶｲﾄﾞｳ', 'ｻｯﾎﾟﾛｼﾁｭｳｵｳｸ', 'ﾐﾅﾐ10ｼﾞｮｳﾆｼ', '北海道', '札幌市中央区', '南十条西'),
(0640811, 'ﾎｯｶｲﾄﾞｳ', 'ｻｯﾎﾟﾛｼﾁｭｳｵｳｸ', 'ﾐﾅﾐ11ｼﾞｮｳﾆｼ', '北海道', '札幌市中央区', '南十一条西'),
(0640912, 'ﾎｯｶｲﾄﾞｳ', 'ｻｯﾎﾟﾛｼﾁｭｳｵｳｸ', 'ﾐﾅﾐ12ｼﾞｮｳﾆｼ', '北海道', '札幌市中央区', '南十二条西'),
(0640913, 'ﾎｯｶｲﾄﾞｳ', 'ｻｯﾎﾟﾛｼﾁｭｳｵｳｸ', 'ﾐﾅﾐ13ｼﾞｮｳﾆｼ', '北海道', '札幌市中央区', '南十三条西'),
(0640914, 'ﾎｯｶｲﾄﾞｳ', 'ｻｯﾎﾟﾛｼﾁｭｳｵｳｸ', 'ﾐﾅﾐ14ｼﾞｮｳﾆｼ', '北海道', '札幌市中央区', '南十四条西'),
(0640915, 'ﾎｯｶｲﾄﾞｳ', 'ｻｯﾎﾟﾛｼﾁｭｳｵｳｸ', 'ﾐﾅﾐ15ｼﾞｮｳﾆｼ', '北海道', '札幌市中央区', '南十五条西'),
(0640916, 'ﾎｯｶｲﾄﾞｳ', 'ｻｯﾎﾟﾛｼﾁｭｳｵｳｸ', 'ﾐﾅﾐ16ｼﾞｮｳﾆｼ', '北海道', '札幌市中央区', '南十六条西'),
(0640917, 'ﾎｯｶｲﾄﾞｳ', 'ｻｯﾎﾟﾛｼﾁｭｳｵｳｸ', 'ﾐﾅﾐ17ｼﾞｮｳﾆｼ', '北海道', '札幌市中央区', '南十七条西'),
(0640918, 'ﾎｯｶｲﾄﾞｳ', 'ｻｯﾎﾟﾛｼﾁｭｳｵｳｸ', 'ﾐﾅﾐ18ｼﾞｮｳﾆｼ', '北海道', '札幌市中央区', '南十八条西'),
(0640919, 'ﾎｯｶｲﾄﾞｳ', 'ｻｯﾎﾟﾛｼﾁｭｳｵｳｸ', 'ﾐﾅﾐ19ｼﾞｮｳﾆｼ', '北海道', '札幌市中央区', '南十九条西'),
(0640920, 'ﾎｯｶｲﾄﾞｳ', 'ｻｯﾎﾟﾛｼﾁｭｳｵｳｸ', 'ﾐﾅﾐ20ｼﾞｮｳﾆｼ', '北海道', '札幌市中央区', '南二十条西'),
(0640921, 'ﾎｯｶｲﾄﾞｳ', 'ｻｯﾎﾟﾛｼﾁｭｳｵｳｸ', 'ﾐﾅﾐ21ｼﾞｮｳﾆｼ', '北海道', '札幌市中央区', '南二十一条西'),
(0640922, 'ﾎｯｶｲﾄﾞｳ', 'ｻｯﾎﾟﾛｼﾁｭｳｵｳｸ', 'ﾐﾅﾐ22ｼﾞｮｳﾆｼ', '北海道', '札幌市中央区', '南二十二条西'),
(0640923, 'ﾎｯｶｲﾄﾞｳ', 'ｻｯﾎﾟﾛｼﾁｭｳｵｳｸ', 'ﾐﾅﾐ23ｼﾞｮｳﾆｼ', '北海道', '札幌市中央区', '南二十三条西'),
(0640924, 'ﾎｯｶｲﾄﾞｳ', 'ｻｯﾎﾟﾛｼﾁｭｳｵｳｸ', 'ﾐﾅﾐ24ｼﾞｮｳﾆｼ', '北海道', '札幌市中央区', '南二十四条西'),
(0640925, 'ﾎｯｶｲﾄﾞｳ', 'ｻｯﾎﾟﾛｼﾁｭｳｵｳｸ', 'ﾐﾅﾐ25ｼﾞｮｳﾆｼ', '北海道', '札幌市中央区', '南二十五条西'),
(0640926, 'ﾎｯｶｲﾄﾞｳ', 'ｻｯﾎﾟﾛｼﾁｭｳｵｳｸ', 'ﾐﾅﾐ26ｼﾞｮｳﾆｼ', '北海道', '札幌市中央区', '南二十六条西'),
(0640927, 'ﾎｯｶｲﾄﾞｳ', 'ｻｯﾎﾟﾛｼﾁｭｳｵｳｸ', 'ﾐﾅﾐ27ｼﾞｮｳﾆｼ', '北海道', '札幌市中央区', '南二十七条西'),
(0640928, 'ﾎｯｶｲﾄﾞｳ', 'ｻｯﾎﾟﾛｼﾁｭｳｵｳｸ', 'ﾐﾅﾐ28ｼﾞｮｳﾆｼ', '北海道', '札幌市中央区', '南二十八条西'),
(0640929, 'ﾎｯｶｲﾄﾞｳ', 'ｻｯﾎﾟﾛｼﾁｭｳｵｳｸ', 'ﾐﾅﾐ29ｼﾞｮｳﾆｼ', '北海道', '札幌市中央区', '南二十九条西'),
(0640930, 'ﾎｯｶｲﾄﾞｳ', 'ｻｯﾎﾟﾛｼﾁｭｳｵｳｸ', 'ﾐﾅﾐ30ｼﾞｮｳﾆｼ(9-11ﾁｮｳﾒ)', '北海道', '札幌市中央区', '南三十条西（９〜１１丁目）'),
(0640959, 'ﾎｯｶｲﾄﾞｳ', 'ｻｯﾎﾟﾛｼﾁｭｳｵｳｸ', 'ﾐﾔｶﾞｵｶ', '北海道', '札幌市中央区', '宮ケ丘'),
(0640958, 'ﾎｯｶｲﾄﾞｳ', 'ｻｯﾎﾟﾛｼﾁｭｳｵｳｸ', 'ﾐﾔﾉﾓﾘ', '北海道', '札幌市中央区', '宮の森'),
(0640951, 'ﾎｯｶｲﾄﾞｳ', 'ｻｯﾎﾟﾛｼﾁｭｳｵｳｸ', 'ﾐﾔﾉﾓﾘ1ｼﾞｮｳ', '北海道', '札幌市中央区', '宮の森一条'),
(0640952, 'ﾎｯｶｲﾄﾞｳ', 'ｻｯﾎﾟﾛｼﾁｭｳｵｳｸ', 'ﾐﾔﾉﾓﾘ2ｼﾞｮｳ', '北海道', '札幌市中央区', '宮の森二条'),
(0640953, 'ﾎｯｶｲﾄﾞｳ', 'ｻｯﾎﾟﾛｼﾁｭｳｵｳｸ', 'ﾐﾔﾉﾓﾘ3ｼﾞｮｳ', '北海道', '札幌市中央区', '宮の森三条'),
(0640954, 'ﾎｯｶｲﾄﾞｳ', 'ｻｯﾎﾟﾛｼﾁｭｳｵｳｸ', 'ﾐﾔﾉﾓﾘ4ｼﾞｮｳ', '北海道', '札幌市中央区', '宮の森四条'),
(0010000, 'ﾎｯｶｲﾄﾞｳ', 'ｻｯﾎﾟﾛｼｷﾀｸ', 'ｲｶﾆｹｲｻｲｶﾞﾅｲﾊﾞｱｲ', '北海道', '札幌市北区', '以下に掲載がない場合'),
(0028071, 'ﾎｯｶｲﾄﾞｳ', 'ｻｯﾎﾟﾛｼｷﾀｸ', 'ｱｲﾉｻﾄ1ｼﾞｮｳ', '北海道', '札幌市北区', 'あいの里一条'),
(0028072, 'ﾎｯｶｲﾄﾞｳ', 'ｻｯﾎﾟﾛｼｷﾀｸ', 'ｱｲﾉｻﾄ2ｼﾞｮｳ', '北海道', '札幌市北区', 'あいの里二条'),
(0028073, 'ﾎｯｶｲﾄﾞｳ', 'ｻｯﾎﾟﾛｼｷﾀｸ', 'ｱｲﾉｻﾄ3ｼﾞｮｳ', '北海道', '札幌市北区', 'あいの里三条'),
(0028074, 'ﾎｯｶｲﾄﾞｳ', 'ｻｯﾎﾟﾛｼｷﾀｸ', 'ｱｲﾉｻﾄ4ｼﾞｮｳ', '北海道', '札幌市北区', 'あいの里四条'),
(0028075, 'ﾎｯｶｲﾄﾞｳ', 'ｻｯﾎﾟﾛｼｷﾀｸ', 'ｱｲﾉｻﾄ5ｼﾞｮｳ', '北海道', '札幌市北区', 'あいの里五条'),
(0010045, 'ﾎｯｶｲﾄﾞｳ', 'ｻｯﾎﾟﾛｼｷﾀｸ', 'ｱｻﾌﾞﾁｮｳ', '北海道', '札幌市北区', '麻生町'),
(0600806, 'ﾎｯｶｲﾄﾞｳ', 'ｻｯﾎﾟﾛｼｷﾀｸ', 'ｷﾀ6ｼﾞｮｳﾆｼ', '北海道', '札幌市北区', '北六条西'),
(0600807, 'ﾎｯｶｲﾄﾞｳ', 'ｻｯﾎﾟﾛｼｷﾀｸ', 'ｷﾀ7ｼﾞｮｳﾆｼ', '北海道', '札幌市北区', '北七条西'),
(0600808, 'ﾎｯｶｲﾄﾞｳ', 'ｻｯﾎﾟﾛｼｷﾀｸ', 'ｷﾀ8ｼﾞｮｳﾆｼ', '北海道', '札幌市北区', '北八条西'),
(0600809, 'ﾎｯｶｲﾄﾞｳ', 'ｻｯﾎﾟﾛｼｷﾀｸ', 'ｷﾀ9ｼﾞｮｳﾆｼ', '北海道', '札幌市北区', '北九条西'),
(0010010, 'ﾎｯｶｲﾄﾞｳ', 'ｻｯﾎﾟﾛｼｷﾀｸ', 'ｷﾀ10ｼﾞｮｳﾆｼ(1-4ﾁｮｳﾒ)', '北海道', '札幌市北区', '北十条西（１〜４丁目）'),
(0600810, 'ﾎｯｶｲﾄﾞｳ', 'ｻｯﾎﾟﾛｼｷﾀｸ', 'ｷﾀ10ｼﾞｮｳﾆｼ(5-11ﾁｮｳﾒ)', '北海道', '札幌市北区', '北十条西（５〜１１丁目）'),
(0010011, 'ﾎｯｶｲﾄﾞｳ', 'ｻｯﾎﾟﾛｼｷﾀｸ', 'ｷﾀ11ｼﾞｮｳﾆｼ(1-4ﾁｮｳﾒ)', '北海道', '札幌市北区', '北十一条西（１〜４丁目）'),
(0600811, 'ﾎｯｶｲﾄﾞｳ', 'ｻｯﾎﾟﾛｼｷﾀｸ', 'ｷﾀ11ｼﾞｮｳﾆｼ(5-11ﾁｮｳﾒ)', '北海道', '札幌市北区', '北十一条西（５〜１１丁目）'),
(0010012, 'ﾎｯｶｲﾄﾞｳ', 'ｻｯﾎﾟﾛｼｷﾀｸ', 'ｷﾀ12ｼﾞｮｳﾆｼ(1-4ﾁｮｳﾒ)', '北海道', '札幌市北区', '北十二条西（１〜４丁目）'),
(0600812, 'ﾎｯｶｲﾄﾞｳ', 'ｻｯﾎﾟﾛｼｷﾀｸ', 'ｷﾀ12ｼﾞｮｳﾆｼ(5-12ﾁｮｳﾒ)', '北海道', '札幌市北区', '北十二条西（５〜１２丁目）'),
(0010013, 'ﾎｯｶｲﾄﾞｳ', 'ｻｯﾎﾟﾛｼｷﾀｸ', 'ｷﾀ13ｼﾞｮｳﾆｼ(1-4ﾁｮｳﾒ)', '北海道', '札幌市北区', '北十三条西（１〜４丁目）'),
(0600813, 'ﾎｯｶｲﾄﾞｳ', 'ｻｯﾎﾟﾛｼｷﾀｸ', 'ｷﾀ13ｼﾞｮｳﾆｼ(5-12ﾁｮｳﾒ)', '北海道', '札幌市北区', '北十三条西（５〜１２丁目）'),
(0010014, 'ﾎｯｶｲﾄﾞｳ', 'ｻｯﾎﾟﾛｼｷﾀｸ', 'ｷﾀ14ｼﾞｮｳﾆｼ(1-4ﾁｮｳﾒ)', '北海道', '札幌市北区', '北十四条西（１〜４丁目）'),
(0600814, 'ﾎｯｶｲﾄﾞｳ', 'ｻｯﾎﾟﾛｼｷﾀｸ', 'ｷﾀ14ｼﾞｮｳﾆｼ(5-13ﾁｮｳﾒ)', '北海道', '札幌市北区', '北十四条西（５〜１３丁目）'),
(0010015, 'ﾎｯｶｲﾄﾞｳ', 'ｻｯﾎﾟﾛｼｷﾀｸ', 'ｷﾀ15ｼﾞｮｳﾆｼ(1-5ﾁｮｳﾒ)', '北海道', '札幌市北区', '北十五条西（１〜５丁目）'),
(0600815, 'ﾎｯｶｲﾄﾞｳ', 'ｻｯﾎﾟﾛｼｷﾀｸ', 'ｷﾀ15ｼﾞｮｳﾆｼ(6-13ﾁｮｳﾒ)', '北海道', '札幌市北区', '北十五条西（６〜１３丁目）'),
(0010016, 'ﾎｯｶｲﾄﾞｳ', 'ｻｯﾎﾟﾛｼｷﾀｸ', 'ｷﾀ16ｼﾞｮｳﾆｼ(1-6ﾁｮｳﾒ)', '北海道', '札幌市北区', '北十六条西（１〜６丁目）'),
(0600816, 'ﾎｯｶｲﾄﾞｳ', 'ｻｯﾎﾟﾛｼｷﾀｸ', 'ｷﾀ16ｼﾞｮｳﾆｼ(7-13ﾁｮｳﾒ)', '北海道', '札幌市北区', '北十六条西（７〜１３丁目）'),
(0010017, 'ﾎｯｶｲﾄﾞｳ', 'ｻｯﾎﾟﾛｼｷﾀｸ', 'ｷﾀ17ｼﾞｮｳﾆｼ(1-6ﾁｮｳﾒ)', '北海道', '札幌市北区', '北十七条西（１〜６丁目）'),
(0600817, 'ﾎｯｶｲﾄﾞｳ', 'ｻｯﾎﾟﾛｼｷﾀｸ', 'ｷﾀ17ｼﾞｮｳﾆｼ(7-13ﾁｮｳﾒ)', '北海道', '札幌市北区', '北十七条西（７〜１３丁目）'),
(0010018, 'ﾎｯｶｲﾄﾞｳ', 'ｻｯﾎﾟﾛｼｷﾀｸ', 'ｷﾀ18ｼﾞｮｳﾆｼ(1-7ﾁｮｳﾒ)', '北海道', '札幌市北区', '北十八条西（１〜７丁目）'),
(0600818, 'ﾎｯｶｲﾄﾞｳ', 'ｻｯﾎﾟﾛｼｷﾀｸ', 'ｷﾀ18ｼﾞｮｳﾆｼ(8-13ﾁｮｳﾒ)', '北海道', '札幌市北区', '北十八条西（８〜１３丁目）'),
(0010019, 'ﾎｯｶｲﾄﾞｳ', 'ｻｯﾎﾟﾛｼｷﾀｸ', 'ｷﾀ19ｼﾞｮｳﾆｼ(2-7ﾁｮｳﾒ)', '北海道', '札幌市北区', '北十九条西（２〜７丁目）'),
(0600819, 'ﾎｯｶｲﾄﾞｳ', 'ｻｯﾎﾟﾛｼｷﾀｸ', 'ｷﾀ19ｼﾞｮｳﾆｼ(8-13ﾁｮｳﾒ)', '北海道', '札幌市北区', '北十九条西（８〜１３丁目）'),
(0010020, 'ﾎｯｶｲﾄﾞｳ', 'ｻｯﾎﾟﾛｼｷﾀｸ', 'ｷﾀ20ｼﾞｮｳﾆｼ(2-10ﾁｮｳﾒ)', '北海道', '札幌市北区', '北二十条西（２〜１０丁目）'),
(0600820, 'ﾎｯｶｲﾄﾞｳ', 'ｻｯﾎﾟﾛｼｷﾀｸ', 'ｷﾀ20ｼﾞｮｳﾆｼ(11-13ﾁｮｳﾒ)', '北海道', '札幌市北区', '北二十条西（１１〜１３丁目）'),
(0010021, 'ﾎｯｶｲﾄﾞｳ', 'ｻｯﾎﾟﾛｼｷﾀｸ', 'ｷﾀ21ｼﾞｮｳﾆｼ', '北海道', '札幌市北区', '北二十一条西'),
(0010022, 'ﾎｯｶｲﾄﾞｳ', 'ｻｯﾎﾟﾛｼｷﾀｸ', 'ｷﾀ22ｼﾞｮｳﾆｼ', '北海道', '札幌市北区', '北二十二条西'),
(0010023, 'ﾎｯｶｲﾄﾞｳ', 'ｻｯﾎﾟﾛｼｷﾀｸ', 'ｷﾀ23ｼﾞｮｳﾆｼ', '北海道', '札幌市北区', '北二十三条西'),
(0010024, 'ﾎｯｶｲﾄﾞｳ', 'ｻｯﾎﾟﾛｼｷﾀｸ', 'ｷﾀ24ｼﾞｮｳﾆｼ', '北海道', '札幌市北区', '北二十四条西'),
(0010025, 'ﾎｯｶｲﾄﾞｳ', 'ｻｯﾎﾟﾛｼｷﾀｸ', 'ｷﾀ25ｼﾞｮｳﾆｼ', '北海道', '札幌市北区', '北二十五条西'),
(0010026, 'ﾎｯｶｲﾄﾞｳ', 'ｻｯﾎﾟﾛｼｷﾀｸ', 'ｷﾀ26ｼﾞｮｳﾆｼ', '北海道', '札幌市北区', '北二十六条西'),
(0010027, 'ﾎｯｶｲﾄﾞｳ', 'ｻｯﾎﾟﾛｼｷﾀｸ', 'ｷﾀ27ｼﾞｮｳﾆｼ', '北海道', '札幌市北区', '北二十七条西'),
(0010028, 'ﾎｯｶｲﾄﾞｳ', 'ｻｯﾎﾟﾛｼｷﾀｸ', 'ｷﾀ28ｼﾞｮｳﾆｼ', '北海道', '札幌市北区', '北二十八条西'),
(0010029, 'ﾎｯｶｲﾄﾞｳ', 'ｻｯﾎﾟﾛｼｷﾀｸ', 'ｷﾀ29ｼﾞｮｳﾆｼ', '北海道', '札幌市北区', '北二十九条西'),
(0010030, 'ﾎｯｶｲﾄﾞｳ', 'ｻｯﾎﾟﾛｼｷﾀｸ', 'ｷﾀ30ｼﾞｮｳﾆｼ', '北海道', '札幌市北区', '北三十条西'),
(0010031, 'ﾎｯｶｲﾄﾞｳ', 'ｻｯﾎﾟﾛｼｷﾀｸ', 'ｷﾀ31ｼﾞｮｳﾆｼ', '北海道', '札幌市北区', '北三十一条西'),
(0010032, 'ﾎｯｶｲﾄﾞｳ', 'ｻｯﾎﾟﾛｼｷﾀｸ', 'ｷﾀ32ｼﾞｮｳﾆｼ', '北海道', '札幌市北区', '北三十二条西'),
(0010033, 'ﾎｯｶｲﾄﾞｳ', 'ｻｯﾎﾟﾛｼｷﾀｸ', 'ｷﾀ33ｼﾞｮｳﾆｼ', '北海道', '札幌市北区', '北三十三条西'),
(0010034, 'ﾎｯｶｲﾄﾞｳ', 'ｻｯﾎﾟﾛｼｷﾀｸ', 'ｷﾀ34ｼﾞｮｳﾆｼ', '北海道', '札幌市北区', '北三十四条西'),
(0010035, 'ﾎｯｶｲﾄﾞｳ', 'ｻｯﾎﾟﾛｼｷﾀｸ', 'ｷﾀ35ｼﾞｮｳﾆｼ', '北海道', '札幌市北区', '北三十五条西'),
(0010036, 'ﾎｯｶｲﾄﾞｳ', 'ｻｯﾎﾟﾛｼｷﾀｸ', 'ｷﾀ36ｼﾞｮｳﾆｼ', '北海道', '札幌市北区', '北三十六条西'),
(0010037, 'ﾎｯｶｲﾄﾞｳ', 'ｻｯﾎﾟﾛｼｷﾀｸ', 'ｷﾀ37ｼﾞｮｳﾆｼ', '北海道', '札幌市北区', '北三十七条西'),
(0010038, 'ﾎｯｶｲﾄﾞｳ', 'ｻｯﾎﾟﾛｼｷﾀｸ', 'ｷﾀ38ｼﾞｮｳﾆｼ', '北海道', '札幌市北区', '北三十八条西'),
(0010039, 'ﾎｯｶｲﾄﾞｳ', 'ｻｯﾎﾟﾛｼｷﾀｸ', 'ｷﾀ39ｼﾞｮｳﾆｼ', '北海道', '札幌市北区', '北三十九条西'),
(0010040, 'ﾎｯｶｲﾄﾞｳ', 'ｻｯﾎﾟﾛｼｷﾀｸ', 'ｷﾀ40ｼﾞｮｳﾆｼ', '北海道', '札幌市北区', '北四十条西'),
(0028021, 'ﾎｯｶｲﾄﾞｳ', 'ｻｯﾎﾟﾛｼｷﾀｸ', 'ｼﾉﾛ1ｼﾞｮｳ', '北海道', '札幌市北区', '篠路一条'),
(0028022, 'ﾎｯｶｲﾄﾞｳ', 'ｻｯﾎﾟﾛｼｷﾀｸ', 'ｼﾉﾛ2ｼﾞｮｳ', '北海道', '札幌市北区', '篠路二条'),
(0028023, 'ﾎｯｶｲﾄﾞｳ', 'ｻｯﾎﾟﾛｼｷﾀｸ', 'ｼﾉﾛ3ｼﾞｮｳ', '北海道', '札幌市北区', '篠路三条'),
(0028024, 'ﾎｯｶｲﾄﾞｳ', 'ｻｯﾎﾟﾛｼｷﾀｸ', 'ｼﾉﾛ4ｼﾞｮｳ', '北海道', '札幌市北区', '篠路四条'),
(0028025, 'ﾎｯｶｲﾄﾞｳ', 'ｻｯﾎﾟﾛｼｷﾀｸ', 'ｼﾉﾛ5ｼﾞｮｳ', '北海道', '札幌市北区', '篠路五条'),
(0028026, 'ﾎｯｶｲﾄﾞｳ', 'ｻｯﾎﾟﾛｼｷﾀｸ', 'ｼﾉﾛ6ｼﾞｮｳ', '北海道', '札幌市北区', '篠路六条'),
(0028027, 'ﾎｯｶｲﾄﾞｳ', 'ｻｯﾎﾟﾛｼｷﾀｸ', 'ｼﾉﾛ7ｼﾞｮｳ', '北海道', '札幌市北区', '篠路七条'),
(0028028, 'ﾎｯｶｲﾄﾞｳ', 'ｻｯﾎﾟﾛｼｷﾀｸ', 'ｼﾉﾛ8ｼﾞｮｳ', '北海道', '札幌市北区', '篠路八条'),
(0028029, 'ﾎｯｶｲﾄﾞｳ', 'ｻｯﾎﾟﾛｼｷﾀｸ', 'ｼﾉﾛ9ｼﾞｮｳ', '北海道', '札幌市北区', '篠路九条'),
(0028030, 'ﾎｯｶｲﾄﾞｳ', 'ｻｯﾎﾟﾛｼｷﾀｸ', 'ｼﾉﾛ10ｼﾞｮｳ', '北海道', '札幌市北区', '篠路十条'),
(0028052, 'ﾎｯｶｲﾄﾞｳ', 'ｻｯﾎﾟﾛｼｷﾀｸ', 'ｼﾉﾛﾁｮｳｶﾐｼﾉﾛ', '北海道', '札幌市北区', '篠路町上篠路'),
(0028053, 'ﾎｯｶｲﾄﾞｳ', 'ｻｯﾎﾟﾛｼｷﾀｸ', 'ｼﾉﾛﾁｮｳｼﾉﾛ', '北海道', '札幌市北区', '篠路町篠路'),
(0028051, 'ﾎｯｶｲﾄﾞｳ', 'ｻｯﾎﾟﾛｼｷﾀｸ', 'ｼﾉﾛﾁｮｳﾀｲﾍｲ', '北海道', '札幌市北区', '篠路町太平'),
(0028054, 'ﾎｯｶｲﾄﾞｳ', 'ｻｯﾎﾟﾛｼｷﾀｸ', 'ｼﾉﾛﾁｮｳﾀｸﾎｸ', '北海道', '札幌市北区', '篠路町拓北'),
(0028055, 'ﾎｯｶｲﾄﾞｳ', 'ｻｯﾎﾟﾛｼｷﾀｸ', 'ｼﾉﾛﾁｮｳﾌｸｲ', '北海道', '札幌市北区', '篠路町福移'),
(0010930, 'ﾎｯｶｲﾄﾞｳ', 'ｻｯﾎﾟﾛｼｷﾀｸ', 'ｼﾝｶﾜ', '北海道', '札幌市北区', '新川'),
(0010921, 'ﾎｯｶｲﾄﾞｳ', 'ｻｯﾎﾟﾛｼｷﾀｸ', 'ｼﾝｶﾜ1ｼﾞｮｳ', '北海道', '札幌市北区', '新川一条'),
(0010922, 'ﾎｯｶｲﾄﾞｳ', 'ｻｯﾎﾟﾛｼｷﾀｸ', 'ｼﾝｶﾜ2ｼﾞｮｳ', '北海道', '札幌市北区', '新川二条'),
(0010923, 'ﾎｯｶｲﾄﾞｳ', 'ｻｯﾎﾟﾛｼｷﾀｸ', 'ｼﾝｶﾜ3ｼﾞｮｳ', '北海道', '札幌市北区', '新川三条'),
(0010924, 'ﾎｯｶｲﾄﾞｳ', 'ｻｯﾎﾟﾛｼｷﾀｸ', 'ｼﾝｶﾜ4ｼﾞｮｳ', '北海道', '札幌市北区', '新川四条'),
(0010925, 'ﾎｯｶｲﾄﾞｳ', 'ｻｯﾎﾟﾛｼｷﾀｸ', 'ｼﾝｶﾜ5ｼﾞｮｳ', '北海道', '札幌市北区', '新川五条'),
(0010926, 'ﾎｯｶｲﾄﾞｳ', 'ｻｯﾎﾟﾛｼｷﾀｸ', 'ｼﾝｶﾜ6ｼﾞｮｳ', '北海道', '札幌市北区', '新川六条'),
(0010927, 'ﾎｯｶｲﾄﾞｳ', 'ｻｯﾎﾟﾛｼｷﾀｸ', 'ｼﾝｶﾜ7ｼﾞｮｳ', '北海道', '札幌市北区', '新川七条'),
(0010928, 'ﾎｯｶｲﾄﾞｳ', 'ｻｯﾎﾟﾛｼｷﾀｸ', 'ｼﾝｶﾜ8ｼﾞｮｳ', '北海道', '札幌市北区', '新川八条'),
(0010931, 'ﾎｯｶｲﾄﾞｳ', 'ｻｯﾎﾟﾛｼｷﾀｸ', 'ｼﾝｶﾜﾆｼ1ｼﾞｮｳ', '北海道', '札幌市北区', '新川西一条'),
(0010932, 'ﾎｯｶｲﾄﾞｳ', 'ｻｯﾎﾟﾛｼｷﾀｸ', 'ｼﾝｶﾜﾆｼ2ｼﾞｮｳ', '北海道', '札幌市北区', '新川西二条'),
(0010933, 'ﾎｯｶｲﾄﾞｳ', 'ｻｯﾎﾟﾛｼｷﾀｸ', 'ｼﾝｶﾜﾆｼ3ｼﾞｮｳ', '北海道', '札幌市北区', '新川西三条'),
(0010934, 'ﾎｯｶｲﾄﾞｳ', 'ｻｯﾎﾟﾛｼｷﾀｸ', 'ｼﾝｶﾜﾆｼ4ｼﾞｮｳ', '北海道', '札幌市北区', '新川西四条'),
(0010935, 'ﾎｯｶｲﾄﾞｳ', 'ｻｯﾎﾟﾛｼｷﾀｸ', 'ｼﾝｶﾜﾆｼ5ｼﾞｮｳ', '北海道', '札幌市北区', '新川西五条'),
(0010901, 'ﾎｯｶｲﾄﾞｳ', 'ｻｯﾎﾟﾛｼｷﾀｸ', 'ｼﾝｺﾄﾆ1ｼﾞｮｳ', '北海道', '札幌市北区', '新琴似一条'),
(0010902, 'ﾎｯｶｲﾄﾞｳ', 'ｻｯﾎﾟﾛｼｷﾀｸ', 'ｼﾝｺﾄﾆ2ｼﾞｮｳ', '北海道', '札幌市北区', '新琴似二条'),
(0010903, 'ﾎｯｶｲﾄﾞｳ', 'ｻｯﾎﾟﾛｼｷﾀｸ', 'ｼﾝｺﾄﾆ3ｼﾞｮｳ', '北海道', '札幌市北区', '新琴似三条'),
(0010904, 'ﾎｯｶｲﾄﾞｳ', 'ｻｯﾎﾟﾛｼｷﾀｸ', 'ｼﾝｺﾄﾆ4ｼﾞｮｳ', '北海道', '札幌市北区', '新琴似四条'),
(0010905, 'ﾎｯｶｲﾄﾞｳ', 'ｻｯﾎﾟﾛｼｷﾀｸ', 'ｼﾝｺﾄﾆ5ｼﾞｮｳ', '北海道', '札幌市北区', '新琴似五条'),
(0010906, 'ﾎｯｶｲﾄﾞｳ', 'ｻｯﾎﾟﾛｼｷﾀｸ', 'ｼﾝｺﾄﾆ6ｼﾞｮｳ', '北海道', '札幌市北区', '新琴似六条'),
(0010907, 'ﾎｯｶｲﾄﾞｳ', 'ｻｯﾎﾟﾛｼｷﾀｸ', 'ｼﾝｺﾄﾆ7ｼﾞｮｳ', '北海道', '札幌市北区', '新琴似七条'),
(0010908, 'ﾎｯｶｲﾄﾞｳ', 'ｻｯﾎﾟﾛｼｷﾀｸ', 'ｼﾝｺﾄﾆ8ｼﾞｮｳ', '北海道', '札幌市北区', '新琴似八条'),
(0010909, 'ﾎｯｶｲﾄﾞｳ', 'ｻｯﾎﾟﾛｼｷﾀｸ', 'ｼﾝｺﾄﾆ9ｼﾞｮｳ', '北海道', '札幌市北区', '新琴似九条'),
(0010910, 'ﾎｯｶｲﾄﾞｳ', 'ｻｯﾎﾟﾛｼｷﾀｸ', 'ｼﾝｺﾄﾆ10ｼﾞｮｳ', '北海道', '札幌市北区', '新琴似十条'),
(0010911, 'ﾎｯｶｲﾄﾞｳ', 'ｻｯﾎﾟﾛｼｷﾀｸ', 'ｼﾝｺﾄﾆ11ｼﾞｮｳ', '北海道', '札幌市北区', '新琴似十一条'),
(0010912, 'ﾎｯｶｲﾄﾞｳ', 'ｻｯﾎﾟﾛｼｷﾀｸ', 'ｼﾝｺﾄﾆ12ｼﾞｮｳ', '北海道', '札幌市北区', '新琴似十二条'),
(0010915, 'ﾎｯｶｲﾄﾞｳ', 'ｻｯﾎﾟﾛｼｷﾀｸ', 'ｼﾝｺﾄﾆﾁｮｳ', '北海道', '札幌市北区', '新琴似町'),
(0028001, 'ﾎｯｶｲﾄﾞｳ', 'ｻｯﾎﾟﾛｼｷﾀｸ', 'ﾀｲﾍｲ1ｼﾞｮｳ', '北海道', '札幌市北区', '太平一条'),
(0028002, 'ﾎｯｶｲﾄﾞｳ', 'ｻｯﾎﾟﾛｼｷﾀｸ', 'ﾀｲﾍｲ2ｼﾞｮｳ', '北海道', '札幌市北区', '太平二条'),
(0028003, 'ﾎｯｶｲﾄﾞｳ', 'ｻｯﾎﾟﾛｼｷﾀｸ', 'ﾀｲﾍｲ3ｼﾞｮｳ', '北海道', '札幌市北区', '太平三条'),
(0028004, 'ﾎｯｶｲﾄﾞｳ', 'ｻｯﾎﾟﾛｼｷﾀｸ', 'ﾀｲﾍｲ4ｼﾞｮｳ', '北海道', '札幌市北区', '太平四条'),
(0028005, 'ﾎｯｶｲﾄﾞｳ', 'ｻｯﾎﾟﾛｼｷﾀｸ', 'ﾀｲﾍｲ5ｼﾞｮｳ', '北海道', '札幌市北区', '太平五条'),
(0028006, 'ﾎｯｶｲﾄﾞｳ', 'ｻｯﾎﾟﾛｼｷﾀｸ', 'ﾀｲﾍｲ6ｼﾞｮｳ', '北海道', '札幌市北区', '太平六条'),
(0028007, 'ﾎｯｶｲﾄﾞｳ', 'ｻｯﾎﾟﾛｼｷﾀｸ', 'ﾀｲﾍｲ7ｼﾞｮｳ', '北海道', '札幌市北区', '太平七条'),
(0028008, 'ﾎｯｶｲﾄﾞｳ', 'ｻｯﾎﾟﾛｼｷﾀｸ', 'ﾀｲﾍｲ8ｼﾞｮｳ', '北海道', '札幌市北区', '太平八条'),
(0028009, 'ﾎｯｶｲﾄﾞｳ', 'ｻｯﾎﾟﾛｼｷﾀｸ', 'ﾀｲﾍｲ9ｼﾞｮｳ', '北海道', '札幌市北区', '太平九条'),
(0028010, 'ﾎｯｶｲﾄﾞｳ', 'ｻｯﾎﾟﾛｼｷﾀｸ', 'ﾀｲﾍｲ10ｼﾞｮｳ', '北海道', '札幌市北区', '太平十条'),
(0028011, 'ﾎｯｶｲﾄﾞｳ', 'ｻｯﾎﾟﾛｼｷﾀｸ', 'ﾀｲﾍｲ11ｼﾞｮｳ', '北海道', '札幌市北区', '太平十一条'),
(0028012, 'ﾎｯｶｲﾄﾞｳ', 'ｻｯﾎﾟﾛｼｷﾀｸ', 'ﾀｲﾍｲ12ｼﾞｮｳ', '北海道', '札幌市北区', '太平十二条'),
(0028061, 'ﾎｯｶｲﾄﾞｳ', 'ｻｯﾎﾟﾛｼｷﾀｸ', 'ﾀｸﾎｸ1ｼﾞｮｳ', '北海道', '札幌市北区', '拓北一条'),
(0028062, 'ﾎｯｶｲﾄﾞｳ', 'ｻｯﾎﾟﾛｼｷﾀｸ', 'ﾀｸﾎｸ2ｼﾞｮｳ', '北海道', '札幌市北区', '拓北二条'),
(0028063, 'ﾎｯｶｲﾄﾞｳ', 'ｻｯﾎﾟﾛｼｷﾀｸ', 'ﾀｸﾎｸ3ｼﾞｮｳ', '北海道', '札幌市北区', '拓北三条'),
(0028064, 'ﾎｯｶｲﾄﾞｳ', 'ｻｯﾎﾟﾛｼｷﾀｸ', 'ﾀｸﾎｸ4ｼﾞｮｳ', '北海道', '札幌市北区', '拓北四条'),
(0028065, 'ﾎｯｶｲﾄﾞｳ', 'ｻｯﾎﾟﾛｼｷﾀｸ', 'ﾀｸﾎｸ5ｼﾞｮｳ', '北海道', '札幌市北区', '拓北五条'),
(0028066, 'ﾎｯｶｲﾄﾞｳ', 'ｻｯﾎﾟﾛｼｷﾀｸ', 'ﾀｸﾎｸ6ｼﾞｮｳ', '北海道', '札幌市北区', '拓北六条'),
(0028067, 'ﾎｯｶｲﾄﾞｳ', 'ｻｯﾎﾟﾛｼｷﾀｸ', 'ﾀｸﾎｸ7ｼﾞｮｳ', '北海道', '札幌市北区', '拓北七条'),
(0028068, 'ﾎｯｶｲﾄﾞｳ', 'ｻｯﾎﾟﾛｼｷﾀｸ', 'ﾀｸﾎｸ8ｼﾞｮｳ', '北海道', '札幌市北区', '拓北八条'),
(0020851, 'ﾎｯｶｲﾄﾞｳ', 'ｻｯﾎﾟﾛｼｷﾀｸ', 'ﾄﾝﾃﾞﾝ1ｼﾞｮｳ', '北海道', '札幌市北区', '屯田一条'),
(0020852, 'ﾎｯｶｲﾄﾞｳ', 'ｻｯﾎﾟﾛｼｷﾀｸ', 'ﾄﾝﾃﾞﾝ2ｼﾞｮｳ', '北海道', '札幌市北区', '屯田二条'),
(0020853, 'ﾎｯｶｲﾄﾞｳ', 'ｻｯﾎﾟﾛｼｷﾀｸ', 'ﾄﾝﾃﾞﾝ3ｼﾞｮｳ', '北海道', '札幌市北区', '屯田三条'),
(0020854, 'ﾎｯｶｲﾄﾞｳ', 'ｻｯﾎﾟﾛｼｷﾀｸ', 'ﾄﾝﾃﾞﾝ4ｼﾞｮｳ', '北海道', '札幌市北区', '屯田四条'),
(0020855, 'ﾎｯｶｲﾄﾞｳ', 'ｻｯﾎﾟﾛｼｷﾀｸ', 'ﾄﾝﾃﾞﾝ5ｼﾞｮｳ', '北海道', '札幌市北区', '屯田五条'),
(0020856, 'ﾎｯｶｲﾄﾞｳ', 'ｻｯﾎﾟﾛｼｷﾀｸ', 'ﾄﾝﾃﾞﾝ6ｼﾞｮｳ', '北海道', '札幌市北区', '屯田六条'),
(0020857, 'ﾎｯｶｲﾄﾞｳ', 'ｻｯﾎﾟﾛｼｷﾀｸ', 'ﾄﾝﾃﾞﾝ7ｼﾞｮｳ', '北海道', '札幌市北区', '屯田七条'),
(0020858, 'ﾎｯｶｲﾄﾞｳ', 'ｻｯﾎﾟﾛｼｷﾀｸ', 'ﾄﾝﾃﾞﾝ8ｼﾞｮｳ', '北海道', '札幌市北区', '屯田八条'),
(0020859, 'ﾎｯｶｲﾄﾞｳ', 'ｻｯﾎﾟﾛｼｷﾀｸ', 'ﾄﾝﾃﾞﾝ9ｼﾞｮｳ', '北海道', '札幌市北区', '屯田九条'),
(0020860, 'ﾎｯｶｲﾄﾞｳ', 'ｻｯﾎﾟﾛｼｷﾀｸ', 'ﾄﾝﾃﾞﾝ10ｼﾞｮｳ', '北海道', '札幌市北区', '屯田十条'),
(0020861, 'ﾎｯｶｲﾄﾞｳ', 'ｻｯﾎﾟﾛｼｷﾀｸ', 'ﾄﾝﾃﾞﾝ11ｼﾞｮｳ', '北海道', '札幌市北区', '屯田十一条'),
(0020865, 'ﾎｯｶｲﾄﾞｳ', 'ｻｯﾎﾟﾛｼｷﾀｸ', 'ﾄﾝﾃﾞﾝﾁｮｳ', '北海道', '札幌市北区', '屯田町'),
(0028038, 'ﾎｯｶｲﾄﾞｳ', 'ｻｯﾎﾟﾛｼｷﾀｸ', 'ﾆｼﾊﾞﾗﾄ', '北海道', '札幌市北区', '西茨戸'),
(0028031, 'ﾎｯｶｲﾄﾞｳ', 'ｻｯﾎﾟﾛｼｷﾀｸ', 'ﾆｼﾊﾞﾗﾄ1ｼﾞｮｳ', '北海道', '札幌市北区', '西茨戸一条'),
(0028032, 'ﾎｯｶｲﾄﾞｳ', 'ｻｯﾎﾟﾛｼｷﾀｸ', 'ﾆｼﾊﾞﾗﾄ2ｼﾞｮｳ', '北海道', '札幌市北区', '西茨戸二条'),
(0028033, 'ﾎｯｶｲﾄﾞｳ', 'ｻｯﾎﾟﾛｼｷﾀｸ', 'ﾆｼﾊﾞﾗﾄ3ｼﾞｮｳ', '北海道', '札幌市北区', '西茨戸三条'),
(0028034, 'ﾎｯｶｲﾄﾞｳ', 'ｻｯﾎﾟﾛｼｷﾀｸ', 'ﾆｼﾊﾞﾗﾄ4ｼﾞｮｳ', '北海道', '札幌市北区', '西茨戸四条'),
(0028035, 'ﾎｯｶｲﾄﾞｳ', 'ｻｯﾎﾟﾛｼｷﾀｸ', 'ﾆｼﾊﾞﾗﾄ5ｼﾞｮｳ', '北海道', '札幌市北区', '西茨戸五条'),
(0028036, 'ﾎｯｶｲﾄﾞｳ', 'ｻｯﾎﾟﾛｼｷﾀｸ', 'ﾆｼﾊﾞﾗﾄ6ｼﾞｮｳ', '北海道', '札幌市北区', '西茨戸六条'),
(0028037, 'ﾎｯｶｲﾄﾞｳ', 'ｻｯﾎﾟﾛｼｷﾀｸ', 'ﾆｼﾊﾞﾗﾄ7ｼﾞｮｳ', '北海道', '札幌市北区', '西茨戸七条'),
(0028043, 'ﾎｯｶｲﾄﾞｳ', 'ｻｯﾎﾟﾛｼｷﾀｸ', 'ﾋｶﾞｼﾊﾞﾗﾄ', '北海道', '札幌市北区', '東茨戸'),
(0028041, 'ﾎｯｶｲﾄﾞｳ', 'ｻｯﾎﾟﾛｼｷﾀｸ', 'ﾋｶﾞｼﾊﾞﾗﾄ1ｼﾞｮｳ', '北海道', '札幌市北区', '東茨戸一条'),
(0028042, 'ﾎｯｶｲﾄﾞｳ', 'ｻｯﾎﾟﾛｼｷﾀｸ', 'ﾋｶﾞｼﾊﾞﾗﾄ2ｼﾞｮｳ', '北海道', '札幌市北区', '東茨戸二条'),
(0028044, 'ﾎｯｶｲﾄﾞｳ', 'ｻｯﾎﾟﾛｼｷﾀｸ', 'ﾋｶﾞｼﾊﾞﾗﾄ3ｼﾞｮｳ', '北海道', '札幌市北区', '東茨戸三条'),
(0028045, 'ﾎｯｶｲﾄﾞｳ', 'ｻｯﾎﾟﾛｼｷﾀｸ', 'ﾋｶﾞｼﾊﾞﾗﾄ4ｼﾞｮｳ', '北海道', '札幌市北区', '東茨戸四条'),
(0028091, 'ﾎｯｶｲﾄﾞｳ', 'ｻｯﾎﾟﾛｼｷﾀｸ', 'ﾐﾅﾐｱｲﾉｻﾄ', '北海道', '札幌市北区', '南あいの里'),
(0028081, 'ﾎｯｶｲﾄﾞｳ', 'ｻｯﾎﾟﾛｼｷﾀｸ', 'ﾕﾘｶﾞﾊﾗ', '北海道', '札幌市北区', '百合が原'),
(0028082, 'ﾎｯｶｲﾄﾞｳ', 'ｻｯﾎﾟﾛｼｷﾀｸ', 'ﾕﾘｶﾞﾊﾗｺｳｴﾝ', '北海道', '札幌市北区', '百合が原公園'),
(0650000, 'ﾎｯｶｲﾄﾞｳ', 'ｻｯﾎﾟﾛｼﾋｶﾞｼｸ', 'ｲｶﾆｹｲｻｲｶﾞﾅｲﾊﾞｱｲ', '北海道', '札幌市東区', '以下に掲載がない場合'),
(0070880, 'ﾎｯｶｲﾄﾞｳ', 'ｻｯﾎﾟﾛｼﾋｶﾞｼｸ', 'ｵｶﾀﾞﾏﾁｮｳ', '北海道', '札幌市東区', '丘珠町'),
(0070881, 'ﾎｯｶｲﾄﾞｳ', 'ｻｯﾎﾟﾛｼﾋｶﾞｼｸ', 'ｷﾀｵｶﾀﾞﾏ1ｼﾞｮｳ', '北海道', '札幌市東区', '北丘珠一条'),
(0070882, 'ﾎｯｶｲﾄﾞｳ', 'ｻｯﾎﾟﾛｼﾋｶﾞｼｸ', 'ｷﾀｵｶﾀﾞﾏ2ｼﾞｮｳ', '北海道', '札幌市東区', '北丘珠二条'),
(0070883, 'ﾎｯｶｲﾄﾞｳ', 'ｻｯﾎﾟﾛｼﾋｶﾞｼｸ', 'ｷﾀｵｶﾀﾞﾏ3ｼﾞｮｳ', '北海道', '札幌市東区', '北丘珠三条'),
(0070884, 'ﾎｯｶｲﾄﾞｳ', 'ｻｯﾎﾟﾛｼﾋｶﾞｼｸ', 'ｷﾀｵｶﾀﾞﾏ4ｼﾞｮｳ', '北海道', '札幌市東区', '北丘珠四条'),
(0070885, 'ﾎｯｶｲﾄﾞｳ', 'ｻｯﾎﾟﾛｼﾋｶﾞｼｸ', 'ｷﾀｵｶﾀﾞﾏ5ｼﾞｮｳ', '北海道', '札幌市東区', '北丘珠五条'),
(0070886, 'ﾎｯｶｲﾄﾞｳ', 'ｻｯﾎﾟﾛｼﾋｶﾞｼｸ', 'ｷﾀｵｶﾀﾞﾏ6ｼﾞｮｳ', '北海道', '札幌市東区', '北丘珠六条'),
(0650004, 'ﾎｯｶｲﾄﾞｳ', 'ｻｯﾎﾟﾛｼﾋｶﾞｼｸ', 'ｷﾀ4ｼﾞｮｳﾋｶﾞｼ(9-16ﾁｮｳﾒ)', '北海道', '札幌市東区', '北四条東（９〜１６丁目）'),
(0600905, 'ﾎｯｶｲﾄﾞｳ', 'ｻｯﾎﾟﾛｼﾋｶﾞｼｸ', 'ｷﾀ5ｼﾞｮｳﾋｶﾞｼ(4-7ﾁｮｳﾒ)', '北海道', '札幌市東区', '北五条東（４〜７丁目）'),
(0650005, 'ﾎｯｶｲﾄﾞｳ', 'ｻｯﾎﾟﾛｼﾋｶﾞｼｸ', 'ｷﾀ5ｼﾞｮｳﾋｶﾞｼ(8-17ﾁｮｳﾒ)', '北海道', '札幌市東区', '北五条東（８〜１７丁目）'),
(0600906, 'ﾎｯｶｲﾄﾞｳ', 'ｻｯﾎﾟﾛｼﾋｶﾞｼｸ', 'ｷﾀ6ｼﾞｮｳﾋｶﾞｼ(1-7ﾁｮｳﾒ)', '北海道', '札幌市東区', '北六条東（１〜７丁目）'),
(0650006, 'ﾎｯｶｲﾄﾞｳ', 'ｻｯﾎﾟﾛｼﾋｶﾞｼｸ', 'ｷﾀ6ｼﾞｮｳﾋｶﾞｼ(8-20ﾁｮｳﾒ)', '北海道', '札幌市東区', '北六条東（８〜２０丁目）'),
(0600907, 'ﾎｯｶｲﾄﾞｳ', 'ｻｯﾎﾟﾛｼﾋｶﾞｼｸ', 'ｷﾀ7ｼﾞｮｳﾋｶﾞｼ(1-7ﾁｮｳﾒ)', '北海道', '札幌市東区', '北七条東（１〜７丁目）'),
(0650007, 'ﾎｯｶｲﾄﾞｳ', 'ｻｯﾎﾟﾛｼﾋｶﾞｼｸ', 'ｷﾀ7ｼﾞｮｳﾋｶﾞｼ(8-20ﾁｮｳﾒ)', '北海道', '札幌市東区', '北七条東（８〜２０丁目）'),
(0600908, 'ﾎｯｶｲﾄﾞｳ', 'ｻｯﾎﾟﾛｼﾋｶﾞｼｸ', 'ｷﾀ8ｼﾞｮｳﾋｶﾞｼ(1-7ﾁｮｳﾒ)', '北海道', '札幌市東区', '北八条東（１〜７丁目）'),
(0650008, 'ﾎｯｶｲﾄﾞｳ', 'ｻｯﾎﾟﾛｼﾋｶﾞｼｸ', 'ｷﾀ8ｼﾞｮｳﾋｶﾞｼ(8-19ﾁｮｳﾒ)', '北海道', '札幌市東区', '北八条東（８〜１９丁目）'),
(0600909, 'ﾎｯｶｲﾄﾞｳ', 'ｻｯﾎﾟﾛｼﾋｶﾞｼｸ', 'ｷﾀ9ｼﾞｮｳﾋｶﾞｼ(1-7ﾁｮｳﾒ)', '北海道', '札幌市東区', '北九条東（１〜７丁目）'),
(0650009, 'ﾎｯｶｲﾄﾞｳ', 'ｻｯﾎﾟﾛｼﾋｶﾞｼｸ', 'ｷﾀ9ｼﾞｮｳﾋｶﾞｼ(8-16ﾁｮｳﾒ)', '北海道', '札幌市東区', '北九条東（８〜１６丁目）'),
(0650010, 'ﾎｯｶｲﾄﾞｳ', 'ｻｯﾎﾟﾛｼﾋｶﾞｼｸ', 'ｷﾀ10ｼﾞｮｳﾋｶﾞｼ', '北海道', '札幌市東区', '北十条東'),
(0650011, 'ﾎｯｶｲﾄﾞｳ', 'ｻｯﾎﾟﾛｼﾋｶﾞｼｸ', 'ｷﾀ11ｼﾞｮｳﾋｶﾞｼ', '北海道', '札幌市東区', '北十一条東'),
(0650012, 'ﾎｯｶｲﾄﾞｳ', 'ｻｯﾎﾟﾛｼﾋｶﾞｼｸ', 'ｷﾀ12ｼﾞｮｳﾋｶﾞｼ', '北海道', '札幌市東区', '北十二条東'),
(0650013, 'ﾎｯｶｲﾄﾞｳ', 'ｻｯﾎﾟﾛｼﾋｶﾞｼｸ', 'ｷﾀ13ｼﾞｮｳﾋｶﾞｼ', '北海道', '札幌市東区', '北十三条東'),
(0650014, 'ﾎｯｶｲﾄﾞｳ', 'ｻｯﾎﾟﾛｼﾋｶﾞｼｸ', 'ｷﾀ14ｼﾞｮｳﾋｶﾞｼ', '北海道', '札幌市東区', '北十四条東'),
(0650015, 'ﾎｯｶｲﾄﾞｳ', 'ｻｯﾎﾟﾛｼﾋｶﾞｼｸ', 'ｷﾀ15ｼﾞｮｳﾋｶﾞｼ', '北海道', '札幌市東区', '北十五条東'),
(0650016, 'ﾎｯｶｲﾄﾞｳ', 'ｻｯﾎﾟﾛｼﾋｶﾞｼｸ', 'ｷﾀ16ｼﾞｮｳﾋｶﾞｼ', '北海道', '札幌市東区', '北十六条東'),
(0650017, 'ﾎｯｶｲﾄﾞｳ', 'ｻｯﾎﾟﾛｼﾋｶﾞｼｸ', 'ｷﾀ17ｼﾞｮｳﾋｶﾞｼ', '北海道', '札幌市東区', '北十七条東'),
(0650018, 'ﾎｯｶｲﾄﾞｳ', 'ｻｯﾎﾟﾛｼﾋｶﾞｼｸ', 'ｷﾀ18ｼﾞｮｳﾋｶﾞｼ', '北海道', '札幌市東区', '北十八条東'),
(0650019, 'ﾎｯｶｲﾄﾞｳ', 'ｻｯﾎﾟﾛｼﾋｶﾞｼｸ', 'ｷﾀ19ｼﾞｮｳﾋｶﾞｼ', '北海道', '札幌市東区', '北十九条東'),
(0650020, 'ﾎｯｶｲﾄﾞｳ', 'ｻｯﾎﾟﾛｼﾋｶﾞｼｸ', 'ｷﾀ20ｼﾞｮｳﾋｶﾞｼ', '北海道', '札幌市東区', '北二十条東'),
(0650021, 'ﾎｯｶｲﾄﾞｳ', 'ｻｯﾎﾟﾛｼﾋｶﾞｼｸ', 'ｷﾀ21ｼﾞｮｳﾋｶﾞｼ', '北海道', '札幌市東区', '北二十一条東'),
(0650022, 'ﾎｯｶｲﾄﾞｳ', 'ｻｯﾎﾟﾛｼﾋｶﾞｼｸ', 'ｷﾀ22ｼﾞｮｳﾋｶﾞｼ', '北海道', '札幌市東区', '北二十二条東'),
(0650023, 'ﾎｯｶｲﾄﾞｳ', 'ｻｯﾎﾟﾛｼﾋｶﾞｼｸ', 'ｷﾀ23ｼﾞｮｳﾋｶﾞｼ', '北海道', '札幌市東区', '北二十三条東'),
(0650024, 'ﾎｯｶｲﾄﾞｳ', 'ｻｯﾎﾟﾛｼﾋｶﾞｼｸ', 'ｷﾀ24ｼﾞｮｳﾋｶﾞｼ', '北海道', '札幌市東区', '北二十四条東'),
(0650025, 'ﾎｯｶｲﾄﾞｳ', 'ｻｯﾎﾟﾛｼﾋｶﾞｼｸ', 'ｷﾀ25ｼﾞｮｳﾋｶﾞｼ', '北海道', '札幌市東区', '北二十五条東'),
(0650026, 'ﾎｯｶｲﾄﾞｳ', 'ｻｯﾎﾟﾛｼﾋｶﾞｼｸ', 'ｷﾀ26ｼﾞｮｳﾋｶﾞｼ', '北海道', '札幌市東区', '北二十六条東'),
(0650027, 'ﾎｯｶｲﾄﾞｳ', 'ｻｯﾎﾟﾛｼﾋｶﾞｼｸ', 'ｷﾀ27ｼﾞｮｳﾋｶﾞｼ', '北海道', '札幌市東区', '北二十七条東'),
(0650028, 'ﾎｯｶｲﾄﾞｳ', 'ｻｯﾎﾟﾛｼﾋｶﾞｼｸ', 'ｷﾀ28ｼﾞｮｳﾋｶﾞｼ', '北海道', '札幌市東区', '北二十八条東'),
(0650030, 'ﾎｯｶｲﾄﾞｳ', 'ｻｯﾎﾟﾛｼﾋｶﾞｼｸ', 'ｷﾀ30ｼﾞｮｳﾋｶﾞｼ', '北海道', '札幌市東区', '北三十条東'),
(0650031, 'ﾎｯｶｲﾄﾞｳ', 'ｻｯﾎﾟﾛｼﾋｶﾞｼｸ', 'ｷﾀ31ｼﾞｮｳﾋｶﾞｼ', '北海道', '札幌市東区', '北三十一条東'),
(0650032, 'ﾎｯｶｲﾄﾞｳ', 'ｻｯﾎﾟﾛｼﾋｶﾞｼｸ', 'ｷﾀ32ｼﾞｮｳﾋｶﾞｼ', '北海道', '札幌市東区', '北三十二条東'),
(0650033, 'ﾎｯｶｲﾄﾞｳ', 'ｻｯﾎﾟﾛｼﾋｶﾞｼｸ', 'ｷﾀ33ｼﾞｮｳﾋｶﾞｼ', '北海道', '札幌市東区', '北三十三条東'),
(0070834, 'ﾎｯｶｲﾄﾞｳ', 'ｻｯﾎﾟﾛｼﾋｶﾞｼｸ', 'ｷﾀ34ｼﾞｮｳﾋｶﾞｼ', '北海道', '札幌市東区', '北三十四条東'),
(0070835, 'ﾎｯｶｲﾄﾞｳ', 'ｻｯﾎﾟﾛｼﾋｶﾞｼｸ', 'ｷﾀ35ｼﾞｮｳﾋｶﾞｼ', '北海道', '札幌市東区', '北三十五条東'),
(0070836, 'ﾎｯｶｲﾄﾞｳ', 'ｻｯﾎﾟﾛｼﾋｶﾞｼｸ', 'ｷﾀ36ｼﾞｮｳﾋｶﾞｼ', '北海道', '札幌市東区', '北三十六条東'),
(0070837, 'ﾎｯｶｲﾄﾞｳ', 'ｻｯﾎﾟﾛｼﾋｶﾞｼｸ', 'ｷﾀ37ｼﾞｮｳﾋｶﾞｼ', '北海道', '札幌市東区', '北三十七条東'),
(0070838, 'ﾎｯｶｲﾄﾞｳ', 'ｻｯﾎﾟﾛｼﾋｶﾞｼｸ', 'ｷﾀ38ｼﾞｮｳﾋｶﾞｼ', '北海道', '札幌市東区', '北三十八条東'),
(0070839, 'ﾎｯｶｲﾄﾞｳ', 'ｻｯﾎﾟﾛｼﾋｶﾞｼｸ', 'ｷﾀ39ｼﾞｮｳﾋｶﾞｼ', '北海道', '札幌市東区', '北三十九条東'),
(0070840, 'ﾎｯｶｲﾄﾞｳ', 'ｻｯﾎﾟﾛｼﾋｶﾞｼｸ', 'ｷﾀ40ｼﾞｮｳﾋｶﾞｼ', '北海道', '札幌市東区', '北四十条東'),
(0070841, 'ﾎｯｶｲﾄﾞｳ', 'ｻｯﾎﾟﾛｼﾋｶﾞｼｸ', 'ｷﾀ41ｼﾞｮｳﾋｶﾞｼ', '北海道', '札幌市東区', '北四十一条東'),
(0070842, 'ﾎｯｶｲﾄﾞｳ', 'ｻｯﾎﾟﾛｼﾋｶﾞｼｸ', 'ｷﾀ42ｼﾞｮｳﾋｶﾞｼ', '北海道', '札幌市東区', '北四十二条東'),
(0070843, 'ﾎｯｶｲﾄﾞｳ', 'ｻｯﾎﾟﾛｼﾋｶﾞｼｸ', 'ｷﾀ43ｼﾞｮｳﾋｶﾞｼ', '北海道', '札幌市東区', '北四十三条東'),
(0070844, 'ﾎｯｶｲﾄﾞｳ', 'ｻｯﾎﾟﾛｼﾋｶﾞｼｸ', 'ｷﾀ44ｼﾞｮｳﾋｶﾞｼ', '北海道', '札幌市東区', '北四十四条東'),
(0070845, 'ﾎｯｶｲﾄﾞｳ', 'ｻｯﾎﾟﾛｼﾋｶﾞｼｸ', 'ｷﾀ45ｼﾞｮｳﾋｶﾞｼ', '北海道', '札幌市東区', '北四十五条東'),
(0070846, 'ﾎｯｶｲﾄﾞｳ', 'ｻｯﾎﾟﾛｼﾋｶﾞｼｸ', 'ｷﾀ46ｼﾞｮｳﾋｶﾞｼ', '北海道', '札幌市東区', '北四十六条東'),
(0070847, 'ﾎｯｶｲﾄﾞｳ', 'ｻｯﾎﾟﾛｼﾋｶﾞｼｸ', 'ｷﾀ47ｼﾞｮｳﾋｶﾞｼ', '北海道', '札幌市東区', '北四十七条東'),
(0070848, 'ﾎｯｶｲﾄﾞｳ', 'ｻｯﾎﾟﾛｼﾋｶﾞｼｸ', 'ｷﾀ48ｼﾞｮｳﾋｶﾞｼ', '北海道', '札幌市東区', '北四十八条東'),
(0070849, 'ﾎｯｶｲﾄﾞｳ', 'ｻｯﾎﾟﾛｼﾋｶﾞｼｸ', 'ｷﾀ49ｼﾞｮｳﾋｶﾞｼ', '北海道', '札幌市東区', '北四十九条東'),
(0070850, 'ﾎｯｶｲﾄﾞｳ', 'ｻｯﾎﾟﾛｼﾋｶﾞｼｸ', 'ｷﾀ50ｼﾞｮｳﾋｶﾞｼ', '北海道', '札幌市東区', '北五十条東'),
(0070851, 'ﾎｯｶｲﾄﾞｳ', 'ｻｯﾎﾟﾛｼﾋｶﾞｼｸ', 'ｷﾀ51ｼﾞｮｳﾋｶﾞｼ', '北海道', '札幌市東区', '北五十一条東'),
(0070852, 'ﾎｯｶｲﾄﾞｳ', 'ｻｯﾎﾟﾛｼﾋｶﾞｼｸ', 'ｻｶｴﾏﾁ', '北海道', '札幌市東区', '栄町'),
(0650043, 'ﾎｯｶｲﾄﾞｳ', 'ｻｯﾎﾟﾛｼﾋｶﾞｼｸ', 'ﾅｴﾎﾞﾁｮｳ', '北海道', '札幌市東区', '苗穂町'),
(0070001, 'ﾎｯｶｲﾄﾞｳ', 'ｻｯﾎﾟﾛｼﾋｶﾞｼｸ', 'ﾅｶﾇﾏ1ｼﾞｮｳ', '北海道', '札幌市東区', '中沼一条'),
(0070002, 'ﾎｯｶｲﾄﾞｳ', 'ｻｯﾎﾟﾛｼﾋｶﾞｼｸ', 'ﾅｶﾇﾏ2ｼﾞｮｳ', '北海道', '札幌市東区', '中沼二条'),
(0070003, 'ﾎｯｶｲﾄﾞｳ', 'ｻｯﾎﾟﾛｼﾋｶﾞｼｸ', 'ﾅｶﾇﾏ3ｼﾞｮｳ', '北海道', '札幌市東区', '中沼三条'),
(0070004, 'ﾎｯｶｲﾄﾞｳ', 'ｻｯﾎﾟﾛｼﾋｶﾞｼｸ', 'ﾅｶﾇﾏ4ｼﾞｮｳ', '北海道', '札幌市東区', '中沼四条'),
(0070005, 'ﾎｯｶｲﾄﾞｳ', 'ｻｯﾎﾟﾛｼﾋｶﾞｼｸ', 'ﾅｶﾇﾏ5ｼﾞｮｳ', '北海道', '札幌市東区', '中沼五条'),
(0070006, 'ﾎｯｶｲﾄﾞｳ', 'ｻｯﾎﾟﾛｼﾋｶﾞｼｸ', 'ﾅｶﾇﾏ6ｼﾞｮｳ', '北海道', '札幌市東区', '中沼六条'),
(0070890, 'ﾎｯｶｲﾄﾞｳ', 'ｻｯﾎﾟﾛｼﾋｶﾞｼｸ', 'ﾅｶﾇﾏﾁｮｳ', '北海道', '札幌市東区', '中沼町'),
(0070891, 'ﾎｯｶｲﾄﾞｳ', 'ｻｯﾎﾟﾛｼﾋｶﾞｼｸ', 'ﾅｶﾇﾏﾆｼ1ｼﾞｮｳ', '北海道', '札幌市東区', '中沼西一条'),
(0070892, 'ﾎｯｶｲﾄﾞｳ', 'ｻｯﾎﾟﾛｼﾋｶﾞｼｸ', 'ﾅｶﾇﾏﾆｼ2ｼﾞｮｳ', '北海道', '札幌市東区', '中沼西二条'),
(0070893, 'ﾎｯｶｲﾄﾞｳ', 'ｻｯﾎﾟﾛｼﾋｶﾞｼｸ', 'ﾅｶﾇﾏﾆｼ3ｼﾞｮｳ', '北海道', '札幌市東区', '中沼西三条'),
(0070894, 'ﾎｯｶｲﾄﾞｳ', 'ｻｯﾎﾟﾛｼﾋｶﾞｼｸ', 'ﾅｶﾇﾏﾆｼ4ｼﾞｮｳ', '北海道', '札幌市東区', '中沼西四条'),
(0070895, 'ﾎｯｶｲﾄﾞｳ', 'ｻｯﾎﾟﾛｼﾋｶﾞｼｸ', 'ﾅｶﾇﾏﾆｼ5ｼﾞｮｳ', '北海道', '札幌市東区', '中沼西五条'),
(0070821, 'ﾎｯｶｲﾄﾞｳ', 'ｻｯﾎﾟﾛｼﾋｶﾞｼｸ', 'ﾋｶﾞｼｶﾘｷ1ｼﾞｮｳ', '北海道', '札幌市東区', '東雁来一条'),
(0070822, 'ﾎｯｶｲﾄﾞｳ', 'ｻｯﾎﾟﾛｼﾋｶﾞｼｸ', 'ﾋｶﾞｼｶﾘｷ2ｼﾞｮｳ', '北海道', '札幌市東区', '東雁来二条'),
(0070823, 'ﾎｯｶｲﾄﾞｳ', 'ｻｯﾎﾟﾛｼﾋｶﾞｼｸ', 'ﾋｶﾞｼｶﾘｷ3ｼﾞｮｳ', '北海道', '札幌市東区', '東雁来三条'),
(0070824, 'ﾎｯｶｲﾄﾞｳ', 'ｻｯﾎﾟﾛｼﾋｶﾞｼｸ', 'ﾋｶﾞｼｶﾘｷ4ｼﾞｮｳ', '北海道', '札幌市東区', '東雁来四条'),
(0070825, 'ﾎｯｶｲﾄﾞｳ', 'ｻｯﾎﾟﾛｼﾋｶﾞｼｸ', 'ﾋｶﾞｼｶﾘｷ5ｼﾞｮｳ', '北海道', '札幌市東区', '東雁来五条'),
(0070826, 'ﾎｯｶｲﾄﾞｳ', 'ｻｯﾎﾟﾛｼﾋｶﾞｼｸ', 'ﾋｶﾞｼｶﾘｷ6ｼﾞｮｳ', '北海道', '札幌市東区', '東雁来六条');
INSERT INTO `postcode_table` (`postcode`, `pref_kana`, `city_kana`, `town_area_kana`, `pref`, `city`, `town_area`) VALUES
(0070827, 'ﾎｯｶｲﾄﾞｳ', 'ｻｯﾎﾟﾛｼﾋｶﾞｼｸ', 'ﾋｶﾞｼｶﾘｷ7ｼﾞｮｳ', '北海道', '札幌市東区', '東雁来七条'),
(0070828, 'ﾎｯｶｲﾄﾞｳ', 'ｻｯﾎﾟﾛｼﾋｶﾞｼｸ', 'ﾋｶﾞｼｶﾘｷ8ｼﾞｮｳ', '北海道', '札幌市東区', '東雁来八条'),
(0070829, 'ﾎｯｶｲﾄﾞｳ', 'ｻｯﾎﾟﾛｼﾋｶﾞｼｸ', 'ﾋｶﾞｼｶﾘｷ9ｼﾞｮｳ', '北海道', '札幌市東区', '東雁来九条'),
(0070030, 'ﾎｯｶｲﾄﾞｳ', 'ｻｯﾎﾟﾛｼﾋｶﾞｼｸ', 'ﾋｶﾞｼｶﾘｷ10ｼﾞｮｳ', '北海道', '札幌市東区', '東雁来十条'),
(0070031, 'ﾎｯｶｲﾄﾞｳ', 'ｻｯﾎﾟﾛｼﾋｶﾞｼｸ', 'ﾋｶﾞｼｶﾘｷ11ｼﾞｮｳ', '北海道', '札幌市東区', '東雁来十一条'),
(0070032, 'ﾎｯｶｲﾄﾞｳ', 'ｻｯﾎﾟﾛｼﾋｶﾞｼｸ', 'ﾋｶﾞｼｶﾘｷ12ｼﾞｮｳ', '北海道', '札幌市東区', '東雁来十二条'),
(0070033, 'ﾎｯｶｲﾄﾞｳ', 'ｻｯﾎﾟﾛｼﾋｶﾞｼｸ', 'ﾋｶﾞｼｶﾘｷ13ｼﾞｮｳ', '北海道', '札幌市東区', '東雁来十三条'),
(0070034, 'ﾎｯｶｲﾄﾞｳ', 'ｻｯﾎﾟﾛｼﾋｶﾞｼｸ', 'ﾋｶﾞｼｶﾘｷ14ｼﾞｮｳ', '北海道', '札幌市東区', '東雁来十四条'),
(0070820, 'ﾎｯｶｲﾄﾞｳ', 'ｻｯﾎﾟﾛｼﾋｶﾞｼｸ', 'ﾋｶﾞｼｶﾘｷﾁｮｳ', '北海道', '札幌市東区', '東雁来町'),
(0070801, 'ﾎｯｶｲﾄﾞｳ', 'ｻｯﾎﾟﾛｼﾋｶﾞｼｸ', 'ﾋｶﾞｼﾅｴﾎﾞ1ｼﾞｮｳ', '北海道', '札幌市東区', '東苗穂一条'),
(0070802, 'ﾎｯｶｲﾄﾞｳ', 'ｻｯﾎﾟﾛｼﾋｶﾞｼｸ', 'ﾋｶﾞｼﾅｴﾎﾞ2ｼﾞｮｳ', '北海道', '札幌市東区', '東苗穂二条'),
(0070803, 'ﾎｯｶｲﾄﾞｳ', 'ｻｯﾎﾟﾛｼﾋｶﾞｼｸ', 'ﾋｶﾞｼﾅｴﾎﾞ3ｼﾞｮｳ', '北海道', '札幌市東区', '東苗穂三条'),
(0070804, 'ﾎｯｶｲﾄﾞｳ', 'ｻｯﾎﾟﾛｼﾋｶﾞｼｸ', 'ﾋｶﾞｼﾅｴﾎﾞ4ｼﾞｮｳ', '北海道', '札幌市東区', '東苗穂四条'),
(0070805, 'ﾎｯｶｲﾄﾞｳ', 'ｻｯﾎﾟﾛｼﾋｶﾞｼｸ', 'ﾋｶﾞｼﾅｴﾎﾞ5ｼﾞｮｳ', '北海道', '札幌市東区', '東苗穂五条'),
(0070806, 'ﾎｯｶｲﾄﾞｳ', 'ｻｯﾎﾟﾛｼﾋｶﾞｼｸ', 'ﾋｶﾞｼﾅｴﾎﾞ6ｼﾞｮｳ', '北海道', '札幌市東区', '東苗穂六条'),
(0070807, 'ﾎｯｶｲﾄﾞｳ', 'ｻｯﾎﾟﾛｼﾋｶﾞｼｸ', 'ﾋｶﾞｼﾅｴﾎﾞ7ｼﾞｮｳ', '北海道', '札幌市東区', '東苗穂七条'),
(0070808, 'ﾎｯｶｲﾄﾞｳ', 'ｻｯﾎﾟﾛｼﾋｶﾞｼｸ', 'ﾋｶﾞｼﾅｴﾎﾞ8ｼﾞｮｳ', '北海道', '札幌市東区', '東苗穂八条'),
(0070809, 'ﾎｯｶｲﾄﾞｳ', 'ｻｯﾎﾟﾛｼﾋｶﾞｼｸ', 'ﾋｶﾞｼﾅｴﾎﾞ9ｼﾞｮｳ', '北海道', '札幌市東区', '東苗穂九条'),
(0070810, 'ﾎｯｶｲﾄﾞｳ', 'ｻｯﾎﾟﾛｼﾋｶﾞｼｸ', 'ﾋｶﾞｼﾅｴﾎﾞ10ｼﾞｮｳ', '北海道', '札幌市東区', '東苗穂十条'),
(0070811, 'ﾎｯｶｲﾄﾞｳ', 'ｻｯﾎﾟﾛｼﾋｶﾞｼｸ', 'ﾋｶﾞｼﾅｴﾎﾞ11ｼﾞｮｳ', '北海道', '札幌市東区', '東苗穂十一条'),
(0070812, 'ﾎｯｶｲﾄﾞｳ', 'ｻｯﾎﾟﾛｼﾋｶﾞｼｸ', 'ﾋｶﾞｼﾅｴﾎﾞ12ｼﾞｮｳ', '北海道', '札幌市東区', '東苗穂十二条'),
(0070813, 'ﾎｯｶｲﾄﾞｳ', 'ｻｯﾎﾟﾛｼﾋｶﾞｼｸ', 'ﾋｶﾞｼﾅｴﾎﾞ13ｼﾞｮｳ', '北海道', '札幌市東区', '東苗穂十三条'),
(0070814, 'ﾎｯｶｲﾄﾞｳ', 'ｻｯﾎﾟﾛｼﾋｶﾞｼｸ', 'ﾋｶﾞｼﾅｴﾎﾞ14ｼﾞｮｳ', '北海道', '札幌市東区', '東苗穂十四条'),
(0070815, 'ﾎｯｶｲﾄﾞｳ', 'ｻｯﾎﾟﾛｼﾋｶﾞｼｸ', 'ﾋｶﾞｼﾅｴﾎﾞ15ｼﾞｮｳ', '北海道', '札幌市東区', '東苗穂十五条'),
(0070819, 'ﾎｯｶｲﾄﾞｳ', 'ｻｯﾎﾟﾛｼﾋｶﾞｼｸ', 'ﾋｶﾞｼﾅｴﾎﾞﾁｮｳ', '北海道', '札幌市東区', '東苗穂町'),
(0070861, 'ﾎｯｶｲﾄﾞｳ', 'ｻｯﾎﾟﾛｼﾋｶﾞｼｸ', 'ﾌｼｺ1ｼﾞｮｳ', '北海道', '札幌市東区', '伏古一条'),
(0070862, 'ﾎｯｶｲﾄﾞｳ', 'ｻｯﾎﾟﾛｼﾋｶﾞｼｸ', 'ﾌｼｺ2ｼﾞｮｳ', '北海道', '札幌市東区', '伏古二条'),
(0070863, 'ﾎｯｶｲﾄﾞｳ', 'ｻｯﾎﾟﾛｼﾋｶﾞｼｸ', 'ﾌｼｺ3ｼﾞｮｳ', '北海道', '札幌市東区', '伏古三条'),
(0070864, 'ﾎｯｶｲﾄﾞｳ', 'ｻｯﾎﾟﾛｼﾋｶﾞｼｸ', 'ﾌｼｺ4ｼﾞｮｳ', '北海道', '札幌市東区', '伏古四条'),
(0070865, 'ﾎｯｶｲﾄﾞｳ', 'ｻｯﾎﾟﾛｼﾋｶﾞｼｸ', 'ﾌｼｺ5ｼﾞｮｳ', '北海道', '札幌市東区', '伏古五条'),
(0070866, 'ﾎｯｶｲﾄﾞｳ', 'ｻｯﾎﾟﾛｼﾋｶﾞｼｸ', 'ﾌｼｺ6ｼﾞｮｳ', '北海道', '札幌市東区', '伏古六条'),
(0070867, 'ﾎｯｶｲﾄﾞｳ', 'ｻｯﾎﾟﾛｼﾋｶﾞｼｸ', 'ﾌｼｺ7ｼﾞｮｳ', '北海道', '札幌市東区', '伏古七条'),
(0070868, 'ﾎｯｶｲﾄﾞｳ', 'ｻｯﾎﾟﾛｼﾋｶﾞｼｸ', 'ﾌｼｺ8ｼﾞｮｳ', '北海道', '札幌市東区', '伏古八条'),
(0070869, 'ﾎｯｶｲﾄﾞｳ', 'ｻｯﾎﾟﾛｼﾋｶﾞｼｸ', 'ﾌｼｺ9ｼﾞｮｳ', '北海道', '札幌市東区', '伏古九条'),
(0070870, 'ﾎｯｶｲﾄﾞｳ', 'ｻｯﾎﾟﾛｼﾋｶﾞｼｸ', 'ﾌｼｺ10ｼﾞｮｳ', '北海道', '札幌市東区', '伏古十条'),
(0070871, 'ﾎｯｶｲﾄﾞｳ', 'ｻｯﾎﾟﾛｼﾋｶﾞｼｸ', 'ﾌｼｺ11ｼﾞｮｳ', '北海道', '札幌市東区', '伏古十一条'),
(0070872, 'ﾎｯｶｲﾄﾞｳ', 'ｻｯﾎﾟﾛｼﾋｶﾞｼｸ', 'ﾌｼｺ12ｼﾞｮｳ', '北海道', '札幌市東区', '伏古十二条'),
(0070873, 'ﾎｯｶｲﾄﾞｳ', 'ｻｯﾎﾟﾛｼﾋｶﾞｼｸ', 'ﾌｼｺ13ｼﾞｮｳ', '北海道', '札幌市東区', '伏古十三条'),
(0070874, 'ﾎｯｶｲﾄﾞｳ', 'ｻｯﾎﾟﾛｼﾋｶﾞｼｸ', 'ﾌｼｺ14ｼﾞｮｳ', '北海道', '札幌市東区', '伏古十四条'),
(0650041, 'ﾎｯｶｲﾄﾞｳ', 'ｻｯﾎﾟﾛｼﾋｶﾞｼｸ', 'ﾎﾝﾁｮｳ1ｼﾞｮｳ', '北海道', '札幌市東区', '本町一条'),
(0650042, 'ﾎｯｶｲﾄﾞｳ', 'ｻｯﾎﾟﾛｼﾋｶﾞｼｸ', 'ﾎﾝﾁｮｳ2ｼﾞｮｳ', '北海道', '札幌市東区', '本町二条'),
(0070011, 'ﾎｯｶｲﾄﾞｳ', 'ｻｯﾎﾟﾛｼﾋｶﾞｼｸ', 'ﾓｴﾚﾇﾏｺｳｴﾝ', '北海道', '札幌市東区', 'モエレ沼公園'),
(0030000, 'ﾎｯｶｲﾄﾞｳ', 'ｻｯﾎﾟﾛｼｼﾛｲｼｸ', 'ｲｶﾆｹｲｻｲｶﾞﾅｲﾊﾞｱｲ', '北海道', '札幌市白石区', '以下に掲載がない場合'),
(0030851, 'ﾎｯｶｲﾄﾞｳ', 'ｻｯﾎﾟﾛｼｼﾛｲｼｸ', 'ｶﾜｷﾀ1ｼﾞｮｳ', '北海道', '札幌市白石区', '川北一条'),
(0030852, 'ﾎｯｶｲﾄﾞｳ', 'ｻｯﾎﾟﾛｼｼﾛｲｼｸ', 'ｶﾜｷﾀ2ｼﾞｮｳ', '北海道', '札幌市白石区', '川北二条'),
(0030853, 'ﾎｯｶｲﾄﾞｳ', 'ｻｯﾎﾟﾛｼｼﾛｲｼｸ', 'ｶﾜｷﾀ3ｼﾞｮｳ', '北海道', '札幌市白石区', '川北三条'),
(0030854, 'ﾎｯｶｲﾄﾞｳ', 'ｻｯﾎﾟﾛｼｼﾛｲｼｸ', 'ｶﾜｷﾀ4ｼﾞｮｳ', '北海道', '札幌市白石区', '川北四条'),
(0030855, 'ﾎｯｶｲﾄﾞｳ', 'ｻｯﾎﾟﾛｼｼﾛｲｼｸ', 'ｶﾜｷﾀ5ｼﾞｮｳ', '北海道', '札幌市白石区', '川北五条'),
(0030869, 'ﾎｯｶｲﾄﾞｳ', 'ｻｯﾎﾟﾛｼｼﾛｲｼｸ', 'ｶﾜｼﾓ', '北海道', '札幌市白石区', '川下'),
(0030861, 'ﾎｯｶｲﾄﾞｳ', 'ｻｯﾎﾟﾛｼｼﾛｲｼｸ', 'ｶﾜｼﾓ1ｼﾞｮｳ', '北海道', '札幌市白石区', '川下一条'),
(0030862, 'ﾎｯｶｲﾄﾞｳ', 'ｻｯﾎﾟﾛｼｼﾛｲｼｸ', 'ｶﾜｼﾓ2ｼﾞｮｳ', '北海道', '札幌市白石区', '川下二条'),
(0030863, 'ﾎｯｶｲﾄﾞｳ', 'ｻｯﾎﾟﾛｼｼﾛｲｼｸ', 'ｶﾜｼﾓ3ｼﾞｮｳ', '北海道', '札幌市白石区', '川下三条'),
(0030864, 'ﾎｯｶｲﾄﾞｳ', 'ｻｯﾎﾟﾛｼｼﾛｲｼｸ', 'ｶﾜｼﾓ4ｼﾞｮｳ', '北海道', '札幌市白石区', '川下四条'),
(0030865, 'ﾎｯｶｲﾄﾞｳ', 'ｻｯﾎﾟﾛｼｼﾛｲｼｸ', 'ｶﾜｼﾓ5ｼﾞｮｳ', '北海道', '札幌市白石区', '川下五条'),
(0030859, 'ﾎｯｶｲﾄﾞｳ', 'ｻｯﾎﾟﾛｼｼﾛｲｼｸ', 'ｶﾜｷﾀ', '北海道', '札幌市白石区', '川北'),
(0030801, 'ﾎｯｶｲﾄﾞｳ', 'ｻｯﾎﾟﾛｼｼﾛｲｼｸ', 'ｷｸｽｲ1ｼﾞｮｳ', '北海道', '札幌市白石区', '菊水一条'),
(0030802, 'ﾎｯｶｲﾄﾞｳ', 'ｻｯﾎﾟﾛｼｼﾛｲｼｸ', 'ｷｸｽｲ2ｼﾞｮｳ', '北海道', '札幌市白石区', '菊水二条'),
(0030803, 'ﾎｯｶｲﾄﾞｳ', 'ｻｯﾎﾟﾛｼｼﾛｲｼｸ', 'ｷｸｽｲ3ｼﾞｮｳ', '北海道', '札幌市白石区', '菊水三条'),
(0030804, 'ﾎｯｶｲﾄﾞｳ', 'ｻｯﾎﾟﾛｼｼﾛｲｼｸ', 'ｷｸｽｲ4ｼﾞｮｳ', '北海道', '札幌市白石区', '菊水四条'),
(0030805, 'ﾎｯｶｲﾄﾞｳ', 'ｻｯﾎﾟﾛｼｼﾛｲｼｸ', 'ｷｸｽｲ5ｼﾞｮｳ', '北海道', '札幌市白石区', '菊水五条'),
(0030806, 'ﾎｯｶｲﾄﾞｳ', 'ｻｯﾎﾟﾛｼｼﾛｲｼｸ', 'ｷｸｽｲ6ｼﾞｮｳ', '北海道', '札幌市白石区', '菊水六条'),
(0030807, 'ﾎｯｶｲﾄﾞｳ', 'ｻｯﾎﾟﾛｼｼﾛｲｼｸ', 'ｷｸｽｲ7ｼﾞｮｳ', '北海道', '札幌市白石区', '菊水七条'),
(0030808, 'ﾎｯｶｲﾄﾞｳ', 'ｻｯﾎﾟﾛｼｼﾛｲｼｸ', 'ｷｸｽｲ8ｼﾞｮｳ', '北海道', '札幌市白石区', '菊水八条'),
(0030809, 'ﾎｯｶｲﾄﾞｳ', 'ｻｯﾎﾟﾛｼｼﾛｲｼｸ', 'ｷｸｽｲ9ｼﾞｮｳ', '北海道', '札幌市白石区', '菊水九条'),
(0030811, 'ﾎｯｶｲﾄﾞｳ', 'ｻｯﾎﾟﾛｼｼﾛｲｼｸ', 'ｷｸｽｲｶﾐﾏﾁ1ｼﾞｮｳ', '北海道', '札幌市白石区', '菊水上町一条'),
(0030812, 'ﾎｯｶｲﾄﾞｳ', 'ｻｯﾎﾟﾛｼｼﾛｲｼｸ', 'ｷｸｽｲｶﾐﾏﾁ2ｼﾞｮｳ', '北海道', '札幌市白石区', '菊水上町二条'),
(0030813, 'ﾎｯｶｲﾄﾞｳ', 'ｻｯﾎﾟﾛｼｼﾛｲｼｸ', 'ｷｸｽｲｶﾐﾏﾁ3ｼﾞｮｳ', '北海道', '札幌市白石区', '菊水上町三条'),
(0030814, 'ﾎｯｶｲﾄﾞｳ', 'ｻｯﾎﾟﾛｼｼﾛｲｼｸ', 'ｷｸｽｲｶﾐﾏﾁ4ｼﾞｮｳ', '北海道', '札幌市白石区', '菊水上町四条'),
(0030821, 'ﾎｯｶｲﾄﾞｳ', 'ｻｯﾎﾟﾛｼｼﾛｲｼｸ', 'ｷｸｽｲﾓﾄﾏﾁ1ｼﾞｮｳ', '北海道', '札幌市白石区', '菊水元町一条'),
(0030822, 'ﾎｯｶｲﾄﾞｳ', 'ｻｯﾎﾟﾛｼｼﾛｲｼｸ', 'ｷｸｽｲﾓﾄﾏﾁ2ｼﾞｮｳ', '北海道', '札幌市白石区', '菊水元町二条'),
(0030823, 'ﾎｯｶｲﾄﾞｳ', 'ｻｯﾎﾟﾛｼｼﾛｲｼｸ', 'ｷｸｽｲﾓﾄﾏﾁ3ｼﾞｮｳ', '北海道', '札幌市白石区', '菊水元町三条'),
(0030824, 'ﾎｯｶｲﾄﾞｳ', 'ｻｯﾎﾟﾛｼｼﾛｲｼｸ', 'ｷｸｽｲﾓﾄﾏﾁ4ｼﾞｮｳ', '北海道', '札幌市白石区', '菊水元町四条'),
(0030825, 'ﾎｯｶｲﾄﾞｳ', 'ｻｯﾎﾟﾛｼｼﾛｲｼｸ', 'ｷｸｽｲﾓﾄﾏﾁ5ｼﾞｮｳ', '北海道', '札幌市白石区', '菊水元町五条'),
(0030826, 'ﾎｯｶｲﾄﾞｳ', 'ｻｯﾎﾟﾛｼｼﾛｲｼｸ', 'ｷｸｽｲﾓﾄﾏﾁ6ｼﾞｮｳ', '北海道', '札幌市白石区', '菊水元町六条'),
(0030827, 'ﾎｯｶｲﾄﾞｳ', 'ｻｯﾎﾟﾛｼｼﾛｲｼｸ', 'ｷｸｽｲﾓﾄﾏﾁ7ｼﾞｮｳ', '北海道', '札幌市白石区', '菊水元町七条'),
(0030828, 'ﾎｯｶｲﾄﾞｳ', 'ｻｯﾎﾟﾛｼｼﾛｲｼｸ', 'ｷｸｽｲﾓﾄﾏﾁ8ｼﾞｮｳ', '北海道', '札幌市白石区', '菊水元町八条'),
(0030829, 'ﾎｯｶｲﾄﾞｳ', 'ｻｯﾎﾟﾛｼｼﾛｲｼｸ', 'ｷｸｽｲﾓﾄﾏﾁ9ｼﾞｮｳ', '北海道', '札幌市白石区', '菊水元町九条'),
(0030830, 'ﾎｯｶｲﾄﾞｳ', 'ｻｯﾎﾟﾛｼｼﾛｲｼｸ', 'ｷｸｽｲﾓﾄﾏﾁ10ｼﾞｮｳ', '北海道', '札幌市白石区', '菊水元町十条'),
(0030849, 'ﾎｯｶｲﾄﾞｳ', 'ｻｯﾎﾟﾛｼｼﾛｲｼｸ', 'ｷﾀｺﾞｳ', '北海道', '札幌市白石区', '北郷'),
(0030831, 'ﾎｯｶｲﾄﾞｳ', 'ｻｯﾎﾟﾛｼｼﾛｲｼｸ', 'ｷﾀｺﾞｳ1ｼﾞｮｳ', '北海道', '札幌市白石区', '北郷一条'),
(0030832, 'ﾎｯｶｲﾄﾞｳ', 'ｻｯﾎﾟﾛｼｼﾛｲｼｸ', 'ｷﾀｺﾞｳ2ｼﾞｮｳ', '北海道', '札幌市白石区', '北郷二条'),
(0030833, 'ﾎｯｶｲﾄﾞｳ', 'ｻｯﾎﾟﾛｼｼﾛｲｼｸ', 'ｷﾀｺﾞｳ3ｼﾞｮｳ', '北海道', '札幌市白石区', '北郷三条'),
(0030834, 'ﾎｯｶｲﾄﾞｳ', 'ｻｯﾎﾟﾛｼｼﾛｲｼｸ', 'ｷﾀｺﾞｳ4ｼﾞｮｳ', '北海道', '札幌市白石区', '北郷四条'),
(0030835, 'ﾎｯｶｲﾄﾞｳ', 'ｻｯﾎﾟﾛｼｼﾛｲｼｸ', 'ｷﾀｺﾞｳ5ｼﾞｮｳ', '北海道', '札幌市白石区', '北郷五条'),
(0030836, 'ﾎｯｶｲﾄﾞｳ', 'ｻｯﾎﾟﾛｼｼﾛｲｼｸ', 'ｷﾀｺﾞｳ6ｼﾞｮｳ', '北海道', '札幌市白石区', '北郷六条'),
(0030837, 'ﾎｯｶｲﾄﾞｳ', 'ｻｯﾎﾟﾛｼｼﾛｲｼｸ', 'ｷﾀｺﾞｳ7ｼﾞｮｳ', '北海道', '札幌市白石区', '北郷七条'),
(0030838, 'ﾎｯｶｲﾄﾞｳ', 'ｻｯﾎﾟﾛｼｼﾛｲｼｸ', 'ｷﾀｺﾞｳ8ｼﾞｮｳ', '北海道', '札幌市白石区', '北郷八条'),
(0030839, 'ﾎｯｶｲﾄﾞｳ', 'ｻｯﾎﾟﾛｼｼﾛｲｼｸ', 'ｷﾀｺﾞｳ9ｼﾞｮｳ', '北海道', '札幌市白石区', '北郷九条'),
(0030840, 'ﾎｯｶｲﾄﾞｳ', 'ｻｯﾎﾟﾛｼｼﾛｲｼｸ', 'ｷﾀｺﾞｳ10ｼﾞｮｳ', '北海道', '札幌市白石区', '北郷十条'),
(0030021, 'ﾎｯｶｲﾄﾞｳ', 'ｻｯﾎﾟﾛｼｼﾛｲｼｸ', 'ｻｶｴﾄﾞｵﾘ', '北海道', '札幌市白石区', '栄通'),
(0030011, 'ﾎｯｶｲﾄﾞｳ', 'ｻｯﾎﾟﾛｼｼﾛｲｼｸ', 'ﾁｭｳｵｳ1ｼﾞｮｳ', '北海道', '札幌市白石区', '中央一条'),
(0030012, 'ﾎｯｶｲﾄﾞｳ', 'ｻｯﾎﾟﾛｼｼﾛｲｼｸ', 'ﾁｭｳｵｳ2ｼﾞｮｳ', '北海道', '札幌市白石区', '中央二条'),
(0030013, 'ﾎｯｶｲﾄﾞｳ', 'ｻｯﾎﾟﾛｼｼﾛｲｼｸ', 'ﾁｭｳｵｳ3ｼﾞｮｳ', '北海道', '札幌市白石区', '中央三条'),
(0030022, 'ﾎｯｶｲﾄﾞｳ', 'ｻｯﾎﾟﾛｼｼﾛｲｼｸ', 'ﾅﾝｺﾞｳﾄﾞｵﾘ(ﾐﾅﾐ)', '北海道', '札幌市白石区', '南郷通（南）'),
(0030023, 'ﾎｯｶｲﾄﾞｳ', 'ｻｯﾎﾟﾛｼｼﾛｲｼｸ', 'ﾅﾝｺﾞｳﾄﾞｵﾘ(ｷﾀ)', '北海道', '札幌市白石区', '南郷通（北）'),
(0030001, 'ﾎｯｶｲﾄﾞｳ', 'ｻｯﾎﾟﾛｼｼﾛｲｼｸ', 'ﾋｶﾞｼｻｯﾎﾟﾛ1ｼﾞｮｳ', '北海道', '札幌市白石区', '東札幌一条'),
(0030002, 'ﾎｯｶｲﾄﾞｳ', 'ｻｯﾎﾟﾛｼｼﾛｲｼｸ', 'ﾋｶﾞｼｻｯﾎﾟﾛ2ｼﾞｮｳ', '北海道', '札幌市白石区', '東札幌二条'),
(0030003, 'ﾎｯｶｲﾄﾞｳ', 'ｻｯﾎﾟﾛｼｼﾛｲｼｸ', 'ﾋｶﾞｼｻｯﾎﾟﾛ3ｼﾞｮｳ', '北海道', '札幌市白石区', '東札幌三条'),
(0030004, 'ﾎｯｶｲﾄﾞｳ', 'ｻｯﾎﾟﾛｼｼﾛｲｼｸ', 'ﾋｶﾞｼｻｯﾎﾟﾛ4ｼﾞｮｳ', '北海道', '札幌市白石区', '東札幌四条'),
(0030005, 'ﾎｯｶｲﾄﾞｳ', 'ｻｯﾎﾟﾛｼｼﾛｲｼｸ', 'ﾋｶﾞｼｻｯﾎﾟﾛ5ｼﾞｮｳ', '北海道', '札幌市白石区', '東札幌五条'),
(0030006, 'ﾎｯｶｲﾄﾞｳ', 'ｻｯﾎﾟﾛｼｼﾛｲｼｸ', 'ﾋｶﾞｼｻｯﾎﾟﾛ6ｼﾞｮｳ', '北海道', '札幌市白石区', '東札幌六条'),
(0030876, 'ﾎｯｶｲﾄﾞｳ', 'ｻｯﾎﾟﾛｼｼﾛｲｼｸ', 'ﾋｶﾞｼﾖﾈｻﾄ', '北海道', '札幌市白石区', '東米里'),
(0030028, 'ﾎｯｶｲﾄﾞｳ', 'ｻｯﾎﾟﾛｼｼﾛｲｼｸ', 'ﾍｲﾜﾄﾞｵﾘ(ﾐﾅﾐ)', '北海道', '札幌市白石区', '平和通（南）'),
(0030029, 'ﾎｯｶｲﾄﾞｳ', 'ｻｯﾎﾟﾛｼｼﾛｲｼｸ', 'ﾍｲﾜﾄﾞｵﾘ(ｷﾀ)', '北海道', '札幌市白石区', '平和通（北）'),
(0030024, 'ﾎｯｶｲﾄﾞｳ', 'ｻｯﾎﾟﾛｼｼﾛｲｼｸ', 'ﾎﾝｺﾞｳﾄﾞｵﾘ(ﾐﾅﾐ)', '北海道', '札幌市白石区', '本郷通（南）'),
(0030025, 'ﾎｯｶｲﾄﾞｳ', 'ｻｯﾎﾟﾛｼｼﾛｲｼｸ', 'ﾎﾝｺﾞｳﾄﾞｵﾘ(ｷﾀ)', '北海道', '札幌市白石区', '本郷通（北）'),
(0030026, 'ﾎｯｶｲﾄﾞｳ', 'ｻｯﾎﾟﾛｼｼﾛｲｼｸ', 'ﾎﾝﾄﾞｵﾘ(ﾐﾅﾐ)', '北海道', '札幌市白石区', '本通（南）'),
(0030027, 'ﾎｯｶｲﾄﾞｳ', 'ｻｯﾎﾟﾛｼｼﾛｲｼｸ', 'ﾎﾝﾄﾞｵﾘ(ｷﾀ)', '北海道', '札幌市白石区', '本通（北）'),
(0030871, 'ﾎｯｶｲﾄﾞｳ', 'ｻｯﾎﾟﾛｼｼﾛｲｼｸ', 'ﾖﾈｻﾄ1ｼﾞｮｳ', '北海道', '札幌市白石区', '米里一条'),
(0030872, 'ﾎｯｶｲﾄﾞｳ', 'ｻｯﾎﾟﾛｼｼﾛｲｼｸ', 'ﾖﾈｻﾄ2ｼﾞｮｳ', '北海道', '札幌市白石区', '米里二条'),
(0030873, 'ﾎｯｶｲﾄﾞｳ', 'ｻｯﾎﾟﾛｼｼﾛｲｼｸ', 'ﾖﾈｻﾄ3ｼﾞｮｳ', '北海道', '札幌市白石区', '米里三条'),
(0030874, 'ﾎｯｶｲﾄﾞｳ', 'ｻｯﾎﾟﾛｼｼﾛｲｼｸ', 'ﾖﾈｻﾄ4ｼﾞｮｳ', '北海道', '札幌市白石区', '米里四条'),
(0030875, 'ﾎｯｶｲﾄﾞｳ', 'ｻｯﾎﾟﾛｼｼﾛｲｼｸ', 'ﾖﾈｻﾄ5ｼﾞｮｳ', '北海道', '札幌市白石区', '米里五条'),
(0030030, 'ﾎｯｶｲﾄﾞｳ', 'ｻｯﾎﾟﾛｼｼﾛｲｼｸ', 'ﾘｭｳﾂｳｾﾝﾀｰ', '北海道', '札幌市白石区', '流通センター'),
(0620000, 'ﾎｯｶｲﾄﾞｳ', 'ｻｯﾎﾟﾛｼﾄﾖﾋﾗｸ', 'ｲｶﾆｹｲｻｲｶﾞﾅｲﾊﾞｱｲ', '北海道', '札幌市豊平区', '以下に掲載がない場合'),
(0620911, 'ﾎｯｶｲﾄﾞｳ', 'ｻｯﾎﾟﾛｼﾄﾖﾋﾗｸ', 'ｱｻﾋﾏﾁ', '北海道', '札幌市豊平区', '旭町'),
(0620912, 'ﾎｯｶｲﾄﾞｳ', 'ｻｯﾎﾟﾛｼﾄﾖﾋﾗｸ', 'ｽｲｼｬﾁｮｳ', '北海道', '札幌市豊平区', '水車町'),
(0620020, 'ﾎｯｶｲﾄﾞｳ', 'ｻｯﾎﾟﾛｼﾄﾖﾋﾗｸ', 'ﾂｷｻﾑﾁｭｳｵｳﾄﾞｵﾘ', '北海道', '札幌市豊平区', '月寒中央通'),
(0620021, 'ﾎｯｶｲﾄﾞｳ', 'ｻｯﾎﾟﾛｼﾄﾖﾋﾗｸ', 'ﾂｷｻﾑﾆｼ1ｼﾞｮｳ', '北海道', '札幌市豊平区', '月寒西一条'),
(0620022, 'ﾎｯｶｲﾄﾞｳ', 'ｻｯﾎﾟﾛｼﾄﾖﾋﾗｸ', 'ﾂｷｻﾑﾆｼ2ｼﾞｮｳ', '北海道', '札幌市豊平区', '月寒西二条'),
(0620023, 'ﾎｯｶｲﾄﾞｳ', 'ｻｯﾎﾟﾛｼﾄﾖﾋﾗｸ', 'ﾂｷｻﾑﾆｼ3ｼﾞｮｳ', '北海道', '札幌市豊平区', '月寒西三条'),
(0620024, 'ﾎｯｶｲﾄﾞｳ', 'ｻｯﾎﾟﾛｼﾄﾖﾋﾗｸ', 'ﾂｷｻﾑﾆｼ4ｼﾞｮｳ', '北海道', '札幌市豊平区', '月寒西四条'),
(0620025, 'ﾎｯｶｲﾄﾞｳ', 'ｻｯﾎﾟﾛｼﾄﾖﾋﾗｸ', 'ﾂｷｻﾑﾆｼ5ｼﾞｮｳ', '北海道', '札幌市豊平区', '月寒西五条'),
(0620051, 'ﾎｯｶｲﾄﾞｳ', 'ｻｯﾎﾟﾛｼﾄﾖﾋﾗｸ', 'ﾂｷｻﾑﾋｶﾞｼ1ｼﾞｮｳ', '北海道', '札幌市豊平区', '月寒東一条'),
(0620052, 'ﾎｯｶｲﾄﾞｳ', 'ｻｯﾎﾟﾛｼﾄﾖﾋﾗｸ', 'ﾂｷｻﾑﾋｶﾞｼ2ｼﾞｮｳ', '北海道', '札幌市豊平区', '月寒東二条'),
(0620053, 'ﾎｯｶｲﾄﾞｳ', 'ｻｯﾎﾟﾛｼﾄﾖﾋﾗｸ', 'ﾂｷｻﾑﾋｶﾞｼ3ｼﾞｮｳ', '北海道', '札幌市豊平区', '月寒東三条'),
(0620054, 'ﾎｯｶｲﾄﾞｳ', 'ｻｯﾎﾟﾛｼﾄﾖﾋﾗｸ', 'ﾂｷｻﾑﾋｶﾞｼ4ｼﾞｮｳ', '北海道', '札幌市豊平区', '月寒東四条'),
(0620055, 'ﾎｯｶｲﾄﾞｳ', 'ｻｯﾎﾟﾛｼﾄﾖﾋﾗｸ', 'ﾂｷｻﾑﾋｶﾞｼ5ｼﾞｮｳ', '北海道', '札幌市豊平区', '月寒東五条'),
(0620901, 'ﾎｯｶｲﾄﾞｳ', 'ｻｯﾎﾟﾛｼﾄﾖﾋﾗｸ', 'ﾄﾖﾋﾗ1ｼﾞｮｳ', '北海道', '札幌市豊平区', '豊平一条'),
(0620902, 'ﾎｯｶｲﾄﾞｳ', 'ｻｯﾎﾟﾛｼﾄﾖﾋﾗｸ', 'ﾄﾖﾋﾗ2ｼﾞｮｳ', '北海道', '札幌市豊平区', '豊平二条'),
(0620903, 'ﾎｯｶｲﾄﾞｳ', 'ｻｯﾎﾟﾛｼﾄﾖﾋﾗｸ', 'ﾄﾖﾋﾗ3ｼﾞｮｳ', '北海道', '札幌市豊平区', '豊平三条'),
(0620904, 'ﾎｯｶｲﾄﾞｳ', 'ｻｯﾎﾟﾛｼﾄﾖﾋﾗｸ', 'ﾄﾖﾋﾗ4ｼﾞｮｳ', '北海道', '札幌市豊平区', '豊平四条'),
(0620905, 'ﾎｯｶｲﾄﾞｳ', 'ｻｯﾎﾟﾛｼﾄﾖﾋﾗｸ', 'ﾄﾖﾋﾗ5ｼﾞｮｳ', '北海道', '札幌市豊平区', '豊平五条'),
(0620906, 'ﾎｯｶｲﾄﾞｳ', 'ｻｯﾎﾟﾛｼﾄﾖﾋﾗｸ', 'ﾄﾖﾋﾗ6ｼﾞｮｳ', '北海道', '札幌市豊平区', '豊平六条'),
(0620907, 'ﾎｯｶｲﾄﾞｳ', 'ｻｯﾎﾟﾛｼﾄﾖﾋﾗｸ', 'ﾄﾖﾋﾗ7ｼﾞｮｳ', '北海道', '札幌市豊平区', '豊平七条'),
(0620908, 'ﾎｯｶｲﾄﾞｳ', 'ｻｯﾎﾟﾛｼﾄﾖﾋﾗｸ', 'ﾄﾖﾋﾗ8ｼﾞｮｳ', '北海道', '札幌市豊平区', '豊平八条'),
(0620909, 'ﾎｯｶｲﾄﾞｳ', 'ｻｯﾎﾟﾛｼﾄﾖﾋﾗｸ', 'ﾄﾖﾋﾗ9ｼﾞｮｳ', '北海道', '札幌市豊平区', '豊平九条'),
(0620921, 'ﾎｯｶｲﾄﾞｳ', 'ｻｯﾎﾟﾛｼﾄﾖﾋﾗｸ', 'ﾅｶﾉｼﾏ1ｼﾞｮｳ', '北海道', '札幌市豊平区', '中の島一条'),
(0620922, 'ﾎｯｶｲﾄﾞｳ', 'ｻｯﾎﾟﾛｼﾄﾖﾋﾗｸ', 'ﾅｶﾉｼﾏ2ｼﾞｮｳ', '北海道', '札幌市豊平区', '中の島二条'),
(0620039, 'ﾎｯｶｲﾄﾞｳ', 'ｻｯﾎﾟﾛｼﾄﾖﾋﾗｸ', 'ﾆｼｵｶ', '北海道', '札幌市豊平区', '西岡'),
(0620031, 'ﾎｯｶｲﾄﾞｳ', 'ｻｯﾎﾟﾛｼﾄﾖﾋﾗｸ', 'ﾆｼｵｶ1ｼﾞｮｳ', '北海道', '札幌市豊平区', '西岡一条'),
(0620032, 'ﾎｯｶｲﾄﾞｳ', 'ｻｯﾎﾟﾛｼﾄﾖﾋﾗｸ', 'ﾆｼｵｶ2ｼﾞｮｳ', '北海道', '札幌市豊平区', '西岡二条'),
(0620033, 'ﾎｯｶｲﾄﾞｳ', 'ｻｯﾎﾟﾛｼﾄﾖﾋﾗｸ', 'ﾆｼｵｶ3ｼﾞｮｳ', '北海道', '札幌市豊平区', '西岡三条'),
(0620034, 'ﾎｯｶｲﾄﾞｳ', 'ｻｯﾎﾟﾛｼﾄﾖﾋﾗｸ', 'ﾆｼｵｶ4ｼﾞｮｳ', '北海道', '札幌市豊平区', '西岡四条'),
(0620035, 'ﾎｯｶｲﾄﾞｳ', 'ｻｯﾎﾟﾛｼﾄﾖﾋﾗｸ', 'ﾆｼｵｶ5ｼﾞｮｳ', '北海道', '札幌市豊平区', '西岡五条'),
(0620045, 'ﾎｯｶｲﾄﾞｳ', 'ｻｯﾎﾟﾛｼﾄﾖﾋﾗｸ', 'ﾋﾂｼﾞｶﾞｵｶ', '北海道', '札幌市豊平区', '羊ケ丘'),
(0620931, 'ﾎｯｶｲﾄﾞｳ', 'ｻｯﾎﾟﾛｼﾄﾖﾋﾗｸ', 'ﾋﾗｷﾞｼ1ｼﾞｮｳ', '北海道', '札幌市豊平区', '平岸一条'),
(0620932, 'ﾎｯｶｲﾄﾞｳ', 'ｻｯﾎﾟﾛｼﾄﾖﾋﾗｸ', 'ﾋﾗｷﾞｼ2ｼﾞｮｳ', '北海道', '札幌市豊平区', '平岸二条'),
(0620933, 'ﾎｯｶｲﾄﾞｳ', 'ｻｯﾎﾟﾛｼﾄﾖﾋﾗｸ', 'ﾋﾗｷﾞｼ3ｼﾞｮｳ', '北海道', '札幌市豊平区', '平岸三条'),
(0620934, 'ﾎｯｶｲﾄﾞｳ', 'ｻｯﾎﾟﾛｼﾄﾖﾋﾗｸ', 'ﾋﾗｷﾞｼ4ｼﾞｮｳ', '北海道', '札幌市豊平区', '平岸四条'),
(0620935, 'ﾎｯｶｲﾄﾞｳ', 'ｻｯﾎﾟﾛｼﾄﾖﾋﾗｸ', 'ﾋﾗｷﾞｼ5ｼﾞｮｳ', '北海道', '札幌市豊平区', '平岸五条'),
(0620936, 'ﾎｯｶｲﾄﾞｳ', 'ｻｯﾎﾟﾛｼﾄﾖﾋﾗｸ', 'ﾋﾗｷﾞｼ6ｼﾞｮｳ', '北海道', '札幌市豊平区', '平岸六条'),
(0620937, 'ﾎｯｶｲﾄﾞｳ', 'ｻｯﾎﾟﾛｼﾄﾖﾋﾗｸ', 'ﾋﾗｷﾞｼ7ｼﾞｮｳ', '北海道', '札幌市豊平区', '平岸七条'),
(0620938, 'ﾎｯｶｲﾄﾞｳ', 'ｻｯﾎﾟﾛｼﾄﾖﾋﾗｸ', 'ﾋﾗｷﾞｼ8ｼﾞｮｳ', '北海道', '札幌市豊平区', '平岸八条'),
(0620041, 'ﾎｯｶｲﾄﾞｳ', 'ｻｯﾎﾟﾛｼﾄﾖﾋﾗｸ', 'ﾌｸｽﾞﾐ1ｼﾞｮｳ', '北海道', '札幌市豊平区', '福住一条'),
(0620042, 'ﾎｯｶｲﾄﾞｳ', 'ｻｯﾎﾟﾛｼﾄﾖﾋﾗｸ', 'ﾌｸｽﾞﾐ2ｼﾞｮｳ', '北海道', '札幌市豊平区', '福住二条'),
(0620043, 'ﾎｯｶｲﾄﾞｳ', 'ｻｯﾎﾟﾛｼﾄﾖﾋﾗｸ', 'ﾌｸｽﾞﾐ3ｼﾞｮｳ', '北海道', '札幌市豊平区', '福住三条'),
(0620001, 'ﾎｯｶｲﾄﾞｳ', 'ｻｯﾎﾟﾛｼﾄﾖﾋﾗｸ', 'ﾐｿﾉ1ｼﾞｮｳ', '北海道', '札幌市豊平区', '美園一条'),
(0620002, 'ﾎｯｶｲﾄﾞｳ', 'ｻｯﾎﾟﾛｼﾄﾖﾋﾗｸ', 'ﾐｿﾉ2ｼﾞｮｳ', '北海道', '札幌市豊平区', '美園二条'),
(0620003, 'ﾎｯｶｲﾄﾞｳ', 'ｻｯﾎﾟﾛｼﾄﾖﾋﾗｸ', 'ﾐｿﾉ3ｼﾞｮｳ', '北海道', '札幌市豊平区', '美園三条'),
(0620004, 'ﾎｯｶｲﾄﾞｳ', 'ｻｯﾎﾟﾛｼﾄﾖﾋﾗｸ', 'ﾐｿﾉ4ｼﾞｮｳ', '北海道', '札幌市豊平区', '美園四条'),
(0620005, 'ﾎｯｶｲﾄﾞｳ', 'ｻｯﾎﾟﾛｼﾄﾖﾋﾗｸ', 'ﾐｿﾉ5ｼﾞｮｳ', '北海道', '札幌市豊平区', '美園五条'),
(0620006, 'ﾎｯｶｲﾄﾞｳ', 'ｻｯﾎﾟﾛｼﾄﾖﾋﾗｸ', 'ﾐｿﾉ6ｼﾞｮｳ', '北海道', '札幌市豊平区', '美園六条'),
(0620007, 'ﾎｯｶｲﾄﾞｳ', 'ｻｯﾎﾟﾛｼﾄﾖﾋﾗｸ', 'ﾐｿﾉ7ｼﾞｮｳ', '北海道', '札幌市豊平区', '美園七条'),
(0620008, 'ﾎｯｶｲﾄﾞｳ', 'ｻｯﾎﾟﾛｼﾄﾖﾋﾗｸ', 'ﾐｿﾉ8ｼﾞｮｳ', '北海道', '札幌市豊平区', '美園八条'),
(0620009, 'ﾎｯｶｲﾄﾞｳ', 'ｻｯﾎﾟﾛｼﾄﾖﾋﾗｸ', 'ﾐｿﾉ9ｼﾞｮｳ', '北海道', '札幌市豊平区', '美園九条'),
(0620010, 'ﾎｯｶｲﾄﾞｳ', 'ｻｯﾎﾟﾛｼﾄﾖﾋﾗｸ', 'ﾐｿﾉ10ｼﾞｮｳ', '北海道', '札幌市豊平区', '美園十条'),
(0620011, 'ﾎｯｶｲﾄﾞｳ', 'ｻｯﾎﾟﾛｼﾄﾖﾋﾗｸ', 'ﾐｿﾉ11ｼﾞｮｳ', '北海道', '札幌市豊平区', '美園十一条'),
(0620012, 'ﾎｯｶｲﾄﾞｳ', 'ｻｯﾎﾟﾛｼﾄﾖﾋﾗｸ', 'ﾐｿﾉ12ｼﾞｮｳ', '北海道', '札幌市豊平区', '美園十二条'),
(0050000, 'ﾎｯｶｲﾄﾞｳ', 'ｻｯﾎﾟﾛｼﾐﾅﾐｸ', 'ｲｶﾆｹｲｻｲｶﾞﾅｲﾊﾞｱｲ', '北海道', '札幌市南区', '以下に掲載がない場合'),
(0050849, 'ﾎｯｶｲﾄﾞｳ', 'ｻｯﾎﾟﾛｼﾐﾅﾐｸ', 'ｲｼﾔﾏ', '北海道', '札幌市南区', '石山'),
(0050850, 'ﾎｯｶｲﾄﾞｳ', 'ｻｯﾎﾟﾛｼﾐﾅﾐｸ', 'ｲｼﾔﾏﾋｶﾞｼ', '北海道', '札幌市南区', '石山東'),
(0050841, 'ﾎｯｶｲﾄﾞｳ', 'ｻｯﾎﾟﾛｼﾐﾅﾐｸ', 'ｲｼﾔﾏ1ｼﾞｮｳ', '北海道', '札幌市南区', '石山一条'),
(0050842, 'ﾎｯｶｲﾄﾞｳ', 'ｻｯﾎﾟﾛｼﾐﾅﾐｸ', 'ｲｼﾔﾏ2ｼﾞｮｳ', '北海道', '札幌市南区', '石山二条'),
(0050843, 'ﾎｯｶｲﾄﾞｳ', 'ｻｯﾎﾟﾛｼﾐﾅﾐｸ', 'ｲｼﾔﾏ3ｼﾞｮｳ', '北海道', '札幌市南区', '石山三条'),
(0050844, 'ﾎｯｶｲﾄﾞｳ', 'ｻｯﾎﾟﾛｼﾐﾅﾐｸ', 'ｲｼﾔﾏ4ｼﾞｮｳ', '北海道', '札幌市南区', '石山四条'),
(0050801, 'ﾎｯｶｲﾄﾞｳ', 'ｻｯﾎﾟﾛｼﾐﾅﾐｸ', 'ｶﾜｿﾞｴ1ｼﾞｮｳ', '北海道', '札幌市南区', '川沿一条'),
(0050802, 'ﾎｯｶｲﾄﾞｳ', 'ｻｯﾎﾟﾛｼﾐﾅﾐｸ', 'ｶﾜｿﾞｴ2ｼﾞｮｳ', '北海道', '札幌市南区', '川沿二条'),
(0050803, 'ﾎｯｶｲﾄﾞｳ', 'ｻｯﾎﾟﾛｼﾐﾅﾐｸ', 'ｶﾜｿﾞｴ3ｼﾞｮｳ', '北海道', '札幌市南区', '川沿三条'),
(0050804, 'ﾎｯｶｲﾄﾞｳ', 'ｻｯﾎﾟﾛｼﾐﾅﾐｸ', 'ｶﾜｿﾞｴ4ｼﾞｮｳ', '北海道', '札幌市南区', '川沿四条'),
(0050805, 'ﾎｯｶｲﾄﾞｳ', 'ｻｯﾎﾟﾛｼﾐﾅﾐｸ', 'ｶﾜｿﾞｴ5ｼﾞｮｳ', '北海道', '札幌市南区', '川沿五条'),
(0050806, 'ﾎｯｶｲﾄﾞｳ', 'ｻｯﾎﾟﾛｼﾐﾅﾐｸ', 'ｶﾜｿﾞｴ6ｼﾞｮｳ', '北海道', '札幌市南区', '川沿六条'),
(0050807, 'ﾎｯｶｲﾄﾞｳ', 'ｻｯﾎﾟﾛｼﾐﾅﾐｸ', 'ｶﾜｿﾞｴ7ｼﾞｮｳ', '北海道', '札幌市南区', '川沿七条'),
(0050808, 'ﾎｯｶｲﾄﾞｳ', 'ｻｯﾎﾟﾛｼﾐﾅﾐｸ', 'ｶﾜｿﾞｴ8ｼﾞｮｳ', '北海道', '札幌市南区', '川沿八条'),
(0050809, 'ﾎｯｶｲﾄﾞｳ', 'ｻｯﾎﾟﾛｼﾐﾅﾐｸ', 'ｶﾜｿﾞｴ9ｼﾞｮｳ', '北海道', '札幌市南区', '川沿九条'),
(0050810, 'ﾎｯｶｲﾄﾞｳ', 'ｻｯﾎﾟﾛｼﾐﾅﾐｸ', 'ｶﾜｿﾞｴ10ｼﾞｮｳ', '北海道', '札幌市南区', '川沿十条'),
(0050811, 'ﾎｯｶｲﾄﾞｳ', 'ｻｯﾎﾟﾛｼﾐﾅﾐｸ', 'ｶﾜｿﾞｴ11ｼﾞｮｳ', '北海道', '札幌市南区', '川沿十一条'),
(0050812, 'ﾎｯｶｲﾄﾞｳ', 'ｻｯﾎﾟﾛｼﾐﾅﾐｸ', 'ｶﾜｿﾞｴ12ｼﾞｮｳ', '北海道', '札幌市南区', '川沿十二条'),
(0050813, 'ﾎｯｶｲﾄﾞｳ', 'ｻｯﾎﾟﾛｼﾐﾅﾐｸ', 'ｶﾜｿﾞｴ13ｼﾞｮｳ', '北海道', '札幌市南区', '川沿十三条'),
(0050814, 'ﾎｯｶｲﾄﾞｳ', 'ｻｯﾎﾟﾛｼﾐﾅﾐｸ', 'ｶﾜｿﾞｴ14ｼﾞｮｳ', '北海道', '札幌市南区', '川沿十四条'),
(0050815, 'ﾎｯｶｲﾄﾞｳ', 'ｻｯﾎﾟﾛｼﾐﾅﾐｸ', 'ｶﾜｿﾞｴ15ｼﾞｮｳ', '北海道', '札幌市南区', '川沿十五条'),
(0050816, 'ﾎｯｶｲﾄﾞｳ', 'ｻｯﾎﾟﾛｼﾐﾅﾐｸ', 'ｶﾜｿﾞｴ16ｼﾞｮｳ', '北海道', '札幌市南区', '川沿十六条'),
(0050817, 'ﾎｯｶｲﾄﾞｳ', 'ｻｯﾎﾟﾛｼﾐﾅﾐｸ', 'ｶﾜｿﾞｴ17ｼﾞｮｳ', '北海道', '札幌市南区', '川沿十七条'),
(0050818, 'ﾎｯｶｲﾄﾞｳ', 'ｻｯﾎﾟﾛｼﾐﾅﾐｸ', 'ｶﾜｿﾞｴ18ｼﾞｮｳ', '北海道', '札幌市南区', '川沿十八条'),
(0050832, 'ﾎｯｶｲﾄﾞｳ', 'ｻｯﾎﾟﾛｼﾐﾅﾐｸ', 'ｷﾀﾉｻﾜ', '北海道', '札幌市南区', '北ノ沢'),
(0050864, 'ﾎｯｶｲﾄﾞｳ', 'ｻｯﾎﾟﾛｼﾐﾅﾐｸ', 'ｹﾞｲｼﾞｭﾂﾉﾓﾘ', '北海道', '札幌市南区', '芸術の森'),
(0612274, 'ﾎｯｶｲﾄﾞｳ', 'ｻｯﾎﾟﾛｼﾐﾅﾐｸ', 'ｺｶﾞﾈﾕ', '北海道', '札幌市南区', '小金湯'),
(0612301, 'ﾎｯｶｲﾄﾞｳ', 'ｻｯﾎﾟﾛｼﾐﾅﾐｸ', 'ｼﾞｮｳｻﾞﾝｹｲ', '北海道', '札幌市南区', '定山渓'),
(0612302, 'ﾎｯｶｲﾄﾞｳ', 'ｻｯﾎﾟﾛｼﾐﾅﾐｸ', 'ｼﾞｮｳｻﾞﾝｹｲｵﾝｾﾝﾋｶﾞｼ', '北海道', '札幌市南区', '定山渓温泉東'),
(0612303, 'ﾎｯｶｲﾄﾞｳ', 'ｻｯﾎﾟﾛｼﾐﾅﾐｸ', 'ｼﾞｮｳｻﾞﾝｹｲｵﾝｾﾝﾆｼ', '北海道', '札幌市南区', '定山渓温泉西'),
(0612276, 'ﾎｯｶｲﾄﾞｳ', 'ｻｯﾎﾟﾛｼﾐﾅﾐｸ', 'ｼﾗｶﾜ', '北海道', '札幌市南区', '白川'),
(0050007, 'ﾎｯｶｲﾄﾞｳ', 'ｻｯﾎﾟﾛｼﾐﾅﾐｸ', 'ｽﾐｶﾜ', '北海道', '札幌市南区', '澄川'),
(0050001, 'ﾎｯｶｲﾄﾞｳ', 'ｻｯﾎﾟﾛｼﾐﾅﾐｸ', 'ｽﾐｶﾜ1ｼﾞｮｳ', '北海道', '札幌市南区', '澄川一条'),
(0050002, 'ﾎｯｶｲﾄﾞｳ', 'ｻｯﾎﾟﾛｼﾐﾅﾐｸ', 'ｽﾐｶﾜ2ｼﾞｮｳ', '北海道', '札幌市南区', '澄川二条'),
(0050003, 'ﾎｯｶｲﾄﾞｳ', 'ｻｯﾎﾟﾛｼﾐﾅﾐｸ', 'ｽﾐｶﾜ3ｼﾞｮｳ', '北海道', '札幌市南区', '澄川三条'),
(0050004, 'ﾎｯｶｲﾄﾞｳ', 'ｻｯﾎﾟﾛｼﾐﾅﾐｸ', 'ｽﾐｶﾜ4ｼﾞｮｳ', '北海道', '札幌市南区', '澄川四条'),
(0050005, 'ﾎｯｶｲﾄﾞｳ', 'ｻｯﾎﾟﾛｼﾐﾅﾐｸ', 'ｽﾐｶﾜ5ｼﾞｮｳ', '北海道', '札幌市南区', '澄川五条'),
(0050006, 'ﾎｯｶｲﾄﾞｳ', 'ｻｯﾎﾟﾛｼﾐﾅﾐｸ', 'ｽﾐｶﾜ6ｼﾞｮｳ', '北海道', '札幌市南区', '澄川六条'),
(0050862, 'ﾎｯｶｲﾄﾞｳ', 'ｻｯﾎﾟﾛｼﾐﾅﾐｸ', 'ﾀｷﾉ', '北海道', '札幌市南区', '滝野'),
(0050830, 'ﾎｯｶｲﾄﾞｳ', 'ｻｯﾎﾟﾛｼﾐﾅﾐｸ', 'ﾄｲｼﾔﾏ', '北海道', '札幌市南区', '砥石山'),
(0050865, 'ﾎｯｶｲﾄﾞｳ', 'ｻｯﾎﾟﾛｼﾐﾅﾐｸ', 'ﾄｷﾜ(1-131ﾊﾞﾝﾁ)', '北海道', '札幌市南区', '常盤（１〜１３１番地）'),
(0050863, 'ﾎｯｶｲﾄﾞｳ', 'ｻｯﾎﾟﾛｼﾐﾅﾐｸ', 'ﾄｷﾜ(ｿﾉﾀ)', '北海道', '札幌市南区', '常盤（その他）'),
(0050851, 'ﾎｯｶｲﾄﾞｳ', 'ｻｯﾎﾟﾛｼﾐﾅﾐｸ', 'ﾄｷﾜ1ｼﾞｮｳ', '北海道', '札幌市南区', '常盤一条'),
(0050852, 'ﾎｯｶｲﾄﾞｳ', 'ｻｯﾎﾟﾛｼﾐﾅﾐｸ', 'ﾄｷﾜ2ｼﾞｮｳ', '北海道', '札幌市南区', '常盤二条'),
(0050853, 'ﾎｯｶｲﾄﾞｳ', 'ｻｯﾎﾟﾛｼﾐﾅﾐｸ', 'ﾄｷﾜ3ｼﾞｮｳ', '北海道', '札幌市南区', '常盤三条'),
(0050854, 'ﾎｯｶｲﾄﾞｳ', 'ｻｯﾎﾟﾛｼﾐﾅﾐｸ', 'ﾄｷﾜ4ｼﾞｮｳ', '北海道', '札幌市南区', '常盤四条'),
(0050855, 'ﾎｯｶｲﾄﾞｳ', 'ｻｯﾎﾟﾛｼﾐﾅﾐｸ', 'ﾄｷﾜ5ｼﾞｮｳ', '北海道', '札幌市南区', '常盤五条'),
(0050856, 'ﾎｯｶｲﾄﾞｳ', 'ｻｯﾎﾟﾛｼﾐﾅﾐｸ', 'ﾄｷﾜ6ｼﾞｮｳ', '北海道', '札幌市南区', '常盤六条'),
(0612275, 'ﾎｯｶｲﾄﾞｳ', 'ｻｯﾎﾟﾛｼﾐﾅﾐｸ', 'ﾄﾔﾏ', '北海道', '札幌市南区', '砥山'),
(0612273, 'ﾎｯｶｲﾄﾞｳ', 'ｻｯﾎﾟﾛｼﾐﾅﾐｸ', 'ﾄﾖﾀｷ', '北海道', '札幌市南区', '豊滝'),
(0050831, 'ﾎｯｶｲﾄﾞｳ', 'ｻｯﾎﾟﾛｼﾐﾅﾐｸ', 'ﾅｶﾉｻﾜ', '北海道', '札幌市南区', '中ノ沢'),
(0050840, 'ﾎｯｶｲﾄﾞｳ', 'ｻｯﾎﾟﾛｼﾐﾅﾐｸ', 'ﾌｼﾞﾉ(400､400-2ﾊﾞﾝﾁ)', '北海道', '札幌市南区', '藤野（４００、４００−２番地）'),
(0612271, 'ﾎｯｶｲﾄﾞｳ', 'ｻｯﾎﾟﾛｼﾐﾅﾐｸ', 'ﾌｼﾞﾉ(ｿﾉﾀ)', '北海道', '札幌市南区', '藤野（その他）'),
(0612281, 'ﾎｯｶｲﾄﾞｳ', 'ｻｯﾎﾟﾛｼﾐﾅﾐｸ', 'ﾌｼﾞﾉ1ｼﾞｮｳ', '北海道', '札幌市南区', '藤野一条'),
(0612282, 'ﾎｯｶｲﾄﾞｳ', 'ｻｯﾎﾟﾛｼﾐﾅﾐｸ', 'ﾌｼﾞﾉ2ｼﾞｮｳ', '北海道', '札幌市南区', '藤野二条'),
(0612283, 'ﾎｯｶｲﾄﾞｳ', 'ｻｯﾎﾟﾛｼﾐﾅﾐｸ', 'ﾌｼﾞﾉ3ｼﾞｮｳ', '北海道', '札幌市南区', '藤野三条'),
(0612284, 'ﾎｯｶｲﾄﾞｳ', 'ｻｯﾎﾟﾛｼﾐﾅﾐｸ', 'ﾌｼﾞﾉ4ｼﾞｮｳ', '北海道', '札幌市南区', '藤野四条'),
(0612285, 'ﾎｯｶｲﾄﾞｳ', 'ｻｯﾎﾟﾛｼﾐﾅﾐｸ', 'ﾌｼﾞﾉ5ｼﾞｮｳ', '北海道', '札幌市南区', '藤野五条'),
(0612286, 'ﾎｯｶｲﾄﾞｳ', 'ｻｯﾎﾟﾛｼﾐﾅﾐｸ', 'ﾌｼﾞﾉ6ｼﾞｮｳ', '北海道', '札幌市南区', '藤野六条'),
(0050008, 'ﾎｯｶｲﾄﾞｳ', 'ｻｯﾎﾟﾛｼﾐﾅﾐｸ', 'ﾏｺﾏﾅｲ(17ﾊﾞﾝﾁ)', '北海道', '札幌市南区', '真駒内（１７番地）'),
(0050861, 'ﾎｯｶｲﾄﾞｳ', 'ｻｯﾎﾟﾛｼﾐﾅﾐｸ', 'ﾏｺﾏﾅｲ(ｿﾉﾀ)', '北海道', '札幌市南区', '真駒内（その他）'),
(0050018, 'ﾎｯｶｲﾄﾞｳ', 'ｻｯﾎﾟﾛｼﾐﾅﾐｸ', 'ﾏｺﾏﾅｲｱｹﾎﾞﾉﾁｮｳ', '北海道', '札幌市南区', '真駒内曙町'),
(0050015, 'ﾎｯｶｲﾄﾞｳ', 'ｻｯﾎﾟﾛｼﾐﾅﾐｸ', 'ﾏｺﾏﾅｲｲｽﾞﾐﾏﾁ', '北海道', '札幌市南区', '真駒内泉町'),
(0050022, 'ﾎｯｶｲﾄﾞｳ', 'ｻｯﾎﾟﾛｼﾐﾅﾐｸ', 'ﾏｺﾏﾅｲｶｼﾜｵｶ', '北海道', '札幌市南区', '真駒内柏丘'),
(0050012, 'ﾎｯｶｲﾄﾞｳ', 'ｻｯﾎﾟﾛｼﾐﾅﾐｸ', 'ﾏｺﾏﾅｲｶﾐﾏﾁ', '北海道', '札幌市南区', '真駒内上町'),
(0050014, 'ﾎｯｶｲﾄﾞｳ', 'ｻｯﾎﾟﾛｼﾐﾅﾐｸ', 'ﾏｺﾏﾅｲｻｲﾜｲﾏﾁ', '北海道', '札幌市南区', '真駒内幸町'),
(0050011, 'ﾎｯｶｲﾄﾞｳ', 'ｻｯﾎﾟﾛｼﾐﾅﾐｸ', 'ﾏｺﾏﾅｲﾋｶﾞｼﾏﾁ', '北海道', '札幌市南区', '真駒内東町'),
(0050021, 'ﾎｯｶｲﾄﾞｳ', 'ｻｯﾎﾟﾛｼﾐﾅﾐｸ', 'ﾏｺﾏﾅｲﾎﾝﾁｮｳ', '北海道', '札幌市南区', '真駒内本町'),
(0050013, 'ﾎｯｶｲﾄﾞｳ', 'ｻｯﾎﾟﾛｼﾐﾅﾐｸ', 'ﾏｺﾏﾅｲﾐﾄﾞﾘﾏﾁ', '北海道', '札幌市南区', '真駒内緑町'),
(0050016, 'ﾎｯｶｲﾄﾞｳ', 'ｻｯﾎﾟﾛｼﾐﾅﾐｸ', 'ﾏｺﾏﾅｲﾐﾅﾐﾏﾁ', '北海道', '札幌市南区', '真駒内南町'),
(0050017, 'ﾎｯｶｲﾄﾞｳ', 'ｻｯﾎﾟﾛｼﾐﾅﾐｸ', 'ﾏｺﾏﾅｲｺｳｴﾝ', '北海道', '札幌市南区', '真駒内公園'),
(0612261, 'ﾎｯｶｲﾄﾞｳ', 'ｻｯﾎﾟﾛｼﾐﾅﾐｸ', 'ﾐｽﾏｲ1ｼﾞｮｳ', '北海道', '札幌市南区', '簾舞一条'),
(0612262, 'ﾎｯｶｲﾄﾞｳ', 'ｻｯﾎﾟﾛｼﾐﾅﾐｸ', 'ﾐｽﾏｲ2ｼﾞｮｳ', '北海道', '札幌市南区', '簾舞二条'),
(0612263, 'ﾎｯｶｲﾄﾞｳ', 'ｻｯﾎﾟﾛｼﾐﾅﾐｸ', 'ﾐｽﾏｲ3ｼﾞｮｳ', '北海道', '札幌市南区', '簾舞三条'),
(0612264, 'ﾎｯｶｲﾄﾞｳ', 'ｻｯﾎﾟﾛｼﾐﾅﾐｸ', 'ﾐｽﾏｲ4ｼﾞｮｳ', '北海道', '札幌市南区', '簾舞四条'),
(0612265, 'ﾎｯｶｲﾄﾞｳ', 'ｻｯﾎﾟﾛｼﾐﾅﾐｸ', 'ﾐｽﾏｲ5ｼﾞｮｳ', '北海道', '札幌市南区', '簾舞五条'),
(0612266, 'ﾎｯｶｲﾄﾞｳ', 'ｻｯﾎﾟﾛｼﾐﾅﾐｸ', 'ﾐｽﾏｲ6ｼﾞｮｳ', '北海道', '札幌市南区', '簾舞六条'),
(0612272, 'ﾎｯｶｲﾄﾞｳ', 'ｻｯﾎﾟﾛｼﾐﾅﾐｸ', 'ﾐｽﾏｲ(ｿﾉﾀ)', '北海道', '札幌市南区', '簾舞（その他）'),
(0050827, 'ﾎｯｶｲﾄﾞｳ', 'ｻｯﾎﾟﾛｼﾐﾅﾐｸ', 'ﾐﾅﾐｻﾜ', '北海道', '札幌市南区', '南沢'),
(0050821, 'ﾎｯｶｲﾄﾞｳ', 'ｻｯﾎﾟﾛｼﾐﾅﾐｸ', 'ﾐﾅﾐｻﾜ1ｼﾞｮｳ', '北海道', '札幌市南区', '南沢一条'),
(0050822, 'ﾎｯｶｲﾄﾞｳ', 'ｻｯﾎﾟﾛｼﾐﾅﾐｸ', 'ﾐﾅﾐｻﾜ2ｼﾞｮｳ', '北海道', '札幌市南区', '南沢二条'),
(0050823, 'ﾎｯｶｲﾄﾞｳ', 'ｻｯﾎﾟﾛｼﾐﾅﾐｸ', 'ﾐﾅﾐｻﾜ3ｼﾞｮｳ', '北海道', '札幌市南区', '南沢三条'),
(0050824, 'ﾎｯｶｲﾄﾞｳ', 'ｻｯﾎﾟﾛｼﾐﾅﾐｸ', 'ﾐﾅﾐｻﾜ4ｼﾞｮｳ', '北海道', '札幌市南区', '南沢四条'),
(0050825, 'ﾎｯｶｲﾄﾞｳ', 'ｻｯﾎﾟﾛｼﾐﾅﾐｸ', 'ﾐﾅﾐｻﾜ5ｼﾞｮｳ', '北海道', '札幌市南区', '南沢五条'),
(0050826, 'ﾎｯｶｲﾄﾞｳ', 'ｻｯﾎﾟﾛｼﾐﾅﾐｸ', 'ﾐﾅﾐｻﾜ6ｼﾞｮｳ', '北海道', '札幌市南区', '南沢六条'),
(0050030, 'ﾎｯｶｲﾄﾞｳ', 'ｻｯﾎﾟﾛｼﾐﾅﾐｸ', 'ﾐﾅﾐ30ｼﾞｮｳﾆｼ(8ﾁｮｳﾒ)', '北海道', '札幌市南区', '南三十条西（８丁目）'),
(0050031, 'ﾎｯｶｲﾄﾞｳ', 'ｻｯﾎﾟﾛｼﾐﾅﾐｸ', 'ﾐﾅﾐ31ｼﾞｮｳﾆｼ', '北海道', '札幌市南区', '南三十一条西'),
(0050032, 'ﾎｯｶｲﾄﾞｳ', 'ｻｯﾎﾟﾛｼﾐﾅﾐｸ', 'ﾐﾅﾐ32ｼﾞｮｳﾆｼ', '北海道', '札幌市南区', '南三十二条西'),
(0050033, 'ﾎｯｶｲﾄﾞｳ', 'ｻｯﾎﾟﾛｼﾐﾅﾐｸ', 'ﾐﾅﾐ33ｼﾞｮｳﾆｼ', '北海道', '札幌市南区', '南三十三条西'),
(0050034, 'ﾎｯｶｲﾄﾞｳ', 'ｻｯﾎﾟﾛｼﾐﾅﾐｸ', 'ﾐﾅﾐ34ｼﾞｮｳﾆｼ', '北海道', '札幌市南区', '南三十四条西'),
(0050035, 'ﾎｯｶｲﾄﾞｳ', 'ｻｯﾎﾟﾛｼﾐﾅﾐｸ', 'ﾐﾅﾐ35ｼﾞｮｳﾆｼ', '北海道', '札幌市南区', '南三十五条西'),
(0050036, 'ﾎｯｶｲﾄﾞｳ', 'ｻｯﾎﾟﾛｼﾐﾅﾐｸ', 'ﾐﾅﾐ36ｼﾞｮｳﾆｼ', '北海道', '札幌市南区', '南三十六条西'),
(0050037, 'ﾎｯｶｲﾄﾞｳ', 'ｻｯﾎﾟﾛｼﾐﾅﾐｸ', 'ﾐﾅﾐ37ｼﾞｮｳﾆｼ', '北海道', '札幌市南区', '南三十七条西'),
(0050038, 'ﾎｯｶｲﾄﾞｳ', 'ｻｯﾎﾟﾛｼﾐﾅﾐｸ', 'ﾐﾅﾐ38ｼﾞｮｳﾆｼ', '北海道', '札幌市南区', '南三十八条西'),
(0050039, 'ﾎｯｶｲﾄﾞｳ', 'ｻｯﾎﾟﾛｼﾐﾅﾐｸ', 'ﾐﾅﾐ39ｼﾞｮｳﾆｼ', '北海道', '札幌市南区', '南三十九条西'),
(0050040, 'ﾎｯｶｲﾄﾞｳ', 'ｻｯﾎﾟﾛｼﾐﾅﾐｸ', 'ﾓｲﾜｼﾀ', '北海道', '札幌市南区', '藻岩下'),
(0050041, 'ﾎｯｶｲﾄﾞｳ', 'ｻｯﾎﾟﾛｼﾐﾅﾐｸ', 'ﾓｲﾜﾔﾏ', '北海道', '札幌市南区', '藻岩山'),
(0630000, 'ﾎｯｶｲﾄﾞｳ', 'ｻｯﾎﾟﾛｼﾆｼｸ', 'ｲｶﾆｹｲｻｲｶﾞﾅｲﾊﾞｱｲ', '北海道', '札幌市西区', '以下に掲載がない場合'),
(0630811, 'ﾎｯｶｲﾄﾞｳ', 'ｻｯﾎﾟﾛｼﾆｼｸ', 'ｺﾄﾆ1ｼﾞｮｳ', '北海道', '札幌市西区', '琴似一条'),
(0630812, 'ﾎｯｶｲﾄﾞｳ', 'ｻｯﾎﾟﾛｼﾆｼｸ', 'ｺﾄﾆ2ｼﾞｮｳ', '北海道', '札幌市西区', '琴似二条'),
(0630813, 'ﾎｯｶｲﾄﾞｳ', 'ｻｯﾎﾟﾛｼﾆｼｸ', 'ｺﾄﾆ3ｼﾞｮｳ', '北海道', '札幌市西区', '琴似三条'),
(0630814, 'ﾎｯｶｲﾄﾞｳ', 'ｻｯﾎﾟﾛｼﾆｼｸ', 'ｺﾄﾆ4ｼﾞｮｳ', '北海道', '札幌市西区', '琴似四条'),
(0630011, 'ﾎｯｶｲﾄﾞｳ', 'ｻｯﾎﾟﾛｼﾆｼｸ', 'ｺﾍﾞﾂｻﾞﾜ', '北海道', '札幌市西区', '小別沢'),
(0630049, 'ﾎｯｶｲﾄﾞｳ', 'ｻｯﾎﾟﾛｼﾆｼｸ', 'ﾆｼﾉ', '北海道', '札幌市西区', '西野'),
(0630031, 'ﾎｯｶｲﾄﾞｳ', 'ｻｯﾎﾟﾛｼﾆｼｸ', 'ﾆｼﾉ1ｼﾞｮｳ', '北海道', '札幌市西区', '西野一条'),
(0630032, 'ﾎｯｶｲﾄﾞｳ', 'ｻｯﾎﾟﾛｼﾆｼｸ', 'ﾆｼﾉ2ｼﾞｮｳ', '北海道', '札幌市西区', '西野二条'),
(0630033, 'ﾎｯｶｲﾄﾞｳ', 'ｻｯﾎﾟﾛｼﾆｼｸ', 'ﾆｼﾉ3ｼﾞｮｳ', '北海道', '札幌市西区', '西野三条'),
(0630034, 'ﾎｯｶｲﾄﾞｳ', 'ｻｯﾎﾟﾛｼﾆｼｸ', 'ﾆｼﾉ4ｼﾞｮｳ', '北海道', '札幌市西区', '西野四条'),
(0630035, 'ﾎｯｶｲﾄﾞｳ', 'ｻｯﾎﾟﾛｼﾆｼｸ', 'ﾆｼﾉ5ｼﾞｮｳ', '北海道', '札幌市西区', '西野五条'),
(0630036, 'ﾎｯｶｲﾄﾞｳ', 'ｻｯﾎﾟﾛｼﾆｼｸ', 'ﾆｼﾉ6ｼﾞｮｳ', '北海道', '札幌市西区', '西野六条'),
(0630037, 'ﾎｯｶｲﾄﾞｳ', 'ｻｯﾎﾟﾛｼﾆｼｸ', 'ﾆｼﾉ7ｼﾞｮｳ', '北海道', '札幌市西区', '西野七条'),
(0630038, 'ﾎｯｶｲﾄﾞｳ', 'ｻｯﾎﾟﾛｼﾆｼｸ', 'ﾆｼﾉ8ｼﾞｮｳ', '北海道', '札幌市西区', '西野八条'),
(0630039, 'ﾎｯｶｲﾄﾞｳ', 'ｻｯﾎﾟﾛｼﾆｼｸ', 'ﾆｼﾉ9ｼﾞｮｳ', '北海道', '札幌市西区', '西野九条'),
(0630040, 'ﾎｯｶｲﾄﾞｳ', 'ｻｯﾎﾟﾛｼﾆｼｸ', 'ﾆｼﾉ10ｼﾞｮｳ', '北海道', '札幌市西区', '西野十条'),
(0630041, 'ﾎｯｶｲﾄﾞｳ', 'ｻｯﾎﾟﾛｼﾆｼｸ', 'ﾆｼﾉ11ｼﾞｮｳ', '北海道', '札幌市西区', '西野十一条'),
(0630042, 'ﾎｯｶｲﾄﾞｳ', 'ｻｯﾎﾟﾛｼﾆｼｸ', 'ﾆｼﾉ12ｼﾞｮｳ', '北海道', '札幌市西区', '西野十二条'),
(0630043, 'ﾎｯｶｲﾄﾞｳ', 'ｻｯﾎﾟﾛｼﾆｼｸ', 'ﾆｼﾉ13ｼﾞｮｳ', '北海道', '札幌市西区', '西野十三条'),
(0630044, 'ﾎｯｶｲﾄﾞｳ', 'ｻｯﾎﾟﾛｼﾆｼｸ', 'ﾆｼﾉ14ｼﾞｮｳ', '北海道', '札幌市西区', '西野十四条'),
(0630062, 'ﾎｯｶｲﾄﾞｳ', 'ｻｯﾎﾟﾛｼﾆｼｸ', 'ﾆｼﾏﾁﾐﾅﾐ', '北海道', '札幌市西区', '西町南'),
(0630061, 'ﾎｯｶｲﾄﾞｳ', 'ｻｯﾎﾟﾛｼﾆｼｸ', 'ﾆｼﾏﾁｷﾀ', '北海道', '札幌市西区', '西町北'),
(0630801, 'ﾎｯｶｲﾄﾞｳ', 'ｻｯﾎﾟﾛｼﾆｼｸ', 'ﾆｼﾞｭｳﾖﾝｹﾝ1ｼﾞｮｳ', '北海道', '札幌市西区', '二十四軒一条'),
(0630802, 'ﾎｯｶｲﾄﾞｳ', 'ｻｯﾎﾟﾛｼﾆｼｸ', 'ﾆｼﾞｭｳﾖﾝｹﾝ2ｼﾞｮｳ', '北海道', '札幌市西区', '二十四軒二条'),
(0630803, 'ﾎｯｶｲﾄﾞｳ', 'ｻｯﾎﾟﾛｼﾆｼｸ', 'ﾆｼﾞｭｳﾖﾝｹﾝ3ｼﾞｮｳ', '北海道', '札幌市西区', '二十四軒三条'),
(0630804, 'ﾎｯｶｲﾄﾞｳ', 'ｻｯﾎﾟﾛｼﾆｼｸ', 'ﾆｼﾞｭｳﾖﾝｹﾝ4ｼﾞｮｳ', '北海道', '札幌市西区', '二十四軒四条'),
(0630861, 'ﾎｯｶｲﾄﾞｳ', 'ｻｯﾎﾟﾛｼﾆｼｸ', 'ﾊﾁｹﾝ1ｼﾞｮｳﾋｶﾞｼ', '北海道', '札幌市西区', '八軒一条東'),
(0630841, 'ﾎｯｶｲﾄﾞｳ', 'ｻｯﾎﾟﾛｼﾆｼｸ', 'ﾊﾁｹﾝ1ｼﾞｮｳﾆｼ', '北海道', '札幌市西区', '八軒一条西'),
(0630862, 'ﾎｯｶｲﾄﾞｳ', 'ｻｯﾎﾟﾛｼﾆｼｸ', 'ﾊﾁｹﾝ2ｼﾞｮｳﾋｶﾞｼ', '北海道', '札幌市西区', '八軒二条東'),
(0630842, 'ﾎｯｶｲﾄﾞｳ', 'ｻｯﾎﾟﾛｼﾆｼｸ', 'ﾊﾁｹﾝ2ｼﾞｮｳﾆｼ', '北海道', '札幌市西区', '八軒二条西'),
(0630863, 'ﾎｯｶｲﾄﾞｳ', 'ｻｯﾎﾟﾛｼﾆｼｸ', 'ﾊﾁｹﾝ3ｼﾞｮｳﾋｶﾞｼ', '北海道', '札幌市西区', '八軒三条東'),
(0630843, 'ﾎｯｶｲﾄﾞｳ', 'ｻｯﾎﾟﾛｼﾆｼｸ', 'ﾊﾁｹﾝ3ｼﾞｮｳﾆｼ', '北海道', '札幌市西区', '八軒三条西'),
(0630864, 'ﾎｯｶｲﾄﾞｳ', 'ｻｯﾎﾟﾛｼﾆｼｸ', 'ﾊﾁｹﾝ4ｼﾞｮｳﾋｶﾞｼ', '北海道', '札幌市西区', '八軒四条東'),
(0630844, 'ﾎｯｶｲﾄﾞｳ', 'ｻｯﾎﾟﾛｼﾆｼｸ', 'ﾊﾁｹﾝ4ｼﾞｮｳﾆｼ', '北海道', '札幌市西区', '八軒四条西'),
(0630865, 'ﾎｯｶｲﾄﾞｳ', 'ｻｯﾎﾟﾛｼﾆｼｸ', 'ﾊﾁｹﾝ5ｼﾞｮｳﾋｶﾞｼ', '北海道', '札幌市西区', '八軒五条東'),
(0630845, 'ﾎｯｶｲﾄﾞｳ', 'ｻｯﾎﾟﾛｼﾆｼｸ', 'ﾊﾁｹﾝ5ｼﾞｮｳﾆｼ', '北海道', '札幌市西区', '八軒五条西'),
(0630866, 'ﾎｯｶｲﾄﾞｳ', 'ｻｯﾎﾟﾛｼﾆｼｸ', 'ﾊﾁｹﾝ6ｼﾞｮｳﾋｶﾞｼ', '北海道', '札幌市西区', '八軒六条東'),
(0630846, 'ﾎｯｶｲﾄﾞｳ', 'ｻｯﾎﾟﾛｼﾆｼｸ', 'ﾊﾁｹﾝ6ｼﾞｮｳﾆｼ', '北海道', '札幌市西区', '八軒六条西'),
(0630867, 'ﾎｯｶｲﾄﾞｳ', 'ｻｯﾎﾟﾛｼﾆｼｸ', 'ﾊﾁｹﾝ7ｼﾞｮｳﾋｶﾞｼ', '北海道', '札幌市西区', '八軒七条東'),
(0630847, 'ﾎｯｶｲﾄﾞｳ', 'ｻｯﾎﾟﾛｼﾆｼｸ', 'ﾊﾁｹﾝ7ｼﾞｮｳﾆｼ', '北海道', '札幌市西区', '八軒七条西'),
(0630868, 'ﾎｯｶｲﾄﾞｳ', 'ｻｯﾎﾟﾛｼﾆｼｸ', 'ﾊﾁｹﾝ8ｼﾞｮｳﾋｶﾞｼ', '北海道', '札幌市西区', '八軒八条東'),
(0630848, 'ﾎｯｶｲﾄﾞｳ', 'ｻｯﾎﾟﾛｼﾆｼｸ', 'ﾊﾁｹﾝ8ｼﾞｮｳﾆｼ', '北海道', '札幌市西区', '八軒八条西'),
(0630869, 'ﾎｯｶｲﾄﾞｳ', 'ｻｯﾎﾟﾛｼﾆｼｸ', 'ﾊﾁｹﾝ9ｼﾞｮｳﾋｶﾞｼ', '北海道', '札幌市西区', '八軒九条東'),
(0630849, 'ﾎｯｶｲﾄﾞｳ', 'ｻｯﾎﾟﾛｼﾆｼｸ', 'ﾊﾁｹﾝ9ｼﾞｮｳﾆｼ', '北海道', '札幌市西区', '八軒九条西'),
(0630870, 'ﾎｯｶｲﾄﾞｳ', 'ｻｯﾎﾟﾛｼﾆｼｸ', 'ﾊﾁｹﾝ10ｼﾞｮｳﾋｶﾞｼ', '北海道', '札幌市西区', '八軒十条東'),
(0630850, 'ﾎｯｶｲﾄﾞｳ', 'ｻｯﾎﾟﾛｼﾆｼｸ', 'ﾊﾁｹﾝ10ｼﾞｮｳﾆｼ', '北海道', '札幌市西区', '八軒十条西'),
(0630821, 'ﾎｯｶｲﾄﾞｳ', 'ｻｯﾎﾟﾛｼﾆｼｸ', 'ﾊｯｻﾑ1ｼﾞｮｳ', '北海道', '札幌市西区', '発寒一条'),
(0630822, 'ﾎｯｶｲﾄﾞｳ', 'ｻｯﾎﾟﾛｼﾆｼｸ', 'ﾊｯｻﾑ2ｼﾞｮｳ', '北海道', '札幌市西区', '発寒二条'),
(0630823, 'ﾎｯｶｲﾄﾞｳ', 'ｻｯﾎﾟﾛｼﾆｼｸ', 'ﾊｯｻﾑ3ｼﾞｮｳ', '北海道', '札幌市西区', '発寒三条'),
(0630824, 'ﾎｯｶｲﾄﾞｳ', 'ｻｯﾎﾟﾛｼﾆｼｸ', 'ﾊｯｻﾑ4ｼﾞｮｳ', '北海道', '札幌市西区', '発寒四条'),
(0630825, 'ﾎｯｶｲﾄﾞｳ', 'ｻｯﾎﾟﾛｼﾆｼｸ', 'ﾊｯｻﾑ5ｼﾞｮｳ', '北海道', '札幌市西区', '発寒五条'),
(0630826, 'ﾎｯｶｲﾄﾞｳ', 'ｻｯﾎﾟﾛｼﾆｼｸ', 'ﾊｯｻﾑ6ｼﾞｮｳ', '北海道', '札幌市西区', '発寒六条'),
(0630827, 'ﾎｯｶｲﾄﾞｳ', 'ｻｯﾎﾟﾛｼﾆｼｸ', 'ﾊｯｻﾑ7ｼﾞｮｳ', '北海道', '札幌市西区', '発寒七条'),
(0630828, 'ﾎｯｶｲﾄﾞｳ', 'ｻｯﾎﾟﾛｼﾆｼｸ', 'ﾊｯｻﾑ8ｼﾞｮｳ', '北海道', '札幌市西区', '発寒八条'),
(0630829, 'ﾎｯｶｲﾄﾞｳ', 'ｻｯﾎﾟﾛｼﾆｼｸ', 'ﾊｯｻﾑ9ｼﾞｮｳ', '北海道', '札幌市西区', '発寒九条'),
(0630830, 'ﾎｯｶｲﾄﾞｳ', 'ｻｯﾎﾟﾛｼﾆｼｸ', 'ﾊｯｻﾑ10ｼﾞｮｳ', '北海道', '札幌市西区', '発寒十条'),
(0630831, 'ﾎｯｶｲﾄﾞｳ', 'ｻｯﾎﾟﾛｼﾆｼｸ', 'ﾊｯｻﾑ11ｼﾞｮｳ', '北海道', '札幌市西区', '発寒十一条'),
(0630832, 'ﾎｯｶｲﾄﾞｳ', 'ｻｯﾎﾟﾛｼﾆｼｸ', 'ﾊｯｻﾑ12ｼﾞｮｳ', '北海道', '札幌市西区', '発寒十二条'),
(0630833, 'ﾎｯｶｲﾄﾞｳ', 'ｻｯﾎﾟﾛｼﾆｼｸ', 'ﾊｯｻﾑ13ｼﾞｮｳ', '北海道', '札幌市西区', '発寒十三条'),
(0630834, 'ﾎｯｶｲﾄﾞｳ', 'ｻｯﾎﾟﾛｼﾆｼｸ', 'ﾊｯｻﾑ14ｼﾞｮｳ', '北海道', '札幌市西区', '発寒十四条');
INSERT INTO `postcode_table` (`postcode`, `pref_kana`, `city_kana`, `town_area_kana`, `pref`, `city`, `town_area`) VALUES
(0630835, 'ﾎｯｶｲﾄﾞｳ', 'ｻｯﾎﾟﾛｼﾆｼｸ', 'ﾊｯｻﾑ15ｼﾞｮｳ', '北海道', '札幌市西区', '発寒十五条'),
(0630836, 'ﾎｯｶｲﾄﾞｳ', 'ｻｯﾎﾟﾛｼﾆｼｸ', 'ﾊｯｻﾑ16ｼﾞｮｳ', '北海道', '札幌市西区', '発寒十六条'),
(0630837, 'ﾎｯｶｲﾄﾞｳ', 'ｻｯﾎﾟﾛｼﾆｼｸ', 'ﾊｯｻﾑ17ｼﾞｮｳ', '北海道', '札幌市西区', '発寒十七条'),
(0630012, 'ﾎｯｶｲﾄﾞｳ', 'ｻｯﾎﾟﾛｼﾆｼｸ', 'ﾌｸｲ', '北海道', '札幌市西区', '福井'),
(0630029, 'ﾎｯｶｲﾄﾞｳ', 'ｻｯﾎﾟﾛｼﾆｼｸ', 'ﾍｲﾜ', '北海道', '札幌市西区', '平和'),
(0630021, 'ﾎｯｶｲﾄﾞｳ', 'ｻｯﾎﾟﾛｼﾆｼｸ', 'ﾍｲﾜ1ｼﾞｮｳ', '北海道', '札幌市西区', '平和一条'),
(0630022, 'ﾎｯｶｲﾄﾞｳ', 'ｻｯﾎﾟﾛｼﾆｼｸ', 'ﾍｲﾜ2ｼﾞｮｳ', '北海道', '札幌市西区', '平和二条'),
(0630023, 'ﾎｯｶｲﾄﾞｳ', 'ｻｯﾎﾟﾛｼﾆｼｸ', 'ﾍｲﾜ3ｼﾞｮｳ', '北海道', '札幌市西区', '平和三条'),
(0630059, 'ﾎｯｶｲﾄﾞｳ', 'ｻｯﾎﾟﾛｼﾆｼｸ', 'ﾐﾔﾉｻﾜ', '北海道', '札幌市西区', '宮の沢'),
(0630051, 'ﾎｯｶｲﾄﾞｳ', 'ｻｯﾎﾟﾛｼﾆｼｸ', 'ﾐﾔﾉｻﾜ1ｼﾞｮｳ', '北海道', '札幌市西区', '宮の沢一条'),
(0630052, 'ﾎｯｶｲﾄﾞｳ', 'ｻｯﾎﾟﾛｼﾆｼｸ', 'ﾐﾔﾉｻﾜ2ｼﾞｮｳ', '北海道', '札幌市西区', '宮の沢二条'),
(0630053, 'ﾎｯｶｲﾄﾞｳ', 'ｻｯﾎﾟﾛｼﾆｼｸ', 'ﾐﾔﾉｻﾜ3ｼﾞｮｳ', '北海道', '札幌市西区', '宮の沢三条'),
(0630054, 'ﾎｯｶｲﾄﾞｳ', 'ｻｯﾎﾟﾛｼﾆｼｸ', 'ﾐﾔﾉｻﾜ4ｼﾞｮｳ', '北海道', '札幌市西区', '宮の沢四条'),
(0630009, 'ﾎｯｶｲﾄﾞｳ', 'ｻｯﾎﾟﾛｼﾆｼｸ', 'ﾔﾏﾉﾃ', '北海道', '札幌市西区', '山の手'),
(0630001, 'ﾎｯｶｲﾄﾞｳ', 'ｻｯﾎﾟﾛｼﾆｼｸ', 'ﾔﾏﾉﾃ1ｼﾞｮｳ', '北海道', '札幌市西区', '山の手一条'),
(0630002, 'ﾎｯｶｲﾄﾞｳ', 'ｻｯﾎﾟﾛｼﾆｼｸ', 'ﾔﾏﾉﾃ2ｼﾞｮｳ', '北海道', '札幌市西区', '山の手二条'),
(0630003, 'ﾎｯｶｲﾄﾞｳ', 'ｻｯﾎﾟﾛｼﾆｼｸ', 'ﾔﾏﾉﾃ3ｼﾞｮｳ', '北海道', '札幌市西区', '山の手三条'),
(0630004, 'ﾎｯｶｲﾄﾞｳ', 'ｻｯﾎﾟﾛｼﾆｼｸ', 'ﾔﾏﾉﾃ4ｼﾞｮｳ', '北海道', '札幌市西区', '山の手四条'),
(0630005, 'ﾎｯｶｲﾄﾞｳ', 'ｻｯﾎﾟﾛｼﾆｼｸ', 'ﾔﾏﾉﾃ5ｼﾞｮｳ', '北海道', '札幌市西区', '山の手五条'),
(0630006, 'ﾎｯｶｲﾄﾞｳ', 'ｻｯﾎﾟﾛｼﾆｼｸ', 'ﾔﾏﾉﾃ6ｼﾞｮｳ', '北海道', '札幌市西区', '山の手六条'),
(0630007, 'ﾎｯｶｲﾄﾞｳ', 'ｻｯﾎﾟﾛｼﾆｼｸ', 'ﾔﾏﾉﾃ7ｼﾞｮｳ', '北海道', '札幌市西区', '山の手七条'),
(0040000, 'ﾎｯｶｲﾄﾞｳ', 'ｻｯﾎﾟﾛｼｱﾂﾍﾞﾂｸ', 'ｲｶﾆｹｲｻｲｶﾞﾅｲﾊﾞｱｲ', '北海道', '札幌市厚別区', '以下に掲載がない場合'),
(0040021, 'ﾎｯｶｲﾄﾞｳ', 'ｻｯﾎﾟﾛｼｱﾂﾍﾞﾂｸ', 'ｱｵﾊﾞﾁｮｳ', '北海道', '札幌市厚別区', '青葉町'),
(0040071, 'ﾎｯｶｲﾄﾞｳ', 'ｻｯﾎﾟﾛｼｱﾂﾍﾞﾂｸ', 'ｱﾂﾍﾞﾂｷﾀ1ｼﾞｮｳ', '北海道', '札幌市厚別区', '厚別北一条'),
(0040072, 'ﾎｯｶｲﾄﾞｳ', 'ｻｯﾎﾟﾛｼｱﾂﾍﾞﾂｸ', 'ｱﾂﾍﾞﾂｷﾀ2ｼﾞｮｳ', '北海道', '札幌市厚別区', '厚別北二条'),
(0040073, 'ﾎｯｶｲﾄﾞｳ', 'ｻｯﾎﾟﾛｼｱﾂﾍﾞﾂｸ', 'ｱﾂﾍﾞﾂｷﾀ3ｼﾞｮｳ', '北海道', '札幌市厚別区', '厚別北三条'),
(0040074, 'ﾎｯｶｲﾄﾞｳ', 'ｻｯﾎﾟﾛｼｱﾂﾍﾞﾂｸ', 'ｱﾂﾍﾞﾂｷﾀ4ｼﾞｮｳ', '北海道', '札幌市厚別区', '厚別北四条'),
(0040075, 'ﾎｯｶｲﾄﾞｳ', 'ｻｯﾎﾟﾛｼｱﾂﾍﾞﾂｸ', 'ｱﾂﾍﾞﾂｷﾀ5ｼﾞｮｳ', '北海道', '札幌市厚別区', '厚別北五条'),
(0040076, 'ﾎｯｶｲﾄﾞｳ', 'ｻｯﾎﾟﾛｼｱﾂﾍﾞﾂｸ', 'ｱﾂﾍﾞﾂｷﾀ6ｼﾞｮｳ', '北海道', '札幌市厚別区', '厚別北六条'),
(0040051, 'ﾎｯｶｲﾄﾞｳ', 'ｻｯﾎﾟﾛｼｱﾂﾍﾞﾂｸ', 'ｱﾂﾍﾞﾂﾁｭｳｵｳ1ｼﾞｮｳ', '北海道', '札幌市厚別区', '厚別中央一条'),
(0040052, 'ﾎｯｶｲﾄﾞｳ', 'ｻｯﾎﾟﾛｼｱﾂﾍﾞﾂｸ', 'ｱﾂﾍﾞﾂﾁｭｳｵｳ2ｼﾞｮｳ', '北海道', '札幌市厚別区', '厚別中央二条'),
(0040053, 'ﾎｯｶｲﾄﾞｳ', 'ｻｯﾎﾟﾛｼｱﾂﾍﾞﾂｸ', 'ｱﾂﾍﾞﾂﾁｭｳｵｳ3ｼﾞｮｳ', '北海道', '札幌市厚別区', '厚別中央三条'),
(0040054, 'ﾎｯｶｲﾄﾞｳ', 'ｻｯﾎﾟﾛｼｱﾂﾍﾞﾂｸ', 'ｱﾂﾍﾞﾂﾁｭｳｵｳ4ｼﾞｮｳ', '北海道', '札幌市厚別区', '厚別中央四条'),
(0040055, 'ﾎｯｶｲﾄﾞｳ', 'ｻｯﾎﾟﾛｼｱﾂﾍﾞﾂｸ', 'ｱﾂﾍﾞﾂﾁｭｳｵｳ5ｼﾞｮｳ', '北海道', '札幌市厚別区', '厚別中央五条'),
(0040039, 'ﾎｯｶｲﾄﾞｳ', 'ｻｯﾎﾟﾛｼｱﾂﾍﾞﾂｸ', 'ｱﾂﾍﾞﾂﾁｮｳｶﾐﾉｯﾎﾟﾛ', '北海道', '札幌市厚別区', '厚別町上野幌'),
(0040007, 'ﾎｯｶｲﾄﾞｳ', 'ｻｯﾎﾟﾛｼｱﾂﾍﾞﾂｸ', 'ｱﾂﾍﾞﾂﾁｮｳｼﾓﾉｯﾎﾟﾛ', '北海道', '札幌市厚別区', '厚別町下野幌'),
(0040006, 'ﾎｯｶｲﾄﾞｳ', 'ｻｯﾎﾟﾛｼｱﾂﾍﾞﾂｸ', 'ｱﾂﾍﾞﾂﾁｮｳｺﾉｯﾎﾟﾛ', '北海道', '札幌市厚別区', '厚別町小野幌'),
(0040069, 'ﾎｯｶｲﾄﾞｳ', 'ｻｯﾎﾟﾛｼｱﾂﾍﾞﾂｸ', 'ｱﾂﾍﾞﾂﾁｮｳﾔﾏﾓﾄ', '北海道', '札幌市厚別区', '厚別町山本'),
(0040068, 'ﾎｯｶｲﾄﾞｳ', 'ｻｯﾎﾟﾛｼｱﾂﾍﾞﾂｸ', 'ｱﾂﾍﾞﾂﾆｼ', '北海道', '札幌市厚別区', '厚別西'),
(0040061, 'ﾎｯｶｲﾄﾞｳ', 'ｻｯﾎﾟﾛｼｱﾂﾍﾞﾂｸ', 'ｱﾂﾍﾞﾂﾆｼ1ｼﾞｮｳ', '北海道', '札幌市厚別区', '厚別西一条'),
(0040062, 'ﾎｯｶｲﾄﾞｳ', 'ｻｯﾎﾟﾛｼｱﾂﾍﾞﾂｸ', 'ｱﾂﾍﾞﾂﾆｼ2ｼﾞｮｳ', '北海道', '札幌市厚別区', '厚別西二条'),
(0040063, 'ﾎｯｶｲﾄﾞｳ', 'ｻｯﾎﾟﾛｼｱﾂﾍﾞﾂｸ', 'ｱﾂﾍﾞﾂﾆｼ3ｼﾞｮｳ', '北海道', '札幌市厚別区', '厚別西三条'),
(0040064, 'ﾎｯｶｲﾄﾞｳ', 'ｻｯﾎﾟﾛｼｱﾂﾍﾞﾂｸ', 'ｱﾂﾍﾞﾂﾆｼ4ｼﾞｮｳ', '北海道', '札幌市厚別区', '厚別西四条'),
(0040065, 'ﾎｯｶｲﾄﾞｳ', 'ｻｯﾎﾟﾛｼｱﾂﾍﾞﾂｸ', 'ｱﾂﾍﾞﾂﾆｼ5ｼﾞｮｳ', '北海道', '札幌市厚別区', '厚別西五条'),
(0040001, 'ﾎｯｶｲﾄﾞｳ', 'ｻｯﾎﾟﾛｼｱﾂﾍﾞﾂｸ', 'ｱﾂﾍﾞﾂﾋｶﾞｼ1ｼﾞｮｳ', '北海道', '札幌市厚別区', '厚別東一条'),
(0040002, 'ﾎｯｶｲﾄﾞｳ', 'ｻｯﾎﾟﾛｼｱﾂﾍﾞﾂｸ', 'ｱﾂﾍﾞﾂﾋｶﾞｼ2ｼﾞｮｳ', '北海道', '札幌市厚別区', '厚別東二条'),
(0040003, 'ﾎｯｶｲﾄﾞｳ', 'ｻｯﾎﾟﾛｼｱﾂﾍﾞﾂｸ', 'ｱﾂﾍﾞﾂﾋｶﾞｼ3ｼﾞｮｳ', '北海道', '札幌市厚別区', '厚別東三条'),
(0040004, 'ﾎｯｶｲﾄﾞｳ', 'ｻｯﾎﾟﾛｼｱﾂﾍﾞﾂｸ', 'ｱﾂﾍﾞﾂﾋｶﾞｼ4ｼﾞｮｳ', '北海道', '札幌市厚別区', '厚別東四条'),
(0040005, 'ﾎｯｶｲﾄﾞｳ', 'ｻｯﾎﾟﾛｼｱﾂﾍﾞﾂｸ', 'ｱﾂﾍﾞﾂﾋｶﾞｼ5ｼﾞｮｳ', '北海道', '札幌市厚別区', '厚別東五条'),
(0040022, 'ﾎｯｶｲﾄﾞｳ', 'ｻｯﾎﾟﾛｼｱﾂﾍﾞﾂｸ', 'ｱﾂﾍﾞﾂﾐﾅﾐ', '北海道', '札幌市厚別区', '厚別南'),
(0040041, 'ﾎｯｶｲﾄﾞｳ', 'ｻｯﾎﾟﾛｼｱﾂﾍﾞﾂｸ', 'ｵｵﾔﾁﾋｶﾞｼ', '北海道', '札幌市厚別区', '大谷地東'),
(0040042, 'ﾎｯｶｲﾄﾞｳ', 'ｻｯﾎﾟﾛｼｱﾂﾍﾞﾂｸ', 'ｵｵﾔﾁﾆｼ', '北海道', '札幌市厚別区', '大谷地西'),
(0040031, 'ﾎｯｶｲﾄﾞｳ', 'ｻｯﾎﾟﾛｼｱﾂﾍﾞﾂｸ', 'ｶﾐﾉｯﾎﾟﾛ1ｼﾞｮｳ', '北海道', '札幌市厚別区', '上野幌一条'),
(0040032, 'ﾎｯｶｲﾄﾞｳ', 'ｻｯﾎﾟﾛｼｱﾂﾍﾞﾂｸ', 'ｶﾐﾉｯﾎﾟﾛ2ｼﾞｮｳ', '北海道', '札幌市厚別区', '上野幌二条'),
(0040033, 'ﾎｯｶｲﾄﾞｳ', 'ｻｯﾎﾟﾛｼｱﾂﾍﾞﾂｸ', 'ｶﾐﾉｯﾎﾟﾛ3ｼﾞｮｳ', '北海道', '札幌市厚別区', '上野幌三条'),
(0040015, 'ﾎｯｶｲﾄﾞｳ', 'ｻｯﾎﾟﾛｼｱﾂﾍﾞﾂｸ', 'ｼﾓﾉｯﾎﾟﾛﾃｸﾉﾊﾟｰｸ', '北海道', '札幌市厚別区', '下野幌テクノパーク'),
(0040011, 'ﾎｯｶｲﾄﾞｳ', 'ｻｯﾎﾟﾛｼｱﾂﾍﾞﾂｸ', 'ﾓﾐｼﾞﾀﾞｲﾋｶﾞｼ', '北海道', '札幌市厚別区', 'もみじ台東'),
(0040013, 'ﾎｯｶｲﾄﾞｳ', 'ｻｯﾎﾟﾛｼｱﾂﾍﾞﾂｸ', 'ﾓﾐｼﾞﾀﾞｲﾆｼ', '北海道', '札幌市厚別区', 'もみじ台西'),
(0040012, 'ﾎｯｶｲﾄﾞｳ', 'ｻｯﾎﾟﾛｼｱﾂﾍﾞﾂｸ', 'ﾓﾐｼﾞﾀﾞｲﾐﾅﾐ', '北海道', '札幌市厚別区', 'もみじ台南'),
(0040014, 'ﾎｯｶｲﾄﾞｳ', 'ｻｯﾎﾟﾛｼｱﾂﾍﾞﾂｸ', 'ﾓﾐｼﾞﾀﾞｲｷﾀ', '北海道', '札幌市厚別区', 'もみじ台北'),
(0060000, 'ﾎｯｶｲﾄﾞｳ', 'ｻｯﾎﾟﾛｼﾃｲﾈｸ', 'ｲｶﾆｹｲｻｲｶﾞﾅｲﾊﾞｱｲ', '北海道', '札幌市手稲区', '以下に掲載がない場合'),
(0060831, 'ﾎｯｶｲﾄﾞｳ', 'ｻｯﾎﾟﾛｼﾃｲﾈｸ', 'ｱｹﾎﾞﾉ1ｼﾞｮｳ', '北海道', '札幌市手稲区', '曙一条'),
(0060832, 'ﾎｯｶｲﾄﾞｳ', 'ｻｯﾎﾟﾛｼﾃｲﾈｸ', 'ｱｹﾎﾞﾉ2ｼﾞｮｳ', '北海道', '札幌市手稲区', '曙二条'),
(0060833, 'ﾎｯｶｲﾄﾞｳ', 'ｻｯﾎﾟﾛｼﾃｲﾈｸ', 'ｱｹﾎﾞﾉ3ｼﾞｮｳ', '北海道', '札幌市手稲区', '曙三条'),
(0060834, 'ﾎｯｶｲﾄﾞｳ', 'ｻｯﾎﾟﾛｼﾃｲﾈｸ', 'ｱｹﾎﾞﾉ4ｼﾞｮｳ', '北海道', '札幌市手稲区', '曙四条'),
(0060835, 'ﾎｯｶｲﾄﾞｳ', 'ｻｯﾎﾟﾛｼﾃｲﾈｸ', 'ｱｹﾎﾞﾉ5ｼﾞｮｳ', '北海道', '札幌市手稲区', '曙五条'),
(0060836, 'ﾎｯｶｲﾄﾞｳ', 'ｻｯﾎﾟﾛｼﾃｲﾈｸ', 'ｱｹﾎﾞﾉ6ｼﾞｮｳ', '北海道', '札幌市手稲区', '曙六条'),
(0060837, 'ﾎｯｶｲﾄﾞｳ', 'ｻｯﾎﾟﾛｼﾃｲﾈｸ', 'ｱｹﾎﾞﾉ7ｼﾞｮｳ', '北海道', '札幌市手稲区', '曙七条'),
(0060838, 'ﾎｯｶｲﾄﾞｳ', 'ｻｯﾎﾟﾛｼﾃｲﾈｸ', 'ｱｹﾎﾞﾉ8ｼﾞｮｳ', '北海道', '札幌市手稲区', '曙八条'),
(0060839, 'ﾎｯｶｲﾄﾞｳ', 'ｻｯﾎﾟﾛｼﾃｲﾈｸ', 'ｱｹﾎﾞﾉ9ｼﾞｮｳ', '北海道', '札幌市手稲区', '曙九条'),
(0060840, 'ﾎｯｶｲﾄﾞｳ', 'ｻｯﾎﾟﾛｼﾃｲﾈｸ', 'ｱｹﾎﾞﾉ10ｼﾞｮｳ', '北海道', '札幌市手稲区', '曙十条'),
(0060841, 'ﾎｯｶｲﾄﾞｳ', 'ｻｯﾎﾟﾛｼﾃｲﾈｸ', 'ｱｹﾎﾞﾉ11ｼﾞｮｳ', '北海道', '札幌市手稲区', '曙十一条'),
(0060842, 'ﾎｯｶｲﾄﾞｳ', 'ｻｯﾎﾟﾛｼﾃｲﾈｸ', 'ｱｹﾎﾞﾉ12ｼﾞｮｳ', '北海道', '札幌市手稲区', '曙十二条'),
(0060861, 'ﾎｯｶｲﾄﾞｳ', 'ｻｯﾎﾟﾛｼﾃｲﾈｸ', 'ｱｽｶｾﾞ', '北海道', '札幌市手稲区', '明日風'),
(0060031, 'ﾎｯｶｲﾄﾞｳ', 'ｻｯﾎﾟﾛｼﾃｲﾈｸ', 'ｲﾅﾎ1ｼﾞｮｳ', '北海道', '札幌市手稲区', '稲穂一条'),
(0060032, 'ﾎｯｶｲﾄﾞｳ', 'ｻｯﾎﾟﾛｼﾃｲﾈｸ', 'ｲﾅﾎ2ｼﾞｮｳ', '北海道', '札幌市手稲区', '稲穂二条'),
(0060033, 'ﾎｯｶｲﾄﾞｳ', 'ｻｯﾎﾟﾛｼﾃｲﾈｸ', 'ｲﾅﾎ3ｼﾞｮｳ', '北海道', '札幌市手稲区', '稲穂三条'),
(0060034, 'ﾎｯｶｲﾄﾞｳ', 'ｻｯﾎﾟﾛｼﾃｲﾈｸ', 'ｲﾅﾎ4ｼﾞｮｳ', '北海道', '札幌市手稲区', '稲穂四条'),
(0060035, 'ﾎｯｶｲﾄﾞｳ', 'ｻｯﾎﾟﾛｼﾃｲﾈｸ', 'ｲﾅﾎ5ｼﾞｮｳ', '北海道', '札幌市手稲区', '稲穂五条'),
(0060041, 'ﾎｯｶｲﾄﾞｳ', 'ｻｯﾎﾟﾛｼﾃｲﾈｸ', 'ｶﾅﾔﾏ1ｼﾞｮｳ', '北海道', '札幌市手稲区', '金山一条'),
(0060042, 'ﾎｯｶｲﾄﾞｳ', 'ｻｯﾎﾟﾛｼﾃｲﾈｸ', 'ｶﾅﾔﾏ2ｼﾞｮｳ', '北海道', '札幌市手稲区', '金山二条'),
(0060043, 'ﾎｯｶｲﾄﾞｳ', 'ｻｯﾎﾟﾛｼﾃｲﾈｸ', 'ｶﾅﾔﾏ3ｼﾞｮｳ', '北海道', '札幌市手稲区', '金山三条'),
(0060801, 'ﾎｯｶｲﾄﾞｳ', 'ｻｯﾎﾟﾛｼﾃｲﾈｸ', 'ｼﾝﾊｯｻﾑ1ｼﾞｮｳ', '北海道', '札幌市手稲区', '新発寒一条'),
(0060802, 'ﾎｯｶｲﾄﾞｳ', 'ｻｯﾎﾟﾛｼﾃｲﾈｸ', 'ｼﾝﾊｯｻﾑ2ｼﾞｮｳ', '北海道', '札幌市手稲区', '新発寒二条'),
(0060803, 'ﾎｯｶｲﾄﾞｳ', 'ｻｯﾎﾟﾛｼﾃｲﾈｸ', 'ｼﾝﾊｯｻﾑ3ｼﾞｮｳ', '北海道', '札幌市手稲区', '新発寒三条'),
(0060804, 'ﾎｯｶｲﾄﾞｳ', 'ｻｯﾎﾟﾛｼﾃｲﾈｸ', 'ｼﾝﾊｯｻﾑ4ｼﾞｮｳ', '北海道', '札幌市手稲区', '新発寒四条'),
(0060805, 'ﾎｯｶｲﾄﾞｳ', 'ｻｯﾎﾟﾛｼﾃｲﾈｸ', 'ｼﾝﾊｯｻﾑ5ｼﾞｮｳ', '北海道', '札幌市手稲区', '新発寒五条'),
(0060806, 'ﾎｯｶｲﾄﾞｳ', 'ｻｯﾎﾟﾛｼﾃｲﾈｸ', 'ｼﾝﾊｯｻﾑ6ｼﾞｮｳ', '北海道', '札幌市手稲区', '新発寒六条'),
(0060807, 'ﾎｯｶｲﾄﾞｳ', 'ｻｯﾎﾟﾛｼﾃｲﾈｸ', 'ｼﾝﾊｯｻﾑ7ｼﾞｮｳ', '北海道', '札幌市手稲区', '新発寒七条'),
(0060039, 'ﾎｯｶｲﾄﾞｳ', 'ｻｯﾎﾟﾛｼﾃｲﾈｸ', 'ﾃｲﾈｲﾅﾎ', '北海道', '札幌市手稲区', '手稲稲穂'),
(0060049, 'ﾎｯｶｲﾄﾞｳ', 'ｻｯﾎﾟﾛｼﾃｲﾈｸ', 'ﾃｲﾈｶﾅﾔﾏ', '北海道', '札幌市手稲区', '手稲金山'),
(0060019, 'ﾎｯｶｲﾄﾞｳ', 'ｻｯﾎﾟﾛｼﾃｲﾈｸ', 'ﾃｲﾈﾄﾐｵｶ', '北海道', '札幌市手稲区', '手稲富丘'),
(0060859, 'ﾎｯｶｲﾄﾞｳ', 'ｻｯﾎﾟﾛｼﾃｲﾈｸ', 'ﾃｲﾈﾎｼｵｷ', '北海道', '札幌市手稲区', '手稲星置'),
(0060829, 'ﾎｯｶｲﾄﾞｳ', 'ｻｯﾎﾟﾛｼﾃｲﾈｸ', 'ﾃｲﾈﾏｴﾀﾞ', '北海道', '札幌市手稲区', '手稲前田'),
(0060860, 'ﾎｯｶｲﾄﾞｳ', 'ｻｯﾎﾟﾛｼﾃｲﾈｸ', 'ﾃｲﾈﾔﾏｸﾞﾁ', '北海道', '札幌市手稲区', '手稲山口'),
(0060029, 'ﾎｯｶｲﾄﾞｳ', 'ｻｯﾎﾟﾛｼﾃｲﾈｸ', 'ﾃｲﾈﾎﾝﾁｮｳ', '北海道', '札幌市手稲区', '手稲本町'),
(0060021, 'ﾎｯｶｲﾄﾞｳ', 'ｻｯﾎﾟﾛｼﾃｲﾈｸ', 'ﾃｲﾈﾎﾝﾁｮｳ1ｼﾞｮｳ', '北海道', '札幌市手稲区', '手稲本町一条'),
(0060022, 'ﾎｯｶｲﾄﾞｳ', 'ｻｯﾎﾟﾛｼﾃｲﾈｸ', 'ﾃｲﾈﾎﾝﾁｮｳ2ｼﾞｮｳ', '北海道', '札幌市手稲区', '手稲本町二条'),
(0060023, 'ﾎｯｶｲﾄﾞｳ', 'ｻｯﾎﾟﾛｼﾃｲﾈｸ', 'ﾃｲﾈﾎﾝﾁｮｳ3ｼﾞｮｳ', '北海道', '札幌市手稲区', '手稲本町三条'),
(0060024, 'ﾎｯｶｲﾄﾞｳ', 'ｻｯﾎﾟﾛｼﾃｲﾈｸ', 'ﾃｲﾈﾎﾝﾁｮｳ4ｼﾞｮｳ', '北海道', '札幌市手稲区', '手稲本町四条'),
(0060025, 'ﾎｯｶｲﾄﾞｳ', 'ｻｯﾎﾟﾛｼﾃｲﾈｸ', 'ﾃｲﾈﾎﾝﾁｮｳ5ｼﾞｮｳ', '北海道', '札幌市手稲区', '手稲本町五条'),
(0060026, 'ﾎｯｶｲﾄﾞｳ', 'ｻｯﾎﾟﾛｼﾃｲﾈｸ', 'ﾃｲﾈﾎﾝﾁｮｳ6ｼﾞｮｳ', '北海道', '札幌市手稲区', '手稲本町六条'),
(0060011, 'ﾎｯｶｲﾄﾞｳ', 'ｻｯﾎﾟﾛｼﾃｲﾈｸ', 'ﾄﾐｵｶ1ｼﾞｮｳ', '北海道', '札幌市手稲区', '富丘一条'),
(0060012, 'ﾎｯｶｲﾄﾞｳ', 'ｻｯﾎﾟﾛｼﾃｲﾈｸ', 'ﾄﾐｵｶ2ｼﾞｮｳ', '北海道', '札幌市手稲区', '富丘二条'),
(0060013, 'ﾎｯｶｲﾄﾞｳ', 'ｻｯﾎﾟﾛｼﾃｲﾈｸ', 'ﾄﾐｵｶ3ｼﾞｮｳ', '北海道', '札幌市手稲区', '富丘三条'),
(0060014, 'ﾎｯｶｲﾄﾞｳ', 'ｻｯﾎﾟﾛｼﾃｲﾈｸ', 'ﾄﾐｵｶ4ｼﾞｮｳ', '北海道', '札幌市手稲区', '富丘四条'),
(0060015, 'ﾎｯｶｲﾄﾞｳ', 'ｻｯﾎﾟﾛｼﾃｲﾈｸ', 'ﾄﾐｵｶ5ｼﾞｮｳ', '北海道', '札幌市手稲区', '富丘五条'),
(0060016, 'ﾎｯｶｲﾄﾞｳ', 'ｻｯﾎﾟﾛｼﾃｲﾈｸ', 'ﾄﾐｵｶ6ｼﾞｮｳ', '北海道', '札幌市手稲区', '富丘六条'),
(0060009, 'ﾎｯｶｲﾄﾞｳ', 'ｻｯﾎﾟﾛｼﾃｲﾈｸ', 'ﾆｼﾐﾔﾉｻﾜ', '北海道', '札幌市手稲区', '西宮の沢'),
(0060001, 'ﾎｯｶｲﾄﾞｳ', 'ｻｯﾎﾟﾛｼﾃｲﾈｸ', 'ﾆｼﾐﾔﾉｻﾜ1ｼﾞｮｳ', '北海道', '札幌市手稲区', '西宮の沢一条'),
(0060002, 'ﾎｯｶｲﾄﾞｳ', 'ｻｯﾎﾟﾛｼﾃｲﾈｸ', 'ﾆｼﾐﾔﾉｻﾜ2ｼﾞｮｳ', '北海道', '札幌市手稲区', '西宮の沢二条'),
(0060003, 'ﾎｯｶｲﾄﾞｳ', 'ｻｯﾎﾟﾛｼﾃｲﾈｸ', 'ﾆｼﾐﾔﾉｻﾜ3ｼﾞｮｳ', '北海道', '札幌市手稲区', '西宮の沢三条'),
(0060004, 'ﾎｯｶｲﾄﾞｳ', 'ｻｯﾎﾟﾛｼﾃｲﾈｸ', 'ﾆｼﾐﾔﾉｻﾜ4ｼﾞｮｳ', '北海道', '札幌市手稲区', '西宮の沢四条'),
(0060005, 'ﾎｯｶｲﾄﾞｳ', 'ｻｯﾎﾟﾛｼﾃｲﾈｸ', 'ﾆｼﾐﾔﾉｻﾜ5ｼﾞｮｳ', '北海道', '札幌市手稲区', '西宮の沢五条'),
(0060006, 'ﾎｯｶｲﾄﾞｳ', 'ｻｯﾎﾟﾛｼﾃｲﾈｸ', 'ﾆｼﾐﾔﾉｻﾜ6ｼﾞｮｳ', '北海道', '札幌市手稲区', '西宮の沢六条'),
(0060851, 'ﾎｯｶｲﾄﾞｳ', 'ｻｯﾎﾟﾛｼﾃｲﾈｸ', 'ﾎｼｵｷ1ｼﾞｮｳ', '北海道', '札幌市手稲区', '星置一条'),
(0060852, 'ﾎｯｶｲﾄﾞｳ', 'ｻｯﾎﾟﾛｼﾃｲﾈｸ', 'ﾎｼｵｷ2ｼﾞｮｳ', '北海道', '札幌市手稲区', '星置二条'),
(0060853, 'ﾎｯｶｲﾄﾞｳ', 'ｻｯﾎﾟﾛｼﾃｲﾈｸ', 'ﾎｼｵｷ3ｼﾞｮｳ', '北海道', '札幌市手稲区', '星置三条'),
(0060050, 'ﾎｯｶｲﾄﾞｳ', 'ｻｯﾎﾟﾛｼﾃｲﾈｸ', 'ﾎｼｵｷﾐﾅﾐ', '北海道', '札幌市手稲区', '星置南'),
(0060811, 'ﾎｯｶｲﾄﾞｳ', 'ｻｯﾎﾟﾛｼﾃｲﾈｸ', 'ﾏｴﾀﾞ1ｼﾞｮｳ', '北海道', '札幌市手稲区', '前田一条'),
(0060812, 'ﾎｯｶｲﾄﾞｳ', 'ｻｯﾎﾟﾛｼﾃｲﾈｸ', 'ﾏｴﾀﾞ2ｼﾞｮｳ', '北海道', '札幌市手稲区', '前田二条'),
(0060813, 'ﾎｯｶｲﾄﾞｳ', 'ｻｯﾎﾟﾛｼﾃｲﾈｸ', 'ﾏｴﾀﾞ3ｼﾞｮｳ', '北海道', '札幌市手稲区', '前田三条'),
(0060814, 'ﾎｯｶｲﾄﾞｳ', 'ｻｯﾎﾟﾛｼﾃｲﾈｸ', 'ﾏｴﾀﾞ4ｼﾞｮｳ', '北海道', '札幌市手稲区', '前田四条'),
(0060815, 'ﾎｯｶｲﾄﾞｳ', 'ｻｯﾎﾟﾛｼﾃｲﾈｸ', 'ﾏｴﾀﾞ5ｼﾞｮｳ', '北海道', '札幌市手稲区', '前田五条'),
(0060816, 'ﾎｯｶｲﾄﾞｳ', 'ｻｯﾎﾟﾛｼﾃｲﾈｸ', 'ﾏｴﾀﾞ6ｼﾞｮｳ', '北海道', '札幌市手稲区', '前田六条'),
(0060817, 'ﾎｯｶｲﾄﾞｳ', 'ｻｯﾎﾟﾛｼﾃｲﾈｸ', 'ﾏｴﾀﾞ7ｼﾞｮｳ', '北海道', '札幌市手稲区', '前田七条'),
(0060818, 'ﾎｯｶｲﾄﾞｳ', 'ｻｯﾎﾟﾛｼﾃｲﾈｸ', 'ﾏｴﾀﾞ8ｼﾞｮｳ', '北海道', '札幌市手稲区', '前田八条'),
(0060819, 'ﾎｯｶｲﾄﾞｳ', 'ｻｯﾎﾟﾛｼﾃｲﾈｸ', 'ﾏｴﾀﾞ9ｼﾞｮｳ', '北海道', '札幌市手稲区', '前田九条'),
(0060820, 'ﾎｯｶｲﾄﾞｳ', 'ｻｯﾎﾟﾛｼﾃｲﾈｸ', 'ﾏｴﾀﾞ10ｼﾞｮｳ', '北海道', '札幌市手稲区', '前田十条'),
(0060821, 'ﾎｯｶｲﾄﾞｳ', 'ｻｯﾎﾟﾛｼﾃｲﾈｸ', 'ﾏｴﾀﾞ11ｼﾞｮｳ', '北海道', '札幌市手稲区', '前田十一条'),
(0060822, 'ﾎｯｶｲﾄﾞｳ', 'ｻｯﾎﾟﾛｼﾃｲﾈｸ', 'ﾏｴﾀﾞ12ｼﾞｮｳ', '北海道', '札幌市手稲区', '前田十二条'),
(0060823, 'ﾎｯｶｲﾄﾞｳ', 'ｻｯﾎﾟﾛｼﾃｲﾈｸ', 'ﾏｴﾀﾞ13ｼﾞｮｳ', '北海道', '札幌市手稲区', '前田十三条'),
(0040000, 'ﾎｯｶｲﾄﾞｳ', 'ｻｯﾎﾟﾛｼｷﾖﾀｸ', 'ｲｶﾆｹｲｻｲｶﾞﾅｲﾊﾞｱｲ', '北海道', '札幌市清田区', '以下に掲載がない場合'),
(0040821, 'ﾎｯｶｲﾄﾞｳ', 'ｻｯﾎﾟﾛｼｷﾖﾀｸ', 'ｱﾘｱｹ', '北海道', '札幌市清田区', '有明'),
(0040811, 'ﾎｯｶｲﾄﾞｳ', 'ｻｯﾎﾟﾛｼｷﾖﾀｸ', 'ｳﾂｸｼｶﾞｵｶ1ｼﾞｮｳ', '北海道', '札幌市清田区', '美しが丘一条'),
(0040812, 'ﾎｯｶｲﾄﾞｳ', 'ｻｯﾎﾟﾛｼｷﾖﾀｸ', 'ｳﾂｸｼｶﾞｵｶ2ｼﾞｮｳ', '北海道', '札幌市清田区', '美しが丘二条'),
(0040813, 'ﾎｯｶｲﾄﾞｳ', 'ｻｯﾎﾟﾛｼｷﾖﾀｸ', 'ｳﾂｸｼｶﾞｵｶ3ｼﾞｮｳ', '北海道', '札幌市清田区', '美しが丘三条'),
(0040814, 'ﾎｯｶｲﾄﾞｳ', 'ｻｯﾎﾟﾛｼｷﾖﾀｸ', 'ｳﾂｸｼｶﾞｵｶ4ｼﾞｮｳ', '北海道', '札幌市清田区', '美しが丘四条'),
(0040815, 'ﾎｯｶｲﾄﾞｳ', 'ｻｯﾎﾟﾛｼｷﾖﾀｸ', 'ｳﾂｸｼｶﾞｵｶ5ｼﾞｮｳ', '北海道', '札幌市清田区', '美しが丘五条'),
(0040861, 'ﾎｯｶｲﾄﾞｳ', 'ｻｯﾎﾟﾛｼｷﾖﾀｸ', 'ｷﾀﾉ1ｼﾞｮｳ', '北海道', '札幌市清田区', '北野一条'),
(0040862, 'ﾎｯｶｲﾄﾞｳ', 'ｻｯﾎﾟﾛｼｷﾖﾀｸ', 'ｷﾀﾉ2ｼﾞｮｳ', '北海道', '札幌市清田区', '北野二条'),
(0040863, 'ﾎｯｶｲﾄﾞｳ', 'ｻｯﾎﾟﾛｼｷﾖﾀｸ', 'ｷﾀﾉ3ｼﾞｮｳ', '北海道', '札幌市清田区', '北野三条'),
(0040864, 'ﾎｯｶｲﾄﾞｳ', 'ｻｯﾎﾟﾛｼｷﾖﾀｸ', 'ｷﾀﾉ4ｼﾞｮｳ', '北海道', '札幌市清田区', '北野四条'),
(0040865, 'ﾎｯｶｲﾄﾞｳ', 'ｻｯﾎﾟﾛｼｷﾖﾀｸ', 'ｷﾀﾉ5ｼﾞｮｳ', '北海道', '札幌市清田区', '北野五条'),
(0040866, 'ﾎｯｶｲﾄﾞｳ', 'ｻｯﾎﾟﾛｼｷﾖﾀｸ', 'ｷﾀﾉ6ｼﾞｮｳ', '北海道', '札幌市清田区', '北野六条'),
(0040867, 'ﾎｯｶｲﾄﾞｳ', 'ｻｯﾎﾟﾛｼｷﾖﾀｸ', 'ｷﾀﾉ7ｼﾞｮｳ', '北海道', '札幌市清田区', '北野七条'),
(0040859, 'ﾎｯｶｲﾄﾞｳ', 'ｻｯﾎﾟﾛｼｷﾖﾀｸ', 'ｷﾖﾀ', '北海道', '札幌市清田区', '清田'),
(0040841, 'ﾎｯｶｲﾄﾞｳ', 'ｻｯﾎﾟﾛｼｷﾖﾀｸ', 'ｷﾖﾀ1ｼﾞｮｳ', '北海道', '札幌市清田区', '清田一条'),
(0040842, 'ﾎｯｶｲﾄﾞｳ', 'ｻｯﾎﾟﾛｼｷﾖﾀｸ', 'ｷﾖﾀ2ｼﾞｮｳ', '北海道', '札幌市清田区', '清田二条'),
(0040843, 'ﾎｯｶｲﾄﾞｳ', 'ｻｯﾎﾟﾛｼｷﾖﾀｸ', 'ｷﾖﾀ3ｼﾞｮｳ', '北海道', '札幌市清田区', '清田三条'),
(0040844, 'ﾎｯｶｲﾄﾞｳ', 'ｻｯﾎﾟﾛｼｷﾖﾀｸ', 'ｷﾖﾀ4ｼﾞｮｳ', '北海道', '札幌市清田区', '清田四条'),
(0040845, 'ﾎｯｶｲﾄﾞｳ', 'ｻｯﾎﾟﾛｼｷﾖﾀｸ', 'ｷﾖﾀ5ｼﾞｮｳ', '北海道', '札幌市清田区', '清田五条'),
(0040846, 'ﾎｯｶｲﾄﾞｳ', 'ｻｯﾎﾟﾛｼｷﾖﾀｸ', 'ｷﾖﾀ6ｼﾞｮｳ', '北海道', '札幌市清田区', '清田六条'),
(0040847, 'ﾎｯｶｲﾄﾞｳ', 'ｻｯﾎﾟﾛｼｷﾖﾀｸ', 'ｷﾖﾀ7ｼﾞｮｳ', '北海道', '札幌市清田区', '清田七条'),
(0040848, 'ﾎｯｶｲﾄﾞｳ', 'ｻｯﾎﾟﾛｼｷﾖﾀｸ', 'ｷﾖﾀ8ｼﾞｮｳ', '北海道', '札幌市清田区', '清田八条'),
(0040849, 'ﾎｯｶｲﾄﾞｳ', 'ｻｯﾎﾟﾛｼｷﾖﾀｸ', 'ｷﾖﾀ9ｼﾞｮｳ', '北海道', '札幌市清田区', '清田九条'),
(0040840, 'ﾎｯｶｲﾄﾞｳ', 'ｻｯﾎﾟﾛｼｷﾖﾀｸ', 'ｷﾖﾀ10ｼﾞｮｳ', '北海道', '札幌市清田区', '清田十条'),
(0040809, 'ﾎｯｶｲﾄﾞｳ', 'ｻｯﾎﾟﾛｼｷﾖﾀｸ', 'ｻﾄﾂﾞｶ', '北海道', '札幌市清田区', '里塚'),
(0040801, 'ﾎｯｶｲﾄﾞｳ', 'ｻｯﾎﾟﾛｼｷﾖﾀｸ', 'ｻﾄﾂﾞｶ1ｼﾞｮｳ', '北海道', '札幌市清田区', '里塚一条'),
(0040802, 'ﾎｯｶｲﾄﾞｳ', 'ｻｯﾎﾟﾛｼｷﾖﾀｸ', 'ｻﾄﾂﾞｶ2ｼﾞｮｳ', '北海道', '札幌市清田区', '里塚二条'),
(0040803, 'ﾎｯｶｲﾄﾞｳ', 'ｻｯﾎﾟﾛｼｷﾖﾀｸ', 'ｻﾄﾂﾞｶ3ｼﾞｮｳ', '北海道', '札幌市清田区', '里塚三条'),
(0040804, 'ﾎｯｶｲﾄﾞｳ', 'ｻｯﾎﾟﾛｼｷﾖﾀｸ', 'ｻﾄﾂﾞｶ4ｼﾞｮｳ', '北海道', '札幌市清田区', '里塚四条'),
(0040805, 'ﾎｯｶｲﾄﾞｳ', 'ｻｯﾎﾟﾛｼｷﾖﾀｸ', 'ｻﾄﾂﾞｶﾐﾄﾞﾘｶﾞｵｶ', '北海道', '札幌市清田区', '里塚緑ケ丘'),
(0040839, 'ﾎｯｶｲﾄﾞｳ', 'ｻｯﾎﾟﾛｼｷﾖﾀｸ', 'ｼﾝｴｲ', '北海道', '札幌市清田区', '真栄'),
(0040831, 'ﾎｯｶｲﾄﾞｳ', 'ｻｯﾎﾟﾛｼｷﾖﾀｸ', 'ｼﾝｴｲ1ｼﾞｮｳ', '北海道', '札幌市清田区', '真栄一条'),
(0040832, 'ﾎｯｶｲﾄﾞｳ', 'ｻｯﾎﾟﾛｼｷﾖﾀｸ', 'ｼﾝｴｲ2ｼﾞｮｳ', '北海道', '札幌市清田区', '真栄二条'),
(0040833, 'ﾎｯｶｲﾄﾞｳ', 'ｻｯﾎﾟﾛｼｷﾖﾀｸ', 'ｼﾝｴｲ3ｼﾞｮｳ', '北海道', '札幌市清田区', '真栄三条'),
(0040834, 'ﾎｯｶｲﾄﾞｳ', 'ｻｯﾎﾟﾛｼｷﾖﾀｸ', 'ｼﾝｴｲ4ｼﾞｮｳ', '北海道', '札幌市清田区', '真栄四条'),
(0040835, 'ﾎｯｶｲﾄﾞｳ', 'ｻｯﾎﾟﾛｼｷﾖﾀｸ', 'ｼﾝｴｲ5ｼﾞｮｳ', '北海道', '札幌市清田区', '真栄五条'),
(0040836, 'ﾎｯｶｲﾄﾞｳ', 'ｻｯﾎﾟﾛｼｷﾖﾀｸ', 'ｼﾝｴｲ6ｼﾞｮｳ', '北海道', '札幌市清田区', '真栄六条'),
(0040889, 'ﾎｯｶｲﾄﾞｳ', 'ｻｯﾎﾟﾛｼｷﾖﾀｸ', 'ﾋﾗｵｶ', '北海道', '札幌市清田区', '平岡'),
(0040871, 'ﾎｯｶｲﾄﾞｳ', 'ｻｯﾎﾟﾛｼｷﾖﾀｸ', 'ﾋﾗｵｶ1ｼﾞｮｳ', '北海道', '札幌市清田区', '平岡一条'),
(0040872, 'ﾎｯｶｲﾄﾞｳ', 'ｻｯﾎﾟﾛｼｷﾖﾀｸ', 'ﾋﾗｵｶ2ｼﾞｮｳ', '北海道', '札幌市清田区', '平岡二条'),
(0040873, 'ﾎｯｶｲﾄﾞｳ', 'ｻｯﾎﾟﾛｼｷﾖﾀｸ', 'ﾋﾗｵｶ3ｼﾞｮｳ', '北海道', '札幌市清田区', '平岡三条'),
(0040874, 'ﾎｯｶｲﾄﾞｳ', 'ｻｯﾎﾟﾛｼｷﾖﾀｸ', 'ﾋﾗｵｶ4ｼﾞｮｳ', '北海道', '札幌市清田区', '平岡四条'),
(0040875, 'ﾎｯｶｲﾄﾞｳ', 'ｻｯﾎﾟﾛｼｷﾖﾀｸ', 'ﾋﾗｵｶ5ｼﾞｮｳ', '北海道', '札幌市清田区', '平岡五条'),
(0040876, 'ﾎｯｶｲﾄﾞｳ', 'ｻｯﾎﾟﾛｼｷﾖﾀｸ', 'ﾋﾗｵｶ6ｼﾞｮｳ', '北海道', '札幌市清田区', '平岡六条'),
(0040877, 'ﾎｯｶｲﾄﾞｳ', 'ｻｯﾎﾟﾛｼｷﾖﾀｸ', 'ﾋﾗｵｶ7ｼﾞｮｳ', '北海道', '札幌市清田区', '平岡七条'),
(0040878, 'ﾎｯｶｲﾄﾞｳ', 'ｻｯﾎﾟﾛｼｷﾖﾀｸ', 'ﾋﾗｵｶ8ｼﾞｮｳ', '北海道', '札幌市清田区', '平岡八条'),
(0040879, 'ﾎｯｶｲﾄﾞｳ', 'ｻｯﾎﾟﾛｼｷﾖﾀｸ', 'ﾋﾗｵｶ9ｼﾞｮｳ', '北海道', '札幌市清田区', '平岡九条'),
(0040880, 'ﾎｯｶｲﾄﾞｳ', 'ｻｯﾎﾟﾛｼｷﾖﾀｸ', 'ﾋﾗｵｶ10ｼﾞｮｳ', '北海道', '札幌市清田区', '平岡十条'),
(0040881, 'ﾎｯｶｲﾄﾞｳ', 'ｻｯﾎﾟﾛｼｷﾖﾀｸ', 'ﾋﾗｵｶｺｳｴﾝ', '北海道', '札幌市清田区', '平岡公園'),
(0040882, 'ﾎｯｶｲﾄﾞｳ', 'ｻｯﾎﾟﾛｼｷﾖﾀｸ', 'ﾋﾗｵｶｺｳｴﾝﾋｶﾞｼ', '北海道', '札幌市清田区', '平岡公園東'),
(0400000, 'ﾎｯｶｲﾄﾞｳ', 'ﾊｺﾀﾞﾃｼ', 'ｲｶﾆｹｲｻｲｶﾞﾅｲﾊﾞｱｲ', '北海道', '函館市', '以下に掲載がない場合'),
(0400044, 'ﾎｯｶｲﾄﾞｳ', 'ﾊｺﾀﾞﾃｼ', 'ｱｵﾔｷﾞﾁｮｳ', '北海道', '函館市', '青柳町'),
(0410805, 'ﾎｯｶｲﾄﾞｳ', 'ﾊｺﾀﾞﾃｼ', 'ｱｶｶﾞﾜ', '北海道', '函館市', '赤川'),
(0410804, 'ﾎｯｶｲﾄﾞｳ', 'ﾊｺﾀﾞﾃｼ', 'ｱｶｶﾞﾜﾁｮｳ', '北海道', '函館市', '赤川町'),
(0420913, 'ﾎｯｶｲﾄﾞｳ', 'ﾊｺﾀﾞﾃｼ', 'ｱｶｻｶﾁｮｳ', '北海道', '函館市', '赤坂町'),
(0400076, 'ﾎｯｶｲﾄﾞｳ', 'ﾊｺﾀﾞﾃｼ', 'ｱｻﾉﾁｮｳ', '北海道', '函館市', '浅野町'),
(0420916, 'ﾎｯｶｲﾄﾞｳ', 'ﾊｺﾀﾞﾃｼ', 'ｱｻﾋｵｶﾁｮｳ', '北海道', '函館市', '旭岡町'),
(0400037, 'ﾎｯｶｲﾄﾞｳ', 'ﾊｺﾀﾞﾃｼ', 'ｱｻﾋﾁｮｳ', '北海道', '函館市', '旭町'),
(0420904, 'ﾎｯｶｲﾄﾞｳ', 'ﾊｺﾀﾞﾃｼ', 'ｲｵﾊﾗﾁｮｳ', '北海道', '函館市', '庵原町'),
(0410802, 'ﾎｯｶｲﾄﾞｳ', 'ﾊｺﾀﾞﾃｼ', 'ｲｼｶﾜﾁｮｳ', '北海道', '函館市', '石川町'),
(0420911, 'ﾎｯｶｲﾄﾞｳ', 'ﾊｺﾀﾞﾃｼ', 'ｲｼｸﾗﾁｮｳ', '北海道', '函館市', '石倉町'),
(0410261, 'ﾎｯｶｲﾄﾞｳ', 'ﾊｺﾀﾞﾃｼ', 'ｲｼｻﾞｷﾁｮｳ', '北海道', '函館市', '石崎町'),
(0400057, 'ﾎｯｶｲﾄﾞｳ', 'ﾊｺﾀﾞﾃｼ', 'ｲﾘﾌﾈﾁｮｳ', '北海道', '函館市', '入舟町'),
(0411624, 'ﾎｯｶｲﾄﾞｳ', 'ﾊｺﾀﾞﾃｼ', 'ｲﾜﾄﾁｮｳ', '北海道', '函館市', '岩戸町'),
(0420954, 'ﾎｯｶｲﾄﾞｳ', 'ﾊｺﾀﾞﾃｼ', 'ｳｴﾉﾁｮｳ', '北海道', '函館市', '上野町'),
(0400023, 'ﾎｯｶｲﾄﾞｳ', 'ﾊｺﾀﾞﾃｼ', 'ｳｶﾞｳﾗﾁｮｳ', '北海道', '函館市', '宇賀浦町'),
(0411613, 'ﾎｯｶｲﾄﾞｳ', 'ﾊｺﾀﾞﾃｼ', 'ｳｽｼﾞﾘﾁｮｳ', '北海道', '函館市', '臼尻町'),
(0410613, 'ﾎｯｶｲﾄﾞｳ', 'ﾊｺﾀﾞﾃｼ', 'ｴｶﾞﾐﾔﾏﾁｮｳ', '北海道', '函館市', '絵紙山町'),
(0410522, 'ﾎｯｶｲﾄﾞｳ', 'ﾊｺﾀﾞﾃｼ', 'ｴｻﾝﾁｮｳ', '北海道', '函館市', '恵山町'),
(0410605, 'ﾎｯｶｲﾄﾞｳ', 'ﾊｺﾀﾞﾃｼ', 'ｴｻﾝﾐｻｷﾁｮｳ', '北海道', '函館市', '恵山岬町'),
(0420931, 'ﾎｯｶｲﾄﾞｳ', 'ﾊｺﾀﾞﾃｼ', 'ｴﾉﾓﾄﾁｮｳ', '北海道', '函館市', '榎本町'),
(0400071, 'ﾎｯｶｲﾄﾞｳ', 'ﾊｺﾀﾞﾃｼ', 'ｵｲﾜｹﾁｮｳ', '北海道', '函館市', '追分町'),
(0400084, 'ﾎｯｶｲﾄﾞｳ', 'ﾊｺﾀﾞﾃｼ', 'ｵｵｶﾜﾁｮｳ', '北海道', '函館市', '大川町'),
(0400064, 'ﾎｯｶｲﾄﾞｳ', 'ﾊｺﾀﾞﾃｼ', 'ｵｵﾃﾏﾁ', '北海道', '函館市', '大手町'),
(0400062, 'ﾎｯｶｲﾄﾞｳ', 'ﾊｺﾀﾞﾃｼ', 'ｵｵﾅﾜﾁｮｳ', '北海道', '函館市', '大縄町'),
(0411622, 'ﾎｯｶｲﾄﾞｳ', 'ﾊｺﾀﾞﾃｼ', 'ｵｵﾌﾈﾁｮｳ', '北海道', '函館市', '大船町'),
(0400052, 'ﾎｯｶｲﾄﾞｳ', 'ﾊｺﾀﾞﾃｼ', 'ｵｵﾏﾁ', '北海道', '函館市', '大町'),
(0410403, 'ﾎｯｶｲﾄﾞｳ', 'ﾊｺﾀﾞﾃｼ', 'ｵｵﾏﾁｮｳ', '北海道', '函館市', '大澗町'),
(0400034, 'ﾎｯｶｲﾄﾞｳ', 'ﾊｺﾀﾞﾃｼ', 'ｵｵﾓﾘﾁｮｳ', '北海道', '函館市', '大森町'),
(0411603, 'ﾎｯｶｲﾄﾞｳ', 'ﾊｺﾀﾞﾃｼ', 'ｵｻﾂﾍﾞﾁｮｳ', '北海道', '函館市', '尾札部町'),
(0410251, 'ﾎｯｶｲﾄﾞｳ', 'ﾊｺﾀﾞﾃｼ', 'ｵﾔｽﾁｮｳ', '北海道', '函館市', '小安町'),
(0410253, 'ﾎｯｶｲﾄﾞｳ', 'ﾊｺﾀﾞﾃｼ', 'ｵﾔｽﾔﾏﾁｮｳ', '北海道', '函館市', '小安山町'),
(0400061, 'ﾎｯｶｲﾄﾞｳ', 'ﾊｺﾀﾞﾃｼ', 'ｶｲｶﾞﾝﾁｮｳ', '北海道', '函館市', '海岸町'),
(0420942, 'ﾎｯｶｲﾄﾞｳ', 'ﾊｺﾀﾞﾃｼ', 'ｶｼﾜｷﾞﾁｮｳ', '北海道', '函館市', '柏木町'),
(0410523, 'ﾎｯｶｲﾄﾞｳ', 'ﾊｺﾀﾞﾃｼ', 'ｶｼﾜﾉﾁｮｳ', '北海道', '函館市', '柏野町'),
(0410852, 'ﾎｯｶｲﾄﾞｳ', 'ﾊｺﾀﾞﾃｼ', 'ｶｼﾞ', '北海道', '函館市', '鍛治'),
(0411611, 'ﾎｯｶｲﾄﾞｳ', 'ﾊｺﾀﾞﾃｼ', 'ｶｯｸﾐﾁｮｳ', '北海道', '函館市', '川汲町'),
(0420944, 'ﾎｯｶｲﾄﾞｳ', 'ﾊｺﾀﾞﾃｼ', 'ｶﾅﾎﾘﾁｮｳ', '北海道', '函館市', '金堀町'),
(0420901, 'ﾎｯｶｲﾄﾞｳ', 'ﾊｺﾀﾞﾃｼ', 'ｶﾞﾋﾞﾉﾁｮｳ', '北海道', '函館市', '蛾眉野町'),
(0410252, 'ﾎｯｶｲﾄﾞｳ', 'ﾊｺﾀﾞﾃｼ', 'ｶﾏﾔﾁｮｳ', '北海道', '函館市', '釜谷町'),
(0400031, 'ﾎｯｶｲﾄﾞｳ', 'ﾊｺﾀﾞﾃｼ', 'ｶﾐｼﾝｶﾜﾁｮｳ', '北海道', '函館市', '上新川町'),
(0410832, 'ﾎｯｶｲﾄﾞｳ', 'ﾊｺﾀﾞﾃｼ', 'ｶﾐﾔﾏ', '北海道', '函館市', '神山'),
(0410831, 'ﾎｯｶｲﾄﾞｳ', 'ﾊｺﾀﾞﾃｼ', 'ｶﾐﾔﾏﾁｮｳ', '北海道', '函館市', '神山町'),
(0420914, 'ﾎｯｶｲﾄﾞｳ', 'ﾊｺﾀﾞﾃｼ', 'ｶﾐﾕﾉｶﾜﾁｮｳ', '北海道', '函館市', '上湯川町'),
(0420917, 'ﾎｯｶｲﾄﾞｳ', 'ﾊｺﾀﾞﾃｼ', 'ｶﾒｵﾁｮｳ', '北海道', '函館市', '亀尾町'),
(0410803, 'ﾎｯｶｲﾄﾞｳ', 'ﾊｺﾀﾞﾃｼ', 'ｶﾒﾀﾞﾅｶﾉﾁｮｳ', '北海道', '函館市', '亀田中野町'),
(0410813, 'ﾎｯｶｲﾄﾞｳ', 'ﾊｺﾀﾞﾃｼ', 'ｶﾒﾀﾞﾎﾝﾁｮｳ', '北海道', '函館市', '亀田本町'),
(0410822, 'ﾎｯｶｲﾄﾞｳ', 'ﾊｺﾀﾞﾃｼ', 'ｶﾒﾀﾞﾐﾅﾄﾁｮｳ', '北海道', '函館市', '亀田港町'),
(0400072, 'ﾎｯｶｲﾄﾞｳ', 'ﾊｺﾀﾞﾃｼ', 'ｶﾒﾀﾞﾏﾁ', '北海道', '函館市', '亀田町'),
(0410405, 'ﾎｯｶｲﾄﾞｳ', 'ﾊｺﾀﾞﾃｼ', 'ｶﾜｶﾐﾁｮｳ', '北海道', '函館市', '川上町'),
(0410844, 'ﾎｯｶｲﾄﾞｳ', 'ﾊｺﾀﾞﾃｼ', 'ｶﾜﾊﾗﾁｮｳ', '北海道', '函館市', '川原町'),
(0410808, 'ﾎｯｶｲﾄﾞｳ', 'ﾊｺﾀﾞﾃｼ', 'ｷｷｮｳ', '北海道', '函館市', '桔梗'),
(0410801, 'ﾎｯｶｲﾄﾞｳ', 'ﾊｺﾀﾞﾃｼ', 'ｷｷｮｳﾁｮｳ', '北海道', '函館市', '桔梗町'),
(0400078, 'ﾎｯｶｲﾄﾞｳ', 'ﾊｺﾀﾞﾃｼ', 'ｷﾀﾊﾏﾁｮｳ', '北海道', '函館市', '北浜町'),
(0410807, 'ﾎｯｶｲﾄﾞｳ', 'ﾊｺﾀﾞﾃｼ', 'ｷﾀﾐﾊﾗ', '北海道', '函館市', '北美原'),
(0410408, 'ﾎｯｶｲﾄﾞｳ', 'ﾊｺﾀﾞﾃｼ', 'ｷﾁﾊﾀﾁｮｳ', '北海道', '函館市', '吉畑町'),
(0411602, 'ﾎｯｶｲﾄﾞｳ', 'ﾊｺﾀﾞﾃｼ', 'ｷﾅｵｼﾁｮｳ', '北海道', '函館市', '木直町'),
(0410524, 'ﾎｯｶｲﾄﾞｳ', 'ﾊｺﾀﾞﾃｼ', 'ｺﾌﾞｲﾁｮｳ', '北海道', '函館市', '古武井町'),
(0420935, 'ﾎｯｶｲﾄﾞｳ', 'ﾊｺﾀﾞﾃｼ', 'ｺﾏﾊﾞﾁｮｳ', '北海道', '函館市', '駒場町'),
(0400001, 'ﾎｯｶｲﾄﾞｳ', 'ﾊｺﾀﾞﾃｼ', 'ｺﾞﾘｮｳｶｸﾁｮｳ', '北海道', '函館市', '五稜郭町'),
(0400041, 'ﾎｯｶｲﾄﾞｳ', 'ﾊｺﾀﾞﾃｼ', 'ｻｶｴﾁｮｳ', '北海道', '函館市', '栄町'),
(0410301, 'ﾎｯｶｲﾄﾞｳ', 'ﾊｺﾀﾞﾃｼ', 'ｼｵｸﾋﾞﾁｮｳ', '北海道', '函館市', '汐首町'),
(0400036, 'ﾎｯｶｲﾄﾞｳ', 'ﾊｺﾀﾞﾃｼ', 'ｼﾉﾉﾒﾁｮｳ', '北海道', '函館市', '東雲町'),
(0420923, 'ﾎｯｶｲﾄﾞｳ', 'ﾊｺﾀﾞﾃｼ', 'ｼﾉﾘﾁｮｳ', '北海道', '函館市', '志海苔町'),
(0410602, 'ﾎｯｶｲﾄﾞｳ', 'ﾊｺﾀﾞﾃｼ', 'ｼﾏﾄﾞﾏﾘﾁｮｳ', '北海道', '函館市', '島泊町'),
(0410812, 'ﾎｯｶｲﾄﾞｳ', 'ﾊｺﾀﾞﾃｼ', 'ｼｮｳﾜ', '北海道', '函館市', '昭和'),
(0410823, 'ﾎｯｶｲﾄﾞｳ', 'ﾊｺﾀﾞﾃｼ', 'ｼｮｳﾜﾁｮｳ', '北海道', '函館市', '昭和町'),
(0400082, 'ﾎｯｶｲﾄﾞｳ', 'ﾊｺﾀﾞﾃｼ', 'ｼﾗﾄﾘﾁｮｳ', '北海道', '函館市', '白鳥町'),
(0410265, 'ﾎｯｶｲﾄﾞｳ', 'ﾊｺﾀﾞﾃｼ', 'ｼﾛｲｼﾁｮｳ', '北海道', '函館市', '白石町'),
(0410606, 'ﾎｯｶｲﾄﾞｳ', 'ﾊｺﾀﾞﾃｼ', 'ｼﾝｴｻﾝﾁｮｳ', '北海道', '函館市', '新恵山町'),
(0400032, 'ﾎｯｶｲﾄﾞｳ', 'ﾊｺﾀﾞﾃｼ', 'ｼﾝｶﾜﾁｮｳ', '北海道', '函館市', '新川町'),
(0410837, 'ﾎｯｶｲﾄﾞｳ', 'ﾊｺﾀﾞﾃｼ', 'ｼﾞﾝｶﾜ', '北海道', '函館市', '陣川'),
(0410833, 'ﾎｯｶｲﾄﾞｳ', 'ﾊｺﾀﾞﾃｼ', 'ｼﾞﾝｶﾜﾁｮｳ', '北海道', '函館市', '陣川町'),
(0410601, 'ﾎｯｶｲﾄﾞｳ', 'ﾊｺﾀﾞﾃｼ', 'ｼﾝﾊﾁﾏﾝﾁｮｳ', '北海道', '函館市', '新八幡町'),
(0410611, 'ﾎｯｶｲﾄﾞｳ', 'ﾊｺﾀﾞﾃｼ', 'ｼﾝﾊﾏﾁｮｳ', '北海道', '函館市', '新浜町'),
(0410312, 'ﾎｯｶｲﾄﾞｳ', 'ﾊｺﾀﾞﾃｼ', 'ｼﾝﾌﾀﾐﾁｮｳ', '北海道', '函館市', '新二見町'),
(0420921, 'ﾎｯｶｲﾄﾞｳ', 'ﾊｺﾀﾞﾃｼ', 'ｼﾝﾐﾅﾄﾁｮｳ', '北海道', '函館市', '新湊町'),
(0400053, 'ﾎｯｶｲﾄﾞｳ', 'ﾊｺﾀﾞﾃｼ', 'ｽｴﾋﾛﾁｮｳ', '北海道', '函館市', '末広町'),
(0400004, 'ﾎｯｶｲﾄﾞｳ', 'ﾊｺﾀﾞﾃｼ', 'ｽｷﾞﾅﾐﾁｮｳ', '北海道', '函館市', '杉並町'),
(0420958, 'ﾎｯｶｲﾄﾞｳ', 'ﾊｺﾀﾞﾃｼ', 'ｽｽﾞﾗﾝｵｶﾁｮｳ', '北海道', '函館市', '鈴蘭丘町'),
(0400045, 'ﾎｯｶｲﾄﾞｳ', 'ﾊｺﾀﾞﾃｼ', 'ｽﾐﾖｼﾁｮｳ', '北海道', '函館市', '住吉町'),
(0410302, 'ﾎｯｶｲﾄﾞｳ', 'ﾊｺﾀﾞﾃｼ', 'ｾﾀﾗｲﾁｮｳ', '北海道', '函館市', '瀬田来町'),
(0420951, 'ﾎｯｶｲﾄﾞｳ', 'ﾊｺﾀﾞﾃｼ', 'ｾﾄｶﾞﾜﾁｮｳ', '北海道', '函館市', '瀬戸川町'),
(0420922, 'ﾎｯｶｲﾄﾞｳ', 'ﾊｺﾀﾞﾃｼ', 'ｾﾞﾆｶﾒﾁｮｳ', '北海道', '函館市', '銭亀町'),
(0420955, 'ﾎｯｶｲﾄﾞｳ', 'ﾊｺﾀﾞﾃｼ', 'ﾀｶｵｶﾁｮｳ', '北海道', '函館市', '高丘町'),
(0410526, 'ﾎｯｶｲﾄﾞｳ', 'ﾊｺﾀﾞﾃｼ', 'ﾀｶﾀﾞｲﾁｮｳ', '北海道', '函館市', '高岱町'),
(0420952, 'ﾎｯｶｲﾄﾞｳ', 'ﾊｺﾀﾞﾃｼ', 'ﾀｶﾏﾂﾁｮｳ', '北海道', '函館市', '高松町'),
(0400024, 'ﾎｯｶｲﾄﾞｳ', 'ﾊｺﾀﾞﾃｼ', 'ﾀｶﾓﾘﾁｮｳ', '北海道', '函館市', '高盛町'),
(0420957, 'ﾎｯｶｲﾄﾞｳ', 'ﾊｺﾀﾞﾃｼ', 'ﾀｷｻﾜﾁｮｳ', '北海道', '函館市', '滝沢町'),
(0410305, 'ﾎｯｶｲﾄﾞｳ', 'ﾊｺﾀﾞﾃｼ', 'ﾀﾃﾏﾁ', '北海道', '函館市', '館町'),
(0400081, 'ﾎｯｶｲﾄﾞｳ', 'ﾊｺﾀﾞﾃｼ', 'ﾀﾔﾁｮｳ', '北海道', '函館市', '田家町'),
(0400033, 'ﾎｯｶｲﾄﾞｳ', 'ﾊｺﾀﾞﾃｼ', 'ﾁﾄｾﾁｮｳ', '北海道', '函館市', '千歳町'),
(0410612, 'ﾎｯｶｲﾄﾞｳ', 'ﾊｺﾀﾞﾃｼ', 'ﾁｮｳｼﾁｮｳ', '北海道', '函館市', '銚子町'),
(0400013, 'ﾎｯｶｲﾄﾞｳ', 'ﾊｺﾀﾞﾃｼ', 'ﾁﾖｶﾞﾀﾞｲﾁｮｳ', '北海道', '函館市', '千代台町'),
(0410264, 'ﾎｯｶｲﾄﾞｳ', 'ﾊｺﾀﾞﾃｼ', 'ﾂﾙﾉﾁｮｳ', '北海道', '函館市', '鶴野町'),
(0420902, 'ﾎｯｶｲﾄﾞｳ', 'ﾊｺﾀﾞﾃｼ', 'ﾃﾂｻﾞﾝﾁｮｳ', '北海道', '函館市', '鉄山町'),
(0420908, 'ﾎｯｶｲﾄﾞｳ', 'ﾊｺﾀﾞﾃｼ', 'ﾄﾞｳｻﾞﾝﾁｮｳ', '北海道', '函館市', '銅山町'),
(0400012, 'ﾎｯｶｲﾄﾞｳ', 'ﾊｺﾀﾞﾃｼ', 'ﾄｷﾄｳﾁｮｳ', '北海道', '函館市', '時任町'),
(0420953, 'ﾎｯｶｲﾄﾞｳ', 'ﾊｺﾀﾞﾃｼ', 'ﾄｸﾗﾁｮｳ', '北海道', '函館市', '戸倉町'),
(0410304, 'ﾎｯｶｲﾄﾞｳ', 'ﾊｺﾀﾞﾃｼ', 'ﾄﾏﾘﾏﾁ', '北海道', '函館市', '泊町'),
(0410603, 'ﾎｯｶｲﾄﾞｳ', 'ﾊｺﾀﾞﾃｼ', 'ﾄﾐｳﾗﾁｮｳ', '北海道', '函館市', '富浦町'),
(0410811, 'ﾎｯｶｲﾄﾞｳ', 'ﾊｺﾀﾞﾃｼ', 'ﾄﾐｵｶﾁｮｳ', '北海道', '函館市', '富岡町'),
(0410402, 'ﾎｯｶｲﾄﾞｳ', 'ﾊｺﾀﾞﾃｼ', 'ﾄﾖｳﾗﾁｮｳ', '北海道', '函館市', '豊浦町'),
(0400065, 'ﾎｯｶｲﾄﾞｳ', 'ﾊｺﾀﾞﾃｼ', 'ﾄﾖｶﾜﾁｮｳ', '北海道', '函館市', '豊川町'),
(0411621, 'ﾎｯｶｲﾄﾞｳ', 'ﾊｺﾀﾞﾃｼ', 'ﾄﾖｻｷﾁｮｳ', '北海道', '函館市', '豊崎町'),
(0410263, 'ﾎｯｶｲﾄﾞｳ', 'ﾊｺﾀﾞﾃｼ', 'ﾄﾖﾊﾗﾁｮｳ', '北海道', '函館市', '豊原町'),
(0400014, 'ﾎｯｶｲﾄﾞｳ', 'ﾊｺﾀﾞﾃｼ', 'ﾅｶｼﾞﾏﾁｮｳ', '北海道', '函館市', '中島町'),
(0420912, 'ﾎｯｶｲﾄﾞｳ', 'ﾊｺﾀﾞﾃｼ', 'ﾅｶﾉﾁｮｳ', '北海道', '函館市', '中野町'),
(0410404, 'ﾎｯｶｲﾄﾞｳ', 'ﾊｺﾀﾞﾃｼ', 'ﾅｶﾊﾏﾁｮｳ', '北海道', '函館市', '中浜町'),
(0410853, 'ﾎｯｶｲﾄﾞｳ', 'ﾊｺﾀﾞﾃｼ', 'ﾅｶﾐﾁ', '北海道', '函館市', '中道'),
(0420915, 'ﾎｯｶｲﾄﾞｳ', 'ﾊｺﾀﾞﾃｼ', 'ﾆｼｱｻﾋｵｶﾁｮｳ', '北海道', '函館市', '西旭岡町'),
(0410824, 'ﾎｯｶｲﾄﾞｳ', 'ﾊｺﾀﾞﾃｼ', 'ﾆｼｷｷｮｳﾁｮｳ', '北海道', '函館市', '西桔梗町'),
(0420924, 'ﾎｯｶｲﾄﾞｳ', 'ﾊｺﾀﾞﾃｼ', 'ﾈｻｷﾁｮｳ', '北海道', '函館市', '根崎町'),
(0420943, 'ﾎｯｶｲﾄﾞｳ', 'ﾊｺﾀﾞﾃｼ', 'ﾉｷﾞﾏﾁ', '北海道', '函館市', '乃木町'),
(0400083, 'ﾎｯｶｲﾄﾞｳ', 'ﾊｺﾀﾞﾃｼ', 'ﾊﾁﾏﾝﾁｮｳ', '北海道', '函館市', '八幡町'),
(0410843, 'ﾎｯｶｲﾄﾞｳ', 'ﾊｺﾀﾞﾃｼ', 'ﾊﾅｿﾞﾉﾁｮｳ', '北海道', '函館市', '花園町'),
(0410311, 'ﾎｯｶｲﾄﾞｳ', 'ﾊｺﾀﾞﾃｼ', 'ﾊﾏﾁｮｳ', '北海道', '函館市', '浜町'),
(0410313, 'ﾎｯｶｲﾄﾞｳ', 'ﾊｺﾀﾞﾃｼ', 'ﾊﾗｷﾁｮｳ', '北海道', '函館市', '原木町'),
(0400075, 'ﾎｯｶｲﾄﾞｳ', 'ﾊｺﾀﾞﾃｼ', 'ﾊﾞﾝﾀﾞｲﾁｮｳ', '北海道', '函館市', '万代町'),
(0410401, 'ﾎｯｶｲﾄﾞｳ', 'ﾊｺﾀﾞﾃｼ', 'ﾋｳﾗﾁｮｳ', '北海道', '函館市', '日浦町'),
(0400042, 'ﾎｯｶｲﾄﾞｳ', 'ﾊｺﾀﾞﾃｼ', 'ﾋｶﾞｼｶﾜﾁｮｳ', '北海道', '函館市', '東川町'),
(0420903, 'ﾎｯｶｲﾄﾞｳ', 'ﾊｺﾀﾞﾃｼ', 'ﾋｶﾞｼﾊﾀﾁｮｳ', '北海道', '函館市', '東畑町'),
(0410835, 'ﾎｯｶｲﾄﾞｳ', 'ﾊｺﾀﾞﾃｼ', 'ﾋｶﾞｼﾔﾏ', '北海道', '函館市', '東山'),
(0410834, 'ﾎｯｶｲﾄﾞｳ', 'ﾊｺﾀﾞﾃｼ', 'ﾋｶﾞｼﾔﾏﾁｮｳ', '北海道', '函館市', '東山町'),
(0400005, 'ﾎｯｶｲﾄﾞｳ', 'ﾊｺﾀﾞﾃｼ', 'ﾋﾄﾐﾁｮｳ', '北海道', '函館市', '人見町'),
(0400022, 'ﾎｯｶｲﾄﾞｳ', 'ﾊｺﾀﾞﾃｼ', 'ﾋﾉﾃﾞﾁｮｳ', '北海道', '函館市', '日乃出町'),
(0410525, 'ﾎｯｶｲﾄﾞｳ', 'ﾊｺﾀﾞﾃｼ', 'ﾋﾉﾊﾏﾁｮｳ', '北海道', '函館市', '日ノ浜町'),
(0410841, 'ﾎｯｶｲﾄﾞｳ', 'ﾊｺﾀﾞﾃｼ', 'ﾋﾖｼﾁｮｳ', '北海道', '函館市', '日吉町'),
(0410407, 'ﾎｯｶｲﾄﾞｳ', 'ﾊｺﾀﾞﾃｼ', 'ﾋﾖﾘﾔﾏﾁｮｳ', '北海道', '函館市', '日和山町'),
(0420934, 'ﾎｯｶｲﾄﾞｳ', 'ﾊｺﾀﾞﾃｼ', 'ﾋﾛﾉﾁｮｳ', '北海道', '函館市', '広野町'),
(0420941, 'ﾎｯｶｲﾄﾞｳ', 'ﾊｺﾀﾞﾃｼ', 'ﾌｶﾎﾞﾘﾁｮｳ', '北海道', '函館市', '深堀町'),
(0411623, 'ﾎｯｶｲﾄﾞｳ', 'ﾊｺﾀﾞﾃｼ', 'ﾌﾀﾐﾁｮｳ', '北海道', '函館市', '双見町'),
(0400055, 'ﾎｯｶｲﾄﾞｳ', 'ﾊｺﾀﾞﾃｼ', 'ﾌﾅﾐﾁｮｳ', '北海道', '函館市', '船見町'),
(0410262, 'ﾎｯｶｲﾄﾞｳ', 'ﾊｺﾀﾞﾃｼ', 'ﾌﾙｶﾜﾁｮｳ', '北海道', '函館市', '古川町'),
(0411601, 'ﾎｯｶｲﾄﾞｳ', 'ﾊｺﾀﾞﾃｼ', 'ﾌﾙﾍﾞﾁｮｳ', '北海道', '函館市', '古部町'),
(0410303, 'ﾎｯｶｲﾄﾞｳ', 'ﾊｺﾀﾞﾃｼ', 'ﾍﾞﾝｻﾞｲﾁｮｳ', '北海道', '函館市', '弁才町'),
(0400051, 'ﾎｯｶｲﾄﾞｳ', 'ﾊｺﾀﾞﾃｼ', 'ﾍﾞﾝﾃﾝﾁｮｳ', '北海道', '函館市', '弁天町'),
(0400043, 'ﾎｯｶｲﾄﾞｳ', 'ﾊｺﾀﾞﾃｼ', 'ﾎｳﾗｲﾁｮｳ', '北海道', '函館市', '宝来町'),
(0400025, 'ﾎｯｶｲﾄﾞｳ', 'ﾊｺﾀﾞﾃｼ', 'ﾎﾘｶﾜﾁｮｳ', '北海道', '函館市', '堀川町'),
(0400011, 'ﾎｯｶｲﾄﾞｳ', 'ﾊｺﾀﾞﾃｼ', 'ﾎﾝﾁｮｳ', '北海道', '函館市', '本町'),
(0410851, 'ﾎｯｶｲﾄﾞｳ', 'ﾊｺﾀﾞﾃｼ', 'ﾎﾝﾄﾞｵﾘ', '北海道', '函館市', '本通'),
(0420918, 'ﾎｯｶｲﾄﾞｳ', 'ﾊｺﾀﾞﾃｼ', 'ﾏｲﾊﾗﾁｮｳ', '北海道', '函館市', '米原町'),
(0420907, 'ﾎｯｶｲﾄﾞｳ', 'ﾊｺﾀﾞﾃｼ', 'ﾏｽｶﾜﾁｮｳ', '北海道', '函館市', '鱒川町'),
(0400003, 'ﾎｯｶｲﾄﾞｳ', 'ﾊｺﾀﾞﾃｼ', 'ﾏﾂｶｹﾞﾁｮｳ', '北海道', '函館市', '松陰町'),
(0400035, 'ﾎｯｶｲﾄﾞｳ', 'ﾊｺﾀﾞﾃｼ', 'ﾏﾂｶｾﾞﾁｮｳ', '北海道', '函館市', '松風町'),
(0400074, 'ﾎｯｶｲﾄﾞｳ', 'ﾊｺﾀﾞﾃｼ', 'ﾏﾂｶﾜﾁｮｳ', '北海道', '函館市', '松川町'),
(0400021, 'ﾎｯｶｲﾄﾞｳ', 'ﾊｺﾀﾞﾃｼ', 'ﾏﾄﾊﾞﾁｮｳ', '北海道', '函館市', '的場町'),
(0410306, 'ﾎｯｶｲﾄﾞｳ', 'ﾊｺﾀﾞﾃｼ', 'ﾏﾙﾔﾏﾁｮｳ', '北海道', '函館市', '丸山町'),
(0410521, 'ﾎｯｶｲﾄﾞｳ', 'ﾊｺﾀﾞﾃｼ', 'ﾐｻｷﾁｮｳ', '北海道', '函館市', '御崎町'),
(0420906, 'ﾎｯｶｲﾄﾞｳ', 'ﾊｺﾀﾞﾃｼ', 'ﾐﾂﾓﾘﾁｮｳ', '北海道', '函館市', '三森町'),
(0410821, 'ﾎｯｶｲﾄﾞｳ', 'ﾊｺﾀﾞﾃｼ', 'ﾐﾅﾄﾁｮｳ', '北海道', '函館市', '港町'),
(0410806, 'ﾎｯｶｲﾄﾞｳ', 'ﾊｺﾀﾞﾃｼ', 'ﾐﾊﾗ', '北海道', '函館市', '美原'),
(0420956, 'ﾎｯｶｲﾄﾞｳ', 'ﾊｺﾀﾞﾃｼ', 'ﾐﾊﾗｼﾁｮｳ', '北海道', '函館市', '見晴町'),
(0400073, 'ﾎｯｶｲﾄﾞｳ', 'ﾊｺﾀﾞﾃｼ', 'ﾐﾔﾏｴﾁｮｳ', '北海道', '函館市', '宮前町'),
(0410406, 'ﾎｯｶｲﾄﾞｳ', 'ﾊｺﾀﾞﾃｼ', 'ﾒﾅｶﾞﾜﾁｮｳ', '北海道', '函館市', '女那川町'),
(0400054, 'ﾎｯｶｲﾄﾞｳ', 'ﾊｺﾀﾞﾃｼ', 'ﾓﾄﾏﾁ', '北海道', '函館市', '元町'),
(0410604, 'ﾎｯｶｲﾄﾞｳ', 'ﾊｺﾀﾞﾃｼ', 'ﾓﾄﾑﾗﾁｮｳ', '北海道', '函館市', '元村町'),
(0420905, 'ﾎｯｶｲﾄﾞｳ', 'ﾊｺﾀﾞﾃｼ', 'ﾓﾐｼﾞﾔﾏﾁｮｳ', '北海道', '函館市', '紅葉山町'),
(0411612, 'ﾎｯｶｲﾄﾞｳ', 'ﾊｺﾀﾞﾃｼ', 'ﾔｽｳﾗﾁｮｳ', '北海道', '函館市', '安浦町'),
(0400046, 'ﾎｯｶｲﾄﾞｳ', 'ﾊｺﾀﾞﾃｼ', 'ﾔﾁｶﾞｼﾗﾁｮｳ', '北海道', '函館市', '谷地頭町'),
(0400015, 'ﾎｯｶｲﾄﾞｳ', 'ﾊｺﾀﾞﾃｼ', 'ﾔﾅｶﾞﾜﾁｮｳ', '北海道', '函館市', '梁川町'),
(0400002, 'ﾎｯｶｲﾄﾞｳ', 'ﾊｺﾀﾞﾃｼ', 'ﾔﾅｷﾞﾏﾁ', '北海道', '函館市', '柳町'),
(0410836, 'ﾎｯｶｲﾄﾞｳ', 'ﾊｺﾀﾞﾃｼ', 'ﾔﾏﾉﾃ', '北海道', '函館市', '山の手'),
(0400056, 'ﾎｯｶｲﾄﾞｳ', 'ﾊｺﾀﾞﾃｼ', 'ﾔﾖｲﾁｮｳ', '北海道', '函館市', '弥生町'),
(0420932, 'ﾎｯｶｲﾄﾞｳ', 'ﾊｺﾀﾞﾃｼ', 'ﾕﾉｶﾜﾁｮｳ', '北海道', '函館市', '湯川町'),
(0420933, 'ﾎｯｶｲﾄﾞｳ', 'ﾊｺﾀﾞﾃｼ', 'ﾕﾉﾊﾏﾁｮｳ', '北海道', '函館市', '湯浜町'),
(0400077, 'ﾎｯｶｲﾄﾞｳ', 'ﾊｺﾀﾞﾃｼ', 'ﾖｼｶﾜﾁｮｳ', '北海道', '函館市', '吉川町'),
(0400063, 'ﾎｯｶｲﾄﾞｳ', 'ﾊｺﾀﾞﾃｼ', 'ﾜｶﾏﾂﾁｮｳ', '北海道', '函館市', '若松町'),
(0470000, 'ﾎｯｶｲﾄﾞｳ', 'ｵﾀﾙｼ', 'ｲｶﾆｹｲｻｲｶﾞﾅｲﾊﾞｱｲ', '北海道', '小樽市', '以下に掲載がない場合'),
(0470028, 'ﾎｯｶｲﾄﾞｳ', 'ｵﾀﾙｼ', 'ｱｲｵｲﾁｮｳ', '北海道', '小樽市', '相生町'),
(0470046, 'ﾎｯｶｲﾄﾞｳ', 'ｵﾀﾙｼ', 'ｱｶｲﾜ', '北海道', '小樽市', '赤岩'),
(0470035, 'ﾎｯｶｲﾄﾞｳ', 'ｵﾀﾙｼ', 'ｱｻﾋﾏﾁ', '北海道', '小樽市', '旭町'),
(0470151, 'ﾎｯｶｲﾄﾞｳ', 'ｵﾀﾙｼ', 'ｱｻﾘ', '北海道', '小樽市', '朝里'),
(0470154, 'ﾎｯｶｲﾄﾞｳ', 'ｵﾀﾙｼ', 'ｱｻﾘｶﾞﾜｵﾝｾﾝ', '北海道', '小樽市', '朝里川温泉'),
(0470006, 'ﾎｯｶｲﾄﾞｳ', 'ｵﾀﾙｼ', 'ｱﾘﾎﾛﾁｮｳ', '北海道', '小樽市', '有幌町'),
(0470038, 'ﾎｯｶｲﾄﾞｳ', 'ｵﾀﾙｼ', 'ｲｼﾔﾏﾁｮｳ', '北海道', '小樽市', '石山町'),
(0470032, 'ﾎｯｶｲﾄﾞｳ', 'ｵﾀﾙｼ', 'ｲﾅﾎ', '北海道', '小樽市', '稲穂'),
(0470021, 'ﾎｯｶｲﾄﾞｳ', 'ｵﾀﾙｼ', 'ｲﾘﾌﾈ', '北海道', '小樽市', '入船'),
(0470031, 'ﾎｯｶｲﾄﾞｳ', 'ｵﾀﾙｼ', 'ｲﾛﾅｲ', '北海道', '小樽市', '色内'),
(0470044, 'ﾎｯｶｲﾄﾞｳ', 'ｵﾀﾙｼ', 'ｳﾒｶﾞｴﾁｮｳ', '北海道', '小樽市', '梅ケ枝町'),
(0470013, 'ﾎｯｶｲﾄﾞｳ', 'ｵﾀﾙｼ', 'ｵｸｻﾜ', '北海道', '小樽市', '奥沢'),
(0482561, 'ﾎｯｶｲﾄﾞｳ', 'ｵﾀﾙｼ', 'ｵｼｮﾛ', '北海道', '小樽市', '忍路');
INSERT INTO `postcode_table` (`postcode`, `pref_kana`, `city_kana`, `town_area_kana`, `pref`, `city`, `town_area`) VALUES
(0482671, 'ﾎｯｶｲﾄﾞｳ', 'ｵﾀﾙｼ', 'ｵﾀﾓｲ', '北海道', '小樽市', 'オタモイ'),
(0470005, 'ﾎｯｶｲﾄﾞｳ', 'ｵﾀﾙｼ', 'ｶﾂﾅｲﾁｮｳ', '北海道', '小樽市', '勝納町'),
(0470264, 'ﾎｯｶｲﾄﾞｳ', 'ｵﾀﾙｼ', 'ｶﾂﾗｵｶﾁｮｳ', '北海道', '小樽市', '桂岡町'),
(0470037, 'ﾎｯｶｲﾄﾞｳ', 'ｵﾀﾙｼ', 'ｻｲﾜｲ', '北海道', '小樽市', '幸'),
(0470027, 'ﾎｯｶｲﾄﾞｳ', 'ｵﾀﾙｼ', 'ｻｶｲﾏﾁ', '北海道', '小樽市', '堺町'),
(0470156, 'ﾎｯｶｲﾄﾞｳ', 'ｵﾀﾙｼ', 'ｻｸﾗ', '北海道', '小樽市', '桜'),
(0470002, 'ﾎｯｶｲﾄﾞｳ', 'ｵﾀﾙｼ', 'ｼｵﾐﾀﾞｲ', '北海道', '小樽市', '潮見台'),
(0482672, 'ﾎｯｶｲﾄﾞｳ', 'ｵﾀﾙｼ', 'ｼｵﾔ', '北海道', '小樽市', '塩谷'),
(0470026, 'ﾎｯｶｲﾄﾞｳ', 'ｵﾀﾙｼ', 'ｼﾉﾉﾒﾁｮｳ', '北海道', '小樽市', '東雲町'),
(0470045, 'ﾎｯｶｲﾄﾞｳ', 'ｵﾀﾙｼ', 'ｼﾐｽﾞﾁｮｳ', '北海道', '小樽市', '清水町'),
(0470047, 'ﾎｯｶｲﾄﾞｳ', 'ｵﾀﾙｼ', 'ｼｭｸﾂ', '北海道', '小樽市', '祝津'),
(0470152, 'ﾎｯｶｲﾄﾞｳ', 'ｵﾀﾙｼ', 'ｼﾝｺｳ', '北海道', '小樽市', '新光'),
(0470153, 'ﾎｯｶｲﾄﾞｳ', 'ｵﾀﾙｼ', 'ｼﾝｺｳﾁｮｳ', '北海道', '小樽市', '新光町'),
(0470004, 'ﾎｯｶｲﾄﾞｳ', 'ｵﾀﾙｼ', 'ｼﾝﾄﾐﾁｮｳ', '北海道', '小樽市', '新富町'),
(0470042, 'ﾎｯｶｲﾄﾞｳ', 'ｵﾀﾙｼ', 'ｽｴﾋﾛﾁｮｳ', '北海道', '小樽市', '末広町'),
(0470014, 'ﾎｯｶｲﾄﾞｳ', 'ｵﾀﾙｼ', 'ｽﾐﾉｴ', '北海道', '小樽市', '住ノ江'),
(0470015, 'ﾎｯｶｲﾄﾞｳ', 'ｵﾀﾙｼ', 'ｽﾐﾖｼﾁｮｳ', '北海道', '小樽市', '住吉町'),
(0470261, 'ﾎｯｶｲﾄﾞｳ', 'ｵﾀﾙｼ', 'ｾﾞﾆﾊﾞｺ(1-3ﾁｮｳﾒ)', '北海道', '小樽市', '銭函（１〜３丁目）'),
(0613271, 'ﾎｯｶｲﾄﾞｳ', 'ｵﾀﾙｼ', 'ｾﾞﾆﾊﾞｺ(4-5ﾁｮｳﾒ)', '北海道', '小樽市', '銭函（４〜５丁目）'),
(0470048, 'ﾎｯｶｲﾄﾞｳ', 'ｵﾀﾙｼ', 'ﾀｶｼﾏ', '北海道', '小樽市', '高島'),
(0470008, 'ﾎｯｶｲﾄﾞｳ', 'ｵﾀﾙｼ', 'ﾁｯｺｳ', '北海道', '小樽市', '築港'),
(0470041, 'ﾎｯｶｲﾄﾞｳ', 'ｵﾀﾙｼ', 'ﾃﾐﾔ', '北海道', '小樽市', '手宮'),
(0470012, 'ﾎｯｶｲﾄﾞｳ', 'ｵﾀﾙｼ', 'ﾃﾝｸﾞﾔﾏ', '北海道', '小樽市', '天狗山'),
(0470011, 'ﾎｯｶｲﾄﾞｳ', 'ｵﾀﾙｼ', 'ﾃﾝｼﾞﾝ', '北海道', '小樽市', '天神'),
(0470033, 'ﾎｯｶｲﾄﾞｳ', 'ｵﾀﾙｼ', 'ﾄﾐｵｶ', '北海道', '小樽市', '富岡'),
(0470043, 'ﾎｯｶｲﾄﾞｳ', 'ｵﾀﾙｼ', 'ﾄﾖｶﾜﾁｮｳ', '北海道', '小樽市', '豊川町'),
(0470036, 'ﾎｯｶｲﾄﾞｳ', 'ｵﾀﾙｼ', 'ﾅｶﾞﾊｼ', '北海道', '小樽市', '長橋'),
(0470039, 'ﾎｯｶｲﾄﾞｳ', 'ｵﾀﾙｼ', 'ﾆｼｷﾏﾁ', '北海道', '小樽市', '錦町'),
(0470016, 'ﾎｯｶｲﾄﾞｳ', 'ｵﾀﾙｼ', 'ﾉﾌﾞｶﾁｮｳ', '北海道', '小樽市', '信香町'),
(0470024, 'ﾎｯｶｲﾄﾞｳ', 'ｵﾀﾙｼ', 'ﾊﾅｿﾞﾉ', '北海道', '小樽市', '花園'),
(0470266, 'ﾎｯｶｲﾄﾞｳ', 'ｵﾀﾙｼ', 'ﾊﾘｳｽﾁｮｳ', '北海道', '小樽市', '張碓町'),
(0470265, 'ﾎｯｶｲﾄﾞｳ', 'ｵﾀﾙｼ', 'ﾊﾙｶﾁｮｳ', '北海道', '小樽市', '春香町'),
(0470157, 'ﾎｯｶｲﾄﾞｳ', 'ｵﾀﾙｼ', 'ﾌﾅﾊﾏﾁｮｳ', '北海道', '小樽市', '船浜町'),
(0470155, 'ﾎｯｶｲﾄﾞｳ', 'ｵﾀﾙｼ', 'ﾎﾞｳﾖｳﾀﾞｲ', '北海道', '小樽市', '望洋台'),
(0470262, 'ﾎｯｶｲﾄﾞｳ', 'ｵﾀﾙｼ', 'ﾎｼﾉﾁｮｳ', '北海道', '小樽市', '星野町'),
(0470003, 'ﾎｯｶｲﾄﾞｳ', 'ｵﾀﾙｼ', 'ﾏｻｶｴ', '北海道', '小樽市', '真栄'),
(0470022, 'ﾎｯｶｲﾄﾞｳ', 'ｵﾀﾙｼ', 'ﾏﾂｶﾞｴ', '北海道', '小樽市', '松ケ枝'),
(0470034, 'ﾎｯｶｲﾄﾞｳ', 'ｵﾀﾙｼ', 'ﾐﾄﾞﾘ', '北海道', '小樽市', '緑'),
(0470007, 'ﾎｯｶｲﾄﾞｳ', 'ｵﾀﾙｼ', 'ﾐﾅﾄﾏﾁ', '北海道', '小樽市', '港町'),
(0470263, 'ﾎｯｶｲﾄﾞｳ', 'ｵﾀﾙｼ', 'ﾐﾊﾗｼﾁｮｳ', '北海道', '小樽市', '見晴町'),
(0470023, 'ﾎｯｶｲﾄﾞｳ', 'ｵﾀﾙｼ', 'ﾓｶﾞﾐ', '北海道', '小樽市', '最上'),
(0482673, 'ﾎｯｶｲﾄﾞｳ', 'ｵﾀﾙｼ', 'ﾓﾓﾅｲ', '北海道', '小樽市', '桃内'),
(0470025, 'ﾎｯｶｲﾄﾞｳ', 'ｵﾀﾙｼ', 'ﾔﾏﾀﾞﾏﾁ', '北海道', '小樽市', '山田町'),
(0482562, 'ﾎｯｶｲﾄﾞｳ', 'ｵﾀﾙｼ', 'ﾗﾝｼﾏ', '北海道', '小樽市', '蘭島'),
(0470001, 'ﾎｯｶｲﾄﾞｳ', 'ｵﾀﾙｼ', 'ﾜｶﾀｹﾁｮｳ', '北海道', '小樽市', '若竹町'),
(0470017, 'ﾎｯｶｲﾄﾞｳ', 'ｵﾀﾙｼ', 'ﾜｶﾏﾂ', '北海道', '小樽市', '若松'),
(0700000, 'ﾎｯｶｲﾄﾞｳ', 'ｱｻﾋｶﾜｼ', 'ｲｶﾆｹｲｻｲｶﾞﾅｲﾊﾞｱｲ', '北海道', '旭川市', '以下に掲載がない場合'),
(0798401, 'ﾎｯｶｲﾄﾞｳ', 'ｱｻﾋｶﾜｼ', 'ｱｷﾂｷ1ｼﾞｮｳ', '北海道', '旭川市', '秋月１条'),
(0798402, 'ﾎｯｶｲﾄﾞｳ', 'ｱｻﾋｶﾜｼ', 'ｱｷﾂｷ2ｼﾞｮｳ', '北海道', '旭川市', '秋月２条'),
(0798403, 'ﾎｯｶｲﾄﾞｳ', 'ｱｻﾋｶﾜｼ', 'ｱｷﾂｷ3ｼﾞｮｳ', '北海道', '旭川市', '秋月３条'),
(0700072, 'ﾎｯｶｲﾄﾞｳ', 'ｱｻﾋｶﾜｼ', 'ｱｹﾎﾞﾉｷﾀ2ｼﾞｮｳ', '北海道', '旭川市', '曙北２条'),
(0700073, 'ﾎｯｶｲﾄﾞｳ', 'ｱｻﾋｶﾜｼ', 'ｱｹﾎﾞﾉｷﾀ3ｼﾞｮｳ', '北海道', '旭川市', '曙北３条'),
(0700061, 'ﾎｯｶｲﾄﾞｳ', 'ｱｻﾋｶﾜｼ', 'ｱｹﾎﾞﾉ1ｼﾞｮｳ', '北海道', '旭川市', '曙１条'),
(0700062, 'ﾎｯｶｲﾄﾞｳ', 'ｱｻﾋｶﾜｼ', 'ｱｹﾎﾞﾉ2ｼﾞｮｳ', '北海道', '旭川市', '曙２条'),
(0700063, 'ﾎｯｶｲﾄﾞｳ', 'ｱｻﾋｶﾜｼ', 'ｱｹﾎﾞﾉ3ｼﾞｮｳ', '北海道', '旭川市', '曙３条'),
(0700822, 'ﾎｯｶｲﾄﾞｳ', 'ｱｻﾋｶﾜｼ', 'ｱｻﾋｶﾞｵｶ', '北海道', '旭川市', '旭岡'),
(0700831, 'ﾎｯｶｲﾄﾞｳ', 'ｱｻﾋｶﾜｼ', 'ｱｻﾋﾏﾁ1ｼﾞｮｳ', '北海道', '旭川市', '旭町１条'),
(0700832, 'ﾎｯｶｲﾄﾞｳ', 'ｱｻﾋｶﾜｼ', 'ｱｻﾋﾏﾁ2ｼﾞｮｳ', '北海道', '旭川市', '旭町２条'),
(0708051, 'ﾎｯｶｲﾄﾞｳ', 'ｱｻﾋｶﾜｼ', 'ｴﾀﾝﾍﾞﾂﾁｮｳｱﾗｼﾔﾏ', '北海道', '旭川市', '江丹別町嵐山'),
(0708052, 'ﾎｯｶｲﾄﾞｳ', 'ｱｻﾋｶﾜｼ', 'ｴﾀﾝﾍﾞﾂﾁｮｳｶｽｶﾞ', '北海道', '旭川市', '江丹別町春日'),
(0708053, 'ﾎｯｶｲﾄﾞｳ', 'ｱｻﾋｶﾜｼ', 'ｴﾀﾝﾍﾞﾂﾁｮｳｷｮｳﾜ', '北海道', '旭川市', '江丹別町共和'),
(0711171, 'ﾎｯｶｲﾄﾞｳ', 'ｱｻﾋｶﾜｼ', 'ｴﾀﾝﾍﾞﾂﾁｮｳｼﾐｽﾞ', '北海道', '旭川市', '江丹別町清水'),
(0711172, 'ﾎｯｶｲﾄﾞｳ', 'ｱｻﾋｶﾜｼ', 'ｴﾀﾝﾍﾞﾂﾁｮｳﾀｸﾎｸ', '北海道', '旭川市', '江丹別町拓北'),
(0711173, 'ﾎｯｶｲﾄﾞｳ', 'ｱｻﾋｶﾜｼ', 'ｴﾀﾝﾍﾞﾂﾁｮｳﾁｭｳｵｳ', '北海道', '旭川市', '江丹別町中央'),
(0711174, 'ﾎｯｶｲﾄﾞｳ', 'ｱｻﾋｶﾜｼ', 'ｴﾀﾝﾍﾞﾂﾁｮｳﾄﾐﾊﾗ', '北海道', '旭川市', '江丹別町富原'),
(0711175, 'ﾎｯｶｲﾄﾞｳ', 'ｱｻﾋｶﾜｼ', 'ｴﾀﾝﾍﾞﾂﾁｮｳﾅｶｿﾞﾉ', '北海道', '旭川市', '江丹別町中園'),
(0711176, 'ﾎｯｶｲﾄﾞｳ', 'ｱｻﾋｶﾜｼ', 'ｴﾀﾝﾍﾞﾂﾁｮｳﾆｼｻﾄ', '北海道', '旭川市', '江丹別町西里'),
(0711177, 'ﾎｯｶｲﾄﾞｳ', 'ｱｻﾋｶﾜｼ', 'ｴﾀﾝﾍﾞﾂﾁｮｳﾖｼﾉ', '北海道', '旭川市', '江丹別町芳野'),
(0700841, 'ﾎｯｶｲﾄﾞｳ', 'ｱｻﾋｶﾜｼ', 'ｵｵﾏﾁ1ｼﾞｮｳ', '北海道', '旭川市', '大町１条'),
(0700842, 'ﾎｯｶｲﾄﾞｳ', 'ｱｻﾋｶﾜｼ', 'ｵｵﾏﾁ2ｼﾞｮｳ', '北海道', '旭川市', '大町２条'),
(0700843, 'ﾎｯｶｲﾄﾞｳ', 'ｱｻﾋｶﾜｼ', 'ｵｵﾏﾁ3ｼﾞｮｳ', '北海道', '旭川市', '大町３条'),
(0788311, 'ﾎｯｶｲﾄﾞｳ', 'ｱｻﾋｶﾜｼ', 'ｶｸﾞﾗｵｶ1ｼﾞｮｳ', '北海道', '旭川市', '神楽岡１条'),
(0788312, 'ﾎｯｶｲﾄﾞｳ', 'ｱｻﾋｶﾜｼ', 'ｶｸﾞﾗｵｶ2ｼﾞｮｳ', '北海道', '旭川市', '神楽岡２条'),
(0788313, 'ﾎｯｶｲﾄﾞｳ', 'ｱｻﾋｶﾜｼ', 'ｶｸﾞﾗｵｶ3ｼﾞｮｳ', '北海道', '旭川市', '神楽岡３条'),
(0788314, 'ﾎｯｶｲﾄﾞｳ', 'ｱｻﾋｶﾜｼ', 'ｶｸﾞﾗｵｶ4ｼﾞｮｳ', '北海道', '旭川市', '神楽岡４条'),
(0788315, 'ﾎｯｶｲﾄﾞｳ', 'ｱｻﾋｶﾜｼ', 'ｶｸﾞﾗｵｶ5ｼﾞｮｳ', '北海道', '旭川市', '神楽岡５条'),
(0788316, 'ﾎｯｶｲﾄﾞｳ', 'ｱｻﾋｶﾜｼ', 'ｶｸﾞﾗｵｶ6ｼﾞｮｳ', '北海道', '旭川市', '神楽岡６条'),
(0788317, 'ﾎｯｶｲﾄﾞｳ', 'ｱｻﾋｶﾜｼ', 'ｶｸﾞﾗｵｶ7ｼﾞｮｳ', '北海道', '旭川市', '神楽岡７条'),
(0788318, 'ﾎｯｶｲﾄﾞｳ', 'ｱｻﾋｶﾜｼ', 'ｶｸﾞﾗｵｶ8ｼﾞｮｳ', '北海道', '旭川市', '神楽岡８条'),
(0788319, 'ﾎｯｶｲﾄﾞｳ', 'ｱｻﾋｶﾜｼ', 'ｶｸﾞﾗｵｶ9ｼﾞｮｳ', '北海道', '旭川市', '神楽岡９条'),
(0788320, 'ﾎｯｶｲﾄﾞｳ', 'ｱｻﾋｶﾜｼ', 'ｶｸﾞﾗｵｶ10ｼﾞｮｳ', '北海道', '旭川市', '神楽岡１０条'),
(0788321, 'ﾎｯｶｲﾄﾞｳ', 'ｱｻﾋｶﾜｼ', 'ｶｸﾞﾗｵｶ11ｼﾞｮｳ', '北海道', '旭川市', '神楽岡１１条'),
(0788322, 'ﾎｯｶｲﾄﾞｳ', 'ｱｻﾋｶﾜｼ', 'ｶｸﾞﾗｵｶ12ｼﾞｮｳ', '北海道', '旭川市', '神楽岡１２条'),
(0788323, 'ﾎｯｶｲﾄﾞｳ', 'ｱｻﾋｶﾜｼ', 'ｶｸﾞﾗｵｶ13ｼﾞｮｳ', '北海道', '旭川市', '神楽岡１３条'),
(0788324, 'ﾎｯｶｲﾄﾞｳ', 'ｱｻﾋｶﾜｼ', 'ｶｸﾞﾗｵｶ14ｼﾞｮｳ', '北海道', '旭川市', '神楽岡１４条'),
(0788325, 'ﾎｯｶｲﾄﾞｳ', 'ｱｻﾋｶﾜｼ', 'ｶｸﾞﾗｵｶ15ｼﾞｮｳ', '北海道', '旭川市', '神楽岡１５条'),
(0788326, 'ﾎｯｶｲﾄﾞｳ', 'ｱｻﾋｶﾜｼ', 'ｶｸﾞﾗｵｶ16ｼﾞｮｳ', '北海道', '旭川市', '神楽岡１６条'),
(0788327, 'ﾎｯｶｲﾄﾞｳ', 'ｱｻﾋｶﾜｼ', 'ｶｸﾞﾗｵｶｺｳｴﾝ', '北海道', '旭川市', '神楽岡公園'),
(0708001, 'ﾎｯｶｲﾄﾞｳ', 'ｱｻﾋｶﾜｼ', 'ｶｸﾞﾗ1ｼﾞｮｳ', '北海道', '旭川市', '神楽１条'),
(0708002, 'ﾎｯｶｲﾄﾞｳ', 'ｱｻﾋｶﾜｼ', 'ｶｸﾞﾗ2ｼﾞｮｳ', '北海道', '旭川市', '神楽２条'),
(0708003, 'ﾎｯｶｲﾄﾞｳ', 'ｱｻﾋｶﾜｼ', 'ｶｸﾞﾗ3ｼﾞｮｳ', '北海道', '旭川市', '神楽３条'),
(0708004, 'ﾎｯｶｲﾄﾞｳ', 'ｱｻﾋｶﾜｼ', 'ｶｸﾞﾗ4ｼﾞｮｳ', '北海道', '旭川市', '神楽４条'),
(0708005, 'ﾎｯｶｲﾄﾞｳ', 'ｱｻﾋｶﾜｼ', 'ｶｸﾞﾗ5ｼﾞｮｳ', '北海道', '旭川市', '神楽５条'),
(0708006, 'ﾎｯｶｲﾄﾞｳ', 'ｱｻﾋｶﾜｼ', 'ｶｸﾞﾗ6ｼﾞｮｳ', '北海道', '旭川市', '神楽６条'),
(0708007, 'ﾎｯｶｲﾄﾞｳ', 'ｱｻﾋｶﾜｼ', 'ｶｸﾞﾗ7ｼﾞｮｳ', '北海道', '旭川市', '神楽７条'),
(0700041, 'ﾎｯｶｲﾄﾞｳ', 'ｱｻﾋｶﾜｼ', 'ｶﾐﾄｷﾜﾁｮｳ', '北海道', '旭川市', '上常盤町'),
(0708011, 'ﾎｯｶｲﾄﾞｳ', 'ｱｻﾋｶﾜｼ', 'ｶﾑｲ1ｼﾞｮｳ', '北海道', '旭川市', '神居１条'),
(0708012, 'ﾎｯｶｲﾄﾞｳ', 'ｱｻﾋｶﾜｼ', 'ｶﾑｲ2ｼﾞｮｳ', '北海道', '旭川市', '神居２条'),
(0708013, 'ﾎｯｶｲﾄﾞｳ', 'ｱｻﾋｶﾜｼ', 'ｶﾑｲ3ｼﾞｮｳ', '北海道', '旭川市', '神居３条'),
(0708014, 'ﾎｯｶｲﾄﾞｳ', 'ｱｻﾋｶﾜｼ', 'ｶﾑｲ4ｼﾞｮｳ', '北海道', '旭川市', '神居４条'),
(0708015, 'ﾎｯｶｲﾄﾞｳ', 'ｱｻﾋｶﾜｼ', 'ｶﾑｲ5ｼﾞｮｳ', '北海道', '旭川市', '神居５条'),
(0708016, 'ﾎｯｶｲﾄﾞｳ', 'ｱｻﾋｶﾜｼ', 'ｶﾑｲ6ｼﾞｮｳ', '北海道', '旭川市', '神居６条'),
(0708017, 'ﾎｯｶｲﾄﾞｳ', 'ｱｻﾋｶﾜｼ', 'ｶﾑｲ7ｼﾞｮｳ', '北海道', '旭川市', '神居７条'),
(0708018, 'ﾎｯｶｲﾄﾞｳ', 'ｱｻﾋｶﾜｼ', 'ｶﾑｲ8ｼﾞｮｳ', '北海道', '旭川市', '神居８条'),
(0708019, 'ﾎｯｶｲﾄﾞｳ', 'ｱｻﾋｶﾜｼ', 'ｶﾑｲ9ｼﾞｮｳ', '北海道', '旭川市', '神居９条'),
(0708033, 'ﾎｯｶｲﾄﾞｳ', 'ｱｻﾋｶﾜｼ', 'ｶﾑｲﾁｮｳｳﾌﾞﾝ', '北海道', '旭川市', '神居町雨紛'),
(0708034, 'ﾎｯｶｲﾄﾞｳ', 'ｱｻﾋｶﾜｼ', 'ｶﾑｲﾁｮｳｶﾐｳﾌﾞﾝ', '北海道', '旭川市', '神居町上雨紛'),
(0708026, 'ﾎｯｶｲﾄﾞｳ', 'ｱｻﾋｶﾜｼ', 'ｶﾑｲﾁｮｳｶﾐｵｶ', '北海道', '旭川市', '神居町神岡'),
(0780185, 'ﾎｯｶｲﾄﾞｳ', 'ｱｻﾋｶﾜｼ', 'ｶﾑｲﾁｮｳｶﾑｲｺﾀﾝ', '北海道', '旭川市', '神居町神居古潭'),
(0708032, 'ﾎｯｶｲﾄﾞｳ', 'ｱｻﾋｶﾜｼ', 'ｶﾑｲﾁｮｳｷｮｳｴｲ', '北海道', '旭川市', '神居町共栄'),
(0708031, 'ﾎｯｶｲﾄﾞｳ', 'ｱｻﾋｶﾜｼ', 'ｶﾑｲﾁｮｳｼﾝｶ', '北海道', '旭川市', '神居町神華'),
(0708022, 'ﾎｯｶｲﾄﾞｳ', 'ｱｻﾋｶﾜｼ', 'ｶﾑｲﾁｮｳﾀﾞｲﾊﾞ', '北海道', '旭川市', '神居町台場'),
(0708021, 'ﾎｯｶｲﾄﾞｳ', 'ｱｻﾋｶﾜｼ', 'ｶﾑｲﾁｮｳﾁｭｳﾜ', '北海道', '旭川市', '神居町忠和'),
(0708025, 'ﾎｯｶｲﾄﾞｳ', 'ｱｻﾋｶﾜｼ', 'ｶﾑｲﾁｮｳﾄﾐｵｶ', '北海道', '旭川市', '神居町富岡'),
(0708024, 'ﾎｯｶｲﾄﾞｳ', 'ｱｻﾋｶﾜｼ', 'ｶﾑｲﾁｮｳﾄﾐｻﾜ', '北海道', '旭川市', '神居町富沢'),
(0741182, 'ﾎｯｶｲﾄﾞｳ', 'ｱｻﾋｶﾜｼ', 'ｶﾑｲﾁｮｳﾄﾖｻﾄ', '北海道', '旭川市', '神居町豊里'),
(0708023, 'ﾎｯｶｲﾄﾞｳ', 'ｱｻﾋｶﾜｼ', 'ｶﾑｲﾁｮｳﾊﾙｼﾅｲ', '北海道', '旭川市', '神居町春志内'),
(0780186, 'ﾎｯｶｲﾄﾞｳ', 'ｱｻﾋｶﾜｼ', 'ｶﾑｲﾁｮｳﾆｼｵｶ(8-22ﾊﾞﾝﾁ)', '北海道', '旭川市', '神居町西丘（８−２２番地）'),
(0741181, 'ﾎｯｶｲﾄﾞｳ', 'ｱｻﾋｶﾜｼ', 'ｶﾑｲﾁｮｳﾆｼｵｶ(ｿﾉﾀ)', '北海道', '旭川市', '神居町西丘（その他）'),
(0700081, 'ﾎｯｶｲﾄﾞｳ', 'ｱｻﾋｶﾜｼ', 'ｶﾒｷﾁ1ｼﾞｮｳ', '北海道', '旭川市', '亀吉１条'),
(0700082, 'ﾎｯｶｲﾄﾞｳ', 'ｱｻﾋｶﾜｼ', 'ｶﾒｷﾁ2ｼﾞｮｳ', '北海道', '旭川市', '亀吉２条'),
(0700083, 'ﾎｯｶｲﾄﾞｳ', 'ｱｻﾋｶﾜｼ', 'ｶﾒｷﾁ3ｼﾞｮｳ', '北海道', '旭川市', '亀吉３条'),
(0700811, 'ﾎｯｶｲﾄﾞｳ', 'ｱｻﾋｶﾜｼ', 'ｶﾜﾊﾞﾀﾁｮｳ1ｼﾞｮｳ', '北海道', '旭川市', '川端町１条'),
(0700812, 'ﾎｯｶｲﾄﾞｳ', 'ｱｻﾋｶﾜｼ', 'ｶﾜﾊﾞﾀﾁｮｳ2ｼﾞｮｳ', '北海道', '旭川市', '川端町２条'),
(0700813, 'ﾎｯｶｲﾄﾞｳ', 'ｱｻﾋｶﾜｼ', 'ｶﾜﾊﾞﾀﾁｮｳ3ｼﾞｮｳ', '北海道', '旭川市', '川端町３条'),
(0700814, 'ﾎｯｶｲﾄﾞｳ', 'ｱｻﾋｶﾜｼ', 'ｶﾜﾊﾞﾀﾁｮｳ4ｼﾞｮｳ', '北海道', '旭川市', '川端町４条'),
(0700815, 'ﾎｯｶｲﾄﾞｳ', 'ｱｻﾋｶﾜｼ', 'ｶﾜﾊﾞﾀﾁｮｳ5ｼﾞｮｳ', '北海道', '旭川市', '川端町５条'),
(0700816, 'ﾎｯｶｲﾄﾞｳ', 'ｱｻﾋｶﾜｼ', 'ｶﾜﾊﾞﾀﾁｮｳ6ｼﾞｮｳ', '北海道', '旭川市', '川端町６条'),
(0700817, 'ﾎｯｶｲﾄﾞｳ', 'ｱｻﾋｶﾜｼ', 'ｶﾜﾊﾞﾀﾁｮｳ7ｼﾞｮｳ', '北海道', '旭川市', '川端町７条'),
(0788371, 'ﾎｯｶｲﾄﾞｳ', 'ｱｻﾋｶﾜｼ', 'ｷｮｸｼﾝ1ｼﾞｮｳ', '北海道', '旭川市', '旭神１条'),
(0788372, 'ﾎｯｶｲﾄﾞｳ', 'ｱｻﾋｶﾜｼ', 'ｷｮｸｼﾝ2ｼﾞｮｳ', '北海道', '旭川市', '旭神２条'),
(0788373, 'ﾎｯｶｲﾄﾞｳ', 'ｱｻﾋｶﾜｼ', 'ｷｮｸｼﾝ3ｼﾞｮｳ', '北海道', '旭川市', '旭神３条'),
(0788308, 'ﾎｯｶｲﾄﾞｳ', 'ｱｻﾋｶﾜｼ', 'ｷｮｸｼﾝﾁｮｳ', '北海道', '旭川市', '旭神町'),
(0700029, 'ﾎｯｶｲﾄﾞｳ', 'ｱｻﾋｶﾜｼ', 'ｷﾝｾｲﾁｮｳ', '北海道', '旭川市', '金星町'),
(0788271, 'ﾎｯｶｲﾄﾞｳ', 'ｱｻﾋｶﾜｼ', 'ｺｳｷﾞｮｳﾀﾞﾝﾁ1ｼﾞｮｳ', '北海道', '旭川市', '工業団地１条'),
(0788272, 'ﾎｯｶｲﾄﾞｳ', 'ｱｻﾋｶﾜｼ', 'ｺｳｷﾞｮｳﾀﾞﾝﾁ2ｼﾞｮｳ', '北海道', '旭川市', '工業団地２条'),
(0788273, 'ﾎｯｶｲﾄﾞｳ', 'ｱｻﾋｶﾜｼ', 'ｺｳｷﾞｮｳﾀﾞﾝﾁ3ｼﾞｮｳ', '北海道', '旭川市', '工業団地３条'),
(0788274, 'ﾎｯｶｲﾄﾞｳ', 'ｱｻﾋｶﾜｼ', 'ｺｳｷﾞｮｳﾀﾞﾝﾁ4ｼﾞｮｳ', '北海道', '旭川市', '工業団地４条'),
(0788275, 'ﾎｯｶｲﾄﾞｳ', 'ｱｻﾋｶﾜｼ', 'ｺｳｷﾞｮｳﾀﾞﾝﾁ5ｼﾞｮｳ', '北海道', '旭川市', '工業団地５条'),
(0700871, 'ﾎｯｶｲﾄﾞｳ', 'ｱｻﾋｶﾜｼ', 'ｼｭﾝｺｳ1ｼﾞｮｳ', '北海道', '旭川市', '春光１条'),
(0700872, 'ﾎｯｶｲﾄﾞｳ', 'ｱｻﾋｶﾜｼ', 'ｼｭﾝｺｳ2ｼﾞｮｳ', '北海道', '旭川市', '春光２条'),
(0700873, 'ﾎｯｶｲﾄﾞｳ', 'ｱｻﾋｶﾜｼ', 'ｼｭﾝｺｳ3ｼﾞｮｳ', '北海道', '旭川市', '春光３条'),
(0700874, 'ﾎｯｶｲﾄﾞｳ', 'ｱｻﾋｶﾜｼ', 'ｼｭﾝｺｳ4ｼﾞｮｳ', '北海道', '旭川市', '春光４条'),
(0700875, 'ﾎｯｶｲﾄﾞｳ', 'ｱｻﾋｶﾜｼ', 'ｼｭﾝｺｳ5ｼﾞｮｳ', '北海道', '旭川市', '春光５条'),
(0700876, 'ﾎｯｶｲﾄﾞｳ', 'ｱｻﾋｶﾜｼ', 'ｼｭﾝｺｳ6ｼﾞｮｳ', '北海道', '旭川市', '春光６条'),
(0700877, 'ﾎｯｶｲﾄﾞｳ', 'ｱｻﾋｶﾜｼ', 'ｼｭﾝｺｳ7ｼﾞｮｳ', '北海道', '旭川市', '春光７条'),
(0718141, 'ﾎｯｶｲﾄﾞｳ', 'ｱｻﾋｶﾜｼ', 'ｼｭﾝｺｳﾀﾞｲ1ｼﾞｮｳ', '北海道', '旭川市', '春光台１条'),
(0718142, 'ﾎｯｶｲﾄﾞｳ', 'ｱｻﾋｶﾜｼ', 'ｼｭﾝｺｳﾀﾞｲ2ｼﾞｮｳ', '北海道', '旭川市', '春光台２条'),
(0718143, 'ﾎｯｶｲﾄﾞｳ', 'ｱｻﾋｶﾜｼ', 'ｼｭﾝｺｳﾀﾞｲ3ｼﾞｮｳ', '北海道', '旭川市', '春光台３条'),
(0718144, 'ﾎｯｶｲﾄﾞｳ', 'ｱｻﾋｶﾜｼ', 'ｼｭﾝｺｳﾀﾞｲ4ｼﾞｮｳ', '北海道', '旭川市', '春光台４条'),
(0718145, 'ﾎｯｶｲﾄﾞｳ', 'ｱｻﾋｶﾜｼ', 'ｼｭﾝｺｳﾀﾞｲ5ｼﾞｮｳ', '北海道', '旭川市', '春光台５条'),
(0700902, 'ﾎｯｶｲﾄﾞｳ', 'ｱｻﾋｶﾜｼ', 'ｼｭﾝｺｳﾁｮｳ', '北海道', '旭川市', '春光町'),
(0700014, 'ﾎｯｶｲﾄﾞｳ', 'ｱｻﾋｶﾜｼ', 'ｼﾝｾｲﾁｮｳ', '北海道', '旭川市', '新星町'),
(0700001, 'ﾎｯｶｲﾄﾞｳ', 'ｱｻﾋｶﾜｼ', 'ｼﾝﾄﾐ1ｼﾞｮｳ', '北海道', '旭川市', '新富１条'),
(0700002, 'ﾎｯｶｲﾄﾞｳ', 'ｱｻﾋｶﾜｼ', 'ｼﾝﾄﾐ2ｼﾞｮｳ', '北海道', '旭川市', '新富２条'),
(0700003, 'ﾎｯｶｲﾄﾞｳ', 'ｱｻﾋｶﾜｼ', 'ｼﾝﾄﾐ3ｼﾞｮｳ', '北海道', '旭川市', '新富３条'),
(0718131, 'ﾎｯｶｲﾄﾞｳ', 'ｱｻﾋｶﾜｼ', 'ｽｴﾋﾛ1ｼﾞｮｳ', '北海道', '旭川市', '末広１条'),
(0718132, 'ﾎｯｶｲﾄﾞｳ', 'ｱｻﾋｶﾜｼ', 'ｽｴﾋﾛ2ｼﾞｮｳ', '北海道', '旭川市', '末広２条'),
(0718133, 'ﾎｯｶｲﾄﾞｳ', 'ｱｻﾋｶﾜｼ', 'ｽｴﾋﾛ3ｼﾞｮｳ', '北海道', '旭川市', '末広３条'),
(0718134, 'ﾎｯｶｲﾄﾞｳ', 'ｱｻﾋｶﾜｼ', 'ｽｴﾋﾛ4ｼﾞｮｳ', '北海道', '旭川市', '末広４条'),
(0718135, 'ﾎｯｶｲﾄﾞｳ', 'ｱｻﾋｶﾜｼ', 'ｽｴﾋﾛ5ｼﾞｮｳ', '北海道', '旭川市', '末広５条'),
(0718136, 'ﾎｯｶｲﾄﾞｳ', 'ｱｻﾋｶﾜｼ', 'ｽｴﾋﾛ6ｼﾞｮｳ', '北海道', '旭川市', '末広６条'),
(0718137, 'ﾎｯｶｲﾄﾞｳ', 'ｱｻﾋｶﾜｼ', 'ｽｴﾋﾛ7ｼﾞｮｳ', '北海道', '旭川市', '末広７条'),
(0718138, 'ﾎｯｶｲﾄﾞｳ', 'ｱｻﾋｶﾜｼ', 'ｽｴﾋﾛ8ｼﾞｮｳ', '北海道', '旭川市', '末広８条'),
(0718121, 'ﾎｯｶｲﾄﾞｳ', 'ｱｻﾋｶﾜｼ', 'ｽｴﾋﾛﾋｶﾞｼ1ｼﾞｮｳ', '北海道', '旭川市', '末広東１条'),
(0718122, 'ﾎｯｶｲﾄﾞｳ', 'ｱｻﾋｶﾜｼ', 'ｽｴﾋﾛﾋｶﾞｼ2ｼﾞｮｳ', '北海道', '旭川市', '末広東２条'),
(0718123, 'ﾎｯｶｲﾄﾞｳ', 'ｱｻﾋｶﾜｼ', 'ｽｴﾋﾛﾋｶﾞｼ3ｼﾞｮｳ', '北海道', '旭川市', '末広東３条'),
(0700864, 'ﾎｯｶｲﾄﾞｳ', 'ｱｻﾋｶﾜｼ', 'ｽﾐﾖｼ4ｼﾞｮｳ', '北海道', '旭川市', '住吉４条'),
(0700865, 'ﾎｯｶｲﾄﾞｳ', 'ｱｻﾋｶﾜｼ', 'ｽﾐﾖｼ5ｼﾞｮｳ', '北海道', '旭川市', '住吉５条'),
(0700866, 'ﾎｯｶｲﾄﾞｳ', 'ｱｻﾋｶﾜｼ', 'ｽﾐﾖｼ6ｼﾞｮｳ', '北海道', '旭川市', '住吉６条'),
(0700867, 'ﾎｯｶｲﾄﾞｳ', 'ｱｻﾋｶﾜｼ', 'ｽﾐﾖｼ7ｼﾞｮｳ', '北海道', '旭川市', '住吉７条'),
(0700010, 'ﾎｯｶｲﾄﾞｳ', 'ｱｻﾋｶﾜｼ', 'ﾀｲｾﾂﾄﾞｵﾘ', '北海道', '旭川市', '大雪通'),
(0708071, 'ﾎｯｶｲﾄﾞｳ', 'ｱｻﾋｶﾜｼ', 'ﾀﾞｲﾊﾞ1ｼﾞｮｳ', '北海道', '旭川市', '台場１条'),
(0708072, 'ﾎｯｶｲﾄﾞｳ', 'ｱｻﾋｶﾜｼ', 'ﾀﾞｲﾊﾞ2ｼﾞｮｳ', '北海道', '旭川市', '台場２条'),
(0708073, 'ﾎｯｶｲﾄﾞｳ', 'ｱｻﾋｶﾜｼ', 'ﾀﾞｲﾊﾞ3ｼﾞｮｳ', '北海道', '旭川市', '台場３条'),
(0708074, 'ﾎｯｶｲﾄﾞｳ', 'ｱｻﾋｶﾜｼ', 'ﾀﾞｲﾊﾞ4ｼﾞｮｳ', '北海道', '旭川市', '台場４条'),
(0708027, 'ﾎｯｶｲﾄﾞｳ', 'ｱｻﾋｶﾜｼ', 'ﾀﾞｲﾊﾞﾋｶﾞｼ', '北海道', '旭川市', '台場東'),
(0708061, 'ﾎｯｶｲﾄﾞｳ', 'ｱｻﾋｶﾜｼ', 'ﾀｶｻｺﾞﾀﾞｲ', '北海道', '旭川市', '高砂台'),
(0700821, 'ﾎｯｶｲﾄﾞｳ', 'ｱｻﾋｶﾜｼ', 'ﾁｶﾌﾞﾐﾁｮｳ', '北海道', '旭川市', '近文町'),
(0708041, 'ﾎｯｶｲﾄﾞｳ', 'ｱｻﾋｶﾜｼ', 'ﾁｭｳﾜ1ｼﾞｮｳ', '北海道', '旭川市', '忠和１条'),
(0708042, 'ﾎｯｶｲﾄﾞｳ', 'ｱｻﾋｶﾜｼ', 'ﾁｭｳﾜ2ｼﾞｮｳ', '北海道', '旭川市', '忠和２条'),
(0708043, 'ﾎｯｶｲﾄﾞｳ', 'ｱｻﾋｶﾜｼ', 'ﾁｭｳﾜ3ｼﾞｮｳ', '北海道', '旭川市', '忠和３条'),
(0708044, 'ﾎｯｶｲﾄﾞｳ', 'ｱｻﾋｶﾜｼ', 'ﾁｭｳﾜ4ｼﾞｮｳ', '北海道', '旭川市', '忠和４条'),
(0708045, 'ﾎｯｶｲﾄﾞｳ', 'ｱｻﾋｶﾜｼ', 'ﾁｭｳﾜ5ｼﾞｮｳ', '北海道', '旭川市', '忠和５条'),
(0708046, 'ﾎｯｶｲﾄﾞｳ', 'ｱｻﾋｶﾜｼ', 'ﾁｭｳﾜ6ｼﾞｮｳ', '北海道', '旭川市', '忠和６条'),
(0708047, 'ﾎｯｶｲﾄﾞｳ', 'ｱｻﾋｶﾜｼ', 'ﾁｭｳﾜ7ｼﾞｮｳ', '北海道', '旭川市', '忠和７条'),
(0708048, 'ﾎｯｶｲﾄﾞｳ', 'ｱｻﾋｶﾜｼ', 'ﾁｭｳﾜ8ｼﾞｮｳ', '北海道', '旭川市', '忠和８条'),
(0708049, 'ﾎｯｶｲﾄﾞｳ', 'ｱｻﾋｶﾜｼ', 'ﾁｭｳﾜ9ｼﾞｮｳ', '北海道', '旭川市', '忠和９条'),
(0788341, 'ﾎｯｶｲﾄﾞｳ', 'ｱｻﾋｶﾜｼ', 'ﾄｳｺｳ1ｼﾞｮｳ', '北海道', '旭川市', '東光１条'),
(0788342, 'ﾎｯｶｲﾄﾞｳ', 'ｱｻﾋｶﾜｼ', 'ﾄｳｺｳ2ｼﾞｮｳ', '北海道', '旭川市', '東光２条'),
(0788343, 'ﾎｯｶｲﾄﾞｳ', 'ｱｻﾋｶﾜｼ', 'ﾄｳｺｳ3ｼﾞｮｳ', '北海道', '旭川市', '東光３条'),
(0788344, 'ﾎｯｶｲﾄﾞｳ', 'ｱｻﾋｶﾜｼ', 'ﾄｳｺｳ4ｼﾞｮｳ', '北海道', '旭川市', '東光４条'),
(0788345, 'ﾎｯｶｲﾄﾞｳ', 'ｱｻﾋｶﾜｼ', 'ﾄｳｺｳ5ｼﾞｮｳ', '北海道', '旭川市', '東光５条'),
(0788346, 'ﾎｯｶｲﾄﾞｳ', 'ｱｻﾋｶﾜｼ', 'ﾄｳｺｳ6ｼﾞｮｳ', '北海道', '旭川市', '東光６条'),
(0788347, 'ﾎｯｶｲﾄﾞｳ', 'ｱｻﾋｶﾜｼ', 'ﾄｳｺｳ7ｼﾞｮｳ', '北海道', '旭川市', '東光７条'),
(0788348, 'ﾎｯｶｲﾄﾞｳ', 'ｱｻﾋｶﾜｼ', 'ﾄｳｺｳ8ｼﾞｮｳ', '北海道', '旭川市', '東光８条'),
(0788349, 'ﾎｯｶｲﾄﾞｳ', 'ｱｻﾋｶﾜｼ', 'ﾄｳｺｳ9ｼﾞｮｳ', '北海道', '旭川市', '東光９条'),
(0788350, 'ﾎｯｶｲﾄﾞｳ', 'ｱｻﾋｶﾜｼ', 'ﾄｳｺｳ10ｼﾞｮｳ', '北海道', '旭川市', '東光１０条'),
(0788351, 'ﾎｯｶｲﾄﾞｳ', 'ｱｻﾋｶﾜｼ', 'ﾄｳｺｳ11ｼﾞｮｳ', '北海道', '旭川市', '東光１１条'),
(0788352, 'ﾎｯｶｲﾄﾞｳ', 'ｱｻﾋｶﾜｼ', 'ﾄｳｺｳ12ｼﾞｮｳ', '北海道', '旭川市', '東光１２条'),
(0788353, 'ﾎｯｶｲﾄﾞｳ', 'ｱｻﾋｶﾜｼ', 'ﾄｳｺｳ13ｼﾞｮｳ', '北海道', '旭川市', '東光１３条'),
(0788354, 'ﾎｯｶｲﾄﾞｳ', 'ｱｻﾋｶﾜｼ', 'ﾄｳｺｳ14ｼﾞｮｳ', '北海道', '旭川市', '東光１４条'),
(0788355, 'ﾎｯｶｲﾄﾞｳ', 'ｱｻﾋｶﾜｼ', 'ﾄｳｺｳ15ｼﾞｮｳ', '北海道', '旭川市', '東光１５条'),
(0788356, 'ﾎｯｶｲﾄﾞｳ', 'ｱｻﾋｶﾜｼ', 'ﾄｳｺｳ16ｼﾞｮｳ', '北海道', '旭川市', '東光１６条'),
(0788357, 'ﾎｯｶｲﾄﾞｳ', 'ｱｻﾋｶﾜｼ', 'ﾄｳｺｳ17ｼﾞｮｳ', '北海道', '旭川市', '東光１７条'),
(0788358, 'ﾎｯｶｲﾄﾞｳ', 'ｱｻﾋｶﾜｼ', 'ﾄｳｺｳ18ｼﾞｮｳ', '北海道', '旭川市', '東光１８条'),
(0788359, 'ﾎｯｶｲﾄﾞｳ', 'ｱｻﾋｶﾜｼ', 'ﾄｳｺｳ19ｼﾞｮｳ', '北海道', '旭川市', '東光１９条'),
(0788360, 'ﾎｯｶｲﾄﾞｳ', 'ｱｻﾋｶﾜｼ', 'ﾄｳｺｳ20ｼﾞｮｳ', '北海道', '旭川市', '東光２０条'),
(0788361, 'ﾎｯｶｲﾄﾞｳ', 'ｱｻﾋｶﾜｼ', 'ﾄｳｺｳ21ｼﾞｮｳ', '北海道', '旭川市', '東光２１条'),
(0788362, 'ﾎｯｶｲﾄﾞｳ', 'ｱｻﾋｶﾜｼ', 'ﾄｳｺｳ22ｼﾞｮｳ', '北海道', '旭川市', '東光２２条'),
(0788363, 'ﾎｯｶｲﾄﾞｳ', 'ｱｻﾋｶﾜｼ', 'ﾄｳｺｳ23ｼﾞｮｳ', '北海道', '旭川市', '東光２３条'),
(0788364, 'ﾎｯｶｲﾄﾞｳ', 'ｱｻﾋｶﾜｼ', 'ﾄｳｺｳ24ｼﾞｮｳ', '北海道', '旭川市', '東光２４条'),
(0788365, 'ﾎｯｶｲﾄﾞｳ', 'ｱｻﾋｶﾜｼ', 'ﾄｳｺｳ25ｼﾞｮｳ', '北海道', '旭川市', '東光２５条'),
(0788366, 'ﾎｯｶｲﾄﾞｳ', 'ｱｻﾋｶﾜｼ', 'ﾄｳｺｳ26ｼﾞｮｳ', '北海道', '旭川市', '東光２６条'),
(0788367, 'ﾎｯｶｲﾄﾞｳ', 'ｱｻﾋｶﾜｼ', 'ﾄｳｺｳ27ｼﾞｮｳ', '北海道', '旭川市', '東光２７条'),
(0700044, 'ﾎｯｶｲﾄﾞｳ', 'ｱｻﾋｶﾜｼ', 'ﾄｷﾜｺｳｴﾝ', '北海道', '旭川市', '常磐公園'),
(0700043, 'ﾎｯｶｲﾄﾞｳ', 'ｱｻﾋｶﾜｼ', 'ﾄｷﾜﾄﾞｵﾘ', '北海道', '旭川市', '常盤通'),
(0788231, 'ﾎｯｶｲﾄﾞｳ', 'ｱｻﾋｶﾜｼ', 'ﾄﾖｵｶ1ｼﾞｮｳ', '北海道', '旭川市', '豊岡１条'),
(0788232, 'ﾎｯｶｲﾄﾞｳ', 'ｱｻﾋｶﾜｼ', 'ﾄﾖｵｶ2ｼﾞｮｳ', '北海道', '旭川市', '豊岡２条'),
(0788233, 'ﾎｯｶｲﾄﾞｳ', 'ｱｻﾋｶﾜｼ', 'ﾄﾖｵｶ3ｼﾞｮｳ', '北海道', '旭川市', '豊岡３条'),
(0788234, 'ﾎｯｶｲﾄﾞｳ', 'ｱｻﾋｶﾜｼ', 'ﾄﾖｵｶ4ｼﾞｮｳ', '北海道', '旭川市', '豊岡４条'),
(0788235, 'ﾎｯｶｲﾄﾞｳ', 'ｱｻﾋｶﾜｼ', 'ﾄﾖｵｶ5ｼﾞｮｳ', '北海道', '旭川市', '豊岡５条'),
(0788236, 'ﾎｯｶｲﾄﾞｳ', 'ｱｻﾋｶﾜｼ', 'ﾄﾖｵｶ6ｼﾞｮｳ', '北海道', '旭川市', '豊岡６条'),
(0788237, 'ﾎｯｶｲﾄﾞｳ', 'ｱｻﾋｶﾜｼ', 'ﾄﾖｵｶ7ｼﾞｮｳ', '北海道', '旭川市', '豊岡７条'),
(0788238, 'ﾎｯｶｲﾄﾞｳ', 'ｱｻﾋｶﾜｼ', 'ﾄﾖｵｶ8ｼﾞｮｳ', '北海道', '旭川市', '豊岡８条'),
(0788239, 'ﾎｯｶｲﾄﾞｳ', 'ｱｻﾋｶﾜｼ', 'ﾄﾖｵｶ9ｼﾞｮｳ', '北海道', '旭川市', '豊岡９条'),
(0788240, 'ﾎｯｶｲﾄﾞｳ', 'ｱｻﾋｶﾜｼ', 'ﾄﾖｵｶ10ｼﾞｮｳ', '北海道', '旭川市', '豊岡１０条'),
(0788241, 'ﾎｯｶｲﾄﾞｳ', 'ｱｻﾋｶﾜｼ', 'ﾄﾖｵｶ11ｼﾞｮｳ', '北海道', '旭川市', '豊岡１１条'),
(0788242, 'ﾎｯｶｲﾄﾞｳ', 'ｱｻﾋｶﾜｼ', 'ﾄﾖｵｶ12ｼﾞｮｳ', '北海道', '旭川市', '豊岡１２条'),
(0788243, 'ﾎｯｶｲﾄﾞｳ', 'ｱｻﾋｶﾜｼ', 'ﾄﾖｵｶ13ｼﾞｮｳ', '北海道', '旭川市', '豊岡１３条'),
(0788244, 'ﾎｯｶｲﾄﾞｳ', 'ｱｻﾋｶﾜｼ', 'ﾄﾖｵｶ14ｼﾞｮｳ', '北海道', '旭川市', '豊岡１４条'),
(0788245, 'ﾎｯｶｲﾄﾞｳ', 'ｱｻﾋｶﾜｼ', 'ﾄﾖｵｶ15ｼﾞｮｳ', '北海道', '旭川市', '豊岡１５条'),
(0788246, 'ﾎｯｶｲﾄﾞｳ', 'ｱｻﾋｶﾜｼ', 'ﾄﾖｵｶ16ｼﾞｮｳ', '北海道', '旭川市', '豊岡１６条'),
(0700042, 'ﾎｯｶｲﾄﾞｳ', 'ｱｻﾋｶﾜｼ', 'ﾅｶﾄｷﾜﾁｮｳ', '北海道', '旭川市', '中常盤町'),
(0798411, 'ﾎｯｶｲﾄﾞｳ', 'ｱｻﾋｶﾜｼ', 'ﾅｶﾞﾔﾏ1ｼﾞｮｳ', '北海道', '旭川市', '永山１条'),
(0798412, 'ﾎｯｶｲﾄﾞｳ', 'ｱｻﾋｶﾜｼ', 'ﾅｶﾞﾔﾏ2ｼﾞｮｳ', '北海道', '旭川市', '永山２条'),
(0798413, 'ﾎｯｶｲﾄﾞｳ', 'ｱｻﾋｶﾜｼ', 'ﾅｶﾞﾔﾏ3ｼﾞｮｳ', '北海道', '旭川市', '永山３条'),
(0798414, 'ﾎｯｶｲﾄﾞｳ', 'ｱｻﾋｶﾜｼ', 'ﾅｶﾞﾔﾏ4ｼﾞｮｳ', '北海道', '旭川市', '永山４条'),
(0798415, 'ﾎｯｶｲﾄﾞｳ', 'ｱｻﾋｶﾜｼ', 'ﾅｶﾞﾔﾏ5ｼﾞｮｳ', '北海道', '旭川市', '永山５条'),
(0798416, 'ﾎｯｶｲﾄﾞｳ', 'ｱｻﾋｶﾜｼ', 'ﾅｶﾞﾔﾏ6ｼﾞｮｳ', '北海道', '旭川市', '永山６条'),
(0798417, 'ﾎｯｶｲﾄﾞｳ', 'ｱｻﾋｶﾜｼ', 'ﾅｶﾞﾔﾏ7ｼﾞｮｳ', '北海道', '旭川市', '永山７条'),
(0798418, 'ﾎｯｶｲﾄﾞｳ', 'ｱｻﾋｶﾜｼ', 'ﾅｶﾞﾔﾏ8ｼﾞｮｳ', '北海道', '旭川市', '永山８条'),
(0798419, 'ﾎｯｶｲﾄﾞｳ', 'ｱｻﾋｶﾜｼ', 'ﾅｶﾞﾔﾏ9ｼﾞｮｳ', '北海道', '旭川市', '永山９条'),
(0798420, 'ﾎｯｶｲﾄﾞｳ', 'ｱｻﾋｶﾜｼ', 'ﾅｶﾞﾔﾏ10ｼﾞｮｳ', '北海道', '旭川市', '永山１０条'),
(0798421, 'ﾎｯｶｲﾄﾞｳ', 'ｱｻﾋｶﾜｼ', 'ﾅｶﾞﾔﾏ11ｼﾞｮｳ', '北海道', '旭川市', '永山１１条'),
(0798422, 'ﾎｯｶｲﾄﾞｳ', 'ｱｻﾋｶﾜｼ', 'ﾅｶﾞﾔﾏ12ｼﾞｮｳ', '北海道', '旭川市', '永山１２条'),
(0798423, 'ﾎｯｶｲﾄﾞｳ', 'ｱｻﾋｶﾜｼ', 'ﾅｶﾞﾔﾏ13ｼﾞｮｳ', '北海道', '旭川市', '永山１３条'),
(0798424, 'ﾎｯｶｲﾄﾞｳ', 'ｱｻﾋｶﾜｼ', 'ﾅｶﾞﾔﾏ14ｼﾞｮｳ', '北海道', '旭川市', '永山１４条'),
(0798451, 'ﾎｯｶｲﾄﾞｳ', 'ｱｻﾋｶﾜｼ', 'ﾅｶﾞﾔﾏｷﾀ1ｼﾞｮｳ', '北海道', '旭川市', '永山北１条'),
(0798452, 'ﾎｯｶｲﾄﾞｳ', 'ｱｻﾋｶﾜｼ', 'ﾅｶﾞﾔﾏｷﾀ2ｼﾞｮｳ', '北海道', '旭川市', '永山北２条'),
(0798453, 'ﾎｯｶｲﾄﾞｳ', 'ｱｻﾋｶﾜｼ', 'ﾅｶﾞﾔﾏｷﾀ3ｼﾞｮｳ', '北海道', '旭川市', '永山北３条'),
(0798454, 'ﾎｯｶｲﾄﾞｳ', 'ｱｻﾋｶﾜｼ', 'ﾅｶﾞﾔﾏｷﾀ4ｼﾞｮｳ', '北海道', '旭川市', '永山北４条'),
(0798431, 'ﾎｯｶｲﾄﾞｳ', 'ｱｻﾋｶﾜｼ', 'ﾅｶﾞﾔﾏﾁｮｳ', '北海道', '旭川市', '永山町'),
(0710173, 'ﾎｯｶｲﾄﾞｳ', 'ｱｻﾋｶﾜｼ', 'ﾆｼｶｸﾞﾗｷﾀ1ｼﾞｮｳ', '北海道', '旭川市', '西神楽北１条'),
(0710174, 'ﾎｯｶｲﾄﾞｳ', 'ｱｻﾋｶﾜｼ', 'ﾆｼｶｸﾞﾗｷﾀ2ｼﾞｮｳ', '北海道', '旭川市', '西神楽北２条'),
(0710171, 'ﾎｯｶｲﾄﾞｳ', 'ｱｻﾋｶﾜｼ', 'ﾆｼｶｸﾞﾗﾐﾅﾐ1ｼﾞｮｳ', '北海道', '旭川市', '西神楽南１条'),
(0710172, 'ﾎｯｶｲﾄﾞｳ', 'ｱｻﾋｶﾜｼ', 'ﾆｼｶｸﾞﾗﾐﾅﾐ2ｼﾞｮｳ', '北海道', '旭川市', '西神楽南２条'),
(0710186, 'ﾎｯｶｲﾄﾞｳ', 'ｱｻﾋｶﾜｼ', 'ﾆｼｶｸﾞﾗﾐﾅﾐ', '北海道', '旭川市', '西神楽南'),
(0788381, 'ﾎｯｶｲﾄﾞｳ', 'ｱｻﾋｶﾜｼ', 'ﾆｼｶｸﾞﾗ1ｾﾝ', '北海道', '旭川市', '西神楽１線'),
(0788382, 'ﾎｯｶｲﾄﾞｳ', 'ｱｻﾋｶﾜｼ', 'ﾆｼｶｸﾞﾗ2ｾﾝ', '北海道', '旭川市', '西神楽２線'),
(0788383, 'ﾎｯｶｲﾄﾞｳ', 'ｱｻﾋｶﾜｼ', 'ﾆｼｶｸﾞﾗ3ｾﾝ', '北海道', '旭川市', '西神楽３線'),
(0710184, 'ﾎｯｶｲﾄﾞｳ', 'ｱｻﾋｶﾜｼ', 'ﾆｼｶｸﾞﾗ4ｾﾝ', '北海道', '旭川市', '西神楽４線'),
(0710185, 'ﾎｯｶｲﾄﾞｳ', 'ｱｻﾋｶﾜｼ', 'ﾆｼｶｸﾞﾗ5ｾﾝ', '北海道', '旭川市', '西神楽５線'),
(0700824, 'ﾎｯｶｲﾄﾞｳ', 'ｱｻﾋｶﾜｼ', 'ﾆｼｷﾏﾁ', '北海道', '旭川市', '錦町'),
(0788821, 'ﾎｯｶｲﾄﾞｳ', 'ｱｻﾋｶﾜｼ', 'ﾆｼｺﾞﾘｮｳ1ｼﾞｮｳ', '北海道', '旭川市', '西御料１条'),
(0788822, 'ﾎｯｶｲﾄﾞｳ', 'ｱｻﾋｶﾜｼ', 'ﾆｼｺﾞﾘｮｳ2ｼﾞｮｳ', '北海道', '旭川市', '西御料２条'),
(0788823, 'ﾎｯｶｲﾄﾞｳ', 'ｱｻﾋｶﾜｼ', 'ﾆｼｺﾞﾘｮｳ3ｼﾞｮｳ', '北海道', '旭川市', '西御料３条'),
(0788824, 'ﾎｯｶｲﾄﾞｳ', 'ｱｻﾋｶﾜｼ', 'ﾆｼｺﾞﾘｮｳ4ｼﾞｮｳ', '北海道', '旭川市', '西御料４条'),
(0788825, 'ﾎｯｶｲﾄﾞｳ', 'ｱｻﾋｶﾜｼ', 'ﾆｼｺﾞﾘｮｳ5ｼﾞｮｳ', '北海道', '旭川市', '西御料５条'),
(0700901, 'ﾎｯｶｲﾄﾞｳ', 'ｱｻﾋｶﾜｼ', 'ﾊﾅｻｷﾁｮｳ', '北海道', '旭川市', '花咲町'),
(0700013, 'ﾎｯｶｲﾄﾞｳ', 'ｱｻﾋｶﾜｼ', 'ﾊﾟﾙﾌﾟﾁｮｳ', '北海道', '旭川市', 'パルプ町'),
(0700011, 'ﾎｯｶｲﾄﾞｳ', 'ｱｻﾋｶﾜｼ', 'ﾊﾟﾙﾌﾟﾁｮｳ1ｼﾞｮｳ', '北海道', '旭川市', 'パルプ町１条'),
(0700012, 'ﾎｯｶｲﾄﾞｳ', 'ｱｻﾋｶﾜｼ', 'ﾊﾟﾙﾌﾟﾁｮｳ2ｼﾞｮｳ', '北海道', '旭川市', 'パルプ町２条'),
(0788251, 'ﾎｯｶｲﾄﾞｳ', 'ｱｻﾋｶﾜｼ', 'ﾋｶﾞｼｱｻﾋｶﾜｷﾀ1ｼﾞｮｳ', '北海道', '旭川市', '東旭川北１条'),
(0788252, 'ﾎｯｶｲﾄﾞｳ', 'ｱｻﾋｶﾜｼ', 'ﾋｶﾞｼｱｻﾋｶﾜｷﾀ2ｼﾞｮｳ', '北海道', '旭川市', '東旭川北２条'),
(0788253, 'ﾎｯｶｲﾄﾞｳ', 'ｱｻﾋｶﾜｼ', 'ﾋｶﾞｼｱｻﾋｶﾜｷﾀ3ｼﾞｮｳ', '北海道', '旭川市', '東旭川北３条'),
(0788207, 'ﾎｯｶｲﾄﾞｳ', 'ｱｻﾋｶﾜｼ', 'ﾋｶﾞｼｱｻﾋｶﾜﾁｮｳｶﾐﾍｲｿﾝ', '北海道', '旭川市', '東旭川町上兵村'),
(0788208, 'ﾎｯｶｲﾄﾞｳ', 'ｱｻﾋｶﾜｼ', 'ﾋｶﾞｼｱｻﾋｶﾜﾁｮｳｼﾓﾍｲｿﾝ', '北海道', '旭川市', '東旭川町下兵村'),
(0788340, 'ﾎｯｶｲﾄﾞｳ', 'ｱｻﾋｶﾜｼ', 'ﾋｶﾞｼｱｻﾋｶﾜﾁｮｳｷｮｳｴｲ', '北海道', '旭川市', '東旭川町共栄'),
(0788368, 'ﾎｯｶｲﾄﾞｳ', 'ｱｻﾋｶﾜｼ', 'ﾋｶﾞｼｱｻﾋｶﾜﾁｮｳｷｮｸｾｲ', '北海道', '旭川市', '東旭川町旭正'),
(0788205, 'ﾎｯｶｲﾄﾞｳ', 'ｱｻﾋｶﾜｼ', 'ﾋｶﾞｼｱｻﾋｶﾜﾁｮｳｸﾗﾇﾏ', '北海道', '旭川市', '東旭川町倉沼'),
(0788204, 'ﾎｯｶｲﾄﾞｳ', 'ｱｻﾋｶﾜｼ', 'ﾋｶﾞｼｱｻﾋｶﾜﾁｮｳｻｸﾗｵｶ', '北海道', '旭川市', '東旭川町桜岡'),
(0788206, 'ﾎｯｶｲﾄﾞｳ', 'ｱｻﾋｶﾜｼ', 'ﾋｶﾞｼｱｻﾋｶﾜﾁｮｳﾁｭｳﾍﾞﾂ', '北海道', '旭川市', '東旭川町忠別'),
(0788202, 'ﾎｯｶｲﾄﾞｳ', 'ｱｻﾋｶﾜｼ', 'ﾋｶﾞｼｱｻﾋｶﾜﾁｮｳﾄﾖﾀ(1-9ﾊﾞﾝﾁ)', '北海道', '旭川市', '東旭川町豊田（１〜９番地）'),
(0781272, 'ﾎｯｶｲﾄﾞｳ', 'ｱｻﾋｶﾜｼ', 'ﾋｶﾞｼｱｻﾋｶﾜﾁｮｳﾄﾖﾀ(ｿﾉﾀ)', '北海道', '旭川市', '東旭川町豊田（その他）'),
(0788201, 'ﾎｯｶｲﾄﾞｳ', 'ｱｻﾋｶﾜｼ', 'ﾋｶﾞｼｱｻﾋｶﾜﾁｮｳﾋｶﾞｼｻｸﾗｵｶ(30-499ﾊﾞﾝﾁ)', '北海道', '旭川市', '東旭川町東桜岡（３０〜４９９番地）'),
(0781271, 'ﾎｯｶｲﾄﾞｳ', 'ｱｻﾋｶﾜｼ', 'ﾋｶﾞｼｱｻﾋｶﾜﾁｮｳﾋｶﾞｼｻｸﾗｵｶ(ｿﾉﾀ)', '北海道', '旭川市', '東旭川町東桜岡（その他）'),
(0788203, 'ﾎｯｶｲﾄﾞｳ', 'ｱｻﾋｶﾜｼ', 'ﾋｶﾞｼｱｻﾋｶﾜﾁｮｳﾋﾉﾃﾞ', '北海道', '旭川市', '東旭川町日ノ出'),
(0781274, 'ﾎｯｶｲﾄﾞｳ', 'ｱｻﾋｶﾜｼ', 'ﾋｶﾞｼｱｻﾋｶﾜﾁｮｳﾐｽﾞﾎ', '北海道', '旭川市', '東旭川町瑞穂'),
(0781273, 'ﾎｯｶｲﾄﾞｳ', 'ｱｻﾋｶﾜｼ', 'ﾋｶﾞｼｱｻﾋｶﾜﾁｮｳﾖﾈﾊﾗ', '北海道', '旭川市', '東旭川町米原'),
(0788261, 'ﾎｯｶｲﾄﾞｳ', 'ｱｻﾋｶﾜｼ', 'ﾋｶﾞｼｱｻﾋｶﾜﾐﾅﾐ1ｼﾞｮｳ', '北海道', '旭川市', '東旭川南１条'),
(0788262, 'ﾎｯｶｲﾄﾞｳ', 'ｱｻﾋｶﾜｼ', 'ﾋｶﾞｼｱｻﾋｶﾜﾐﾅﾐ2ｼﾞｮｳ', '北海道', '旭川市', '東旭川南２条'),
(0718101, 'ﾎｯｶｲﾄﾞｳ', 'ｱｻﾋｶﾜｼ', 'ﾋｶﾞｼﾀｶｽ1ｼﾞｮｳ', '北海道', '旭川市', '東鷹栖１条'),
(0718102, 'ﾎｯｶｲﾄﾞｳ', 'ｱｻﾋｶﾜｼ', 'ﾋｶﾞｼﾀｶｽ2ｼﾞｮｳ', '北海道', '旭川市', '東鷹栖２条'),
(0718103, 'ﾎｯｶｲﾄﾞｳ', 'ｱｻﾋｶﾜｼ', 'ﾋｶﾞｼﾀｶｽ3ｼﾞｮｳ', '北海道', '旭川市', '東鷹栖３条'),
(0718104, 'ﾎｯｶｲﾄﾞｳ', 'ｱｻﾋｶﾜｼ', 'ﾋｶﾞｼﾀｶｽ4ｼﾞｮｳ', '北海道', '旭川市', '東鷹栖４条'),
(0718151, 'ﾎｯｶｲﾄﾞｳ', 'ｱｻﾋｶﾜｼ', 'ﾋｶﾞｼﾀｶｽ1ｾﾝ', '北海道', '旭川市', '東鷹栖１線'),
(0718152, 'ﾎｯｶｲﾄﾞｳ', 'ｱｻﾋｶﾜｼ', 'ﾋｶﾞｼﾀｶｽ2ｾﾝ', '北海道', '旭川市', '東鷹栖２線'),
(0718153, 'ﾎｯｶｲﾄﾞｳ', 'ｱｻﾋｶﾜｼ', 'ﾋｶﾞｼﾀｶｽ3ｾﾝ', '北海道', '旭川市', '東鷹栖３線'),
(0718154, 'ﾎｯｶｲﾄﾞｳ', 'ｱｻﾋｶﾜｼ', 'ﾋｶﾞｼﾀｶｽ4ｾﾝ', '北海道', '旭川市', '東鷹栖４線'),
(0718155, 'ﾎｯｶｲﾄﾞｳ', 'ｱｻﾋｶﾜｼ', 'ﾋｶﾞｼﾀｶｽ5ｾﾝ', '北海道', '旭川市', '東鷹栖５線'),
(0718156, 'ﾎｯｶｲﾄﾞｳ', 'ｱｻﾋｶﾜｼ', 'ﾋｶﾞｼﾀｶｽ6ｾﾝ', '北海道', '旭川市', '東鷹栖６線'),
(0718157, 'ﾎｯｶｲﾄﾞｳ', 'ｱｻﾋｶﾜｼ', 'ﾋｶﾞｼﾀｶｽ7ｾﾝ', '北海道', '旭川市', '東鷹栖７線'),
(0718158, 'ﾎｯｶｲﾄﾞｳ', 'ｱｻﾋｶﾜｼ', 'ﾋｶﾞｼﾀｶｽ8ｾﾝ', '北海道', '旭川市', '東鷹栖８線'),
(0718159, 'ﾎｯｶｲﾄﾞｳ', 'ｱｻﾋｶﾜｼ', 'ﾋｶﾞｼﾀｶｽ9ｾﾝ', '北海道', '旭川市', '東鷹栖９線'),
(0718160, 'ﾎｯｶｲﾄﾞｳ', 'ｱｻﾋｶﾜｼ', 'ﾋｶﾞｼﾀｶｽ10ｾﾝ', '北海道', '旭川市', '東鷹栖１０線'),
(0718161, 'ﾎｯｶｲﾄﾞｳ', 'ｱｻﾋｶﾜｼ', 'ﾋｶﾞｼﾀｶｽ11ｾﾝ', '北海道', '旭川市', '東鷹栖１１線'),
(0718162, 'ﾎｯｶｲﾄﾞｳ', 'ｱｻﾋｶﾜｼ', 'ﾋｶﾞｼﾀｶｽ12ｾﾝ', '北海道', '旭川市', '東鷹栖１２線'),
(0718163, 'ﾎｯｶｲﾄﾞｳ', 'ｱｻﾋｶﾜｼ', 'ﾋｶﾞｼﾀｶｽ13ｾﾝ', '北海道', '旭川市', '東鷹栖１３線'),
(0718164, 'ﾎｯｶｲﾄﾞｳ', 'ｱｻﾋｶﾜｼ', 'ﾋｶﾞｼﾀｶｽ14ｾﾝ', '北海道', '旭川市', '東鷹栖１４線'),
(0718165, 'ﾎｯｶｲﾄﾞｳ', 'ｱｻﾋｶﾜｼ', 'ﾋｶﾞｼﾀｶｽ15ｾﾝ', '北海道', '旭川市', '東鷹栖１５線'),
(0718111, 'ﾎｯｶｲﾄﾞｳ', 'ｱｻﾋｶﾜｼ', 'ﾋｶﾞｼﾀｶｽﾋｶﾞｼ1ｼﾞｮｳ', '北海道', '旭川市', '東鷹栖東１条'),
(0718112, 'ﾎｯｶｲﾄﾞｳ', 'ｱｻﾋｶﾜｼ', 'ﾋｶﾞｼﾀｶｽﾋｶﾞｼ2ｼﾞｮｳ', '北海道', '旭川市', '東鷹栖東２条'),
(0718113, 'ﾎｯｶｲﾄﾞｳ', 'ｱｻﾋｶﾜｼ', 'ﾋｶﾞｼﾀｶｽﾋｶﾞｼ3ｼﾞｮｳ', '北海道', '旭川市', '東鷹栖東３条'),
(0718114, 'ﾎｯｶｲﾄﾞｳ', 'ｱｻﾋｶﾜｼ', 'ﾋｶﾞｼﾀｶｽﾋｶﾞｼ1ｾﾝ', '北海道', '旭川市', '東鷹栖東１線'),
(0718171, 'ﾎｯｶｲﾄﾞｳ', 'ｱｻﾋｶﾜｼ', 'ﾋｶﾞｼﾔﾏ', '北海道', '旭川市', '東山'),
(0700021, 'ﾎｯｶｲﾄﾞｳ', 'ｱｻﾋｶﾜｼ', 'ﾋｶﾞｼ1ｼﾞｮｳ', '北海道', '旭川市', '東１条'),
(0700022, 'ﾎｯｶｲﾄﾞｳ', 'ｱｻﾋｶﾜｼ', 'ﾋｶﾞｼ2ｼﾞｮｳ', '北海道', '旭川市', '東２条'),
(0700023, 'ﾎｯｶｲﾄﾞｳ', 'ｱｻﾋｶﾜｼ', 'ﾋｶﾞｼ3ｼﾞｮｳ', '北海道', '旭川市', '東３条'),
(0700024, 'ﾎｯｶｲﾄﾞｳ', 'ｱｻﾋｶﾜｼ', 'ﾋｶﾞｼ4ｼﾞｮｳ', '北海道', '旭川市', '東４条'),
(0700025, 'ﾎｯｶｲﾄﾞｳ', 'ｱｻﾋｶﾜｼ', 'ﾋｶﾞｼ5ｼﾞｮｳ', '北海道', '旭川市', '東５条'),
(0700026, 'ﾎｯｶｲﾄﾞｳ', 'ｱｻﾋｶﾜｼ', 'ﾋｶﾞｼ6ｼﾞｮｳ', '北海道', '旭川市', '東６条'),
(0700027, 'ﾎｯｶｲﾄﾞｳ', 'ｱｻﾋｶﾜｼ', 'ﾋｶﾞｼ7ｼﾞｮｳ', '北海道', '旭川市', '東７条'),
(0700028, 'ﾎｯｶｲﾄﾞｳ', 'ｱｻﾋｶﾜｼ', 'ﾋｶﾞｼ8ｼﾞｮｳ', '北海道', '旭川市', '東８条'),
(0700825, 'ﾎｯｶｲﾄﾞｳ', 'ｱｻﾋｶﾜｼ', 'ﾎｸﾓﾝﾁｮｳ', '北海道', '旭川市', '北門町'),
(0788301, 'ﾎｯｶｲﾄﾞｳ', 'ｱｻﾋｶﾜｼ', 'ﾐﾄﾞﾘｶﾞｵｶ1ｼﾞｮｳ', '北海道', '旭川市', '緑が丘１条'),
(0788302, 'ﾎｯｶｲﾄﾞｳ', 'ｱｻﾋｶﾜｼ', 'ﾐﾄﾞﾘｶﾞｵｶ2ｼﾞｮｳ', '北海道', '旭川市', '緑が丘２条'),
(0788303, 'ﾎｯｶｲﾄﾞｳ', 'ｱｻﾋｶﾜｼ', 'ﾐﾄﾞﾘｶﾞｵｶ3ｼﾞｮｳ', '北海道', '旭川市', '緑が丘３条'),
(0788304, 'ﾎｯｶｲﾄﾞｳ', 'ｱｻﾋｶﾜｼ', 'ﾐﾄﾞﾘｶﾞｵｶ4ｼﾞｮｳ', '北海道', '旭川市', '緑が丘４条'),
(0788305, 'ﾎｯｶｲﾄﾞｳ', 'ｱｻﾋｶﾜｼ', 'ﾐﾄﾞﾘｶﾞｵｶ5ｼﾞｮｳ', '北海道', '旭川市', '緑が丘５条'),
(0788801, 'ﾎｯｶｲﾄﾞｳ', 'ｱｻﾋｶﾜｼ', 'ﾐﾄﾞﾘｶﾞｵｶﾋｶﾞｼ1ｼﾞｮｳ', '北海道', '旭川市', '緑が丘東１条'),
(0788802, 'ﾎｯｶｲﾄﾞｳ', 'ｱｻﾋｶﾜｼ', 'ﾐﾄﾞﾘｶﾞｵｶﾋｶﾞｼ2ｼﾞｮｳ', '北海道', '旭川市', '緑が丘東２条'),
(0788803, 'ﾎｯｶｲﾄﾞｳ', 'ｱｻﾋｶﾜｼ', 'ﾐﾄﾞﾘｶﾞｵｶﾋｶﾞｼ3ｼﾞｮｳ', '北海道', '旭川市', '緑が丘東３条'),
(0788804, 'ﾎｯｶｲﾄﾞｳ', 'ｱｻﾋｶﾜｼ', 'ﾐﾄﾞﾘｶﾞｵｶﾋｶﾞｼ4ｼﾞｮｳ', '北海道', '旭川市', '緑が丘東４条'),
(0788805, 'ﾎｯｶｲﾄﾞｳ', 'ｱｻﾋｶﾜｼ', 'ﾐﾄﾞﾘｶﾞｵｶﾋｶﾞｼ5ｼﾞｮｳ', '北海道', '旭川市', '緑が丘東５条'),
(0788811, 'ﾎｯｶｲﾄﾞｳ', 'ｱｻﾋｶﾜｼ', 'ﾐﾄﾞﾘｶﾞｵｶﾐﾅﾐ1ｼﾞｮｳ', '北海道', '旭川市', '緑が丘南１条'),
(0788812, 'ﾎｯｶｲﾄﾞｳ', 'ｱｻﾋｶﾜｼ', 'ﾐﾄﾞﾘｶﾞｵｶﾐﾅﾐ2ｼﾞｮｳ', '北海道', '旭川市', '緑が丘南２条'),
(0788813, 'ﾎｯｶｲﾄﾞｳ', 'ｱｻﾋｶﾜｼ', 'ﾐﾄﾞﾘｶﾞｵｶﾐﾅﾐ3ｼﾞｮｳ', '北海道', '旭川市', '緑が丘南３条'),
(0788814, 'ﾎｯｶｲﾄﾞｳ', 'ｱｻﾋｶﾜｼ', 'ﾐﾄﾞﾘｶﾞｵｶﾐﾅﾐ4ｼﾞｮｳ', '北海道', '旭川市', '緑が丘南４条'),
(0788815, 'ﾎｯｶｲﾄﾞｳ', 'ｱｻﾋｶﾜｼ', 'ﾐﾄﾞﾘｶﾞｵｶﾐﾅﾐ5ｼﾞｮｳ', '北海道', '旭川市', '緑が丘南５条'),
(0718166, 'ﾎｯｶｲﾄﾞｳ', 'ｱｻﾋｶﾜｼ', 'ﾐﾄﾞﾘﾀﾞｲ', '北海道', '旭川市', '緑台'),
(0700823, 'ﾎｯｶｲﾄﾞｳ', 'ｱｻﾋｶﾜｼ', 'ﾐﾄﾞﾘﾏﾁ', '北海道', '旭川市', '緑町'),
(0788331, 'ﾎｯｶｲﾄﾞｳ', 'ｱｻﾋｶﾜｼ', 'ﾐﾅﾐ1ｼﾞｮｳﾄﾞｵﾘ', '北海道', '旭川市', '南１条通'),
(0788332, 'ﾎｯｶｲﾄﾞｳ', 'ｱｻﾋｶﾜｼ', 'ﾐﾅﾐ2ｼﾞｮｳﾄﾞｵﾘ', '北海道', '旭川市', '南２条通'),
(0788333, 'ﾎｯｶｲﾄﾞｳ', 'ｱｻﾋｶﾜｼ', 'ﾐﾅﾐ3ｼﾞｮｳﾄﾞｵﾘ', '北海道', '旭川市', '南３条通'),
(0788334, 'ﾎｯｶｲﾄﾞｳ', 'ｱｻﾋｶﾜｼ', 'ﾐﾅﾐ4ｼﾞｮｳﾄﾞｵﾘ', '北海道', '旭川市', '南４条通'),
(0788335, 'ﾎｯｶｲﾄﾞｳ', 'ｱｻﾋｶﾜｼ', 'ﾐﾅﾐ5ｼﾞｮｳﾄﾞｵﾘ', '北海道', '旭川市', '南５条通'),
(0788336, 'ﾎｯｶｲﾄﾞｳ', 'ｱｻﾋｶﾜｼ', 'ﾐﾅﾐ6ｼﾞｮｳﾄﾞｵﾘ', '北海道', '旭川市', '南６条通'),
(0788337, 'ﾎｯｶｲﾄﾞｳ', 'ｱｻﾋｶﾜｼ', 'ﾐﾅﾐ7ｼﾞｮｳﾄﾞｵﾘ', '北海道', '旭川市', '南７条通'),
(0788338, 'ﾎｯｶｲﾄﾞｳ', 'ｱｻﾋｶﾜｼ', 'ﾐﾅﾐ8ｼﾞｮｳﾄﾞｵﾘ', '北海道', '旭川市', '南８条通'),
(0788339, 'ﾎｯｶｲﾄﾞｳ', 'ｱｻﾋｶﾜｼ', 'ﾐﾅﾐ9ｼﾞｮｳﾄﾞｵﾘ', '北海道', '旭川市', '南９条通'),
(0708028, 'ﾎｯｶｲﾄﾞｳ', 'ｱｻﾋｶﾜｼ', 'ﾐﾅﾐｶﾞｵｶ', '北海道', '旭川市', '南が丘'),
(0700030, 'ﾎｯｶｲﾄﾞｳ', 'ｱｻﾋｶﾜｼ', 'ﾐﾔｼﾀﾄﾞｵﾘ(1-17ﾁｮｳﾒ)', '北海道', '旭川市', '宮下通（１〜１７丁目）'),
(0788330, 'ﾎｯｶｲﾄﾞｳ', 'ｱｻﾋｶﾜｼ', 'ﾐﾔｼﾀﾄﾞｵﾘ(18-26ﾁｮｳﾒ)', '北海道', '旭川市', '宮下通（１８〜２６丁目）'),
(0788329, 'ﾎｯｶｲﾄﾞｳ', 'ｱｻﾋｶﾜｼ', 'ﾐﾔﾏｴﾄﾞｵﾘﾋｶﾞｼ', '北海道', '旭川市', '宮前通東'),
(0788328, 'ﾎｯｶｲﾄﾞｳ', 'ｱｻﾋｶﾜｼ', 'ﾐﾔﾏｴﾄﾞｵﾘﾆｼ', '北海道', '旭川市', '宮前通西'),
(0700810, 'ﾎｯｶｲﾄﾞｳ', 'ｱｻﾋｶﾜｼ', 'ﾓﾄﾏﾁ', '北海道', '旭川市', '本町'),
(0700971, 'ﾎｯｶｲﾄﾞｳ', 'ｱｻﾋｶﾜｼ', '4ｸ1ｼﾞｮｳ', '北海道', '旭川市', '４区１条'),
(0700972, 'ﾎｯｶｲﾄﾞｳ', 'ｱｻﾋｶﾜｼ', '4ｸ2ｼﾞｮｳ', '北海道', '旭川市', '４区２条'),
(0700973, 'ﾎｯｶｲﾄﾞｳ', 'ｱｻﾋｶﾜｼ', '4ｸ3ｼﾞｮｳ', '北海道', '旭川市', '４区３条'),
(0798441, 'ﾎｯｶｲﾄﾞｳ', 'ｱｻﾋｶﾜｼ', 'ﾘｭｳﾂｳﾀﾞﾝﾁ1ｼﾞｮｳ', '北海道', '旭川市', '流通団地１条'),
(0798442, 'ﾎｯｶｲﾄﾞｳ', 'ｱｻﾋｶﾜｼ', 'ﾘｭｳﾂｳﾀﾞﾝﾁ2ｼﾞｮｳ', '北海道', '旭川市', '流通団地２条'),
(0798443, 'ﾎｯｶｲﾄﾞｳ', 'ｱｻﾋｶﾜｼ', 'ﾘｭｳﾂｳﾀﾞﾝﾁ3ｼﾞｮｳ', '北海道', '旭川市', '流通団地３条'),
(0798444, 'ﾎｯｶｲﾄﾞｳ', 'ｱｻﾋｶﾜｼ', 'ﾘｭｳﾂｳﾀﾞﾝﾁ4ｼﾞｮｳ', '北海道', '旭川市', '流通団地４条'),
(0700031, 'ﾎｯｶｲﾄﾞｳ', 'ｱｻﾋｶﾜｼ', '1ｼﾞｮｳﾄﾞｵﾘ(1-17ﾁｮｳﾒ)', '北海道', '旭川市', '１条通（１〜１７丁目）'),
(0788211, 'ﾎｯｶｲﾄﾞｳ', 'ｱｻﾋｶﾜｼ', '1ｼﾞｮｳﾄﾞｵﾘ(18-25ﾁｮｳﾒ)', '北海道', '旭川市', '１条通（１８〜２５丁目）'),
(0700032, 'ﾎｯｶｲﾄﾞｳ', 'ｱｻﾋｶﾜｼ', '2ｼﾞｮｳﾄﾞｵﾘ(1-17ﾁｮｳﾒ)', '北海道', '旭川市', '２条通（１〜１７丁目）'),
(0788212, 'ﾎｯｶｲﾄﾞｳ', 'ｱｻﾋｶﾜｼ', '2ｼﾞｮｳﾄﾞｵﾘ(18-25ﾁｮｳﾒ)', '北海道', '旭川市', '２条通（１８〜２５丁目）'),
(0700052, 'ﾎｯｶｲﾄﾞｳ', 'ｱｻﾋｶﾜｼ', '2ｼﾞｮｳﾆｼ', '北海道', '旭川市', '２条西'),
(0700033, 'ﾎｯｶｲﾄﾞｳ', 'ｱｻﾋｶﾜｼ', '3ｼﾞｮｳﾄﾞｵﾘ(1-17ﾁｮｳﾒ)', '北海道', '旭川市', '３条通（１〜１７丁目）'),
(0788213, 'ﾎｯｶｲﾄﾞｳ', 'ｱｻﾋｶﾜｼ', '3ｼﾞｮｳﾄﾞｵﾘ(18-25ﾁｮｳﾒ)', '北海道', '旭川市', '３条通（１８〜２５丁目）'),
(0700053, 'ﾎｯｶｲﾄﾞｳ', 'ｱｻﾋｶﾜｼ', '3ｼﾞｮｳﾆｼ', '北海道', '旭川市', '３条西'),
(0700034, 'ﾎｯｶｲﾄﾞｳ', 'ｱｻﾋｶﾜｼ', '4ｼﾞｮｳﾄﾞｵﾘ(1-17ﾁｮｳﾒ)', '北海道', '旭川市', '４条通（１〜１７丁目）'),
(0788214, 'ﾎｯｶｲﾄﾞｳ', 'ｱｻﾋｶﾜｼ', '4ｼﾞｮｳﾄﾞｵﾘ(18-25ﾁｮｳﾒ)', '北海道', '旭川市', '４条通（１８〜２５丁目）');
INSERT INTO `postcode_table` (`postcode`, `pref_kana`, `city_kana`, `town_area_kana`, `pref`, `city`, `town_area`) VALUES
(0700054, 'ﾎｯｶｲﾄﾞｳ', 'ｱｻﾋｶﾜｼ', '4ｼﾞｮｳﾆｼ', '北海道', '旭川市', '４条西'),
(0700035, 'ﾎｯｶｲﾄﾞｳ', 'ｱｻﾋｶﾜｼ', '5ｼﾞｮｳﾄﾞｵﾘ(1-17ﾁｮｳﾒ)', '北海道', '旭川市', '５条通（１〜１７丁目）'),
(0788215, 'ﾎｯｶｲﾄﾞｳ', 'ｱｻﾋｶﾜｼ', '5ｼﾞｮｳﾄﾞｵﾘ(18-25ﾁｮｳﾒ)', '北海道', '旭川市', '５条通（１８〜２５丁目）'),
(0700055, 'ﾎｯｶｲﾄﾞｳ', 'ｱｻﾋｶﾜｼ', '5ｼﾞｮｳﾆｼ', '北海道', '旭川市', '５条西'),
(0700036, 'ﾎｯｶｲﾄﾞｳ', 'ｱｻﾋｶﾜｼ', '6ｼﾞｮｳﾄﾞｵﾘ(1-17ﾁｮｳﾒ)', '北海道', '旭川市', '６条通（１〜１７丁目）'),
(0788216, 'ﾎｯｶｲﾄﾞｳ', 'ｱｻﾋｶﾜｼ', '6ｼﾞｮｳﾄﾞｵﾘ(18-25ﾁｮｳﾒ)', '北海道', '旭川市', '６条通（１８〜２５丁目）'),
(0700056, 'ﾎｯｶｲﾄﾞｳ', 'ｱｻﾋｶﾜｼ', '6ｼﾞｮｳﾆｼ', '北海道', '旭川市', '６条西'),
(0700037, 'ﾎｯｶｲﾄﾞｳ', 'ｱｻﾋｶﾜｼ', '7ｼﾞｮｳﾄﾞｵﾘ(1-17ﾁｮｳﾒ)', '北海道', '旭川市', '７条通（１〜１７丁目）'),
(0788217, 'ﾎｯｶｲﾄﾞｳ', 'ｱｻﾋｶﾜｼ', '7ｼﾞｮｳﾄﾞｵﾘ(18-25ﾁｮｳﾒ)', '北海道', '旭川市', '７条通（１８〜２５丁目）'),
(0700057, 'ﾎｯｶｲﾄﾞｳ', 'ｱｻﾋｶﾜｼ', '7ｼﾞｮｳﾆｼ', '北海道', '旭川市', '７条西'),
(0700038, 'ﾎｯｶｲﾄﾞｳ', 'ｱｻﾋｶﾜｼ', '8ｼﾞｮｳﾄﾞｵﾘ(1-17ﾁｮｳﾒ)', '北海道', '旭川市', '８条通（１〜１７丁目）'),
(0788218, 'ﾎｯｶｲﾄﾞｳ', 'ｱｻﾋｶﾜｼ', '8ｼﾞｮｳﾄﾞｵﾘ(18-25ﾁｮｳﾒ)', '北海道', '旭川市', '８条通（１８〜２５丁目）'),
(0700058, 'ﾎｯｶｲﾄﾞｳ', 'ｱｻﾋｶﾜｼ', '8ｼﾞｮｳﾆｼ', '北海道', '旭川市', '８条西'),
(0700039, 'ﾎｯｶｲﾄﾞｳ', 'ｱｻﾋｶﾜｼ', '9ｼﾞｮｳﾄﾞｵﾘ(1-17ﾁｮｳﾒ)', '北海道', '旭川市', '９条通（１〜１７丁目）'),
(0788219, 'ﾎｯｶｲﾄﾞｳ', 'ｱｻﾋｶﾜｼ', '9ｼﾞｮｳﾄﾞｵﾘ(18-25ﾁｮｳﾒ)', '北海道', '旭川市', '９条通（１８〜２５丁目）'),
(0700059, 'ﾎｯｶｲﾄﾞｳ', 'ｱｻﾋｶﾜｼ', '9ｼﾞｮｳﾆｼ', '北海道', '旭川市', '９条西'),
(0700040, 'ﾎｯｶｲﾄﾞｳ', 'ｱｻﾋｶﾜｼ', '10ｼﾞｮｳﾄﾞｵﾘ(8-17ﾁｮｳﾒ)', '北海道', '旭川市', '１０条通（８〜１７丁目）'),
(0788220, 'ﾎｯｶｲﾄﾞｳ', 'ｱｻﾋｶﾜｼ', '10ｼﾞｮｳﾄﾞｵﾘ(18-25ﾁｮｳﾒ)', '北海道', '旭川市', '１０条通（１８〜２５丁目）'),
(0788221, 'ﾎｯｶｲﾄﾞｳ', 'ｱｻﾋｶﾜｼ', '11ｼﾞｮｳﾄﾞｵﾘ', '北海道', '旭川市', '１１条通'),
(0500000, 'ﾎｯｶｲﾄﾞｳ', 'ﾑﾛﾗﾝｼ', 'ｲｶﾆｹｲｻｲｶﾞﾅｲﾊﾞｱｲ', '北海道', '室蘭市', '以下に掲載がない場合'),
(0500051, 'ﾎｯｶｲﾄﾞｳ', 'ﾑﾛﾗﾝｼ', 'ｲｼｶﾜﾁｮｳ', '北海道', '室蘭市', '石川町'),
(0510023, 'ﾎｯｶｲﾄﾞｳ', 'ﾑﾛﾗﾝｼ', 'ｲﾘｴﾁｮｳ', '北海道', '室蘭市', '入江町'),
(0510035, 'ﾎｯｶｲﾄﾞｳ', 'ﾑﾛﾗﾝｼ', 'ｴﾄﾓﾁｮｳ', '北海道', '室蘭市', '絵鞆町'),
(0500086, 'ﾎｯｶｲﾄﾞｳ', 'ﾑﾛﾗﾝｼ', 'ｵｵｻﾜﾁｮｳ', '北海道', '室蘭市', '大沢町'),
(0510033, 'ﾎｯｶｲﾄﾞｳ', 'ﾑﾛﾗﾝｼ', 'ｵﾊｼﾅｲﾁｮｳ', '北海道', '室蘭市', '小橋内町'),
(0510022, 'ﾎｯｶｲﾄﾞｳ', 'ﾑﾛﾗﾝｼ', 'ｶｲｶﾞﾝﾁｮｳ', '北海道', '室蘭市', '海岸町'),
(0500052, 'ﾎｯｶｲﾄﾞｳ', 'ﾑﾛﾗﾝｼ', 'ｶｶﾞﾜﾁｮｳ', '北海道', '室蘭市', '香川町'),
(0500064, 'ﾎｯｶｲﾄﾞｳ', 'ﾑﾛﾗﾝｼ', 'ｶｼﾜｷﾞﾁｮｳ', '北海道', '室蘭市', '柏木町'),
(0500053, 'ﾎｯｶｲﾄﾞｳ', 'ﾑﾛﾗﾝｼ', 'ｶﾐｼﾛﾁｮｳ', '北海道', '室蘭市', '神代町'),
(0510032, 'ﾎｯｶｲﾄﾞｳ', 'ﾑﾛﾗﾝｼ', 'ｺｳﾅﾝﾁｮｳ', '北海道', '室蘭市', '港南町'),
(0500063, 'ﾎｯｶｲﾄﾞｳ', 'ﾑﾛﾗﾝｼ', 'ｺｳﾎｸﾁｮｳ', '北海道', '室蘭市', '港北町'),
(0510002, 'ﾎｯｶｲﾄﾞｳ', 'ﾑﾛﾗﾝｼ', 'ｺﾞｾﾞﾝｽｲﾁｮｳ', '北海道', '室蘭市', '御前水町'),
(0500082, 'ﾎｯｶｲﾄﾞｳ', 'ﾑﾛﾗﾝｼ', 'ｺﾄﾌﾞｷﾁｮｳ', '北海道', '室蘭市', '寿町'),
(0510016, 'ﾎｯｶｲﾄﾞｳ', 'ﾑﾛﾗﾝｼ', 'ｻｲﾜｲﾁｮｳ', '北海道', '室蘭市', '幸町'),
(0510014, 'ﾎｯｶｲﾄﾞｳ', 'ﾑﾛﾗﾝｼ', 'ｻｶｴﾁｮｳ', '北海道', '室蘭市', '栄町'),
(0500055, 'ﾎｯｶｲﾄﾞｳ', 'ﾑﾛﾗﾝｼ', 'ｻｷﾓﾘﾁｮｳ', '北海道', '室蘭市', '崎守町'),
(0510027, 'ﾎｯｶｲﾄﾞｳ', 'ﾑﾛﾗﾝｼ', 'ｻﾜﾁｮｳ', '北海道', '室蘭市', '沢町'),
(0510026, 'ﾎｯｶｲﾄﾞｳ', 'ﾑﾛﾗﾝｼ', 'ｼﾐｽﾞﾁｮｳ', '北海道', '室蘭市', '清水町'),
(0510036, 'ﾎｯｶｲﾄﾞｳ', 'ﾑﾛﾗﾝｼ', 'ｼｭｸﾂﾞﾁｮｳ', '北海道', '室蘭市', '祝津町'),
(0510005, 'ﾎｯｶｲﾄﾞｳ', 'ﾑﾛﾗﾝｼ', 'ｼﾝﾄﾐﾁｮｳ', '北海道', '室蘭市', '新富町'),
(0500067, 'ﾎｯｶｲﾄﾞｳ', 'ﾑﾛﾗﾝｼ', 'ｼﾞﾝﾔﾏﾁ', '北海道', '室蘭市', '陣屋町'),
(0500072, 'ﾎｯｶｲﾄﾞｳ', 'ﾑﾛﾗﾝｼ', 'ﾀｶｻｺﾞﾁｮｳ', '北海道', '室蘭市', '高砂町'),
(0500062, 'ﾎｯｶｲﾄﾞｳ', 'ﾑﾛﾗﾝｼ', 'ﾀｶﾋﾗﾁｮｳ', '北海道', '室蘭市', '高平町'),
(0510006, 'ﾎｯｶｲﾄﾞｳ', 'ﾑﾛﾗﾝｼ', 'ﾁｬﾂﾁｮｳ', '北海道', '室蘭市', '茶津町'),
(0510011, 'ﾎｯｶｲﾄﾞｳ', 'ﾑﾛﾗﾝｼ', 'ﾁｭｳｵｳﾁｮｳ', '北海道', '室蘭市', '中央町'),
(0500076, 'ﾎｯｶｲﾄﾞｳ', 'ﾑﾛﾗﾝｼ', 'ﾁﾘﾍﾞﾂﾁｮｳ', '北海道', '室蘭市', '知利別町'),
(0510031, 'ﾎｯｶｲﾄﾞｳ', 'ﾑﾛﾗﾝｼ', 'ﾂｷｼﾞﾁｮｳ', '北海道', '室蘭市', '築地町'),
(0500077, 'ﾎｯｶｲﾄﾞｳ', 'ﾑﾛﾗﾝｼ', 'ﾃﾝｼﾞﾝﾁｮｳ', '北海道', '室蘭市', '天神町'),
(0510025, 'ﾎｯｶｲﾄﾞｳ', 'ﾑﾛﾗﾝｼ', 'ﾄｷﾜﾁｮｳ', '北海道', '室蘭市', '常盤町'),
(0500074, 'ﾎｯｶｲﾄﾞｳ', 'ﾑﾛﾗﾝｼ', 'ﾅｶｼﾞﾏﾁｮｳ', '北海道', '室蘭市', '中島町'),
(0500075, 'ﾎｯｶｲﾄﾞｳ', 'ﾑﾛﾗﾝｼ', 'ﾅｶｼﾞﾏﾎﾝﾁｮｳ', '北海道', '室蘭市', '中島本町'),
(0500087, 'ﾎｯｶｲﾄﾞｳ', 'ﾑﾛﾗﾝｼ', 'ﾅｶﾏﾁ', '北海道', '室蘭市', '仲町'),
(0510028, 'ﾎｯｶｲﾄﾞｳ', 'ﾑﾛﾗﾝｼ', 'ﾆｼｺｳｼﾞﾁｮｳ', '北海道', '室蘭市', '西小路町'),
(0500054, 'ﾎｯｶｲﾄﾞｳ', 'ﾑﾛﾗﾝｼ', 'ﾊｸﾁｮｳﾀﾞｲ', '北海道', '室蘭市', '白鳥台'),
(0500061, 'ﾎｯｶｲﾄﾞｳ', 'ﾑﾛﾗﾝｼ', 'ﾊｯﾁｮｳﾀﾞｲﾗ', '北海道', '室蘭市', '八丁平'),
(0500083, 'ﾎｯｶｲﾄﾞｳ', 'ﾑﾛﾗﾝｼ', 'ﾋｶﾞｼﾏﾁ', '北海道', '室蘭市', '東町'),
(0500081, 'ﾎｯｶｲﾄﾞｳ', 'ﾑﾛﾗﾝｼ', 'ﾋﾉﾃﾞﾁｮｳ', '北海道', '室蘭市', '日の出町'),
(0510013, 'ﾎｯｶｲﾄﾞｳ', 'ﾑﾛﾗﾝｼ', 'ﾌﾅﾐﾁｮｳ', '北海道', '室蘭市', '舟見町'),
(0510003, 'ﾎｯｶｲﾄﾞｳ', 'ﾑﾛﾗﾝｼ', 'ﾎﾞｺｲﾐﾅﾐﾏﾁ', '北海道', '室蘭市', '母恋南町'),
(0510004, 'ﾎｯｶｲﾄﾞｳ', 'ﾑﾛﾗﾝｼ', 'ﾎﾞｺｲｷﾀﾏﾁ', '北海道', '室蘭市', '母恋北町'),
(0500066, 'ﾎｯｶｲﾄﾞｳ', 'ﾑﾛﾗﾝｼ', 'ﾎﾛﾓｴﾁｮｳ', '北海道', '室蘭市', '幌萌町'),
(0510015, 'ﾎｯｶｲﾄﾞｳ', 'ﾑﾛﾗﾝｼ', 'ﾎﾝﾁｮｳ', '北海道', '室蘭市', '本町'),
(0510024, 'ﾎｯｶｲﾄﾞｳ', 'ﾑﾛﾗﾝｼ', 'ﾏｸﾆｼﾁｮｳ', '北海道', '室蘭市', '幕西町'),
(0510034, 'ﾎｯｶｲﾄﾞｳ', 'ﾑﾛﾗﾝｼ', 'ﾏｽｲﾁﾁｮｳ', '北海道', '室蘭市', '増市町'),
(0510001, 'ﾎｯｶｲﾄﾞｳ', 'ﾑﾛﾗﾝｼ', 'ﾐｻｷﾁｮｳ', '北海道', '室蘭市', '御崎町'),
(0500071, 'ﾎｯｶｲﾄﾞｳ', 'ﾑﾛﾗﾝｼ', 'ﾐｽﾞﾓﾄﾁｮｳ', '北海道', '室蘭市', '水元町'),
(0510021, 'ﾎｯｶｲﾄﾞｳ', 'ﾑﾛﾗﾝｼ', 'ﾐﾄﾞﾘﾁｮｳ', '北海道', '室蘭市', '緑町'),
(0500073, 'ﾎｯｶｲﾄﾞｳ', 'ﾑﾛﾗﾝｼ', 'ﾐﾔﾉﾓﾘﾁｮｳ', '北海道', '室蘭市', '宮の森町'),
(0500084, 'ﾎｯｶｲﾄﾞｳ', 'ﾑﾛﾗﾝｼ', 'ﾐﾕｷﾁｮｳ', '北海道', '室蘭市', 'みゆき町'),
(0500065, 'ﾎｯｶｲﾄﾞｳ', 'ﾑﾛﾗﾝｼ', 'ﾓﾄﾜﾆｼﾁｮｳ', '北海道', '室蘭市', '本輪西町'),
(0510012, 'ﾎｯｶｲﾄﾞｳ', 'ﾑﾛﾗﾝｼ', 'ﾔﾏﾃﾁｮｳ', '北海道', '室蘭市', '山手町'),
(0500085, 'ﾎｯｶｲﾄﾞｳ', 'ﾑﾛﾗﾝｼ', 'ﾜﾆｼﾁｮｳ', '北海道', '室蘭市', '輪西町'),
(0850000, 'ﾎｯｶｲﾄﾞｳ', 'ｸｼﾛｼ', 'ｲｶﾆｹｲｻｲｶﾞﾅｲﾊﾞｱｲ', '北海道', '釧路市', '以下に掲載がない場合'),
(0850062, 'ﾎｯｶｲﾄﾞｳ', 'ｸｼﾛｼ', 'ｱｲｺｸ', '北海道', '釧路市', '愛国'),
(0850058, 'ﾎｯｶｲﾄﾞｳ', 'ｸｼﾛｼ', 'ｱｲｺｸﾋｶﾞｼ', '北海道', '釧路市', '愛国東'),
(0850057, 'ﾎｯｶｲﾄﾞｳ', 'ｸｼﾛｼ', 'ｱｲｺｸﾆｼ', '北海道', '釧路市', '愛国西'),
(0850252, 'ﾎｯｶｲﾄﾞｳ', 'ｸｼﾛｼ', 'ｱｵﾔﾏ', '北海道', '釧路市', '青山'),
(0850054, 'ﾎｯｶｲﾄﾞｳ', 'ｸｼﾛｼ', 'ｱｶﾂｷﾁｮｳ', '北海道', '釧路市', '暁町'),
(0850467, 'ﾎｯｶｲﾄﾞｳ', 'ｸｼﾛｼ', 'ｱｶﾝﾁｮｳｱｶﾝｺｵﾝｾﾝ(1-6ﾁｮｳﾒ)', '北海道', '釧路市', '阿寒町阿寒湖温泉（１〜６丁目）'),
(0850238, 'ﾎｯｶｲﾄﾞｳ', 'ｸｼﾛｼ', 'ｱｶﾝﾁｮｳｱｸﾍﾞﾂ', '北海道', '釧路市', '阿寒町飽別'),
(0850212, 'ﾎｯｶｲﾄﾞｳ', 'ｸｼﾛｼ', 'ｱｶﾝﾁｮｳｱｻﾋﾏﾁ', '北海道', '釧路市', '阿寒町旭町'),
(0850245, 'ﾎｯｶｲﾄﾞｳ', 'ｸｼﾛｼ', 'ｱｶﾝﾁｮｳｶﾐｱｶﾝ', '北海道', '釧路市', '阿寒町上阿寒'),
(0850221, 'ﾎｯｶｲﾄﾞｳ', 'ｸｼﾛｼ', 'ｱｶﾝﾁｮｳｶﾐｼﾀｶﾗ', '北海道', '釧路市', '阿寒町上舌辛'),
(0850235, 'ﾎｯｶｲﾄﾞｳ', 'ｸｼﾛｼ', 'ｱｶﾝﾁｮｳｶﾐﾃｼﾍﾞﾂ', '北海道', '釧路市', '阿寒町上徹別'),
(0850202, 'ﾎｯｶｲﾄﾞｳ', 'ｸｼﾛｼ', 'ｱｶﾝﾁｮｳｶﾐﾆﾆｼﾍﾞﾂ', '北海道', '釧路市', '阿寒町上仁々志別'),
(0850216, 'ﾎｯｶｲﾄﾞｳ', 'ｸｼﾛｼ', 'ｱｶﾝﾁｮｳｷﾀｼﾝﾏﾁ', '北海道', '釧路市', '阿寒町北新町'),
(0850217, 'ﾎｯｶｲﾄﾞｳ', 'ｸｼﾛｼ', 'ｱｶﾝﾁｮｳｷﾀﾏﾁ', '北海道', '釧路市', '阿寒町北町'),
(0850244, 'ﾎｯｶｲﾄﾞｳ', 'ｸｼﾛｼ', 'ｱｶﾝﾁｮｳｷﾉｵｶ', '北海道', '釧路市', '阿寒町紀ノ丘'),
(0850206, 'ﾎｯｶｲﾄﾞｳ', 'ｸｼﾛｼ', 'ｱｶﾝﾁｮｳｷｮｳﾜ', '北海道', '釧路市', '阿寒町共和'),
(0850220, 'ﾎｯｶｲﾄﾞｳ', 'ｸｼﾛｼ', 'ｱｶﾝﾁｮｳｼﾀｶﾗ', '北海道', '釧路市', '阿寒町舌辛'),
(0850211, 'ﾎｯｶｲﾄﾞｳ', 'ｸｼﾛｼ', 'ｱｶﾝﾁｮｳｼﾓｼﾀｶﾗ', '北海道', '釧路市', '阿寒町下舌辛'),
(0850231, 'ﾎｯｶｲﾄﾞｳ', 'ｸｼﾛｼ', 'ｱｶﾝﾁｮｳｼﾓﾃｼﾍﾞﾂ', '北海道', '釧路市', '阿寒町下徹別'),
(0850204, 'ﾎｯｶｲﾄﾞｳ', 'ｸｼﾛｼ', 'ｱｶﾝﾁｮｳｼﾓﾆﾆｼﾍﾞﾂ', '北海道', '釧路市', '阿寒町下仁々志別'),
(0850223, 'ﾎｯｶｲﾄﾞｳ', 'ｸｼﾛｼ', 'ｱｶﾝﾁｮｳｼﾓﾌﾌﾞｼﾅｲ', '北海道', '釧路市', '阿寒町下布伏内'),
(0850218, 'ﾎｯｶｲﾄﾞｳ', 'ｸｼﾛｼ', 'ｱｶﾝﾁｮｳｼﾝﾏﾁ', '北海道', '釧路市', '阿寒町新町'),
(0850234, 'ﾎｯｶｲﾄﾞｳ', 'ｸｼﾛｼ', 'ｱｶﾝﾁｮｳｿｳｼ', '北海道', '釧路市', '阿寒町蘇牛'),
(0850232, 'ﾎｯｶｲﾄﾞｳ', 'ｸｼﾛｼ', 'ｱｶﾝﾁｮｳﾀｲｼｮｳ', '北海道', '釧路市', '阿寒町大正'),
(0850225, 'ﾎｯｶｲﾄﾞｳ', 'ｸｼﾛｼ', 'ｱｶﾝﾁｮｳﾁﾁｬｯﾌﾟ', '北海道', '釧路市', '阿寒町知茶布'),
(0850215, 'ﾎｯｶｲﾄﾞｳ', 'ｸｼﾛｼ', 'ｱｶﾝﾁｮｳﾁｭｳｵｳ', '北海道', '釧路市', '阿寒町中央'),
(0850237, 'ﾎｯｶｲﾄﾞｳ', 'ｸｼﾛｼ', 'ｱｶﾝﾁｮｳﾃｼﾍﾞﾂﾁｭｳｵｳ', '北海道', '釧路市', '阿寒町徹別中央'),
(0850205, 'ﾎｯｶｲﾄﾞｳ', 'ｸｼﾛｼ', 'ｱｶﾝﾁｮｳﾄｳｴｲ', '北海道', '釧路市', '阿寒町東栄'),
(0850241, 'ﾎｯｶｲﾄﾞｳ', 'ｸｼﾛｼ', 'ｱｶﾝﾁｮｳﾅｶｱｶﾝ', '北海道', '釧路市', '阿寒町中阿寒'),
(0850236, 'ﾎｯｶｲﾄﾞｳ', 'ｸｼﾛｼ', 'ｱｶﾝﾁｮｳﾅｶﾃｼﾍﾞﾂ', '北海道', '釧路市', '阿寒町中徹別'),
(0850203, 'ﾎｯｶｲﾄﾞｳ', 'ｸｼﾛｼ', 'ｱｶﾝﾁｮｳﾅｶﾆﾆｼﾍﾞﾂ', '北海道', '釧路市', '阿寒町中仁々志別'),
(0850213, 'ﾎｯｶｲﾄﾞｳ', 'ｸｼﾛｼ', 'ｱｶﾝﾁｮｳﾅｶﾏﾁ', '北海道', '釧路市', '阿寒町仲町'),
(0850243, 'ﾎｯｶｲﾄﾞｳ', 'ｸｼﾛｼ', 'ｱｶﾝﾁｮｳﾆｼｱｶﾝ', '北海道', '釧路市', '阿寒町西阿寒'),
(0850233, 'ﾎｯｶｲﾄﾞｳ', 'ｸｼﾛｼ', 'ｱｶﾝﾁｮｳﾆｼﾃｼﾍﾞﾂ', '北海道', '釧路市', '阿寒町西徹別'),
(0850201, 'ﾎｯｶｲﾄﾞｳ', 'ｸｼﾛｼ', 'ｱｶﾝﾁｮｳﾆﾆｼﾍﾞﾂ', '北海道', '釧路市', '阿寒町仁々志別'),
(0850242, 'ﾎｯｶｲﾄﾞｳ', 'ｸｼﾛｼ', 'ｱｶﾝﾁｮｳﾋｶﾞｼｼﾀｶﾗ', '北海道', '釧路市', '阿寒町東舌辛'),
(0850214, 'ﾎｯｶｲﾄﾞｳ', 'ｸｼﾛｼ', 'ｱｶﾝﾁｮｳﾌｼﾞﾐ', '北海道', '釧路市', '阿寒町富士見'),
(0850222, 'ﾎｯｶｲﾄﾞｳ', 'ｸｼﾛｼ', 'ｱｶﾝﾁｮｳﾌﾌﾞｼﾅｲ', '北海道', '釧路市', '阿寒町布伏内'),
(0850224, 'ﾎｯｶｲﾄﾞｳ', 'ｸｼﾛｼ', 'ｱｶﾝﾁｮｳﾕｳﾍﾞﾂﾖｺﾔﾏ', '北海道', '釧路市', '阿寒町雄別横山'),
(0850011, 'ﾎｯｶｲﾄﾞｳ', 'ｸｼﾛｼ', 'ｱｻﾋﾏﾁ', '北海道', '釧路市', '旭町'),
(0850061, 'ﾎｯｶｲﾄﾞｳ', 'ｸｼﾛｼ', 'ｱｼﾉ', '北海道', '釧路市', '芦野'),
(0850008, 'ﾎｯｶｲﾄﾞｳ', 'ｸｼﾛｼ', 'ｲﾘｴﾁｮｳ', '北海道', '釧路市', '入江町'),
(0850846, 'ﾎｯｶｲﾄﾞｳ', 'ｸｼﾛｼ', 'ｲﾘﾌﾈ', '北海道', '釧路市', '入舟'),
(0850835, 'ﾎｯｶｲﾄﾞｳ', 'ｸｼﾛｼ', 'ｳﾗﾐ', '北海道', '釧路市', '浦見'),
(0850837, 'ﾎｯｶｲﾄﾞｳ', 'ｸｼﾛｼ', 'ｵｵｶﾜﾁｮｳ', '北海道', '釧路市', '大川町'),
(0850847, 'ﾎｯｶｲﾄﾞｳ', 'ｸｼﾛｼ', 'ｵｵﾏﾁ', '北海道', '釧路市', '大町'),
(0850811, 'ﾎｯｶｲﾄﾞｳ', 'ｸｼﾛｼ', 'ｵｺﾂ', '北海道', '釧路市', '興津'),
(0840917, 'ﾎｯｶｲﾄﾞｳ', 'ｸｼﾛｼ', 'ｵﾀﾉｼｹ', '北海道', '釧路市', '大楽毛'),
(0840918, 'ﾎｯｶｲﾄﾞｳ', 'ｸｼﾛｼ', 'ｵﾀﾉｼｹｷﾀ', '北海道', '釧路市', '大楽毛北'),
(0840916, 'ﾎｯｶｲﾄﾞｳ', 'ｸｼﾛｼ', 'ｵﾀﾉｼｹﾆｼ', '北海道', '釧路市', '大楽毛西'),
(0840915, 'ﾎｯｶｲﾄﾞｳ', 'ｸｼﾛｼ', 'ｵﾀﾉｼｹﾐﾅﾐ', '北海道', '釧路市', '大楽毛南'),
(0880122, 'ﾎｯｶｲﾄﾞｳ', 'ｸｼﾛｼ', 'ｵﾝﾍﾞﾂﾁｮｳｱｹﾎﾞﾉ', '北海道', '釧路市', '音別町あけぼの'),
(0880117, 'ﾎｯｶｲﾄﾞｳ', 'ｸｼﾛｼ', 'ｵﾝﾍﾞﾂﾁｮｳｱｻﾋ', '北海道', '釧路市', '音別町朝日'),
(0880104, 'ﾎｯｶｲﾄﾞｳ', 'ｸｼﾛｼ', 'ｵﾝﾍﾞﾂﾁｮｳｵﾝﾍﾞﾂｹﾞﾝﾔｷｾﾝ(ﾌﾀﾏﾀ)', '北海道', '釧路市', '音別町音別原野基線（二俣）'),
(0880108, 'ﾎｯｶｲﾄﾞｳ', 'ｸｼﾛｼ', 'ｵﾝﾍﾞﾂﾁｮｳｵﾝﾍﾞﾂｹﾞﾝﾔｷｾﾝ(ﾌﾀﾏﾀｶﾜﾑｶｲ)', '北海道', '釧路市', '音別町音別原野基線（二俣川向）'),
(0880126, 'ﾎｯｶｲﾄﾞｳ', 'ｸｼﾛｼ', 'ｵﾝﾍﾞﾂﾁｮｳｵﾝﾍﾞﾂｹﾞﾝﾔﾆｼ(ｶﾜﾆｼ)', '北海道', '釧路市', '音別町音別原野西（川西）'),
(0880109, 'ﾎｯｶｲﾄﾞｳ', 'ｸｼﾛｼ', 'ｵﾝﾍﾞﾂﾁｮｳｵﾝﾍﾞﾂｹﾞﾝﾔﾋｶﾞｼ', '北海道', '釧路市', '音別町音別原野東'),
(0880114, 'ﾎｯｶｲﾄﾞｳ', 'ｸｼﾛｼ', 'ｵﾝﾍﾞﾂﾁｮｳｶｲｺｳ', '北海道', '釧路市', '音別町海光'),
(0880123, 'ﾎｯｶｲﾄﾞｳ', 'ｸｼﾛｼ', 'ｵﾝﾍﾞﾂﾁｮｳｶﾜﾋｶﾞｼ', '北海道', '釧路市', '音別町川東'),
(0880134, 'ﾎｯｶｲﾄﾞｳ', 'ｸｼﾛｼ', 'ｵﾝﾍﾞﾂﾁｮｳｷﾅｼﾍﾞﾂ', '北海道', '釧路市', '音別町キナシ別'),
(0880125, 'ﾎｯｶｲﾄﾞｳ', 'ｸｼﾛｼ', 'ｵﾝﾍﾞﾂﾁｮｳｷｮｳｴｲ', '北海道', '釧路市', '音別町共栄'),
(0880133, 'ﾎｯｶｲﾄﾞｳ', 'ｸｼﾛｼ', 'ｵﾝﾍﾞﾂﾁｮｳｼｬｸﾍﾞﾂ', '北海道', '釧路市', '音別町尺別'),
(0880132, 'ﾎｯｶｲﾄﾞｳ', 'ｸｼﾛｼ', 'ｵﾝﾍﾞﾂﾁｮｳｼｬｸﾍﾞﾂ(ｷｾﾝ)', '北海道', '釧路市', '音別町尺別（岐線）'),
(0880107, 'ﾎｯｶｲﾄﾞｳ', 'ｸｼﾛｼ', 'ｵﾝﾍﾞﾂﾁｮｳﾁｬﾝﾍﾞﾂ', '北海道', '釧路市', '音別町チヤンベツ'),
(0880135, 'ﾎｯｶｲﾄﾞｳ', 'ｸｼﾛｼ', 'ｵﾝﾍﾞﾂﾁｮｳﾁｮｸﾍﾞﾂ', '北海道', '釧路市', '音別町直別'),
(0880102, 'ﾎｯｶｲﾄﾞｳ', 'ｸｼﾛｼ', 'ｵﾝﾍﾞﾂﾁｮｳﾅｶｵﾝﾍﾞﾂ(ｺｳﾜ)', '北海道', '釧路市', '音別町中音別（光和）'),
(0880112, 'ﾎｯｶｲﾄﾞｳ', 'ｸｼﾛｼ', 'ｵﾝﾍﾞﾂﾁｮｳﾅｶｵﾝﾍﾞﾂ(ﾁﾉﾐﾀﾞｲ)', '北海道', '釧路市', '音別町中音別（チノミ台）'),
(0880103, 'ﾎｯｶｲﾄﾞｳ', 'ｸｼﾛｼ', 'ｵﾝﾍﾞﾂﾁｮｳﾅｶｵﾝﾍﾞﾂ(ﾎｸｴｲ)', '北海道', '釧路市', '音別町中音別（北栄）'),
(0880118, 'ﾎｯｶｲﾄﾞｳ', 'ｸｼﾛｼ', 'ｵﾝﾍﾞﾂﾁｮｳﾅｶｵﾝﾍﾞﾂ(ｿﾉﾀ)', '北海道', '釧路市', '音別町中音別（その他）'),
(0880116, 'ﾎｯｶｲﾄﾞｳ', 'ｸｼﾛｼ', 'ｵﾝﾍﾞﾂﾁｮｳﾅｶｿﾞﾉ', '北海道', '釧路市', '音別町中園'),
(0880106, 'ﾎｯｶｲﾄﾞｳ', 'ｸｼﾛｼ', 'ｵﾝﾍﾞﾂﾁｮｳﾇﾌﾟｷﾍﾞﾂ', '北海道', '釧路市', '音別町ヌプキベツ'),
(0880131, 'ﾎｯｶｲﾄﾞｳ', 'ｸｼﾛｼ', 'ｵﾝﾍﾞﾂﾁｮｳﾉﾄﾛ', '北海道', '釧路市', '音別町ノトロ'),
(0880101, 'ﾎｯｶｲﾄﾞｳ', 'ｸｼﾛｼ', 'ｵﾝﾍﾞﾂﾁｮｳﾊﾟｼｸﾙ', '北海道', '釧路市', '音別町馬主来'),
(0880111, 'ﾎｯｶｲﾄﾞｳ', 'ｸｼﾛｼ', 'ｵﾝﾍﾞﾂﾁｮｳﾊﾟｼｸﾙｺﾊﾝ', '北海道', '釧路市', '音別町パシクル湖畔'),
(0880113, 'ﾎｯｶｲﾄﾞｳ', 'ｸｼﾛｼ', 'ｵﾝﾍﾞﾂﾁｮｳﾌｳﾚﾝ', '北海道', '釧路市', '音別町風連'),
(0880124, 'ﾎｯｶｲﾄﾞｳ', 'ｸｼﾛｼ', 'ｵﾝﾍﾞﾂﾁｮｳﾐﾄﾞﾘﾏﾁ', '北海道', '釧路市', '音別町緑町'),
(0880105, 'ﾎｯｶｲﾄﾞｳ', 'ｸｼﾛｼ', 'ｵﾝﾍﾞﾂﾁｮｳﾑﾘ', '北海道', '釧路市', '音別町ムリ'),
(0880115, 'ﾎｯｶｲﾄﾞｳ', 'ｸｼﾛｼ', 'ｵﾝﾍﾞﾂﾁｮｳﾓﾄﾏﾁ', '北海道', '釧路市', '音別町本町'),
(0880121, 'ﾎｯｶｲﾄﾞｳ', 'ｸｼﾛｼ', 'ｵﾝﾍﾞﾂﾁｮｳﾜｶｸｻ', '北海道', '釧路市', '音別町若草'),
(0850023, 'ﾎｯｶｲﾄﾞｳ', 'ｸｼﾛｼ', 'ｶｲｳﾝ', '北海道', '釧路市', '海運'),
(0850816, 'ﾎｯｶｲﾄﾞｳ', 'ｸｼﾛｼ', 'ｶｲﾂﾞｶ', '北海道', '釧路市', '貝塚'),
(0850824, 'ﾎｯｶｲﾄﾞｳ', 'ｸｼﾛｼ', 'ｶｼﾜｷﾞﾁｮｳ', '北海道', '釧路市', '柏木町'),
(0850041, 'ﾎｯｶｲﾄﾞｳ', 'ｸｼﾛｼ', 'ｶｽｶﾞﾁｮｳ', '北海道', '釧路市', '春日町'),
(0850802, 'ﾎｯｶｲﾄﾞｳ', 'ｸｼﾛｼ', 'ｶﾂﾗｺｲ', '北海道', '釧路市', '桂恋'),
(0850012, 'ﾎｯｶｲﾄﾞｳ', 'ｸｼﾛｼ', 'ｶﾜｶﾐﾁｮｳ', '北海道', '釧路市', '川上町'),
(0850003, 'ﾎｯｶｲﾄﾞｳ', 'ｸｼﾛｼ', 'ｶﾜｷﾀﾁｮｳ', '北海道', '釧路市', '川北町'),
(0850044, 'ﾎｯｶｲﾄﾞｳ', 'ｸｼﾛｼ', 'ｶﾜﾊﾞﾀﾁｮｳ', '北海道', '釧路市', '川端町'),
(0850015, 'ﾎｯｶｲﾄﾞｳ', 'ｸｼﾛｼ', 'ｷﾀｵｵﾄﾞｵﾘ', '北海道', '釧路市', '北大通'),
(0840908, 'ﾎｯｶｲﾄﾞｳ', 'ｸｼﾛｼ', 'ｷﾀｿﾞﾉ', '北海道', '釧路市', '北園'),
(0850043, 'ﾎｯｶｲﾄﾞｳ', 'ｸｼﾛｼ', 'ｷﾀﾁｮｳ', '北海道', '釧路市', '喜多町'),
(0850035, 'ﾎｯｶｲﾄﾞｳ', 'ｸｼﾛｼ', 'ｷｮｳｴｲｵｵﾄﾞｵﾘ', '北海道', '釧路市', '共栄大通'),
(0850018, 'ﾎｯｶｲﾄﾞｳ', 'ｸｼﾛｼ', 'ｸﾛｶﾞﾈﾁｮｳ', '北海道', '釧路市', '黒金町'),
(0850051, 'ﾎｯｶｲﾄﾞｳ', 'ｸｼﾛｼ', 'ｺｳﾖｳﾁｮｳ', '北海道', '釧路市', '光陽町'),
(0850026, 'ﾎｯｶｲﾄﾞｳ', 'ｸｼﾛｼ', 'ｺﾄﾌﾞｷ', '北海道', '釧路市', '寿'),
(0850048, 'ﾎｯｶｲﾄﾞｳ', 'ｸｼﾛｼ', 'ｺﾏﾊﾞﾁｮｳ', '北海道', '釧路市', '駒場町'),
(0840927, 'ﾎｯｶｲﾄﾞｳ', 'ｸｼﾛｼ', 'ｺﾏﾏｷ', '北海道', '釧路市', '駒牧'),
(0850815, 'ﾎｯｶｲﾄﾞｳ', 'ｸｼﾛｼ', 'ｻﾞｲﾓｸﾁｮｳ', '北海道', '釧路市', '材木町'),
(0850017, 'ﾎｯｶｲﾄﾞｳ', 'ｸｼﾛｼ', 'ｻｲﾜｲﾁｮｳ', '北海道', '釧路市', '幸町'),
(0850013, 'ﾎｯｶｲﾄﾞｳ', 'ｸｼﾛｼ', 'ｻｶｴﾏﾁ', '北海道', '釧路市', '栄町'),
(0850805, 'ﾎｯｶｲﾄﾞｳ', 'ｸｼﾛｼ', 'ｻｸﾗｶﾞｵｶ', '北海道', '釧路市', '桜ケ岡'),
(0850251, 'ﾎｯｶｲﾄﾞｳ', 'ｸｼﾛｼ', 'ｻｸﾗﾀﾞ', '北海道', '釧路市', '桜田'),
(0850812, 'ﾎｯｶｲﾄﾞｳ', 'ｸｼﾛｼ', 'ｼｳﾝﾀﾞｲ', '北海道', '釧路市', '紫雲台'),
(0850055, 'ﾎｯｶｲﾄﾞｳ', 'ｸｼﾛｼ', 'ｼﾞｽｲﾁｮｳ', '北海道', '釧路市', '治水町'),
(0850822, 'ﾎｯｶｲﾄﾞｳ', 'ｸｼﾛｼ', 'ｼｭﾝｺﾀﾞｲ', '北海道', '釧路市', '春湖台'),
(0840902, 'ﾎｯｶｲﾄﾞｳ', 'ｸｼﾛｼ', 'ｼｮｳﾜ', '北海道', '釧路市', '昭和'),
(0840901, 'ﾎｯｶｲﾄﾞｳ', 'ｸｼﾛｼ', 'ｼｮｳﾜｷﾀ', '北海道', '釧路市', '昭和北'),
(0840910, 'ﾎｯｶｲﾄﾞｳ', 'ｸｼﾛｼ', 'ｼｮｳﾜﾁｭｳｵｳ', '北海道', '釧路市', '昭和中央'),
(0840903, 'ﾎｯｶｲﾄﾞｳ', 'ｸｼﾛｼ', 'ｼｮｳﾜﾁｮｳ', '北海道', '釧路市', '昭和町'),
(0840909, 'ﾎｯｶｲﾄﾞｳ', 'ｸｼﾛｼ', 'ｼｮｳﾜﾐﾅﾐ', '北海道', '釧路市', '昭和南'),
(0850804, 'ﾎｯｶｲﾄﾞｳ', 'ｸｼﾛｼ', 'ｼﾗｶﾊﾞﾀﾞｲ', '北海道', '釧路市', '白樺台'),
(0850844, 'ﾎｯｶｲﾄﾞｳ', 'ｸｼﾛｼ', 'ｼﾘﾄﾁｮｳ', '北海道', '釧路市', '知人町'),
(0850034, 'ﾎｯｶｲﾄﾞｳ', 'ｸｼﾛｼ', 'ｼﾛｶﾞﾈﾁｮｳ', '北海道', '釧路市', '白金町'),
(0850826, 'ﾎｯｶｲﾄﾞｳ', 'ｸｼﾛｼ', 'ｼﾛﾔﾏ', '北海道', '釧路市', '城山'),
(0850032, 'ﾎｯｶｲﾄﾞｳ', 'ｸｼﾛｼ', 'ｼﾝｴｲﾁｮｳ', '北海道', '釧路市', '新栄町'),
(0850047, 'ﾎｯｶｲﾄﾞｳ', 'ｸｼﾛｼ', 'ｼﾝｶﾜﾁｮｳ', '北海道', '釧路市', '新川町'),
(0850002, 'ﾎｯｶｲﾄﾞｳ', 'ｸｼﾛｼ', 'ｼﾝｸｼﾛﾁｮｳ', '北海道', '釧路市', '新釧路町'),
(0850004, 'ﾎｯｶｲﾄﾞｳ', 'ｸｼﾛｼ', 'ｼﾝﾄﾐﾁｮｳ', '北海道', '釧路市', '新富町'),
(0850046, 'ﾎｯｶｲﾄﾞｳ', 'ｸｼﾛｼ', 'ｼﾝﾊﾞｼｵｵﾄﾞｵﾘ', '北海道', '釧路市', '新橋大通'),
(0840904, 'ﾎｯｶｲﾄﾞｳ', 'ｸｼﾛｼ', 'ｼﾝﾌｼﾞﾁｮｳ', '北海道', '釧路市', '新富士町'),
(0850014, 'ﾎｯｶｲﾄﾞｳ', 'ｸｼﾛｼ', 'ｽｴﾋﾛﾁｮｳ', '北海道', '釧路市', '末広町'),
(0850045, 'ﾎｯｶｲﾄﾞｳ', 'ｸｼﾛｼ', 'ｽﾐﾉｴﾁｮｳ', '北海道', '釧路市', '住之江町'),
(0850831, 'ﾎｯｶｲﾄﾞｳ', 'ｸｼﾛｼ', 'ｽﾐﾖｼ', '北海道', '釧路市', '住吉'),
(0850807, 'ﾎｯｶｲﾄﾞｳ', 'ｸｼﾛｼ', 'ﾀｶﾔﾏ', '北海道', '釧路市', '高山'),
(0850025, 'ﾎｯｶｲﾄﾞｳ', 'ｸｼﾛｼ', 'ﾀｶﾗﾏﾁ', '北海道', '釧路市', '宝町'),
(0850825, 'ﾎｯｶｲﾄﾞｳ', 'ｸｼﾛｼ', 'ﾁﾄｾﾁｮｳ', '北海道', '釧路市', '千歳町'),
(0850823, 'ﾎｯｶｲﾄﾞｳ', 'ｸｼﾛｼ', 'ﾁﾖﾉｳﾗ', '北海道', '釧路市', '千代ノ浦'),
(0840926, 'ﾎｯｶｲﾄﾞｳ', 'ｸｼﾛｼ', 'ﾂﾙｵｶ', '北海道', '釧路市', '鶴丘'),
(0850821, 'ﾎｯｶｲﾄﾞｳ', 'ｸｼﾛｼ', 'ﾂﾙｶﾞﾀﾞｲ', '北海道', '釧路市', '鶴ケ岱'),
(0840924, 'ﾎｯｶｲﾄﾞｳ', 'ｸｼﾛｼ', 'ﾂﾙﾉ', '北海道', '釧路市', '鶴野'),
(0840923, 'ﾎｯｶｲﾄﾞｳ', 'ｸｼﾛｼ', 'ﾂﾙﾉﾋｶﾞｼ', '北海道', '釧路市', '鶴野東'),
(0840906, 'ﾎｯｶｲﾄﾞｳ', 'ｸｼﾛｼ', 'ﾄｯﾄﾘｵｵﾄﾞｵﾘ', '北海道', '釧路市', '鳥取大通'),
(0840907, 'ﾎｯｶｲﾄﾞｳ', 'ｸｼﾛｼ', 'ﾄｯﾄﾘｷﾀ', '北海道', '釧路市', '鳥取北'),
(0840905, 'ﾎｯｶｲﾄﾞｳ', 'ｸｼﾛｼ', 'ﾄｯﾄﾘﾐﾅﾐ', '北海道', '釧路市', '鳥取南'),
(0850053, 'ﾎｯｶｲﾄﾞｳ', 'ｸｼﾛｼ', 'ﾄﾖｶﾜﾁｮｳ', '北海道', '釧路市', '豊川町'),
(0850031, 'ﾎｯｶｲﾄﾞｳ', 'ｸｼﾛｼ', 'ﾅｶｼﾞﾏﾁｮｳ', '北海道', '釧路市', '中島町'),
(0850052, 'ﾎｯｶｲﾄﾞｳ', 'ｸｼﾛｼ', 'ﾅｶｿﾞﾉﾁｮｳ', '北海道', '釧路市', '中園町'),
(0840929, 'ﾎｯｶｲﾄﾞｳ', 'ｸｼﾛｼ', 'ﾅｶﾂﾙﾉ', '北海道', '釧路市', '中鶴野'),
(0850027, 'ﾎｯｶｲﾄﾞｳ', 'ｸｼﾛｼ', 'ﾅｶﾊﾏﾁｮｳ', '北海道', '釧路市', '仲浜町'),
(0850021, 'ﾎｯｶｲﾄﾞｳ', 'ｸｼﾛｼ', 'ﾅﾆﾜﾁｮｳ', '北海道', '釧路市', '浪花町'),
(0840925, 'ﾎｯｶｲﾄﾞｳ', 'ｸｼﾛｼ', 'ﾆｲﾉ', '北海道', '釧路市', '新野'),
(0850016, 'ﾎｯｶｲﾄﾞｳ', 'ｸｼﾛｼ', 'ﾆｼｷﾁｮｳ', '北海道', '釧路市', '錦町'),
(0840914, 'ﾎｯｶｲﾄﾞｳ', 'ｸｼﾛｼ', 'ﾆｼｺｳ', '北海道', '釧路市', '西港'),
(0850836, 'ﾎｯｶｲﾄﾞｳ', 'ｸｼﾛｼ', 'ﾇｻﾏｲﾁｮｳ', '北海道', '釧路市', '幣舞町'),
(0850038, 'ﾎｯｶｲﾄﾞｳ', 'ｸｼﾛｼ', 'ﾊﾅｿﾞﾉﾁｮｳ', '北海道', '釧路市', '花園町'),
(0850024, 'ﾎｯｶｲﾄﾞｳ', 'ｸｼﾛｼ', 'ﾊﾏﾁｮｳ', '北海道', '釧路市', '浜町'),
(0850813, 'ﾎｯｶｲﾄﾞｳ', 'ｸｼﾛｼ', 'ﾊﾙﾄﾘ', '北海道', '釧路市', '春採'),
(0850056, 'ﾎｯｶｲﾄﾞｳ', 'ｸｼﾛｼ', 'ﾋｶﾞｼｶﾜﾁｮｳ', '北海道', '釧路市', '東川町'),
(0850064, 'ﾎｯｶｲﾄﾞｳ', 'ｸｼﾛｼ', 'ﾋﾛｻﾄ', '北海道', '釧路市', '広里'),
(0850832, 'ﾎｯｶｲﾄﾞｳ', 'ｸｼﾛｼ', 'ﾌｼﾞﾐ', '北海道', '釧路市', '富士見'),
(0850006, 'ﾎｯｶｲﾄﾞｳ', 'ｸｼﾛｼ', 'ﾌﾀﾊﾞﾁｮｳ', '北海道', '釧路市', '双葉町'),
(0850063, 'ﾎｯｶｲﾄﾞｳ', 'ｸｼﾛｼ', 'ﾌﾐｿﾞﾉ', '北海道', '釧路市', '文苑'),
(0850001, 'ﾎｯｶｲﾄﾞｳ', 'ｸｼﾛｼ', 'ﾌﾙｶﾜﾁｮｳ', '北海道', '釧路市', '古川町'),
(0850843, 'ﾎｯｶｲﾄﾞｳ', 'ｸｼﾛｼ', 'ﾍﾞﾝﾃﾝｶﾞﾊﾏ', '北海道', '釧路市', '弁天ケ浜'),
(0840922, 'ﾎｯｶｲﾄﾞｳ', 'ｸｼﾛｼ', 'ﾎｸﾄ', '北海道', '釧路市', '北斗'),
(0840912, 'ﾎｯｶｲﾄﾞｳ', 'ｸｼﾛｼ', 'ﾎｼｶﾞｳﾗｵｵﾄﾞｵﾘ', '北海道', '釧路市', '星が浦大通'),
(0840911, 'ﾎｯｶｲﾄﾞｳ', 'ｸｼﾛｼ', 'ﾎｼｶﾞｳﾗｷﾀ', '北海道', '釧路市', '星が浦北'),
(0840913, 'ﾎｯｶｲﾄﾞｳ', 'ｸｼﾛｼ', 'ﾎｼｶﾞｳﾗﾐﾅﾐ', '北海道', '釧路市', '星が浦南'),
(0850007, 'ﾎｯｶｲﾄﾞｳ', 'ｸｼﾛｼ', 'ﾎﾘｶﾜﾁｮｳ', '北海道', '釧路市', '堀川町'),
(0850803, 'ﾎｯｶｲﾄﾞｳ', 'ｸｼﾛｼ', 'ﾏｽｳﾗ', '北海道', '釧路市', '益浦'),
(0850005, 'ﾎｯｶｲﾄﾞｳ', 'ｸｼﾛｼ', 'ﾏﾂｳﾗﾁｮｳ', '北海道', '釧路市', '松浦町'),
(0850801, 'ﾎｯｶｲﾄﾞｳ', 'ｸｼﾛｼ', 'ﾐﾂｳﾗ', '北海道', '釧路市', '三津浦'),
(0850814, 'ﾎｯｶｲﾄﾞｳ', 'ｸｼﾛｼ', 'ﾐﾄﾞﾘｶﾞｵｶ', '北海道', '釧路市', '緑ケ岡'),
(0850845, 'ﾎｯｶｲﾄﾞｳ', 'ｸｼﾛｼ', 'ﾐﾅﾄﾏﾁ', '北海道', '釧路市', '港町'),
(0850841, 'ﾎｯｶｲﾄﾞｳ', 'ｸｼﾛｼ', 'ﾐﾅﾐｵｵﾄﾞｵﾘ', '北海道', '釧路市', '南大通'),
(0850022, 'ﾎｯｶｲﾄﾞｳ', 'ｸｼﾛｼ', 'ﾐﾅﾐﾊﾏﾁｮｳ', '北海道', '釧路市', '南浜町'),
(0840921, 'ﾎｯｶｲﾄﾞｳ', 'ｸｼﾛｼ', 'ﾐﾉｳ', '北海道', '釧路市', '美濃'),
(0850065, 'ﾎｯｶｲﾄﾞｳ', 'ｸｼﾛｼ', 'ﾐﾊﾗ', '北海道', '釧路市', '美原'),
(0850833, 'ﾎｯｶｲﾄﾞｳ', 'ｸｼﾛｼ', 'ﾐﾔﾓﾄ', '北海道', '釧路市', '宮本'),
(0850806, 'ﾎｯｶｲﾄﾞｳ', 'ｸｼﾛｼ', 'ﾑｻ', '北海道', '釧路市', '武佐'),
(0850037, 'ﾎｯｶｲﾄﾞｳ', 'ｸｼﾛｼ', 'ﾔﾅｷﾞﾏﾁ', '北海道', '釧路市', '柳町'),
(0840928, 'ﾎｯｶｲﾄﾞｳ', 'ｸｼﾛｼ', 'ﾔﾏﾊﾅ', '北海道', '釧路市', '山花'),
(0850834, 'ﾎｯｶｲﾄﾞｳ', 'ｸｼﾛｼ', 'ﾔﾖｲ', '北海道', '釧路市', '弥生'),
(0850842, 'ﾎｯｶｲﾄﾞｳ', 'ｸｼﾛｼ', 'ﾖﾈﾏﾁ', '北海道', '釧路市', '米町'),
(0850042, 'ﾎｯｶｲﾄﾞｳ', 'ｸｼﾛｼ', 'ﾜｶｸｻﾁｮｳ', '北海道', '釧路市', '若草町'),
(0850036, 'ﾎｯｶｲﾄﾞｳ', 'ｸｼﾛｼ', 'ﾜｶﾀｹﾁｮｳ', '北海道', '釧路市', '若竹町'),
(0850033, 'ﾎｯｶｲﾄﾞｳ', 'ｸｼﾛｼ', 'ﾜｶﾏﾂﾁｮｳ', '北海道', '釧路市', '若松町'),
(0800000, 'ﾎｯｶｲﾄﾞｳ', 'ｵﾋﾞﾋﾛｼ', 'ｲｶﾆｹｲｻｲｶﾞﾅｲﾊﾞｱｲ', '北海道', '帯広市', '以下に掲載がない場合'),
(0891181, 'ﾎｯｶｲﾄﾞｳ', 'ｵﾋﾞﾋﾛｼ', 'ｱｲｺｸﾁｮｳ', '北海道', '帯広市', '愛国町'),
(0891245, 'ﾎｯｶｲﾄﾞｳ', 'ｵﾋﾞﾋﾛｼ', 'ｲｽﾞﾐﾁｮｳ', '北海道', '帯広市', '泉町'),
(0891244, 'ﾎｯｶｲﾄﾞｳ', 'ｵﾋﾞﾋﾛｼ', 'ｲﾀｲﾗﾁｮｳ', '北海道', '帯広市', '以平町'),
(0800835, 'ﾎｯｶｲﾄﾞｳ', 'ｵﾋﾞﾋﾛｼ', 'ｲﾅﾀﾞﾁｮｳ', '北海道', '帯広市', '稲田町'),
(0800833, 'ﾎｯｶｲﾄﾞｳ', 'ｵﾋﾞﾋﾛｼ', 'ｲﾅﾀﾞﾁｮｳｷｾﾝ', '北海道', '帯広市', '稲田町基線'),
(0800834, 'ﾎｯｶｲﾄﾞｳ', 'ｵﾋﾞﾋﾛｼ', 'ｲﾅﾀﾞﾁｮｳﾆｼ', '北海道', '帯広市', '稲田町西'),
(0800832, 'ﾎｯｶｲﾄﾞｳ', 'ｵﾋﾞﾋﾛｼ', 'ｲﾅﾀﾞﾁｮｳﾋｶﾞｼ', '北海道', '帯広市', '稲田町東'),
(0800831, 'ﾎｯｶｲﾄﾞｳ', 'ｵﾋﾞﾋﾛｼ', 'ｲﾅﾀﾞﾁｮｳﾐﾅﾐ', '北海道', '帯広市', '稲田町南'),
(0802121, 'ﾎｯｶｲﾄﾞｳ', 'ｵﾋﾞﾋﾛｼ', 'ｲﾜﾅｲﾁｮｳ', '北海道', '帯広市', '岩内町'),
(0802122, 'ﾎｯｶｲﾄﾞｳ', 'ｵﾋﾞﾋﾛｼ', 'ｲﾜﾅｲﾁｮｳﾀﾞｲ1ｷｾﾝ', '北海道', '帯広市', '岩内町第１基線'),
(0802123, 'ﾎｯｶｲﾄﾞｳ', 'ｵﾋﾞﾋﾛｼ', 'ｲﾜﾅｲﾁｮｳﾆｼ', '北海道', '帯広市', '岩内町西'),
(0802124, 'ﾎｯｶｲﾄﾞｳ', 'ｵﾋﾞﾋﾛｼ', 'ｲﾜﾅｲﾁｮｳﾋｶﾞｼ', '北海道', '帯広市', '岩内町東'),
(0800816, 'ﾎｯｶｲﾄﾞｳ', 'ｵﾋﾞﾋﾛｼ', 'ｵｵｶﾜﾁｮｳ', '北海道', '帯広市', '大川町'),
(0800838, 'ﾎｯｶｲﾄﾞｳ', 'ｵﾋﾞﾋﾛｼ', 'ｵｵｿﾞﾗﾁｮｳ', '北海道', '帯広市', '大空町'),
(0800030, 'ﾎｯｶｲﾄﾞｳ', 'ｵﾋﾞﾋﾛｼ', 'ｵｵﾄﾞｵﾘｷﾀ', '北海道', '帯広市', '大通北'),
(0800010, 'ﾎｯｶｲﾄﾞｳ', 'ｵﾋﾞﾋﾛｼ', 'ｵｵﾄﾞｵﾘﾐﾅﾐ', '北海道', '帯広市', '大通南'),
(0802334, 'ﾎｯｶｲﾄﾞｳ', 'ｵﾋﾞﾋﾛｼ', 'ｶﾐｵﾋﾞﾋﾛﾁｮｳ', '北海道', '帯広市', '上帯広町'),
(0802111, 'ﾎｯｶｲﾄﾞｳ', 'ｵﾋﾞﾋﾛｼ', 'ｶﾐｷﾖｶﾜﾁｮｳ', '北海道', '帯広市', '上清川町'),
(0802112, 'ﾎｯｶｲﾄﾞｳ', 'ｵﾋﾞﾋﾛｼ', 'ｶﾐｷﾖｶﾜﾁｮｳｷｾﾝ', '北海道', '帯広市', '上清川町基線'),
(0802113, 'ﾎｯｶｲﾄﾞｳ', 'ｵﾋﾞﾋﾛｼ', 'ｶﾐｷﾖｶﾜﾁｮｳﾆｼ', '北海道', '帯広市', '上清川町西'),
(0802114, 'ﾎｯｶｲﾄﾞｳ', 'ｵﾋﾞﾋﾛｼ', 'ｶﾐｷﾖｶﾜﾁｮｳﾋｶﾞｼ', '北海道', '帯広市', '上清川町東'),
(0891182, 'ﾎｯｶｲﾄﾞｳ', 'ｵﾋﾞﾋﾛｼ', 'ｶﾜﾆｼﾁｮｳ', '北海道', '帯広市', '川西町'),
(0802101, 'ﾎｯｶｲﾄﾞｳ', 'ｵﾋﾞﾋﾛｼ', 'ｷﾖｶﾜﾁｮｳ', '北海道', '帯広市', '清川町'),
(0802102, 'ﾎｯｶｲﾄﾞｳ', 'ｵﾋﾞﾋﾛｼ', 'ｷﾖｶﾜﾁｮｳｷｾﾝ', '北海道', '帯広市', '清川町基線'),
(0802115, 'ﾎｯｶｲﾄﾞｳ', 'ｵﾋﾞﾋﾛｼ', 'ｷﾖｶﾜﾁｮｳﾅｶﾄﾞｵﾘ', '北海道', '帯広市', '清川町仲通'),
(0802103, 'ﾎｯｶｲﾄﾞｳ', 'ｵﾋﾞﾋﾛｼ', 'ｷﾖｶﾜﾁｮｳﾆｼ', '北海道', '帯広市', '清川町西'),
(0802104, 'ﾎｯｶｲﾄﾞｳ', 'ｵﾋﾞﾋﾛｼ', 'ｷﾖｶﾜﾁｮｳﾋｶﾞｼ', '北海道', '帯広市', '清川町東'),
(0802116, 'ﾎｯｶｲﾄﾞｳ', 'ｵﾋﾞﾋﾛｼ', 'ｷﾖｶﾜﾁｮｳﾎﾝﾄﾞｵﾘ', '北海道', '帯広市', '清川町本通'),
(0800836, 'ﾎｯｶｲﾄﾞｳ', 'ｵﾋﾞﾋﾛｼ', 'ｸｳｺｳﾐﾅﾐﾏﾁ', '北海道', '帯広市', '空港南町'),
(0800837, 'ﾎｯｶｲﾄﾞｳ', 'ｵﾋﾞﾋﾛｼ', 'ｸｳｺｳﾐﾅﾐﾏﾁﾐﾅﾐ', '北海道', '帯広市', '空港南町南'),
(0800847, 'ﾎｯｶｲﾄﾞｳ', 'ｵﾋﾞﾋﾛｼ', 'ｺｳｴﾝﾋｶﾞｼﾏﾁ', '北海道', '帯広市', '公園東町'),
(0891246, 'ﾎｯｶｲﾄﾞｳ', 'ｵﾋﾞﾋﾛｼ', 'ｺｳﾌｸﾁｮｳ', '北海道', '帯広市', '幸福町'),
(0891243, 'ﾎｯｶｲﾄﾞｳ', 'ｵﾋﾞﾋﾛｼ', 'ｻｸﾗｷﾞﾁｮｳ', '北海道', '帯広市', '桜木町'),
(0800848, 'ﾎｯｶｲﾄﾞｳ', 'ｵﾋﾞﾋﾛｼ', 'ｼﾞﾕｳｶﾞｵｶ(1､2ﾁｮｳﾒ)', '北海道', '帯広市', '自由が丘（１、２丁目）'),
(0802476, 'ﾎｯｶｲﾄﾞｳ', 'ｵﾋﾞﾋﾛｼ', 'ｼﾞﾕｳｶﾞｵｶ(3-7ﾁｮｳﾒ)', '北海道', '帯広市', '自由が丘（３〜７丁目）'),
(0891247, 'ﾎｯｶｲﾄﾞｳ', 'ｵﾋﾞﾋﾛｼ', 'ｼｮｳﾜﾁｮｳ', '北海道', '帯広市', '昭和町'),
(0800051, 'ﾎｯｶｲﾄﾞｳ', 'ｵﾋﾞﾋﾛｼ', 'ｼﾗｶﾊﾞ16ｼﾞｮｳﾆｼ', '北海道', '帯広市', '白樺十六条西'),
(0800050, 'ﾎｯｶｲﾄﾞｳ', 'ｵﾋﾞﾋﾛｼ', 'ｼﾗｶﾊﾞ16ｼﾞｮｳﾋｶﾞｼ', '北海道', '帯広市', '白樺十六条東'),
(0800053, 'ﾎｯｶｲﾄﾞｳ', 'ｵﾋﾞﾋﾛｼ', 'ｼﾝﾏﾁﾆｼ', '北海道', '帯広市', '新町西'),
(0800052, 'ﾎｯｶｲﾄﾞｳ', 'ｵﾋﾞﾋﾛｼ', 'ｼﾝﾏﾁﾋｶﾞｼ', '北海道', '帯広市', '新町東'),
(0800872, 'ﾎｯｶｲﾄﾞｳ', 'ｵﾋﾞﾋﾛｼ', 'ｾｲﾘｭｳﾆｼ', '北海道', '帯広市', '清流西'),
(0800871, 'ﾎｯｶｲﾄﾞｳ', 'ｵﾋﾞﾋﾛｼ', 'ｾｲﾘｭｳﾋｶﾞｼ', '北海道', '帯広市', '清流東'),
(0891242, 'ﾎｯｶｲﾄﾞｳ', 'ｵﾋﾞﾋﾛｼ', 'ﾀｲｼｮｳﾁｮｳ', '北海道', '帯広市', '大正町'),
(0891241, 'ﾎｯｶｲﾄﾞｳ', 'ｵﾋﾞﾋﾛｼ', 'ﾀｲｼｮｳﾎﾝﾁｮｳ', '北海道', '帯広市', '大正本町'),
(0802105, 'ﾎｯｶｲﾄﾞｳ', 'ｵﾋﾞﾋﾛｼ', 'ﾀｲﾍｲﾁｮｳ', '北海道', '帯広市', '太平町'),
(0802117, 'ﾎｯｶｲﾄﾞｳ', 'ｵﾋﾞﾋﾛｼ', 'ﾀｲﾍｲﾁｮｳﾆｼ', '北海道', '帯広市', '太平町西'),
(0802337, 'ﾎｯｶｲﾄﾞｳ', 'ｵﾋﾞﾋﾛｼ', 'ﾀｸｾｲﾁｮｳ', '北海道', '帯広市', '拓成町'),
(0891183, 'ﾎｯｶｲﾄﾞｳ', 'ｵﾋﾞﾋﾛｼ', 'ﾄﾖﾆｼﾁｮｳ', '北海道', '帯広市', '豊西町'),
(0891252, 'ﾎｯｶｲﾄﾞｳ', 'ｵﾋﾞﾋﾛｼ', 'ﾅｶｼﾞﾏﾁｮｳ', '北海道', '帯広市', '中島町'),
(0800031, 'ﾎｯｶｲﾄﾞｳ', 'ｵﾋﾞﾋﾛｼ', 'ﾆｼ1ｼﾞｮｳｷﾀ', '北海道', '帯広市', '西一条北'),
(0800011, 'ﾎｯｶｲﾄﾞｳ', 'ｵﾋﾞﾋﾛｼ', 'ﾆｼ1ｼﾞｮｳﾐﾅﾐ', '北海道', '帯広市', '西一条南'),
(0800032, 'ﾎｯｶｲﾄﾞｳ', 'ｵﾋﾞﾋﾛｼ', 'ﾆｼ2ｼﾞｮｳｷﾀ', '北海道', '帯広市', '西二条北'),
(0800012, 'ﾎｯｶｲﾄﾞｳ', 'ｵﾋﾞﾋﾛｼ', 'ﾆｼ2ｼﾞｮｳﾐﾅﾐ', '北海道', '帯広市', '西二条南'),
(0800033, 'ﾎｯｶｲﾄﾞｳ', 'ｵﾋﾞﾋﾛｼ', 'ﾆｼ3ｼﾞｮｳｷﾀ', '北海道', '帯広市', '西三条北'),
(0800013, 'ﾎｯｶｲﾄﾞｳ', 'ｵﾋﾞﾋﾛｼ', 'ﾆｼ3ｼﾞｮｳﾐﾅﾐ', '北海道', '帯広市', '西三条南'),
(0800034, 'ﾎｯｶｲﾄﾞｳ', 'ｵﾋﾞﾋﾛｼ', 'ﾆｼ4ｼﾞｮｳｷﾀ', '北海道', '帯広市', '西四条北'),
(0800014, 'ﾎｯｶｲﾄﾞｳ', 'ｵﾋﾞﾋﾛｼ', 'ﾆｼ4ｼﾞｮｳﾐﾅﾐ', '北海道', '帯広市', '西四条南'),
(0800035, 'ﾎｯｶｲﾄﾞｳ', 'ｵﾋﾞﾋﾛｼ', 'ﾆｼ5ｼﾞｮｳｷﾀ', '北海道', '帯広市', '西五条北'),
(0800015, 'ﾎｯｶｲﾄﾞｳ', 'ｵﾋﾞﾋﾛｼ', 'ﾆｼ5ｼﾞｮｳﾐﾅﾐ', '北海道', '帯広市', '西五条南'),
(0800036, 'ﾎｯｶｲﾄﾞｳ', 'ｵﾋﾞﾋﾛｼ', 'ﾆｼ6ｼﾞｮｳｷﾀ', '北海道', '帯広市', '西六条北'),
(0800016, 'ﾎｯｶｲﾄﾞｳ', 'ｵﾋﾞﾋﾛｼ', 'ﾆｼ6ｼﾞｮｳﾐﾅﾐ', '北海道', '帯広市', '西六条南'),
(0800037, 'ﾎｯｶｲﾄﾞｳ', 'ｵﾋﾞﾋﾛｼ', 'ﾆｼ7ｼﾞｮｳｷﾀ', '北海道', '帯広市', '西七条北'),
(0800017, 'ﾎｯｶｲﾄﾞｳ', 'ｵﾋﾞﾋﾛｼ', 'ﾆｼ7ｼﾞｮｳﾐﾅﾐ', '北海道', '帯広市', '西七条南'),
(0800038, 'ﾎｯｶｲﾄﾞｳ', 'ｵﾋﾞﾋﾛｼ', 'ﾆｼ8ｼﾞｮｳｷﾀ', '北海道', '帯広市', '西八条北'),
(0800018, 'ﾎｯｶｲﾄﾞｳ', 'ｵﾋﾞﾋﾛｼ', 'ﾆｼ8ｼﾞｮｳﾐﾅﾐ', '北海道', '帯広市', '西八条南'),
(0800039, 'ﾎｯｶｲﾄﾞｳ', 'ｵﾋﾞﾋﾛｼ', 'ﾆｼ9ｼﾞｮｳｷﾀ', '北海道', '帯広市', '西九条北'),
(0800019, 'ﾎｯｶｲﾄﾞｳ', 'ｵﾋﾞﾋﾛｼ', 'ﾆｼ9ｼﾞｮｳﾐﾅﾐ', '北海道', '帯広市', '西九条南'),
(0800040, 'ﾎｯｶｲﾄﾞｳ', 'ｵﾋﾞﾋﾛｼ', 'ﾆｼ10ｼﾞｮｳｷﾀ', '北海道', '帯広市', '西十条北'),
(0800020, 'ﾎｯｶｲﾄﾞｳ', 'ｵﾋﾞﾋﾛｼ', 'ﾆｼ10ｼﾞｮｳﾐﾅﾐ', '北海道', '帯広市', '西十条南'),
(0800041, 'ﾎｯｶｲﾄﾞｳ', 'ｵﾋﾞﾋﾛｼ', 'ﾆｼ11ｼﾞｮｳｷﾀ', '北海道', '帯広市', '西十一条北'),
(0800021, 'ﾎｯｶｲﾄﾞｳ', 'ｵﾋﾞﾋﾛｼ', 'ﾆｼ11ｼﾞｮｳﾐﾅﾐ', '北海道', '帯広市', '西十一条南'),
(0800042, 'ﾎｯｶｲﾄﾞｳ', 'ｵﾋﾞﾋﾛｼ', 'ﾆｼ12ｼﾞｮｳｷﾀ', '北海道', '帯広市', '西十二条北'),
(0800022, 'ﾎｯｶｲﾄﾞｳ', 'ｵﾋﾞﾋﾛｼ', 'ﾆｼ12ｼﾞｮｳﾐﾅﾐ', '北海道', '帯広市', '西十二条南'),
(0800043, 'ﾎｯｶｲﾄﾞｳ', 'ｵﾋﾞﾋﾛｼ', 'ﾆｼ13ｼﾞｮｳｷﾀ', '北海道', '帯広市', '西十三条北'),
(0800023, 'ﾎｯｶｲﾄﾞｳ', 'ｵﾋﾞﾋﾛｼ', 'ﾆｼ13ｼﾞｮｳﾐﾅﾐ', '北海道', '帯広市', '西十三条南'),
(0800044, 'ﾎｯｶｲﾄﾞｳ', 'ｵﾋﾞﾋﾛｼ', 'ﾆｼ14ｼﾞｮｳｷﾀ', '北海道', '帯広市', '西十四条北'),
(0800024, 'ﾎｯｶｲﾄﾞｳ', 'ｵﾋﾞﾋﾛｼ', 'ﾆｼ14ｼﾞｮｳﾐﾅﾐ', '北海道', '帯広市', '西十四条南'),
(0800045, 'ﾎｯｶｲﾄﾞｳ', 'ｵﾋﾞﾋﾛｼ', 'ﾆｼ15ｼﾞｮｳｷﾀ', '北海道', '帯広市', '西十五条北'),
(0800025, 'ﾎｯｶｲﾄﾞｳ', 'ｵﾋﾞﾋﾛｼ', 'ﾆｼ15ｼﾞｮｳﾐﾅﾐ', '北海道', '帯広市', '西十五条南'),
(0800046, 'ﾎｯｶｲﾄﾞｳ', 'ｵﾋﾞﾋﾛｼ', 'ﾆｼ16ｼﾞｮｳｷﾀ', '北海道', '帯広市', '西十六条北'),
(0800026, 'ﾎｯｶｲﾄﾞｳ', 'ｵﾋﾞﾋﾛｼ', 'ﾆｼ16ｼﾞｮｳﾐﾅﾐ', '北海道', '帯広市', '西十六条南'),
(0800047, 'ﾎｯｶｲﾄﾞｳ', 'ｵﾋﾞﾋﾛｼ', 'ﾆｼ17ｼﾞｮｳｷﾀ', '北海道', '帯広市', '西十七条北'),
(0800027, 'ﾎｯｶｲﾄﾞｳ', 'ｵﾋﾞﾋﾛｼ', 'ﾆｼ17ｼﾞｮｳﾐﾅﾐ', '北海道', '帯広市', '西十七条南'),
(0800048, 'ﾎｯｶｲﾄﾞｳ', 'ｵﾋﾞﾋﾛｼ', 'ﾆｼ18ｼﾞｮｳｷﾀ', '北海道', '帯広市', '西十八条北'),
(0800028, 'ﾎｯｶｲﾄﾞｳ', 'ｵﾋﾞﾋﾛｼ', 'ﾆｼ18ｼﾞｮｳﾐﾅﾐ', '北海道', '帯広市', '西十八条南'),
(0802459, 'ﾎｯｶｲﾄﾞｳ', 'ｵﾋﾞﾋﾛｼ', 'ﾆｼ19ｼﾞｮｳｷﾀ', '北海道', '帯広市', '西十九条北'),
(0802469, 'ﾎｯｶｲﾄﾞｳ', 'ｵﾋﾞﾋﾛｼ', 'ﾆｼ19ｼﾞｮｳﾐﾅﾐ(1-5ﾁｮｳﾒ)', '北海道', '帯広市', '西十九条南（１〜５丁目）'),
(0800029, 'ﾎｯｶｲﾄﾞｳ', 'ｵﾋﾞﾋﾛｼ', 'ﾆｼ19ｼﾞｮｳﾐﾅﾐ(35-38､41､42ﾁｮｳﾒ)', '北海道', '帯広市', '西十九条南（３５〜３８、４１、４２丁目）'),
(0802460, 'ﾎｯｶｲﾄﾞｳ', 'ｵﾋﾞﾋﾛｼ', 'ﾆｼ20ｼﾞｮｳｷﾀ', '北海道', '帯広市', '西二十条北'),
(0802470, 'ﾎｯｶｲﾄﾞｳ', 'ｵﾋﾞﾋﾛｼ', 'ﾆｼ20ｼﾞｮｳﾐﾅﾐ', '北海道', '帯広市', '西二十条南'),
(0802461, 'ﾎｯｶｲﾄﾞｳ', 'ｵﾋﾞﾋﾛｼ', 'ﾆｼ21ｼﾞｮｳｷﾀ', '北海道', '帯広市', '西二十一条北'),
(0802471, 'ﾎｯｶｲﾄﾞｳ', 'ｵﾋﾞﾋﾛｼ', 'ﾆｼ21ｼﾞｮｳﾐﾅﾐ', '北海道', '帯広市', '西二十一条南'),
(0802462, 'ﾎｯｶｲﾄﾞｳ', 'ｵﾋﾞﾋﾛｼ', 'ﾆｼ22ｼﾞｮｳｷﾀ', '北海道', '帯広市', '西二十二条北'),
(0802472, 'ﾎｯｶｲﾄﾞｳ', 'ｵﾋﾞﾋﾛｼ', 'ﾆｼ22ｼﾞｮｳﾐﾅﾐ', '北海道', '帯広市', '西二十二条南'),
(0802463, 'ﾎｯｶｲﾄﾞｳ', 'ｵﾋﾞﾋﾛｼ', 'ﾆｼ23ｼﾞｮｳｷﾀ', '北海道', '帯広市', '西二十三条北'),
(0802473, 'ﾎｯｶｲﾄﾞｳ', 'ｵﾋﾞﾋﾛｼ', 'ﾆｼ23ｼﾞｮｳﾐﾅﾐ', '北海道', '帯広市', '西二十三条南'),
(0802464, 'ﾎｯｶｲﾄﾞｳ', 'ｵﾋﾞﾋﾛｼ', 'ﾆｼ24ｼﾞｮｳｷﾀ', '北海道', '帯広市', '西二十四条北'),
(0802474, 'ﾎｯｶｲﾄﾞｳ', 'ｵﾋﾞﾋﾛｼ', 'ﾆｼ24ｼﾞｮｳﾐﾅﾐ', '北海道', '帯広市', '西二十四条南'),
(0802465, 'ﾎｯｶｲﾄﾞｳ', 'ｵﾋﾞﾋﾛｼ', 'ﾆｼ25ｼﾞｮｳｷﾀ', '北海道', '帯広市', '西二十五条北'),
(0802475, 'ﾎｯｶｲﾄﾞｳ', 'ｵﾋﾞﾋﾛｼ', 'ﾆｼ25ｼﾞｮｳﾐﾅﾐ', '北海道', '帯広市', '西二十五条南'),
(0800054, 'ﾎｯｶｲﾄﾞｳ', 'ｵﾋﾞﾋﾛｼ', 'ﾊｸﾘﾝﾀﾞｲｷﾀﾏﾁ', '北海道', '帯広市', '柏林台北町'),
(0800057, 'ﾎｯｶｲﾄﾞｳ', 'ｵﾋﾞﾋﾛｼ', 'ﾊｸﾘﾝﾀﾞｲﾅｶﾏﾁ', '北海道', '帯広市', '柏林台中町'),
(0800058, 'ﾎｯｶｲﾄﾞｳ', 'ｵﾋﾞﾋﾛｼ', 'ﾊｸﾘﾝﾀﾞｲﾆｼﾏﾁ', '北海道', '帯広市', '柏林台西町'),
(0800055, 'ﾎｯｶｲﾄﾞｳ', 'ｵﾋﾞﾋﾛｼ', 'ﾊｸﾘﾝﾀﾞｲﾋｶﾞｼﾏﾁ', '北海道', '帯広市', '柏林台東町'),
(0800056, 'ﾎｯｶｲﾄﾞｳ', 'ｵﾋﾞﾋﾛｼ', 'ﾊｸﾘﾝﾀﾞｲﾐﾅﾐﾏﾁ', '北海道', '帯広市', '柏林台南町'),
(0802333, 'ﾎｯｶｲﾄﾞｳ', 'ｵﾋﾞﾋﾛｼ', 'ﾋﾞｴｲﾁｮｳ(ﾆｼ5-8ｾﾝ79-110ﾊﾞﾝﾁ)', '北海道', '帯広市', '美栄町（西５〜８線７９〜１１０番地）'),
(0802106, 'ﾎｯｶｲﾄﾞｳ', 'ｵﾋﾞﾋﾛｼ', 'ﾋﾞｴｲﾁｮｳ(ｿﾉﾀ)', '北海道', '帯広市', '美栄町（その他）'),
(0800821, 'ﾎｯｶｲﾄﾞｳ', 'ｵﾋﾞﾋﾛｼ', 'ﾋｶﾞｼ1ｼﾞｮｳｷﾀ', '北海道', '帯広市', '東一条北'),
(0800801, 'ﾎｯｶｲﾄﾞｳ', 'ｵﾋﾞﾋﾛｼ', 'ﾋｶﾞｼ1ｼﾞｮｳﾐﾅﾐ', '北海道', '帯広市', '東一条南'),
(0800822, 'ﾎｯｶｲﾄﾞｳ', 'ｵﾋﾞﾋﾛｼ', 'ﾋｶﾞｼ2ｼﾞｮｳｷﾀ', '北海道', '帯広市', '東二条北'),
(0800802, 'ﾎｯｶｲﾄﾞｳ', 'ｵﾋﾞﾋﾛｼ', 'ﾋｶﾞｼ2ｼﾞｮｳﾐﾅﾐ', '北海道', '帯広市', '東二条南'),
(0800823, 'ﾎｯｶｲﾄﾞｳ', 'ｵﾋﾞﾋﾛｼ', 'ﾋｶﾞｼ3ｼﾞｮｳｷﾀ', '北海道', '帯広市', '東三条北'),
(0800803, 'ﾎｯｶｲﾄﾞｳ', 'ｵﾋﾞﾋﾛｼ', 'ﾋｶﾞｼ3ｼﾞｮｳﾐﾅﾐ', '北海道', '帯広市', '東三条南'),
(0800824, 'ﾎｯｶｲﾄﾞｳ', 'ｵﾋﾞﾋﾛｼ', 'ﾋｶﾞｼ4ｼﾞｮｳｷﾀ', '北海道', '帯広市', '東四条北'),
(0800804, 'ﾎｯｶｲﾄﾞｳ', 'ｵﾋﾞﾋﾛｼ', 'ﾋｶﾞｼ4ｼﾞｮｳﾐﾅﾐ', '北海道', '帯広市', '東四条南'),
(0800805, 'ﾎｯｶｲﾄﾞｳ', 'ｵﾋﾞﾋﾛｼ', 'ﾋｶﾞｼ5ｼﾞｮｳﾐﾅﾐ', '北海道', '帯広市', '東五条南'),
(0800806, 'ﾎｯｶｲﾄﾞｳ', 'ｵﾋﾞﾋﾛｼ', 'ﾋｶﾞｼ6ｼﾞｮｳﾐﾅﾐ', '北海道', '帯広市', '東六条南'),
(0800807, 'ﾎｯｶｲﾄﾞｳ', 'ｵﾋﾞﾋﾛｼ', 'ﾋｶﾞｼ7ｼﾞｮｳﾐﾅﾐ', '北海道', '帯広市', '東七条南'),
(0800808, 'ﾎｯｶｲﾄﾞｳ', 'ｵﾋﾞﾋﾛｼ', 'ﾋｶﾞｼ8ｼﾞｮｳﾐﾅﾐ', '北海道', '帯広市', '東八条南'),
(0800809, 'ﾎｯｶｲﾄﾞｳ', 'ｵﾋﾞﾋﾛｼ', 'ﾋｶﾞｼ9ｼﾞｮｳﾐﾅﾐ', '北海道', '帯広市', '東九条南'),
(0800810, 'ﾎｯｶｲﾄﾞｳ', 'ｵﾋﾞﾋﾛｼ', 'ﾋｶﾞｼ10ｼﾞｮｳﾐﾅﾐ', '北海道', '帯広市', '東十条南'),
(0800811, 'ﾎｯｶｲﾄﾞｳ', 'ｵﾋﾞﾋﾛｼ', 'ﾋｶﾞｼ11ｼﾞｮｳﾐﾅﾐ', '北海道', '帯広市', '東十一条南'),
(0800812, 'ﾎｯｶｲﾄﾞｳ', 'ｵﾋﾞﾋﾛｼ', 'ﾋｶﾞｼ12ｼﾞｮｳﾐﾅﾐ', '北海道', '帯広市', '東十二条南'),
(0800813, 'ﾎｯｶｲﾄﾞｳ', 'ｵﾋﾞﾋﾛｼ', 'ﾋｶﾞｼ13ｼﾞｮｳﾐﾅﾐ', '北海道', '帯広市', '東十三条南'),
(0800814, 'ﾎｯｶｲﾄﾞｳ', 'ｵﾋﾞﾋﾛｼ', 'ﾋｶﾞｼ14ｼﾞｮｳﾐﾅﾐ', '北海道', '帯広市', '東十四条南'),
(0800815, 'ﾎｯｶｲﾄﾞｳ', 'ｵﾋﾞﾋﾛｼ', 'ﾋｶﾞｼ15ｼﾞｮｳﾐﾅﾐ', '北海道', '帯広市', '東十五条南'),
(0802335, 'ﾎｯｶｲﾄﾞｳ', 'ｵﾋﾞﾋﾛｼ', 'ﾋﾛﾉﾁｮｳ', '北海道', '帯広市', '広野町'),
(0802332, 'ﾎｯｶｲﾄﾞｳ', 'ｵﾋﾞﾋﾛｼ', 'ﾌｼﾞﾁｮｳ(ﾆｼ4-8ｾﾝ49-78ﾊﾞﾝﾁ)', '北海道', '帯広市', '富士町（西４〜８線４９〜７８番地）'),
(0891251, 'ﾎｯｶｲﾄﾞｳ', 'ｵﾋﾞﾋﾛｼ', 'ﾌｼﾞﾁｮｳ(ｿﾉﾀ)', '北海道', '帯広市', '富士町（その他）'),
(0891184, 'ﾎｯｶｲﾄﾞｳ', 'ｵﾋﾞﾋﾛｼ', 'ﾍﾞｯﾌﾟﾁｮｳ', '北海道', '帯広市', '別府町'),
(0800846, 'ﾎｯｶｲﾄﾞｳ', 'ｵﾋﾞﾋﾛｼ', 'ﾐﾄﾞﾘｶﾞｵｶ', '北海道', '帯広市', '緑ケ丘'),
(0800841, 'ﾎｯｶｲﾄﾞｳ', 'ｵﾋﾞﾋﾛｼ', 'ﾐﾄﾞﾘｶﾞｵｶ1ｼﾞｮｳﾄﾞｵﾘ', '北海道', '帯広市', '緑ケ丘一条通'),
(0800842, 'ﾎｯｶｲﾄﾞｳ', 'ｵﾋﾞﾋﾛｼ', 'ﾐﾄﾞﾘｶﾞｵｶ2ｼﾞｮｳﾄﾞｵﾘ', '北海道', '帯広市', '緑ケ丘二条通'),
(0800843, 'ﾎｯｶｲﾄﾞｳ', 'ｵﾋﾞﾋﾛｼ', 'ﾐﾄﾞﾘｶﾞｵｶ3ｼﾞｮｳﾄﾞｵﾘ', '北海道', '帯広市', '緑ケ丘三条通'),
(0800845, 'ﾎｯｶｲﾄﾞｳ', 'ｵﾋﾞﾋﾛｼ', 'ﾐﾄﾞﾘｶﾞｵｶﾋｶﾞｼﾄﾞｵﾘﾆｼ', '北海道', '帯広市', '緑ケ丘東通西'),
(0800844, 'ﾎｯｶｲﾄﾞｳ', 'ｵﾋﾞﾋﾛｼ', 'ﾐﾄﾞﾘｶﾞｵｶﾋｶﾞｼﾄﾞｵﾘﾋｶﾞｼ', '北海道', '帯広市', '緑ケ丘東通東'),
(0800862, 'ﾎｯｶｲﾄﾞｳ', 'ｵﾋﾞﾋﾛｼ', 'ﾐﾅﾐﾉﾓﾘﾆｼ', '北海道', '帯広市', '南の森西'),
(0800861, 'ﾎｯｶｲﾄﾞｳ', 'ｵﾋﾞﾋﾛｼ', 'ﾐﾅﾐﾉﾓﾘﾋｶﾞｼ', '北海道', '帯広市', '南の森東'),
(0800857, 'ﾎｯｶｲﾄﾞｳ', 'ｵﾋﾞﾋﾛｼ', 'ﾐﾅﾐﾏﾁ', '北海道', '帯広市', '南町');
INSERT INTO `postcode_table` (`postcode`, `pref_kana`, `city_kana`, `town_area_kana`, `pref`, `city`, `town_area`) VALUES
(0800851, 'ﾎｯｶｲﾄﾞｳ', 'ｵﾋﾞﾋﾛｼ', 'ﾐﾅﾐﾏﾁﾋｶﾞｼ1ｼﾞｮｳ', '北海道', '帯広市', '南町東一条'),
(0800852, 'ﾎｯｶｲﾄﾞｳ', 'ｵﾋﾞﾋﾛｼ', 'ﾐﾅﾐﾏﾁﾋｶﾞｼ2ｼﾞｮｳ', '北海道', '帯広市', '南町東二条'),
(0800853, 'ﾎｯｶｲﾄﾞｳ', 'ｵﾋﾞﾋﾛｼ', 'ﾐﾅﾐﾏﾁﾋｶﾞｼ3ｼﾞｮｳ', '北海道', '帯広市', '南町東三条'),
(0800854, 'ﾎｯｶｲﾄﾞｳ', 'ｵﾋﾞﾋﾛｼ', 'ﾐﾅﾐﾏﾁﾋｶﾞｼ4ｼﾞｮｳ', '北海道', '帯広市', '南町東四条'),
(0800855, 'ﾎｯｶｲﾄﾞｳ', 'ｵﾋﾞﾋﾛｼ', 'ﾐﾅﾐﾏﾁﾋｶﾞｼ5ｼﾞｮｳ', '北海道', '帯広市', '南町東五条'),
(0800856, 'ﾎｯｶｲﾄﾞｳ', 'ｵﾋﾞﾋﾛｼ', 'ﾐﾅﾐﾏﾁﾐﾅﾐ', '北海道', '帯広市', '南町南'),
(0802331, 'ﾎｯｶｲﾄﾞｳ', 'ｵﾋﾞﾋﾛｼ', 'ﾓﾄｲﾏﾂﾁｮｳ', '北海道', '帯広市', '基松町'),
(0802336, 'ﾎｯｶｲﾄﾞｳ', 'ｵﾋﾞﾋﾛｼ', 'ﾔﾁﾖﾁｮｳ', '北海道', '帯広市', '八千代町'),
(0800817, 'ﾎｯｶｲﾄﾞｳ', 'ｵﾋﾞﾋﾛｼ', 'ﾖﾀﾞﾁｮｳ', '北海道', '帯広市', '依田町'),
(0900000, 'ﾎｯｶｲﾄﾞｳ', 'ｷﾀﾐｼ', 'ｲｶﾆｹｲｻｲｶﾞﾅｲﾊﾞｱｲ', '北海道', '北見市', '以下に掲載がない場合'),
(0990871, 'ﾎｯｶｲﾄﾞｳ', 'ｷﾀﾐｼ', 'ｱｲﾉﾅｲﾁｮｳ', '北海道', '北見市', '相内町'),
(0900018, 'ﾎｯｶｲﾄﾞｳ', 'ｷﾀﾐｼ', 'ｱｵﾊﾞﾁｮｳ', '北海道', '北見市', '青葉町'),
(0900011, 'ﾎｯｶｲﾄﾞｳ', 'ｷﾀﾐｼ', 'ｱｹﾎﾞﾉﾁｮｳ', '北海道', '北見市', '曙町'),
(0900803, 'ﾎｯｶｲﾄﾞｳ', 'ｷﾀﾐｼ', 'ｱｻﾋﾏﾁ', '北海道', '北見市', '朝日町'),
(0900811, 'ﾎｯｶｲﾄﾞｳ', 'ｷﾀﾐｼ', 'ｲｽﾞﾐﾁｮｳ', '北海道', '北見市', '泉町'),
(0900020, 'ﾎｯｶｲﾄﾞｳ', 'ｷﾀﾐｼ', 'ｵｵﾄﾞｵﾘﾋｶﾞｼ', '北海道', '北見市', '大通東'),
(0900040, 'ﾎｯｶｲﾄﾞｳ', 'ｷﾀﾐｼ', 'ｵｵﾄﾞｵﾘﾆｼ', '北海道', '北見市', '大通西'),
(0900016, 'ﾎｯｶｲﾄﾞｳ', 'ｷﾀﾐｼ', 'ｵｵﾏﾁ', '北海道', '北見市', '大町'),
(0900056, 'ﾎｯｶｲﾄﾞｳ', 'ｷﾀﾐｼ', 'ｵﾛｼﾏﾁ', '北海道', '北見市', '卸町'),
(0991582, 'ﾎｯｶｲﾄﾞｳ', 'ｷﾀﾐｼ', 'ｶｲｾｲ', '北海道', '北見市', '開成'),
(0900066, 'ﾎｯｶｲﾄﾞｳ', 'ｷﾀﾐｼ', 'ｶｹﾞﾂﾁｮｳ', '北海道', '北見市', '花月町'),
(0990877, 'ﾎｯｶｲﾄﾞｳ', 'ｷﾀﾐｼ', 'ｶｼﾜｷﾞ', '北海道', '北見市', '柏木'),
(0900053, 'ﾎｯｶｲﾄﾞｳ', 'ｷﾀﾐｼ', 'ｶﾂﾗﾏﾁ', '北海道', '北見市', '桂町'),
(0991585, 'ﾎｯｶｲﾄﾞｳ', 'ｷﾀﾐｼ', 'ｶﾐﾄｺﾛ', '北海道', '北見市', '上ところ'),
(0900006, 'ﾎｯｶｲﾄﾞｳ', 'ｷﾀﾐｼ', 'ｶﾐﾆｺﾛ', '北海道', '北見市', '上仁頃'),
(0900821, 'ﾎｯｶｲﾄﾞｳ', 'ｷﾀﾐｼ', 'ｶﾜｿﾞｴﾁｮｳ', '北海道', '北見市', '川沿町'),
(0900807, 'ﾎｯｶｲﾄﾞｳ', 'ｷﾀﾐｼ', 'ｶﾜﾋｶﾞｼ', '北海道', '北見市', '川東'),
(0991583, 'ﾎｯｶｲﾄﾞｳ', 'ｷﾀﾐｼ', 'ｷﾀｶﾞﾐ', '北海道', '北見市', '北上'),
(0900021, 'ﾎｯｶｲﾄﾞｳ', 'ｷﾀﾐｼ', 'ｷﾀ1ｼﾞｮｳﾋｶﾞｼ', '北海道', '北見市', '北一条東'),
(0900041, 'ﾎｯｶｲﾄﾞｳ', 'ｷﾀﾐｼ', 'ｷﾀ1ｼﾞｮｳﾆｼ', '北海道', '北見市', '北一条西'),
(0900022, 'ﾎｯｶｲﾄﾞｳ', 'ｷﾀﾐｼ', 'ｷﾀ2ｼﾞｮｳﾋｶﾞｼ', '北海道', '北見市', '北二条東'),
(0900042, 'ﾎｯｶｲﾄﾞｳ', 'ｷﾀﾐｼ', 'ｷﾀ2ｼﾞｮｳﾆｼ', '北海道', '北見市', '北二条西'),
(0900023, 'ﾎｯｶｲﾄﾞｳ', 'ｷﾀﾐｼ', 'ｷﾀ3ｼﾞｮｳﾋｶﾞｼ', '北海道', '北見市', '北三条東'),
(0900043, 'ﾎｯｶｲﾄﾞｳ', 'ｷﾀﾐｼ', 'ｷﾀ3ｼﾞｮｳﾆｼ', '北海道', '北見市', '北三条西'),
(0900024, 'ﾎｯｶｲﾄﾞｳ', 'ｷﾀﾐｼ', 'ｷﾀ4ｼﾞｮｳﾋｶﾞｼ', '北海道', '北見市', '北四条東'),
(0900044, 'ﾎｯｶｲﾄﾞｳ', 'ｷﾀﾐｼ', 'ｷﾀ4ｼﾞｮｳﾆｼ', '北海道', '北見市', '北四条西'),
(0900025, 'ﾎｯｶｲﾄﾞｳ', 'ｷﾀﾐｼ', 'ｷﾀ5ｼﾞｮｳﾋｶﾞｼ', '北海道', '北見市', '北五条東'),
(0900045, 'ﾎｯｶｲﾄﾞｳ', 'ｷﾀﾐｼ', 'ｷﾀ5ｼﾞｮｳﾆｼ', '北海道', '北見市', '北五条西'),
(0900026, 'ﾎｯｶｲﾄﾞｳ', 'ｷﾀﾐｼ', 'ｷﾀ6ｼﾞｮｳﾋｶﾞｼ', '北海道', '北見市', '北六条東'),
(0900046, 'ﾎｯｶｲﾄﾞｳ', 'ｷﾀﾐｼ', 'ｷﾀ6ｼﾞｮｳﾆｼ', '北海道', '北見市', '北六条西'),
(0900027, 'ﾎｯｶｲﾄﾞｳ', 'ｷﾀﾐｼ', 'ｷﾀ7ｼﾞｮｳﾋｶﾞｼ', '北海道', '北見市', '北七条東'),
(0900047, 'ﾎｯｶｲﾄﾞｳ', 'ｷﾀﾐｼ', 'ｷﾀ7ｼﾞｮｳﾆｼ', '北海道', '北見市', '北七条西'),
(0900028, 'ﾎｯｶｲﾄﾞｳ', 'ｷﾀﾐｼ', 'ｷﾀ8ｼﾞｮｳﾋｶﾞｼ', '北海道', '北見市', '北八条東'),
(0900048, 'ﾎｯｶｲﾄﾞｳ', 'ｷﾀﾐｼ', 'ｷﾀ8ｼﾞｮｳﾆｼ', '北海道', '北見市', '北八条西'),
(0900029, 'ﾎｯｶｲﾄﾞｳ', 'ｷﾀﾐｼ', 'ｷﾀ9ｼﾞｮｳﾋｶﾞｼ', '北海道', '北見市', '北九条東'),
(0900030, 'ﾎｯｶｲﾄﾞｳ', 'ｷﾀﾐｼ', 'ｷﾀ10ｼﾞｮｳﾋｶﾞｼ', '北海道', '北見市', '北十条東'),
(0900031, 'ﾎｯｶｲﾄﾞｳ', 'ｷﾀﾐｼ', 'ｷﾀ11ｼﾞｮｳﾋｶﾞｼ', '北海道', '北見市', '北十一条東'),
(0900063, 'ﾎｯｶｲﾄﾞｳ', 'ｷﾀﾐｼ', 'ｷﾖﾐﾁｮｳ', '北海道', '北見市', '清見町'),
(0900001, 'ﾎｯｶｲﾄﾞｳ', 'ｷﾀﾐｼ', 'ｺｲｽﾞﾐ', '北海道', '北見市', '小泉'),
(0900051, 'ﾎｯｶｲﾄﾞｳ', 'ｷﾀﾐｼ', 'ｺｳｴｲﾋｶﾞｼﾏﾁ', '北海道', '北見市', '高栄東町'),
(0900058, 'ﾎｯｶｲﾄﾞｳ', 'ｷﾀﾐｼ', 'ｺｳｴｲﾆｼﾏﾁ', '北海道', '北見市', '高栄西町'),
(0900015, 'ﾎｯｶｲﾄﾞｳ', 'ｷﾀﾐｼ', 'ｺｳｴﾝﾁｮｳ', '北海道', '北見市', '公園町'),
(0900835, 'ﾎｯｶｲﾄﾞｳ', 'ｷﾀﾐｼ', 'ｺｳｾｲﾁｮｳ', '北海道', '北見市', '光西町'),
(0900823, 'ﾎｯｶｲﾄﾞｳ', 'ｷﾀﾐｼ', 'ｺｳﾒｲﾁｮｳ', '北海道', '北見市', '広明町'),
(0900814, 'ﾎｯｶｲﾄﾞｳ', 'ｷﾀﾐｼ', 'ｺｳﾖｳﾁｮｳ', '北海道', '北見市', '光葉町'),
(0900065, 'ﾎｯｶｲﾄﾞｳ', 'ｷﾀﾐｼ', 'ｺﾄﾌﾞｷﾁｮｳ', '北海道', '北見市', '寿町'),
(0900036, 'ﾎｯｶｲﾄﾞｳ', 'ｷﾀﾐｼ', 'ｻｲﾜｲﾁｮｳ', '北海道', '北見市', '幸町'),
(0900832, 'ﾎｯｶｲﾄﾞｳ', 'ｷﾀﾐｼ', 'ｻｶｴﾏﾁ', '北海道', '北見市', '栄町'),
(0900804, 'ﾎｯｶｲﾄﾞｳ', 'ｷﾀﾐｼ', 'ｻｸﾗﾏﾁ', '北海道', '北見市', '桜町'),
(0900019, 'ﾎｯｶｲﾄﾞｳ', 'ｷﾀﾐｼ', 'ｻﾝﾗｸﾁｮｳ', '北海道', '北見市', '三楽町'),
(0900801, 'ﾎｯｶｲﾄﾞｳ', 'ｷﾀﾐｼ', 'ｼｭﾝｺｳﾁｮｳ', '北海道', '北見市', '春光町'),
(0900002, 'ﾎｯｶｲﾄﾞｳ', 'ｷﾀﾐｼ', 'ｼｮｳﾜ', '北海道', '北見市', '昭和'),
(0900815, 'ﾎｯｶｲﾄﾞｳ', 'ｷﾀﾐｼ', 'ｼﾝｾｲﾁｮｳ', '北海道', '北見市', '新生町'),
(0900826, 'ﾎｯｶｲﾄﾞｳ', 'ｷﾀﾐｼ', 'ｽｴﾋﾛﾁｮｳ', '北海道', '北見市', '末広町'),
(0990874, 'ﾎｯｶｲﾄﾞｳ', 'ｷﾀﾐｼ', 'ｽﾐﾖｼ', '北海道', '北見市', '住吉'),
(0900805, 'ﾎｯｶｲﾄﾞｳ', 'ｷﾀﾐｼ', 'ｾｲｹﾞﾂﾁｮｳ', '北海道', '北見市', '清月町'),
(0900008, 'ﾎｯｶｲﾄﾞｳ', 'ｷﾀﾐｼ', 'ﾀｲｼｮｳ', '北海道', '北見市', '大正'),
(0900017, 'ﾎｯｶｲﾄﾞｳ', 'ｷﾀﾐｼ', 'ﾀｶｻｺﾞﾁｮｳ', '北海道', '北見市', '高砂町'),
(0900802, 'ﾎｯｶｲﾄﾞｳ', 'ｷﾀﾐｼ', 'ﾀﾊﾞﾀﾁｮｳ', '北海道', '北見市', '田端町'),
(0992101, 'ﾎｯｶｲﾄﾞｳ', 'ｷﾀﾐｼ', 'ﾀﾝﾉﾁｮｳ1ｸ', '北海道', '北見市', '端野町一区'),
(0992102, 'ﾎｯｶｲﾄﾞｳ', 'ｷﾀﾐｼ', 'ﾀﾝﾉﾁｮｳ2ｸ', '北海道', '北見市', '端野町二区'),
(0992103, 'ﾎｯｶｲﾄﾞｳ', 'ｷﾀﾐｼ', 'ﾀﾝﾉﾁｮｳ3ｸ', '北海道', '北見市', '端野町三区'),
(0992107, 'ﾎｯｶｲﾄﾞｳ', 'ｷﾀﾐｼ', 'ﾀﾝﾉﾁｮｳｶﾜﾑｶｲ', '北海道', '北見市', '端野町川向'),
(0992106, 'ﾎｯｶｲﾄﾞｳ', 'ｷﾀﾐｼ', 'ﾀﾝﾉﾁｮｳｷｮｳﾜ', '北海道', '北見市', '端野町協和'),
(0992104, 'ﾎｯｶｲﾄﾞｳ', 'ｷﾀﾐｼ', 'ﾀﾝﾉﾁｮｳﾀﾝﾉ', '北海道', '北見市', '端野町端野'),
(0992105, 'ﾎｯｶｲﾄﾞｳ', 'ｷﾀﾐｼ', 'ﾀﾝﾉﾁｮｳﾁｭｳｼ', '北海道', '北見市', '端野町忠志'),
(0992112, 'ﾎｯｶｲﾄﾞｳ', 'ｷﾀﾐｼ', 'ﾀﾝﾉﾁｮｳﾄﾖﾐ', '北海道', '北見市', '端野町豊実'),
(0992231, 'ﾎｯｶｲﾄﾞｳ', 'ｷﾀﾐｼ', 'ﾀﾝﾉﾁｮｳﾋｳｼﾅｲ', '北海道', '北見市', '端野町緋牛内'),
(0992111, 'ﾎｯｶｲﾄﾞｳ', 'ｷﾀﾐｼ', 'ﾀﾝﾉﾁｮｳﾎｸﾄ', '北海道', '北見市', '端野町北登'),
(0900034, 'ﾎｯｶｲﾄﾞｳ', 'ｷﾀﾐｼ', 'ﾁｭｳｵｳﾁｮｳ', '北海道', '北見市', '中央町'),
(0900837, 'ﾎｯｶｲﾄﾞｳ', 'ｷﾀﾐｼ', 'ﾁｭｳｵｳﾐﾜ', '北海道', '北見市', '中央三輪'),
(0991584, 'ﾎｯｶｲﾄﾞｳ', 'ｷﾀﾐｼ', 'ﾂﾈｶﾜ', '北海道', '北見市', '常川'),
(0900061, 'ﾎｯｶｲﾄﾞｳ', 'ｷﾀﾐｼ', 'ﾄｳﾘｮｳﾁｮｳ', '北海道', '北見市', '東陵町'),
(0900817, 'ﾎｯｶｲﾄﾞｳ', 'ｷﾀﾐｼ', 'ﾄｷﾜﾁｮｳ', '北海道', '北見市', '常盤町'),
(0930215, 'ﾎｯｶｲﾄﾞｳ', 'ｷﾀﾐｼ', 'ﾄｺﾛﾁｮｳｷﾞﾌ', '北海道', '北見市', '常呂町岐阜'),
(0930214, 'ﾎｯｶｲﾄﾞｳ', 'ｷﾀﾐｼ', 'ﾄｺﾛﾁｮｳｷｮｳﾘﾂ', '北海道', '北見市', '常呂町共立'),
(0930216, 'ﾎｯｶｲﾄﾞｳ', 'ｷﾀﾐｼ', 'ﾄｺﾛﾁｮｳｻｶｴｳﾗ', '北海道', '北見市', '常呂町栄浦'),
(0930210, 'ﾎｯｶｲﾄﾞｳ', 'ｷﾀﾐｼ', 'ﾄｺﾛﾁｮｳﾄｺﾛ', '北海道', '北見市', '常呂町常呂'),
(0930213, 'ﾎｯｶｲﾄﾞｳ', 'ｷﾀﾐｼ', 'ﾄｺﾛﾁｮｳﾄｻ', '北海道', '北見市', '常呂町土佐'),
(0930332, 'ﾎｯｶｲﾄﾞｳ', 'ｷﾀﾐｼ', 'ﾄｺﾛﾁｮｳﾄﾐｵｶ', '北海道', '北見市', '常呂町富丘'),
(0930331, 'ﾎｯｶｲﾄﾞｳ', 'ｷﾀﾐｼ', 'ﾄｺﾛﾁｮｳﾄﾖｶﾜ', '北海道', '北見市', '常呂町豊川'),
(0930336, 'ﾎｯｶｲﾄﾞｳ', 'ｷﾀﾐｼ', 'ﾄｺﾛﾁｮｳﾉﾎﾞﾘ', '北海道', '北見市', '常呂町登'),
(0930202, 'ﾎｯｶｲﾄﾞｳ', 'ｷﾀﾐｼ', 'ﾄｺﾛﾁｮｳﾋｶﾞｼﾊﾏ', '北海道', '北見市', '常呂町東浜'),
(0930334, 'ﾎｯｶｲﾄﾞｳ', 'ｷﾀﾐｼ', 'ﾄｺﾛﾁｮｳﾋﾖｼ', '北海道', '北見市', '常呂町日吉'),
(0930333, 'ﾎｯｶｲﾄﾞｳ', 'ｷﾀﾐｼ', 'ﾄｺﾛﾁｮｳﾌｸﾔﾏ', '北海道', '北見市', '常呂町福山'),
(0930335, 'ﾎｯｶｲﾄﾞｳ', 'ｷﾀﾐｼ', 'ﾄｺﾛﾁｮｳﾖｼﾉ', '北海道', '北見市', '常呂町吉野'),
(0990876, 'ﾎｯｶｲﾄﾞｳ', 'ｷﾀﾐｼ', 'ﾄﾐｻﾄ', '北海道', '北見市', '富里'),
(0990872, 'ﾎｯｶｲﾄﾞｳ', 'ｷﾀﾐｼ', 'ﾄﾖﾀ', '北海道', '北見市', '豊田'),
(0900833, 'ﾎｯｶｲﾄﾞｳ', 'ｷﾀﾐｼ', 'ﾄﾝﾃﾞﾝﾋｶﾞｼﾏﾁ', '北海道', '北見市', 'とん田東町'),
(0900834, 'ﾎｯｶｲﾄﾞｳ', 'ｷﾀﾐｼ', 'ﾄﾝﾃﾞﾝﾆｼﾏﾁ', '北海道', '北見市', 'とん田西町'),
(0900813, 'ﾎｯｶｲﾄﾞｳ', 'ｷﾀﾐｼ', 'ﾅｶﾉｼﾏﾁｮｳ', '北海道', '北見市', '中ノ島町'),
(0900012, 'ﾎｯｶｲﾄﾞｳ', 'ｷﾀﾐｼ', 'ﾅﾐｷﾁｮｳ', '北海道', '北見市', '並木町'),
(0900003, 'ﾎｯｶｲﾄﾞｳ', 'ｷﾀﾐｼ', 'ﾆｺﾛﾁｮｳ', '北海道', '北見市', '仁頃町'),
(0990873, 'ﾎｯｶｲﾄﾞｳ', 'ｷﾀﾐｼ', 'ﾆｼｱｲﾉﾅｲ', '北海道', '北見市', '西相内'),
(0900827, 'ﾎｯｶｲﾄﾞｳ', 'ｷﾀﾐｼ', 'ﾆｼｷﾁｮｳ', '北海道', '北見市', '錦町'),
(0900831, 'ﾎｯｶｲﾄﾞｳ', 'ｷﾀﾐｼ', 'ﾆｼﾄﾐﾁｮｳ', '北海道', '北見市', '西富町'),
(0900838, 'ﾎｯｶｲﾄﾞｳ', 'ｷﾀﾐｼ', 'ﾆｼﾐﾜ', '北海道', '北見市', '西三輪'),
(0900013, 'ﾎｯｶｲﾄﾞｳ', 'ｷﾀﾐｼ', 'ﾊｸﾖｳﾁｮｳ', '北海道', '北見市', '柏陽町'),
(0900816, 'ﾎｯｶｲﾄﾞｳ', 'ｷﾀﾐｼ', 'ﾊﾅｿﾞﾉﾁｮｳ', '北海道', '北見市', '花園町'),
(0900033, 'ﾎｯｶｲﾄﾞｳ', 'ｷﾀﾐｼ', 'ﾊﾞﾝﾊﾞﾁｮｳ', '北海道', '北見市', '番場町'),
(0990878, 'ﾎｯｶｲﾄﾞｳ', 'ｷﾀﾐｼ', 'ﾋｶﾞｼｱｲﾉﾅｲﾁｮｳ', '北海道', '北見市', '東相内町'),
(0900836, 'ﾎｯｶｲﾄﾞｳ', 'ｷﾀﾐｼ', 'ﾋｶﾞｼﾐﾜ', '北海道', '北見市', '東三輪'),
(0900810, 'ﾎｯｶｲﾄﾞｳ', 'ｷﾀﾐｼ', 'ﾋｶﾘﾉ', '北海道', '北見市', 'ひかり野'),
(0991586, 'ﾎｯｶｲﾄﾞｳ', 'ｷﾀﾐｼ', 'ﾋﾛｻﾄ', '北海道', '北見市', '広郷'),
(0900054, 'ﾎｯｶｲﾄﾞｳ', 'ｷﾀﾐｼ', 'ﾌﾀﾊﾞﾁｮｳ', '北海道', '北見市', '双葉町'),
(0900014, 'ﾎｯｶｲﾄﾞｳ', 'ｷﾀﾐｼ', 'ﾌﾞﾝｷｮｳﾁｮｳ', '北海道', '北見市', '文京町'),
(0991587, 'ﾎｯｶｲﾄﾞｳ', 'ｷﾀﾐｼ', 'ﾎｳﾁﾞ', '北海道', '北見市', '豊地'),
(0900822, 'ﾎｯｶｲﾄﾞｳ', 'ｷﾀﾐｼ', 'ﾎｸｵｳﾁｮｳ', '北海道', '北見市', '北央町'),
(0900052, 'ﾎｯｶｲﾄﾞｳ', 'ｷﾀﾐｼ', 'ﾎｸｼﾝﾁｮｳ', '北海道', '北見市', '北進町'),
(0900035, 'ﾎｯｶｲﾄﾞｳ', 'ｷﾀﾐｼ', 'ﾎｸﾄﾁｮｳ', '北海道', '北見市', '北斗町'),
(0900004, 'ﾎｯｶｲﾄﾞｳ', 'ｷﾀﾐｼ', 'ﾎｸﾖｳ', '北海道', '北見市', '北陽'),
(0900824, 'ﾎｯｶｲﾄﾞｳ', 'ｷﾀﾐｼ', 'ﾎｯｺｳ', '北海道', '北見市', '北光'),
(0990875, 'ﾎｯｶｲﾄﾞｳ', 'ｷﾀﾐｼ', 'ﾎﾝｻﾞﾜ', '北海道', '北見市', '本沢'),
(0900007, 'ﾎｯｶｲﾄﾞｳ', 'ｷﾀﾐｼ', 'ﾐｻﾄ', '北海道', '北見市', '美里'),
(0900032, 'ﾎｯｶｲﾄﾞｳ', 'ｷﾀﾐｼ', 'ﾐｽﾐﾁｮｳ', '北海道', '北見市', '三住町'),
(0990879, 'ﾎｯｶｲﾄﾞｳ', 'ｷﾀﾐｼ', 'ﾐｿﾉ', '北海道', '北見市', '美園'),
(0900067, 'ﾎｯｶｲﾄﾞｳ', 'ｷﾀﾐｼ', 'ﾐﾄﾞﾘｶﾞｵｶ', '北海道', '北見市', '緑ケ丘'),
(0900055, 'ﾎｯｶｲﾄﾞｳ', 'ｷﾀﾐｼ', 'ﾐﾄﾞﾘﾏﾁ', '北海道', '北見市', '緑町'),
(0991581, 'ﾎｯｶｲﾄﾞｳ', 'ｷﾀﾐｼ', 'ﾐﾅﾐｵｶ', '北海道', '北見市', '南丘'),
(0900812, 'ﾎｯｶｲﾄﾞｳ', 'ｷﾀﾐｼ', 'ﾐﾅﾐﾅｶﾏﾁ', '北海道', '北見市', '南仲町'),
(0900806, 'ﾎｯｶｲﾄﾞｳ', 'ｷﾀﾐｼ', 'ﾐﾅﾐﾏﾁ', '北海道', '北見市', '南町'),
(0900070, 'ﾎｯｶｲﾄﾞｳ', 'ｷﾀﾐｼ', 'ﾐﾔﾏﾁｮｳﾆｼ', '北海道', '北見市', '美山町西'),
(0900069, 'ﾎｯｶｲﾄﾞｳ', 'ｷﾀﾐｼ', 'ﾐﾔﾏﾁｮｳﾋｶﾞｼ', '北海道', '北見市', '美山町東'),
(0900068, 'ﾎｯｶｲﾄﾞｳ', 'ｷﾀﾐｼ', 'ﾐﾔﾏﾁｮｳﾐﾅﾐ', '北海道', '北見市', '美山町南'),
(0900064, 'ﾎｯｶｲﾄﾞｳ', 'ｷﾀﾐｼ', 'ﾐﾖｼﾁｮｳ', '北海道', '北見市', '美芳町'),
(0900825, 'ﾎｯｶｲﾄﾞｳ', 'ｷﾀﾐｼ', 'ﾑｶｶﾞﾜﾁｮｳ', '北海道', '北見市', '無加川町'),
(0900818, 'ﾎｯｶｲﾄﾞｳ', 'ｷﾀﾐｼ', 'ﾓﾄﾏﾁ', '北海道', '北見市', '本町'),
(0900037, 'ﾎｯｶｲﾄﾞｳ', 'ｷﾀﾐｼ', 'ﾔﾏｼﾀﾁｮｳ', '北海道', '北見市', '山下町'),
(0900005, 'ﾎｯｶｲﾄﾞｳ', 'ｷﾀﾐｼ', 'ﾔﾏﾄ', '北海道', '北見市', '大和'),
(0910029, 'ﾎｯｶｲﾄﾞｳ', 'ｷﾀﾐｼ', 'ﾙﾍﾞｼﾍﾞﾁｮｳｱｻﾋ1ｸ', '北海道', '北見市', '留辺蘂町旭１区'),
(0910028, 'ﾎｯｶｲﾄﾞｳ', 'ｷﾀﾐｼ', 'ﾙﾍﾞｼﾍﾞﾁｮｳｱｻﾋ3ｸ', '北海道', '北見市', '留辺蘂町旭３区'),
(0910025, 'ﾎｯｶｲﾄﾞｳ', 'ｷﾀﾐｼ', 'ﾙﾍﾞｼﾍﾞﾁｮｳｱｻﾋｷﾀ', '北海道', '北見市', '留辺蘂町旭北'),
(0910026, 'ﾎｯｶｲﾄﾞｳ', 'ｷﾀﾐｼ', 'ﾙﾍﾞｼﾍﾞﾁｮｳｱｻﾋｺｳｴﾝ', '北海道', '北見市', '留辺蘂町旭公園'),
(0910023, 'ﾎｯｶｲﾄﾞｳ', 'ｷﾀﾐｼ', 'ﾙﾍﾞｼﾍﾞﾁｮｳｱｻﾋﾁｭｳｵｳ', '北海道', '北見市', '留辺蘂町旭中央'),
(0910027, 'ﾎｯｶｲﾄﾞｳ', 'ｷﾀﾐｼ', 'ﾙﾍﾞｼﾍﾞﾁｮｳｱｻﾋﾆｼ', '北海道', '北見市', '留辺蘂町旭西'),
(0910022, 'ﾎｯｶｲﾄﾞｳ', 'ｷﾀﾐｼ', 'ﾙﾍﾞｼﾍﾞﾁｮｳｱｻﾋﾋｶﾞｼ', '北海道', '北見市', '留辺蘂町旭東'),
(0910024, 'ﾎｯｶｲﾄﾞｳ', 'ｷﾀﾐｼ', 'ﾙﾍﾞｼﾍﾞﾁｮｳｱｻﾋﾐﾅﾐ', '北海道', '北見市', '留辺蘂町旭南'),
(0910002, 'ﾎｯｶｲﾄﾞｳ', 'ｷﾀﾐｼ', 'ﾙﾍﾞｼﾍﾞﾁｮｳｱｽﾞﾏﾏﾁ', '北海道', '北見市', '留辺蘂町東町'),
(0910011, 'ﾎｯｶｲﾄﾞｳ', 'ｷﾀﾐｼ', 'ﾙﾍﾞｼﾍﾞﾁｮｳｲｽﾞﾐ', '北海道', '北見市', '留辺蘂町泉'),
(0910031, 'ﾎｯｶｲﾄﾞｳ', 'ｷﾀﾐｼ', 'ﾙﾍﾞｼﾍﾞﾁｮｳｵｵﾄﾐ', '北海道', '北見市', '留辺蘂町大富'),
(0910170, 'ﾎｯｶｲﾄﾞｳ', 'ｷﾀﾐｼ', 'ﾙﾍﾞｼﾍﾞﾁｮｳｵﾝﾈﾕｵﾝｾﾝ', '北海道', '北見市', '留辺蘂町温根湯温泉'),
(0910021, 'ﾎｯｶｲﾄﾞｳ', 'ｷﾀﾐｼ', 'ﾙﾍﾞｼﾍﾞﾁｮｳｶﾈﾊﾅ', '北海道', '北見市', '留辺蘂町金華'),
(0910004, 'ﾎｯｶｲﾄﾞｳ', 'ｷﾀﾐｼ', 'ﾙﾍﾞｼﾍﾞﾁｮｳｶﾐﾏﾁ', '北海道', '北見市', '留辺蘂町上町'),
(0910156, 'ﾎｯｶｲﾄﾞｳ', 'ｷﾀﾐｼ', 'ﾙﾍﾞｼﾍﾞﾁｮｳｶﾜｷﾀ', '北海道', '北見市', '留辺蘂町川北'),
(0910161, 'ﾎｯｶｲﾄﾞｳ', 'ｷﾀﾐｼ', 'ﾙﾍﾞｼﾍﾞﾁｮｳｺｳﾜ', '北海道', '北見市', '留辺蘂町厚和'),
(0910033, 'ﾎｯｶｲﾄﾞｳ', 'ｷﾀﾐｼ', 'ﾙﾍﾞｼﾍﾞﾁｮｳｻｶｴﾏﾁ', '北海道', '北見市', '留辺蘂町栄町'),
(0910151, 'ﾎｯｶｲﾄﾞｳ', 'ｷﾀﾐｼ', 'ﾙﾍﾞｼﾍﾞﾁｮｳｼｮｳｴｲ', '北海道', '北見市', '留辺蘂町昭栄'),
(0910163, 'ﾎｯｶｲﾄﾞｳ', 'ｷﾀﾐｼ', 'ﾙﾍﾞｼﾍﾞﾁｮｳﾀｷﾉﾕ', '北海道', '北見市', '留辺蘂町滝の湯'),
(0910007, 'ﾎｯｶｲﾄﾞｳ', 'ｷﾀﾐｼ', 'ﾙﾍﾞｼﾍﾞﾁｮｳﾄﾐｵｶ', '北海道', '北見市', '留辺蘂町富岡'),
(0910032, 'ﾎｯｶｲﾄﾞｳ', 'ｷﾀﾐｼ', 'ﾙﾍﾞｼﾍﾞﾁｮｳﾄﾖｶﾞﾈ', '北海道', '北見市', '留辺蘂町豊金'),
(0910003, 'ﾎｯｶｲﾄﾞｳ', 'ｷﾀﾐｼ', 'ﾙﾍﾞｼﾍﾞﾁｮｳﾅｶﾏﾁ', '北海道', '北見市', '留辺蘂町仲町'),
(0910157, 'ﾎｯｶｲﾄﾞｳ', 'ｷﾀﾐｼ', 'ﾙﾍﾞｼﾍﾞﾁｮｳﾊﾅｵｶ', '北海道', '北見市', '留辺蘂町花丘'),
(0910018, 'ﾎｯｶｲﾄﾞｳ', 'ｷﾀﾐｼ', 'ﾙﾍﾞｼﾍﾞﾁｮｳﾊﾅｿﾞﾉ', '北海道', '北見市', '留辺蘂町花園'),
(0910154, 'ﾎｯｶｲﾄﾞｳ', 'ｷﾀﾐｼ', 'ﾙﾍﾞｼﾍﾞﾁｮｳﾋﾗｻﾄ', '北海道', '北見市', '留辺蘂町平里'),
(0910162, 'ﾎｯｶｲﾄﾞｳ', 'ｷﾀﾐｼ', 'ﾙﾍﾞｼﾍﾞﾁｮｳﾌｼﾞﾐ', '北海道', '北見市', '留辺蘂町富士見'),
(0910153, 'ﾎｯｶｲﾄﾞｳ', 'ｷﾀﾐｼ', 'ﾙﾍﾞｼﾍﾞﾁｮｳﾏﾂﾔﾏ', '北海道', '北見市', '留辺蘂町松山'),
(0910016, 'ﾎｯｶｲﾄﾞｳ', 'ｷﾀﾐｼ', 'ﾙﾍﾞｼﾍﾞﾁｮｳﾏﾙﾔﾏ', '北海道', '北見市', '留辺蘂町丸山'),
(0910017, 'ﾎｯｶｲﾄﾞｳ', 'ｷﾀﾐｼ', 'ﾙﾍﾞｼﾍﾞﾁｮｳﾐｽﾞﾎ', '北海道', '北見市', '留辺蘂町瑞穂'),
(0910008, 'ﾎｯｶｲﾄﾞｳ', 'ｷﾀﾐｼ', 'ﾙﾍﾞｼﾍﾞﾁｮｳﾐﾔｼﾀﾁｮｳ', '北海道', '北見市', '留辺蘂町宮下町'),
(0910001, 'ﾎｯｶｲﾄﾞｳ', 'ｷﾀﾐｼ', 'ﾙﾍﾞｼﾍﾞﾁｮｳﾓﾄﾏﾁ', '北海道', '北見市', '留辺蘂町元町'),
(0910155, 'ﾎｯｶｲﾄﾞｳ', 'ｷﾀﾐｼ', 'ﾙﾍﾞｼﾍﾞﾁｮｳﾔﾏﾄ', '北海道', '北見市', '留辺蘂町大和'),
(0900057, 'ﾎｯｶｲﾄﾞｳ', 'ｷﾀﾐｼ', 'ﾜｶﾊﾞ', '北海道', '北見市', '若葉'),
(0900808, 'ﾎｯｶｲﾄﾞｳ', 'ｷﾀﾐｼ', 'ﾜｶﾏﾂ', '北海道', '北見市', '若松'),
(0680400, 'ﾎｯｶｲﾄﾞｳ', 'ﾕｳﾊﾞﾘｼ', 'ｲｶﾆｹｲｻｲｶﾞﾅｲﾊﾞｱｲ', '北海道', '夕張市', '以下に掲載がない場合'),
(0680405, 'ﾎｯｶｲﾄﾞｳ', 'ﾕｳﾊﾞﾘｼ', 'ｱｻﾋﾏﾁ', '北海道', '夕張市', '旭町'),
(0680754, 'ﾎｯｶｲﾄﾞｳ', 'ﾕｳﾊﾞﾘｼ', 'ｶｴﾃﾞ', '北海道', '夕張市', '楓'),
(0680662, 'ﾎｯｶｲﾄﾞｳ', 'ﾕｳﾊﾞﾘｼ', 'ｶｼﾏｱｶｼﾁｮｳ', '北海道', '夕張市', '鹿島明石町'),
(0680673, 'ﾎｯｶｲﾄﾞｳ', 'ﾕｳﾊﾞﾘｼ', 'ｶｼﾏｻｶｴﾁｮｳ', '北海道', '夕張市', '鹿島栄町'),
(0680661, 'ﾎｯｶｲﾄﾞｳ', 'ﾕｳﾊﾞﾘｼ', 'ｶｼﾏｼﾛｶﾞﾈ', '北海道', '夕張市', '鹿島白金'),
(0680665, 'ﾎｯｶｲﾄﾞｳ', 'ﾕｳﾊﾞﾘｼ', 'ｶｼﾏﾀｶﾗﾁｮｳ', '北海道', '夕張市', '鹿島宝町'),
(0680663, 'ﾎｯｶｲﾄﾞｳ', 'ﾕｳﾊﾞﾘｼ', 'ｶｼﾏﾁﾄｾﾁｮｳ', '北海道', '夕張市', '鹿島千年町'),
(0680664, 'ﾎｯｶｲﾄﾞｳ', 'ﾕｳﾊﾞﾘｼ', 'ｶｼﾏﾆｼｷﾁｮｳ', '北海道', '夕張市', '鹿島錦町'),
(0680672, 'ﾎｯｶｲﾄﾞｳ', 'ﾕｳﾊﾞﾘｼ', 'ｶｼﾏﾌｼﾞﾐﾁｮｳ', '北海道', '夕張市', '鹿島富士見町'),
(0680675, 'ﾎｯｶｲﾄﾞｳ', 'ﾕｳﾊﾞﾘｼ', 'ｶｼﾏﾎｸｴｲﾁｮｳ', '北海道', '夕張市', '鹿島北栄町'),
(0680671, 'ﾎｯｶｲﾄﾞｳ', 'ﾕｳﾊﾞﾘｼ', 'ｶｼﾏﾐﾄﾞﾘﾁｮｳ', '北海道', '夕張市', '鹿島緑町'),
(0680674, 'ﾎｯｶｲﾄﾞｳ', 'ﾕｳﾊﾞﾘｼ', 'ｶｼﾏﾖﾖｷﾞﾁｮｳ', '北海道', '夕張市', '鹿島代々木町'),
(0680413, 'ﾎｯｶｲﾄﾞｳ', 'ﾕｳﾊﾞﾘｼ', 'ｼｶﾉﾀﾆ', '北海道', '夕張市', '鹿の谷'),
(0680412, 'ﾎｯｶｲﾄﾞｳ', 'ﾕｳﾊﾞﾘｼ', 'ｼｶﾉﾀﾆﾋｶﾞｼｵｶﾁｮｳ', '北海道', '夕張市', '鹿の谷東丘町'),
(0680414, 'ﾎｯｶｲﾄﾞｳ', 'ﾕｳﾊﾞﾘｼ', 'ｼｶﾉﾀﾆﾔﾏﾃﾁｮｳ', '北海道', '夕張市', '鹿の谷山手町'),
(0680531, 'ﾎｯｶｲﾄﾞｳ', 'ﾕｳﾊﾞﾘｼ', 'ｼﾐｽﾞｻﾜ', '北海道', '夕張市', '清水沢'),
(0680532, 'ﾎｯｶｲﾄﾞｳ', 'ﾕｳﾊﾞﾘｼ', 'ｼﾐｽﾞｻﾜｾｲｴｲﾁｮｳ', '北海道', '夕張市', '清水沢清栄町'),
(0680533, 'ﾎｯｶｲﾄﾞｳ', 'ﾕｳﾊﾞﾘｼ', 'ｼﾐｽﾞｻﾜｾｲｺﾁｮｳ', '北海道', '夕張市', '清水沢清湖町'),
(0680535, 'ﾎｯｶｲﾄﾞｳ', 'ﾕｳﾊﾞﾘｼ', 'ｼﾐｽﾞｻﾜｾｲﾘｮｳﾁｮｳ', '北海道', '夕張市', '清水沢清陵町'),
(0680534, 'ﾎｯｶｲﾄﾞｳ', 'ﾕｳﾊﾞﾘｼ', 'ｼﾐｽﾞｻﾜﾐﾔﾏｴﾁｮｳ', '北海道', '夕張市', '清水沢宮前町'),
(0680402, 'ﾎｯｶｲﾄﾞｳ', 'ﾕｳﾊﾞﾘｼ', 'ｼｬｺｳ', '北海道', '夕張市', '社光'),
(0680404, 'ﾎｯｶｲﾄﾞｳ', 'ﾕｳﾊﾞﾘｼ', 'ｼｮｳﾜ', '北海道', '夕張市', '昭和'),
(0680411, 'ﾎｯｶｲﾄﾞｳ', 'ﾕｳﾊﾞﾘｼ', 'ｽｴﾋﾛ', '北海道', '夕張市', '末広'),
(0680406, 'ﾎｯｶｲﾄﾞｳ', 'ﾕｳﾊﾞﾘｼ', 'ｽﾐｿﾞﾒ', '北海道', '夕張市', '住初'),
(0680401, 'ﾎｯｶｲﾄﾞｳ', 'ﾕｳﾊﾞﾘｼ', 'ﾀｶﾏﾂ', '北海道', '夕張市', '高松'),
(0680756, 'ﾎｯｶｲﾄﾞｳ', 'ﾕｳﾊﾞﾘｼ', 'ﾀｷﾉｳｴ', '北海道', '夕張市', '滝ノ上'),
(0680424, 'ﾎｯｶｲﾄﾞｳ', 'ﾕｳﾊﾞﾘｼ', 'ﾁﾖﾀﾞ', '北海道', '夕張市', '千代田'),
(0680409, 'ﾎｯｶｲﾄﾞｳ', 'ﾕｳﾊﾞﾘｼ', 'ﾃｲﾐ', '北海道', '夕張市', '丁未'),
(0680421, 'ﾎｯｶｲﾄﾞｳ', 'ﾕｳﾊﾞﾘｼ', 'ﾄｷﾜ', '北海道', '夕張市', '常盤'),
(0680408, 'ﾎｯｶｲﾄﾞｳ', 'ﾕｳﾊﾞﾘｼ', 'ﾄﾐｵｶ', '北海道', '夕張市', '富岡'),
(0680426, 'ﾎｯｶｲﾄﾞｳ', 'ﾕｳﾊﾞﾘｼ', 'ﾄﾐﾉ', '北海道', '夕張市', '富野'),
(0680546, 'ﾎｯｶｲﾄﾞｳ', 'ﾕｳﾊﾞﾘｼ', 'ﾅﾝﾌﾞｱｵﾊﾞﾁｮｳ', '北海道', '夕張市', '南部青葉町'),
(0680545, 'ﾎｯｶｲﾄﾞｳ', 'ﾕｳﾊﾞﾘｼ', 'ﾅﾝﾌﾞｱｽﾞﾏﾁｮｳ', '北海道', '夕張市', '南部東町'),
(0680541, 'ﾎｯｶｲﾄﾞｳ', 'ﾕｳﾊﾞﾘｼ', 'ﾅﾝﾌﾞｴﾝﾎﾛﾁｮｳ', '北海道', '夕張市', '南部遠幌町'),
(0680544, 'ﾎｯｶｲﾄﾞｳ', 'ﾕｳﾊﾞﾘｼ', 'ﾅﾝﾌﾞｵｵﾐﾔﾁｮｳ', '北海道', '夕張市', '南部大宮町'),
(0680546, 'ﾎｯｶｲﾄﾞｳ', 'ﾕｳﾊﾞﾘｼ', 'ﾅﾝﾌﾞｷｸｽｲﾁｮｳ', '北海道', '夕張市', '南部菊水町'),
(0680548, 'ﾎｯｶｲﾄﾞｳ', 'ﾕｳﾊﾞﾘｼ', 'ﾅﾝﾌﾞｺｳﾅﾝﾁｮｳ', '北海道', '夕張市', '南部幌南町'),
(0680547, 'ﾎｯｶｲﾄﾞｳ', 'ﾕｳﾊﾞﾘｼ', 'ﾅﾝﾌﾞｼﾝｺｳﾁｮｳ', '北海道', '夕張市', '南部新光町'),
(0680540, 'ﾎｯｶｲﾄﾞｳ', 'ﾕｳﾊﾞﾘｼ', 'ﾅﾝﾌﾞｽﾐﾉｴﾁｮｳ', '北海道', '夕張市', '南部住の江町'),
(0680549, 'ﾎｯｶｲﾄﾞｳ', 'ﾕｳﾊﾞﾘｼ', 'ﾅﾝﾌﾞﾀｹﾐﾁｮｳ', '北海道', '夕張市', '南部岳見町'),
(0680542, 'ﾎｯｶｲﾄﾞｳ', 'ﾕｳﾊﾞﾘｼ', 'ﾅﾝﾌﾞﾕｳﾅﾝﾁｮｳ', '北海道', '夕張市', '南部夕南町'),
(0680543, 'ﾎｯｶｲﾄﾞｳ', 'ﾕｳﾊﾞﾘｼ', 'ﾅﾝﾌﾞﾜｶﾐﾁｮｳ', '北海道', '夕張市', '南部若美町'),
(0680751, 'ﾎｯｶｲﾄﾞｳ', 'ﾕｳﾊﾞﾘｼ', 'ﾇﾏﾉｻﾜ', '北海道', '夕張市', '沼ノ沢'),
(0680753, 'ﾎｯｶｲﾄﾞｳ', 'ﾕｳﾊﾞﾘｼ', 'ﾉﾎﾞﾘｶﾜ', '北海道', '夕張市', '登川'),
(0680422, 'ﾎｯｶｲﾄﾞｳ', 'ﾕｳﾊﾞﾘｼ', 'ﾋﾖｼ', '北海道', '夕張市', '日吉'),
(0680407, 'ﾎｯｶｲﾄﾞｳ', 'ﾕｳﾊﾞﾘｼ', 'ﾌｸｽﾞﾐ', '北海道', '夕張市', '福住'),
(0680423, 'ﾎｯｶｲﾄﾞｳ', 'ﾕｳﾊﾞﾘｼ', 'ﾍｲﾜ', '北海道', '夕張市', '平和'),
(0680403, 'ﾎｯｶｲﾄﾞｳ', 'ﾕｳﾊﾞﾘｼ', 'ﾎﾝﾁｮｳ', '北海道', '夕張市', '本町'),
(0680752, 'ﾎｯｶｲﾄﾞｳ', 'ﾕｳﾊﾞﾘｼ', 'ﾏﾔﾁ', '北海道', '夕張市', '真谷地'),
(0680536, 'ﾎｯｶｲﾄﾞｳ', 'ﾕｳﾊﾞﾘｼ', 'ﾐﾅﾐｼﾐｽﾞｻﾜ', '北海道', '夕張市', '南清水沢'),
(0680755, 'ﾎｯｶｲﾄﾞｳ', 'ﾕｳﾊﾞﾘｼ', 'ﾓﾐｼﾞﾔﾏ', '北海道', '夕張市', '紅葉山'),
(0680425, 'ﾎｯｶｲﾄﾞｳ', 'ﾕｳﾊﾞﾘｼ', 'ﾜｶﾅ', '北海道', '夕張市', '若菜'),
(0680000, 'ﾎｯｶｲﾄﾞｳ', 'ｲﾜﾐｻﾞﾜｼ', 'ｲｶﾆｹｲｻｲｶﾞﾅｲﾊﾞｱｲ', '北海道', '岩見沢市', '以下に掲載がない場合'),
(0683185, 'ﾎｯｶｲﾄﾞｳ', 'ｲﾜﾐｻﾞﾜｼ', 'ｱｻﾋﾁｮｳ', '北海道', '岩見沢市', '朝日町'),
(0680035, 'ﾎｯｶｲﾄﾞｳ', 'ｲﾜﾐｻﾞﾜｼ', 'ｱﾘｱｹﾁｮｳﾁｭｳｵｳ', '北海道', '岩見沢市', '有明町中央'),
(0680034, 'ﾎｯｶｲﾄﾞｳ', 'ｲﾜﾐｻﾞﾜｼ', 'ｱﾘｱｹﾁｮｳﾐﾅﾐ', '北海道', '岩見沢市', '有明町南'),
(0790183, 'ﾎｯｶｲﾄﾞｳ', 'ｲﾜﾐｻﾞﾜｼ', 'ｵｵﾈｶﾞｲﾁｮｳ', '北海道', '岩見沢市', '大願町'),
(0790181, 'ﾎｯｶｲﾄﾞｳ', 'ｲﾜﾐｻﾞﾜｼ', 'ｵｶﾔﾏﾁｮｳ', '北海道', '岩見沢市', '岡山町'),
(0690384, 'ﾎｯｶｲﾄﾞｳ', 'ｲﾜﾐｻﾞﾜｼ', 'ｵﾁｬﾉﾐｽﾞﾁｮｳ', '北海道', '岩見沢市', '御茶の水町'),
(0680829, 'ﾎｯｶｲﾄﾞｳ', 'ｲﾜﾐｻﾞﾜｼ', 'ｶｴﾃﾞﾁｮｳ', '北海道', '岩見沢市', 'かえで町'),
(0680827, 'ﾎｯｶｲﾄﾞｳ', 'ｲﾜﾐｻﾞﾜｼ', 'ｶｽｶﾞﾁｮｳ', '北海道', '岩見沢市', '春日町'),
(0680847, 'ﾎｯｶｲﾄﾞｳ', 'ｲﾜﾐｻﾞﾜｼ', 'ｶﾈｺﾁｮｳ', '北海道', '岩見沢市', '金子町'),
(0680836, 'ﾎｯｶｲﾄﾞｳ', 'ｲﾜﾐｻﾞﾜｼ', 'ｶﾐｼﾌﾞﾝﾁｮｳ', '北海道', '岩見沢市', '上志文町'),
(0690361, 'ﾎｯｶｲﾄﾞｳ', 'ｲﾜﾐｻﾞﾜｼ', 'ｶﾐﾎﾛﾑｲｷﾀ1ｼﾞｮｳ', '北海道', '岩見沢市', '上幌向北一条'),
(0690362, 'ﾎｯｶｲﾄﾞｳ', 'ｲﾜﾐｻﾞﾜｼ', 'ｶﾐﾎﾛﾑｲﾐﾅﾐ1ｼﾞｮｳ', '北海道', '岩見沢市', '上幌向南一条'),
(0690363, 'ﾎｯｶｲﾄﾞｳ', 'ｲﾜﾐｻﾞﾜｼ', 'ｶﾐﾎﾛﾑｲﾐﾅﾐ2ｼﾞｮｳ', '北海道', '岩見沢市', '上幌向南二条'),
(0690364, 'ﾎｯｶｲﾄﾞｳ', 'ｲﾜﾐｻﾞﾜｼ', 'ｶﾐﾎﾛﾑｲﾐﾅﾐ3ｼﾞｮｳ', '北海道', '岩見沢市', '上幌向南三条'),
(0690365, 'ﾎｯｶｲﾄﾞｳ', 'ｲﾜﾐｻﾞﾜｼ', 'ｶﾐﾎﾛﾑｲﾁｮｳ', '北海道', '岩見沢市', '上幌向町'),
(0680057, 'ﾎｯｶｲﾄﾞｳ', 'ｲﾜﾐｻﾞﾜｼ', 'ｷﾀﾎﾝﾁｮｳﾋｶﾞｼ', '北海道', '岩見沢市', '北本町東'),
(0680053, 'ﾎｯｶｲﾄﾞｳ', 'ｲﾜﾐｻﾞﾜｼ', 'ｷﾀﾎﾝﾁｮｳﾆｼ', '北海道', '岩見沢市', '北本町西'),
(0680041, 'ﾎｯｶｲﾄﾞｳ', 'ｲﾜﾐｻﾞﾜｼ', 'ｷﾀ1ｼﾞｮｳﾆｼ', '北海道', '岩見沢市', '北一条西'),
(0680042, 'ﾎｯｶｲﾄﾞｳ', 'ｲﾜﾐｻﾞﾜｼ', 'ｷﾀ2ｼﾞｮｳﾆｼ', '北海道', '岩見沢市', '北二条西'),
(0680043, 'ﾎｯｶｲﾄﾞｳ', 'ｲﾜﾐｻﾞﾜｼ', 'ｷﾀ3ｼﾞｮｳﾆｼ', '北海道', '岩見沢市', '北三条西'),
(0680044, 'ﾎｯｶｲﾄﾞｳ', 'ｲﾜﾐｻﾞﾜｼ', 'ｷﾀ4ｼﾞｮｳﾆｼ', '北海道', '岩見沢市', '北四条西'),
(0680045, 'ﾎｯｶｲﾄﾞｳ', 'ｲﾜﾐｻﾞﾜｼ', 'ｷﾀ5ｼﾞｮｳﾆｼ', '北海道', '岩見沢市', '北五条西'),
(0680061, 'ﾎｯｶｲﾄﾞｳ', 'ｲﾜﾐｻﾞﾜｼ', 'ｷﾀ6ｼﾞｮｳﾆｼ', '北海道', '岩見沢市', '北六条西'),
(0681213, 'ﾎｯｶｲﾄﾞｳ', 'ｲﾜﾐｻﾞﾜｼ', 'ｷﾀﾑﾗｱｶｶﾞﾜ', '北海道', '岩見沢市', '北村赤川'),
(0681203, 'ﾎｯｶｲﾄﾞｳ', 'ｲﾜﾐｻﾞﾜｼ', 'ｷﾀﾑﾗｵｵﾈｶﾞｲ', '北海道', '岩見沢市', '北村大願'),
(0681204, 'ﾎｯｶｲﾄﾞｳ', 'ｲﾜﾐｻﾞﾜｼ', 'ｷﾀﾑﾗｻｶｴﾏﾁ', '北海道', '岩見沢市', '北村栄町'),
(0690351, 'ﾎｯｶｲﾄﾞｳ', 'ｲﾜﾐｻﾞﾜｼ', 'ｷﾀﾑﾗｽﾅﾊﾏ', '北海道', '岩見沢市', '北村砂浜'),
(0681212, 'ﾎｯｶｲﾄﾞｳ', 'ｲﾜﾐｻﾞﾜｼ', 'ｷﾀﾑﾗﾁｭｳｵｳ', '北海道', '岩見沢市', '北村中央'),
(0681205, 'ﾎｯｶｲﾄﾞｳ', 'ｲﾜﾐｻﾞﾜｼ', 'ｷﾀﾑﾗﾄﾖｻﾄ', '北海道', '岩見沢市', '北村豊里'),
(0681202, 'ﾎｯｶｲﾄﾞｳ', 'ｲﾜﾐｻﾞﾜｼ', 'ｷﾀﾑﾗﾅｶｺﾞﾔ', '北海道', '岩見沢市', '北村中小屋'),
(0681214, 'ﾎｯｶｲﾄﾞｳ', 'ｲﾜﾐｻﾞﾜｼ', 'ｷﾀﾑﾗﾋﾞﾊﾞｲﾀｯﾌﾟ', '北海道', '岩見沢市', '北村美唄達布'),
(0681201, 'ﾎｯｶｲﾄﾞｳ', 'ｲﾜﾐｻﾞﾜｼ', 'ｷﾀﾑﾗﾎｳｾｲ', '北海道', '岩見沢市', '北村豊正'),
(0681161, 'ﾎｯｶｲﾄﾞｳ', 'ｲﾜﾐｻﾞﾜｼ', 'ｷﾀﾑﾗﾎｸﾄ(ｼﾝﾅｶｼﾞﾏ)', '北海道', '岩見沢市', '北村北都（新中島）'),
(0681211, 'ﾎｯｶｲﾄﾞｳ', 'ｲﾜﾐｻﾞﾜｼ', 'ｷﾀﾑﾗﾎｸﾄ(ｿﾉﾀ)', '北海道', '岩見沢市', '北村北都（その他）'),
(0681215, 'ﾎｯｶｲﾄﾞｳ', 'ｲﾜﾐｻﾞﾜｼ', 'ｷﾀﾑﾗﾎﾛﾀｯﾌﾟ', '北海道', '岩見沢市', '北村幌達布'),
(0680106, 'ﾎｯｶｲﾄﾞｳ', 'ｲﾜﾐｻﾞﾜｼ', 'ｸﾘｻﾜﾁｮｳｴﾁｾﾞﾝ', '北海道', '岩見沢市', '栗沢町越前'),
(0680112, 'ﾎｯｶｲﾄﾞｳ', 'ｲﾜﾐｻﾞﾜｼ', 'ｸﾘｻﾜﾁｮｳｶﾐﾎﾛ', '北海道', '岩見沢市', '栗沢町上幌'),
(0680133, 'ﾎｯｶｲﾄﾞｳ', 'ｲﾜﾐｻﾞﾜｼ', 'ｸﾘｻﾜﾁｮｳｶﾓｶﾞﾜ', '北海道', '岩見沢市', '栗沢町加茂川'),
(0680122, 'ﾎｯｶｲﾄﾞｳ', 'ｲﾜﾐｻﾞﾜｼ', 'ｸﾘｻﾜﾁｮｳｷﾀｻﾁﾎ', '北海道', '岩見沢市', '栗沢町北幸穂'),
(0680121, 'ﾎｯｶｲﾄﾞｳ', 'ｲﾜﾐｻﾞﾜｼ', 'ｸﾘｻﾜﾁｮｳｷﾀﾎﾝﾁｮｳ', '北海道', '岩見沢市', '栗沢町北本町'),
(0680135, 'ﾎｯｶｲﾄﾞｳ', 'ｲﾜﾐｻﾞﾜｼ', 'ｸﾘｻﾜﾁｮｳｷﾞﾌ', '北海道', '岩見沢市', '栗沢町岐阜'),
(0680134, 'ﾎｯｶｲﾄﾞｳ', 'ｲﾜﾐｻﾞﾜｼ', 'ｸﾘｻﾜﾁｮｳｸﾘｵｶ', '北海道', '岩見沢市', '栗沢町栗丘'),
(0680102, 'ﾎｯｶｲﾄﾞｳ', 'ｲﾜﾐｻﾞﾜｼ', 'ｸﾘｻﾜﾁｮｳｸﾘﾍﾞ', '北海道', '岩見沢市', '栗沢町栗部'),
(0680104, 'ﾎｯｶｲﾄﾞｳ', 'ｲﾜﾐｻﾞﾜｼ', 'ｸﾘｻﾜﾁｮｳｺｳｾｲ', '北海道', '岩見沢市', '栗沢町耕成'),
(0680131, 'ﾎｯｶｲﾄﾞｳ', 'ｲﾜﾐｻﾞﾜｼ', 'ｸﾘｻﾜﾁｮｳｺﾆｼ', '北海道', '岩見沢市', '栗沢町小西'),
(0680124, 'ﾎｯｶｲﾄﾞｳ', 'ｲﾜﾐｻﾞﾜｼ', 'ｸﾘｻﾜﾁｮｳｻﾁﾎﾁｮｳ', '北海道', '岩見沢市', '栗沢町幸穂町'),
(0680105, 'ﾎｯｶｲﾄﾞｳ', 'ｲﾜﾐｻﾞﾜｼ', 'ｸﾘｻﾜﾁｮｳｼﾞｷｮｳ', '北海道', '岩見沢市', '栗沢町自協'),
(0680103, 'ﾎｯｶｲﾄﾞｳ', 'ｲﾜﾐｻﾞﾜｼ', 'ｸﾘｻﾜﾁｮｳﾄﾅﾐ', '北海道', '岩見沢市', '栗沢町砺波'),
(0680126, 'ﾎｯｶｲﾄﾞｳ', 'ｲﾜﾐｻﾞﾜｼ', 'ｸﾘｻﾜﾁｮｳﾆｼﾎﾝﾁｮｳ', '北海道', '岩見沢市', '栗沢町西本町'),
(0683165, 'ﾎｯｶｲﾄﾞｳ', 'ｲﾜﾐｻﾞﾜｼ', 'ｸﾘｻﾜﾁｮｳﾆｼﾏﾝｼﾞ', '北海道', '岩見沢市', '栗沢町西万字'),
(0680123, 'ﾎｯｶｲﾄﾞｳ', 'ｲﾜﾐｻﾞﾜｼ', 'ｸﾘｻﾜﾁｮｳﾋｶﾞｼﾎﾝﾁｮｳ', '北海道', '岩見沢市', '栗沢町東本町'),
(0680136, 'ﾎｯｶｲﾄﾞｳ', 'ｲﾜﾐｻﾞﾜｼ', 'ｸﾘｻﾜﾁｮｳﾋｯｾｲ', '北海道', '岩見沢市', '栗沢町必成'),
(0680101, 'ﾎｯｶｲﾄﾞｳ', 'ｲﾜﾐｻﾞﾜｼ', 'ｸﾘｻﾜﾁｮｳﾎｸﾄ', '北海道', '岩見沢市', '栗沢町北斗'),
(0680127, 'ﾎｯｶｲﾄﾞｳ', 'ｲﾜﾐｻﾞﾜｼ', 'ｸﾘｻﾜﾁｮｳﾎﾝﾁｮｳ', '北海道', '岩見沢市', '栗沢町本町'),
(0683154, 'ﾎｯｶｲﾄﾞｳ', 'ｲﾜﾐｻﾞﾜｼ', 'ｸﾘｻﾜﾁｮｳﾏﾝｼﾞｱｹﾎﾞﾉﾏﾁ', '北海道', '岩見沢市', '栗沢町万字曙町'),
(0683162, 'ﾎｯｶｲﾄﾞｳ', 'ｲﾜﾐｻﾞﾜｼ', 'ｸﾘｻﾜﾁｮｳﾏﾝｼﾞｱｻﾋﾏﾁ', '北海道', '岩見沢市', '栗沢町万字旭町'),
(0683151, 'ﾎｯｶｲﾄﾞｳ', 'ｲﾜﾐｻﾞﾜｼ', 'ｸﾘｻﾜﾁｮｳﾏﾝｼﾞｵｵﾀｲﾗ', '北海道', '岩見沢市', '栗沢町万字大平'),
(0683155, 'ﾎｯｶｲﾄﾞｳ', 'ｲﾜﾐｻﾞﾜｼ', 'ｸﾘｻﾜﾁｮｳﾏﾝｼﾞｺﾄﾌﾞｷﾁｮｳ', '北海道', '岩見沢市', '栗沢町万字寿町'),
(0683152, 'ﾎｯｶｲﾄﾞｳ', 'ｲﾜﾐｻﾞﾜｼ', 'ｸﾘｻﾜﾁｮｳﾏﾝｼﾞｻｲﾜｲﾁｮｳ', '北海道', '岩見沢市', '栗沢町万字幸町'),
(0683158, 'ﾎｯｶｲﾄﾞｳ', 'ｲﾜﾐｻﾞﾜｼ', 'ｸﾘｻﾜﾁｮｳﾏﾝｼﾞﾄﾓｴﾁｮｳ', '北海道', '岩見沢市', '栗沢町万字巴町'),
(0683153, 'ﾎｯｶｲﾄﾞｳ', 'ｲﾜﾐｻﾞﾜｼ', 'ｸﾘｻﾜﾁｮｳﾏﾝｼﾞﾅｶﾏﾁ', '北海道', '岩見沢市', '栗沢町万字仲町'),
(0683164, 'ﾎｯｶｲﾄﾞｳ', 'ｲﾜﾐｻﾞﾜｼ', 'ｸﾘｻﾜﾁｮｳﾏﾝｼﾞﾆｼｷﾏﾁ', '北海道', '岩見沢市', '栗沢町万字錦町'),
(0683163, 'ﾎｯｶｲﾄﾞｳ', 'ｲﾜﾐｻﾞﾜｼ', 'ｸﾘｻﾜﾁｮｳﾏﾝｼﾞﾆｼﾊﾗﾏﾁ', '北海道', '岩見沢市', '栗沢町万字西原町'),
(0683156, 'ﾎｯｶｲﾄﾞｳ', 'ｲﾜﾐｻﾞﾜｼ', 'ｸﾘｻﾜﾁｮｳﾏﾝｼﾞﾊﾅﾌﾞｻﾁｮｳ', '北海道', '岩見沢市', '栗沢町万字英町'),
(0683159, 'ﾎｯｶｲﾄﾞｳ', 'ｲﾜﾐｻﾞﾜｼ', 'ｸﾘｻﾜﾁｮｳﾏﾝｼﾞﾌﾀﾐﾁｮｳ', '北海道', '岩見沢市', '栗沢町万字二見町'),
(0683157, 'ﾎｯｶｲﾄﾞｳ', 'ｲﾜﾐｻﾞﾜｼ', 'ｸﾘｻﾜﾁｮｳﾏﾝｼﾞﾑﾂﾐﾁｮｳ', '北海道', '岩見沢市', '栗沢町万字睦町'),
(0680132, 'ﾎｯｶｲﾄﾞｳ', 'ｲﾜﾐｻﾞﾜｼ', 'ｸﾘｻﾜﾁｮｳﾐﾅﾐｻﾁﾎ', '北海道', '岩見沢市', '栗沢町南幸穂'),
(0680125, 'ﾎｯｶｲﾄﾞｳ', 'ｲﾜﾐｻﾞﾜｼ', 'ｸﾘｻﾜﾁｮｳﾐﾅﾐﾎﾝﾁｮｳ', '北海道', '岩見沢市', '栗沢町南本町'),
(0683161, 'ﾎｯｶｲﾄﾞｳ', 'ｲﾜﾐｻﾞﾜｼ', 'ｸﾘｻﾜﾁｮｳﾐﾔﾑﾗ(248､339､726､780､800､806ﾊﾞﾝﾁ)', '北海道', '岩見沢市', '栗沢町宮村（２４８、３３９、７２６、７８０、８００、８０６番地）'),
(0680113, 'ﾎｯｶｲﾄﾞｳ', 'ｲﾜﾐｻﾞﾜｼ', 'ｸﾘｻﾜﾁｮｳﾐﾔﾑﾗ(ｿﾉﾀ)', '北海道', '岩見沢市', '栗沢町宮村（その他）'),
(0683183, 'ﾎｯｶｲﾄﾞｳ', 'ｲﾜﾐｻﾞﾜｼ', 'ｸﾘｻﾜﾁｮｳﾐﾙﾄｶｴﾃﾞﾁｮｳ', '北海道', '岩見沢市', '栗沢町美流渡楓町'),
(0683172, 'ﾎｯｶｲﾄﾞｳ', 'ｲﾜﾐｻﾞﾜｼ', 'ｸﾘｻﾜﾁｮｳﾐﾙﾄｻｶｴﾁｮｳ', '北海道', '岩見沢市', '栗沢町美流渡栄町'),
(0683179, 'ﾎｯｶｲﾄﾞｳ', 'ｲﾜﾐｻﾞﾜｼ', 'ｸﾘｻﾜﾁｮｳﾐﾙﾄｻｸﾗﾏﾁ', '北海道', '岩見沢市', '栗沢町美流渡桜町'),
(0683177, 'ﾎｯｶｲﾄﾞｳ', 'ｲﾜﾐｻﾞﾜｼ', 'ｸﾘｻﾜﾁｮｳﾐﾙﾄｽｴﾋﾛﾁｮｳ', '北海道', '岩見沢市', '栗沢町美流渡末広町'),
(0683176, 'ﾎｯｶｲﾄﾞｳ', 'ｲﾜﾐｻﾞﾜｼ', 'ｸﾘｻﾜﾁｮｳﾐﾙﾄﾄｳｴｲﾁｮｳ', '北海道', '岩見沢市', '栗沢町美流渡東栄町'),
(0683178, 'ﾎｯｶｲﾄﾞｳ', 'ｲﾜﾐｻﾞﾜｼ', 'ｸﾘｻﾜﾁｮｳﾐﾙﾄﾆｼｷﾁｮｳ', '北海道', '岩見沢市', '栗沢町美流渡錦町'),
(0683175, 'ﾎｯｶｲﾄﾞｳ', 'ｲﾜﾐｻﾞﾜｼ', 'ｸﾘｻﾜﾁｮｳﾐﾙﾄﾆｼﾏﾁ', '北海道', '岩見沢市', '栗沢町美流渡西町'),
(0683180, 'ﾎｯｶｲﾄﾞｳ', 'ｲﾜﾐｻﾞﾜｼ', 'ｸﾘｻﾜﾁｮｳﾐﾙﾄﾋｶﾞｼﾏﾁ', '北海道', '岩見沢市', '栗沢町美流渡東町'),
(0683171, 'ﾎｯｶｲﾄﾞｳ', 'ｲﾜﾐｻﾞﾜｼ', 'ｸﾘｻﾜﾁｮｳﾐﾙﾄﾎﾝﾁｮｳ', '北海道', '岩見沢市', '栗沢町美流渡本町'),
(0683182, 'ﾎｯｶｲﾄﾞｳ', 'ｲﾜﾐｻﾞﾜｼ', 'ｸﾘｻﾜﾁｮｳﾐﾙﾄﾐﾄﾞﾘﾏﾁ', '北海道', '岩見沢市', '栗沢町美流渡緑町'),
(0683181, 'ﾎｯｶｲﾄﾞｳ', 'ｲﾜﾐｻﾞﾜｼ', 'ｸﾘｻﾜﾁｮｳﾐﾙﾄﾐﾅﾐﾏﾁ', '北海道', '岩見沢市', '栗沢町美流渡南町'),
(0683174, 'ﾎｯｶｲﾄﾞｳ', 'ｲﾜﾐｻﾞﾜｼ', 'ｸﾘｻﾜﾁｮｳﾐﾙﾄﾖｼﾉﾁｮｳ', '北海道', '岩見沢市', '栗沢町美流渡吉野町'),
(0683173, 'ﾎｯｶｲﾄﾞｳ', 'ｲﾜﾐｻﾞﾜｼ', 'ｸﾘｻﾜﾁｮｳﾐﾙﾄﾜｶﾊﾞﾁｮｳ', '北海道', '岩見沢市', '栗沢町美流渡若葉町'),
(0680115, 'ﾎｯｶｲﾄﾞｳ', 'ｲﾜﾐｻﾞﾜｼ', 'ｸﾘｻﾜﾁｮｳﾓｶﾞﾐ', '北海道', '岩見沢市', '栗沢町最上'),
(0680114, 'ﾎｯｶｲﾄﾞｳ', 'ｲﾜﾐｻﾞﾜｼ', 'ｸﾘｻﾜﾁｮｳﾓｾｳｼ', '北海道', '岩見沢市', '栗沢町茂世丑'),
(0680111, 'ﾎｯｶｲﾄﾞｳ', 'ｲﾜﾐｻﾞﾜｼ', 'ｸﾘｻﾜﾁｮｳﾕﾗ', '北海道', '岩見沢市', '栗沢町由良'),
(0680834, 'ﾎｯｶｲﾄﾞｳ', 'ｲﾜﾐｻﾞﾜｼ', 'ｺﾏｿﾞﾉ', '北海道', '岩見沢市', '駒園'),
(0680821, 'ﾎｯｶｲﾄﾞｳ', 'ｲﾜﾐｻﾞﾜｼ', 'ｻｶｴﾏﾁ', '北海道', '岩見沢市', '栄町'),
(0680058, 'ﾎｯｶｲﾄﾞｳ', 'ｲﾜﾐｻﾞﾜｼ', 'ｻｸﾗｷﾞ1ｼﾞｮｳ', '北海道', '岩見沢市', '桜木一条'),
(0680833, 'ﾎｯｶｲﾄﾞｳ', 'ｲﾜﾐｻﾞﾜｼ', 'ｼﾌﾞﾝﾁｮｳ', '北海道', '岩見沢市', '志文町'),
(0680841, 'ﾎｯｶｲﾄﾞｳ', 'ｲﾜﾐｻﾞﾜｼ', 'ｼﾌﾞﾝﾎﾝﾁｮｳ1ｼﾞｮｳ', '北海道', '岩見沢市', '志文本町一条'),
(0680842, 'ﾎｯｶｲﾄﾞｳ', 'ｲﾜﾐｻﾞﾜｼ', 'ｼﾌﾞﾝﾎﾝﾁｮｳ2ｼﾞｮｳ', '北海道', '岩見沢市', '志文本町二条'),
(0680843, 'ﾎｯｶｲﾄﾞｳ', 'ｲﾜﾐｻﾞﾜｼ', 'ｼﾌﾞﾝﾎﾝﾁｮｳ3ｼﾞｮｳ', '北海道', '岩見沢市', '志文本町三条'),
(0680844, 'ﾎｯｶｲﾄﾞｳ', 'ｲﾜﾐｻﾞﾜｼ', 'ｼﾌﾞﾝﾎﾝﾁｮｳ4ｼﾞｮｳ', '北海道', '岩見沢市', '志文本町四条'),
(0680845, 'ﾎｯｶｲﾄﾞｳ', 'ｲﾜﾐｻﾞﾜｼ', 'ｼﾌﾞﾝﾎﾝﾁｮｳ5ｼﾞｮｳ', '北海道', '岩見沢市', '志文本町五条'),
(0683186, 'ﾎｯｶｲﾄﾞｳ', 'ｲﾜﾐｻﾞﾜｼ', 'ｼﾐｽﾞﾁｮｳ', '北海道', '岩見沢市', '清水町'),
(0680846, 'ﾎｯｶｲﾄﾞｳ', 'ｲﾜﾐｻﾞﾜｼ', 'ｼﾓｼﾌﾞﾝﾁｮｳ', '北海道', '岩見沢市', '下志文町'),
(0690376, 'ﾎｯｶｲﾄﾞｳ', 'ｲﾜﾐｻﾞﾜｼ', 'ﾅｶﾎﾛﾑｲﾁｮｳ', '北海道', '岩見沢市', '中幌向町'),
(0680818, 'ﾎｯｶｲﾄﾞｳ', 'ｲﾜﾐｻﾞﾜｼ', 'ﾅﾐｷﾁｮｳ', '北海道', '岩見沢市', '並木町'),
(0683187, 'ﾎｯｶｲﾄﾞｳ', 'ｲﾜﾐｻﾞﾜｼ', 'ﾅﾗﾁｮｳ', '北海道', '岩見沢市', '奈良町'),
(0680048, 'ﾎｯｶｲﾄﾞｳ', 'ｲﾜﾐｻﾞﾜｼ', 'ﾆｼｶﾜﾁｮｳ', '北海道', '岩見沢市', '西川町'),
(0680828, 'ﾎｯｶｲﾄﾞｳ', 'ｲﾜﾐｻﾞﾜｼ', 'ﾊﾄｶﾞｵｶ', '北海道', '岩見沢市', '鳩が丘'),
(0680015, 'ﾎｯｶｲﾄﾞｳ', 'ｲﾜﾐｻﾞﾜｼ', 'ﾋｶﾞｼﾏﾁ', '北海道', '岩見沢市', '東町'),
(0680013, 'ﾎｯｶｲﾄﾞｳ', 'ｲﾜﾐｻﾞﾜｼ', 'ﾋｶﾞｼﾏﾁ1ｼﾞｮｳ', '北海道', '岩見沢市', '東町一条'),
(0680014, 'ﾎｯｶｲﾄﾞｳ', 'ｲﾜﾐｻﾞﾜｼ', 'ﾋｶﾞｼﾏﾁ2ｼﾞｮｳ', '北海道', '岩見沢市', '東町二条'),
(0680820, 'ﾎｯｶｲﾄﾞｳ', 'ｲﾜﾐｻﾞﾜｼ', 'ﾋｶﾞｼﾔﾏ', '北海道', '岩見沢市', '東山'),
(0680826, 'ﾎｯｶｲﾄﾞｳ', 'ｲﾜﾐｻﾞﾜｼ', 'ﾋｶﾞｼﾔﾏﾁｮｳ', '北海道', '岩見沢市', '東山町'),
(0680823, 'ﾎｯｶｲﾄﾞｳ', 'ｲﾜﾐｻﾞﾜｼ', 'ﾋﾉﾃﾞﾐﾅﾐ', '北海道', '岩見沢市', '日の出南'),
(0680824, 'ﾎｯｶｲﾄﾞｳ', 'ｲﾜﾐｻﾞﾜｼ', 'ﾋﾉﾃﾞｷﾀ', '北海道', '岩見沢市', '日の出北'),
(0680822, 'ﾎｯｶｲﾄﾞｳ', 'ｲﾜﾐｻﾞﾜｼ', 'ﾋﾉﾃﾞﾀﾞｲ', '北海道', '岩見沢市', '日の出台'),
(0680825, 'ﾎｯｶｲﾄﾞｳ', 'ｲﾜﾐｻﾞﾜｼ', 'ﾋﾉﾃﾞﾁｮｳ', '北海道', '岩見沢市', '日の出町'),
(0680831, 'ﾎｯｶｲﾄﾞｳ', 'ｲﾜﾐｻﾞﾜｼ', 'ﾌｼﾞﾁｮｳ1ｼﾞｮｳ', '北海道', '岩見沢市', 'ふじ町一条'),
(0680832, 'ﾎｯｶｲﾄﾞｳ', 'ｲﾜﾐｻﾞﾜｼ', 'ﾌｼﾞﾁｮｳ2ｼﾞｮｳ', '北海道', '岩見沢市', 'ふじ町二条'),
(0690366, 'ﾎｯｶｲﾄﾞｳ', 'ｲﾜﾐｻﾞﾜｼ', 'ﾌﾀﾊﾞﾁｮｳ', '北海道', '岩見沢市', '双葉町'),
(0680837, 'ﾎｯｶｲﾄﾞｳ', 'ｲﾜﾐｻﾞﾜｼ', 'ﾎｳｽｲﾁｮｳ', '北海道', '岩見沢市', '宝水町'),
(0690381, 'ﾎｯｶｲﾄﾞｳ', 'ｲﾜﾐｻﾞﾜｼ', 'ﾎﾛﾑｲｷﾀ1ｼﾞｮｳ', '北海道', '岩見沢市', '幌向北一条'),
(0690382, 'ﾎｯｶｲﾄﾞｳ', 'ｲﾜﾐｻﾞﾜｼ', 'ﾎﾛﾑｲｷﾀ2ｼﾞｮｳ', '北海道', '岩見沢市', '幌向北二条'),
(0690371, 'ﾎｯｶｲﾄﾞｳ', 'ｲﾜﾐｻﾞﾜｼ', 'ﾎﾛﾑｲﾐﾅﾐ1ｼﾞｮｳ', '北海道', '岩見沢市', '幌向南一条'),
(0690372, 'ﾎｯｶｲﾄﾞｳ', 'ｲﾜﾐｻﾞﾜｼ', 'ﾎﾛﾑｲﾐﾅﾐ2ｼﾞｮｳ', '北海道', '岩見沢市', '幌向南二条'),
(0690373, 'ﾎｯｶｲﾄﾞｳ', 'ｲﾜﾐｻﾞﾜｼ', 'ﾎﾛﾑｲﾐﾅﾐ3ｼﾞｮｳ', '北海道', '岩見沢市', '幌向南三条'),
(0690374, 'ﾎｯｶｲﾄﾞｳ', 'ｲﾜﾐｻﾞﾜｼ', 'ﾎﾛﾑｲﾐﾅﾐ4ｼﾞｮｳ', '北海道', '岩見沢市', '幌向南四条'),
(0690375, 'ﾎｯｶｲﾄﾞｳ', 'ｲﾜﾐｻﾞﾜｼ', 'ﾎﾛﾑｲﾐﾅﾐ5ｼﾞｮｳ', '北海道', '岩見沢市', '幌向南五条'),
(0690383, 'ﾎｯｶｲﾄﾞｳ', 'ｲﾜﾐｻﾞﾜｼ', 'ﾎﾛﾑｲﾁｮｳ', '北海道', '岩見沢市', '幌向町'),
(0680811, 'ﾎｯｶｲﾄﾞｳ', 'ｲﾜﾐｻﾞﾜｼ', 'ﾐｿﾉ1ｼﾞｮｳ', '北海道', '岩見沢市', '美園一条'),
(0680812, 'ﾎｯｶｲﾄﾞｳ', 'ｲﾜﾐｻﾞﾜｼ', 'ﾐｿﾉ2ｼﾞｮｳ', '北海道', '岩見沢市', '美園二条'),
(0680813, 'ﾎｯｶｲﾄﾞｳ', 'ｲﾜﾐｻﾞﾜｼ', 'ﾐｿﾉ3ｼﾞｮｳ', '北海道', '岩見沢市', '美園三条'),
(0680814, 'ﾎｯｶｲﾄﾞｳ', 'ｲﾜﾐｻﾞﾜｼ', 'ﾐｿﾉ4ｼﾞｮｳ', '北海道', '岩見沢市', '美園四条'),
(0680815, 'ﾎｯｶｲﾄﾞｳ', 'ｲﾜﾐｻﾞﾜｼ', 'ﾐｿﾉ5ｼﾞｮｳ', '北海道', '岩見沢市', '美園五条'),
(0680816, 'ﾎｯｶｲﾄﾞｳ', 'ｲﾜﾐｻﾞﾜｼ', 'ﾐｿﾉ6ｼﾞｮｳ', '北海道', '岩見沢市', '美園六条'),
(0680817, 'ﾎｯｶｲﾄﾞｳ', 'ｲﾜﾐｻﾞﾜｼ', 'ﾐｿﾉ7ｼﾞｮｳ', '北海道', '岩見沢市', '美園七条'),
(0680835, 'ﾎｯｶｲﾄﾞｳ', 'ｲﾜﾐｻﾞﾜｼ', 'ﾐﾄﾞﾘｶﾞｵｶ', '北海道', '岩見沢市', '緑が丘'),
(0680046, 'ﾎｯｶｲﾄﾞｳ', 'ｲﾜﾐｻﾞﾜｼ', 'ﾐﾄﾞﾘﾁｮｳ', '北海道', '岩見沢市', '緑町'),
(0680810, 'ﾎｯｶｲﾄﾞｳ', 'ｲﾜﾐｻﾞﾜｼ', 'ﾐﾅﾐﾏﾁ', '北海道', '岩見沢市', '南町'),
(0680801, 'ﾎｯｶｲﾄﾞｳ', 'ｲﾜﾐｻﾞﾜｼ', 'ﾐﾅﾐﾏﾁ1ｼﾞｮｳ', '北海道', '岩見沢市', '南町一条'),
(0680802, 'ﾎｯｶｲﾄﾞｳ', 'ｲﾜﾐｻﾞﾜｼ', 'ﾐﾅﾐﾏﾁ2ｼﾞｮｳ', '北海道', '岩見沢市', '南町二条'),
(0680803, 'ﾎｯｶｲﾄﾞｳ', 'ｲﾜﾐｻﾞﾜｼ', 'ﾐﾅﾐﾏﾁ3ｼﾞｮｳ', '北海道', '岩見沢市', '南町三条'),
(0680804, 'ﾎｯｶｲﾄﾞｳ', 'ｲﾜﾐｻﾞﾜｼ', 'ﾐﾅﾐﾏﾁ4ｼﾞｮｳ', '北海道', '岩見沢市', '南町四条'),
(0680805, 'ﾎｯｶｲﾄﾞｳ', 'ｲﾜﾐｻﾞﾜｼ', 'ﾐﾅﾐﾏﾁ5ｼﾞｮｳ', '北海道', '岩見沢市', '南町五条'),
(0680806, 'ﾎｯｶｲﾄﾞｳ', 'ｲﾜﾐｻﾞﾜｼ', 'ﾐﾅﾐﾏﾁ6ｼﾞｮｳ', '北海道', '岩見沢市', '南町六条'),
(0680807, 'ﾎｯｶｲﾄﾞｳ', 'ｲﾜﾐｻﾞﾜｼ', 'ﾐﾅﾐﾏﾁ7ｼﾞｮｳ', '北海道', '岩見沢市', '南町七条'),
(0680808, 'ﾎｯｶｲﾄﾞｳ', 'ｲﾜﾐｻﾞﾜｼ', 'ﾐﾅﾐﾏﾁ8ｼﾞｮｳ', '北海道', '岩見沢市', '南町八条'),
(0680809, 'ﾎｯｶｲﾄﾞｳ', 'ｲﾜﾐｻﾞﾜｼ', 'ﾐﾅﾐﾏﾁ9ｼﾞｮｳ', '北海道', '岩見沢市', '南町九条'),
(0790182, 'ﾎｯｶｲﾄﾞｳ', 'ｲﾜﾐｻﾞﾜｼ', 'ﾐﾈﾉﾌﾞﾁｮｳ', '北海道', '岩見沢市', '峰延町'),
(0680016, 'ﾎｯｶｲﾄﾞｳ', 'ｲﾜﾐｻﾞﾜｼ', 'ﾐﾉﾘﾁｮｳ', '北海道', '岩見沢市', '稔町'),
(0683188, 'ﾎｯｶｲﾄﾞｳ', 'ｲﾜﾐｻﾞﾜｼ', 'ﾓｳﾖｳﾁｮｳ', '北海道', '岩見沢市', '毛陽町'),
(0680054, 'ﾎｯｶｲﾄﾞｳ', 'ｲﾜﾐｻﾞﾜｼ', 'ﾓﾄﾏﾁ1ｼﾞｮｳﾋｶﾞｼ', '北海道', '岩見沢市', '元町一条東'),
(0680051, 'ﾎｯｶｲﾄﾞｳ', 'ｲﾜﾐｻﾞﾜｼ', 'ﾓﾄﾏﾁ1ｼﾞｮｳﾆｼ', '北海道', '岩見沢市', '元町一条西'),
(0680055, 'ﾎｯｶｲﾄﾞｳ', 'ｲﾜﾐｻﾞﾜｼ', 'ﾓﾄﾏﾁ2ｼﾞｮｳﾋｶﾞｼ', '北海道', '岩見沢市', '元町二条東'),
(0680052, 'ﾎｯｶｲﾄﾞｳ', 'ｲﾜﾐｻﾞﾜｼ', 'ﾓﾄﾏﾁ2ｼﾞｮｳﾆｼ', '北海道', '岩見沢市', '元町二条西'),
(0680056, 'ﾎｯｶｲﾄﾞｳ', 'ｲﾜﾐｻﾞﾜｼ', 'ﾓﾄﾏﾁ3ｼﾞｮｳﾋｶﾞｼ', '北海道', '岩見沢市', '元町三条東'),
(0680851, 'ﾎｯｶｲﾄﾞｳ', 'ｲﾜﾐｻﾞﾜｼ', 'ﾔﾏﾄ1ｼﾞｮｳ', '北海道', '岩見沢市', '大和一条');
INSERT INTO `postcode_table` (`postcode`, `pref_kana`, `city_kana`, `town_area_kana`, `pref`, `city`, `town_area`) VALUES
(0680852, 'ﾎｯｶｲﾄﾞｳ', 'ｲﾜﾐｻﾞﾜｼ', 'ﾔﾏﾄ2ｼﾞｮｳ', '北海道', '岩見沢市', '大和二条'),
(0680853, 'ﾎｯｶｲﾄﾞｳ', 'ｲﾜﾐｻﾞﾜｼ', 'ﾔﾏﾄ3ｼﾞｮｳ', '北海道', '岩見沢市', '大和三条'),
(0680854, 'ﾎｯｶｲﾄﾞｳ', 'ｲﾜﾐｻﾞﾜｼ', 'ﾔﾏﾄ4ｼﾞｮｳ', '北海道', '岩見沢市', '大和四条'),
(0680855, 'ﾎｯｶｲﾄﾞｳ', 'ｲﾜﾐｻﾞﾜｼ', 'ﾔﾏﾄﾁｮｳ', '北海道', '岩見沢市', '大和町'),
(0680830, 'ﾎｯｶｲﾄﾞｳ', 'ｲﾜﾐｻﾞﾜｼ', 'ﾜｶｺﾏ', '北海道', '岩見沢市', '若駒'),
(0680047, 'ﾎｯｶｲﾄﾞｳ', 'ｲﾜﾐｻﾞﾜｼ', 'ﾜｶﾏﾂﾁｮｳ', '北海道', '岩見沢市', '若松町'),
(0680001, 'ﾎｯｶｲﾄﾞｳ', 'ｲﾜﾐｻﾞﾜｼ', '1ｼﾞｮｳﾋｶﾞｼ', '北海道', '岩見沢市', '一条東'),
(0680021, 'ﾎｯｶｲﾄﾞｳ', 'ｲﾜﾐｻﾞﾜｼ', '1ｼﾞｮｳﾆｼ', '北海道', '岩見沢市', '一条西'),
(0680002, 'ﾎｯｶｲﾄﾞｳ', 'ｲﾜﾐｻﾞﾜｼ', '2ｼﾞｮｳﾋｶﾞｼ', '北海道', '岩見沢市', '二条東'),
(0680022, 'ﾎｯｶｲﾄﾞｳ', 'ｲﾜﾐｻﾞﾜｼ', '2ｼﾞｮｳﾆｼ', '北海道', '岩見沢市', '二条西'),
(0680003, 'ﾎｯｶｲﾄﾞｳ', 'ｲﾜﾐｻﾞﾜｼ', '3ｼﾞｮｳﾋｶﾞｼ', '北海道', '岩見沢市', '三条東'),
(0680023, 'ﾎｯｶｲﾄﾞｳ', 'ｲﾜﾐｻﾞﾜｼ', '3ｼﾞｮｳﾆｼ', '北海道', '岩見沢市', '三条西'),
(0680004, 'ﾎｯｶｲﾄﾞｳ', 'ｲﾜﾐｻﾞﾜｼ', '4ｼﾞｮｳﾋｶﾞｼ', '北海道', '岩見沢市', '四条東'),
(0680024, 'ﾎｯｶｲﾄﾞｳ', 'ｲﾜﾐｻﾞﾜｼ', '4ｼﾞｮｳﾆｼ', '北海道', '岩見沢市', '四条西'),
(0680005, 'ﾎｯｶｲﾄﾞｳ', 'ｲﾜﾐｻﾞﾜｼ', '5ｼﾞｮｳﾋｶﾞｼ', '北海道', '岩見沢市', '五条東'),
(0680025, 'ﾎｯｶｲﾄﾞｳ', 'ｲﾜﾐｻﾞﾜｼ', '5ｼﾞｮｳﾆｼ', '北海道', '岩見沢市', '五条西'),
(0680006, 'ﾎｯｶｲﾄﾞｳ', 'ｲﾜﾐｻﾞﾜｼ', '6ｼﾞｮｳﾋｶﾞｼ', '北海道', '岩見沢市', '六条東'),
(0680026, 'ﾎｯｶｲﾄﾞｳ', 'ｲﾜﾐｻﾞﾜｼ', '6ｼﾞｮｳﾆｼ', '北海道', '岩見沢市', '六条西'),
(0680007, 'ﾎｯｶｲﾄﾞｳ', 'ｲﾜﾐｻﾞﾜｼ', '7ｼﾞｮｳﾋｶﾞｼ', '北海道', '岩見沢市', '七条東'),
(0680027, 'ﾎｯｶｲﾄﾞｳ', 'ｲﾜﾐｻﾞﾜｼ', '7ｼﾞｮｳﾆｼ', '北海道', '岩見沢市', '七条西'),
(0680008, 'ﾎｯｶｲﾄﾞｳ', 'ｲﾜﾐｻﾞﾜｼ', '8ｼﾞｮｳﾋｶﾞｼ', '北海道', '岩見沢市', '八条東'),
(0680028, 'ﾎｯｶｲﾄﾞｳ', 'ｲﾜﾐｻﾞﾜｼ', '8ｼﾞｮｳﾆｼ', '北海道', '岩見沢市', '八条西'),
(0680009, 'ﾎｯｶｲﾄﾞｳ', 'ｲﾜﾐｻﾞﾜｼ', '9ｼﾞｮｳﾋｶﾞｼ', '北海道', '岩見沢市', '九条東'),
(0680029, 'ﾎｯｶｲﾄﾞｳ', 'ｲﾜﾐｻﾞﾜｼ', '9ｼﾞｮｳﾆｼ', '北海道', '岩見沢市', '九条西'),
(0680010, 'ﾎｯｶｲﾄﾞｳ', 'ｲﾜﾐｻﾞﾜｼ', '10ｼﾞｮｳﾋｶﾞｼ', '北海道', '岩見沢市', '十条東'),
(0680030, 'ﾎｯｶｲﾄﾞｳ', 'ｲﾜﾐｻﾞﾜｼ', '10ｼﾞｮｳﾆｼ', '北海道', '岩見沢市', '十条西'),
(0680011, 'ﾎｯｶｲﾄﾞｳ', 'ｲﾜﾐｻﾞﾜｼ', '11ｼﾞｮｳﾋｶﾞｼ', '北海道', '岩見沢市', '十一条東'),
(0680031, 'ﾎｯｶｲﾄﾞｳ', 'ｲﾜﾐｻﾞﾜｼ', '11ｼﾞｮｳﾆｼ', '北海道', '岩見沢市', '十一条西'),
(0680012, 'ﾎｯｶｲﾄﾞｳ', 'ｲﾜﾐｻﾞﾜｼ', '12ｼﾞｮｳﾋｶﾞｼ', '北海道', '岩見沢市', '十二条東'),
(0680032, 'ﾎｯｶｲﾄﾞｳ', 'ｲﾜﾐｻﾞﾜｼ', '12ｼﾞｮｳﾆｼ', '北海道', '岩見沢市', '十二条西'),
(0680033, 'ﾎｯｶｲﾄﾞｳ', 'ｲﾜﾐｻﾞﾜｼ', '13ｼﾞｮｳﾆｼ', '北海道', '岩見沢市', '十三条西');

-- --------------------------------------------------------

--
-- テーブルの構造 `stock_table`
--

CREATE TABLE IF NOT EXISTS `stock_table` (
  `drink_id` int(11) NOT NULL,
  `stock_number` int(11) NOT NULL,
  `create_date` datetime NOT NULL,
  `update_date` datetime NOT NULL
) ENGINE=InnoDB DEFAULT CHARSET=utf8;

--
-- テーブルのデータのダンプ `stock_table`
--

INSERT INTO `stock_table` (`drink_id`, `stock_number`, `create_date`, `update_date`) VALUES
(1, 50, '2018-07-25 15:02:52', '2018-08-04 08:04:25'),
(2, 99, '2018-07-25 15:03:42', '2018-08-02 21:45:02'),
(3, 96, '2018-07-25 15:04:17', '2018-08-03 16:39:56'),
(4, 29, '2018-07-25 15:05:12', '2018-07-28 16:49:22'),
(5, 0, '2018-07-25 15:08:00', '2018-07-25 15:08:34'),
(6, 30, '2018-07-25 15:41:25', '2018-07-25 15:41:25'),
(7, 30, '2018-07-28 16:48:59', '2018-07-29 22:54:39'),
(10, 10, '2018-08-03 16:25:24', '2018-08-03 16:25:24'),
(11, 49, '2018-08-03 16:49:14', '2018-08-04 07:58:33'),
(12, 30, '2018-08-04 08:01:24', '2018-08-04 08:01:24');

-- --------------------------------------------------------

--
-- テーブルの構造 `user_table`
--

CREATE TABLE IF NOT EXISTS `user_table` (
`user_id` int(11) NOT NULL,
  `user_name` varchar(100) NOT NULL,
  `mail_address` varchar(100) NOT NULL,
  `status` int(11) NOT NULL
) ENGINE=InnoDB  DEFAULT CHARSET=utf8 AUTO_INCREMENT=5 ;

--
-- テーブルのデータのダンプ `user_table`
--

INSERT INTO `user_table` (`user_id`, `user_name`, `mail_address`, `status`) VALUES
(1, '一郎', 'hoge@example.com', 0),
(2, 'まる', 'fuga@example.com', 1),
(3, '花子', 'hogehoge@example.com', 1),
(4, '一郎', 'fugafuga@example.com', 0);

--
-- Indexes for dumped tables
--

--
-- Indexes for table `buy_history_table`
--
ALTER TABLE `buy_history_table`
 ADD KEY `drink_id` (`drink_id`);

--
-- Indexes for table `character_table`
--
ALTER TABLE `character_table`
 ADD PRIMARY KEY (`character_id`);

--
-- Indexes for table `customer_table`
--
ALTER TABLE `customer_table`
 ADD PRIMARY KEY (`customer_id`);

--
-- Indexes for table `drink_table`
--
ALTER TABLE `drink_table`
 ADD PRIMARY KEY (`drink_id`), ADD KEY `drink_id` (`drink_id`), ADD KEY `drink_id_2` (`drink_id`);

--
-- Indexes for table `ec_cart_table`
--
ALTER TABLE `ec_cart_table`
 ADD PRIMARY KEY (`cart_id`);

--
-- Indexes for table `ec_item_table`
--
ALTER TABLE `ec_item_table`
 ADD PRIMARY KEY (`item_id`);

--
-- Indexes for table `ec_stock_table`
--
ALTER TABLE `ec_stock_table`
 ADD PRIMARY KEY (`stock_id`);

--
-- Indexes for table `ec_user_table`
--
ALTER TABLE `ec_user_table`
 ADD PRIMARY KEY (`user_id`);

--
-- Indexes for table `emp_table`
--
ALTER TABLE `emp_table`
 ADD PRIMARY KEY (`emp_id`);

--
-- Indexes for table `goods_table`
--
ALTER TABLE `goods_table`
 ADD PRIMARY KEY (`goods_id`);

--
-- Indexes for table `order_detail_table`
--
ALTER TABLE `order_detail_table`
 ADD KEY `order_id` (`order_id`), ADD KEY `goods_id` (`goods_id`);

--
-- Indexes for table `order_table`
--
ALTER TABLE `order_table`
 ADD PRIMARY KEY (`order_id`), ADD KEY `customer_id` (`customer_id`);

--
-- Indexes for table `point_customer_table`
--
ALTER TABLE `point_customer_table`
 ADD PRIMARY KEY (`customer_id`);

--
-- Indexes for table `point_gift_table`
--
ALTER TABLE `point_gift_table`
 ADD PRIMARY KEY (`point_gift_id`);

--
-- Indexes for table `stock_table`
--
ALTER TABLE `stock_table`
 ADD PRIMARY KEY (`drink_id`), ADD KEY `drink_id` (`drink_id`), ADD KEY `drink_id_2` (`drink_id`), ADD KEY `drink_id_3` (`drink_id`);

--
-- Indexes for table `user_table`
--
ALTER TABLE `user_table`
 ADD PRIMARY KEY (`user_id`), ADD UNIQUE KEY `mail_address` (`mail_address`);

--
-- AUTO_INCREMENT for dumped tables
--

--
-- AUTO_INCREMENT for table `character_table`
--
ALTER TABLE `character_table`
MODIFY `character_id` int(11) NOT NULL AUTO_INCREMENT,AUTO_INCREMENT=4;
--
-- AUTO_INCREMENT for table `customer_table`
--
ALTER TABLE `customer_table`
MODIFY `customer_id` int(11) NOT NULL AUTO_INCREMENT,AUTO_INCREMENT=4;
--
-- AUTO_INCREMENT for table `drink_table`
--
ALTER TABLE `drink_table`
MODIFY `drink_id` int(11) NOT NULL AUTO_INCREMENT,AUTO_INCREMENT=13;
--
-- AUTO_INCREMENT for table `ec_cart_table`
--
ALTER TABLE `ec_cart_table`
MODIFY `cart_id` int(11) NOT NULL AUTO_INCREMENT,AUTO_INCREMENT=15;
--
-- AUTO_INCREMENT for table `ec_item_table`
--
ALTER TABLE `ec_item_table`
MODIFY `item_id` int(11) NOT NULL AUTO_INCREMENT,AUTO_INCREMENT=9;
--
-- AUTO_INCREMENT for table `ec_stock_table`
--
ALTER TABLE `ec_stock_table`
MODIFY `stock_id` int(11) NOT NULL AUTO_INCREMENT,AUTO_INCREMENT=9;
--
-- AUTO_INCREMENT for table `ec_user_table`
--
ALTER TABLE `ec_user_table`
MODIFY `user_id` int(11) NOT NULL AUTO_INCREMENT,AUTO_INCREMENT=5;
--
-- AUTO_INCREMENT for table `emp_table`
--
ALTER TABLE `emp_table`
MODIFY `emp_id` int(11) NOT NULL AUTO_INCREMENT,AUTO_INCREMENT=5;
--
-- AUTO_INCREMENT for table `goods_table`
--
ALTER TABLE `goods_table`
MODIFY `goods_id` int(11) NOT NULL AUTO_INCREMENT,AUTO_INCREMENT=10;
--
-- AUTO_INCREMENT for table `order_table`
--
ALTER TABLE `order_table`
MODIFY `order_id` int(11) NOT NULL AUTO_INCREMENT,AUTO_INCREMENT=12;
--
-- AUTO_INCREMENT for table `point_customer_table`
--
ALTER TABLE `point_customer_table`
MODIFY `customer_id` int(11) unsigned NOT NULL AUTO_INCREMENT COMMENT 'ユーザーID',AUTO_INCREMENT=4;
--
-- AUTO_INCREMENT for table `point_gift_table`
--
ALTER TABLE `point_gift_table`
MODIFY `point_gift_id` int(11) NOT NULL AUTO_INCREMENT,AUTO_INCREMENT=6;
--
-- AUTO_INCREMENT for table `user_table`
--
ALTER TABLE `user_table`
MODIFY `user_id` int(11) NOT NULL AUTO_INCREMENT,AUTO_INCREMENT=5;
--
-- ダンプしたテーブルの制約
--

--
-- テーブルの制約 `order_detail_table`
--
ALTER TABLE `order_detail_table`
ADD CONSTRAINT `order_detail_table_ibfk_2` FOREIGN KEY (`goods_id`) REFERENCES `goods_table` (`goods_id`),
ADD CONSTRAINT `order_detail_table_ibfk_1` FOREIGN KEY (`order_id`) REFERENCES `order_table` (`order_id`);

--
-- テーブルの制約 `order_table`
--
ALTER TABLE `order_table`
ADD CONSTRAINT `order_table_ibfk_1` FOREIGN KEY (`customer_id`) REFERENCES `customer_table` (`customer_id`);

/*!40101 SET CHARACTER_SET_CLIENT=@OLD_CHARACTER_SET_CLIENT */;
/*!40101 SET CHARACTER_SET_RESULTS=@OLD_CHARACTER_SET_RESULTS */;
/*!40101 SET COLLATION_CONNECTION=@OLD_COLLATION_CONNECTION */;
