--
-- PostgreSQL database dump
--

-- Dumped from database version 12.7 (Ubuntu 12.7-0ubuntu0.20.10.1)
-- Dumped by pg_dump version 12.7 (Ubuntu 12.7-0ubuntu0.20.10.1)

SET statement_timeout = 0;
SET lock_timeout = 0;
SET idle_in_transaction_session_timeout = 0;
SET client_encoding = 'UTF8';
SET standard_conforming_strings = on;
SELECT pg_catalog.set_config('search_path', '', false);
SET check_function_bodies = false;
SET xmloption = content;
SET client_min_messages = warning;
SET row_security = off;

SET default_tablespace = '';

SET default_table_access_method = heap;

--
-- Name: categories; Type: TABLE; Schema: public; Owner: postgres
--

CREATE TABLE public.categories (
    id integer NOT NULL,
    categorie character varying(250) NOT NULL
);


ALTER TABLE public.categories OWNER TO postgres;

--
-- Name: categories_id_seq; Type: SEQUENCE; Schema: public; Owner: postgres
--

CREATE SEQUENCE public.categories_id_seq
    AS integer
    START WITH 1
    INCREMENT BY 1
    NO MINVALUE
    NO MAXVALUE
    CACHE 1;


ALTER TABLE public.categories_id_seq OWNER TO postgres;

--
-- Name: categories_id_seq; Type: SEQUENCE OWNED BY; Schema: public; Owner: postgres
--

ALTER SEQUENCE public.categories_id_seq OWNED BY public.categories.id;


--
-- Name: categories_key_words; Type: TABLE; Schema: public; Owner: postgres
--

CREATE TABLE public.categories_key_words (
    categorie integer NOT NULL,
    name character varying(250) NOT NULL,
    id integer NOT NULL
);


ALTER TABLE public.categories_key_words OWNER TO postgres;

--
-- Name: categories_key_words_id_seq; Type: SEQUENCE; Schema: public; Owner: postgres
--

ALTER TABLE public.categories_key_words ALTER COLUMN id ADD GENERATED ALWAYS AS IDENTITY (
    SEQUENCE NAME public.categories_key_words_id_seq
    START WITH 1
    INCREMENT BY 1
    NO MINVALUE
    NO MAXVALUE
    CACHE 1
);


--
-- Name: trans_details; Type: TABLE; Schema: public; Owner: postgres
--

CREATE TABLE public.trans_details (
    id integer NOT NULL,
    date timestamp without time zone,
    description text,
    debit integer,
    credit integer,
    balance integer,
    categorie integer DEFAULT 7,
    user_id integer NOT NULL
);


ALTER TABLE public.trans_details OWNER TO postgres;

--
-- Name: trans_details_id_seq; Type: SEQUENCE; Schema: public; Owner: postgres
--

CREATE SEQUENCE public.trans_details_id_seq
    AS integer
    START WITH 1
    INCREMENT BY 1
    NO MINVALUE
    NO MAXVALUE
    CACHE 1;


ALTER TABLE public.trans_details_id_seq OWNER TO postgres;

--
-- Name: trans_details_id_seq; Type: SEQUENCE OWNED BY; Schema: public; Owner: postgres
--

ALTER SEQUENCE public.trans_details_id_seq OWNED BY public.trans_details.id;


--
-- Name: categories id; Type: DEFAULT; Schema: public; Owner: postgres
--

ALTER TABLE ONLY public.categories ALTER COLUMN id SET DEFAULT nextval('public.categories_id_seq'::regclass);


--
-- Name: trans_details id; Type: DEFAULT; Schema: public; Owner: postgres
--

ALTER TABLE ONLY public.trans_details ALTER COLUMN id SET DEFAULT nextval('public.trans_details_id_seq'::regclass);


--
-- Data for Name: categories; Type: TABLE DATA; Schema: public; Owner: postgres
--

COPY public.categories (id, categorie) FROM stdin;
1	FOOD
2	FUEL
3	SHOPPING
4	BILLS
5	BANK FEE
6	BANK CREDIT
7	OTHER
8	TELECOM
9	GROCERY
10	ELECTRONICS
11	ATM
12	SALARY
13	TRANSPORTATION
14	TRAVEL
15	CAR REPAIR 
16	MEDICAL
18	AC TRANSFER
17	E-PAYMENT 
19	CASH Deposit
\.


--
-- Data for Name: categories_key_words; Type: TABLE DATA; Schema: public; Owner: postgres
--

COPY public.categories_key_words (categorie, name, id) FROM stdin;
1	KFC	1
2	WATANIYA	2
2	TOTAL	3
2	FUEL	4
1	Circle K	5
1	Otlob com	6
1	ONTHE RUN	8
2	TAQAMARINA 	9
9	7MART CAIRO	12
8	TELECOM EGYPT	13
8	TELECOMEGYPTMOBILETELECOMEGYPTMOBILE EG5264390000000658	14
2	MOBILNEWCAIRO 	15
1	CAROL CAIRO	16
9	7MART MATROUH	17
9	CircleKNaRoa CircleKNaRoad	20
9	SEOUDI SILVERMALL	21
1	CLUBHOUSE HURGHADA	25
1	LYCHEE FRUIT	26
1	LordOfThewingsPoin LordOfTh	27
1	STARBUCKSMASTE STARBUCKSMASTER6THOCT	28
2	OILLIBYA GAS	29
1	MORISUSHI MATROUH	30
2	MOBIL CAIRO	33
9	ASWAKABDELAZIZSTRASWAKABDELAZIZSTR CAEG5264390000000658	34
2	MOBIL GHAMRA	35
1	QAHWA MARASSI	38
1	AKLET SAMAK	39
1	ROSSINIRESTAURANT ROSSINIRESTAUCAIROEEG	50
1	CHILLOUT SALAM	52
9	HOMECENTER CFC	54
1	CASPER GAMBINI	59
1	MALUS DELI	60
1	Attibasi City	62
1	peking new	69
9	HOMECENTERC F	70
9	CircleKChill CircleKChillout6THOCT	73
10	CAIRO PHOTOGRAPHY	75
1	NILERITZ VIVO	76
9	CARREFOUREXPRESS HU	77
9	BESTWAYSUPERMA BESTWAYSUPERMARKHURGHAEG	79
1	ARBYS CAIRO	80
3	BAZARBAELSHA BAZARBAELSHARI	81
1	STARBUCKS NILE	85
9	BASSEM MARKET	87
1	GALAMBORESTAURANT GALAMBORESTAUMATROUEG	88
8	ORANGEONEMIVIDA ORANGEONEMIVICAIRON	89
1	PIER88 HURGHADA	90
9	BAZAR AKKASIA	91
1	MAXBURGER MATROUH	92
11	ATM	94
6	Credit Interest	95
5	Fees Account	96
12	SALARY	97
13	Uber	98
13	careem	99
1	Talabat	100
1	FUEGO	101
10	MANTECHNOLOGY	102
9	SEOUDI	103
1	SUBWAY	104
1	RESTAURANT	105
1	NILERITZ	106
9	Gourmet	107
1	LOFTRESTAURANTS	108
1	OVIOMAADI	109
3	URBAN	110
1	SHINKO	111
2	EMIRATES MISR	131
10	GRSMUSIC	112
10	MOBILMARKET	31
1	SMOKERY	24
14	LUFTHANSA	113
3	GRAND OPTICS	114
3	ALFUTTAIMRETAILEGYP	115
3	LOREAL	116
3	LAZURDI	117
16	ELEZABY	118
15	 TYREPRO	119
1	THRIVE	120
1	Danona	121
1	BUNSANDDOGS	122
1	OLEVRA	123
1	CHILLOUT	124
1	SIESTAHOTEL	125
1	peking	126
1	CREATE GROUP	127
3	SUGAR	128
1	TBSKATAMIYA	129
1	VAQUERO CHICHA 	130
1	MARRIOTT	132
3	 TOYSR US	133
18	Account Transfer	140
1	MCDONALD	7
4	fawry	134
2	MOBIL	10
8	Orange	11
18	Internet Transfer	135
9	Circle	19
1	ONTHERUN	136
1	BURGER	137
1	 RESTAURANT	138
1	ESTAKOZA	36
1	STARBUCKS	41
1	ONTHERUN	43
1	OLIVO	48
2	MOBIL	49
1	SMOKERYEGYPTFORTOU	56
9	DreamsMarketDiplo	57
2	MOBIL	58
1	BUFFALO	61
1	Cinnabon	63
1	ONTHERUN	64
13	UberBV	67
1	TORTINA	71
1	HARDEE	72
1	IbnElsham	82
10	RADIO	139
17	PAYMOB	141
17	WEACCEPT	142
1	RESTURANT	143
9	FATHALA	144
9	MARKET	145
1	DRINKIES	146
16	PHARMAC	147
3	BAZAR	148
17	PayME	149
1	ASMAK	150
1	COSTA	151
4	PARK	152
14	HOTEL	153
19	cash Deposit	154
1	FOOD	155
1	Gabys	156
1	THETAP	157
19	Cash Deposit	158
4	BEINCONNECT	159
9	PREMIUM MART	160
1	COFFEE	161
4	watch IT	162
3	CONCRETE	163
3	LC	164
3	DEFACTO	165
3	ZARA	166
3	SAMIR WILLIAM	167
\.


--
-- Data for Name: trans_details; Type: TABLE DATA; Schema: public; Owner: postgres
--

COPY public.trans_details (id, date, description, debit, credit, balance, categorie, user_id) FROM stdin;
1626	2020-06-01 00:00:00	POS PURCHASE FT20153BMTKQ\\BNKFATHALAGOMLADOWNTOW ALEX ALEX02GUNKNOEG 98143710 5264390000001425	522	0	0	9	2
656	2021-03-18 00:00:00	POS PURCHASE FT21077RX7V4\\BNKTAUTALNNA CAIRO EG 232727115264390000000658	67	0	17179	7	1
660	2021-03-22 00:00:00	POS PURCHASE FT210812X90W\\BNKCONCEPT CAIRO EG 5264390000000658	620	0	16324	7	1
649	2021-03-01 00:00:00	DD SALARY FT210604PDV0\\BNK SalaryFrom GAZELLE TRADE S A E CO	0	14328	32478	12	1
1627	2020-06-01 00:00:00	POS PURCHASE FT2015303JRZ\\BNKMIDOMARKET MIDOMARKET ALEXANDRIA44776EG 5264390000001425	116	0	0	9	2
1644	2020-06-08 00:00:00	POS PURCHASE FT20160PQ9T7\\BNKmyfawry Maadi EG NBE000815264390000001425	152	0	0	4	2
1637	2020-06-04 00:00:00	POS PURCHASE FT2015683VQP\\BNKBEINCONNECTUSD MIG BEINCONNECTUSDDOHAQA DOHS2I01 5264390000001425	166	0	7776	4	2
1646	2020-06-08 00:00:00	POS PURCHASE FT20160QQZZP\\BNKMyfawry Maadi EG NBE000565264390000001425	290	0	6041	4	2
1654	2020-06-11 00:00:00	POS PURCHASE FT201634BNJC\\BNKmyfawry Maadi EG NBE000815264390000001425	152	0	0	4	2
1631	2020-06-03 00:00:00	POS PURCHASE FT201551YVDC\\BNKMIDOMARKET MIDOMARKET ALEXANDRIA44776EG 5264390000001425	73	0	0	9	2
1657	2020-06-14 00:00:00	POS PURCHASE FT20166FXYQR\\BNKmyfawry Maadi EG NBE000815264390000001425	152	0	0	4	2
1661	2020-06-15 00:00:00	POS PURCHASE FT201677KW7N\\BNKmyfawry Maadi EG NBE001005264390000001425	62	0	0	4	2
1636	2020-06-04 00:00:00	POS PURCHASE FT20156HN3G0\\BNKDRINKIES Siesta Others EG T00090565264390000001425	600	0	0	1	2
1652	2020-06-10 00:00:00	POS PURCHASE FT2016206RLS\\BNK ALSERAFY PHARMACIES GIZA 12EEG00082094 5264390000001425	9	0	0	16	2
1658	2020-06-14 00:00:00	POS PURCHASE FT2016671410\\BNKBAZAR MARINA 5 ALEX 02GEG 993090885264390000001425	576	0	0	3	2
1659	2020-06-14 00:00:00	POS PURCHASE FT20166XZBMG\\BNKBAZAR MARINA 5 ALEX 02GEG 993090885264390000001425	240	0	2963	3	2
1989	2021-01-03 00:00:00	POS PURCHASE FT21003KQVNF\\BNK ONTHE RUN BESIDE HYPE GIZA EG5264390000001425	46	0	0	1	2
2079	2020-09-02 00:00:00	POS PURCHASE FT2024671XGT\\BNKSTARBUCKSGALLERIA4 STARBUCKSGA6THOCT EG 31966801 5264390000001425	52	0	0	1	2
1991	2021-01-03 00:00:00	POS PURCHASE FT21003HFWNR\\BNK UberBV Cairo EG 529566 5264390000001425	78	0	10480	13	2
650	2021-03-03 00:00:00	POS PURCHASE FT21062TQV8T\\BNKMCDONALD S CHILLOUT TU CAIRO N07AEG 00122935 5264390000000658	44	0	32433	1	1
651	2021-03-04 00:00:00	ATM WITHDRAWAL FT210635G4KL\\BNK BKAUDI Mobil El Narge airo EG01902503 5264390000000658	2000	0	0	11	1
485	2020-10-05 00:00:00	POS PURCHASE FT20279M06P9\\BNKSUGAR CITY STARS CAIRO E 07CEG15630368 5264390000000658	169	0	45374	3	1
486	2020-10-06 00:00:00	POS PURCHASE FT20280TLS06\\BNK TBSKATAMIYA CAIRO N 07CEG 241834025264390000000658	120	0	45254	1	1
652	2021-03-04 00:00:00	POS PURCHASE FT2106325CT1\\BNKMARRIOTT JW CAIRO N 07CEG 305798125264390000000658	402	0	30031	1	1
653	2021-03-07 00:00:00	POS PURCHASE FT21066CY8TF\\BNK TOYSR US CAIRO FEST CAIRO N 07AEG24054006 5264390000000658	349	0	29682	3	1
654	2021-03-08 00:00:00	POS PURCHASE FT21067SKVFB\\BNKTOTAL FUEL 108215 CAIRO N 07CEG00125757 5264390000000658	399	0	29283	2	1
655	2021-03-14 00:00:00	POS PURCHASE FT21073V6S3N\\BNKLUFTHANSA 2458787725 CAIRO EG5264390000000658	12037	0	17246	14	1
657	2021-03-21 00:00:00	POS PURCHASE FT210805DNXD\\BNK UberBV Cairo EG 529566 5264390000000658	67	0	0	13	1
658	2021-03-21 00:00:00	POS PURCHASE FT21080DWB4S\\BNK UberBV Cairo EG 529566 5264390000000658	44	0	17066	13	1
659	2021-03-22 00:00:00	POS PURCHASE FT21081JPSG0\\BNK UberBV Cairo EG 529566 5264390000000658	122	0	0	13	1
335	2020-05-31 00:00:00	POS PURCHASE FT20152D88LC\\BNKITAMCOSERVCENTERKAT CAIRODTCAIRODT07HEG 895224595264390000000658	2864	0	0	3	1
1664	2020-06-18 00:00:00	POS PURCHASE FT20170FDXTJ\\BNKBAZAR MARINA 5 ALEX 02GEG 993090885264390000001425	632	0	53	3	2
1727	2020-08-18 00:00:00	POS PURCHASE FT2023187LS6\\BNK UberBV Cairo EG 529566 5264390000001425	95	0	0	13	2
2141	2021-02-02 00:00:00	POS PURCHASE FT210335F9FX\\BNK EBADMARKET HURGHADA 25BEG 307144645264390000001425	63	0	0	9	2
1728	2020-08-18 00:00:00	POS PURCHASE FT202318MR2H\\BNK UberBV Cairo EG 529566 5264390000001425	72	0	702	13	2
664	2021-03-31 00:00:00	DD SALARY FT21090RBQ6K\\BNK SalaryFrom GAZELLE TRADE S A E CO	0	43554	0	12	1
2184	2021-02-18 00:00:00	POS PURCHASE FT21049QSFC9\\BNKSTARBUCKS GALLERIA 4 6TH OCT 01AEG02008325 5264390000001425	59	0	0	1	2
2186	2021-02-18 00:00:00	POS PURCHASE FT21049WWQ69\\BNKSTARBUCKS GALLERIA 4 6TH OCT 01AEG02008325 5264390000001425	59	0	261	1	2
1683	2020-08-04 00:00:00	POS PURCHASE FT20217FLJ7K\\BNKmyfawry Maadi EG NBE000815264390000001425	152	0	0	4	2
1672	2020-06-29 00:00:00	POS PURCHASE FT20181J0W6V\\BNKBAZAR MARINA 5 ALEX 02GEG 993090885264390000001425	585	0	0	3	2
1688	2020-08-05 00:00:00	POS PURCHASE FT2021866GF2\\BNKBAZAR AMWAJ ALEX 02AEG 155697685264390000001425	483	0	0	3	2
1689	2020-08-05 00:00:00	POS PURCHASE FT20218MCCKZ\\BNKMIDOMARKET MIDOMARKET ALEXANDRIA44776EG 5264390000001425	71	0	0	9	2
1729	2020-08-19 00:00:00	POS PURCHASE FT202320TQCY\\BNK UberBV Cairo EG 529566 5264390000001425	85	0	0	13	2
2113	2020-09-24 00:00:00	Internet Transfer To Own ACFT20268FVH9D\\BNK	0	500	0	18	2
1997	2021-01-05 00:00:00	POS PURCHASE FT21005MF73Z\\BNK UberBV Cairo EG 529566 5264390000001425	77	0	0	13	2
1998	2021-01-05 00:00:00	POS PURCHASE FT210056C77W\\BNK UberBV Cairo EG 529566 5264390000001425	86	0	0	13	2
2087	2020-09-07 00:00:00	POS PURCHASE FT2025150T1M\\BNKONTHERUN ELBATALAHMEDE ONTHERUNELBATAEG 5264390000001425	80	0	0	1	2
1999	2021-01-05 00:00:00	POS PURCHASE FT21005X9QL8\\BNKOtlob com Cairo EG 5268055264390000001425	84	0	0	1	2
2109	2020-09-22 00:00:00	POS PURCHASE FT20266P35K5\\BNKMOBIL GIZA GIZA EG 5264390000001425	150	0	0	2	2
2119	2020-09-27 00:00:00	POS PURCHASE FT20271SYCRN\\BNKMOBIL MOHANDESINELBATA GIZA EG5264390000001425	200	0	0	2	2
1684	2020-08-04 00:00:00	POS PURCHASE FT20217K39VR\\BNKBEINCONNECTUSD MIG BEINCONNECTUSDDOHAQA DOHS2I01 5264390000001425	165	0	0	4	2
2121	2020-09-28 00:00:00	POS PURCHASE FT202723Z499\\BNKMOBIL MOHANDESIN ELBAT GIZA EG5264390000001425	155	0	0	2	2
2127	2020-09-29 00:00:00	POS PURCHASE FT20273F57RC\\BNKMOBIL MOHANDESIN ELBAT GIZA EG5264390000001425	150	0	11809	2	2
2000	2021-01-05 00:00:00	POS PURCHASE FT21005Y54D3\\BNK KFCTOTAL 12871 GIZA 12EEG 000875805264390000001425	789	0	0	1	2
2001	2021-01-05 00:00:00	POS PURCHASE FT21005VCC6S\\BNKOtlob com Cairo EG 5268055264390000001425	54	0	0	1	2
2003	2021-01-06 00:00:00	ATM WITHDRAWAL FT21006N6Q6G\\BNKNBE ATM922 CAIRO EG NBE259825264390000001425	100	0	8682	11	2
2004	2021-01-10 00:00:00	ATM WITHDRAWAL FT210108D1KT\\BNK BKAUDI On theRun Game airo EG01901806 5264390000001425	20	0	0	11	2
2005	2021-01-10 00:00:00	ATM WITHDRAWAL FT21010YZKVK\\BNK BKAUDI On theRun Game airo EG01901806 5264390000001425	20	0	0	11	2
1693	2020-08-05 00:00:00	POS PURCHASE FT202183XP09\\BNKELMENUS ST206 UNIT101 BLDG CAIROS07EEG CIBS2I01 5264390000001425	213	0	0	7	2
528	2020-11-11 00:00:00	POS PURCHASE FT203166K4QX\\BNKLYCHEE FRUIT BAR CAIRO E 07EEG00072127 5264390000000658	40	0	0	1	1
391	2020-07-22 00:00:00	POS PURCHASE FT20204T08F7\\BNKTOTAL FUEL 112627 MATROUH 17AEG00087471 5264390000000658	350	0	0	2	1
317	2020-04-30 00:00:00	DD SALARY FT20121PYT7Z\\BNK SalaryFrom GAZELLE TRADE S A E CO	0	19333	0	12	1
306	2020-04-05 00:00:00	ATM WITHDRAWAL FT200966YLKW\\BNK 90ST DOWN TOWN MALL AIRO EG AAIBN7745264390000000658	1000	0	40753	11	1
307	2020-04-14 00:00:00	ATM WITHDRAWAL FT20105KZTYP\\BNKCIB EL HAMMAD MALL BR CAIRO EG08520974 5264390000000658	600	0	0	11	1
302	2020-03-26 00:00:00	ATM WITHDRAWAL FT20086M2PYM\\BNKCIB CLEOPATRA HOSPITAL CAIRO EG08520241 5264390000000658	1000	0	23047	11	1
1701	2020-08-06 00:00:00	POS PURCHASE FT20219JT11H\\BNKTHETAPGALLERIA40 17STREET257CAIROS 0EG 247937085264390000001425	330	0	1881	1	2
1691	2020-08-05 00:00:00	POS PURCHASE FT20218DCCXB\\BNKCAESARBAYHOTEL CAESARBAYHOTELMATROUH EG 241569015264390000001425	950	0	0	14	2
1692	2020-08-05 00:00:00	POS PURCHASE FT20218V9YGW\\BNKCAESARBAYHOTEL CAESARBAYHOTELMATROUH EG 241569015264390000001425	660	0	0	14	2
2189	2021-02-22 00:00:00	POS PURCHASE FT210536YZDH\\BNKSTARBUCKS GALLERIA 4 6TH OCT 01AEG31060713 5264390000001425	59	0	302	1	2
2065	2021-01-31 00:00:00	ATM WITHDRAWAL FT21031ND9BD\\O13CIB MARINA ATIG FX HURGHADA EG18920858 5264390000001425	500	0	0	11	2
2066	2021-01-31 00:00:00	ATM WITHDRAWAL FT21031S99W9\\BNKALXB ED SEA EG BOAN5345264390000001425	700	0	0	11	2
2072	2020-09-01 00:00:00	POS PURCHASE FT20245W13BN\\BNKOtlob com Cairo EG 5268055264390000001425	124	0	0	1	2
2195	2021-02-28 00:00:00	POS PURCHASE FT210590KL20\\BNKSTARBUCKS GALLERIA 4 6TH OCT 01AEG31060713 5264390000001425	115	0	13438	1	2
2073	2020-09-01 00:00:00	POS PURCHASE FT202453ZPKW\\BNKOtlob com Cairo EG 5268055264390000001425	241	0	0	1	2
2075	2020-09-01 00:00:00	POS PURCHASE FT2024558P2T\\BNKOtlob com Cairo EG 5268055264390000001425	592	0	0	1	2
2080	2020-09-02 00:00:00	POS PURCHASE FT20246D0PZ0\\BNKOtlob com Cairo EG 5268055264390000001425	124	0	9630	1	2
2206	2020-11-02 00:00:00	POS PURCHASE FT20307HCFJZ\\BNKCircle NA CAIRO E 07EEG 319104485264390000001425	92	0	0	9	2
2212	2020-11-03 00:00:00	POS PURCHASE FT20308RZWF6\\BNKMOBIL MOHANDESIN ELBAT GIZA EG5264390000001425	150	0	8591	2	2
2218	2020-11-08 00:00:00	POS PURCHASE FT20313J95L1\\BNKONTHERUN ELBATALAHMEDE GIZA EG5264390000001425	80	0	0	1	2
2014	2021-01-12 00:00:00	ATM WITHDRAWAL FT21012S0SRT\\BNKNBE ATM339 GIZA EG NBE259805264390000001425	100	0	0	11	2
2021	2021-01-14 00:00:00	ATM WITHDRAWAL FT21014N3BQV\\BNKCIB GALLERIA 40 CAIRO EG 085209185264390000001425	200	0	0	11	2
2028	2021-01-14 00:00:00	POS PURCHASE FT210145P7LZ\\BNK ONTHE RUN THE UNIVE GIZA EG5264390000001425	80	0	0	1	2
2029	2021-01-14 00:00:00	POS PURCHASE FT210142W6YV\\BNKOtlob com Cairo EG 5268055264390000001425	80	0	4874	1	2
1710	2020-08-09 00:00:00	POS PURCHASE FT202221TYS9\\BNK TBSDEPLO DEPLONMASINVILLADGE MATROUHEG 25614401 5264390000001425	200	0	806	7	2
294	2020-02-27 00:00:00	Credit Interest100042182518-20200229	0	11	7345	6	1
308	2020-04-14 00:00:00	ATM WITHDRAWAL FT20105L5RYB\\BNKCIB EL HAMMAD MALL BR CAIRO EG08520974 5264390000000658	4000	0	36153	11	1
287	2020-02-16 00:00:00	POS PURCHASE FT20047SDCGK\\BNKPayME Bab Elouk EG NBE000505264390000000658	805	0	12269	17	1
634	2021-02-16 00:00:00	POS PURCHASE FT210475CCR2\\BNKEMIRATES MISR CAIRO EG5264390000000658	429	0	0	2	1
503	2020-10-19 00:00:00	ATM WITHDRAWAL FT20293QMGHS CIBHAMAD BR BNA CAIRO EG 154206835264390000000658	3500	0	26862	11	1
365	2020-06-30 00:00:00	POS PURCHASE FT201826NNQG\\BNK ARBYS CAIRO E 07EEG 000701865264390000000658	294	0	0	1	1
371	2020-07-01 00:00:00	POS PURCHASE FT20183PKFZM\\BNKTELECOM EGYPT CAIRO N 07AEG00069795 5264390000000658	600	0	57192	8	1
1731	2020-08-19 00:00:00	POS PURCHASE FT20232ZSRH2\\BNKELMENUS ST206 UNIT101 BLDG CAIROS07EEG CIBS2I05 5264390000001425	98	0	434	7	2
373	2020-07-05 00:00:00	POS PURCHASE FT20187S0ZD6\\BNK 7MART CAIRO N 07AEG 000676225264390000000658	79	0	0	9	1
374	2020-07-05 00:00:00	POS PURCHASE FT201876LJLZ\\BNKTOTAL FUEL 112617 CAIRO N 07CEG00070641 5264390000000658	432	0	0	2	1
375	2020-07-05 00:00:00	POS PURCHASE FT20187YMPW4\\BNKMCDONALD S MOBIL ELNAR CAIRO N07AEG 00055637 5264390000000658	96	0	0	1	1
376	2020-07-05 00:00:00	POS PURCHASE FT201872L1TG\\BNKDreamsMarketDiplo DreamsMarketMATROUHEG 31826549 5264390000000658	51	0	55533	9	1
377	2020-07-06 00:00:00	POS PURCHASE FT20188GYHBH\\BNKTAQAMARINA TAQAMARINA ALEXANDRIA44776EG 5264390000000658	435	0	55098	2	1
381	2020-07-09 00:00:00	POS PURCHASE FT20191M1KSN\\BNKASWAKABDELAZIZSTRASWAKABDELAZIZSTR CAEG5264390000000658	3770	0	45328	9	1
382	2020-07-12 00:00:00	POS PURCHASE FT20194847RX\\BNKOtlob com Cairo EG 5268055264390000000658	123	0	45205	1	1
1752	2020-08-30 00:00:00	POS PURCHASE FT20243GRXKB\\BNKCRAVEZAMALEKRESTAURA CFCMALLCAIRON EG 25184501 5264390000001425	564	0	11974	3	2
1734	2020-08-23 00:00:00	POS PURCHASE FT20236SM985\\BNKGabysGalleria40 Gaby sGalleria 032OtEG T0004850 5264390000001425	210	0	0	1	2
2083	2020-09-06 00:00:00	ATM WITHDRAWAL FT20250212VP\\BNKBLOM ATM0201 AIRO EG BLOM-ATM5264390000001425	2600	0	0	11	2
2084	2020-09-06 00:00:00	ATM WITHDRAWAL FT20250N54D2\\BNKCIB CITY VIEW BR OCTOBER EG08520435 5264390000001425	400	0	0	11	2
2222	2020-11-09 00:00:00	POS PURCHASE FT20314SFM43\\BNKONTHERUN ELBATALAHMEDE GIZA EG5264390000001425	46	0	0	1	2
2038	2021-01-19 00:00:00	POS PURCHASE FT210199VT2D\\BNK UberBV Cairo EG 529566 5264390000001425	80	0	0	13	2
2039	2021-01-19 00:00:00	POS PURCHASE FT210198C148\\BNK UberBV Cairo EG 529566 5264390000001425	85	0	0	13	2
2126	2020-09-29 00:00:00	POS PURCHASE FT20273CXHRV\\BNKCircle NA CAIRO E 07EEG 993032155264390000001425	106	0	0	9	2
2040	2021-01-19 00:00:00	POS PURCHASE FT210198VMYG\\BNK ONTHE RUN THE UNIVE GIZA EG5264390000001425	60	0	3117	1	2
2129	2020-09-30 00:00:00	POS PURCHASE FT202747TQ22\\BNKSTARBUCKS GALLERIA 4 6TH OCT 01AEG31966801 5264390000001425	57	0	0	1	2
1745	2020-08-30 00:00:00	POS PURCHASE FT202434RTKF\\BNKMOBILGIZA MOBILGIZA GAMAA GIZA4477665EG 5264390000001425	150	0	0	2	2
1736	2020-08-23 00:00:00	POS PURCHASE FT20236WYJ9T\\BNKSTARBUCKSGALLERIA4 STARBUCKSGA6THOCT EG 16386828 5264390000001425	25	0	0	1	2
1730	2020-08-19 00:00:00	POS PURCHASE FT20232H4P1S\\BNK UberBV Cairo EG 529566 5264390000001425	84	0	0	13	2
1733	2020-08-23 00:00:00	ATM WITHDRAWAL FT20236684W5\\BNKNBE ATM866 NORTHCOAST EG NBE259835264390000001425	300	0	0	11	2
2041	2021-01-20 00:00:00	POS PURCHASE FT21020MKBDY\\BNK UberBV Cairo EG 529566 5264390000001425	80	0	0	13	2
2043	2021-01-21 00:00:00	ATM WITHDRAWAL FT2102164HSS\\BNKArab Bank Egypt iza EG EGA8065264390000001425	100	0	0	11	2
2046	2021-01-21 00:00:00	POS PURCHASE FT21021P6CDL\\BNK UberBV Cairo EG 529566 5264390000001425	78	0	0	13	2
2047	2021-01-21 00:00:00	POS PURCHASE FT21021K78QN\\BNK UberBV Cairo EG 529566 5264390000001425	80	0	0	13	2
2049	2021-01-24 00:00:00	ATM WITHDRAWAL FT210243H3NW\\BNKUNB IZA EG 100090185264390000001425	700	0	0	11	2
2089	2020-09-07 00:00:00	POS PURCHASE FT202510ZFZD\\BNKCHILLOUT 6TH OCT 2 6TH OCT 01AEG00092856 5264390000001425	200	0	4989	1	2
2094	2020-09-09 00:00:00	POS PURCHASE FT20253FZD9P\\BNKCHILLOUT NAKHIL CAIRO E 07EEG00092374 5264390000001425	155	0	3877	1	2
1742	2020-08-27 00:00:00	POS PURCHASE FT20240P2CN6\\BNK DARAS ICE CREAM 6TH OCT 01AEG 000862895264390000001425	35	0	13306	7	2
1756	2021-05-04 00:00:00	POS PURCHASE FT21124THG7C\\BNKSAPAI SAPAI 6TH OCT 01AEG 880361395264390000001425	360	0	0	7	2
506	2020-10-20 00:00:00	ATM WITHDRAWAL FT20294733PD CIBHAMAD BR BNA CAIRO EG 154206835264390000000658	800	0	25627	11	1
507	2020-10-21 00:00:00	ATM WITHDRAWAL FT2029509G5L\\BNKQNB ALAHLI airo 0098 O EG 009806105264390000000658	2000	0	0	11	1
1760	2021-05-05 00:00:00	POS PURCHASE FT21125MN1GT\\BNK THEBATTER HALF CO CAIRO W 07EEG00094629 5264390000001425	350	0	0	7	2
508	2020-10-21 00:00:00	ATM WITHDRAWAL FT20295WW2WL\\BNKQNB ALAHLI airo 0098 O EG 009806105264390000000658	2000	0	21627	11	1
300	2020-03-15 00:00:00	POS PURCHASE FT20075DQFRP\\BNK IbnElsham 1 OTHERS EG T00061605264390000000658	696	0	24143	1	1
405	2020-07-29 00:00:00	Credit Interest100042182518-20200731	0	39	44176	6	1
1764	2021-05-06 00:00:00	POS PURCHASE FT21126KLT64\\BNKPREMIUM MARTGALLERIA 4 6TH OCT01AEG 24950801 5264390000001425	185	0	0	9	2
1780	2021-05-11 00:00:00	POS PURCHASE FT211316S4PJ\\BNKGabys Galleria 40 1 Others EGT0004851 5264390000001425	273	0	0	1	2
1696	2020-08-06 00:00:00	POS PURCHASE FT20219923VH\\BNKASMAK MARASI ALEX 02GEG 800529195264390000001425	700	0	0	1	2
1699	2020-08-06 00:00:00	POS PURCHASE FT20219PVJVR\\BNK SEIFPHARMACY GIZA 12EEG 000694115264390000001425	121	0	0	16	2
1714	2020-08-11 00:00:00	POS PURCHASE FT20224CL1GJ\\BNKCOSTA MARINA 5 60768 MATROUH 17AEG00090216 5264390000001425	296	0	391	1	2
1721	2020-08-16 00:00:00	POS PURCHASE FT20229LRF1R\\BNKSOKKARMARKET SIDIABDELRAHMANMATROUH 1EG 232347105264390000001425	20	0	525	9	2
1855	2020-07-01 00:00:00	POS PURCHASE FT20183K7X02\\BNKmyfawry Maadi EG NBE001005264390000001425	152	0	0	4	2
1869	2020-07-06 00:00:00	POS PURCHASE FT20188XH5VY\\BNKmyfawry Maadi EG NBE001005264390000001425	62	0	6699	4	2
1872	2020-07-08 00:00:00	POS PURCHASE FT20190WV42Q\\BNKMyfawry Maadi EG NBE000565264390000001425	84	0	0	4	2
2095	2020-09-13 00:00:00	POS PURCHASE FT20257FM1H0\\BNKOtlob com Cairo EG 5268055264390000001425	126	0	0	1	2
2097	2020-09-15 00:00:00	POS PURCHASE FT202592KPM1\\BNKOtlob com Cairo EG 5268055264390000001425	80	0	0	1	2
301	2020-03-18 00:00:00	POS PURCHASE FT200782M6FK\\BNKMCDONALD S MOBIL ELNAR CAIRO N07AEG 00055637 5264390000000658	95	0	24047	1	1
321	2020-05-10 00:00:00	POS PURCHASE FT20131ZN61Y\\BNKMOBILMARKET MOBILMARKET NEW CAIRO4477EG 5264390000000658	69	0	0	10	1
322	2020-05-10 00:00:00	POS PURCHASE FT20131Y8GLF\\BNKMOBIL MOBIL NEWCAIRO CAIRO44776655EGYEG 5264390000000658	345	0	0	2	1
384	2020-07-13 00:00:00	POS PURCHASE FT201954TDM9\\BNKCARREFOUREXPRESS HU MAADICITYHURGHADAEG 442917025264390000000658	300	0	43905	9	1
387	2020-07-19 00:00:00	POS PURCHASE FT202010YYN2\\BNKTOTAL FUEL 502894 CAIRO N 07CEG00078352 5264390000000658	420	0	0	2	1
431	2020-08-23 00:00:00	POS PURCHASE FT2023698VZH\\BNKCircleKNaRoa CircleKNaRoad CAIRON07AEG 99301697 5264390000000658	26	0	0	9	1
432	2020-08-23 00:00:00	POS PURCHASE FT20236YNMR1\\BNKOtlob com Cairo EG 5268055264390000000658	114	0	0	1	1
433	2020-08-23 00:00:00	POS PURCHASE FT20236TV761\\BNKMOBILNEWCAIRO MOBILNEWCAIRO CAIRO447EG 5264390000000658	405	0	0	2	1
2098	2020-09-15 00:00:00	POS PURCHASE FT20259Y1XN6\\BNK UberBV Cairo EG 529566 5264390000001425	22	0	0	13	2
2236	2020-11-10 00:00:00	POS PURCHASE FT203156C0K1\\BNKSTARBUCKS GALLERIA 4 6TH OCT 01AEG02008325 5264390000001425	62	0	0	1	2
2099	2020-09-15 00:00:00	POS PURCHASE FT202594XYT7\\BNKOtlob com Cairo EG 5268055264390000001425	135	0	3366	1	2
2101	2020-09-20 00:00:00	ATM WITHDRAWAL FT20264GVYKM\\BNKCAIRO ALEXANDRIA DESE TH OCT EGAAIBN316 5264390000001425	100	0	0	11	2
1805	2021-05-20 00:00:00	POS PURCHASE FT21140VVDTR\\BNKPREMIUM MARTGALLERIA 4 6TH OCT01AEG 24950801 5264390000001425	90	0	0	9	2
1817	2021-05-23 00:00:00	POS PURCHASE FT211434Y6P3\\BNKPREMIUM MARTGALLERIA 4 6TH OCT01AEG 24950801 5264390000001425	123	0	0	9	2
1808	2021-05-20 00:00:00	POS PURCHASE FT21140BS4J2\\BNK DARAS ICE CREAM GALLE 6TH OCT 01AEG25791801 5264390000001425	495	0	0	7	2
1814	2021-05-23 00:00:00	POS PURCHASE FT21143JGBSF\\BNK JTGG40 GIZA 12EEG 001359675264390000001425	208	0	0	7	2
1815	2021-05-23 00:00:00	POS PURCHASE FT2114390G01\\BNK KAKYDIPLO MATROUH 17AEG 307145995264390000001425	120	0	0	7	2
1818	2021-05-23 00:00:00	POS PURCHASE FT21143CWT2B\\BNK JTGG40 GIZA 12EEG 001359675264390000001425	114	0	0	7	2
1820	2021-05-23 00:00:00	POS PURCHASE FT21143W8NFH\\BNKPARTY STATION 6TH OCT 01AEG00085053 5264390000001425	226	0	2770	7	2
1822	2021-05-24 00:00:00	POS PURCHASE FT211446NGQ4\\BNK JTGG40 GIZA 12EEG 001359675264390000001425	165	0	0	7	2
434	2020-08-23 00:00:00	POS PURCHASE FT202362PRY2\\BNKOtlob com Cairo EG 5268055264390000000658	165	0	0	1	1
379	2020-07-08 00:00:00	ATM WITHDRAWAL FT20190JSRV7 CIBHAMAD BR BNA CAIRO EG 154206835264390000000658	2000	0	50098	11	1
380	2020-07-09 00:00:00	ATM WITHDRAWAL FT20191JMBC3\\O01CIB CAREFOUR HUMBRA HURGHADA EG01920906 5264390000000658	1000	0	0	11	1
477	2020-09-27 00:00:00	POS PURCHASE FT20271QPVS6\\BNK ONTHE RUN URBAN 5NEW CAIRO EG5264390000000658	53	0	27464	1	1
480	2020-09-30 00:00:00	POS PURCHASE FT2027459L3S\\BNK ONTHE RUN URBAN 5 NE CAIRO EG5264390000000658	190	0	0	1	1
1811	2021-05-20 00:00:00	POS PURCHASE FT21140MKJBL\\BNKGabys Galleria 40 1 Others EGT0004851 5264390000001425	273	0	4351	1	2
1813	2021-05-23 00:00:00	POS PURCHASE FT21143XDQT8\\BNK THETAP GALLERIA 40 CAIRO S 07EEG24793709 5264390000001425	300	0	0	1	2
1873	2020-07-08 00:00:00	POS PURCHASE FT20190C6BJN\\BNKmyfawry Maadi EG NBE001005264390000001425	62	0	0	4	2
1874	2020-07-08 00:00:00	POS PURCHASE FT20190LSM59\\BNKmyfawry Maadi EG NBE001005264390000001425	32	0	5860	4	2
1741	2020-08-26 00:00:00	POS PURCHASE FT20239LB7DK\\BNKTOTAL BONJOUR 114702 MATROUH 17AEG00087474 5264390000001425	72	0	13341	2	2
1743	2020-08-30 00:00:00	ATM WITHDRAWAL FT20243GQ942\\BNKQNB ALAHLI IZA 0065 A EG 006500655264390000001425	100	0	0	11	2
1748	2020-08-30 00:00:00	POS PURCHASE FT20243PQG2N\\BNKSTARBUCKSGALLERIA4 STARBUCKSGA6THOCT EG 31966801 5264390000001425	52	0	0	1	2
1746	2020-08-30 00:00:00	POS PURCHASE FT20243BPMS6\\BNK UberBV Cairo EG 529566 5264390000001425	83	0	0	13	2
1750	2020-08-30 00:00:00	POS PURCHASE FT202431CT69\\BNKONTHERUN ELBATALAHMEDE ONTHERUNELBATAEG 5264390000001425	80	0	0	1	2
1842	2021-05-30 00:00:00	POS PURCHASE FT21150F1YKK\\BNKCONCRETE MOHANDESSIN GIZA 12EEG23775301 5264390000001425	6799	0	0	3	2
1878	2020-07-12 00:00:00	POS PURCHASE FT20194N647N\\BNKMyfawry Maadi EG NBE000565264390000001425	175	0	0	4	2
1835	2021-05-27 00:00:00	POS PURCHASE FT21147QM2LX\\BNK THETAP GALLERIA 40 CAIRO S 07EEG24793709 5264390000001425	193	0	17747	1	2
1879	2020-07-12 00:00:00	POS PURCHASE FT20194N08PW\\BNKmyfawry Maadi EG NBE001005264390000001425	62	0	0	4	2
1883	2020-07-14 00:00:00	POS PURCHASE FT20196J51PM\\BNKmyfawry Maadi EG NBE001005264390000001425	62	0	0	4	2
1884	2020-07-14 00:00:00	POS PURCHASE FT201962LPLV\\BNKmyfawry Maadi EG NBE001005264390000001425	152	0	0	4	2
1894	2020-07-15 00:00:00	POS PURCHASE FT20197TDX9K\\BNKmyfawry Maadi EG NBE001005264390000001425	62	0	2802	4	2
2085	2020-09-06 00:00:00	POS PURCHASE FT20250R0G66\\BNKCircleKNaRoa CircleKNaRoad CAIRON07AEG 99302893 5264390000001425	14	0	0	9	2
1832	2021-05-27 00:00:00	POS PURCHASE FT21147ZTM7P\\BNK 900DEGREE CAIRO N 07AEG 001255395264390000001425	200	0	0	7	2
1838	2021-05-30 00:00:00	POS PURCHASE FT21150KRB2C\\BNK KAKYDIPLO MATROUH 17AEG 307145995264390000001425	45	0	0	7	2
484	2020-10-05 00:00:00	POS PURCHASE FT2027982KR0\\BNKSHINKO CAIRO N 07AEG 318274525264390000000658	900	0	0	1	1
487	2020-10-07 00:00:00	POS PURCHASE FT20281FJPTR\\BNKSMOKERY EGYPT FOR TOU CAIRO EG5264390000000658	1130	0	0	1	1
1843	2021-05-30 00:00:00	POS PURCHASE FT21150WBGDC\\BNKSEVEN FORTUNES 6TH OCT 01AEG60044303 5264390000001425	64	0	0	7	2
1844	2021-05-30 00:00:00	POS PURCHASE FT2115078Q75\\BNK KAKYDIPLO MATROUH 17AEG 307145995264390000001425	205	0	0	7	2
488	2020-10-07 00:00:00	POS PURCHASE FT20281R4N6N\\BNKTOTAL FUEL 503106 CAIRO N 07CEG00088720 5264390000000658	410	0	0	2	1
489	2020-10-07 00:00:00	POS PURCHASE FT202818YSF6\\BNKOLIVO CAIRO W 07EEG 000730935264390000000658	150	0	43564	1	1
493	2020-10-11 00:00:00	POS PURCHASE FT20285TKVJ8\\BNKCircle K Na Roa CAIRO N 07AEG99301620 5264390000000658	96	0	0	1	1
494	2020-10-11 00:00:00	POS PURCHASE FT20285HMW56\\BNKMOBIL CAIRO EG 5264390000000658	293	0	0	2	1
495	2020-10-11 00:00:00	POS PURCHASE FT2028545BG8\\BNKMCDONALD S MOBIL ELNAR CAIRO N07AEG 00078485 5264390000000658	130	0	35544	1	1
496	2020-10-12 00:00:00	POS PURCHASE FT20286PK6ZN\\BNK OILLIBYA GAS STATIO HURGHADA 25BEG31061106 5264390000000658	415	0	35129	2	1
498	2020-10-15 00:00:00	POS PURCHASE FT20289YRBPN\\BNKMOBIL NEW CAIRO CAIRO EG5264390000000658	400	0	0	2	1
349	2020-06-14 00:00:00	POS PURCHASE FT2016609PKW\\BNKALFUTTAIMRETAILEGYP CAIROFESTCAIRON EG 24520620 5264390000000658	626	0	0	3	1
355	2020-06-21 00:00:00	POS PURCHASE FT20173FKWSY\\BNKLAZURDI CAIRO N 07AEG 000517905264390000000658	2150	0	0	3	1
356	2020-06-21 00:00:00	POS PURCHASE FT20173G69R9\\BNK LOREAL DOWNTOWNMA GENINAMAL CAIRON0EG 25266101 5264390000000658	2080	0	40953	3	1
2086	2020-09-06 00:00:00	POS PURCHASE FT20250VYZNJ\\BNKCHILLOUT NAKHIL CAIRO E 07EEG00092374 5264390000001425	155	0	5402	1	2
2088	2020-09-07 00:00:00	POS PURCHASE FT20251GNSFF\\BNKOtlob com Cairo EG 5268055264390000001425	132	0	0	1	2
361	2020-06-24 00:00:00	POS PURCHASE FT20176NJM3T\\BNK ELEZABY CAIRO N 07AEG 000801815264390000000658	195	0	42253	16	1
362	2020-06-25 00:00:00	POS PURCHASE FT20177NL94K\\BNKLAZURDI CAIRO N 07AEG 000517905264390000000658	1030	0	41223	3	1
1757	2021-05-04 00:00:00	POS PURCHASE FT21124KVSW6\\BNKGALLERIA 40 MALL PARK 6TH OCT01AEG 00080796 5264390000001425	50	0	0	4	2
2026	2021-01-14 00:00:00	POS PURCHASE FT21014V7P2H\\BNKmyfawry Maadi EG NBE000815264390000001425	102	0	0	4	2
2027	2021-01-14 00:00:00	POS PURCHASE FT21014P32LB\\BNKmyfawry Maadi EG NBE000815264390000001425	102	0	0	4	2
1987	2021-01-03 00:00:00	POS PURCHASE FT21003H1MQP\\BNKMyfawry Maadi EG NBE000605264390000001425	290	0	0	4	2
2009	2021-01-10 00:00:00	POS PURCHASE FT21010GXFQ1\\BNKmyfawry Maadi EG NBE000815264390000001425	288	0	0	4	2
2022	2021-01-14 00:00:00	POS PURCHASE FT21014CSJX5\\BNKmyfawry Maadi EG NBE000815264390000001425	102	0	0	4	2
1858	2020-07-01 00:00:00	POS PURCHASE FT20183XBSQY\\BNKBEINCONNECTUSD MIG BEINCONNECTUSDDOHAQA DOHS2I05 5264390000001425	166	0	9461	4	2
1903	2020-07-21 00:00:00	DD SALARY FT20203Q6NQL\\BNK JulySalaries From c i capital	0	13311	0	12	2
1751	2020-08-30 00:00:00	POS PURCHASE FT20243XJLPB\\BNKSTARBUCKSGALLERIA4 STARBUCKSGA6THOCT EG 31966801 5264390000001425	52	0	0	1	2
1754	2021-05-04 00:00:00	POS PURCHASE FT21124GX38S\\BNKSTARBUCKS GALLERIA 4 6TH OCT 01AEG31060713 5264390000001425	87	0	0	1	2
2122	2020-09-28 00:00:00	POS PURCHASE FT20272HYN6R\\BNK ONTHE RUN ELBATALAHME CAIRO EG5264390000001425	80	0	0	1	2
2124	2020-09-28 00:00:00	POS PURCHASE FT20272J0GL5\\BNKOtlob com Cairo EG 5268055264390000001425	61	0	0	1	2
2125	2020-09-28 00:00:00	POS PURCHASE FT20272S1F5B\\BNKOtlob com Cairo EG 5268055264390000001425	53	0	12065	1	2
309	2020-04-16 00:00:00	ATM WITHDRAWAL FT20107GVPC3\\BNKNBE ATM272 CAIRO EG NBE259815264390000000658	500	0	35653	11	1
1871	2020-07-08 00:00:00	POS PURCHASE FT20190VWG78\\BNKKRISS GIZA 12EEG 000559075264390000001425	160	0	0	7	2
635	2021-02-16 00:00:00	POS PURCHASE FT210478LZQJ\\BNKSHINKO CAIRO N 07AEG 319665375264390000000658	200	0	35739	1	1
636	2021-02-17 00:00:00	ATM WITHDRAWAL FT21048LHP94\\BNKCIB EL HAMMAD MALL BR CAIRO EG08520975 5264390000000658	3000	0	32739	11	1
637	2021-02-18 00:00:00	ATM WITHDRAWAL FT2104938W67\\BNKCIB EL HAMMAD MALL BR CAIRO EG08520975 5264390000000658	3000	0	0	11	1
344	2020-06-07 00:00:00	ATM WITHDRAWAL FT201599XKYY\\BNKALXB LEX EG BOAN6775264390000000658	500	0	56743	11	1
1896	2020-07-19 00:00:00	POS PURCHASE FT20201J22RX\\BNKSAMIR WILLIAM GIZA 12EEG 000864745264390000001425	2115	0	0	3	2
2023	2021-01-14 00:00:00	POS PURCHASE FT21014XJDVF\\BNKmyfawry Maadi EG NBE000815264390000001425	102	0	0	4	2
1655	2020-06-11 00:00:00	ATM WITHDRAWAL FT20163QZCZ6\\BNKALXB LEX EG BOAN6775264390000001425	200	0	3966	11	2
2025	2021-01-14 00:00:00	POS PURCHASE FT210141W969\\BNKmyfawry Maadi EG NBE000815264390000001425	52	0	0	4	2
1645	2020-06-08 00:00:00	POS PURCHASE FT20160QV61Y\\BNKBASSEM MARKET MATROUH 17AEG00084704 5264390000001425	249	0	0	9	2
638	2021-02-18 00:00:00	POS PURCHASE FT210494TTH7\\BNKSMOKERY EGYPT FOR TOU CAIRO EG5264390000000658	400	0	29339	1	1
286	2020-02-09 00:00:00	ATM WITHDRAWAL FT2004040608\\BNKCIB EL HAMMAD MALL BR CAIRO EG08520975 5264390000000658	6900	0	13074	11	1
2078	2020-09-02 00:00:00	POS PURCHASE FT20246NZ6RL\\BNKmyfawry Maadi EG NBE000815264390000001425	145	0	0	4	2
2096	2020-09-13 00:00:00	POS PURCHASE FT20257C0NN5\\BNKmyfawry Maadi EG NBE000815264390000001425	145	0	3605	4	2
2120	2020-09-27 00:00:00	POS PURCHASE FT20271TM6MJ\\BNKMyfawry Maadi EG NBE000605264390000001425	84	0	12449	4	2
2142	2021-02-02 00:00:00	POS PURCHASE FT21033RK56L\\BNKmyfawry Maadi EG NBE000815264390000001425	59	0	0	4	2
2145	2021-02-03 00:00:00	POS PURCHASE FT21034LP9LM\\BNKmyfawry Maadi EG NBE000815264390000001425	288	0	0	4	2
2147	2021-02-03 00:00:00	POS PURCHASE FT21034TNBSF\\BNKmyfawry Maadi EG NBE000815264390000001425	59	0	0	4	2
2178	2021-02-16 00:00:00	POS PURCHASE FT21047XSKV8\\BNKmyfawry Maadi EG NBE000815264390000001425	38	0	0	4	2
2128	2020-09-30 00:00:00	POS PURCHASE FT20274SS929\\BNKONTHE RUN GAMEAT ELDEW GIZA EG5264390000001425	34	0	0	1	2
2130	2020-09-30 00:00:00	POS PURCHASE FT202748KW64\\BNKTHRIVE CAPITAL BUSINES CAIRO N07AEG 24872601 5264390000001425	300	0	0	1	2
2131	2020-09-30 00:00:00	ATM WITHDRAWAL FT20274Z24VV\\BNKArab Bank Egypt iza EG EGA8065264390000001425	500	0	0	11	2
2133	2021-02-01 00:00:00	ATM WITHDRAWAL FT21032B109F\\BNKNBE ATM922 CAIRO EG NBE259825264390000001425	300	0	0	11	2
2209	2020-11-03 00:00:00	POS PURCHASE FT203085VF8G\\BNKMOBIL GIZA GIZA EG 5264390000001425	500	0	0	2	2
1900	2020-07-19 00:00:00	POS PURCHASE FT20201BSDB6\\BNKPREMIUMMARTGALLERIA4 ELKARMA26THOCT EG 24950801 5264390000001425	61	0	0	7	2
288	2020-02-17 00:00:00	ATM WITHDRAWAL FT20048KVFC6\\BNK BMSEVEN STAR CAIRO EG BM0178015264390000000658	1003	0	11266	11	1
296	2020-03-01 00:00:00	DD SALARY FT20061844BK\\BNK SalaryFrom GAZELLE TRADE S A E CO	0	20000	27345	12	1
291	2020-02-20 00:00:00	ATM WITHDRAWAL FT20051KF627\\BNKCIB EL HAMMAD MALL BR CAIRO EG08520975 5264390000000658	1000	0	9848	11	1
293	2020-02-27 00:00:00	ATM WITHDRAWAL FT20058H7LT0\\BNKCIB EL HAMMAD MALL BR CAIRO EG08520975 5264390000000658	2000	0	0	11	1
305	2020-04-01 00:00:00	DD SALARY FT20092XY136\\BNK SalaryFrom GAZELLE TRADE S A E CO	0	18666	41753	12	1
324	2020-05-10 00:00:00	POS PURCHASE FT201315PV69\\BNK GRSMUSIC STORE CAIRO S 07EEG 000534985264390000000658	260	0	51007	10	1
325	2020-05-13 00:00:00	POS PURCHASE FT2013493ZH3\\BNKOrange Egypt 1 EG 5174605264390000000658	100	0	50907	8	1
327	2020-05-14 00:00:00	POS PURCHASE FT20135TFHJZ\\BNKOrange Egypt 1 EG 5174605264390000000658	100	0	48807	8	1
1925	2021-04-04 00:00:00	POS PURCHASE FT21094KJ0T4\\BNKPREMIUM MARTGALLERIA 4 6TH OCT01AEG 24950801 5264390000001425	60	0	0	9	2
1943	2021-04-07 00:00:00	POS PURCHASE FT210971J0KV\\BNKPREMIUM MARTGALLERIA 4 6TH OCT01AEG 24950801 5264390000001425	92	0	4403	9	2
1901	2020-07-19 00:00:00	POS PURCHASE FT20201FZLW3\\BNKELMENUS ST206 UNIT101 BLDG CAIROS07EEG CIBS2I01 5264390000001425	86	0	298	7	2
1918	2021-04-01 00:00:00	POS PURCHASE FT21091ZXMDT\\BNK THETAP GALLERIA 40 CAIRO S 07EEG24793709 5264390000001425	400	0	0	1	2
1919	2021-04-01 00:00:00	POS PURCHASE FT21091N961X\\BNKGabys Galleria 40 1 Others EGT0004851 5264390000001425	170	0	0	1	2
2192	2021-02-24 00:00:00	POS PURCHASE FT21055GB8S9\\BNKmyfawry Maadi EG NBE000815264390000001425	52	0	129753	4	2
2231	2020-11-10 00:00:00	POS PURCHASE FT20315R688F\\BNKmyfawry Maadi EG NBE001005264390000001425	102	0	0	4	2
2252	2020-11-16 00:00:00	POS PURCHASE FT203213B57S\\BNKmyfawry Maadi EG NBE000815264390000001425	102	0	0	4	2
1647	2020-06-10 00:00:00	POS PURCHASE FT20162GZCJW\\BNKOtlob com Cairo EG 5268055264390000001425	242	0	0	1	2
1767	2021-05-06 00:00:00	POS PURCHASE FT211269GYFD\\BNKACCEPT PAYMOB CAIRO EG5264390000001425	129	0	0	17	2
1769	2021-05-06 00:00:00	POS PURCHASE FT21126HQ3MG\\BNKACCEPT PAYMOB CAIRO EG5264390000001425	225	0	0	17	2
1772	2021-05-09 00:00:00	POS PURCHASE FT21129G69LM\\BNKACCEPT PAYMOB CAIRO EG5264390000001425	85	0	0	17	2
1787	2021-05-11 00:00:00	POS PURCHASE FT21131J45S9\\BNKACCEPT PAYMOB CAIRO EG5264390000001425	69	0	0	17	2
1928	2021-04-04 00:00:00	POS PURCHASE FT21094J9WCK\\BNKCRIMSON 1 032 Others EG T00055305264390000001425	720	0	7239	7	2
329	2020-05-17 00:00:00	POS PURCHASE FT20138SYQ9Z\\BNKMCDONALD S SHELL 90 CAIRO N 07AEG00081131 5264390000000658	128	0	47678	1	1
639	2021-02-21 00:00:00	ATM WITHDRAWAL FT210528TN90\\BNKCIB EL HAMMAD MALL BR CAIRO EG08520974 5264390000000658	1000	0	0	11	1
641	2021-02-23 00:00:00	POS PURCHASE FT21054W6PZB\\BNKTOTAL BONJOUR 109996 CAIRO N 07AEG00081257 5264390000000658	151	0	0	2	1
644	2021-02-25 00:00:00	ATM WITHDRAWAL FT21056RZP1Q\\BNKCIB EL HAMMAD MALL BR CAIRO EG08520975 5264390000000658	2000	0	24922	11	1
645	2021-02-28 00:00:00	ATM WITHDRAWAL FT21059P4QG6\\BNKTUNIS VILLAGE FAYOUM AYOUM EGAAIBN438 5264390000000658	1800	0	0	11	1
646	2021-02-28 00:00:00	ATM WITHDRAWAL FT21059J61RS\\E06CIB RAMSIS BR 2 CAIRO EG 083204335264390000000658	5000	0	0	11	1
647	2021-02-28 00:00:00	Credit Interest100042182518-20210228	0	27	18150	6	1
385	2020-07-16 00:00:00	ATM WITHDRAWAL FT20198Z5STX\\G04CIB DANDY MALL BR CAIRO EG09520950 5264390000000658	1000	0	42905	11	1
323	2020-05-10 00:00:00	POS PURCHASE FT201318KBS6\\BNK 7MART CAIRO N 07AEG 000539455264390000000658	122	0	0	9	1
392	2020-07-22 00:00:00	POS PURCHASE FT20204TPBDL\\BNKHARDEE S MARASI 50791 MATROUH17AEG 00087234 5264390000000658	195	0	0	1	1
393	2020-07-22 00:00:00	POS PURCHASE FT20204THQQX\\BNK 7MART MATROUH 17AEG 000852875264390000000658	60	0	28380	9	1
330	2020-05-18 00:00:00	POS PURCHASE FT20139434DT\\BNKWATANIYA EL MUKATAM CAIRO E 07CEG00081249 5264390000000658	346	0	47332	2	1
2375	2020-04-08 00:00:00	POS PURCHASE FT200995RXSS\\BNKmyfawry Maadi EG NBE000815264390000001425	32	0	2687	4	2
1948	2021-04-11 00:00:00	POS PURCHASE FT211015WXQK\\BNK OVIOG40 6TH OCT 01AEG 000878805264390000001425	128	0	0	7	2
1949	2021-04-11 00:00:00	POS PURCHASE FT21101G89W1\\BNKANDIAMO ZAMALEK CAIRO W 07EEG25918902 5264390000001425	300	0	0	7	2
2254	2020-11-17 00:00:00	POS PURCHASE FT20322DV7VS\\BNKmyfawry Maadi EG NBE000815264390000001425	38	0	0	4	2
1961	2021-04-13 00:00:00	POS PURCHASE FT21103P3QK5\\BNKGabys Galleria 40 1 Others EGT0004851 5264390000001425	235	0	0	1	2
2286	2020-12-01 00:00:00	POS PURCHASE FT20336JKT0V\\BNKmyfawry Maadi EG NBE000815264390000001425	45	0	0	4	2
2291	2020-12-03 00:00:00	POS PURCHASE FT20338LZX9P\\BNKmyfawry Maadi EG NBE000815264390000001425	145	0	0	4	2
2327	2020-12-15 00:00:00	POS PURCHASE FT20350NJTF0\\BNKmyfawry Maadi EG NBE000815264390000001425	73	0	0	4	2
2341	2020-12-23 00:00:00	POS PURCHASE FT203580SXBL\\BNKMyfawry Maadi EG NBE000605264390000001425	79	0	15550	4	2
2368	2020-04-06 00:00:00	POS PURCHASE FT20097SDXM0\\BNKmyfawry Maadi EG NBE000815264390000001425	152	0	3730	4	2
2370	2020-04-07 00:00:00	POS PURCHASE FT200986XG54\\BNKMyfawry Maadi EG NBE000565264390000001425	290	0	0	4	2
1954	2021-04-11 00:00:00	POS PURCHASE FT21101PLP21\\BNKANDIAMO ZAMALEK CAIRO W 07EEG25918902 5264390000001425	200	0	0	7	2
2385	2020-04-15 00:00:00	POS PURCHASE FT20106W15HN\\BNKmyfawry Maadi EG NBE001005264390000001425	32	0	2071	4	2
1967	2021-04-14 00:00:00	Internet Transfer To Own ACFT21104BHL5D\\BNK	0	1463	1627	18	2
1747	2020-08-30 00:00:00	POS PURCHASE FT20243XDR1B\\BNK UberBV Cairo EG 529566 5264390000001425	82	0	0	13	2
1749	2020-08-30 00:00:00	POS PURCHASE FT20243Q0M45\\BNKCHILLOUT NAKHIL CAIRO E 07EEG00092374 5264390000001425	100	0	0	1	2
1755	2021-05-04 00:00:00	POS PURCHASE FT211242D6K4\\BNK UberBV Cairo EG 529566 5264390000001425	79	0	0	13	2
1758	2021-05-04 00:00:00	POS PURCHASE FT21124S671W\\BNKTalabat Cairo EG 5268055264390000001425	71	0	15548	1	2
2365	2020-04-01 00:00:00	Internet Transfer To Own ACFT20092DJ275\\BNK	2556	0	3918	18	2
2312	2020-12-08 00:00:00	POS PURCHASE FT20343T8PF0\\BNK MAXBURGER GIZA 12CEG 000986215264390000001425	185	0	5597	1	2
1959	2021-04-12 00:00:00	POS PURCHASE FT21102VFRW4\\BNK 900DEGREE CAIRO N 07AEG 001255395264390000001425	369	0	1411	7	2
1963	2021-04-14 00:00:00	POS PURCHASE FT211046GW2H\\BNK AWNWAMBR CAIRO EG 240440815264390000001425	400	0	0	7	2
332	2020-05-20 00:00:00	POS PURCHASE FT20141BXT3N\\BNKTOTAL FUEL 112627 MATROUH 17AEG00074782 5264390000000658	360	0	0	2	1
333	2020-05-20 00:00:00	POS PURCHASE FT20141T0JF7\\BNKORANGEONEMIVIDA ORANGEONEMIVICAIRON EG 15520148 5264390000000658	1129	0	46643	8	1
339	2020-06-02 00:00:00	POS PURCHASE FT20154517W6\\BNKTELECOMEGYPTMOBILETELECOMEGYPTMOBILE EG5264390000000658	200	0	0	8	1
394	2020-07-26 00:00:00	ATM WITHDRAWAL FT202083F7R8\\BNKCIB MARASI BEACH CLUB MARASI BEACHCLUEG 08521247 5264390000000658	1000	0	0	11	1
395	2020-07-26 00:00:00	ATM WITHDRAWAL FT20208M9ZCR\\BNKCIB MOPRIUM NORTH COAST EG08521246 5264390000000658	2000	0	0	11	1
400	2020-07-28 00:00:00	ATM WITHDRAWAL FT20210G65KP\\E06CIB RAMSIS BR 2 CAIRO EG 083204335264390000000658	1000	0	22961	11	1
401	2020-07-29 00:00:00	DD SALARY FT20211HZYCD\\BNK SalaryFrom GAZELLE TRADE S A E CO	0	22706	0	12	1
388	2020-07-19 00:00:00	POS PURCHASE FT20201GFC0G\\BNK TYREPRO EGYPT NASR CI CAIRO EG98062600 5264390000000658	10500	0	30985	15	1
407	2020-08-04 00:00:00	ATM WITHDRAWAL FT20217KDZ2S\\BNKCIB STELLA WALK NORTH COAST EG08521248 5264390000000658	1000	0	0	11	1
1990	2021-01-03 00:00:00	POS PURCHASE FT21003VZ39X\\BNK OVIOG40 6TH OCT 01AEG 000878805264390000001425	200	0	0	7	2
408	2020-08-04 00:00:00	ATM WITHDRAWAL FT202173N5HJ\\BNKCIB MOPRIUM NORTH COAST EG08521246 5264390000000658	1000	0	0	11	1
2015	2021-01-12 00:00:00	POS PURCHASE FT210129P4VK\\BNK ALSAGHEER COSMETIC CO OTHERS EG5264390000001425	140	0	0	7	2
409	2020-08-04 00:00:00	ATM WITHDRAWAL FT202174CYJK\\BNKALXB LEX EG BOAN7645264390000000658	1000	0	0	11	1
443	2020-08-30 00:00:00	POS PURCHASE FT202434Q21N\\BNKTHRIVE NORTHCOAST DIPLOMATICVMATROUH EG 256245035264390000000658	650	0	0	1	1
444	2020-08-30 00:00:00	POS PURCHASE FT202432H6QM\\BNKTHRIVE NORTHCOAST DIPLOMATICVMATROUH EG 256245025264390000000658	500	0	0	1	1
411	2020-08-05 00:00:00	ATM WITHDRAWAL FT20218M7PRT\\BNKCIB MOBILE EL NARGS CAIRO EG08520057 5264390000000658	1000	0	0	11	1
416	2020-08-09 00:00:00	ATM WITHDRAWAL FT20222BVG9M\\BNKCIB MOPRIUM NORTH COAST EG08521246 5264390000000658	1000	0	0	11	1
417	2020-08-09 00:00:00	ATM WITHDRAWAL FT20222RMVX4\\BNKCIB MOPRIUM NORTH COAST EG08521246 5264390000000658	1000	0	0	11	1
481	2020-09-30 00:00:00	Credit Interest100042182518-20200930	0	44	47443	6	1
438	2020-08-25 00:00:00	ATM WITHDRAWAL FT20238WP167 CIBHAMAD BR BNA CAIRO EG 154206835264390000000658	4000	0	21932	11	1
440	2020-08-26 00:00:00	ATM WITHDRAWAL FT2023929LS6\\BNKCIB EL HAMMAD MALL BR CAIRO EG08520974 5264390000000658	1400	0	19574	11	1
509	2020-10-22 00:00:00	ATM WITHDRAWAL FT20296WC6MM\\O13CIB MARINA ATIG FX HURGHADA EG18920858 5264390000000658	2000	0	19627	11	1
510	2020-10-25 00:00:00	ATM WITHDRAWAL FT202992NGR4\\BNK BKAUDI BUSTAN Mall Go urghada EG01901306 5264390000000658	2000	0	0	11	1
345	2020-06-09 00:00:00	ATM WITHDRAWAL FT20161LFWNN CIBHAMAD BR BNA CAIRO EG 154206835264390000000658	6000	0	50743	11	1
348	2020-06-14 00:00:00	POS PURCHASE FT20166MYZRT\\BNKMOBIL NEWCAIRO MOBIL NEWCAIROCAIRO 44EG 5264390000000658	475	0	0	2	1
350	2020-06-14 00:00:00	POS PURCHASE FT201664FWBJ\\BNKHOMECENTER CFC SPLASHSHOWROOMCAIRON EG 25070003 5264390000000658	23	0	48891	9	1
353	2020-06-17 00:00:00	ATM WITHDRAWAL FT20169QYN1T\\BNKCIB EL HAMMAD MALL BR CAIRO EG08520975 5264390000000658	1000	0	47183	11	1
354	2020-06-21 00:00:00	ATM WITHDRAWAL FT2017354623\\BNKCIB EL HAMMAD MALL BR CAIRO EG08520975 5264390000000658	2000	0	0	11	1
357	2020-06-22 00:00:00	ATM WITHDRAWAL FT20174G47Z4\\BNKCIB EL HAMMAD MALL BR CAIRO EG08520974 5264390000000658	2000	0	0	11	1
363	2020-06-28 00:00:00	ATM WITHDRAWAL FT201800PP1G\\BNKCIB MOPRIUM NORTH COAST EG08521246 5264390000000658	1000	0	40223	11	1
367	2020-06-30 00:00:00	Credit Interest100042182518-20200630	0	63	39992	6	1
370	2020-07-01 00:00:00	ATM WITHDRAWAL FT201830BTVV\\BNKCIB EL HAMMAD MALL BR CAIRO EG08520975 5264390000000658	1200	0	0	11	1
2524	2021-03-14 00:00:00	POS PURCHASE FT210730FMKN\\BNKmyfawry Maadi EG NBE000985264390000001425	73	0	0	4	2
2034	2021-01-19 00:00:00	POS PURCHASE FT21019S0YXF\\BNKPREMIUM MARTGALLERIA 4 6TH OCT01AEG 24950801 5264390000001425	58	0	0	9	2
2048	2021-01-21 00:00:00	POS PURCHASE FT21021689GN\\BNKPREMIUM MARTGALLERIA 4 6TH OCT01AEG 24950801 5264390000001425	71	0	1790	9	2
2036	2021-01-19 00:00:00	POS PURCHASE FT210192MXVD\\BNKLORENZO S PIZZERIA 6TH OCT 01AEG00087889 5264390000001425	210	0	0	7	2
2058	2021-01-25 00:00:00	POS PURCHASE FT21025QN9S0\\BNKPREMIUM MARTGALLERIA 4 6TH OCT01AEG 24950801 5264390000001425	60	0	13333	9	2
2057	2021-01-25 00:00:00	POS PURCHASE FT21025697GN\\BNKMASTER EXPRESS CAIRO N 07AEG00087646 5264390000001425	75	0	0	7	2
2076	2020-09-01 00:00:00	POS PURCHASE FT20245H44KS\\BNKPREMIUMMARTGALLERIA4 ELKARMA26THOCT EG 24950801 5264390000001425	78	0	10271	7	2
372	2020-07-05 00:00:00	ATM WITHDRAWAL FT20187CDFZM\\BNKCIB DIPLOMATIC VILLAGE DIPLOMATICVILLEG 08520654 5264390000000658	1000	0	0	11	1
386	2020-07-19 00:00:00	ATM WITHDRAWAL FT20201LV8SD\\BNKCIB MOPRIUM NORTH COAST EG08521246 5264390000000658	1000	0	0	11	1
389	2020-07-21 00:00:00	ATM WITHDRAWAL FT20203K3YBL\\BNKCIB RAMSIS BR 3 CAIRO EG 085212125264390000000658	1000	0	29985	11	1
429	2020-08-19 00:00:00	ATM WITHDRAWAL FT2023202PSB\\BNKCIB EL HAMMAD MALL BR CAIRO EG08520975 5264390000000658	3000	0	29035	11	1
430	2020-08-23 00:00:00	ATM WITHDRAWAL FT20236L0QLR\\BNKCIB DELMAR 26TH JULY CAIRO EG08520082 5264390000000658	1000	0	0	11	1
390	2020-07-22 00:00:00	ATM WITHDRAWAL FT202044LCF2\\BNKBDC EL TGAMAA EL KHAME CAIRO EGBDC00000 5264390000000658	1000	0	0	11	1
441	2020-08-30 00:00:00	ATM WITHDRAWAL FT202431B2DK\\BNK BMOM BARIOUM MARASY ALEX EG BM0401005264390000000658	2000	0	0	11	1
514	2020-10-27 00:00:00	ATM WITHDRAWAL FT20301X34VC\\B10CIB EL HEGAZ BR II CAIRO EG11520364 5264390000000658	2000	0	0	11	1
517	2020-10-28 00:00:00	Credit Interest100042182518-20201031	0	22	13299	6	1
2090	2020-09-08 00:00:00	POS PURCHASE FT202524BS1F\\BNKBASICSNEWGIZABASICSCITYVIEWELHARAM G EG5264390000001425	302	0	0	7	2
2091	2020-09-08 00:00:00	POS PURCHASE FT20252HTKNJ\\BNKALSAGHEERCOSMETICCOALSAGHEERCOSMET OTEG5264390000001425	170	0	0	7	2
2092	2020-09-08 00:00:00	POS PURCHASE FT20252L84NF\\BNKELMENUS ST206 UNIT101 BLDG CAIROS07EEG CIBS2I05 5264390000001425	200	0	4317	7	2
2107	2020-09-21 00:00:00	POS PURCHASE FT20265V2483\\BNKMASTER EXPRESS CAIRO N 07AEG00087647 5264390000001425	137	0	997	7	2
520	2020-11-01 00:00:00	DD SALARY FT20306KHQCS\\BNK SalaryFrom GAZELLE TRADE S A E CO	0	19527	0	12	1
519	2020-11-01 00:00:00	ATM WITHDRAWAL FT203060PSXQ\\BNKNBE ATM499 CAIRO EG NBE259845264390000000658	1000	0	0	11	1
524	2020-11-08 00:00:00	ATM WITHDRAWAL FT20313XW077\\BNKQNB ALAHLI AIRO D0001 C EG00010649 5264390000000658	1000	0	30179	11	1
2134	2021-02-01 00:00:00	POS PURCHASE FT21032QTDK0\\BNKBRIGHT STAR HURGHADA 25BEG24695201 5264390000001425	135	0	0	7	2
2140	2021-02-02 00:00:00	POS PURCHASE FT210330HZ69\\BNKBESTWAY SUPERMA HURGHADA 25BEG86661004 5264390000001425	125	0	0	7	2
527	2020-11-11 00:00:00	ATM WITHDRAWAL FT20316GKC36\\BNKBDC EL TGAMAA EL KHAME CAIRO EGBDC00000 5264390000000658	500	0	0	11	1
534	2020-11-17 00:00:00	ATM WITHDRAWAL FT203221MB5X\\BNKCIB EL HAMMAD MALL BR CAIRO EG08520974 5264390000000658	1000	0	27240	11	1
537	2020-11-22 00:00:00	ATM WITHDRAWAL FT2032794QPP CIBHAMAD BR BNA CAIRO EG 154206835264390000000658	1400	0	25301	11	1
548	2020-11-30 00:00:00	Credit Interest100042182518-20201130	0	23	14129	6	1
351	2020-06-15 00:00:00	POS PURCHASE FT20167JZV7S\\BNKHOMECENTERC F C CAIROE07ECAIROE07E UNEG 814449215264390000000658	542	0	48348	9	1
352	2020-06-17 00:00:00	POS PURCHASE FT20169LK0XS\\BNKOtlob com Cairo EG 5268055264390000000658	165	0	0	1	1
358	2020-06-22 00:00:00	POS PURCHASE FT201749GM06\\BNK MORISUSHI MATROUH 17EEG 148978835264390000000658	85	0	0	1	1
359	2020-06-22 00:00:00	POS PURCHASE FT20174VR5YQ\\BNKTOTAL FUEL 112627 MATROUH 17AEG00087473 5264390000000658	225	0	38643	2	1
446	2020-08-31 00:00:00	DD SALARY FT20244WX98Y\\BNK SalaryFrom GAZELLE TRADE S A E CO	0	30927	0	12	1
452	2020-09-03 00:00:00	ATM WITHDRAWAL FT202479B4SQ\\E06CIB RAMSIS BR CAIRO EG 083204285264390000000658	2000	0	0	11	1
454	2020-09-06 00:00:00	ATM WITHDRAWAL FT2025076YQH\\O13CIB MARINA ATIG FX HURGHADA EG18920858 5264390000000658	1000	0	0	11	1
540	2020-11-26 00:00:00	ATM WITHDRAWAL FT20331D4DJX\\BNKCIB LE PACHA ZAMALEK CAIRO EG08520711 5264390000000658	2000	0	0	11	1
2162	2021-02-11 00:00:00	POS PURCHASE FT21042FRWG7\\BNKPREMIUM MARTGALLERIA 4 6TH OCT01AEG 24950801 5264390000001425	85	0	0	9	2
2167	2021-02-14 00:00:00	POS PURCHASE FT210451DN6K\\BNKPREMIUM MARTGALLERIA 4 6TH OCT01AEG 24950801 5264390000001425	107	0	0	9	2
2175	2021-02-16 00:00:00	POS PURCHASE FT21047VW98L\\BNKPREMIUM MARTGALLERIA 4 6TH OCT01AEG 24950801 5264390000001425	102	0	0	9	2
2177	2021-02-16 00:00:00	POS PURCHASE FT21047BP8PN\\BNKPREMIUM MARTGALLERIA 4 6TH OCT01AEG 24950801 5264390000001425	72	0	0	9	2
2183	2021-02-17 00:00:00	POS PURCHASE FT210481SW65\\BNKPREMIUM MARTGALLERIA 4 6TH OCT01AEG 24950801 5264390000001425	105	0	479	9	2
289	2020-02-18 00:00:00	POS PURCHASE FT20049QFRGZ\\BNKLordOfThewingsPoin LordOfTh CAIRON07EG 30579730 5264390000000658	152	0	11114	1	1
290	2020-02-19 00:00:00	POS PURCHASE FT20050WJC22\\BNKCASPER GAMBINI CAIRO E 07EEG00068861 5264390000000658	266	0	10848	1	1
292	2020-02-23 00:00:00	POS PURCHASE FT2005492L35\\BNKSEOUDI SILVERMALL 25ELMESAHACAIRON 0EG 235649115264390000000658	514	0	9333	9	1
445	2020-08-30 00:00:00	ATM WITHDRAWAL FT20243XYQ6G\\BNKCIB EL HAMMAD MALL BR CAIRO EG08520974 5264390000000658	1000	0	15199	11	1
447	2020-08-31 00:00:00	Credit Interest100042182518-20200831	0	25	46152	6	1
340	2020-06-02 00:00:00	POS PURCHASE FT2015469HHT\\BNKTELECOMEGYPTMOBILETELECOMEGYPTMOBILE EG5264390000000658	100	0	59458	8	1
341	2020-06-03 00:00:00	POS PURCHASE FT20155CLYG8\\BNKAKLET SAMAK MATROUH 17AEG 000700075264390000000658	900	0	58558	1	1
314	2020-04-26 00:00:00	POS PURCHASE FT20117DBPHG\\BNK 7MART CAIRO N 07AEG 000759085264390000000658	60	0	0	9	1
315	2020-04-26 00:00:00	POS PURCHASE FT20117ZLMG5\\BNKOrange Egypt 1 EG 5174605264390000000658	60	0	35416	8	1
449	2020-09-01 00:00:00	POS PURCHASE FT20245M5LJ8\\BNKBAZARBAELSHA BAZARBAELSHARI CAIRODT 0EG 30579492 5264390000000658	200	0	0	3	1
450	2020-09-01 00:00:00	POS PURCHASE FT20245WNH8D\\BNKTAQAMARINA TAQAMARINA ALEXANDRIA44776EG 5264390000000658	302	0	0	2	1
437	2020-08-24 00:00:00	POS PURCHASE FT20237RN8CV\\BNKSMOKERYEGYPTFORTOU SMOKERYEGYPTFORCAIEG 5264390000000658	1251	0	25932	1	1
439	2020-08-26 00:00:00	POS PURCHASE FT20239P5GP7\\BNKROSSINIRESTAURANT ROSSINIRESTAUCAIROEEG 31910403 5264390000000658	957	0	0	1	1
1847	2021-05-31 00:00:00	Account Transfer FT21151DPP0D\\BNKPUROFFUS-MCDONALD`S MARINA 2\\MARINA GA	236	0	0	18	2
2226	2020-11-09 00:00:00	POS PURCHASE FT20314Y6S60\\BNKPREMIUM MARTGALLERIA 4 6TH OCT01AEG 24950801 5264390000001425	61	0	0	9	2
2237	2020-11-10 00:00:00	POS PURCHASE FT20315LP2T7\\BNKPREMIUM MARTGALLERIA 4 6TH OCT01AEG 24950801 5264390000001425	72	0	4782	9	2
2245	2020-11-12 00:00:00	POS PURCHASE FT20317RV2HQ\\BNKPREMIUM MARTGALLERIA 4 6TH OCT01AEG 24950801 5264390000001425	47	0	3731	9	2
2249	2020-11-15 00:00:00	POS PURCHASE FT20320LF5CM\\BNKPREMIUM MARTGALLERIA 4 6TH OCT01AEG 24950801 5264390000001425	61	0	2890	9	2
2205	2020-11-02 00:00:00	POS PURCHASE FT20307JM4ZZ\\BNK ALSAGHEER COSMETIC CO OTHERS EG5264390000001425	170	0	0	7	2
2213	2020-11-04 00:00:00	POS PURCHASE FT20309VC4N8\\BNKELMENUS CAIRO S 07EEG CIBS2I055264390000001425	139	0	8452	7	2
2215	2020-11-05 00:00:00	POS PURCHASE FT203103MT3Z\\BNKELMENUS CAIRO S 07EEG CIBS2I055264390000001425	219	0	8125	7	2
2220	2020-11-08 00:00:00	POS PURCHASE FT20313J44GH\\BNKELMENUS CAIRO S 07EEG CIBS2I055264390000001425	126	0	7241	7	2
2233	2020-11-10 00:00:00	POS PURCHASE FT203157XKBF\\BNK KAKYDIPLO MATROUH 17AEG 307145995264390000001425	60	0	0	7	2
2235	2020-11-10 00:00:00	POS PURCHASE FT20315YKY0B\\BNK MORISUSHI CAIRO W 07EEG 319668945264390000001425	500	0	0	7	2
442	2020-08-30 00:00:00	POS PURCHASE FT202438361W\\BNKSTARBUCKSMASTE STARBUCKSMASTER6THOCT EG 60531676 5264390000000658	225	0	0	1	1
464	2020-09-17 00:00:00	POS PURCHASE FT20261Q4CHD\\BNKMOBIL GHAMRA CAIRO EG5264390000000658	321	0	0	2	1
627	2021-02-08 00:00:00	POS PURCHASE FT210390HBD3\\BNK NILERITZ SWEET BOUTIQ CAIRO EG5264390000000658	178	0	0	1	1
628	2021-02-08 00:00:00	POS PURCHASE FT21039HTY3P\\BNK NILERITZ CLUB LOUNGE CAIRO EG5264390000000658	60	0	0	1	1
630	2021-02-09 00:00:00	POS PURCHASE FT21040RJVCN\\BNKGourmet Bouri New Cairo EGT0009989 5264390000000658	122	0	38104	9	1
633	2021-02-14 00:00:00	POS PURCHASE FT210453C46C\\BNKTalabat Cairo EG 5268055264390000000658	217	0	36369	1	1
640	2021-02-21 00:00:00	POS PURCHASE FT21052S4GRR\\BNK LOFTRESTAURANTS WATER 6TH OCT 01AEG24533801 5264390000000658	709	0	27629	1	1
297	2020-03-02 00:00:00	ATM WITHDRAWAL FT20062NQ30K\\BNK BMSILVER STAR MALL CAIRO EG BM0178045264390000000658	1003	0	26342	11	1
298	2020-03-11 00:00:00	ATM WITHDRAWAL FT20071PT8QK\\BNKSTELLA Cairo EG SAIB-ATM5264390000000658	1003	0	25339	11	1
299	2020-03-15 00:00:00	ATM WITHDRAWAL FT20075103JH\\BNKCIB MOBILE EL NARGS CAIRO EG08520057 5264390000000658	500	0	0	11	1
1665	2020-06-21 00:00:00	Internet Transfer To Own ACFT2017351ZBD\\BNK	0	200	253	18	2
2288	2020-12-01 00:00:00	POS PURCHASE FT20336QJD7T\\BNKPREMIUM MARTGALLERIA 4 6TH OCT01AEG 24950801 5264390000001425	61	0	10411	9	2
2305	2020-12-06 00:00:00	POS PURCHASE FT20341QQS74\\BNKPREMIUM MARTGALLERIA 4 6TH OCT01AEG 24950801 5264390000001425	102	0	6392	9	2
2265	2020-11-23 00:00:00	POS PURCHASE FT20328DTTP1\\BNKBASICS NEW GIZA GIZA EG5264390000001425	72	0	0	7	2
2282	2020-11-30 00:00:00	POS PURCHASE FT20335WVPMC\\BNKBASICS NEW GIZA GIZA EG5264390000001425	97	0	10926	7	2
2295	2020-12-06 00:00:00	POS PURCHASE FT20341TVWY4\\BNK AMZNMktp US JP9LH5X53 Amzn com billUS5264390000001425	352	0	0	7	2
2299	2020-12-06 00:00:00	POS PURCHASE FT20341P5VTZ\\BNKMASTER ON THE GO 6TH OCT 01AEG00074577 5264390000001425	8	0	0	7	2
397	2020-07-26 00:00:00	POS PURCHASE FT20208QFQT8\\BNKSEOUDI SILVERMALL 25ELMESAHACAIRON 0EG 235649115264390000000658	280	0	0	9	1
2302	2020-12-06 00:00:00	POS PURCHASE FT20341PV3VN\\BNK PRHOSPITALITY CAIRO EG5264390000001425	400	0	0	7	2
2303	2020-12-06 00:00:00	POS PURCHASE FT203418YXSZ\\BNK PRHOSPITALITY CAIRO EG5264390000001425	700	0	0	7	2
2304	2020-12-06 00:00:00	POS PURCHASE FT20341894V1\\BNK PRHOSPITALITY CAIRO EG5264390000001425	600	0	0	7	2
399	2020-07-27 00:00:00	POS PURCHASE FT20209YR6XN\\BNKOtlob com Cairo EG 5268055264390000000658	146	0	23961	1	1
402	2020-07-29 00:00:00	POS PURCHASE FT20211B47JK\\BNKGALAMBORESTAURANT GALAMBORESTAUMATROUEG 31952949 5264390000000658	800	0	0	1	1
403	2020-07-29 00:00:00	POS PURCHASE FT202117FW41\\BNKMOBILNEWCAIRO MOBILNEWCAIRO CAIRO447EG 5264390000000658	320	0	0	2	1
2311	2020-12-08 00:00:00	POS PURCHASE FT203436GMM2\\BNKMASTER EXPRESS CAIRO N 07AEG00087646 5264390000001425	46	0	0	7	2
404	2020-07-29 00:00:00	POS PURCHASE FT20211Z5LTF\\BNKCHILLOUT SALAM CAIRO N A 07BEG00092375 5264390000000658	410	0	0	1	1
410	2020-08-04 00:00:00	POS PURCHASE FT20217TVYXX\\BNKBUFFALO BURGER TAGMOA CAIRO EG98146410 5264390000000658	159	0	41017	1	1
542	2020-11-29 00:00:00	POS PURCHASE FT20334493NN\\BNKTOTAL BONJOUR 114702 MATROUH 17AEG00100022 5264390000000658	205	0	0	2	1
543	2020-11-29 00:00:00	POS PURCHASE FT2033464Y6G\\BNKTOTAL FUEL 106311 CAIRO E 07EEG00118568 5264390000000658	600	0	0	2	1
544	2020-11-29 00:00:00	POS PURCHASE FT2033447ZTL\\BNKSTARBUCKS CHILL OUT 6TH OCT 01AEG14915525 5264390000000658	135	0	0	1	1
2320	2020-12-13 00:00:00	POS PURCHASE FT20348WFFK8\\BNKMASTER EXPRESS CAIRO N 07AEG00087646 5264390000001425	35	0	0	7	2
2331	2020-12-17 00:00:00	POS PURCHASE FT20352WNP8B\\BNKELMENUS CAIRO S 07EEG CIBS2I015264390000001425	70	0	3296	7	2
545	2020-11-29 00:00:00	POS PURCHASE FT20334CJLK0\\BNK NILERITZ VIVO CAIRO EG 5264390000000658	3096	0	0	1	1
283	2020-01-30 00:00:00	Fees Account TransferFT20030XSHL2\\BNK Debit Card Feesfor 100042182518	25	0	19975	5	1
285	2020-02-02 00:00:00	Fees Account TransferFT20033W74MF\\BNK Fiscal Stamp for100042182518	1	0	19974	5	1
423	2020-08-12 00:00:00	ATM WITHDRAWAL FT20225QDH66\\BNKCIB RAMSIS BR 3 CAIRO EG 085212125264390000000658	3000	0	0	11	1
642	2021-02-23 00:00:00	POS PURCHASE FT21054BVDS2\\BNK OVIOMAADI CAIRO S 07EEG 001247445264390000000658	346	0	0	1	1
643	2021-02-23 00:00:00	POS PURCHASE FT21054LZ92D\\BNKURBAN LEGENDS CAIRO W 07EEG30714659 5264390000000658	210	0	26922	3	1
473	2020-09-24 00:00:00	POS PURCHASE FT20268KT480\\BNKCAROL CAIRO D T 07DEG 001008585264390000000658	510	0	29932	1	1
476	2020-09-27 00:00:00	POS PURCHASE FT20271YFPYF\\BNKMOBIL NEW CAIRO CAIRO EG5264390000000658	415	0	0	2	1
310	2020-04-21 00:00:00	ATM WITHDRAWAL FT20112JTLCM\\BNKCIB EL HAMMAD MALL BR CAIRO EG08520974 5264390000000658	1000	0	0	11	1
312	2020-04-21 00:00:00	ATM WITHDRAWAL FT20112YZZ1W\\BNKFIBE HO M32700 Cairo EG M327005264390000000658	600	0	33086	11	1
313	2020-04-26 00:00:00	ATM DEPOSIT FT20117L03J8\\BNK CIBEL HAMMAD MALL BR CAIRO EG08520975 5264390000000658100042182518	0	2450	0	11	1
334	2020-05-21 00:00:00	DD SALARY FT20142GXMSN\\BNK SalaryFrom GAZELLE TRADE S A E CO	0	19000	65643	12	1
316	2020-04-29 00:00:00	ATM WITHDRAWAL FT20120S25J4\\BNKCIB MOBILE EL NARGS CAIRO EG08520057 5264390000000658	1000	0	34416	11	1
318	2020-04-30 00:00:00	Credit Interest100042182518-20200430	0	54	53804	6	1
2404	2020-04-28 00:00:00	POS PURCHASE FT20119LMZ61\\BNKwatch IT El Dokki EG NBE000705264390000001425	60	0	0	4	2
2379	2020-04-12 00:00:00	POS PURCHASE FT20103PJQVH\\BNKLMENUS ST206 UNIT101 BLDG CAIROS07EEG CIBS2I01 5264390000001425	62	0	2458	7	2
2388	2020-04-21 00:00:00	POS PURCHASE FT2011240R2Z\\BNKSurveyMonkey Dublin IE5264390000001425	143	0	0	7	2
2391	2020-04-21 00:00:00	POS PURCHASE REFUNDFT20112WVQNL\\BNK SurveyMonkeyDublin IE 5264390000001425	0	143	0	7	2
320	2020-05-06 00:00:00	ATM WITHDRAWAL FT20127KSWM2 CIBHAMAD BR BNA CAIRO EG 154206835264390000000658	2000	0	51804	11	1
383	2020-07-13 00:00:00	ATM WITHDRAWAL FT201958J3G5\\BNKCIB MOBILE EL NARGS CAIRO EG08520057 5264390000000658	1000	0	0	11	1
2422	2020-10-05 00:00:00	POS PURCHASE FT20279Y04D3\\BNKMEZCAL CAIRO CAIRO W 07EEG00096935 5264390000001425	700	0	0	7	2
366	2020-06-30 00:00:00	Account Transfer FT201822GGYS\\BNKREVERSE DD SALARY	12184	0	0	12	1
326	2020-05-14 00:00:00	ATM WITHDRAWAL FT20135YLLXK\\BNKCIB MOBILE EL NARGS CAIRO EG08520057 5264390000000658	2000	0	0	11	1
328	2020-05-17 00:00:00	ATM WITHDRAWAL FT20138CPKWR\\BNKENBD ATM00180 ALEX EG ENBD-ATM5264390000000658	1000	0	0	11	1
331	2020-05-19 00:00:00	ATM DEPOSIT FT20140TZDWY\\BNK CIBMOBILE EL NARGS CAIRO EG 085200575264390000000658 100042182518	0	800	48132	11	1
343	2020-06-07 00:00:00	ATM WITHDRAWAL FT20159NL2Z0\\BNKNBE ATM967 NORTH COAST EG NBE259835264390000000658	1000	0	0	11	1
459	2020-09-07 00:00:00	ATM WITHDRAWAL FT2025108W16\\BNKCIB EL HAMMAD MALL BR CAIRO EG08520974 5264390000000658	1500	0	36582	11	1
2443	2020-10-11 00:00:00	POS PURCHASE FT20285FTYYK\\BNK TBSWATERWAY CAIRO E 07CEG 254761015264390000001425	109	0	2065	7	2
2445	2020-10-12 00:00:00	POS PURCHASE FT202867ZY37\\BNKBESTWAY SUPERMA HURGHADA 25BEG61773128 5264390000001425	312	0	0	7	2
2446	2020-10-12 00:00:00	POS PURCHASE FT2028682PPK\\BNKBESTWAY SUPERMA HURGHADA 25BEG60531050 5264390000001425	36	0	1610	7	2
2447	2020-10-13 00:00:00	POS PURCHASE FT20287M866W\\BNKBESTWAY SUPERMA HURGHADA 25BEG60531050 5264390000001425	105	0	0	7	2
2448	2020-10-13 00:00:00	POS PURCHASE FT2028790S4F\\BNK PTAMARITIME HURGHADA 25BEG 310609505264390000001425	300	0	0	7	2
461	2020-09-13 00:00:00	ATM WITHDRAWAL FT20257TQPVD\\BNKFIBE HO M32700 Cairo EG M327005264390000000658	1000	0	35409	11	1
463	2020-09-16 00:00:00	ATM WITHDRAWAL FT20260RFGNB\\BNKCIB MALLOFARABIA G4 GIZA EG08520192 5264390000000658	1000	0	34009	11	1
470	2020-09-22 00:00:00	ATM WITHDRAWAL FT20266KYFHB\\BNKCIB RAMSIS BR 3 CAIRO EG 085212125264390000000658	1000	0	0	11	1
2476	2021-03-01 00:00:00	POS PURCHASE FT21060WHJ4P\\BNKDIRTYBYRD CAIRO N 07AEG 258383015264390000001425	150	0	0	7	2
472	2020-09-23 00:00:00	ATM WITHDRAWAL FT20267909FR\\BNKENBD ATM24111 CAIRO EG ENBD-ATM5264390000000658	500	0	30442	11	1
474	2020-09-27 00:00:00	ATM WITHDRAWAL FT20271V00B6\\O13CIB MARINA ATIG FX HURGHADA EG18920858 5264390000000658	1000	0	0	11	1
2480	2021-03-02 00:00:00	POS PURCHASE FT21061W46FY\\BNKMOHAMED EL SAGHEIR K CAIRO N 07AEG31827471 5264390000001425	200	0	0	7	2
475	2020-09-27 00:00:00	ATM WITHDRAWAL FT20271M2GDV\\BNKCIB EL HAMMAD MALL BR CAIRO EG08520974 5264390000000658	1000	0	0	11	1
478	2020-09-29 00:00:00	ATM WITHDRAWAL FT20273YJ10X\\BNKNBE ATM272 CAIRO EG NBE259815264390000000658	500	0	26964	11	1
311	2020-04-21 00:00:00	POS PURCHASE FT2011232N9K\\BNKTELECOM EGYPT CAIRO N 07AEG00069795 5264390000000658	967	0	0	8	1
457	2020-09-06 00:00:00	POS PURCHASE FT20250XF35R\\BNKpekingnewcairo pekingnewcairoCAIRON EG 31827600 5264390000000658	434	0	0	1	1
616	2021-02-01 00:00:00	ATM WITHDRAWAL FT2103217SRC\\BNKNBE ATM895 CAIRO EG NBE208505264390000000658	1000	0	43180	11	1
2510	2021-03-10 00:00:00	POS PURCHASE FT21069LSLLG\\BNKPREMIUM MARTGALLERIA 4 6TH OCT01AEG 24950801 5264390000001425	54	0	0	9	2
2515	2021-03-11 00:00:00	POS PURCHASE FT21070WSJHB\\BNKPREMIUM MARTGALLERIA 4 6TH OCT01AEG 24950801 5264390000001425	138	0	0	9	2
2534	2021-03-16 00:00:00	POS PURCHASE FT21075G08G0\\BNKCOFFEE BEAN TEA LEAF CAIRO N 07AEG00103518 5264390000001425	46	0	0	1	2
2509	2021-03-09 00:00:00	POS PURCHASE FT21068D59FK\\BNKLUCILLES MAADI CAIRO S 07EEG31967027 5264390000001425	320	0	7831	7	2
2523	2021-03-14 00:00:00	POS PURCHASE FT21073WKNHP\\BNKBASICS NEW GIZA GIZA EG5264390000001425	135	0	0	7	2
617	2021-02-02 00:00:00	POS PURCHASE FT210339L07J\\BNK UberBV Cairo EG 529566 5264390000000658	67	0	43113	13	1
618	2021-02-04 00:00:00	ATM WITHDRAWAL FT21035FCYBF\\BNKCIB CAREFOUR EL HAMD NEW CAIRO EG08520790 5264390000000658	2000	0	0	11	1
619	2021-02-04 00:00:00	POS PURCHASE FT21035DPW71\\BNK UberBV Cairo EG 529566 5264390000000658	48	0	41064	13	1
369	2020-07-01 00:00:00	DD SALARY FT20183KHS2C\\BNK SalaryFrom GAZELLE TRADE S A E CO	0	19000	0	12	1
622	2021-02-07 00:00:00	POS PURCHASE FT21038X9ZJV\\BNK UberBV Cairo EG 529566 5264390000000658	91	0	0	13	1
626	2021-02-08 00:00:00	ATM WITHDRAWAL FT21039ZX55V\\BNKBDC EL TGAMAA EL KHAME CAIRO EGBDC00000 5264390000000658	1000	0	0	11	1
629	2021-02-08 00:00:00	POS PURCHASE FT21039Y81WJ\\BNKTOTAL FUEL 112617 CAIRO N 07CEG00126187 5264390000000658	425	0	38226	2	1
631	2021-02-10 00:00:00	POS PURCHASE FT21041VQJQZ\\BNKMCDONALD S C01 KHAMAYE 6TH OCT01AEG 00126230 5264390000000658	118	0	37986	1	1
632	2021-02-11 00:00:00	ATM WITHDRAWAL FT21042KVPC6 CIBHAMAD BR BNA CAIRO EG 154206835264390000000658	1400	0	36586	11	1
620	2021-02-07 00:00:00	POS PURCHASE FT2103830R4V\\BNKFUEGO NEW CAIRO CAIRO N 07AEG25679302 5264390000000658	500	0	0	1	1
621	2021-02-07 00:00:00	POS PURCHASE FT2103861B1M\\BNK MANTECHNOLOGY WATAN CAIRO N 07AEG24499001 5264390000000658	200	0	0	10	1
623	2021-02-07 00:00:00	POS PURCHASE FT210388YCNK\\BNKSEOUDI SILVER MALL CAIRO N 07AEG23564912 5264390000000658	155	0	0	9	1
624	2021-02-07 00:00:00	POS PURCHASE FT21038S7XJ8\\BNKTalabat Cairo EG 5268055264390000000658	121	0	0	1	1
2566	2021-03-28 00:00:00	POS PURCHASE FT21087KLV3R\\BNKCOFFEE BEAN TEA LEAF CAIRO N 07AEG00103518 5264390000001425	46	0	0	1	2
2549	2021-03-22 00:00:00	POS PURCHASE FT21081BV4WD\\BNK 900DEGREE CAIRO N 07AEG 001255395264390000001425	200	0	0	7	2
625	2021-02-07 00:00:00	POS PURCHASE FT21038YZHVH\\BNKSUBWAY RESTAURANT NA CAIRO N 07AEG60026101 5264390000000658	105	0	39890	1	1
462	2020-09-15 00:00:00	POS PURCHASE FT20259S9M0P\\BNKCREATE GROUP THE TAP N CAIRO N07AEG 25414401 5264390000000658	400	0	35009	1	1
451	2020-09-01 00:00:00	POS PURCHASE FT20245FQ24H\\BNKCircleKNaRoa CircleKNaRoad CAIRON07AEG 99302893 5264390000000658	52	0	45597	9	1
453	2020-09-03 00:00:00	POS PURCHASE FT20247LP7Y0\\BNKBAZAR AKKASIA ALEX 02GEG 332182315264390000000658	354	0	43243	9	1
458	2020-09-06 00:00:00	POS PURCHASE FT20250ZSB19\\BNKMCDONALD S SHELL 90 CAIRO N 07AEG00079170 5264390000000658	127	0	38082	1	1
460	2020-09-08 00:00:00	POS PURCHASE FT20252WL3S2\\BNKBESTWAYSUPERMA BESTWAYSUPERMARKHURGHAEG 31836192 5264390000000658	173	0	36409	9	1
465	2020-09-17 00:00:00	POS PURCHASE FT20261MFF5Z\\BNKSTARBUCKS NILE CITY CAIRO W 07CEG61945665 5264390000000658	51	0	33637	1	1
466	2020-09-20 00:00:00	POS PURCHASE FT20264KRB7H\\BNKOtlob com Cairo EG 5268055264390000000658	99	0	0	1	1
467	2020-09-20 00:00:00	POS PURCHASE FT20264Q9KNK\\BNKOLIVO CAIRO W 07EEG 000730935264390000000658	497	0	0	1	1
468	2020-09-20 00:00:00	POS PURCHASE FT2026454HB8\\BNKpeking new cairo CAIRO N 07AEG31827600 5264390000000658	688	0	32352	1	1
469	2020-09-21 00:00:00	POS PURCHASE FT202650FV1D\\BNKTELECOM EGYPT MOBILE CAIRO EG5264390000000658	200	0	32152	8	1
471	2020-09-22 00:00:00	POS PURCHASE FT20266HQZ05\\BNKOtlob com Cairo EG 5268055264390000000658	209	0	30942	1	1
413	2020-08-05 00:00:00	POS PURCHASE FT20218RY9SJ\\BNKQAHWA MARASSI MARASSI NORTHCOAMATROUHEG 25600701 5264390000000658	489	0	0	1	1
414	2020-08-05 00:00:00	POS PURCHASE FT20218ZC6YX\\BNKTORTINA MARASI MARASIVILLAGEMATROUH 1EG 243033045264390000000658	325	0	39123	1	1
415	2020-08-06 00:00:00	POS PURCHASE FT20219TY5L8\\BNKTELECOMEGYPTMOBILETELECOMEGYPTMOBILE EG5264390000000658	200	0	38923	8	1
418	2020-08-09 00:00:00	POS PURCHASE FT20222QG14P\\BNK 7MART MATROUH 17AEG 000852875264390000000658	42	0	0	9	1
419	2020-08-09 00:00:00	POS PURCHASE FT20222L3JYV\\BNKOLEVRA SIDIABDELRAH 3SKIESPLCAIRON 0EG 252741015264390000000658	325	0	36556	1	1
420	2020-08-10 00:00:00	POS PURCHASE FT20223P26YT\\BNKCHILLOUT NATRON CAIRO E 07EEG00079205 5264390000000658	90	0	36466	1	1
421	2020-08-11 00:00:00	POS PURCHASE FT20224CRNTQ\\BNK MAXBURGER MATROUH 17AEG 000907545264390000000658	172	0	0	1	1
422	2020-08-11 00:00:00	POS PURCHASE FT202243KZY0\\BNKTOTAL BONJOUR 114701 MATROUH 17AEG00054297 5264390000000658	151	0	36143	2	1
424	2020-08-12 00:00:00	POS PURCHASE FT20225Z6JQ6\\BNKTAQAMARINA TAQAMARINA ALEXANDRIA44776EG 5264390000000658	230	0	32913	2	1
425	2020-08-13 00:00:00	POS PURCHASE FT202264SRVZ\\BNKONTHERUN SIXOCTOB ONTHERUN SIXOCGIZA EG 5264390000000658	41	0	32872	1	1
426	2020-08-16 00:00:00	POS PURCHASE FT20229GW4T7\\BNKSIESTAHOTEL NORTHERN INFRONTOFMATROUHEG 23756902 5264390000000658	486	0	32386	1	1
427	2020-08-18 00:00:00	POS PURCHASE FT20231BQSWB\\BNKTAQAMARINA TAQAMARINA ALEXANDRIA44776EG 5264390000000658	325	0	0	2	1
428	2020-08-18 00:00:00	POS PURCHASE FT202319FD5R\\BNKCircleKChill CircleKChillout6THOCT 0EG 993021375264390000000658	26	0	32035	9	1
505	2020-10-20 00:00:00	POS PURCHASE FT20294M5GFZ\\BNKBASSEM MARKET SUEZ 29DEG 000991175264390000000658	34	0	0	9	1
529	2020-11-11 00:00:00	POS PURCHASE FT203166D5PX\\BNKOtlob com Cairo EG 5268055264390000000658	134	0	28744	1	1
530	2020-11-12 00:00:00	POS PURCHASE FT203172HZHG\\BNKOtlob com Cairo EG 5268055264390000000658	83	0	28661	1	1
531	2020-11-15 00:00:00	POS PURCHASE FT20320KMWHV\\BNKMCDONALD S CAIRO N 07AEG 001166735264390000000658	119	0	28541	1	1
532	2020-11-16 00:00:00	POS PURCHASE FT20321WMD4Z\\BNKTOTAL BONJOUR 109996 CAIRO N 07AEG00081257 5264390000000658	87	0	0	2	1
533	2020-11-16 00:00:00	POS PURCHASE FT20321Y0FQ5\\BNK ONTHE RUN URBAN 5 NE CAIRO EG5264390000000658	214	0	28240	1	1
535	2020-11-18 00:00:00	POS PURCHASE FT20323BCSTS\\BNKMOBIL NEW CAIRO CAIRO EG5264390000000658	410	0	26830	2	1
536	2020-11-19 00:00:00	POS PURCHASE FT20324BSP04\\BNKOtlob com Cairo EG 5268055264390000000658	128	0	26701	1	1
538	2020-11-23 00:00:00	POS PURCHASE FT203289Q9KC\\BNKMCDONALD S MAADI 1 C CAIRO S 07EEG00095939 5264390000000658	316	0	24985	1	1
539	2020-11-24 00:00:00	POS PURCHASE FT20329ZFS9J\\BNK UberBV Cairo EG 529566 5264390000000658	146	0	24838	13	1
541	2020-11-26 00:00:00	POS PURCHASE FT20331C3DFW\\BNK ONTHE RUN URBAN 5 NE CAIRO EG5264390000000658	46	0	22792	1	1
1709	2020-08-09 00:00:00	POS PURCHASE FT20222QVMT1\\BNKMOBILGIZA MOBILGIZA GAMAA GIZA4477665EG 5264390000001425	150	0	0	2	2
1713	2020-08-11 00:00:00	POS PURCHASE FT20224TFJ7G\\BNKMOBIL MARINA MATROUH 17AEG00081411 5264390000001425	43	0	0	2	2
1715	2020-08-12 00:00:00	Internet Transfer To Own ACFT20225NJG9F\\BNK	0	1000	0	18	2
1722	2020-08-17 00:00:00	Internet Transfer To Own ACFT202300XKRC\\BNK	0	1000	0	18	2
1732	2020-08-23 00:00:00	Internet Transfer To Own ACFT20236KGJNH\\BNK	0	600	0	18	2
1705	2020-08-09 00:00:00	POS PURCHASE FT20222H6ZNJ\\BNKOtlob com Cairo EG 5268055264390000001425	197	0	0	1	2
1706	2020-08-09 00:00:00	POS PURCHASE FT202228YPHR\\BNKOtlob com Cairo EG 5268055264390000001425	126	0	0	1	2
1708	2020-08-09 00:00:00	POS PURCHASE FT20222ZQN9R\\BNKOtlob com Cairo EG 5268055264390000001425	124	0	0	1	2
1711	2020-08-10 00:00:00	POS PURCHASE FT202236L509\\BNK UberBV Cairo EG 529566 5264390000001425	58	0	0	13	2
1712	2020-08-10 00:00:00	POS PURCHASE FT20223DZ08X\\BNK UberBV Cairo EG 529566 5264390000001425	16	0	731	13	2
1962	2021-04-13 00:00:00	POS PURCHASE FT21103F1DDB\\BNKTalabat Cairo EG 5268055264390000001425	195	0	950	1	2
1964	2021-04-14 00:00:00	POS PURCHASE FT21104LTGZM\\BNK OVIORESTAURANT 6TH OCT 01AEG 001310055264390000001425	137	0	0	1	2
1980	2021-04-22 00:00:00	POS PURCHASE FT211123V9G5\\BNKSTARBUCKS GALLERIA 4 6TH OCT 01AEG31060713 5264390000001425	54	0	18005	1	2
1992	2021-01-04 00:00:00	POS PURCHASE FT21004JT85W\\BNKONTHE RUN GAMEAT ELDEW GIZA EG5264390000001425	46	0	0	1	2
1995	2021-01-05 00:00:00	ATM WITHDRAWAL FT21005XDMBM\\BNK BKAUDI On theRun Game airo EG01901806 5264390000001425	50	0	0	11	2
1996	2021-01-05 00:00:00	POS PURCHASE FT21005N0H41\\BNK UberBV Cairo EG 529566 5264390000001425	78	0	0	13	2
2112	2020-09-23 00:00:00	POS PURCHASE FT20267C5JH2\\BNKROUSHDY PHARMACIES GIZA 12EEG00045413 5264390000001425	34	0	368	16	2
1720	2020-08-16 00:00:00	POS PURCHASE FT20229ZZ5RQ\\BNK UberBV Cairo EG 529566 5264390000001425	96	0	0	13	2
1724	2020-08-17 00:00:00	POS PURCHASE FT20230J9XLW\\BNKTOTAL BONJOUR 116610 6TH OCT 01AEG00044303 5264390000001425	102	0	0	2	2
1725	2020-08-17 00:00:00	POS PURCHASE FT20230W9YK2\\BNK UberBV Cairo EG 529566 5264390000001425	187	0	1370	13	2
1726	2020-08-18 00:00:00	ATM WITHDRAWAL FT202318H0L7\\BNKCIB GALLERIA 40 CAIRO EG 085209185264390000001425	500	0	0	11	2
2033	2021-01-18 00:00:00	POS PURCHASE FT21018TF805\\BNKOtlob com Cairo EG 5268055264390000001425	193	0	4167	1	2
2123	2020-09-28 00:00:00	POS PURCHASE FT20272PB022\\BNKONTHERUN ELBATALAHMEDE GIZA EG5264390000001425	34	0	0	1	2
2102	2020-09-20 00:00:00	POS PURCHASE FT20264B2MGK\\BNKOtlob com Cairo EG 5268055264390000001425	192	0	0	1	2
2103	2020-09-20 00:00:00	POS PURCHASE FT20264TYNMC\\BNKOtlob com Cairo EG 5268055264390000001425	113	0	2858	1	2
2242	2020-11-11 00:00:00	POS PURCHASE FT203168FHFL\\BNKSTARBUCKS GALLERIA 4 6TH OCT 01AEG02008325 5264390000001425	114	0	4165	1	2
2104	2020-09-21 00:00:00	POS PURCHASE FT202651DG24\\BNK UberBV Cairo EG 529566 5264390000001425	22	0	0	13	2
2105	2020-09-21 00:00:00	POS PURCHASE FT20265VV4WC\\BNKROSSINI RESTAURANT CAIRO E 07CEG31910403 5264390000001425	702	0	0	1	2
2106	2020-09-21 00:00:00	POS PURCHASE FT202650RF3J\\BNKROSSINI RESTAURANT CAIRO E 07CEG31910403 5264390000001425	1000	0	0	1	2
2108	2020-09-22 00:00:00	POS PURCHASE FT20266MDN2M\\BNKOtlob com Cairo EG 5268055264390000001425	124	0	0	1	2
2111	2020-09-23 00:00:00	POS PURCHASE FT20267R99HX\\BNKOtlob com Cairo EG 5268055264390000001425	192	0	0	1	2
2253	2020-11-16 00:00:00	POS PURCHASE FT203214ZZCD\\BNKCircle NA CAIRO E 07EEG 993032155264390000001425	102	0	1985	9	2
2114	2020-09-24 00:00:00	DD SALARY FT20268MW40X\\BNKSeptember Salaries From c i capita	0	13311	0	12	2
2259	2020-11-19 00:00:00	POS PURCHASE FT203242CLSS\\BNKMOBIL GIZA GIZA EG 5264390000001425	100	0	0	2	2
2116	2020-09-24 00:00:00	POS PURCHASE FT20268C4Y0H\\BNKCircle K Na Roa CAIRO N 07AEG99301868 5264390000001425	32	0	0	1	2
2117	2020-09-24 00:00:00	ATM WITHDRAWAL FT20268Y9DM4\\BNKCIB ROUSHDY MOHANDESN CAIRO EG08520956 5264390000001425	1300	0	12768	11	2
2118	2020-09-27 00:00:00	POS PURCHASE FT20271CPVF0\\BNK ONTHE RUN ELBATALAHME CAIRO EG5264390000001425	34	0	0	1	2
2230	2020-11-10 00:00:00	POS PURCHASE FT203157ZTG6\\BNKDRINKIES Sphinx 1 Mohandessin EGT0009031 5264390000001425	414	0	0	1	2
1926	2021-04-04 00:00:00	POS PURCHASE FT210943829F\\BNKMOBIL GIZA GIZA EG 5264390000001425	105	0	0	2	2
2200	2020-11-01 00:00:00	Account Transfer FT20306B7CV1\\BNKPUR OFFUS Gabys Galleria 40\\GabysGalleria	150	0	0	18	2
2381	2020-04-14 00:00:00	POS PURCHASE FT201054PZ34\\BNKmyfawry Maadi EG NBE001005264390000001425	102	0	0	4	2
1803	2021-05-19 00:00:00	POS PURCHASE FT211399M79Z\\BNKDRINKIES SIESTA MATROUH 17EEG31913149 5264390000001425	770	0	6094	1	2
2279	2020-11-29 00:00:00	POS PURCHASE FT203343NW1B\\BNKSTARBUCKS GALLERIA 4 6TH OCT 01AEG31826411 5264390000001425	120	0	10716	1	2
2139	2021-02-02 00:00:00	POS PURCHASE FT21033JLMD8\\BNKCircle K Malha 2 SUEZ 29DEG99302792 5264390000001425	148	0	0	1	2
2143	2021-02-02 00:00:00	POS PURCHASE FT210339P6PG\\BNKSMOKERY EGYPT FOR TOU HURGHADA EG5264390000001425	800	0	6953	1	2
2153	2021-02-07 00:00:00	ATM WITHDRAWAL FT2103809RMZ\\BNKBDC Midtown CAIRO EG BDC000005264390000001425	200	0	0	11	2
2158	2021-02-09 00:00:00	ATM WITHDRAWAL FT210409NZBN\\BNKCIB GALLERIA 40 CAIRO EG 085209185264390000001425	150	0	0	11	2
2298	2020-12-06 00:00:00	POS PURCHASE FT203418D7HR\\BNKSTARBUCKS GALLERIA 4 6TH OCT 01AEG31826411 5264390000001425	158	0	0	1	2
2161	2021-02-11 00:00:00	ATM WITHDRAWAL FT21042K8X39\\BNKCIB GALLERIA 40 CAIRO EG 085209185264390000001425	250	0	0	11	2
2164	2021-02-14 00:00:00	ATM WITHDRAWAL FT21045G51CM\\BNKHSBC AIRO EG 522 5264390000001425	100	0	0	11	2
2165	2021-02-14 00:00:00	ATM WITHDRAWAL FT2104584JKM\\BNKCIB GALLERIA 40 CAIRO EG 085209185264390000001425	100	0	0	11	2
2166	2021-02-14 00:00:00	ATM WITHDRAWAL FT210456P89G\\BNKCIB GALLERIA 40 CAIRO EG 085209185264390000001425	600	0	0	11	2
2168	2021-02-14 00:00:00	POS PURCHASE FT21045QXT9G\\BNK UberBV Cairo EG 529566 5264390000001425	79	0	0	13	2
2169	2021-02-14 00:00:00	POS PURCHASE FT21045TC7CZ\\BNK UberBV Cairo EG 529566 5264390000001425	78	0	0	13	2
2243	2020-11-12 00:00:00	POS PURCHASE FT2031748FKZ\\BNKFRESH FOOD 6TH OCT 01AEG 000853015264390000001425	232	0	0	1	2
2276	2020-11-29 00:00:00	POS PURCHASE FT203346WPYP\\BNKGALLERIA 40 MALL PARK 6TH OCT01AEG 00080797 5264390000001425	25	0	0	4	2
2306	2020-12-07 00:00:00	POS PURCHASE FT20342RXCKX\\BNKALTAMIMI SUPERMARKET CAIRO W 07EEG00095659 5264390000001425	364	0	0	9	2
2533	2021-03-16 00:00:00	POS PURCHASE FT210758VNZ8\\BNKmyfawry Maadi EG NBE001005264390000001425	66	0	0	4	2
2006	2021-01-10 00:00:00	POS PURCHASE FT21010R8WY7\\BNKGabys Galleria 40 032 Others EGT0004850 5264390000001425	242	0	0	1	2
2010	2021-01-10 00:00:00	POS PURCHASE FT2101049RZH\\BNKGabys Galleria 40 032 Others EGT0004850 5264390000001425	165	0	7826	1	2
2013	2021-01-11 00:00:00	POS PURCHASE FT21011VVZHN\\BNKGabys Galleria 40 032 Others EGT0004850 5264390000001425	171	0	7431	1	2
2018	2021-01-13 00:00:00	POS PURCHASE FT210139H2DM\\BNKGabys Galleria 40 Others EGT0004851 5264390000001425	318	0	0	1	2
1648	2020-06-10 00:00:00	POS PURCHASE FT20162CQCLX\\BNKBASSEM MARKET MATROUH 17AEG00084704 5264390000001425	59	0	0	9	2
1649	2020-06-10 00:00:00	POS PURCHASE FT20162L6CJ6\\BNKTOTAL BONJOUR 114702 MATROUH 17AEG00057298 5264390000001425	117	0	0	2	2
1650	2020-06-10 00:00:00	POS PURCHASE FT20162NNKKX\\BNKTOTAL BONJOUR 114702 MATROUH 17AEG00057298 5264390000001425	90	0	0	2	2
2024	2021-01-14 00:00:00	POS PURCHASE FT210146B4X8\\BNK THETAP GALLERIA 40 CAIRO S 07EEG24793707 5264390000001425	743	0	0	1	2
1653	2020-06-10 00:00:00	ATM WITHDRAWAL FT20162RGW6T\\BNK BKAUDI On theRun Game airo EG01901806 5264390000001425	1000	0	4319	11	2
1656	2020-06-14 00:00:00	POS PURCHASE FT201660DZP9\\BNKBASSEM MARKET MATROUH 17AEG00084704 5264390000001425	35	0	0	9	2
1660	2020-06-15 00:00:00	ATM WITHDRAWAL FT201672CZ9T\\BNK BKAUDI Total Marina 5 orth Coast EG01901606 5264390000001425	1700	0	0	2	2
1662	2020-06-15 00:00:00	POS PURCHASE FT201677H6PB\\BNKBASSEM MARKET MATROUH 17AEG00084704 5264390000001425	325	0	0	9	2
1663	2020-06-15 00:00:00	POS PURCHASE FT20167FK7HD\\BNKMCDONALD S DUNES MALL MATROUH17AEG 00041571 5264390000001425	189	0	685	1	2
2030	2021-01-17 00:00:00	POS PURCHASE FT2101772DBZ\\BNK THETAP GALLERIA 40 CAIRO S 07EEG24793709 5264390000001425	350	0	0	1	2
1666	2020-06-22 00:00:00	POS PURCHASE FT20174FTVCG\\BNKOtlob com Cairo EG 5268055264390000001425	182	0	71	1	2
1667	2020-06-24 00:00:00	DD SALARY FT20176S3QDT\\BNK JuneSalaries From c i capital	0	13335	13407	12	2
1651	2020-06-10 00:00:00	POS PURCHASE FT20162NN3ZV\\BNKRADIOSHACK GIZA 12EEG 000295125264390000001425	205	0	0	10	2
1826	2021-05-26 00:00:00	ATM WITHDRAWAL FT211466QQVW\\BNKNBE ATM922 CAIRO EG NBE259825264390000001425	300	0	0	11	2
1831	2021-05-27 00:00:00	POS PURCHASE FT2114721CX7\\BNKTalabat Cairo EG 5268055264390000001425	74	0	0	1	2
1716	2020-08-12 00:00:00	POS PURCHASE FT202254T08L\\BNKmyfawry Maadi EG NBE000815264390000001425	102	0	1289	4	2
2173	2021-02-15 00:00:00	ATM WITHDRAWAL FT21046G3SM8\\BNKCIB GALLERIA 40 CAIRO EG 085209185264390000001425	50	0	0	11	2
2315	2020-12-10 00:00:00	POS PURCHASE FT203453MCXJ\\BNKMOBIL MOHANDESIN ELBAT GIZA EG5264390000001425	100	0	0	2	2
2316	2020-12-10 00:00:00	POS PURCHASE FT203459TD7J\\BNKONTHERUN ELBATALAHMEDE GIZA EG5264390000001425	38	0	0	1	2
2326	2020-12-14 00:00:00	POS PURCHASE FT2034941TT5\\BNKMOBIL ZAYED CITY GIZA EG5264390000001425	105	0	3880	2	2
2334	2020-12-22 00:00:00	POS PURCHASE FT2035797603\\BNKOrange DSL Cairo EG 5550715264390000001425	34	0	0	8	2
2339	2020-12-23 00:00:00	POS PURCHASE FT20358C64S8\\BNKOrange DSL Cairo EG 5550715264390000001425	34	0	0	8	2
2342	2020-12-24 00:00:00	POS PURCHASE FT20359G6KTP\\BNKOrange DSL Cairo EG 5550715264390000001425	34	0	0	8	2
2359	2020-12-30 00:00:00	POS PURCHASE FT203651FZY3\\BNKMOBIL ZAYED CITY GIZA EG5264390000001425	105	0	0	2	2
2366	2020-04-05 00:00:00	Internet Transfer To Own ACFT20096NKW8K\\BNK	0	115	4033	18	2
2035	2021-01-19 00:00:00	POS PURCHASE FT21019R2QXY\\BNKGabys Galleria 40 Others EGT0004851 5264390000001425	495	0	0	1	2
2045	2021-01-21 00:00:00	POS PURCHASE FT21021DP6BG\\BNKGabys Galleria 40 Others EGT0004851 5264390000001425	171	0	0	1	2
2054	2021-01-24 00:00:00	POS PURCHASE FT210249S2MK\\BNKGabys Galleria 40 Others EGT0004851 5264390000001425	444	0	0	1	2
2062	2021-01-27 00:00:00	POS PURCHASE FT2102705XQF\\BNKGabys Galleria 40 Others EGT0004851 5264390000001425	380	0	11781	1	2
2074	2020-09-01 00:00:00	POS PURCHASE FT20245PS54T\\BNKGabysGalleria40 Gaby sGalleria 032OtEG T0004850 5264390000001425	666	0	0	1	2
2077	2020-09-02 00:00:00	POS PURCHASE FT2024697KFX\\BNKGabysGalleria40 Gaby sGalleria 032OtEG T0004850 5264390000001425	319	0	0	1	2
2081	2020-09-03 00:00:00	POS PURCHASE FT20247RZ5SF\\BNKGabysGalleria40 Gaby sGalleria 032OtEG T0004850 5264390000001425	558	0	9071	1	2
1836	2021-05-30 00:00:00	ATM WITHDRAWAL FT21150DCVC3\\BNKHDB ATM4201 CAIRO EG HDB-ATM45264390000001425	100	0	0	11	2
1837	2021-05-30 00:00:00	ATM WITHDRAWAL FT21150SVM0R\\BNKCIB SODIC BR BNA OCTOBER EG08520629 5264390000001425	1000	0	0	11	2
2174	2021-02-15 00:00:00	ATM WITHDRAWAL FT21046RNB9N\\BNKCIB GALLERIA 40 CAIRO EG 085209185264390000001425	50	0	2027	11	2
2180	2021-02-17 00:00:00	ATM WITHDRAWAL FT21048L5D7X\\BNKCIB GALLERIA 40 CAIRO EG 085209185264390000001425	450	0	0	11	2
2181	2021-02-17 00:00:00	ATM WITHDRAWAL FT210488TWB7\\BNKNBE ATM922 CAIRO EG NBE259825264390000001425	50	0	0	11	2
2190	2021-02-23 00:00:00	POS PURCHASE FT21054WHDCK\\BNK ONTHE RUN ELBATALAHME CAIRO EG5264390000001425	94	0	208	1	2
2191	2021-02-24 00:00:00	DD SALARY FT210554XV60\\BNKFebruary Salaries From c i capital	0	129596	0	12	2
2194	2021-02-28 00:00:00	ATM WITHDRAWAL FT21059HWY1M\\BNKLAKE VIEW COMPOUND NEW 0TH STREETEG CAEO281 5264390000001425	200	0	0	11	2
2197	2020-11-01 00:00:00	ATM WITHDRAWAL FT203061MN8B\\BNKCIB SODIC BR OCTOBER EG 085206285264390000001425	400	0	0	11	2
2198	2020-11-01 00:00:00	ATM WITHDRAWAL FT203068JXBJ\\BNKUNB IZA EG 104320015264390000001425	500	0	0	11	2
2199	2020-11-01 00:00:00	ATM WITHDRAWAL FT20306PSX60\\BNKBDC EL TGAMAA EL KHAME CAIRO EGBDC00000 5264390000001425	500	0	0	11	2
2290	2020-12-03 00:00:00	POS PURCHASE FT20338G9HKB\\BNK FOODDISTRICT 6TH OCT 01AEG 000945005264390000001425	90	0	0	1	2
2201	2020-11-01 00:00:00	POS PURCHASE FT20306CDNW5\\BNK UberBV Cairo EG 529566 5264390000001425	21	0	0	13	2
2202	2020-11-01 00:00:00	POS PURCHASE FT2030646QHL\\BNK UberBV Cairo EG 529566 5264390000001425	105	0	0	13	2
2207	2020-11-02 00:00:00	POS PURCHASE FT20307JLB68\\BNKOtlob com Cairo EG 5268055264390000001425	193	0	10086	1	2
2208	2020-11-03 00:00:00	POS PURCHASE FT20308GSFPQ\\BNKOtlob com Cairo EG 5268055264390000001425	179	0	0	1	2
2214	2020-11-05 00:00:00	POS PURCHASE FT20310GN087\\BNK UberBV Cairo EG 529566 5264390000001425	108	0	0	13	2
2216	2020-11-08 00:00:00	ATM WITHDRAWAL FT2031395V1W\\BNKHSBC AIRO EG 429 5264390000001425	500	0	0	11	2
2217	2020-11-08 00:00:00	Account Transfer FT203132NJ19\\BNKPUR OFFUS TOTAL FUEL 502894 \\90 ST	155	0	0	2	2
2219	2020-11-08 00:00:00	POS PURCHASE FT20313FC16Z\\BNK UberBV Cairo EG 529566 5264390000001425	22	0	0	13	2
2144	2021-02-03 00:00:00	ATM WITHDRAWAL FT2103465T19\\BNKCIB GALLERIA 40 CAIRO EG 085209185264390000001425	300	0	0	11	2
1777	2021-05-10 00:00:00	POS PURCHASE FT21130081KT\\BNKmyfawry Maadi EG NBE001005264390000001425	288	0	0	4	2
2353	2020-12-29 00:00:00	POS PURCHASE FT20364277TX\\BNK WEACCEPT CAIRO EG 5264390000001425	85	0	0	17	2
1759	2021-05-05 00:00:00	POS PURCHASE FT21125LPFDY\\BNKTalabat Cairo EG 5268055264390000001425	54	0	0	1	2
1761	2021-05-05 00:00:00	POS PURCHASE FT211251DWZZ\\BNKTalabat Cairo EG 5268055264390000001425	73	0	0	1	2
1762	2021-05-05 00:00:00	POS PURCHASE FT211256993S\\BNK UberBV Cairo EG 529566 5264390000001425	22	0	15048	13	2
1763	2021-05-06 00:00:00	POS PURCHASE FT21126QGMSG\\BNKTalabat Cairo EG 5268055264390000001425	64	0	0	1	2
1765	2021-05-06 00:00:00	POS PURCHASE FT211261Z590\\BNK UberBV Cairo EG 529566 5264390000001425	39	0	0	13	2
1773	2021-05-09 00:00:00	POS PURCHASE FT21129PG20L\\BNKSTARBUCKS GALLERIA 4 6TH OCT 01AEG31060713 5264390000001425	62	0	13989	1	2
1766	2021-05-06 00:00:00	POS PURCHASE FT2112608G6L\\BNK UberBV Cairo EG 529566 5264390000001425	27	0	0	13	2
1768	2021-05-06 00:00:00	POS PURCHASE FT211266RFJB\\BNK UberBV Cairo EG 529566 5264390000001425	21	0	0	13	2
1770	2021-05-06 00:00:00	POS PURCHASE FT211261J0XB\\BNK UberBV Cairo EG 529566 5264390000001425	19	0	14336	13	2
1778	2021-05-10 00:00:00	POS PURCHASE FT211301QF96\\BNKSTARBUCKS GALLERIA 4 6TH OCT 01AEG31060713 5264390000001425	47	0	13040	1	2
2093	2020-09-09 00:00:00	POS PURCHASE FT202535YKYR\\BNKGabysGalleria40 Gaby sGalleria 032OtEG T0004850 5264390000001425	285	0	0	1	2
2100	2020-09-16 00:00:00	POS PURCHASE FT2026004DT9\\BNKGabys Galleria 40 032 Others EGT0004850 5264390000001425	102	0	3264	1	2
2110	2020-09-22 00:00:00	POS PURCHASE FT20266NZ34D\\BNKGabys Galleria 40 032 Others EGT0004850 5264390000001425	127	0	594	1	2
1819	2021-05-23 00:00:00	POS PURCHASE FT21143SC4BR\\BNK ELHATY FOR RESTURANTS 6TH OCT 01AEG00131501 5264390000001425	89	0	0	1	2
1668	2020-06-28 00:00:00	ATM WITHDRAWAL FT20180QSZJD\\BNKNBE ATM866 NORTHCOAST EG NBE259835264390000001425	300	0	0	11	2
1846	2021-05-30 00:00:00	POS PURCHASE FT21150SBPR2\\BNK UberBV Cairo EG 529566 5264390000001425	62	0	8352	13	2
1849	2021-05-31 00:00:00	POS PURCHASE FT21151RH9NQ\\BNKCIRCLE K STRIP 6TH OCT 01AEG31827370 5264390000001425	96	0	7919	1	2
1851	2020-07-01 00:00:00	POS PURCHASE FT20183SVTVR\\BNKCircleKChill CircleKChillout6THOCT 0EG 993093785264390000001425	53	0	0	9	2
2138	2021-02-02 00:00:00	POS PURCHASE FT210330BP7K\\BNKGabys Galleria 40 Others EGT0004851 5264390000001425	353	0	0	1	2
1899	2020-07-19 00:00:00	POS PURCHASE FT20201HPMK8\\BNKMOBILMARINA MOBILMARINAMARSAMATROH 44EG 5264390000001425	108	0	0	2	2
1852	2020-07-01 00:00:00	POS PURCHASE FT20183FGY3M\\BNKOtlob com Cairo EG 5268055264390000001425	53	0	0	1	2
1853	2020-07-01 00:00:00	POS PURCHASE FT20183Z1HN9\\BNKOtlob com Cairo EG 5268055264390000001425	236	0	0	1	2
1854	2020-07-01 00:00:00	POS PURCHASE FT20183JX3WT\\BNKOtlob com Cairo EG 5268055264390000001425	216	0	0	1	2
1856	2020-07-01 00:00:00	POS PURCHASE FT20183Y7DDZ\\BNKOtlob com Cairo EG 5268055264390000001425	112	0	0	1	2
1723	2020-08-17 00:00:00	DD SALARY FT20230L68BH\\BNK JulySalaries From c i capital	0	134	0	12	2
2204	2020-11-02 00:00:00	POS PURCHASE FT20307B5PLG\\BNKCIRCLE K STRIP MALL GIZA EG5264390000001425	108	0	0	1	2
2223	2020-11-09 00:00:00	POS PURCHASE FT20314SXT5G\\BNK UberBV Cairo EG 529566 5264390000001425	20	0	0	13	2
2224	2020-11-09 00:00:00	POS PURCHASE FT203141YKNC\\BNKOtlob com Cairo EG 5268055264390000001425	65	0	0	1	2
2225	2020-11-09 00:00:00	POS PURCHASE FT20314RZN6Y\\BNKOtlob com Cairo EG 5268055264390000001425	143	0	0	1	2
2227	2020-11-09 00:00:00	ATM WITHDRAWAL FT2031441HV4\\BNKCIB GALLERIA 40 CAIRO EG 085209185264390000001425	450	0	6352	11	2
2228	2020-11-10 00:00:00	POS PURCHASE FT20315TSV3B\\BNKOtlob com Cairo EG 5268055264390000001425	160	0	0	1	2
2229	2020-11-10 00:00:00	POS PURCHASE FT20315L6R96\\BNK ONTHE RUN EL MOHAND GIZA EG5264390000001425	88	0	0	1	2
2232	2020-11-10 00:00:00	POS PURCHASE FT20315TBF45\\BNK UberBV Cairo EG 529566 5264390000001425	24	0	0	13	2
2234	2020-11-10 00:00:00	POS PURCHASE FT203159LDRY\\BNK UberBV Cairo EG 529566 5264390000001425	87	0	0	13	2
1739	2020-08-24 00:00:00	DD SALARY FT20237CYBH5\\BNK AugustSalaries From c i capital	0	13311	13538	12	2
2238	2020-11-11 00:00:00	ATM WITHDRAWAL FT20316XRWR8\\BNKUNB IZA EG 100090185264390000001425	50	0	0	11	2
2239	2020-11-11 00:00:00	POS PURCHASE FT20316H7J98\\BNKCIRCLE K STRIP MALL GIZA EG5264390000001425	58	0	0	1	2
2240	2020-11-11 00:00:00	POS PURCHASE FT20316MJC5T\\BNKMCDONALD S CHILLOUT 1 6TH OCT01AEG 00079227 5264390000001425	317	0	0	1	2
2241	2020-11-11 00:00:00	POS PURCHASE FT203162PN01\\BNK UberBV Cairo EG 529566 5264390000001425	77	0	0	13	2
2244	2020-11-12 00:00:00	POS PURCHASE FT20317PSHMP\\BNKCHILLOUT ALEX R2 6TH OCT 01AEG00097183 5264390000001425	155	0	0	1	2
2246	2020-11-15 00:00:00	ATM WITHDRAWAL FT20320F77SP\\BNK BMCHILLOUT GAS STATIO 1CAIRO EGBM017800 5264390000001425	500	0	0	11	2
2247	2020-11-15 00:00:00	POS PURCHASE FT20320N0BR7\\BNK UberBV Cairo EG 529566 5264390000001425	130	0	0	13	2
2250	2020-11-16 00:00:00	POS PURCHASE FT203217DV36\\BNKOLIVO CAIRO W 07EEG 000730935264390000001425	600	0	0	1	2
2251	2020-11-16 00:00:00	POS PURCHASE FT20321DX9BJ\\BNKOLIVO CAIRO W 07EEG 000730935264390000001425	100	0	0	1	2
2156	2021-02-07 00:00:00	POS PURCHASE FT210387C76X\\BNKGabys Galleria 40 1 Others EGT0004851 5264390000001425	182	0	5095	1	2
2160	2021-02-09 00:00:00	POS PURCHASE FT21040K8Y4Y\\BNKGabys Galleria 40 1 Others EGT0004851 5264390000001425	478	0	4188	1	2
2172	2021-02-14 00:00:00	POS PURCHASE FT21045MQSL1\\BNKGabys Galleria 40 1 Others EGT0004851 5264390000001425	420	0	2127	1	2
2176	2021-02-16 00:00:00	POS PURCHASE FT21047Z92F0\\BNKGabys Galleria 40 1 Others EGT0004851 5264390000001425	518	0	0	1	2
2182	2021-02-17 00:00:00	POS PURCHASE FT21048CNPSR\\BNKGabys Galleria 40 1 Others EGT0004851 5264390000001425	153	0	0	1	2
1830	2021-05-26 00:00:00	POS PURCHASE FT211462THBL\\BNKACCEPT PAYMOB CAIRO EG5264390000001425	74	0	18347	17	2
1833	2021-05-27 00:00:00	POS PURCHASE FT21147NDPYP\\BNKACCEPT PAYMOB CAIRO EG5264390000001425	74	0	0	17	2
1840	2021-05-30 00:00:00	POS PURCHASE FT21150T8C74\\BNKGALLERIA 40 MALL PARK 6TH OCT01AEG 00080796 5264390000001425	85	0	0	4	2
1841	2021-05-30 00:00:00	POS PURCHASE FT211504QJ6J\\BNKASMAK GIZA 12EEG 001258345264390000001425	780	0	0	1	2
1845	2021-05-30 00:00:00	POS PURCHASE FT21150486BY\\BNKACCEPT PAYMOB CAIRO EG5264390000001425	147	0	0	17	2
1669	2020-06-28 00:00:00	ATM WITHDRAWAL FT20180K0NGR\\BNKNBE ATM866 NORTHCOAST EG NBE259835264390000001425	300	0	12807	11	2
1670	2020-06-29 00:00:00	ATM WITHDRAWAL FT20181846TV\\BNKNBE ATM339 GIZA EG NBE259805264390000001425	100	0	0	11	2
1671	2020-06-29 00:00:00	ATM WITHDRAWAL FT20181KD00H\\BNKNBE ATM339 GIZA EG NBE259805264390000001425	100	0	0	11	2
2255	2020-11-17 00:00:00	POS PURCHASE FT20322PQ4M1\\BNK UberBV Cairo EG 529566 5264390000001425	84	0	0	13	2
2256	2020-11-17 00:00:00	POS PURCHASE FT20322B177P\\BNKOtlob com Cairo EG 5268055264390000001425	118	0	0	1	2
2257	2020-11-17 00:00:00	POS PURCHASE FT203224LKKH\\BNKOtlob com Cairo EG 5268055264390000001425	186	0	1557	1	2
2258	2020-11-18 00:00:00	POS PURCHASE FT203233WS5T\\BNK UberBV Cairo EG 529566 5264390000001425	90	0	1466	13	2
2260	2020-11-19 00:00:00	ATM WITHDRAWAL FT20324N8MBT\\BNK BMBASICS NEW GIZA GIZA EG BM0188005264390000001425	500	0	866	11	2
2262	2020-11-22 00:00:00	POS PURCHASE FT20327P2D76\\BNK UberBV Cairo EG 529566 5264390000001425	129	0	0	13	2
2263	2020-11-22 00:00:00	POS PURCHASE FT20327XS6DG\\BNKONTHE RUN GAMEAT ELDEW GIZA EG5264390000001425	80	0	0	1	2
2264	2020-11-22 00:00:00	POS PURCHASE FT20327Q5L6X\\BNK UberBV Cairo EG 529566 5264390000001425	84	0	872	13	2
2266	2020-11-23 00:00:00	POS PURCHASE FT203280Q51Y\\BNKOtlob com Cairo EG 5268055264390000001425	208	0	0	1	2
1771	2021-05-09 00:00:00	ATM WITHDRAWAL FT211297451P\\BNKBDC Midtown CAIRO EG BDC000005264390000001425	200	0	0	11	2
2421	2020-10-05 00:00:00	POS PURCHASE FT202790F1BS\\BNKCOSTA NADI ZAMALEK 607 CAIRO W07EEG 00072496 5264390000001425	11	0	0	1	2
1774	2021-05-10 00:00:00	ATM WITHDRAWAL FT211302FZ7V\\BNKCIB GALLERIA 40 CAIRO EG 085209185264390000001425	500	0	0	11	2
1775	2021-05-10 00:00:00	POS PURCHASE FT21130ZYTRX\\BNKONTHE RUN GAMEAT ELDEW GIZA EG5264390000001425	48	0	0	1	2
1783	2021-05-11 00:00:00	POS PURCHASE FT211319Z5GD\\BNKSTARBUCKS GALLERIA 4 6TH OCT 01AEG31060713 5264390000001425	100	0	0	1	2
1776	2021-05-10 00:00:00	POS PURCHASE FT21130SJ0CS\\BNK UberBV Cairo EG 529566 5264390000001425	65	0	0	13	2
1779	2021-05-11 00:00:00	ATM WITHDRAWAL FT21131YQ879\\BNKUNB IZA EG 100090185264390000001425	200	0	0	11	2
1781	2021-05-11 00:00:00	POS PURCHASE FT211316LDWY\\BNK UberBV Cairo EG 529566 5264390000001425	79	0	0	13	2
2451	2020-10-19 00:00:00	Internet Transfer To Own ACFT202931RQZV\\BNK	0	250	0	18	2
2267	2020-11-23 00:00:00	POS PURCHASE FT203280SCWS\\BNKTOTAL BONJOUR 105498 6TH OCT 01AEG00086103 5264390000001425	102	0	490	2	2
2268	2020-11-24 00:00:00	DD SALARY FT203298XM6F\\BNKNovember Salaries From c i capital	0	12761	0	12	2
2269	2020-11-24 00:00:00	POS PURCHASE FT20329H6MCB\\BNK UberBV Cairo EG 529566 5264390000001425	86	0	0	13	2
2398	2020-04-22 00:00:00	Internet Transfer To Own ACFT20113NSQYJ\\BNK	8000	0	0	18	2
2412	2020-04-30 00:00:00	POS PURCHASE FT201216036T\\BNKONTHERUN BESIDEHYPE ONTHERUNBESIDEH GEG 5264390000001425	216	0	4493	1	2
1673	2020-06-29 00:00:00	ATM WITHDRAWAL FT20181QZPGG\\BNK BKAUDI On theRun Game airo EG01901806 5264390000001425	200	0	0	11	2
1866	2020-07-05 00:00:00	POS PURCHASE FT201871B52N\\BNKDREAMS MARKET ALEX 02CEG 980619285264390000001425	82	0	7224	9	2
1867	2020-07-06 00:00:00	POS PURCHASE FT20188C4ZMJ\\BNKMIDOMARKET MIDOMARKET ALEXANDRIA44776EG 5264390000001425	261	0	0	9	2
1674	2020-06-29 00:00:00	ATM WITHDRAWAL FT20181FJZTL\\BNKCIB SODIC BR BNA OCTOBER EG08520629 5264390000001425	150	0	11672	11	2
1675	2020-06-30 00:00:00	ATM WITHDRAWAL FT20182VMY4D\\BNKCHILL OUT CAIRO ALEX D IZA EGAAIBN321 5264390000001425	600	0	0	11	2
1676	2020-06-30 00:00:00	POS PURCHASE FT2018223CDD\\BNKBASSEM MARKET MATROUH 17AEG00086200 5264390000001425	57	0	0	9	2
1859	2020-07-05 00:00:00	ATM WITHDRAWAL FT20187RFTKT\\BNKNBE ATM866 NORTHCOAST EG NBE259835264390000001425	300	0	0	11	2
1897	2020-07-19 00:00:00	POS PURCHASE FT20201N1H3M\\BNKONTHERUN BESIDEHYPE ONTHERUNBESIDEH GEG 5264390000001425	25	0	0	1	2
1860	2020-07-05 00:00:00	ATM WITHDRAWAL FT201874TC8P\\BNKALXB LEX EG BOAN7665264390000001425	500	0	0	11	2
1933	2021-04-06 00:00:00	POS PURCHASE FT21096ZS4X1\\BNKMOBIL ZAYED CITY GIZA EG5264390000001425	205	0	0	2	2
2414	2020-10-04 00:00:00	POS PURCHASE FT202785WP5D\\BNKSTARBUCKS GALLERIA 4 6TH OCT 01AEG31966801 5264390000001425	57	0	0	1	2
2270	2020-11-24 00:00:00	POS PURCHASE FT20329KJQD5\\BNKOtlob com Cairo EG 5268055264390000001425	174	0	0	1	2
2272	2020-11-25 00:00:00	ATM WITHDRAWAL FT20330BL0JS\\BNKCIB GALLERIA 40 CAIRO EG 085209185264390000001425	450	0	0	11	2
2273	2020-11-25 00:00:00	POS PURCHASE FT203307GZ24\\BNK UberBV Cairo EG 529566 5264390000001425	84	0	12356	13	2
2274	2020-11-29 00:00:00	ATM WITHDRAWAL FT20334YCZR9\\BNKCIB SODIC BR OCTOBER EG 085206285264390000001425	1000	0	0	11	2
2275	2020-11-29 00:00:00	ATM WITHDRAWAL FT20334MJH6N\\BNKAUB AIRO EG ATM31645264390000001425	300	0	0	11	2
2277	2020-11-29 00:00:00	POS PURCHASE FT20334NKN2R\\BNK UberBV Cairo EG 529566 5264390000001425	84	0	0	13	2
2278	2020-11-29 00:00:00	POS PURCHASE FT20334D9M24\\BNKTOTAL BONJOUR 112617 CAIRO N 07AEG00082838 5264390000001425	110	0	0	2	2
2281	2020-11-30 00:00:00	POS PURCHASE FT20335KNNL3\\BNKOtlob com Cairo EG 5268055264390000001425	242	0	0	1	2
2284	2020-12-01 00:00:00	POS PURCHASE FT20336NQ1J8\\BNKCIRCLE CHILLOUT 3 6TH OCT 01AEG99302854 5264390000001425	118	0	0	1	2
2285	2020-12-01 00:00:00	POS PURCHASE FT20336L0SVS\\BNKCHILLOUT ALEX R2 6TH OCT 01AEG00097182 5264390000001425	150	0	0	1	2
2289	2020-12-03 00:00:00	ATM WITHDRAWAL FT20338Z367S\\BNKUNB IZA EG 100090185264390000001425	300	0	0	11	2
2437	2020-10-11 00:00:00	POS PURCHASE FT20285PYY7P\\BNKMOBIL GIZA GIZA EG 5264390000001425	180	0	0	2	2
2449	2020-10-13 00:00:00	POS PURCHASE FT202875QD3C\\BNKMOBIL MOHANDESIN ELBAT GIZA EG5264390000001425	150	0	0	2	2
2431	2020-10-07 00:00:00	POS PURCHASE FT20281VG60N\\BNKSTARBUCKS GALLERIA 4 6TH OCT 01AEG31966801 5264390000001425	59	0	0	1	2
2465	2020-10-25 00:00:00	Internet Transfer To Own ACFT20299471T3\\BNK	0	200	0	18	2
2469	2020-10-27 00:00:00	POS PURCHASE FT20301T69BS\\BNKMOBIL GIZA GIZA EG 5264390000001425	155	0	13044	2	2
2436	2020-10-11 00:00:00	POS PURCHASE FT20285SN8D3\\BNKSTARBUCKS GALLERIA 4 6TH OCT 01AEG31966801 5264390000001425	59	0	0	1	2
2293	2020-12-06 00:00:00	ATM WITHDRAWAL FT20341F5C0C\\BNK BKAUDI Mobil 90 airo EG 019025085264390000001425	200	0	0	11	2
2294	2020-12-06 00:00:00	ATM WITHDRAWAL FT203414BTZC\\BNKLAKE VIEW COMPOUND NEW 0TH STREETEG CAEO281 5264390000001425	200	0	0	11	2
2440	2020-10-11 00:00:00	POS PURCHASE FT20285L5BK2\\BNKONTHERUN ELBATALAHMEDE GIZA EG5264390000001425	115	0	0	1	2
2297	2020-12-06 00:00:00	POS PURCHASE FT20341QKWX8\\BNK UberBV Cairo EG 529566 5264390000001425	79	0	0	13	2
2300	2020-12-06 00:00:00	POS PURCHASE FT20341KMTMF\\BNK UberBV Cairo EG 529566 5264390000001425	21	0	0	13	2
2301	2020-12-06 00:00:00	POS PURCHASE FT20341MWXJN\\BNK UberBV Cairo EG 529566 5264390000001425	82	0	0	13	2
2271	2020-11-24 00:00:00	POS PURCHASE FT20329YVV2B\\BNKGabys Galleria 40 Others EGT0004851 5264390000001425	100	0	12890	1	2
2287	2020-12-01 00:00:00	POS PURCHASE FT20336V6HW5\\BNKGabys Galleria 40 Others EGT0004851 5264390000001425	141	0	0	1	2
2292	2020-12-03 00:00:00	POS PURCHASE FT203384J07K\\BNK THETAP GALLERIA 40 CAIRO S 07EEG24793708 5264390000001425	500	0	9375	1	2
1945	2021-04-08 00:00:00	POS PURCHASE FT210989NCJG\\BNKMOBIL STATION ELSHEIKH 6TH OCT01AEG 98063374 5264390000001425	420	0	3833	2	2
1880	2020-07-12 00:00:00	POS PURCHASE FT20194KK21C\\BNKMIDOMARKET MIDOMARKET ALEXANDRIA44776EG 5264390000001425	232	0	4952	9	2
1881	2020-07-13 00:00:00	POS PURCHASE FT20195MNP30\\BNKBAZAR AMWAJ ALEX 02AEG 155697685264390000001425	372	0	4580	3	2
1885	2020-07-14 00:00:00	POS PURCHASE FT20196VXVRD\\BNKMIDOMARKET MIDOMARKET ALEXANDRIA44776EG 5264390000001425	57	0	0	9	2
1677	2020-06-30 00:00:00	POS PURCHASE FT201822VHVM\\BNKTOTAL BONJOUR 114701 MATROUH 17AEG00057186 5264390000001425	305	0	0	2	2
1678	2020-06-30 00:00:00	POS PURCHASE FT20182XBQ1R\\BNKOtlob com Cairo EG 5268055264390000001425	198	0	10509	1	2
2307	2020-12-07 00:00:00	POS PURCHASE FT20342QK3KM\\BNKCIRCLE K CHILL OUT 1 6TH OCT 01AEG61326614 5264390000001425	95	0	5933	1	2
2310	2020-12-08 00:00:00	POS PURCHASE FT20343YK3QB\\BNKTOTAL BONJOUR 105498 6TH OCT 01AEG00086103 5264390000001425	20	0	0	2	2
2432	2020-10-07 00:00:00	POS PURCHASE FT2028145R3C\\BNKMyfawry Maadi EG NBE000605264390000001425	290	0	5008	4	2
2460	2020-10-20 00:00:00	POS PURCHASE FT20294WD7XQ\\BNK ELNILE HOTEL CAIRO EG5264390000001425	100	0	0	14	2
2050	2021-01-24 00:00:00	ATM WITHDRAWAL FT21024HBX2C\\BNKAUB AIRO EG ATM31745264390000001425	100	0	0	11	2
1782	2021-05-11 00:00:00	POS PURCHASE FT211314BQ14\\BNK UberBV Cairo EG 529566 5264390000001425	12	0	0	13	2
1784	2021-05-11 00:00:00	POS PURCHASE REFUNDFT21131TY55B\\BNK Uber BV Cairo EG529566 5264390000001425	0	12	0	13	2
1785	2021-05-11 00:00:00	POS PURCHASE FT211315L6ZL\\BNKTalabat Cairo EG 5268055264390000001425	128	0	0	1	2
2483	2021-03-03 00:00:00	POS PURCHASE FT21062DGWF5\\BNKGALLERIA 40 MALL PARK 6TH OCT01AEG 00080796 5264390000001425	90	0	0	4	2
1786	2021-05-11 00:00:00	POS PURCHASE FT211312P6SR\\BNKTalabat Cairo EG 5268055264390000001425	297	0	0	1	2
1788	2021-05-11 00:00:00	POS PURCHASE FT211310QVBD\\BNKTalabat Cairo EG 5268055264390000001425	206	0	0	1	2
2296	2020-12-06 00:00:00	POS PURCHASE FT20341KD6RS\\BNK ONTHE RUN BESIDE HYPE GIZA EG5264390000001425	80	0	0	1	2
2313	2020-12-09 00:00:00	POS PURCHASE FT203444BMXX\\BNK UberBV Cairo EG 529566 5264390000001425	87	0	0	13	2
2314	2020-12-09 00:00:00	ATM WITHDRAWAL FT203447LH6M\\BNKJUHAYNA SQ SHEIKH ZAY OF OCTOBEREG AAIBN995 5264390000001425	450	0	5060	11	2
2317	2020-12-10 00:00:00	POS PURCHASE FT20345W85SZ\\BNKTOTAL BONJOUR 502894 CAIRO N 07AEG00081206 5264390000001425	151	0	4771	2	2
2318	2020-12-13 00:00:00	ATM WITHDRAWAL FT20348PD39J\\BNKAUB AIRO EG ATM31645264390000001425	300	0	0	11	2
2319	2020-12-13 00:00:00	POS PURCHASE FT20348KQML5\\BNKCHILLOUT MOSHIR 2 CAIRO E 07EEG00092375 5264390000001425	105	0	0	1	2
2321	2020-12-13 00:00:00	POS PURCHASE FT20348MKNGQ\\BNKOtlob com Cairo EG 5268055264390000001425	91	0	0	1	2
2322	2020-12-13 00:00:00	POS PURCHASE FT20348YBZBB\\BNKCircle K Na Roa CAIRO N 07AEG99301733 5264390000001425	78	0	0	1	2
2323	2020-12-13 00:00:00	POS PURCHASE FT20348N1F9G\\BNKOtlob com Cairo EG 5268055264390000001425	38	0	4122	1	2
2324	2020-12-14 00:00:00	POS PURCHASE FT20349SCJVC\\BNK UberBV Cairo EG 529566 5264390000001425	29	0	0	13	2
2325	2020-12-14 00:00:00	POS PURCHASE FT20349PGM49\\BNK UberBV Cairo EG 529566 5264390000001425	107	0	0	13	2
2328	2020-12-15 00:00:00	POS PURCHASE FT20350H37TH\\BNKOtlob com Cairo EG 5268055264390000001425	208	0	0	1	2
2329	2020-12-15 00:00:00	POS PURCHASE FT20350B7914\\BNKOtlob com Cairo EG 5268055264390000001425	231	0	3367	1	2
2330	2020-12-16 00:00:00	POS PURCHASE FT20351L84S5\\BNKOtlob com Cairo EG 5268055264390000001425	1	0	3366	1	2
2332	2020-12-21 00:00:00	POS PURCHASE FT2035629L8Q\\BNKOtlob com Cairo EG 5268055264390000001425	336	0	2959	1	2
2333	2020-12-22 00:00:00	POS PURCHASE FT20357Y7ZD0\\BNKOtlob com Cairo EG 5268055264390000001425	233	0	0	1	2
1680	2020-08-04 00:00:00	ATM WITHDRAWAL FT20217G6S5C\\BNK BMTOTAL MARINA5 ALEX EG BM0401005264390000001425	1600	0	0	2	2
2356	2020-12-29 00:00:00	POS PURCHASE FT20364YGHBJ\\BNKGabys Galleria 40 032 Others EGT0004850 5264390000001425	300	0	0	1	2
2357	2020-12-29 00:00:00	POS PURCHASE FT2036496LWH\\BNK THETAP GALLERIA 40 CAIRO S 07EEG24793708 5264390000001425	300	0	12524	1	2
1681	2020-08-04 00:00:00	POS PURCHASE FT20217T3L1N\\BNKOtlob com Cairo EG 5268055264390000001425	116	0	0	1	2
1682	2020-08-04 00:00:00	POS PURCHASE FT20217788SG\\BNKOtlob com Cairo EG 5268055264390000001425	202	0	0	1	2
1685	2020-08-04 00:00:00	POS PURCHASE FT20217HQLDC\\BNK UberBV Cairo EG 529566 5264390000001425	130	0	0	13	2
1687	2020-08-05 00:00:00	POS PURCHASE FT20218VF3NT\\BNKOtlob com Cairo EG 5268055264390000001425	150	0	0	1	2
1690	2020-08-05 00:00:00	POS PURCHASE FT202187STZT\\BNKTOTAL BONJOUR 114702 MATROUH 17AEG00087478 5264390000001425	615	0	0	2	2
1861	2020-07-05 00:00:00	ATM WITHDRAWAL FT20187XX9KY\\BNKBDC EL HMAM MARSMATROUH EGBDC00000 5264390000001425	1000	0	0	11	2
1862	2020-07-05 00:00:00	POS PURCHASE FT20187THCJ6\\BNKOtlob com Cairo EG 5268055264390000001425	53	0	0	1	2
1863	2020-07-05 00:00:00	POS PURCHASE FT20187FNXMN\\BNKOtlob com Cairo EG 5268055264390000001425	112	0	0	1	2
1864	2020-07-05 00:00:00	POS PURCHASE FT20187S5KFS\\BNKBASSEM MARKET MATROUH 17AEG00086200 5264390000001425	108	0	0	9	2
1913	2020-07-29 00:00:00	POS PURCHASE FT20211SQ13D\\BNKCOSTA MARINA 5 60768 MATROUH 17AEG00090216 5264390000001425	165	0	0	1	2
1915	2020-07-29 00:00:00	POS PURCHASE FT20211P25PL\\BNKBAZAR FESAL 2 GIZA 12EEG 318275215264390000001425	772	0	11014	3	2
2335	2020-12-22 00:00:00	POS PURCHASE FT20357QSJYR\\BNKOtlob com Cairo EG 5268055264390000001425	61	0	0	1	2
2336	2020-12-22 00:00:00	POS PURCHASE FT20357PQYWB\\BNKOtlob com Cairo EG 5268055264390000001425	190	0	2439	1	2
2337	2020-12-23 00:00:00	DD SALARY FT20358YJ8J4\\BNKDecember Salaries From c i capital	0	12761	0	12	2
2338	2020-12-23 00:00:00	DD SALARY FT20358TXNKS\\BNKDecember Salaries From c i capital	0	550	0	12	2
2340	2020-12-23 00:00:00	POS PURCHASE FT20358PDZR5\\BNKOtlob com Cairo EG 5268055264390000001425	87	0	0	1	2
2343	2020-12-24 00:00:00	POS PURCHASE FT20359TKQTB\\BNKOtlob com Cairo EG 5268055264390000001425	271	0	15245	1	2
2344	2020-12-27 00:00:00	ATM WITHDRAWAL FT20362T572C\\BNK BKAUDI On theRun Game airo EG01901806 5264390000001425	500	0	0	11	2
2501	2021-03-08 00:00:00	POS PURCHASE FT210671DJJW\\BNKMOBIL ZAYED CITY GIZA EG5264390000001425	100	0	0	2	2
2514	2021-03-10 00:00:00	POS PURCHASE FT21069M0VXY\\BNKMOBILE ALMOSTAFA CO CAIRO EG5264390000001425	205	0	6903	2	2
2530	2021-03-16 00:00:00	Internet Transfer To Own ACFT21075JK6BL\\BNK	0	1554	0	18	2
2492	2021-03-07 00:00:00	POS PURCHASE FT210669XQ97\\BNKONTHERUN ELBATALAHMEDE GIZA EG5264390000001425	55	0	0	1	2
2493	2021-03-07 00:00:00	POS PURCHASE FT21066B0NJ6\\BNKSTARBUCKS GALLERIA 4 6TH OCT 01AEG02008325 5264390000001425	59	0	0	1	2
2345	2020-12-27 00:00:00	POS PURCHASE FT20362F2LRH\\BNKOtlob com Cairo EG 5268055264390000001425	50	0	0	1	2
2346	2020-12-27 00:00:00	POS PURCHASE FT2036206XMM\\BNKOtlob com Cairo EG 5268055264390000001425	50	0	0	1	2
2485	2021-03-03 00:00:00	POS PURCHASE FT21062LG0V7\\BNKGALLERIA 40 MALL PARK 6TH OCT01AEG 00080796 5264390000001425	45	0	11997	4	2
2496	2021-03-07 00:00:00	POS PURCHASE FT210660962G\\BNKGALLERIA 40 MALL PARK 6TH OCT01AEG 00080796 5264390000001425	80	0	9043	4	2
2513	2021-03-10 00:00:00	POS PURCHASE FT21069MX441\\BNKGALLERIA 40 MALL PARK 6TH OCT01AEG 00080796 5264390000001425	35	0	0	4	2
1793	2021-05-17 00:00:00	POS PURCHASE FT21137PRW42\\BNKSTARBUCKS GALLERIA 4 6TH OCT 01AEG31060713 5264390000001425	109	0	0	1	2
1789	2021-05-11 00:00:00	ATM WITHDRAWAL FT21131F0BXP\\BNKHDB ATM8302 OPERA CITY EG HDB-ATM85264390000001425	1000	0	10686	11	2
1790	2021-05-17 00:00:00	ATM WITHDRAWAL FT21137JQKHJ\\BNKQNB ALAHLI IZA 0065 A EG 006500655264390000001425	600	0	0	11	2
1791	2021-05-17 00:00:00	ATM WITHDRAWAL FT21137V25WZ\\BNK BMOM BARIOUM MRASY ALEX EG BM0401015264390000001425	1000	0	0	11	2
1792	2021-05-17 00:00:00	ATM WITHDRAWAL FT211375W585\\BNKNBE ATM261 ALEX EG NBE220005264390000001425	500	0	0	11	2
2541	2021-03-21 00:00:00	Internet Transfer To Own ACFT21080WCGKR\\BNK	0	1900	0	18	2
2347	2020-12-27 00:00:00	POS PURCHASE FT20362VLGB2\\BNKOtlob com Cairo EG 5268055264390000001425	190	0	14454	1	2
2348	2020-12-28 00:00:00	POS PURCHASE FT20363XV1KX\\BNK ONTHE RUN THE UNIVE GIZA EG5264390000001425	46	0	0	1	2
2349	2020-12-28 00:00:00	POS PURCHASE FT20363Y2WQH\\BNKOtlob com Cairo EG 5268055264390000001425	50	0	0	1	2
1934	2021-04-06 00:00:00	POS PURCHASE FT21096NRXLT\\BNKBOUTIQUE HOTEL BELLE E CAIRO EG5264390000001425	450	0	0	14	2
1902	2020-07-21 00:00:00	Internet Transfer To Own ACFT20203R6QK5\\BNK	0	300	0	18	2
1694	2020-08-05 00:00:00	ATM WITHDRAWAL FT20218R2YVH\\BNKArab Bank Egypt iza EG EGA8065264390000001425	300	0	5147	11	2
1697	2020-08-06 00:00:00	POS PURCHASE FT20219K2GJY\\BNK UberBV Cairo EG 529566 5264390000001425	73	0	0	13	2
1698	2020-08-06 00:00:00	POS PURCHASE FT20219P69YT\\BNKOtlob com Cairo EG 5268055264390000001425	270	0	0	1	2
1700	2020-08-06 00:00:00	ATM WITHDRAWAL FT20219VT1R4\\BNKNBE ATM498 GIZA EG NBE219905264390000001425	1500	0	0	11	2
1686	2020-08-04 00:00:00	POS PURCHASE FT20217XHVJJ\\BNKSTARBUCKSGALLERIA4 STARBUCKSGA6THOCT EG 31966801 5264390000001425	57	0	8590	1	2
1702	2020-08-09 00:00:00	POS PURCHASE FT202222VTLF\\BNK UberBV Cairo EG 529566 5264390000001425	17	0	0	13	2
1703	2020-08-09 00:00:00	POS PURCHASE FT20222QSQKX\\BNK UberBV Cairo EG 529566 5264390000001425	24	0	0	13	2
2350	2020-12-28 00:00:00	POS PURCHASE FT20363NRKJP\\BNKOtlob com Cairo EG 5268055264390000001425	214	0	14143	1	2
2351	2020-12-29 00:00:00	ATM WITHDRAWAL FT20364V58C4\\BNKArab Bank Egypt iza EG EGA8065264390000001425	400	0	0	11	2
2503	2021-03-09 00:00:00	POS PURCHASE FT21068F26KC\\BNKSTARBUCKS GALLERIA 4 6TH OCT 01AEG31060713 5264390000001425	61	0	0	1	2
2352	2020-12-29 00:00:00	POS PURCHASE FT20364YVF5Z\\BNK ONTHE RUN MISR ISMA CAIRO EG5264390000001425	105	0	0	1	2
2354	2020-12-29 00:00:00	POS PURCHASE FT20364WQJS3\\BNKMCDONALD S MERRY LAND CAIRO E07CEG 00052439 5264390000001425	129	0	0	1	2
2506	2021-03-09 00:00:00	POS PURCHASE FT21068DKCMR\\BNKSTARBUCKS HUB 6TH OCT 01AEG31966350 5264390000001425	80	0	0	1	2
2507	2021-03-09 00:00:00	POS PURCHASE FT210687ZPXN\\BNKSTARBUCKS GALLERIA 4 6TH OCT 01AEG02008325 5264390000001425	59	0	0	1	2
2358	2020-12-30 00:00:00	ATM WITHDRAWAL FT20365VG82Q\\BNKCIB GALLERIA 40 CAIRO EG 085209185264390000001425	150	0	0	11	2
2360	2020-12-30 00:00:00	POS PURCHASE FT20365FJ8VL\\BNK OVIORESTAURANT 6TH OCT 01AEG 000878925264390000001425	88	0	0	1	2
2516	2021-03-11 00:00:00	POS PURCHASE FT21070C3ZYR\\BNKSTARBUCKS GALLERIA 4 6TH OCT 01AEG02008325 5264390000001425	115	0	0	1	2
2361	2020-12-30 00:00:00	ATM WITHDRAWAL FT20365X3GR6\\BNKCIB GALLERIA 40 CAIRO EG 085209185264390000001425	200	0	11980	11	2
2362	2020-12-31 00:00:00	POS PURCHASE FT20366DSSGL\\BNKONTHE RUN GAMEAT ELDEW GIZA EG5264390000001425	80	0	0	1	2
2363	2020-12-31 00:00:00	ATM WITHDRAWAL FT203663Q99J\\BNKCIB GALLERIA 40 CAIRO EG 085209185264390000001425	700	0	11200	11	2
2367	2020-04-06 00:00:00	POS PURCHASE FT20097HFDMP\\BNKCHILLOUT ALEX R2 6TH OCT 01AEG00083969 5264390000001425	150	0	0	1	2
2369	2020-04-07 00:00:00	ATM WITHDRAWAL FT20098PHTQG\\BNKNBE ATM339 GIZA EG NBE259805264390000001425	200	0	0	11	2
2371	2020-04-07 00:00:00	POS PURCHASE FT20098BNF55\\BNK UberBV Cairo EG 529566 5264390000001425	165	0	0	13	2
2522	2021-03-14 00:00:00	POS PURCHASE FT21073J9X2S\\BNKSERVAL FOOD CONCEPTS 6TH OCT EG91024607 5264390000001425	220	0	0	1	2
2526	2021-03-14 00:00:00	POS PURCHASE FT21073B2V8R\\BNKSTARBUCKS GALLERIA 4 6TH OCT 01AEG02008325 5264390000001425	59	0	0	1	2
2527	2021-03-14 00:00:00	POS PURCHASE FT2107384HTT\\BNKSTARBUCKS GALLERIA 4 6TH OCT 01AEG02008325 5264390000001425	59	0	3492	1	2
2372	2020-04-07 00:00:00	POS PURCHASE FT20098D0H86\\BNKUBEREATSHELP UBER CO Hamminkweghelp uNL 5264390000001425	193	0	2881	13	2
2373	2020-04-08 00:00:00	POS PURCHASE FT20099507WP\\BNKUBEREATSHELP UBER CO Hamminkweghelp uNL 5264390000001425	72	0	0	13	2
2374	2020-04-08 00:00:00	POS PURCHASE FT2009936KWM\\BNK UberBV Cairo EG 529566 5264390000001425	90	0	0	13	2
2376	2020-04-09 00:00:00	POS PURCHASE FT20100FL5Y6\\BNKUBEREATSHELP UBER CO Hamminkweghelp uNL 5264390000001425	39	0	2647	13	2
2377	2020-04-12 00:00:00	POS PURCHASE FT201039WXFZ\\BNKUBEREATSHELP UBER CO Hamminkweghelp uNL 5264390000001425	63	0	0	13	2
2552	2021-03-22 00:00:00	POS PURCHASE FT21081F0YNX\\BNKACCEPT PAYMOB CAIRO EG5264390000001425	109	0	1374	17	2
2410	2020-04-30 00:00:00	POS PURCHASE FT201214YNF4\\BNKBEINCONNECTUSD MIG BEINCONNECTUSDDOHAQA DOHS2I05 5264390000001425	162	0	0	4	2
1794	2021-05-17 00:00:00	POS PURCHASE FT2113725F83\\BNK UberBV Cairo EG 529566 5264390000001425	84	0	0	13	2
1795	2021-05-17 00:00:00	POS PURCHASE FT21137VQ540\\BNK UberBV Cairo EG 529566 5264390000001425	80	0	0	13	2
2581	2021-03-30 00:00:00	POS PURCHASE FT210893161B\\BNKDRINKIES Zamalek Others EGT0009015 5264390000001425	560	0	10772	1	2
1796	2021-05-17 00:00:00	POS PURCHASE FT211379L6PQ\\BNK UberBV Cairo EG 529566 5264390000001425	83	0	8229	13	2
1797	2021-05-18 00:00:00	POS PURCHASE FT21138Z5M74\\BNKTalabat Cairo EG 5268055264390000001425	419	0	0	1	2
1798	2021-05-18 00:00:00	POS PURCHASE FT21138Q9LQK\\BNK 7MART MATROUH 17AEG 000852855264390000001425	36	0	0	9	2
2558	2021-03-25 00:00:00	Internet Transfer To Own ACFT2108499R94\\BNK	2425	0	0	18	2
1868	2020-07-06 00:00:00	POS PURCHASE FT20188CQD9G\\BNKOtlob com Cairo EG 5268055264390000001425	200	0	0	1	2
2472	2020-10-28 00:00:00	POS PURCHASE FT20302W701C\\BNK THETAP EAST CAIRO N 07AEG 247576055264390000001425	400	0	0	1	2
1875	2020-07-09 00:00:00	POS PURCHASE FT20191KZ5P1\\BNKOtlob com Cairo EG 5268055264390000001425	116	0	5743	1	2
1876	2020-07-12 00:00:00	POS PURCHASE FT20194TC5WP\\BNKBASSEM MARKET MATROUH 17AEG00086200 5264390000001425	284	0	0	9	2
1927	2021-04-04 00:00:00	POS PURCHASE FT21094FYNGD\\BNKSTARBUCKS GALLERIA 4 6TH OCT 01AEG31060713 5264390000001425	54	0	0	1	2
1929	2021-04-05 00:00:00	POS PURCHASE FT21095NXMGX\\BNKSTARBUCKS GALLERIA 4 6TH OCT 01AEG31060713 5264390000001425	54	0	7185	1	2
1877	2020-07-12 00:00:00	POS PURCHASE FT20194MN6SF\\BNKBASSEM MARKET MATROUH 17AEG00086200 5264390000001425	36	0	0	9	2
1882	2020-07-14 00:00:00	ATM WITHDRAWAL FT20196H46V4\\BNKUNB IZA EG 100090185264390000001425	200	0	0	11	2
1893	2020-07-15 00:00:00	POS PURCHASE FT20197LQF5B\\BNKSTARBUCKSCHILLOUT STARBUCKSCHI6THOCT EG 14897916 5264390000001425	57	0	0	1	2
1895	2020-07-16 00:00:00	POS PURCHASE FT20198X1DFZ\\BNK UberBV Cairo EG 529566 5264390000001425	25	0	2777	13	2
2547	2021-03-21 00:00:00	POS PURCHASE FT21080K1BTV\\BNKSTARBUCKS GALLERIA 4 6TH OCT 01AEG31060713 5264390000001425	115	0	2211	1	2
1628	2020-06-01 00:00:00	POS PURCHASE FT20153D4HDH\\BNKBASSEM MARKET MATROUH 17AEG00085138 5264390000001425	145	0	0	9	2
2551	2021-03-22 00:00:00	POS PURCHASE FT210816MYDH\\BNKSTARBUCKS GALLERIA 4 6TH OCT 01AEG31060713 5264390000001425	108	0	0	1	2
1629	2020-06-01 00:00:00	POS PURCHASE FT20153QM03G\\BNKBASSEM MARKET MATROUH 17AEG00084704 5264390000001425	84	0	9403	9	2
1630	2020-06-02 00:00:00	POS PURCHASE FT20154K5LZ8\\BNKTOTAL BONJOUR 114702 MATROUH 17AEG00057298 5264390000001425	332	0	9071	2	2
1632	2020-06-03 00:00:00	POS PURCHASE FT20155KDD1S\\BNKBASSEM MARKET MATROUH 17AEG00084704 5264390000001425	181	0	0	9	2
1633	2020-06-03 00:00:00	POS PURCHASE FT20155Y9NS5\\BNKOrange Egypt 1 EG 5174605264390000001425	22	0	8794	8	2
1634	2020-06-04 00:00:00	POS PURCHASE FT20156X7MHW\\BNKTOTAL BONJOUR 114702 MATROUH 17AEG00057298 5264390000001425	108	0	0	2	2
1635	2020-06-04 00:00:00	POS PURCHASE FT201565XSJB\\BNKOrange Egypt 1 EG 5174605264390000001425	143	0	0	8	2
2051	2021-01-24 00:00:00	DD SALARY FT21024ZCG94\\BNK JanuarySalaries From c i capital	0	13224	0	12	2
2052	2021-01-24 00:00:00	POS PURCHASE FT210240DQQV\\BNK UberBV Cairo EG 529566 5264390000001425	79	0	0	13	2
2148	2021-02-03 00:00:00	POS PURCHASE FT21034BXGJC\\BNKSTARBUCKS GALLERIA 4 6TH OCT 01AEG31060713 5264390000001425	59	0	6141	1	2
2146	2021-02-03 00:00:00	POS PURCHASE FT210343D9K0\\BNKMOBIL GIZA GIZA EG 5264390000001425	105	0	0	2	2
2151	2021-02-04 00:00:00	POS PURCHASE FT21035RTNR3\\BNKSTARBUCKS GALLERIA 4 6TH OCT 01AEG31060713 5264390000001425	59	0	0	1	2
2154	2021-02-07 00:00:00	POS PURCHASE FT210382DT8V\\BNKMOBIL GIZA GIZA EG 5264390000001425	100	0	0	2	2
2155	2021-02-07 00:00:00	POS PURCHASE FT21038Y5N4R\\BNKSTARBUCKS GALLERIA 4 6TH OCT 01AEG02008325 5264390000001425	59	0	0	1	2
2157	2021-02-08 00:00:00	POS PURCHASE FT21039629H6\\BNKSTARBUCKS GALLERIA 4 6TH OCT 01AEG02008325 5264390000001425	59	0	5036	1	2
2185	2021-02-18 00:00:00	POS PURCHASE FT21049VLFH9\\BNKMOBIL GIZA GIZA EG 5264390000001425	100	0	0	2	2
2187	2021-02-21 00:00:00	Internet Transfer To Own ACFT21052Q8H1T\\BNK	0	200	0	18	2
2188	2021-02-21 00:00:00	POS PURCHASE FT210524H2GW\\BNKMOBIL GIZA GIZA EG 5264390000001425	100	0	361	2	2
2163	2021-02-11 00:00:00	POS PURCHASE FT21042SWG18\\BNKSTARBUCKS GALLERIA 4 6TH OCT 01AEG31060713 5264390000001425	120	0	3732	1	2
2193	2021-02-28 00:00:00	Internet Transfer To Own ACFT21059RPVD9\\BNK	116000	0	0	18	2
1886	2020-07-14 00:00:00	POS PURCHASE FT2019619ZSC\\BNKTOTAL BONJOUR 114702 MATROUH 17AEG00087478 5264390000001425	196	0	0	2	2
1887	2020-07-14 00:00:00	POS PURCHASE FT20196VTMYN\\BNK UberBV Cairo EG 529566 5264390000001425	78	0	0	13	2
1936	2021-04-06 00:00:00	POS PURCHASE FT21096ZZNH5\\BNKSTARBUCKS GALLERIA 4 6TH OCT 01AEG31060713 5264390000001425	54	0	0	1	2
1890	2020-07-15 00:00:00	ATM WITHDRAWAL FT201977MC07\\BNKCIB GALLERIA 40 CAIRO EG 085209185264390000001425	400	0	0	11	2
1891	2020-07-15 00:00:00	ATM WITHDRAWAL FT20197GSTFB\\BNKCIB SODIC BR OCTOBER EG 085206285264390000001425	50	0	0	11	2
1892	2020-07-15 00:00:00	POS PURCHASE FT20197GRR42\\BNKOtlob com Cairo EG 5268055264390000001425	185	0	0	1	2
2486	2021-03-04 00:00:00	POS PURCHASE FT21063M0TP8\\BNK THETAP GALLERIA 40 CAIRO S 07EEG24793708 5264390000001425	250	0	0	1	2
2512	2021-03-10 00:00:00	POS PURCHASE FT210699519Z\\BNK THETAP GALLERIA 40 CAIRO S 07EEG24793708 5264390000001425	500	0	0	1	2
1966	2021-04-14 00:00:00	POS PURCHASE FT2110441WGZ\\BNKMOBIL GIZA GIZA EG 5264390000001425	200	0	0	2	2
1898	2020-07-19 00:00:00	POS PURCHASE FT20201R8B1F\\BNK UberBV Cairo EG 529566 5264390000001425	82	0	0	13	2
1904	2020-07-21 00:00:00	POS PURCHASE FT20203GGB4Y\\BNK UberBV Cairo EG 529566 5264390000001425	44	0	0	13	2
1957	2021-04-12 00:00:00	POS PURCHASE FT21102TDWZZ\\BNKSTARBUCKS GALLERIA 4 6TH OCT 01AEG31060713 5264390000001425	54	0	0	1	2
1806	2021-05-20 00:00:00	POS PURCHASE FT21140X9CQG\\BNKMOBIL GIZA GIZA EG 5264390000001425	205	0	0	2	2
1905	2020-07-21 00:00:00	POS PURCHASE FT202035NVW0\\BNKTOTAL BONJOUR 114702 MATROUH 17AEG00087477 5264390000001425	140	0	13726	2	2
2538	2021-03-17 00:00:00	POS PURCHASE FT21076STR1F\\BNK THETAP GALLERIA 40 CAIRO S 07EEG24793708 5264390000001425	450	0	0	1	2
1906	2020-07-22 00:00:00	ATM WITHDRAWAL FT202041D9L5\\BNKNBE ATM866 NORTHCOAST EG NBE259835264390000001425	500	0	0	11	2
1907	2020-07-22 00:00:00	POS PURCHASE REFUNDFT20204P0M9D\\BNK Otlob com CairoEG 526805 5264390000001425	0	216	13442	1	2
1908	2020-07-26 00:00:00	ATM WITHDRAWAL FT20208ZFG58\\BNK BMMARINA 5 ALEX EG BM0401005264390000001425	300	0	0	11	2
1707	2020-08-09 00:00:00	POS PURCHASE FT20222NBNRJ\\BNKmyfawry Maadi EG NBE000815264390000001425	152	0	0	4	2
2532	2021-03-16 00:00:00	POS PURCHASE FT21075VJS63\\BNK WEACCEPT CAIRO EG 5264390000001425	2000	0	0	17	2
1638	2020-06-07 00:00:00	ATM WITHDRAWAL FT20159BKJ8H\\BNK BKAUDI Total Marina 5 orth Coast EG01901606 5264390000001425	300	0	0	2	2
1639	2020-06-07 00:00:00	ATM WITHDRAWAL FT2015907JGC\\BNKALXB LEX EG BOAN6775264390000001425	300	0	0	11	2
2562	2021-03-25 00:00:00	POS PURCHASE FT21084H0JVY\\BNKSTARBUCKS GALLERIA 4 6TH OCT 01AEG02008325 5264390000001425	52	0	14941	1	2
1640	2020-06-07 00:00:00	ATM WITHDRAWAL FT201592FTSK\\BNKEGB IZA EG EGBN056 5264390000001425	200	0	0	11	2
1641	2020-06-07 00:00:00	POS PURCHASE FT20159V0FRW\\BNK ONTHE RUN GAMET ELDE GIZA EG98197390 5264390000001425	37	0	0	1	2
1827	2021-05-26 00:00:00	POS PURCHASE FT21146N812G\\BNKSTARBUCKS GALLERIA 4 6TH OCT 01AEG02008325 5264390000001425	93	0	0	1	2
1828	2021-05-26 00:00:00	POS PURCHASE FT21146LTY79\\BNKSTARBUCKS GALLERIA 4 6TH OCT 01AEG02008325 5264390000001425	61	0	0	1	2
1839	2021-05-30 00:00:00	POS PURCHASE FT21150Z1NN7\\BNKMOBIL ZAYED CITY MADINAT 6TH OEG5264390000001425	105	0	0	2	2
1834	2021-05-27 00:00:00	POS PURCHASE FT211479G45V\\BNKSTARBUCKS GALLERIA 4 6TH OCT 01AEG02008325 5264390000001425	57	0	0	1	2
1848	2021-05-31 00:00:00	POS PURCHASE FT21151MGTF9\\BNKMOBIL GIZA GIZA EG 5264390000001425	100	0	0	2	2
1812	2021-05-23 00:00:00	ATM WITHDRAWAL FT21143B3JNV\\BNKCIB GALLERIA 40 CAIRO EG 085209185264390000001425	100	0	0	11	2
1816	2021-05-23 00:00:00	ATM WITHDRAWAL FT21143ZWYXH\\BNKNBE ATM922 CAIRO EG NBE259825264390000001425	300	0	0	11	2
1821	2021-05-24 00:00:00	DD SALARY FT21144LQ9LN\\BNK MaySalaries From c i capital	0	16898	0	12	2
1823	2021-05-24 00:00:00	ATM WITHDRAWAL FT211441QG1X\\BNKCIB GALLERIA 40 CAIRO EG 085209185264390000001425	300	0	19204	11	2
1824	2021-05-25 00:00:00	POS PURCHASE FT211456NQ1G\\BNKTalabat Cairo EG 5268055264390000001425	167	0	0	1	2
1865	2020-07-05 00:00:00	POS PURCHASE FT20187HF500\\BNKMOBILGIZA MOBILGIZA GAMAA GIZA4477665EG 5264390000001425	80	0	0	2	2
1857	2020-07-01 00:00:00	POS PURCHASE FT201836CKGD\\BNKSTARBUCKSGALLERIA4 STARBUCKSGA6THOCT EG 16386828 5264390000001425	57	0	0	1	2
2423	2020-10-05 00:00:00	POS PURCHASE FT20279M4QRR\\BNKSEOUDI BEVERLY HILLS 6TH OCT 01AEG24420010 5264390000001425	380	0	6478	9	2
2424	2020-10-07 00:00:00	POS PURCHASE FT202810WJB5\\BNK UberBV Cairo EG 529566 5264390000001425	65	0	0	13	2
2425	2020-10-07 00:00:00	POS PURCHASE FT2028198MST\\BNK UberBV Cairo EG 529566 5264390000001425	111	0	0	13	2
2426	2020-10-07 00:00:00	POS PURCHASE FT20281YPT18\\BNKOtlob com Cairo EG 5268055264390000001425	453	0	0	1	2
2427	2020-10-07 00:00:00	POS PURCHASE FT202816SQGV\\BNK ONTHE RUN URBAN 5 NE CAIRO EG5264390000001425	168	0	0	1	2
2428	2020-10-07 00:00:00	POS PURCHASE FT20281MNX7B\\BNKTOTAL FUEL 116608 CAIRO E 07EEG00096342 5264390000001425	150	0	0	2	2
2429	2020-10-07 00:00:00	POS PURCHASE FT20281RHHPX\\BNK UberBV Cairo EG 529566 5264390000001425	83	0	0	13	2
2545	2021-03-21 00:00:00	POS PURCHASE FT21080DBX3G\\BNK THETAP GALLERIA 40 CAIRO S 07EEG24793707 5264390000001425	256	0	0	1	2
2565	2021-03-28 00:00:00	POS PURCHASE FT2108783547\\BNK THETAP GALLERIA 40 CAIRO S 07EEG24793709 5264390000001425	400	0	0	1	2
2570	2021-03-28 00:00:00	POS PURCHASE FT21087RDLCZ\\BNKGabys Galleria 40 1 Others EGT0004851 5264390000001425	437	0	0	1	2
1960	2021-04-13 00:00:00	POS PURCHASE FT211033TZ7Y\\BNKGALLERIA 40 MALL PARK 6TH OCT01AEG 00080796 5264390000001425	30	0	0	4	2
1704	2020-08-09 00:00:00	POS PURCHASE FT20222ZVTTC\\BNKOtlob com Cairo EG 5268055264390000001425	80	0	0	1	2
1971	2021-04-18 00:00:00	POS PURCHASE FT21108P4Z9W\\BNKGALLERIA 40 MALL PARK 6TH OCT01AEG 00080796 5264390000001425	95	0	0	4	2
1695	2020-08-06 00:00:00	POS PURCHASE FT20219WFS9V\\BNKCircleKMarina CircleKMarinaMATROUH 17EG 310608265264390000001425	272	0	0	9	2
1974	2021-04-19 00:00:00	POS PURCHASE FT21109NQXFT\\BNKACCEPT PAYMOB CAIRO EG5264390000001425	115	0	0	17	2
2012	2021-01-11 00:00:00	POS PURCHASE FT21011P58GQ\\BNKSTARBUCKS GALLERIA 4 6TH OCT 01AEG02008325 5264390000001425	124	0	0	1	2
1909	2020-07-26 00:00:00	POS PURCHASE FT20208CLG5Y\\BNKFUEGO OCTOBER GROUNDFLOORUNITG6THOCT EG 25573001 5264390000001425	400	0	12742	1	2
1910	2020-07-27 00:00:00	POS PURCHASE FT20209H22JN\\BNKOtlob com Cairo EG 5268055264390000001425	116	0	0	1	2
1911	2020-07-27 00:00:00	POS PURCHASE FT20209BDQC5\\BNK UberBV Cairo EG 529566 5264390000001425	93	0	12532	13	2
1912	2020-07-29 00:00:00	ATM WITHDRAWAL FT202118F73F\\BNKAIB OCTOBER EG ATM0485264390000001425	500	0	0	11	2
1914	2020-07-29 00:00:00	POS PURCHASE FT20211ZY6GD\\BNK UberBV Cairo EG 529566 5264390000001425	80	0	0	13	2
1917	2021-04-01 00:00:00	ATM WITHDRAWAL FT21091NNM8S\\BNKNBE ATM922 CAIRO EG NBE259825264390000001425	100	0	0	11	2
1920	2021-04-01 00:00:00	POS PURCHASE FT21091V536M\\BNKTalabat Cairo EG 5268055264390000001425	127	0	0	1	2
1988	2021-01-03 00:00:00	POS PURCHASE FT21003J67D2\\BNKMOBIL ZAYED CITY GIZA EG5264390000001425	105	0	0	2	2
1978	2021-04-21 00:00:00	POS PURCHASE FT211116MT9W\\BNKGALLERIA 40 MALL PARK 6TH OCT01AEG 00080796 5264390000001425	60	0	201	4	2
1719	2020-08-16 00:00:00	POS PURCHASE FT20229ZRDVP\\BNKmyfawry Maadi EG NBE001005264390000001425	152	0	0	4	2
1993	2021-01-04 00:00:00	POS PURCHASE FT21004XKTY7\\BNK SEIFPHARMACY GIZA 12EEG 000694115264390000001425	130	0	0	16	2
2002	2021-01-05 00:00:00	POS PURCHASE FT21005NT6S7\\BNK SEIFPHARMACY GIZA 12EEG 000694115264390000001425	130	0	8782	16	2
2430	2020-10-07 00:00:00	POS PURCHASE FT20281X1J8D\\BNK UberBV Cairo EG 529566 5264390000001425	88	0	0	13	2
2433	2020-10-11 00:00:00	ATM WITHDRAWAL FT202850HYNN\\BNKALXB ED SEA EG BOAN5335264390000001425	1000	0	0	11	2
2434	2020-10-11 00:00:00	ATM WITHDRAWAL FT20285WXCJ9\\BNKHSBC URGHADA EG 4695264390000001425	500	0	0	11	2
2435	2020-10-11 00:00:00	ATM WITHDRAWAL FT202850LC6C\\BNKHSBC URGHADA EG 4695264390000001425	600	0	0	11	2
2438	2020-10-11 00:00:00	POS PURCHASE FT20285ZXTW4\\BNKONTHE RUN GAMEAT ELDEW GIZA EG5264390000001425	80	0	0	1	2
2439	2020-10-11 00:00:00	POS PURCHASE FT20285T3ZMQ\\BNK UberBV Cairo EG 529566 5264390000001425	104	0	0	13	2
2441	2020-10-11 00:00:00	POS PURCHASE FT20285NCMSW\\BNKCIRCLE K MALHA 1 CAIRO EG5264390000001425	174	0	0	1	2
2442	2020-10-11 00:00:00	POS PURCHASE FT202856CMZF\\BNK UberBV Cairo EG 529566 5264390000001425	20	0	0	13	2
2444	2020-10-12 00:00:00	POS PURCHASE FT20286L8J2H\\BNK UberBV Cairo EG 529566 5264390000001425	106	0	0	13	2
2450	2020-10-13 00:00:00	POS PURCHASE FT20287BM66L\\BNK UberBV Cairo EG 529566 5264390000001425	114	0	940	13	2
2452	2020-10-19 00:00:00	POS PURCHASE FT20293QH48B\\BNKTOTAL BONJOUR 502894 CAIRO N 07AEG00081206 5264390000001425	61	0	0	2	2
1968	2021-04-15 00:00:00	ATM WITHDRAWAL FT2110535G0L\\BNKArab Bank Egypt iza EG EGA8065264390000001425	400	0	0	11	2
1969	2021-04-15 00:00:00	ATM WITHDRAWAL FT21105XWKSM\\BNKHSBC AIRO EG 523 5264390000001425	200	0	1027	11	2
1970	2021-04-18 00:00:00	POS PURCHASE FT21108WKZYQ\\BNK UberBV Cairo EG 529566 5264390000001425	79	0	0	13	2
2053	2021-01-24 00:00:00	POS PURCHASE FT21024GF1KC\\BNKSTARBUCKS GALLERIA 4 6TH OCT 01AEG02008325 5264390000001425	59	0	0	1	2
1972	2021-04-18 00:00:00	POS PURCHASE FT211089SVB1\\BNK UberBV Cairo EG 529566 5264390000001425	87	0	0	13	2
1973	2021-04-18 00:00:00	POS PURCHASE FT21108R5VS2\\BNKTalabat Cairo EG 5268055264390000001425	114	0	652	1	2
1975	2021-04-19 00:00:00	POS PURCHASE FT21109GP2XD\\BNK UberBV Cairo EG 529566 5264390000001425	55	0	0	13	2
1976	2021-04-19 00:00:00	POS PURCHASE FT211097BWPF\\BNKTalabat Cairo EG 5268055264390000001425	143	0	338	1	2
1977	2021-04-20 00:00:00	POS PURCHASE FT21110NT4PP\\BNK UberBV Cairo EG 529566 5264390000001425	76	0	261	13	2
2400	2020-04-23 00:00:00	POS PURCHASE FT20114J067X\\BNKUBEREATSHELP UBER CO Hamminkweghelp uNL 5264390000001425	189	0	6099	13	2
2401	2020-04-26 00:00:00	POS PURCHASE FT20117C2TXT\\BNK UberBV Cairo EG 529566 5264390000001425	78	0	6021	13	2
2402	2020-04-27 00:00:00	POS PURCHASE FT20118Z4M3H\\BNK UberBV Cairo EG 529566 5264390000001425	86	0	0	13	2
2403	2020-04-27 00:00:00	POS PURCHASE FT2011885JKK\\BNK UberBV Cairo EG 529566 5264390000001425	210	0	5723	13	2
1944	2021-04-08 00:00:00	ATM WITHDRAWAL FT21098B7GJ5\\BNKCIB GALLERIA 40 CAIRO EG 085209185264390000001425	150	0	0	11	2
1946	2021-04-11 00:00:00	ATM WITHDRAWAL FT211016FBGF\\BNKQNB ALAHLI IZA 0069 S EG 006905155264390000001425	300	0	0	11	2
1947	2021-04-11 00:00:00	ATM WITHDRAWAL FT21101D6BZ7\\BNKCIB GALLERIA 40 CAIRO EG 085209185264390000001425	450	0	0	11	2
2031	2021-01-17 00:00:00	POS PURCHASE FT210179NFH3\\BNKSTARBUCKS GALLERIA 4 6TH OCT 01AEG31060713 5264390000001425	59	0	4465	1	2
2405	2020-04-28 00:00:00	POS PURCHASE FT20119HP849\\BNK UberBV Cairo EG 529566 5264390000001425	164	0	0	13	2
2406	2020-04-28 00:00:00	POS PURCHASE FT20119GDV3Y\\BNKUBEREATSHELP UBER CO Hamminkweghelp uNL 5264390000001425	122	0	0	13	2
2407	2020-04-28 00:00:00	POS PURCHASE FT201193QXNF\\BNKUBEREATSHELP UBER CO Hamminkweghelp uNL 5264390000001425	122	0	5252	13	2
2408	2020-04-30 00:00:00	ATM WITHDRAWAL FT20121HD68D\\BNK ALMEHWAR AL MARKAZY 6 IZA EGAAIBN457 5264390000001425	100	0	0	11	2
2409	2020-04-30 00:00:00	POS PURCHASE FT20121GVQ5D\\BNK UberBV Cairo EG 529566 5264390000001425	140	0	0	13	2
2416	2020-10-04 00:00:00	ATM WITHDRAWAL FT2027865KPX\\BNKALXB IZA EG BOAN6525264390000001425	1600	0	8761	11	2
2494	2021-03-07 00:00:00	POS PURCHASE FT210666ZK16\\BNK UberBV Cairo EG 529566 5264390000001425	23	0	0	13	2
2495	2021-03-07 00:00:00	ATM WITHDRAWAL FT210668SSLG\\BNKAWBE AIRO EG BRCN1385264390000001425	100	0	0	11	2
2497	2021-03-08 00:00:00	ATM WITHDRAWAL FT2106748S2W\\BNKBDC sheikh Zayed 6 October EGBDC00000 5264390000001425	200	0	0	11	2
2498	2021-03-08 00:00:00	ATM WITHDRAWAL FT21067MVY9M\\BNKCIB GALLERIA 40 CAIRO EG 085209185264390000001425	50	0	0	11	2
2499	2021-03-08 00:00:00	POS PURCHASE FT21067KK14M\\BNKCIRCLE K SODIC 6TH OCT 01AEG15563758 5264390000001425	48	0	0	1	2
2500	2021-03-08 00:00:00	POS PURCHASE FT21067GQSR1\\BNK UberBV Cairo EG 529566 5264390000001425	23	0	0	13	2
2502	2021-03-08 00:00:00	POS PURCHASE FT21067WN3W6\\BNKONTHE RUN GAMEAT ELDEW GIZA EG5264390000001425	97	0	8525	1	2
2504	2021-03-09 00:00:00	POS PURCHASE FT210689B1S2\\BNKTalabat Cairo EG 5268055264390000001425	85	0	0	1	2
2505	2021-03-09 00:00:00	POS PURCHASE FT21068N4CPB\\BNK UberBV Cairo EG 529566 5264390000001425	64	0	0	13	2
2508	2021-03-09 00:00:00	POS PURCHASE FT21068P5JR7\\BNK UberBV Cairo EG 529566 5264390000001425	23	0	0	13	2
2511	2021-03-10 00:00:00	POS PURCHASE FT2106981W2W\\BNKTalabat Cairo EG 5268055264390000001425	134	0	0	1	2
2517	2021-03-11 00:00:00	ATM WITHDRAWAL FT21070B39GR\\BNKCIB CITY VIEW BR OCTOBER EG08520435 5264390000001425	800	0	5850	11	2
2548	2021-03-22 00:00:00	POS PURCHASE FT21081XW343\\BNKTalabat Cairo EG 5268055264390000001425	220	0	0	1	2
2553	2021-03-23 00:00:00	POS PURCHASE FT21082YC3WX\\BNKCIRCLE K A AND W GIZA EG5264390000001425	170	0	0	1	2
2554	2021-03-23 00:00:00	POS PURCHASE FT21082QWKJV\\BNKTalabat Cairo EG 5268055264390000001425	107	0	1096	1	2
2555	2021-03-24 00:00:00	DD SALARY FT21083SVJNY\\BNK MarchSalaries From c i capital	0	17349	0	12	2
2556	2021-03-24 00:00:00	POS PURCHASE FT21083S9MXP\\BNK UberBV Cairo EG 529566 5264390000001425	79	0	0	13	2
2557	2021-03-24 00:00:00	POS PURCHASE FT21083YXYXH\\BNKTalabat Cairo EG 5268055264390000001425	155	0	18210	1	2
2017	2021-01-12 00:00:00	POS PURCHASE FT21012J91VD\\BNK ONTHE RUN THE UNIVE GIZA EG5264390000001425	60	0	7072	1	2
2019	2021-01-13 00:00:00	POS PURCHASE FT2101347S9Y\\BNKOtlob com Cairo EG 5268055264390000001425	208	0	0	1	2
2115	2020-09-24 00:00:00	POS PURCHASE FT20268V8MPY\\BNKONTHERUN ELBATALAHMEDE GIZA EG5264390000001425	80	0	0	1	2
2044	2021-01-21 00:00:00	ATM WITHDRAWAL FT21021QC09V\\BNKUNB IZA EG 100090185264390000001425	300	0	0	11	2
2082	2020-09-06 00:00:00	ATM WITHDRAWAL FT20250YB6SF\\BNKBRKA AIRO EG BRKN00025264390000001425	500	0	0	11	2
2210	2020-11-03 00:00:00	POS PURCHASE FT20308KNNJM\\BNKMOBIL GIZA GIZA EG 5264390000001425	105	0	0	2	2
1870	2020-07-07 00:00:00	ATM WITHDRAWAL FT20189GJ9LJ\\BNKBDC EL SHEKH ZAYED GIZA EGBDC00015 5264390000001425	500	0	6199	11	2
2055	2021-01-24 00:00:00	POS PURCHASE FT21024MZH4G\\BNK UberBV Cairo EG 529566 5264390000001425	79	0	0	13	2
2056	2021-01-24 00:00:00	POS PURCHASE FT21024MR39W\\BNK UberBV Cairo EG 529566 5264390000001425	84	0	13468	13	2
2059	2021-01-26 00:00:00	ATM WITHDRAWAL FT210262BQZT\\BNKCIB GALLERIA 40 CAIRO EG 085209185264390000001425	300	0	0	11	2
2170	2021-02-14 00:00:00	POS PURCHASE FT210455RBBK\\BNKSTARBUCKS GALLERIA 4 6TH OCT 01AEG02008325 5264390000001425	59	0	0	1	2
2171	2021-02-14 00:00:00	POS PURCHASE FT210450ZWMQ\\BNKSTARBUCKS GALLERIA 4 6TH OCT 01AEG02008325 5264390000001425	59	0	0	1	2
2060	2021-01-26 00:00:00	POS PURCHASE FT21026DT2K8\\BNKCIRCLE CHILLOUT 3 6TH OCT 01AEG99302854 5264390000001425	71	0	12962	1	2
2061	2021-01-27 00:00:00	ATM WITHDRAWAL FT21027YLCQJ\\BNKCIB GALLERIA 40 CAIRO EG 085209185264390000001425	800	0	0	11	2
2179	2021-02-16 00:00:00	POS PURCHASE FT210477QGDQ\\BNKSTARBUCKS GALLERIA 4 6TH OCT 01AEG02008325 5264390000001425	59	0	1238	1	2
2063	2021-01-31 00:00:00	ATM WITHDRAWAL FT21031H1MK2\\BNKLAKE VIEW COMPOUND NEW 0TH STREETEG CAEO281 5264390000001425	200	0	0	11	2
2064	2021-01-31 00:00:00	ATM WITHDRAWAL FT21031PR3C6\\O13CIB MARINA ATIG FX HURGHADA EG18920858 5264390000001425	500	0	0	11	2
1979	2021-04-22 00:00:00	DD SALARY FT211129N9H3\\BNK AprilSalaries From c i capital	0	17857	0	12	2
2389	2020-04-21 00:00:00	POS PURCHASE FT2011287STF\\BNK UberBV Cairo EG 529566 5264390000001425	62	0	0	13	2
2390	2020-04-21 00:00:00	POS PURCHASE FT20112P73B2\\BNK UberBV Cairo EG 529566 5264390000001425	135	0	0	13	2
2392	2020-04-21 00:00:00	POS PURCHASE FT20112RZV8H\\BNKOtlob com Cairo EG 5268055264390000001425	40	0	15084	1	2
2393	2020-04-22 00:00:00	POS PURCHASE FT20113GRR1J\\BNK UberBV Cairo EG 529566 5264390000001425	62	0	0	13	2
2394	2020-04-22 00:00:00	POS PURCHASE FT2011329TZ1\\BNK UberBV Cairo EG 529566 5264390000001425	62	0	0	13	2
2395	2020-04-22 00:00:00	POS PURCHASE FT20113KX9BC\\BNK UberBV Cairo EG 529566 5264390000001425	102	0	0	13	2
2396	2020-04-22 00:00:00	POS PURCHASE FT20113TZ0XC\\BNKUBEREATSHELP UBER CO Hamminkweghelp uNL 5264390000001425	63	0	0	13	2
2397	2020-04-22 00:00:00	POS PURCHASE FT201132TSKM\\BNKOtlob com Cairo EG 5268055264390000001425	75	0	0	1	2
1921	2021-04-01 00:00:00	POS PURCHASE FT210915VKXP\\BNKMyfawry Maadi EG NBE000605264390000001425	290	0	9478	4	2
2415	2020-10-04 00:00:00	ATM WITHDRAWAL FT20278D00S2\\BNKUNB IZA EG 104520025264390000001425	500	0	0	11	2
2453	2020-10-19 00:00:00	POS PURCHASE FT20293RKCQ8\\BNK UberBV Cairo EG 529566 5264390000001425	23	0	0	13	2
2454	2020-10-19 00:00:00	POS PURCHASE FT20293GKKGR\\BNKOtlob com Cairo EG 5268055264390000001425	141	0	0	1	2
2455	2020-10-19 00:00:00	POS PURCHASE FT202939P6PZ\\BNKONTHE RUN GAMEAT ELDEW GIZA EG5264390000001425	18	0	0	1	2
2456	2020-10-19 00:00:00	POS PURCHASE FT20293W7XL4\\BNKONTHE RUN GAMEAT ELDEW GIZA EG5264390000001425	153	0	794	1	2
2457	2020-10-20 00:00:00	POS PURCHASE FT20294TJRPH\\BNK UberBV Cairo EG 529566 5264390000001425	48	0	0	13	2
2458	2020-10-20 00:00:00	POS PURCHASE FT20294T4DJD\\BNKOtlob com Cairo EG 5268055264390000001425	80	0	0	1	2
2459	2020-10-20 00:00:00	POS PURCHASE FT2029400J3F\\BNKOtlob com Cairo EG 5268055264390000001425	196	0	0	1	2
2461	2020-10-20 00:00:00	POS PURCHASE FT20294DW9HX\\BNK UberBV Cairo EG 529566 5264390000001425	84	0	283	13	2
2462	2020-10-21 00:00:00	POS PURCHASE FT20295PC64M\\BNK UberBV Cairo EG 529566 5264390000001425	103	0	0	13	2
2463	2020-10-21 00:00:00	POS PURCHASE FT20295BS4PM\\BNK UberBV Cairo EG 529566 5264390000001425	97	0	81	13	2
2466	2020-10-25 00:00:00	POS PURCHASE FT202992PZ32\\BNK UberBV Cairo EG 529566 5264390000001425	23	0	13570	13	2
2467	2020-10-26 00:00:00	POS PURCHASE FT20300VS7SV\\BNKOtlob com Cairo EG 5268055264390000001425	167	0	13402	1	2
2468	2020-10-27 00:00:00	POS PURCHASE FT203014VJZT\\BNKOtlob com Cairo EG 5268055264390000001425	203	0	0	1	2
2470	2020-10-28 00:00:00	POS PURCHASE FT20302Z6VBY\\BNKONTHE RUN GAMEAT ELDEW GIZA EG5264390000001425	34	0	0	1	2
2471	2020-10-28 00:00:00	POS PURCHASE FT20302R8G23\\BNK UberBV Cairo EG 529566 5264390000001425	103	0	0	13	2
2473	2020-10-28 00:00:00	ATM WITHDRAWAL FT20302XWVN7\\BNKBLOM ATM2301 EW CAIRO EG BLOM-ATM5264390000001425	100	0	12406	11	2
2475	2021-03-01 00:00:00	ATM WITHDRAWAL FT210605BDV9\\BNKCIB MARRIOTT MIRAGE 2 MARRIOTTMIRAGE EG 08520339 5264390000001425	200	0	0	11	2
2518	2021-03-14 00:00:00	ATM WITHDRAWAL FT21073C9P1L\\BNKNBE ATM339 GIZA EG NBE259805264390000001425	1000	0	0	11	2
2519	2021-03-14 00:00:00	ATM WITHDRAWAL FT210736RNH1\\BNKAIB AIRO EG ATM032 5264390000001425	500	0	0	11	2
2520	2021-03-14 00:00:00	ATM WITHDRAWAL FT21073X99VC\\BNKCORNICH EL NILE MAADI AIRO EGAAIBN751 5264390000001425	100	0	0	11	2
661	2021-03-23 00:00:00	ATM WITHDRAWAL FT21082ZFV5G\\BNK BMCHILLOUT GAS STATIO 1CAIRO EGBM017800 5264390000000658	1500	0	14824	11	1
662	2021-03-28 00:00:00	ATM WITHDRAWAL FT210877XG2M\\BNKCIB EL HAMMAD MALL BR CAIRO EG08520975 5264390000000658	2000	0	12824	11	1
663	2021-03-29 00:00:00	ATM WITHDRAWAL FT21088PPF6P CIBHAMAD BR BNA CAIRO EG 154206835264390000000658	1600	0	11224	11	1
513	2020-10-25 00:00:00	POS PURCHASE FT20299T00JZ\\BNKVAQUERO CHICHA HURGHADA 25BEG25277101 5264390000000658	600	0	15977	1	1
665	2021-03-31 00:00:00	ATM WITHDRAWAL FT210906Q7RZ\\E06CIB RAMSIS BR 2 CAIRO EG 083204335264390000000658	5000	0	0	11	1
398	2020-07-26 00:00:00	POS PURCHASE FT202087BNT6\\BNKTHRIVE CECILNORTHC CECILVILL ALEX02FEG 25648102 5264390000000658	700	0	24107	1	1
666	2021-03-31 00:00:00	Credit Interest100042182518-20210331	0	19	49797	6	1
282	2020-01-30 00:00:00	DD SALARY FT20030DHNXK\\BNK SalaryFrom GAZELLE TRADE S A E CO	0	20000	0	12	1
396	2020-07-26 00:00:00	POS PURCHASE FT20208JZZ2D\\BNKDanona Own Way CAIRO N 07AEG31060795 5264390000000658	292	0	0	1	1
303	2020-03-31 00:00:00	Credit Interest100042182518-20200331	0	39	23086	6	1
342	2020-06-04 00:00:00	POS PURCHASE FT201569T6N5\\BNKTOTAL FUEL 106311 CAIRO E 07EEG00078791 5264390000000658	315	0	58243	2	1
412	2020-08-05 00:00:00	POS PURCHASE FT20218Y7MXH\\BNKBUNSANDDOGS BUNSANDDOGSNEWG 6THOCT01EG 15520054 5264390000000658	80	0	0	1	1
346	2020-06-10 00:00:00	POS PURCHASE FT201621GH45\\BNKTOTAL BONJOUR 114702 MATROUH 17AEG00057298 5264390000000658	103	0	0	2	1
347	2020-06-10 00:00:00	POS PURCHASE FT20162SCNNN\\BNKTOTAL FUEL 106311 CAIRO E 07EEG00078790 5264390000000658	625	0	50015	2	1
455	2020-09-06 00:00:00	ATM WITHDRAWAL FT20250GV77K\\BNKHSBC URGHADA EG 4695264390000000658	1600	0	0	11	1
456	2020-09-06 00:00:00	ATM WITHDRAWAL FT20250B6QH1\\BNK BMELGUNA 2 RED SEA EG BM0332075264390000000658	2000	0	0	11	1
546	2020-11-29 00:00:00	POS PURCHASE FT20334G9DVT\\BNK WEACCEPT CAIRO EG 5264390000000658	2325	0	0	17	1
547	2020-11-29 00:00:00	POS PURCHASE FT20334VN8W2\\BNK WEACCEPT CAIRO EG 5264390000000658	2325	0	14106	17	1
483	2020-10-01 00:00:00	ATM WITHDRAWAL FT20275M4MMJ\\BNKCIB CAREFOUR EL HAMD NEW CAIRO EG08520790 5264390000000658	1000	0	46443	11	1
490	2020-10-11 00:00:00	ATM WITHDRAWAL FT20285BL64X\\BNKHSBC URGHADA EG 4695264390000000658	2000	0	0	11	1
491	2020-10-11 00:00:00	ATM WITHDRAWAL FT20285NS3RZ\\O06CIB EL GOUNA BR FX HURGHADA EG05020852 5264390000000658	5000	0	0	11	1
492	2020-10-11 00:00:00	ATM WITHDRAWAL FT202851WGW4\\BNKCIB MOBILE EL NARGS CAIRO EG08520057 5264390000000658	500	0	0	11	1
497	2020-10-14 00:00:00	ATM WITHDRAWAL FT20288DVJC1 CIBHAMAD BR BNA CAIRO EG 154206835264390000000658	800	0	34329	11	1
479	2020-09-30 00:00:00	DD SALARY FT20274KL6MT\\BNK SalaryFrom GAZELLE TRADE S A E CO	0	20624	0	12	1
360	2020-06-23 00:00:00	Cash Deposit TT20175NXVGY\\D04	0	3805	42448	19	1
499	2020-10-15 00:00:00	ATM WITHDRAWAL FT20289066DY\\BNKCIB RAMSIS BR 3 CAIRO EG 085212125264390000000658	1000	0	0	11	1
337	2020-05-31 00:00:00	Credit Interest100042182518-20200531	0	79	59758	6	1
501	2020-10-18 00:00:00	ATM WITHDRAWAL FT20292V4058\\BNKNBE ATM272 CAIRO EG NBE259815264390000000658	2000	0	0	11	1
502	2020-10-18 00:00:00	ATM WITHDRAWAL FT20292FKRC8\\BNKNBE ATM850 SUIZ EG NBE259835264390000000658	500	0	30362	11	1
435	2020-08-23 00:00:00	POS PURCHASE FT202363QMM6\\BNKOtlob com Cairo EG 5268055264390000000658	95	0	27229	1	1
336	2020-05-31 00:00:00	POS PURCHASE FT20152BG9R9\\BNKGRAND OPTICS CAIRO N 07CEG90276985 5264390000000658	3100	0	0	3	1
436	2020-08-24 00:00:00	POS PURCHASE FT20237CG2ZW\\BNKONTHERUN URBAN5NEW ONTHERUN URBANCAIREG 5264390000000658	46	0	0	3	1
378	2020-07-07 00:00:00	ATM WITHDRAWAL FT20189T3B0H\\E06CIB RAMSIS BR 2 CAIRO EG 083204335264390000000658	3000	0	52098	11	1
364	2020-06-30 00:00:00	DD SALARY FT201825L8GZ\\BNK SalaryFrom GAZELLE TRADE S A E CO	0	12184	0	12	1
500	2020-10-15 00:00:00	POS PURCHASE FT20289T7NDC\\BNKCircle K Na Roa CAIRO N 07AEG99301733 5264390000000658	67	0	32862	1	1
504	2020-10-20 00:00:00	POS PURCHASE FT20294DBM7X\\BNKESTAKOZA RESTAURANT SUEZ 29DEG00066240 5264390000000658	400	0	0	1	1
511	2020-10-25 00:00:00	POS PURCHASE FT20299TM8MM\\BNKMALUS DELI HURGHADA 25BEG 020082445264390000000658	320	0	0	1	1
512	2020-10-25 00:00:00	POS PURCHASE FT20299Q83PM\\BNK PIER88 HURGHADA 25BEG 236174015264390000000658	730	0	0	1	1
515	2020-10-27 00:00:00	POS PURCHASE FT203011JDYY\\BNK CLUBHOUSE HURGHADA 25BEG 318267885264390000000658	100	0	0	1	1
516	2020-10-27 00:00:00	POS PURCHASE FT20301NN8JZ\\BNKCAIRO PHOTOGRAPHY CL CAIRO N 07AEG15630475 5264390000000658	600	0	13277	10	1
521	2020-11-01 00:00:00	POS PURCHASE FT20306TB090\\BNKAttibasi City Stars CAIRO E 07CEG99309144 5264390000000658	116	0	31710	1	1
522	2020-11-03 00:00:00	POS PURCHASE FT20308QV30N\\BNK ONTHE RUN URBAN 5 NE CAIRO EG5264390000000658	153	0	0	1	1
523	2020-11-03 00:00:00	POS PURCHASE FT20308KJDQ6\\BNKCinnabon Arabela Plaza MATROUH17EEG 31914077 5264390000000658	378	0	31179	1	1
525	2020-11-09 00:00:00	POS PURCHASE FT20314MR7W0\\BNKWATANIYA EL MUKATAM CAIRO E 07CEG00111483 5264390000000658	360	0	0	2	1
526	2020-11-09 00:00:00	POS PURCHASE FT203145HY1F\\BNKCAROL CAIRO D T 07DEG 001008585264390000000658	400	0	29419	1	1
2521	2021-03-14 00:00:00	POS PURCHASE FT21073LVKRN\\BNKCHILLOUT 6TH OCT1 6TH OCT 01AEG00126335 5264390000001425	105	0	0	1	2
2525	2021-03-14 00:00:00	POS PURCHASE FT210736C0NS\\BNKTalabat Cairo EG 5268055264390000001425	105	0	0	1	2
1981	2021-04-26 00:00:00	ATM WITHDRAWAL FT21116V02YS\\BNKNBE ATM922 CAIRO EG NBE259825264390000001425	1000	0	17005	11	2
1982	2021-04-27 00:00:00	ATM WITHDRAWAL FT211172ZB46\\BNKCIB GALLERIA 40 CAIRO EG 085209185264390000001425	100	0	0	11	2
1983	2021-04-27 00:00:00	POS PURCHASE FT21117QWH71\\BNKTalabat Cairo EG 5268055264390000001425	144	0	16761	1	2
2067	2021-01-31 00:00:00	POS PURCHASE FT210313RKH2\\BNKSTARBUCKS GALLERIA 4 6TH OCT 01AEG02008325 5264390000001425	59	0	0	1	2
1735	2020-08-23 00:00:00	POS PURCHASE FT20236BM7MF\\BNK UberBV Cairo EG 529566 5264390000001425	82	0	0	13	2
1737	2020-08-23 00:00:00	POS PURCHASE FT202366LRC8\\BNK UberBV Cairo EG 529566 5264390000001425	85	0	0	13	2
1738	2020-08-23 00:00:00	POS PURCHASE FT20236HP6XT\\BNKSEOUDI BEVERLYHILLS 25ELMESA6THOCT 0EG 244200085264390000001425	102	0	226	9	2
1740	2020-08-25 00:00:00	POS PURCHASE FT20238PRTSH\\BNKOtlob com Cairo EG 5268055264390000001425	124	0	13414	1	2
1744	2020-08-30 00:00:00	POS PURCHASE FT20243BQ2TQ\\BNKONTHERUN GAMEATELDEW ONTHERUNGAMEATELEG 5264390000001425	68	0	0	1	2
2135	2021-02-01 00:00:00	POS PURCHASE FT210329Y2Y8\\BNKCircle K Malha One SUEZ 29DEG99302481 5264390000001425	39	0	0	1	2
2136	2021-02-01 00:00:00	POS PURCHASE FT21032CXHRC\\BNKSMOKERY EGYPT FOR TOU HURGHADA EG5264390000001425	320	0	8803	1	2
2137	2021-02-02 00:00:00	ATM WITHDRAWAL FT21033R756B\\BNKNBE ATM922 CAIRO EG NBE259825264390000001425	300	0	0	11	2
2159	2021-02-09 00:00:00	POS PURCHASE FT21040DDL25\\BNKTalabat Cairo EG 5268055264390000001425	218	0	0	1	2
2355	2020-12-29 00:00:00	POS PURCHASE FT20364NS7P7\\BNKSTARBUCKS GAMET EL D GIZA 12EEG61773284 5264390000001425	300	0	0	1	2
2221	2020-11-09 00:00:00	POS PURCHASE FT20314H3S4V\\BNK UberBV Cairo EG 529566 5264390000001425	102	0	0	13	2
2411	2020-04-30 00:00:00	POS PURCHASE FT20121PS7QZ\\BNKONTHERUN BESIDEHYPE ONTHERUNBESIDEH GEG 5264390000001425	140	0	0	1	2
2280	2020-11-30 00:00:00	DD SALARY FT203359DPFQ\\BNK HRPayment From c i capital	0	550	0	12	2
1807	2021-05-20 00:00:00	POS PURCHASE FT211407V8WC\\BNKSTARBUCKS GALLERIA 4 6TH OCT 01AEG31060713 5264390000001425	152	0	0	1	2
1809	2021-05-20 00:00:00	POS PURCHASE FT21140K6ZQC\\BNKSTARBUCKS GALLERIA 4 6TH OCT 01AEG31060713 5264390000001425	107	0	0	1	2
1799	2021-05-18 00:00:00	POS PURCHASE FT21138L947P\\BNKTalabat Cairo EG 5268055264390000001425	185	0	0	1	2
1800	2021-05-18 00:00:00	POS PURCHASE FT21138LZV1L\\BNKTalabat Cairo EG 5268055264390000001425	253	0	7336	1	2
1801	2021-05-19 00:00:00	POS PURCHASE FT21139Z133W\\BNKBASSEM MARKET MATROUH 17AEG00084701 5264390000001425	47	0	0	9	2
1802	2021-05-19 00:00:00	POS PURCHASE FT211397YDRW\\BNKSeoudi Mrassi 1 Others EG T00042345264390000001425	424	0	0	9	2
1804	2021-05-20 00:00:00	ATM WITHDRAWAL FT21140RCTZG\\BNKNBE ATM922 CAIRO EG NBE259825264390000001425	200	0	0	11	2
1810	2021-05-20 00:00:00	POS PURCHASE FT21140F2Q56\\BNKTalabat Cairo EG 5268055264390000001425	219	0	0	1	2
1825	2021-05-25 00:00:00	POS PURCHASE FT211455N9BJ\\BNKSTARBUCKS GALLERIA 4 6TH OCT 01AEG02008325 5264390000001425	57	0	18980	1	2
1829	2021-05-26 00:00:00	POS PURCHASE FT21146NZ5WH\\BNKMOBIL ZAYED CITY GIZA EG5264390000001425	105	0	0	2	2
2378	2020-04-12 00:00:00	POS PURCHASE FT20103C2TT5\\BNKUBEREATSHELP UBER CO Hamminkweghelp uNL 5264390000001425	63	0	0	13	2
2380	2020-04-13 00:00:00	POS PURCHASE FT20104FLKFV\\BNKUBEREATSHELP UBER CO Hamminkweghelp uNL 5264390000001425	63	0	2394	13	2
2544	2021-03-21 00:00:00	POS PURCHASE FT2108064DB5\\BNKMOBIL GIZA GIZA EG 5264390000001425	105	0	0	2	2
2550	2021-03-22 00:00:00	POS PURCHASE FT210810PGST\\BNKMOBIL GIZA GIZA EG 5264390000001425	200	0	0	2	2
1888	2020-07-14 00:00:00	POS PURCHASE FT201964LB51\\BNKOtlob com Cairo EG 5268055264390000001425	35	0	0	1	2
1889	2020-07-14 00:00:00	POS PURCHASE FT201967L6V9\\BNKOtlob com Cairo EG 5268055264390000001425	240	0	3558	1	2
2417	2020-10-05 00:00:00	POS PURCHASE FT20279W5065\\BNKCHILLOUT ALEX R2 6TH OCT 01AEG00097183 5264390000001425	155	0	0	1	2
2418	2020-10-05 00:00:00	POS PURCHASE FT2027949F3J\\BNK ONTHE RUN THE UNIVE GIZA EG5264390000001425	80	0	0	1	2
2419	2020-10-05 00:00:00	POS PURCHASE FT202796FHYQ\\BNKSMOKERY EGYPT FOR TOU CAIRO EG5264390000001425	750	0	0	1	2
2420	2020-10-05 00:00:00	POS PURCHASE FT20279BH6BV\\BNKOtlob com Cairo EG 5268055264390000001425	207	0	0	1	2
2464	2020-10-22 00:00:00	DD SALARY FT20296V9MRZ\\BNK OctoberSalaries From c i capital	0	13311	13393	12	2
2477	2021-03-01 00:00:00	POS PURCHASE FT21060W8MT0\\BNKTalabat Cairo EG 5268055264390000001425	203	0	12885	1	2
2478	2021-03-02 00:00:00	POS PURCHASE FT21061DRJ7K\\BNKTalabat Cairo EG 5268055264390000001425	148	0	0	1	2
2479	2021-03-02 00:00:00	POS PURCHASE FT210610XXB3\\BNK UberBV Cairo EG 529566 5264390000001425	12	0	0	13	2
2481	2021-03-02 00:00:00	POS PURCHASE FT21061D3W4Z\\BNK UberBV Cairo EG 529566 5264390000001425	87	0	12437	13	2
2482	2021-03-03 00:00:00	ATM WITHDRAWAL FT210629JNYS\\BNKCIB MARRIOTT MIRAGE 2 MARRIOTTMIRAGE EG 08520339 5264390000001425	200	0	0	11	2
2484	2021-03-03 00:00:00	POS PURCHASE FT21062941PR\\BNKCHILLOUT AIRPORT CAIRO E 07EEG00127568 5264390000001425	105	0	0	1	2
2487	2021-03-04 00:00:00	POS PURCHASE FT2106386PDT\\BNKTalabat Cairo EG 5268055264390000001425	17	0	0	1	2
2488	2021-03-04 00:00:00	POS PURCHASE FT21063KJ24H\\BNKMCDONALD S CHILOUT AIR EAIRO E07CEG 00125651 5264390000001425	68	0	11661	1	2
2489	2021-03-07 00:00:00	ATM WITHDRAWAL FT210660326L\\BNKNBE ATM508 GIZA EG NBE259825264390000001425	700	0	0	11	2
2490	2021-03-07 00:00:00	ATM WITHDRAWAL FT2106616ZDR\\BNKCIB SODIC BR OCTOBER EG 085206285264390000001425	1000	0	0	11	2
2491	2021-03-07 00:00:00	ATM WITHDRAWAL FT210666KNCD\\BNKArab Bank Egypt iza EG EGA8065264390000001425	600	0	0	11	2
2203	2020-11-01 00:00:00	POS PURCHASE FT20306V8XS3\\BNKONTHERUN ELBATALAHMEDE GIZA EG5264390000001425	80	0	10649	1	2
2211	2020-11-03 00:00:00	POS PURCHASE FT20308Y68MY\\BNKMOBIL GIZA GIZA EG 5264390000001425	560	0	0	2	2
2248	2020-11-15 00:00:00	POS PURCHASE FT203208W9M1\\BNKMOBIL GIZA GIZA EG 5264390000001425	150	0	0	2	2
2149	2021-02-04 00:00:00	ATM WITHDRAWAL FT21035TCZTX\\BNKCIB GALLERIA 40 CAIRO EG 085209185264390000001425	200	0	0	11	2
2150	2021-02-04 00:00:00	ATM WITHDRAWAL FT2103525CZ2\\BNKNBE ATM922 CAIRO EG NBE259825264390000001425	200	0	0	11	2
2152	2021-02-04 00:00:00	POS PURCHASE FT21035GW8S2\\BNK ONTHE RUN THE UNIVE GIZA EG5264390000001425	46	0	5636	1	2
2386	2020-04-16 00:00:00	POS PURCHASE FT20107YQF8N\\BNKOrange DSL Cairo EG 5550715264390000001425	85	0	1985	8	2
2399	2020-04-22 00:00:00	Internet Transfer To Own ACFT20113D4F02\\BNK	430	0	6289	18	2
2308	2020-12-08 00:00:00	POS PURCHASE FT203432G40T\\BNK UberBV Cairo EG 529566 5264390000001425	12	0	0	13	2
2309	2020-12-08 00:00:00	POS PURCHASE FT2034396DNZ\\BNK UberBV Cairo EG 529566 5264390000001425	72	0	0	13	2
1642	2020-06-07 00:00:00	POS PURCHASE FT201598VB51\\BNKOtlob com Cairo EG 5268055264390000001425	99	0	0	1	2
1643	2020-06-07 00:00:00	POS PURCHASE FT20159LQRR2\\BNKOtlob com Cairo EG 5268055264390000001425	107	0	6733	1	2
2569	2021-03-28 00:00:00	POS PURCHASE FT21087XS1XJ\\BNKSTARBUCKS GALLERIA 4 6TH OCT 01AEG31060713 5264390000001425	54	0	0	1	2
2382	2020-04-14 00:00:00	POS PURCHASE FT20105S7K4F\\BNK UberBV Cairo EG 529566 5264390000001425	62	0	2229	13	2
2383	2020-04-15 00:00:00	POS PURCHASE FT201067DW1X\\BNKUBEREATSHELP UBER CO Hamminkweghelp uNL 5264390000001425	63	0	0	13	2
2384	2020-04-15 00:00:00	POS PURCHASE FT201064DPVW\\BNK UberBV Cairo EG 529566 5264390000001425	62	0	0	13	2
2387	2020-04-21 00:00:00	DD SALARY FT20112YXGW8\\BNK AprilSalaries From c i capital	0	13335	0	12	2
1937	2021-04-06 00:00:00	POS PURCHASE FT21096VCKKC\\BNKmyfawry Maadi EG NBE000815264390000001425	73	0	0	4	2
1951	2021-04-11 00:00:00	POS PURCHASE FT21101PG35G\\BNKmyfawry Maadi EG NBE001005264390000001425	102	0	0	4	2
1952	2021-04-11 00:00:00	POS PURCHASE FT21101RDJ8Z\\BNKmyfawry Maadi EG NBE001005264390000001425	102	0	0	4	2
2011	2021-01-11 00:00:00	POS PURCHASE FT21011M9DKT\\BNKMOBIL ZAYED CITY GIZA EG5264390000001425	100	0	0	2	2
2020	2021-01-13 00:00:00	POS PURCHASE FT210135JNZ0\\BNKMOBIL ZAYED CITY GIZA EG5264390000001425	105	0	6441	2	2
1994	2021-01-04 00:00:00	POS PURCHASE FT21004N8H3Q\\BNKSTARBUCKS GALLERIA 4 6TH OCT 01AEG31060713 5264390000001425	170	0	10134	1	2
2032	2021-01-18 00:00:00	POS PURCHASE FT210189C93R\\BNKMOBIL ZAYED CITY GIZA EG5264390000001425	105	0	0	2	2
1922	2021-04-04 00:00:00	ATM WITHDRAWAL FT21094HSKXG\\BNKQNB ALAHLI IZA 0069 S EG 006905155264390000001425	200	0	0	11	2
1923	2021-04-04 00:00:00	ATM WITHDRAWAL FT21094M87N2\\BNK BMFAWRY ELMOHANDSIN ELMOHANDSIN EGBM046703 5264390000001425	100	0	0	11	2
1924	2021-04-04 00:00:00	ATM WITHDRAWAL FT21094J895T\\BNK250 Maadi Square CAIRO EG ABCE00985264390000001425	1000	0	0	11	2
1930	2021-04-06 00:00:00	ATM WITHDRAWAL FT210966XS35\\BNKCIB GALLERIA 40 CAIRO EG 085209185264390000001425	500	0	0	11	2
1931	2021-04-06 00:00:00	POS PURCHASE FT21096HJM49\\BNKTalabat Cairo EG 5268055264390000001425	164	0	0	1	2
1932	2021-04-06 00:00:00	POS PURCHASE FT210969Y0WH\\BNK UberBV Cairo EG 529566 5264390000001425	116	0	0	13	2
1935	2021-04-06 00:00:00	POS PURCHASE FT2109684KVY\\BNKTalabat Cairo EG 5268055264390000001425	79	0	0	1	2
1938	2021-04-06 00:00:00	POS PURCHASE FT21096MK1NQ\\BNK 7MART MATROUH 17AEG 000852865264390000001425	152	0	0	9	2
1939	2021-04-06 00:00:00	POS PURCHASE FT21096PMJVB\\BNKTalabat Cairo EG 5268055264390000001425	294	0	5095	1	2
2007	2021-01-10 00:00:00	POS PURCHASE FT210108DH2C\\BNKSTARBUCKS GALLERIA 4 6TH OCT 01AEG31060713 5264390000001425	59	0	0	1	2
1717	2020-08-16 00:00:00	ATM WITHDRAWAL FT20229FGJS6\\BNKSUEZ ATM150 lexandria EG ATM1505264390000001425	300	0	0	11	2
1718	2020-08-16 00:00:00	POS PURCHASE FT202291VS6H\\BNKOtlob com Cairo EG 5268055264390000001425	194	0	0	1	2
2008	2021-01-10 00:00:00	POS PURCHASE FT21010PNM29\\BNKSTARBUCKS GALLERIA 4 6TH OCT 01AEG31060713 5264390000001425	61	0	0	1	2
1940	2021-04-07 00:00:00	ATM WITHDRAWAL FT21097P650M\\BNKCIB MASTER ELSHEKH ZAY DCAIRO EG08521051 5264390000001425	100	0	0	11	2
2016	2021-01-12 00:00:00	POS PURCHASE FT21012WTDS7\\BNKSTARBUCKS GALLERIA 4 6TH OCT 01AEG31060713 5264390000001425	59	0	0	1	2
1941	2021-04-07 00:00:00	ATM WITHDRAWAL FT2109732JH7\\BNKNBE ATM922 CAIRO EG NBE259825264390000001425	100	0	0	11	2
2042	2021-01-20 00:00:00	POS PURCHASE FT21020GBVF7\\BNKSERVAL FOOD CONCEPTS 6TH OCT EG91024607 5264390000001425	445	0	2592	1	2
1942	2021-04-07 00:00:00	ATM WITHDRAWAL FT21097RRZRG\\BNKNBE ATM922 CAIRO EG NBE259825264390000001425	400	0	0	11	2
2069	2021-01-31 00:00:00	POS PURCHASE FT21031JLT1V\\BNKMOBIL ZAYED CITY GIZA EG5264390000001425	105	0	0	2	2
2037	2021-01-19 00:00:00	POS PURCHASE FT21019K3954\\BNKSTARBUCKS GALLERIA 4 6TH OCT 01AEG02008325 5264390000001425	59	0	0	1	2
1950	2021-04-11 00:00:00	POS PURCHASE FT21101D0FZF\\BNK UberBV Cairo EG 529566 5264390000001425	83	0	0	13	2
1953	2021-04-11 00:00:00	POS PURCHASE FT21101F4PZP\\BNK UberBV Cairo EG 529566 5264390000001425	80	0	0	13	2
1955	2021-04-11 00:00:00	POS PURCHASE FT21101LD2QN\\BNK UberBV Cairo EG 529566 5264390000001425	80	0	0	13	2
1956	2021-04-11 00:00:00	POS PURCHASE FT21101CCQB6\\BNK UberBV Cairo EG 529566 5264390000001425	79	0	1925	13	2
1958	2021-04-12 00:00:00	POS PURCHASE FT211025QJDB\\BNK UberBV Cairo EG 529566 5264390000001425	90	0	0	13	2
1965	2021-04-14 00:00:00	POS PURCHASE FT21104Q59B3\\BNKONTHE RUN GAMEAT ELDEW GIZA EG5264390000001425	48	0	0	1	2
2068	2021-01-31 00:00:00	POS PURCHASE FT21031505N7\\BNKSTARBUCKS GALLERIA 4 6TH OCT 01AEG02008325 5264390000001425	59	0	0	1	2
2070	2021-01-31 00:00:00	POS PURCHASE FT21031MCMNV\\BNKSTARBUCKS GALLERIA 4 6TH OCT 01AEG02008325 5264390000001425	61	0	9597	1	2
1984	2021-04-28 00:00:00	POS PURCHASE FT21118V6CV9\\BNK UberBV Cairo EG 529566 5264390000001425	65	0	0	13	2
1985	2021-04-28 00:00:00	ATM WITHDRAWAL FT211188C1V0\\BNKCIB GALLERIA 40 CAIRO EG 085209185264390000001425	500	0	16195	11	2
2528	2021-03-15 00:00:00	POS PURCHASE FT210749B03W\\BNKTOTAL BONJOUR 111931 CAIRO S 07EEG00075194 5264390000001425	48	0	0	2	2
2529	2021-03-15 00:00:00	POS PURCHASE FT21074QNK2G\\BNKTalabat Cairo EG 5268055264390000001425	211	0	3233	1	2
2531	2021-03-16 00:00:00	POS PURCHASE FT21075C4K9X\\BNK UberBV Cairo EG 529566 5264390000001425	87	0	0	13	2
2535	2021-03-16 00:00:00	POS PURCHASE FT210752VCBX\\BNKTalabat Cairo EG 5268055264390000001425	179	0	0	1	2
2536	2021-03-16 00:00:00	POS PURCHASE FT21075VDVM3\\BNKCIRCLE K STRIP MALL GIZA EG5264390000001425	239	0	2168	1	2
2537	2021-03-17 00:00:00	ATM WITHDRAWAL FT21076T5021\\BNKCORNICH EL NILE MAADI AIRO EGAAIBN751 5264390000001425	100	0	0	11	2
2539	2021-03-17 00:00:00	POS PURCHASE FT21076FKT9L\\BNKTalabat Cairo EG 5268055264390000001425	37	0	1580	1	2
2540	2021-03-18 00:00:00	POS PURCHASE FT21077R3XNS\\BNKTalabat Cairo EG 5268055264390000001425	200	0	1379	1	2
2542	2021-03-21 00:00:00	ATM WITHDRAWAL FT21080J1Y65\\BNKCIB SODIC BR OCTOBER EG 085206285264390000001425	100	0	0	11	2
2543	2021-03-21 00:00:00	POS PURCHASE FT21080QXQMD\\BNKSEOUDI BEVERLY HILLS 6TH OCT 01AEG24420013 5264390000001425	409	0	0	9	2
2546	2021-03-21 00:00:00	POS PURCHASE FT21080XQFFW\\BNK ONTHE RUN THE UNIVE GIZA EG5264390000001425	82	0	0	1	2
2261	2020-11-22 00:00:00	Internet Transfer To Own ACFT20327T3WMP\\BNK	0	300	0	18	2
2559	2021-03-25 00:00:00	ATM WITHDRAWAL FT21084VFJQH\\BNKCIB GALLERIA 40 CAIRO EG 085209185264390000001425	150	0	0	11	2
2560	2021-03-25 00:00:00	ATM WITHDRAWAL FT210846G0F1\\BNKCIB GALLERIA 40 CAIRO EG 085209185264390000001425	600	0	0	11	2
2561	2021-03-25 00:00:00	POS PURCHASE FT21084B2WVH\\BNK OVIORESTAURANT 6TH OCT 01AEG 001310055264390000001425	42	0	0	1	2
2563	2021-03-28 00:00:00	ATM WITHDRAWAL FT21087Z9WCW\\BNKHSBC AIRO EG 310 5264390000001425	400	0	0	11	2
2564	2021-03-28 00:00:00	ATM WITHDRAWAL FT21087H6HBP\\BNK 12AL BATAL AHMED ABD IZA EG AAIBN6255264390000001425	500	0	0	11	2
2567	2021-03-28 00:00:00	POS PURCHASE FT21087KSLG2\\BNK UberBV Cairo EG 529566 5264390000001425	51	0	0	13	2
2568	2021-03-28 00:00:00	POS PURCHASE FT21087XK8GL\\BNK UberBV Cairo EG 529566 5264390000001425	56	0	0	13	2
2571	2021-03-28 00:00:00	POS PURCHASE FT21087J6B8W\\BNK UberBV Cairo EG 529566 5264390000001425	12	0	0	13	2
2572	2021-03-28 00:00:00	ATM WITHDRAWAL FT21087J2NKV\\BNKCORNICH EL NILE MAADI AIRO EGAAIBN751 5264390000001425	100	0	12883	11	2
2573	2021-03-29 00:00:00	ATM WITHDRAWAL FT21088ZS30Q\\BNKCORNICH EL NILE MAADI AIRO EGAAIBN751 5264390000001425	200	0	0	11	2
2574	2021-03-29 00:00:00	POS PURCHASE FT21088DR9D9\\BNKTalabat Cairo EG 5268055264390000001425	209	0	0	1	2
2575	2021-03-29 00:00:00	POS PURCHASE FT210887JM2H\\BNKTOTAL BONJOUR 111931 CAIRO S 07EEG00075194 5264390000001425	135	0	12338	2	2
2576	2021-03-30 00:00:00	POS PURCHASE FT210891RYVJ\\BNKSeoudi Beverly Hills Others EGT0003213 5264390000001425	496	0	0	9	2
2577	2021-03-30 00:00:00	POS PURCHASE FT21089J53XJ\\BNKTOTAL FUEL 116608 CAIRO E 07EEG00096341 5264390000001425	200	0	0	2	2
2578	2021-03-30 00:00:00	POS PURCHASE FT21089RZN7D\\BNKCIRCLE K STRIP 6TH OCT 01AEG31827370 5264390000001425	83	0	0	1	2
2579	2021-03-30 00:00:00	POS PURCHASE FT21089BGB9V\\BNKTalabat Cairo EG 5268055264390000001425	149	0	0	1	2
2580	2021-03-30 00:00:00	POS PURCHASE FT21089G7VYJ\\BNKTalabat Cairo EG 5268055264390000001425	77	0	0	1	2
2582	2021-03-31 00:00:00	POS PURCHASE FT2109029T7Q\\BNKTalabat Cairo EG 5268055264390000001425	205	0	10566	1	2
\.


--
-- Name: categories_id_seq; Type: SEQUENCE SET; Schema: public; Owner: postgres
--

SELECT pg_catalog.setval('public.categories_id_seq', 16, true);


--
-- Name: categories_key_words_id_seq; Type: SEQUENCE SET; Schema: public; Owner: postgres
--

SELECT pg_catalog.setval('public.categories_key_words_id_seq', 167, true);


--
-- Name: trans_details_id_seq; Type: SEQUENCE SET; Schema: public; Owner: postgres
--

SELECT pg_catalog.setval('public.trans_details_id_seq', 2582, true);


--
-- Name: categories_key_words categories_key_words_pkey; Type: CONSTRAINT; Schema: public; Owner: postgres
--

ALTER TABLE ONLY public.categories_key_words
    ADD CONSTRAINT categories_key_words_pkey PRIMARY KEY (id);


--
-- Name: categories categories_pkey; Type: CONSTRAINT; Schema: public; Owner: postgres
--

ALTER TABLE ONLY public.categories
    ADD CONSTRAINT categories_pkey PRIMARY KEY (id);


--
-- Name: trans_details trans_details_pkey; Type: CONSTRAINT; Schema: public; Owner: postgres
--

ALTER TABLE ONLY public.trans_details
    ADD CONSTRAINT trans_details_pkey PRIMARY KEY (id);


--
-- Name: idx_categorie_id; Type: INDEX; Schema: public; Owner: postgres
--

CREATE INDEX idx_categorie_id ON public.categories USING btree (id);


--
-- Name: idx_categorie_key_word; Type: INDEX; Schema: public; Owner: postgres
--

CREATE INDEX idx_categorie_key_word ON public.categories_key_words USING btree (categorie);


--
-- Name: idx_user_id; Type: INDEX; Schema: public; Owner: postgres
--

CREATE INDEX idx_user_id ON public.trans_details USING btree (user_id);


--
-- Name: categories_key_words categories_key_words_categorie_fkey; Type: FK CONSTRAINT; Schema: public; Owner: postgres
--

ALTER TABLE ONLY public.categories_key_words
    ADD CONSTRAINT categories_key_words_categorie_fkey FOREIGN KEY (categorie) REFERENCES public.categories(id);


--
-- Name: trans_details fk; Type: FK CONSTRAINT; Schema: public; Owner: postgres
--

ALTER TABLE ONLY public.trans_details
    ADD CONSTRAINT fk FOREIGN KEY (categorie) REFERENCES public.categories(id);


--
-- PostgreSQL database dump complete
--

