-- MySQL dump 10.14  Distrib 5.5.46-MariaDB, for Linux (x86_64)
--
-- Host: csdb    Database: smarthomes
-- ------------------------------------------------------
-- Server version	5.6.15

/*!40101 SET @OLD_CHARACTER_SET_CLIENT=@@CHARACTER_SET_CLIENT */;
/*!40101 SET @OLD_CHARACTER_SET_RESULTS=@@CHARACTER_SET_RESULTS */;
/*!40101 SET @OLD_COLLATION_CONNECTION=@@COLLATION_CONNECTION */;
/*!40101 SET NAMES utf8 */;
/*!40103 SET @OLD_TIME_ZONE=@@TIME_ZONE */;
/*!40103 SET TIME_ZONE='+00:00' */;
/*!40014 SET @OLD_UNIQUE_CHECKS=@@UNIQUE_CHECKS, UNIQUE_CHECKS=0 */;
/*!40014 SET @OLD_FOREIGN_KEY_CHECKS=@@FOREIGN_KEY_CHECKS, FOREIGN_KEY_CHECKS=0 */;
/*!40101 SET @OLD_SQL_MODE=@@SQL_MODE, SQL_MODE='NO_AUTO_VALUE_ON_ZERO' */;
/*!40111 SET @OLD_SQL_NOTES=@@SQL_NOTES, SQL_NOTES=0 */;

--
-- Table structure for table `editable`
--

DROP TABLE IF EXISTS `editable`;
/*!40101 SET @saved_cs_client     = @@character_set_client */;
/*!40101 SET character_set_client = utf8 */;
CREATE TABLE `editable` (
  `section_id` int(11) NOT NULL AUTO_INCREMENT,
  `heading` varchar(100) DEFAULT NULL,
  `text` text NOT NULL,
  `last_uid` int(11) DEFAULT NULL,
  `page` varchar(50) DEFAULT NULL,
  `date` timestamp NOT NULL DEFAULT CURRENT_TIMESTAMP ON UPDATE CURRENT_TIMESTAMP,
  PRIMARY KEY (`section_id`)
) ENGINE=InnoDB AUTO_INCREMENT=26 DEFAULT CHARSET=latin1;
/*!40101 SET character_set_client = @saved_cs_client */;

--
-- Dumping data for table `editable`
--

LOCK TABLES `editable` WRITE;
/*!40000 ALTER TABLE `editable` DISABLE KEYS */;
INSERT INTO `editable` VALUES (1,'Automate your House','Enjoy the convenience of managing several devices in your house. MESH allows you to control your devices intelligently, manage your security systems, and improve your overall lifestyle. What&#039;s the best part? It&#039;s free!',1,'home','2016-06-24 21:30:22'),(2,'Lower Energy Consumption','Our primary goal is to reduce overall power consumption. Our system allows users to monitor their energy consumption to deter high energy waste. More importantly, every household running MESH can connect with neighboring houses running the same system. Together a grid of MESH smart houses can work together for the greater good.',6,'home','2016-06-29 19:11:28'),(3,'Help the Enviroment','Do your part to fight climate change. Using MESH as a tool, communities can help reduce their carbon emission footprint.',1,'home','2016-06-23 14:29:27'),(4,'William Yeoh','\nWilliam is an under-caffeinated assistant professor of computer science at NMSU. When he is not designing algorithms to take over the world, his world is taken over by his toddler son.',1,'home','2016-07-07 15:26:36'),(5,'Ferdinando Fioretto','www.cs.nmsu.edu/~ffiorett/',14,'home','2016-08-10 16:39:15'),(6,'Jeremiah Smith','Jeremiah Smith is a hardworking and enthusiastic third year computer scientist student at New Mexico State University. He enjoys working on challenging software development projects.\n',3,'home','2016-08-11 15:58:56'),(7,'Alex Martinez','Alex enjoys reading, writing poetry, archery, and playing video games. When he is not working on the project, he finds places to travel to, both domestic and internationally. He hopes to visit Iceland in the near future and bask in the beautiful environment.',6,'home','2016-06-29 21:01:35'),(8,'Chance Brunton','Chance is a senior Electrical Engineering student at New Mexico State University. He works on the constraint solver that schedules device activity within and between houses. He is excited to work on this project because of the amazing potential it has to revolutionize daily life.',8,'home','2016-08-12 22:18:20'),(9,'Jordan Michael','Jordan is a Senior in Computer Science at NMSU. He is engaged to be married in September 2016. He loves sports and movies, likes meeting new people and hearing their great stories through life.',6,'home','2016-06-29 21:02:39'),(10,'William Kluegel','William is a student in the graduate Computer Science program at NMSU.  He spends most of his spare time going to brewpubs, playing competitive video games, and binge watching shows.',7,'home','2016-06-30 18:09:24'),(11,'John V. Flickinger','John is a Senior at NMSU working on his Computer Science degree. In his spare time, he enjoys playing chess, spending time with his girlfriend, and working on his own personal projects. Upon graduation, he plans to start a business that will be innovative in Science and Technology.',6,'home','2016-06-29 21:03:08'),(12,'Aamir Iqbal','Aamir likes to play soccer, cricket, and video games. And he loves eating food from different countries.',6,'home','2016-06-29 21:03:29'),(13,'Stephanie Perez','Stepheny is studying for a Master of Science in Computer Science after having recently graduated from NMSU with a Bachelor of Science in Computer Science. She is currently working on this smart grid project.',1,'home','2016-06-30 18:03:58'),(14,'Vasia Patov','Vasia is pursuing a Masters in Computer Science at the University of Stony Brook, New York. In his spare time, he enjoys losing to John in chess games. Some of his favorite things to do are to play soccer, play guitar, spend time with close friends, and work on some personal projects, such as a chess AI, and a music composer. Right now, he is researching preference elicitation in the context of the smart building device scheduling problem.',6,'home','2016-06-29 21:04:46'),(15,'Nick Richman','Nick likes to eat pizza. He does not like to not eat pizza.',6,'home','2016-06-29 21:04:58'),(16,'New Mexico State University','NMSU is a NASA Space Grant College, a Hispanic-serving institution and is home to the very first Honors College in New Mexico. We have been recognized as a top tier university on the U.S. News & World Report Best Colleges for 2016 National Universities rankings.',1,'home','2016-06-23 14:35:09'),(17,'iCREDITS','The CREST Interdisciplinary Center of Research Excellence in Design of Intelligent Technologies for Smart Grids (iCREDITS) was established at New Mexico State University in 2014, with a grant awarded from the National Science Foundation. The Center brings together experts in electrical engineering, computer science, mathematics, management, and education. Its goal is to serve as a new epicenter for research and training in smart grids.',NULL,'home','2016-06-23 14:35:11'),(18,'National Science Foundation','This project is founded by the National Science Foundation under grant #1345232. This project would not be possible without the support of NSF. ',1,'home','2016-06-23 14:35:15'),(19,'Under the Hood','MESH is much more than just a Home Automation System. MESH is actually smart. Not only can you make your own house smart, but you can connect a whole community together with MESH. Best of all, the software is FREE! The whole system can run off a Raspberry Pi. Click on the links below to learn more.                                                                                ',0,'specifics','2016-06-23 14:53:55'),(20,'Getting User Preferences','Every household running MESH is given a website to input user preferences. In a sense, this website works very similar to how a router configuration page works on a private home network. Through a user interface on this website, every household is able to set permissions, view finalized schedules, and monitor their energy consumption. Using these tools, MESH users can deter high energy waste by pinpointing high-impact areas. The primary goal of the user interface is to be highly customizable by providing a wide range of features that can be modified without sacrificing simplicity.',0,'specifics','2016-08-14 20:40:55'),(21,'Constraint Optimization Solver','Once MESH receives the constraints and preferences of the users in a household, it will run a constraint optimization solver to find possible schedules for the smart devices in the house that satisfy all the users&#039; requirements. Among these possible schedules, it will take real-time pricing of energy into account and chooses the schedule that results in low energy costs for the users in the household.',0,'specifics','2016-08-14 20:48:01'),(22,'Multi-agent System','Given the schedule and corresponding predicted power consumption of each household, using a state-of-the-art distributed constraint optimization engine, MESH will coordinate with agents in other households to find a coordinated schedule that satisfies everyone&#039;s preferences and minimizes the energy costs for everyone.',0,'specifics','2016-08-14 20:50:50'),(23,'Optimized  Schedule','Finally, the coordinated optimized schedule of operations for each household can be viewed and modified if necessary on the same website, where preferences are entered.',0,'specifics','2016-08-14 20:52:22'),(24,'Enrico Pontelli','Enrico Pontelli received his Ph.D. from NMSU in 1997; he is currently a Regents Professor in the Department of Computer Science and an Interim Dean of the College of Arts and Sciences. His research areas are in everything logic related.',NULL,'home','2016-07-07 15:55:25'),(25,'Son Tran','Son is a professor in CS whom people often get his first and last names confused. As such, he answers to Son, Cao, or Tran.',NULL,'home','2016-08-03 16:15:46');
/*!40000 ALTER TABLE `editable` ENABLE KEYS */;
UNLOCK TABLES;

--
-- Table structure for table `post`
--

DROP TABLE IF EXISTS `post`;
/*!40101 SET @saved_cs_client     = @@character_set_client */;
/*!40101 SET character_set_client = utf8 */;
CREATE TABLE `post` (
  `post_id` int(11) NOT NULL AUTO_INCREMENT,
  `uid` int(11) NOT NULL,
  `title` varchar(255) NOT NULL,
  `content` longtext NOT NULL,
  `date` timestamp NOT NULL DEFAULT CURRENT_TIMESTAMP,
  `last_updated` timestamp NULL DEFAULT NULL ON UPDATE CURRENT_TIMESTAMP,
  PRIMARY KEY (`post_id`)
) ENGINE=InnoDB AUTO_INCREMENT=3 DEFAULT CHARSET=latin1;
/*!40101 SET character_set_client = @saved_cs_client */;

--
-- Dumping data for table `post`
--

LOCK TABLES `post` WRITE;
/*!40000 ALTER TABLE `post` DISABLE KEYS */;
INSERT INTO `post` VALUES (1,1,'News/Blog section of the website is nearing completion','&lt;img src=&quot;http://i.imgur.com/vtHQAWW.jpg&quot; width=&quot;680&quot;&gt;&lt;br&gt;&lt;div&gt;&lt;br&gt;&lt;/div&gt;&lt;h3&gt;Welcome&lt;/h3&gt;&lt;h3&gt;&lt;span style=&quot;font-size: large; font-family: Lato, sans-serif; font-weight: 400; line-height: 1.42857;&quot;&gt;Hello all and welcome to my first post! I am excited to give you guys some insight into what I have been doing for the last week. Feel free to completely ignore this post if this is not your &quot;cup of tea&quot;.&amp;nbsp;&lt;/span&gt;&lt;/h3&gt;&lt;div&gt;&lt;font size=&quot;4&quot;&gt;&lt;br&gt;&lt;/font&gt;&lt;/div&gt;&lt;div&gt;&lt;span style=&quot;font-family: Raleway, sans-serif; font-size: large; font-weight: bold; line-height: 19.8px;&quot;&gt;A slow beginning&lt;/span&gt;&lt;font size=&quot;4&quot;&gt;&lt;br&gt;&lt;/font&gt;&lt;/div&gt;&lt;p&gt;&lt;font size=&quot;4&quot;&gt;Two months ago I was asked by the MESH developer team to make a blog where we could post some updates; I silently hated the idea. I mean, why should &lt;b&gt;I&lt;/b&gt; spend countless hours making something that would simply distract me from the actual project, but worse than that was the idea that it might never be used.&amp;nbsp;&lt;/font&gt;&lt;i style=&quot;font-size: large;&quot;&gt;(You might think it far fetched for me to make such assumptions, but I still had a sour taste from a previous experience. In my prior employment, I received countless requests to make a polling/voting system and after I made it, it was barely&amp;nbsp;even used. &amp;nbsp;Needless to say, I wasn&#039;t thrilled.) &lt;/i&gt;&lt;b style=&quot;font-size: large;&quot;&gt;So then why did I change my mind?&lt;/b&gt;&lt;/p&gt;&lt;p&gt;&lt;font size=&quot;4&quot;&gt;Two weeks ago my boss approached me to start revamping the project website (this website) and after discussing some design aspects, my boss mentioned he wanted the website to have a way to post news updates. After some thinking I realized that the goal of a developer blog is very similar to a &quot;news&quot; section and although I had initially disliked the idea I started thinking one, I started&amp;nbsp;thinking&amp;nbsp;about it from technical standpoint.&amp;nbsp;I mean what exactly would be required to do it?&amp;nbsp;&lt;/font&gt;&lt;/p&gt;&lt;p&gt;&lt;font size=&quot;4&quot;&gt;Unbeknownst to me, I was trapped in my own curiosity.&amp;nbsp;&lt;/font&gt;&lt;/p&gt;&lt;p&gt;&lt;font size=&quot;4&quot;&gt;&lt;br&gt;&lt;/font&gt;&lt;/p&gt;&lt;h4&gt;How to start?&lt;/h4&gt;&lt;p&gt;&lt;font size=&quot;4&quot;&gt;Needless to say, I started working on it. Obviously I couldn&#039;t simply write the blogs as static webpages, that was crude and more importantly it required that I be in &quot;stand-by mode&quot; to post new blog/news updates. Nope that was not acceptable. Then perhaps I should go the WordPress route? That peaked my interest a bit, but ultimately I decided against it. I won&#039;t explain why, but &lt;a href=&quot;https://wellfire.co/learn/why-we-dont-use-wordpress/&quot; title=&quot;&quot; target=&quot;&quot;&gt;these &lt;/a&gt;guys share a similar opinion to my own. So then what should I do?&amp;nbsp;&lt;/font&gt;&lt;/p&gt;&lt;p&gt;&lt;font size=&quot;4&quot;&gt;I decided to do it myself. Not only would this be funner than trying to learn an established CMS system, but it would also be educational as this would be the first time I created such a system.&amp;nbsp;&lt;/font&gt;&lt;/p&gt;&lt;p&gt;&lt;font size=&quot;4&quot;&gt;&lt;br&gt;&lt;/font&gt;&lt;/p&gt;&lt;h4&gt;&lt;font size=&quot;4&quot;&gt;Getting it done&lt;/font&gt;&lt;/h4&gt;&lt;div&gt;&lt;font size=&quot;4&quot;&gt;&lt;span style=&quot;line-height: 25.7143px;&quot;&gt;Darn! Things were worst than I thought. I had designed the current version of the website off a bootstrap 3 template. I was creating everything through non-organized PHP scripts and that was getting repetitive. Oh how I longed for my Model-View-Controller workflow. So, I scrapped everything. I removed all my ill-written PHP scripts and started converting my project to a Codeigniter&amp;nbsp;project. (If you are a Web&amp;nbsp;Developer who still uses PHP and don&#039;t already have a MVC framework, I recommend you give Codeigniter an&amp;nbsp;opportunity.)&amp;nbsp;&lt;/span&gt;&lt;/font&gt;&lt;/div&gt;&lt;div&gt;&lt;font size=&quot;4&quot;&gt;&lt;span style=&quot;line-height: 25.7143px;&quot;&gt;&lt;br&gt;&lt;/span&gt;&lt;/font&gt;&lt;/div&gt;&lt;div&gt;&lt;font size=&quot;4&quot;&gt;After converting the project to Codeigniter, I realized I had another problem, inorder for it to be a self-posting system I would need to add user-accounts, what a drag....&amp;nbsp;&lt;/font&gt;&lt;/div&gt;&lt;div&gt;&lt;span style=&quot;font-size: large; line-height: 1.42857;&quot;&gt;&lt;br&gt;&lt;/span&gt;&lt;/div&gt;&lt;div&gt;&lt;span style=&quot;font-size: large; line-height: 1.42857;&quot;&gt;For the billionth time I made another log-in system. However, this one was a &lt;/span&gt;&lt;i style=&quot;font-size: large; line-height: 1.42857;&quot;&gt;little &lt;/i&gt;&lt;span style=&quot;font-size: large; line-height: 1.42857;&quot;&gt;bit different because it was designed only for administrators. (So don&#039;t ask for further details, you won&#039;t get any more info).&amp;nbsp;&lt;/span&gt;&lt;/div&gt;&lt;div&gt;&lt;span style=&quot;font-size: large; line-height: 1.42857;&quot;&gt;&lt;br&gt;&lt;/span&gt;&lt;/div&gt;&lt;div&gt;&lt;font size=&quot;4&quot;&gt;&lt;span style=&quot;line-height: 25.7143px;&quot;&gt;After taking the initial layout from the bootstrap 3 template, I tore away all the html that I wouldn&#039;t need. I try to live by the KISS principle because I tend to&amp;nbsp;over complicate&amp;nbsp;every project I have ever worked on. After finishing the layout, I decided there was one thing I really wanted that I was not willing to compromise on. That was a tagging system.&amp;nbsp;&lt;/span&gt;&lt;/font&gt;&lt;/div&gt;&lt;div&gt;&lt;font size=&quot;4&quot;&gt;&lt;span style=&quot;line-height: 25.7143px;&quot;&gt;&lt;br&gt;&lt;/span&gt;&lt;/font&gt;&lt;/div&gt;&lt;div&gt;&lt;font size=&quot;4&quot;&gt;&lt;span style=&quot;line-height: 25.7143px;&quot;&gt;In summary this is the information that was required to make this work (Once I make a commenting system you&#039;ll be able to give me feedback.)&lt;/span&gt;&lt;/font&gt;&lt;/div&gt;&lt;div&gt;&lt;font size=&quot;4&quot;&gt;&lt;span style=&quot;line-height: 25.7143px;&quot;&gt;&lt;br&gt;&lt;/span&gt;&lt;/font&gt;&lt;/div&gt;&lt;h4&gt;&lt;font size=&quot;4&quot;&gt;&lt;span style=&quot;line-height: 25.7143px;&quot;&gt;The database&lt;/span&gt;&lt;/font&gt;&lt;/h4&gt;&lt;div&gt;&lt;font size=&quot;4&quot;&gt;&lt;span style=&quot;line-height: 25.7143px;&quot;&gt;&lt;br&gt;&lt;/span&gt;&lt;/font&gt;&lt;/div&gt;&lt;pre&gt;CREATE TABLE `user` (\r\n  `uid` int(11) NOT NULL,\r\n  `email` varchar(255) NOT NULL,\r\n  `fname` varchar(100) DEFAULT NULL,\r\n  `lname` varchar(100) DEFAULT NULL,\r\n  `access_level` int(11) NOT NULL,\r\n  `password` varchar(60)\r\n); &lt;/pre&gt;&lt;pre&gt;ALTER TABLE `user`\r\n  ADD PRIMARY KEY (`uid`);&lt;br&gt;&lt;/pre&gt;&lt;pre&gt;CREATE TABLE `post_tags` (\r\n  `post_tag_id` int(11) NOT NULL,\r\n  `tid` int(11) NOT NULL,\r\n  `pid` int(11) NOT NULL\r\n);&lt;br&gt;&lt;/pre&gt;&lt;pre&gt;ALTER TABLE `post_tags`\r\n  ADD PRIMARY KEY (`post_tag_id`);&lt;br&gt;&lt;/pre&gt;&lt;pre&gt;CREATE TABLE `post` (\r\n  `post_id` int(11) NOT NULL,\r\n  `uid` int(11) NOT NULL,\r\n  `title` varchar(255) NOT NULL,\r\n  `content` longtext NOT NULL,\r\n  `date` timestamp NOT NULL DEFAULT CURRENT_TIMESTAMP,\r\n  `last_updated` timestamp NULL DEFAULT NULL ON UPDATE CURRENT_TIMESTAMP\r\n);&lt;br&gt;&lt;/pre&gt;&lt;pre&gt;ALTER TABLE `post`\r\n  ADD PRIMARY KEY (`post_id`);&lt;br&gt;&lt;/pre&gt;&lt;pre&gt;CREATE TABLE `tags` (\r\n  `tid` int(11) NOT NULL,\r\n  `name` varchar(120) NOT NULL,\r\n  `uid` int(11) NOT NULL\r\n)&lt;br&gt;&lt;/pre&gt;&lt;pre&gt;ALTER TABLE `tags`\r\n  ADD PRIMARY KEY (`tid`);&lt;br&gt;&lt;/pre&gt;&lt;p&gt;&lt;span style=&quot;font-size: large; line-height: 25.7143px;&quot;&gt;I know everything is far from perfect. (I mean I even ignored foreign keys).&lt;/span&gt;&lt;br&gt;&lt;/p&gt;&lt;p&gt;&lt;span style=&quot;font-size: large; line-height: 25.7143px;&quot;&gt;&lt;br&gt;&lt;/span&gt;&lt;/p&gt;&lt;h4&gt;&lt;span style=&quot;font-size: large; line-height: 25.7143px;&quot;&gt;The editor&lt;/span&gt;&lt;/h4&gt;&lt;p&gt;&lt;font size=&quot;4&quot;&gt;&lt;span style=&quot;line-height: 25.7143px;&quot;&gt;The next step was actually being able to insert the required information into the database. The way I did this was simple, create a form which submits the data. However there was one small problem. How would I get all the fancy text we wanted? I decided to use a JS library called NicEdit. Not only was it simple to implement but it came with a sufficient amount of tools to use (Such as an image upload feature). NicEdit does just fine.&lt;/span&gt;&lt;/font&gt;&lt;/p&gt;&lt;p&gt;&lt;font size=&quot;4&quot;&gt;&lt;span style=&quot;line-height: 25.7143px;&quot;&gt;After uploading information and sanitizing it (against xss attacks etc...) , then it is stored into the database. There is one last part I want to mention, the tags.&amp;nbsp;&lt;/span&gt;&lt;/font&gt;&lt;/p&gt;&lt;h4&gt;&lt;font size=&quot;4&quot;&gt;&lt;span style=&quot;line-height: 25.7143px;&quot;&gt;Tags&lt;/span&gt;&lt;/font&gt;&lt;/h4&gt;&lt;p&gt;&lt;font size=&quot;4&quot;&gt;&lt;span style=&quot;line-height: 25.7143px;&quot;&gt;Implementing the tagging part was actually alot easier than I though it would be. All it involved was searching to see if a tag was already inserted and if not creating a new tag. There may be better ways to do this, but this worked for me. Finally a made a filter to search posts based on their tags. It works, but it needs alot of work. Feel free to send me some feedback, under CONTACT if you have any questions.&lt;/span&gt;&lt;/font&gt;&lt;/p&gt;','2016-06-24 19:19:13',NULL),(2,1,'A Java REST Client with Unirest','&lt;h4&gt;Intro&lt;/h4&gt;&lt;p&gt;&lt;font size=&quot;4&quot;&gt;Given that I am a web person and that I recently learned how to build a REST API in NodeJS, I started getting curious about how sending HTTP requests would work in other languages and in particular Java. I found that the process is not nearly as awesome as it is in other languages. Fortunately, I found an awesome library called Unirest. Unirest&amp;nbsp;does exactly what I wanted, but since it is fairly new there isn&#039;t much documentation on using it. After some trial and error, I found out how to do what I wanted. In particular, I found out how to make it interact with my Node REST server.&lt;/font&gt;&lt;/p&gt;&lt;p&gt;&lt;span style=&quot;font-size: large; font-family: Raleway, sans-serif; font-weight: 700;&quot;&gt;Setup&lt;/span&gt;&lt;/p&gt;&lt;p&gt;&lt;span style=&quot;font-size: large;&quot;&gt;First things first, how do you install it? Well if you are using a Maven project, you must simply add it to the pom.xml&amp;nbsp;as a dependency.&lt;/span&gt;&lt;/p&gt;&lt;pre style=&quot;background-color:#2b2b2b;color:#a9b7c6;font-family:&#039;Courier New&#039;;font-size:9.0pt;&quot;&gt;&lt;span style=&quot;color:#e8bf6a;&quot;&gt;&amp;lt;dependency&amp;gt;&lt;br&gt;&lt;/span&gt;&lt;span style=&quot;color:#e8bf6a;&quot;&gt;    &amp;lt;groupId&amp;gt;&lt;/span&gt;com.mashape.unirest&lt;span style=&quot;color:#e8bf6a;&quot;&gt;&amp;lt;/groupId&amp;gt;&lt;br&gt;&lt;/span&gt;&lt;span style=&quot;color:#e8bf6a;&quot;&gt;    &amp;lt;artifactId&amp;gt;&lt;/span&gt;unirest-java&lt;span style=&quot;color:#e8bf6a;&quot;&gt;&amp;lt;/artifactId&amp;gt;&lt;br&gt;&lt;/span&gt;&lt;span style=&quot;color:#e8bf6a;&quot;&gt;    &amp;lt;version&amp;gt;&lt;/span&gt;1.4.9&lt;span style=&quot;color:#e8bf6a;&quot;&gt;&amp;lt;/version&amp;gt;&lt;br&gt;&lt;/span&gt;&lt;span style=&quot;color:#e8bf6a;&quot;&gt;&amp;lt;/dependency&amp;gt;&lt;/span&gt;&lt;/pre&gt;&lt;p&gt;&lt;span style=&quot;font-family: Raleway, sans-serif; font-size: large;&quot;&gt;After adding it to your pom.xml you must then import it with Maven. In &lt;/span&gt;IntelliJ&lt;span style=&quot;font-family: Raleway, sans-serif; font-size: large;&quot;&gt;&amp;nbsp;this can be done by right-clicking on the pom.xml file in the Project Explorer -&amp;gt; hovering over&amp;nbsp;&lt;/span&gt;&lt;i style=&quot;font-family: Raleway, sans-serif; font-size: large;&quot;&gt;Maven&lt;/i&gt;&lt;span style=&quot;font-family: Raleway, sans-serif; font-size: large;&quot;&gt;&amp;nbsp;-&amp;gt; and selecting &lt;/span&gt;&lt;i style=&quot;font-family: Raleway, sans-serif; font-size: large;&quot;&gt;reimport.&lt;/i&gt;&lt;span style=&quot;font-family: Raleway, sans-serif; font-size: large;&quot;&gt;&amp;nbsp;Unirest is now ready to be used.&lt;/span&gt;&lt;br&gt;&lt;/p&gt;&lt;p&gt;&lt;span style=&quot;font-size: large; font-family: Raleway, sans-serif; font-weight: 700;&quot;&gt;Making the requests&lt;/span&gt;&lt;/p&gt;&lt;p&gt;&lt;span style=&quot;font-family: Raleway, sans-serif; font-size: large;&quot;&gt;It&#039;s time to start interacting with the backend. but in-order to do so we first need to import it in Java.&lt;/span&gt;&lt;span style=&quot;font-size: large; font-family: Raleway, sans-serif; font-weight: 700;&quot;&gt;&lt;br&gt;&lt;/span&gt;&lt;/p&gt;&lt;pre style=&quot;background-color:#2b2b2b;color:#a9b7c6;font-family:&#039;Courier New&#039;;font-size:9.0pt;&quot;&gt;&lt;span style=&quot;color:#cc7832;&quot;&gt;import &lt;/span&gt;com.&lt;span style=&quot;background-color:#344134;&quot;&gt;mashape&lt;/span&gt;.unirest.http.HttpResponse&lt;span style=&quot;color:#cc7832;&quot;&gt;;&lt;br&gt;&lt;/span&gt;&lt;span style=&quot;color:#cc7832;&quot;&gt;import &lt;/span&gt;com.&lt;span style=&quot;background-color:#344134;&quot;&gt;mashape&lt;/span&gt;.unirest.http.JsonNode&lt;span style=&quot;color:#cc7832;&quot;&gt;;&lt;br&gt;&lt;/span&gt;&lt;span style=&quot;color:#cc7832;&quot;&gt;import &lt;/span&gt;com.&lt;span style=&quot;background-color:#344134;&quot;&gt;mashape&lt;/span&gt;.unirest.http.Unirest&lt;span style=&quot;color:#cc7832;&quot;&gt;;&lt;br&gt;&lt;/span&gt;&lt;span style=&quot;color:#cc7832;&quot;&gt;import &lt;/span&gt;org.json.JSONObject&lt;span style=&quot;color:#cc7832;&quot;&gt;;&lt;/span&gt;&lt;/pre&gt;&lt;p&gt;&lt;font face=&quot;Raleway, sans-serif&quot; size=&quot;4&quot;&gt;Now we need some data to send. For demonstration purposes, I will be creating a new device using a POST request. Let&#039;s create a JSON Object with the fields that need to be populated.&lt;/font&gt;&lt;/p&gt;&lt;pre style=&quot;background-color:#2b2b2b;color:#a9b7c6;font-family:&#039;Courier New&#039;;font-size:9.0pt;&quot;&gt;&lt;span style=&quot;color:#808080;&quot;&gt;//The Data you want to send in JSON format&lt;br&gt;&lt;/span&gt;JSONObject deviceObj = &lt;span style=&quot;color:#cc7832;&quot;&gt;new &lt;/span&gt;JSONObject()&lt;br&gt;        .put(&lt;span style=&quot;color:#6a8759;&quot;&gt;&quot;Device_Type_ID&quot;&lt;/span&gt;&lt;span style=&quot;color:#cc7832;&quot;&gt;, &lt;/span&gt;&lt;span style=&quot;color:#6897bb;&quot;&gt;1&lt;/span&gt;)&lt;br&gt;        .put(&lt;span style=&quot;color:#6a8759;&quot;&gt;&quot;Device_Name&quot;&lt;/span&gt;&lt;span style=&quot;color:#cc7832;&quot;&gt;, &lt;/span&gt;&lt;span style=&quot;color:#6a8759;&quot;&gt;&quot;name&quot;&lt;/span&gt;)&lt;br&gt;        .put(&lt;span style=&quot;color:#6a8759;&quot;&gt;&quot;Communication_Protocol_ID&quot;&lt;/span&gt;&lt;span style=&quot;color:#cc7832;&quot;&gt;, &lt;/span&gt;&lt;span style=&quot;color:#6897bb;&quot;&gt;1&lt;/span&gt;)&lt;br&gt;        .put(&lt;span style=&quot;color:#6a8759;&quot;&gt;&quot;Icon_ID&quot;&lt;/span&gt;&lt;span style=&quot;color:#cc7832;&quot;&gt;, &lt;/span&gt;&lt;span style=&quot;color:#6897bb;&quot;&gt;1&lt;/span&gt;)&lt;br&gt;        .put(&lt;span style=&quot;color:#6a8759;&quot;&gt;&quot;Location_ID&quot;&lt;/span&gt;&lt;span style=&quot;color:#cc7832;&quot;&gt;, &lt;/span&gt;&lt;span style=&quot;color:#6897bb;&quot;&gt;1&lt;/span&gt;)&lt;span style=&quot;color:#cc7832;&quot;&gt;;&lt;br&gt;&lt;/span&gt;&lt;/pre&gt;&lt;p&gt;&lt;span style=&quot;font-family: Raleway, sans-serif; font-size: large;&quot;&gt;Now that the data is ready, it is time to make the request. This is super simple with UniRest. All that is needed is to create a response object where we can store the result after the HTTP request is complete. In this case, I will send a POST request to insert a device into the database. The information will be contained in the body of the HTTP request. In Unirest&amp;nbsp;the JSONObject can simply be passed as an argument into the body method.&lt;/span&gt;&lt;br&gt;&lt;/p&gt;&lt;pre style=&quot;background-color:#2b2b2b;color:#a9b7c6;font-family:&#039;Courier New&#039;;font-size:9.0pt;&quot;&gt;&lt;span style=&quot;color:#808080;&quot;&gt;//The request you are sending to the server&lt;br&gt;&lt;/span&gt;HttpResponse&amp;lt;JsonNode&amp;gt; jsonResponse = Unirest.&lt;span style=&quot;font-style:italic;&quot;&gt;post&lt;/span&gt;(&lt;span style=&quot;color:#6a8759;&quot;&gt;&quot;https://meshversion2-johnnyvf24.c9users.io/devices&quot;&lt;/span&gt;)&lt;br&gt;        .header(&lt;span style=&quot;color:#6a8759;&quot;&gt;&quot;Content-Type&quot;&lt;/span&gt;&lt;span style=&quot;color:#cc7832;&quot;&gt;, &lt;/span&gt;&lt;span style=&quot;color:#6a8759;&quot;&gt;&quot;application/json&quot;&lt;/span&gt;)&lt;br&gt;        .body(deviceObj)&lt;br&gt;        .asJson()&lt;span style=&quot;color:#cc7832;&quot;&gt;;&lt;/span&gt;&lt;/pre&gt;&lt;p&gt;&lt;font face=&quot;Raleway, sans-serif&quot; size=&quot;4&quot;&gt;After the request is made the HTTP status code can be checked to make sure everything went alright.&amp;nbsp;&lt;/font&gt;&lt;/p&gt;&lt;pre style=&quot;background-color:#2b2b2b;color:#a9b7c6;font-family:&#039;Courier New&#039;;font-size:9.0pt;&quot;&gt;&lt;span style=&quot;color:#808080;&quot;&gt;//The device was inserted successfully&lt;br&gt;&lt;/span&gt;&lt;span style=&quot;color:#cc7832;&quot;&gt;if&lt;/span&gt;(jsonResponse.getStatus()  == &lt;span style=&quot;color:#6897bb;&quot;&gt;200&lt;/span&gt;) {&lt;br&gt;    &lt;span style=&quot;color:#808080;&quot;&gt;//Request was successful&lt;br&gt;&lt;/span&gt;} &lt;span style=&quot;color:#cc7832;&quot;&gt;else if&lt;/span&gt;(jsonResponse.getStatus() == &lt;span style=&quot;color:#6897bb;&quot;&gt;400&lt;/span&gt;) {&lt;br&gt;    &lt;span style=&quot;color:#808080;&quot;&gt;//Something went wrong, tell the user there was an error&lt;br&gt;&lt;/span&gt;}&lt;/pre&gt;&lt;p&gt;&lt;font face=&quot;Raleway, sans-serif&quot; size=&quot;4&quot;&gt;And in case further confirmation is required we will make a GET request to the same URL to see all the devices that are in the database.&lt;/font&gt;&lt;/p&gt;&lt;pre style=&quot;background-color:#2b2b2b;color:#a9b7c6;font-family:&#039;Courier New&#039;;font-size:9.0pt;&quot;&gt;&lt;span style=&quot;color:#808080;&quot;&gt;//GET ALL the devices in the database&lt;br&gt;&lt;/span&gt;HttpResponse&amp;lt;JsonNode&amp;gt; response = Unirest.&lt;span style=&quot;font-style:italic;&quot;&gt;get&lt;/span&gt;(&lt;span style=&quot;color:#6a8759;&quot;&gt;&quot;https://meshversion2-johnnyvf24.c9users.io/devices&quot;&lt;/span&gt;)&lt;br&gt;        .header(&lt;span style=&quot;color:#6a8759;&quot;&gt;&quot;Content-Type&quot;&lt;/span&gt;&lt;span style=&quot;color:#cc7832;&quot;&gt;, &lt;/span&gt;&lt;span style=&quot;color:#6a8759;&quot;&gt;&quot;application/json&quot;&lt;/span&gt;)&lt;br&gt;        .header(&lt;span style=&quot;color:#6a8759;&quot;&gt;&quot;accept&quot;&lt;/span&gt;&lt;span style=&quot;color:#cc7832;&quot;&gt;, &lt;/span&gt;&lt;span style=&quot;color:#6a8759;&quot;&gt;&quot;application/json&quot;&lt;/span&gt;)&lt;br&gt;        .asJson()&lt;span style=&quot;color:#cc7832;&quot;&gt;;&lt;br&gt;&lt;/span&gt;&lt;span style=&quot;color:#cc7832;&quot;&gt;&lt;br&gt;&lt;/span&gt;&lt;span style=&quot;color:#808080;&quot;&gt;//Print out all the devices returned, a big string of JSON&lt;br&gt;&lt;/span&gt;System.&lt;span style=&quot;color:#9876aa;font-style:italic;&quot;&gt;out&lt;/span&gt;.println(response.getBody())&lt;span style=&quot;color:#cc7832;&quot;&gt;;&lt;br&gt;&lt;/span&gt;&lt;span style=&quot;color:#cc7832;&quot;&gt;&lt;br&gt;&lt;/span&gt;&lt;span style=&quot;color:#808080;&quot;&gt;//Put the devices into a JSON Object&lt;br&gt;&lt;/span&gt;JSONObject res = &lt;span style=&quot;color:#cc7832;&quot;&gt;new &lt;/span&gt;JSONObject(response.getBody())&lt;span style=&quot;color:#cc7832;&quot;&gt;;&lt;br&gt;&lt;/span&gt;&lt;span style=&quot;color:#cc7832;&quot;&gt;&lt;br&gt;&lt;/span&gt;&lt;span style=&quot;color:#808080;&quot;&gt;//Print out the response in a nicer format&lt;br&gt;&lt;/span&gt;System.&lt;span style=&quot;color:#9876aa;font-style:italic;&quot;&gt;out&lt;/span&gt;.println(res.toString(&lt;span style=&quot;color:#6897bb;&quot;&gt;2&lt;/span&gt;))&lt;span style=&quot;color:#cc7832;&quot;&gt;;&lt;/span&gt;&lt;/pre&gt;&lt;p&gt;&lt;font face=&quot;Raleway, sans-serif&quot; size=&quot;4&quot;&gt;The results are below:&lt;/font&gt;&lt;/p&gt;&lt;pre style=&quot;line-height: 1.42857;&quot;&gt;[{&quot;Communication_Protocol_ID&quot;:1,&quot;Location_ID&quot;:2,&quot;Device_Name&quot;:&quot;toaster&quot;,&quot;Device_ID&quot;:2,&quot;Device_Type_ID&quot;:1,&quot;Icon_ID&quot;:2},{&quot;Communication_Protocol_ID&quot;:1,&quot;Location_ID&quot;:1,&quot;Device_Name&quot;:&quot;thermostat&quot;,&quot;Device_ID&quot;:3,&quot;Device_Type_ID&quot;:1,&quot;Icon_ID&quot;:1},{&quot;Communication_Protocol_ID&quot;:1,&quot;Location_ID&quot;:2,&quot;Device_Name&quot;:&quot;microwave&quot;,&quot;Device_ID&quot;:4,&quot;Device_Type_ID&quot;:1,&quot;Icon_ID&quot;:2},{&quot;Communication_Protocol_ID&quot;:2,&quot;Location_ID&quot;:1,&quot;Device_Name&quot;:&quot;Test&quot;,&quot;Device_ID&quot;:5,&quot;Device_Type_ID&quot;:1,&quot;Icon_ID&quot;:1},{&quot;Communication_Protocol_ID&quot;:1,&quot;Location_ID&quot;:1,&quot;Device_Name&quot;:&quot;Device12&quot;,&quot;Device_ID&quot;:6,&quot;Device_Type_ID&quot;:1,&quot;Icon_ID&quot;:1},{&quot;Communication_Protocol_ID&quot;:1,&quot;Location_ID&quot;:1,&quot;Device_Name&quot;:&quot;name&quot;,&quot;Device_ID&quot;:7,&quot;Device_Type_ID&quot;:1,&quot;Icon_ID&quot;:1},{&quot;Communication_Protocol_ID&quot;:1,&quot;Location_ID&quot;:1,&quot;Device_Name&quot;:&quot;name&quot;,&quot;Device_ID&quot;:8,&quot;Device_Type_ID&quot;:1,&quot;Icon_ID&quot;:1}]\r\n{&quot;array&quot;: [\r\n  {\r\n    &quot;Communication_Protocol_ID&quot;: 1,\r\n    &quot;Location_ID&quot;: 2,\r\n    &quot;Device_Name&quot;: &quot;toaster&quot;,\r\n    &quot;Device_ID&quot;: 2,\r\n    &quot;Device_Type_ID&quot;: 1,\r\n    &quot;Icon_ID&quot;: 2\r\n  },\r\n  {\r\n    &quot;Communication_Protocol_ID&quot;: 1,\r\n    &quot;Location_ID&quot;: 1,\r\n    &quot;Device_Name&quot;: &quot;thermostat&quot;,\r\n    &quot;Device_ID&quot;: 3,\r\n    &quot;Device_Type_ID&quot;: 1,\r\n    &quot;Icon_ID&quot;: 1\r\n  }&lt;br&gt;&lt;/pre&gt;','2016-12-03 23:06:04',NULL);
/*!40000 ALTER TABLE `post` ENABLE KEYS */;
UNLOCK TABLES;

--
-- Table structure for table `post_tags`
--

DROP TABLE IF EXISTS `post_tags`;
/*!40101 SET @saved_cs_client     = @@character_set_client */;
/*!40101 SET character_set_client = utf8 */;
CREATE TABLE `post_tags` (
  `post_tag_id` int(11) NOT NULL AUTO_INCREMENT,
  `tid` int(11) NOT NULL,
  `pid` int(11) NOT NULL,
  PRIMARY KEY (`post_tag_id`)
) ENGINE=InnoDB AUTO_INCREMENT=7 DEFAULT CHARSET=latin1;
/*!40101 SET character_set_client = @saved_cs_client */;

--
-- Dumping data for table `post_tags`
--

LOCK TABLES `post_tags` WRITE;
/*!40000 ALTER TABLE `post_tags` DISABLE KEYS */;
INSERT INTO `post_tags` VALUES (1,1,1),(2,2,1),(3,3,1),(4,4,2),(5,5,2),(6,6,2);
/*!40000 ALTER TABLE `post_tags` ENABLE KEYS */;
UNLOCK TABLES;

--
-- Table structure for table `tags`
--

DROP TABLE IF EXISTS `tags`;
/*!40101 SET @saved_cs_client     = @@character_set_client */;
/*!40101 SET character_set_client = utf8 */;
CREATE TABLE `tags` (
  `tid` int(11) NOT NULL AUTO_INCREMENT,
  `name` varchar(120) NOT NULL,
  `uid` int(11) NOT NULL,
  PRIMARY KEY (`tid`)
) ENGINE=InnoDB AUTO_INCREMENT=7 DEFAULT CHARSET=latin1;
/*!40101 SET character_set_client = @saved_cs_client */;

--
-- Dumping data for table `tags`
--

LOCK TABLES `tags` WRITE;
/*!40000 ALTER TABLE `tags` DISABLE KEYS */;
INSERT INTO `tags` VALUES (1,'HCI',1),(2,' New Feature',1),(3,' Web Development',1),(4,'tutorial',1),(5,'Java',1),(6,'REST',1);
/*!40000 ALTER TABLE `tags` ENABLE KEYS */;
UNLOCK TABLES;

--
-- Table structure for table `user`
--

DROP TABLE IF EXISTS `user`;
/*!40101 SET @saved_cs_client     = @@character_set_client */;
/*!40101 SET character_set_client = utf8 */;
CREATE TABLE `user` (
  `uid` int(11) NOT NULL AUTO_INCREMENT,
  `email` varchar(255) NOT NULL,
  `fname` varchar(100) DEFAULT NULL,
  `lname` varchar(100) DEFAULT NULL,
  `access_level` int(11) NOT NULL DEFAULT '0',
  `password` varchar(60) DEFAULT '$2y$10$xUmgQfp4cS9E21TCNUdAKectRQZUvrMJGvDdu06LkzFZSrlBgwmdW',
  `position` varchar(100) NOT NULL,
  `description` text NOT NULL,
  `display_order` int(11) DEFAULT NULL,
  `date` timestamp NOT NULL DEFAULT CURRENT_TIMESTAMP,
  `profile_pic_url` varchar(255) DEFAULT NULL,
  PRIMARY KEY (`uid`)
) ENGINE=InnoDB AUTO_INCREMENT=20 DEFAULT CHARSET=latin1;
/*!40101 SET character_set_client = @saved_cs_client */;

--
-- Dumping data for table `user`
--

LOCK TABLES `user` WRITE;
/*!40000 ALTER TABLE `user` DISABLE KEYS */;
INSERT INTO `user` VALUES (1,'johnnyvf24@gmail.com','John','Flickinger',0,'$2y$10$UMtgprGpw9xhR16d7LqiXuZAXC8EsoJKS1AP9Hk0ArEhfOBbKbQH2','WEB DEVELOPER','John is a Senior at NMSU working on his Computer Science degree. In his spare time, he enjoys playing chess, spending time with his fiancee, and working on his own personal projects. Upon graduation, he plans to start a business that will be innovative in Science and Technology.',11,'2016-08-11 22:50:53','http://www.cs.nmsu.edu/mesh/assets/img/profile_pics/732586672f67e2d70dc6f03919651783'),(2,'alex1992@nmsu.edu','Alex','Martinez',0,'$2y$10$xUmgQfp4cS9E21TCNUdAKectRQZUvrMJGvDdu06LkzFZSrlBgwmdW','SMART DEVICES DEVELOPER','Alex enjoys reading, writing poetry, archery, and playing video games. When he is not working on the project, he finds places to travel to, both domestic and internationally. He hopes to visit Iceland in the near future and bask in the beautiful environment.',14,'2016-08-11 22:50:53','http://www.cs.nmsu.edu/mesh/assets/img/team/alex.jpg'),(3,'jsmith79@nmsu.edu','Jeremiah','Smith',0,'$2y$10$cZpKrYF6tiM.1AomCO6HYe9EU1dBRfaWc51uRSVE8S/BEYdGPaDDi','AGENT DEVELOPER','Jeremiah Smith is a hardworking and enthusiastic third year computer scientist student at New Mexico State University. He enjoys working on challenging software development projects.',5,'2016-08-11 22:50:53','http://www.cs.nmsu.edu/mesh/assets/img/team/jeremiah.jpg'),(6,'william.yeoh@gmail.com','William','Yeoh',0,'$2y$10$vORz.CieoOlmwl6JWyZH1uitvomIqrDVyFj.8zgZhDwozwrJ3bKBK','PROJECT CO-LEAD','William is an under-caffeinated assistant professor of computer science at NMSU. When he is not designing algorithms to take over the world, his world is taken over by his toddler son.',0,'2016-08-11 22:50:53','http://www.cs.nmsu.edu/mesh/assets/img/team/yeoh.jpg'),(7,'wkluegel@nmsu.edu','William','Kluegel',0,'$2y$10$7Gj6S9VS3Wt6uBYdHMZUkem8nHBBPQ14HP6HFJb0W.BJJLXBiMCHK','AGENT DEVELOPER','William is a student in the graduate Computer Science program at NMSU.  He spends most of his spare time going to brewpubs, playing competitive video games, and binge watching shows.',7,'2016-08-11 22:50:53','http://www.cs.nmsu.edu/mesh/assets/img/team/bill.jpg'),(8,'ntesla@nmsu.edu','Chance','Brunton',0,'$2y$10$SG8QFSgbO2FY02b0Ex233eyLkRzMOeePCYTxBBDFOL6Xbgl63zJXK','SCHEDULER DEVELOPER','Chance is a senior Electrical Engineering student at New Mexico State University. He works on the constraint solver that schedules device activity within and between houses. He is excited to work on this project because of the amazing potential it has to revolutionize daily life.',13,'2016-08-11 22:50:53','http://www.cs.nmsu.edu/mesh/assets/img/team/chance.jpg'),(9,'aamir@nmsu.edu','Aamir','Iqbal',0,'$2y$10$YbGqhIKKAp/VrlMzA12DPegVc5mESrrii7MYFfLLXmScSeQergeuC','SMART DEVICES SIMULATOR','Aamir likes to play soccer, cricket, and video games. And he loves eating food from different countries.',9,'2016-08-11 22:50:53','http://www.cs.nmsu.edu/mesh/assets/img/team/aamir.png'),(13,'jordanaa@nmsu.edu','Jordan','Michael',0,'$2y$10$HKuCyaAIk8MJoipzj39O6e1kkMNXKJaRi3N03oKXaFIkO3HYvsgBm','SMART DEVICES DEVELOPER','Jordan is a Senior in Computer Science at NMSU. He is engaged to be married in September 2016. He loves sports and movies, likes meeting new people and hearing their great stories through life.',10,'2016-08-11 22:50:53','http://www.cs.nmsu.edu/mesh/assets/img/team/jordan.jpg'),(14,'nandofioretto@googlemail.com','Ferdinando','Fioretto',0,'$2y$10$YESP/F0EC6XRzaltB0V6Vula03SfNJQSqtvXHi2ph.syfXpxxZtKy','PROJECT COORDINATOR','www.cs.nmsu.edu/~ffiorett/',4,'2016-08-11 22:50:53','http://www.cs.nmsu.edu/mesh/assets/img/team/nando.jpg'),(15,'epontell@cs.nmsu.edu','Enrico','Pontelli',0,'$2y$10$xUmgQfp4cS9E21TCNUdAKectRQZUvrMJGvDdu06LkzFZSrlBgwmdW','PROJECT CO-LEAD','Enrico Pontelli received his Ph.D. from NMSU in 1997; he is currently a Regents Professor in the Department of Computer Science and an Interim Dean of the College of Arts and Sciences. His research areas are in everything logic related.\r\n',2,'2016-08-24 04:03:59','http://www.cs.nmsu.edu/mesh/assets/img/team/pontelli.jpg'),(16,'tcson62@gmail.com','Son','Tran',0,'$2y$10$xUmgQfp4cS9E21TCNUdAKectRQZUvrMJGvDdu06LkzFZSrlBgwmdW','PROJECT CO-LEAD','Son is a professor in CS whom people often get his first and last names confused. As such, he answers to Son, Cao, or Tran.\r\n',3,'2016-08-24 04:03:59','http://www.cs.nmsu.edu/mesh/assets/img/team/tran.jpg'),(17,'rread@nmsu.edu','Ryan','Read',0,'$2y$10$obZTYJOiOmc0B.qBXeMxTOIBvnnNZxtl08UmuWada51evaSJsvqAa','SMART DEVICES DEVELOPER','Ryan is a graduate student at NMSU studying computer science.  In his spare time, he enjoys cycling and hanging out with his dog.',12,'2016-08-24 14:48:39','http://www.cs.nmsu.edu/mesh/assets/img/profile_pics/2f085caeb176a04f62017179512ce567'),(18,'caprock1@nmsu.edu','Travis','Machacek',0,'$2y$10$gLzjMI2DURaathcXlyZ6pusIjYYkVybnA.mqptOck5kGmBeLsiJPy','INFORMATION ASSURANCE','Travis is a Computer Science student at NMSU and enjoys building clusters out of Raspberry Pi computers in his spare time. His work on the project involves securing communications for the smart devices and working on the website.',13,'2017-01-25 20:26:53',NULL),(19,'jbvaldez@nmsu.edu','Jacob','Valdez',0,'$2y$10$B47tnxgH.knUz5TDpxx0pOf6YAdVOW1efOwKLlOqCaqP3GNgZWJaq','DATABASE MANAGEMENT','default text',14,'2017-01-25 20:33:52',NULL);
/*!40000 ALTER TABLE `user` ENABLE KEYS */;
UNLOCK TABLES;
/*!40103 SET TIME_ZONE=@OLD_TIME_ZONE */;

/*!40101 SET SQL_MODE=@OLD_SQL_MODE */;
/*!40014 SET FOREIGN_KEY_CHECKS=@OLD_FOREIGN_KEY_CHECKS */;
/*!40014 SET UNIQUE_CHECKS=@OLD_UNIQUE_CHECKS */;
/*!40101 SET CHARACTER_SET_CLIENT=@OLD_CHARACTER_SET_CLIENT */;
/*!40101 SET CHARACTER_SET_RESULTS=@OLD_CHARACTER_SET_RESULTS */;
/*!40101 SET COLLATION_CONNECTION=@OLD_COLLATION_CONNECTION */;
/*!40111 SET SQL_NOTES=@OLD_SQL_NOTES */;

-- Dump completed on 2017-01-25 16:09:50
