-- MySQL dump 10.16  Distrib 10.1.35-MariaDB, for Linux (x86_64)
--
-- Host: localhost    Database: sample
-- ------------------------------------------------------
-- Server version	10.1.35-MariaDB

/*!40101 SET @OLD_CHARACTER_SET_CLIENT=@@CHARACTER_SET_CLIENT */;
/*!40101 SET @OLD_CHARACTER_SET_RESULTS=@@CHARACTER_SET_RESULTS */;
/*!40101 SET @OLD_COLLATION_CONNECTION=@@COLLATION_CONNECTION */;
/*!40101 SET NAMES utf8 */;
/*!40103 SET @OLD_TIME_ZONE=@@TIME_ZONE */;
/*!40103 SET TIME_ZONE='+00:00' */;
/*!40014 SET @OLD_UNIQUE_CHECKS=@@UNIQUE_CHECKS, UNIQUE_CHECKS=0 */;
/*!40014 SET @OLD_FOREIGN_KEY_CHECKS=@@FOREIGN_KEY_CHECKS, FOREIGN_KEY_CHECKS=0 */;
/*!40101 SET @OLD_SQL_MODE=@@SQL_MODE, SQL_MODE='NO_AUTO_VALUE_ON_ZERO' */;
/*!40111 SET @OLD_SQL_NOTES=@@SQL_NOTES, SQL_NOTES=0 */;

--
-- Table structure for table `caches`
--

DROP TABLE IF EXISTS `caches`;
/*!40101 SET @saved_cs_client     = @@character_set_client */;
/*!40101 SET character_set_client = utf8 */;
CREATE TABLE `caches` (
  `name` varchar(250) NOT NULL,
  `data` mediumtext NOT NULL,
  `expires` datetime NOT NULL,
  PRIMARY KEY (`name`),
  KEY `expires` (`expires`)
) ENGINE=MyISAM DEFAULT CHARSET=utf8;
/*!40101 SET character_set_client = @saved_cs_client */;

--
-- Dumping data for table `caches`
--

LOCK TABLES `caches` WRITE;
/*!40000 ALTER TABLE `caches` DISABLE KEYS */;
INSERT INTO `caches` VALUES ('Modules.wire/modules/','Jquery/JqueryCore/JqueryCore.module\nJquery/JqueryMagnific/JqueryMagnific.module\nJquery/JqueryWireTabs/JqueryWireTabs.module\nJquery/JqueryTableSorter/JqueryTableSorter.module\nJquery/JqueryUI/JqueryUI.module\nPagePermissions.module\nMarkup/MarkupAdminDataTable/MarkupAdminDataTable.module\nMarkup/MarkupPageArray.module\nMarkup/MarkupRSS.module\nMarkup/MarkupPagerNav/MarkupPagerNav.module\nMarkup/MarkupPageFields.module\nMarkup/MarkupCache.module\nMarkup/MarkupHTMLPurifier/MarkupHTMLPurifier.module\nTextformatter/TextformatterStripTags.module\nTextformatter/TextformatterEntities.module\nTextformatter/TextformatterSmartypants/TextformatterSmartypants.module\nTextformatter/TextformatterNewlineBR.module\nTextformatter/TextformatterMarkdownExtra/TextformatterMarkdownExtra.module\nTextformatter/TextformatterNewlineUL.module\nTextformatter/TextformatterPstripper.module\nPage/PageFrontEdit/PageFrontEdit.module\nProcess/ProcessLogin/ProcessLogin.module\nProcess/ProcessHome.module\nProcess/ProcessPageView.module\nProcess/ProcessLogger/ProcessLogger.module\nProcess/ProcessPageType/ProcessPageType.module\nProcess/ProcessList.module\nProcess/ProcessPageLister/ProcessPageLister.module\nProcess/ProcessPageClone.module\nProcess/ProcessModule/ProcessModule.module\nProcess/ProcessPageEditLink/ProcessPageEditLink.module\nProcess/ProcessCommentsManager/ProcessCommentsManager.module\nProcess/ProcessField/ProcessField.module\nProcess/ProcessPagesExportImport/ProcessPagesExportImport.module\nProcess/ProcessUser/ProcessUser.module\nProcess/ProcessPageAdd/ProcessPageAdd.module\nProcess/ProcessPageEditImageSelect/ProcessPageEditImageSelect.module\nProcess/ProcessRole/ProcessRole.module\nProcess/ProcessPermission/ProcessPermission.module\nProcess/ProcessPageList/ProcessPageList.module\nProcess/ProcessPageEdit/ProcessPageEdit.module\nProcess/ProcessProfile/ProcessProfile.module\nProcess/ProcessForgotPassword.module\nProcess/ProcessPageSort.module\nProcess/ProcessTemplate/ProcessTemplate.module\nProcess/ProcessPageSearch/ProcessPageSearch.module\nProcess/ProcessPageTrash.module\nProcess/ProcessRecentPages/ProcessRecentPages.module\nLazyCron.module\nPageRender.module\nSystem/SystemNotifications/SystemNotifications.module\nSystem/SystemNotifications/FieldtypeNotifications.module\nSystem/SystemUpdater/SystemUpdater.module\nFieldtype/FieldtypeRepeater/FieldtypeRepeater.module\nFieldtype/FieldtypeRepeater/FieldtypeFieldsetPage.module\nFieldtype/FieldtypeRepeater/InputfieldRepeater.module\nFieldtype/FieldtypeCheckbox.module\nFieldtype/FieldtypePageTable.module\nFieldtype/FieldtypePage.module\nFieldtype/FieldtypeSelector.module\nFieldtype/FieldtypeOptions/FieldtypeOptions.module\nFieldtype/FieldtypeInteger.module\nFieldtype/FieldtypeDatetime.module\nFieldtype/FieldtypeFieldsetClose.module\nFieldtype/FieldtypeText.module\nFieldtype/FieldtypeFieldsetTabOpen.module\nFieldtype/FieldtypeFieldsetOpen.module\nFieldtype/FieldtypeEmail.module\nFieldtype/FieldtypePageTitle.module\nFieldtype/FieldtypeFile.module\nFieldtype/FieldtypeCache.module\nFieldtype/FieldtypeComments/CommentFilterAkismet.module\nFieldtype/FieldtypeComments/InputfieldCommentsAdmin.module\nFieldtype/FieldtypeComments/FieldtypeComments.module\nFieldtype/FieldtypeModule.module\nFieldtype/FieldtypeURL.module\nFieldtype/FieldtypePassword.module\nFieldtype/FieldtypeTextarea.module\nFieldtype/FieldtypeFloat.module\nFieldtype/FieldtypeImage.module\nPagePathHistory.module\nSession/SessionLoginThrottle/SessionLoginThrottle.module\nSession/SessionHandlerDB/ProcessSessionDB.module\nSession/SessionHandlerDB/SessionHandlerDB.module\nFileCompilerTags.module\nPagePaths.module\nAdminTheme/AdminThemeReno/AdminThemeReno.module\nAdminTheme/AdminThemeDefault/AdminThemeDefault.module\nAdminTheme/AdminThemeUikit/AdminThemeUikit.module\nImage/ImageSizerEngineAnimatedGif/ImageSizerEngineAnimatedGif.module\nImage/ImageSizerEngineIMagick/ImageSizerEngineIMagick.module\nInputfield/InputfieldAsmSelect/InputfieldAsmSelect.module\nInputfield/InputfieldButton.module\nInputfield/InputfieldSelector/InputfieldSelector.module\nInputfield/InputfieldSelectMultiple.module\nInputfield/InputfieldPage/InputfieldPage.module\nInputfield/InputfieldFieldset.module\nInputfield/InputfieldName.module\nInputfield/InputfieldFloat.module\nInputfield/InputfieldText.module\nInputfield/InputfieldHidden.module\nInputfield/InputfieldCKEditor/InputfieldCKEditor.module\nInputfield/InputfieldImage/InputfieldImage.module\nInputfield/InputfieldPageListSelect/InputfieldPageListSelect.module\nInputfield/InputfieldPageListSelect/InputfieldPageListSelectMultiple.module\nInputfield/InputfieldEmail.module\nInputfield/InputfieldPageAutocomplete/InputfieldPageAutocomplete.module\nInputfield/InputfieldFile/InputfieldFile.module\nInputfield/InputfieldPageName/InputfieldPageName.module\nInputfield/InputfieldURL.module\nInputfield/InputfieldPassword/InputfieldPassword.module\nInputfield/InputfieldRadios/InputfieldRadios.module\nInputfield/InputfieldInteger.module\nInputfield/InputfieldCheckboxes/InputfieldCheckboxes.module\nInputfield/InputfieldPageTable/InputfieldPageTable.module\nInputfield/InputfieldCheckbox.module\nInputfield/InputfieldPageTitle/InputfieldPageTitle.module\nInputfield/InputfieldForm.module\nInputfield/InputfieldDatetime/InputfieldDatetime.module\nInputfield/InputfieldSelect.module\nInputfield/InputfieldMarkup.module\nInputfield/InputfieldSubmit/InputfieldSubmit.module\nInputfield/InputfieldTextarea.module\nInputfield/InputfieldIcon/InputfieldIcon.module\nLanguageSupport/LanguageSupportFields.module\nLanguageSupport/FieldtypeTextareaLanguage.module\nLanguageSupport/ProcessLanguageTranslator.module\nLanguageSupport/LanguageSupportPageNames.module\nLanguageSupport/ProcessLanguage.module\nLanguageSupport/LanguageSupport.module\nLanguageSupport/FieldtypePageTitleLanguage.module\nLanguageSupport/FieldtypeTextLanguage.module\nLanguageSupport/LanguageTabs.module','2010-04-08 03:10:10'),('ModulesVerbose.info','{\"116\":{\"summary\":\"jQuery Core as required by ProcessWire Admin and plugins\",\"href\":\"http:\\/\\/jquery.com\",\"core\":true,\"versionStr\":\"1.8.3\"},\"151\":{\"summary\":\"Provides lightbox capability for image galleries. Replacement for FancyBox. Uses Magnific Popup by @dimsemenov.\",\"href\":\"http:\\/\\/dimsemenov.com\\/plugins\\/magnific-popup\\/\",\"core\":true,\"versionStr\":\"0.0.1\"},\"45\":{\"summary\":\"Provides a jQuery plugin for generating tabs in ProcessWire.\",\"core\":true,\"versionStr\":\"1.0.8\"},\"103\":{\"summary\":\"Provides a jQuery plugin for sorting tables.\",\"href\":\"http:\\/\\/mottie.github.io\\/tablesorter\\/\",\"core\":true,\"versionStr\":\"2.2.1\"},\"117\":{\"summary\":\"jQuery UI as required by ProcessWire and plugins\",\"href\":\"http:\\/\\/ui.jquery.com\",\"core\":true,\"versionStr\":\"1.9.6\"},\"114\":{\"summary\":\"Adds various permission methods to Page objects that are used by Process modules.\",\"core\":true,\"versionStr\":\"1.0.5\"},\"67\":{\"summary\":\"Generates markup for data tables used by ProcessWire admin\",\"core\":true,\"versionStr\":\"1.0.7\"},\"113\":{\"summary\":\"Adds a render() method to all PageArray instances for basic unordered list generation of PageArrays.\",\"core\":true,\"versionStr\":\"1.0.0\"},\"98\":{\"summary\":\"Generates markup for pagination navigation\",\"core\":true,\"versionStr\":\"1.0.5\"},\"156\":{\"summary\":\"Front-end to the HTML Purifier library.\",\"core\":true,\"versionStr\":\"4.9.2\"},\"61\":{\"summary\":\"Entity encode ampersands, quotes (single and double) and greater-than\\/less-than signs using htmlspecialchars(str, ENT_QUOTES). It is recommended that you use this on all text\\/textarea fields except those using a rich text editor or a markup language like Markdown.\",\"core\":true,\"versionStr\":\"1.0.0\"},\"10\":{\"summary\":\"Login to ProcessWire\",\"core\":true,\"versionStr\":\"1.0.4\"},\"87\":{\"summary\":\"Acts as a placeholder Process for the admin root. Ensures proper flow control after login.\",\"core\":true,\"versionStr\":\"1.0.1\"},\"83\":{\"summary\":\"All page views are routed through this Process\",\"core\":true,\"versionStr\":\"1.0.4\"},\"161\":{\"summary\":\"View and manage system logs.\",\"author\":\"Ryan Cramer\",\"core\":true,\"versionStr\":\"0.0.1\",\"permissions\":{\"logs-view\":\"Can view system logs\",\"logs-edit\":\"Can manage system logs\"},\"page\":{\"name\":\"logs\",\"parent\":\"setup\",\"title\":\"Logs\"}},\"134\":{\"summary\":\"List, Edit and Add pages of a specific type\",\"core\":true,\"versionStr\":\"1.0.1\"},\"76\":{\"summary\":\"Lists the Process assigned to each child page of the current\",\"core\":true,\"versionStr\":\"1.0.1\"},\"150\":{\"summary\":\"Admin tool for finding and listing pages by any property.\",\"author\":\"Ryan Cramer\",\"core\":true,\"versionStr\":\"0.2.4\",\"permissions\":{\"page-lister\":\"Use Page Lister\"}},\"50\":{\"summary\":\"List, edit or install\\/uninstall modules\",\"core\":true,\"versionStr\":\"1.1.8\"},\"121\":{\"summary\":\"Provides a link capability as used by some Fieldtype modules (like rich text editors).\",\"core\":true,\"versionStr\":\"1.0.8\"},\"48\":{\"summary\":\"Edit individual fields that hold page data\",\"core\":true,\"versionStr\":\"1.1.2\"},\"66\":{\"summary\":\"Manage system users\",\"core\":true,\"versionStr\":\"1.0.7\"},\"17\":{\"summary\":\"Add a new page\",\"core\":true,\"versionStr\":\"1.0.8\"},\"129\":{\"summary\":\"Provides image manipulation functions for image fields and rich text editors.\",\"core\":true,\"versionStr\":\"1.2.0\"},\"68\":{\"summary\":\"Manage user roles and what permissions are attached\",\"core\":true,\"versionStr\":\"1.0.4\"},\"136\":{\"summary\":\"Manage system permissions\",\"core\":true,\"versionStr\":\"1.0.1\"},\"12\":{\"summary\":\"List pages in a hierarchal tree structure\",\"core\":true,\"versionStr\":\"1.1.9\"},\"7\":{\"summary\":\"Edit a Page\",\"core\":true,\"versionStr\":\"1.0.8\"},\"138\":{\"summary\":\"Enables user to change their password, email address and other settings that you define.\",\"core\":true,\"versionStr\":\"1.0.3\"},\"14\":{\"summary\":\"Handles page sorting and moving for PageList\",\"core\":true,\"versionStr\":\"1.0.0\"},\"47\":{\"summary\":\"List and edit the templates that control page output\",\"core\":true,\"versionStr\":\"1.1.4\"},\"104\":{\"summary\":\"Provides a page search engine for admin use.\",\"core\":true,\"versionStr\":\"1.0.6\"},\"109\":{\"summary\":\"Handles emptying of Page trash\",\"core\":true,\"versionStr\":\"1.0.2\"},\"159\":{\"summary\":\"Shows a list of recently edited pages in your admin.\",\"author\":\"Ryan Cramer\",\"href\":\"http:\\/\\/modules.processwire.com\\/\",\"core\":true,\"versionStr\":\"0.0.2\",\"permissions\":{\"page-edit-recent\":\"Can see recently edited pages\"},\"page\":{\"name\":\"recent-pages\",\"parent\":\"page\",\"title\":\"Recent\"}},\"115\":{\"summary\":\"Adds a render method to Page and caches page output.\",\"core\":true,\"versionStr\":\"1.0.5\"},\"139\":{\"summary\":\"Manages system versions and upgrades.\",\"core\":true,\"versionStr\":\"0.1.6\"},\"97\":{\"summary\":\"This Fieldtype stores an ON\\/OFF toggle via a single checkbox. The ON value is 1 and OFF value is 0.\",\"core\":true,\"versionStr\":\"1.0.1\"},\"4\":{\"summary\":\"Field that stores one or more references to ProcessWire pages\",\"core\":true,\"versionStr\":\"1.0.4\"},\"84\":{\"summary\":\"Field that stores an integer\",\"core\":true,\"versionStr\":\"1.0.1\"},\"28\":{\"summary\":\"Field that stores a date and optionally time\",\"core\":true,\"versionStr\":\"1.0.4\"},\"106\":{\"summary\":\"Close a fieldset opened by FieldsetOpen. \",\"core\":true,\"versionStr\":\"1.0.0\"},\"3\":{\"summary\":\"Field that stores a single line of text\",\"core\":true,\"versionStr\":\"1.0.0\"},\"107\":{\"summary\":\"Open a fieldset to group fields. Same as Fieldset (Open) except that it displays in a tab instead.\",\"core\":true,\"versionStr\":\"1.0.0\"},\"105\":{\"summary\":\"Open a fieldset to group fields. Should be followed by a Fieldset (Close) after one or more fields.\",\"core\":true,\"versionStr\":\"1.0.1\"},\"29\":{\"summary\":\"Field that stores an e-mail address\",\"core\":true,\"versionStr\":\"1.0.0\"},\"111\":{\"summary\":\"Field that stores a page title\",\"core\":true,\"versionStr\":\"1.0.0\"},\"6\":{\"summary\":\"Field that stores one or more files\",\"core\":true,\"versionStr\":\"1.0.5\"},\"27\":{\"summary\":\"Field that stores a reference to another module\",\"core\":true,\"versionStr\":\"1.0.1\"},\"135\":{\"summary\":\"Field that stores a URL\",\"core\":true,\"versionStr\":\"1.0.1\"},\"133\":{\"summary\":\"Field that stores a hashed and salted password\",\"core\":true,\"versionStr\":\"1.0.1\"},\"1\":{\"summary\":\"Field that stores multiple lines of text\",\"core\":true,\"versionStr\":\"1.0.6\"},\"89\":{\"summary\":\"Field that stores a floating point (decimal) number\",\"core\":true,\"versionStr\":\"1.0.5\"},\"57\":{\"summary\":\"Field that stores one or more GIF, JPG, or PNG images\",\"core\":true,\"versionStr\":\"1.0.1\"},\"125\":{\"summary\":\"Throttles the frequency of logins for a given account, helps to reduce dictionary attacks by introducing an exponential delay between logins.\",\"core\":true,\"versionStr\":\"1.0.2\"},\"148\":{\"summary\":\"Minimal admin theme that supports all ProcessWire features.\",\"core\":true,\"versionStr\":\"0.1.4\"},\"160\":{\"summary\":\"Uikit v3 admin theme\",\"core\":true,\"versionStr\":\"0.2.4\"},\"25\":{\"summary\":\"Multiple selection, progressive enhancement to select multiple\",\"core\":true,\"versionStr\":\"1.2.1\"},\"131\":{\"summary\":\"Form button element that you can optionally pass an href attribute to.\",\"core\":true,\"versionStr\":\"1.0.0\"},\"149\":{\"summary\":\"Build a page finding selector visually.\",\"author\":\"Avoine + ProcessWire\",\"core\":true,\"versionStr\":\"0.2.7\"},\"43\":{\"summary\":\"Select multiple items from a list\",\"core\":true,\"versionStr\":\"1.0.1\"},\"60\":{\"summary\":\"Select one or more pages\",\"core\":true,\"versionStr\":\"1.0.7\"},\"78\":{\"summary\":\"Groups one or more fields together in a container\",\"core\":true,\"versionStr\":\"1.0.1\"},\"41\":{\"summary\":\"Text input validated as a ProcessWire name field\",\"core\":true,\"versionStr\":\"1.0.0\"},\"90\":{\"summary\":\"Floating point number with precision\",\"core\":true,\"versionStr\":\"1.0.3\"},\"34\":{\"summary\":\"Single line of text\",\"core\":true,\"versionStr\":\"1.0.6\"},\"40\":{\"summary\":\"Hidden value in a form\",\"core\":true,\"versionStr\":\"1.0.1\"},\"155\":{\"summary\":\"CKEditor textarea rich text editor.\",\"core\":true,\"versionStr\":\"1.6.0\"},\"56\":{\"summary\":\"One or more image uploads (sortable)\",\"core\":true,\"versionStr\":\"1.2.2\"},\"15\":{\"summary\":\"Selection of a single page from a ProcessWire page tree list\",\"core\":true,\"versionStr\":\"1.0.1\"},\"137\":{\"summary\":\"Selection of multiple pages from a ProcessWire page tree list\",\"core\":true,\"versionStr\":\"1.0.2\"},\"80\":{\"summary\":\"E-Mail address in valid format\",\"core\":true,\"versionStr\":\"1.0.1\"},\"55\":{\"summary\":\"One or more file uploads (sortable)\",\"core\":true,\"versionStr\":\"1.2.5\"},\"86\":{\"summary\":\"Text input validated as a ProcessWire Page name field\",\"core\":true,\"versionStr\":\"1.0.6\"},\"108\":{\"summary\":\"URL in valid format\",\"core\":true,\"versionStr\":\"1.0.2\"},\"122\":{\"summary\":\"Password input with confirmation field that doesn&#039;t ever echo the input back.\",\"core\":true,\"versionStr\":\"1.0.2\"},\"39\":{\"summary\":\"Radio buttons for selection of a single item\",\"core\":true,\"versionStr\":\"1.0.5\"},\"85\":{\"summary\":\"Integer (positive or negative)\",\"core\":true,\"versionStr\":\"1.0.4\"},\"38\":{\"summary\":\"Multiple checkbox toggles\",\"core\":true,\"versionStr\":\"1.0.7\"},\"37\":{\"summary\":\"Single checkbox toggle\",\"core\":true,\"versionStr\":\"1.0.5\"},\"112\":{\"summary\":\"Handles input of Page Title and auto-generation of Page Name (when name is blank)\",\"core\":true,\"versionStr\":\"1.0.2\"},\"30\":{\"summary\":\"Contains one or more fields in a form\",\"core\":true,\"versionStr\":\"1.0.7\"},\"94\":{\"summary\":\"Inputfield that accepts date and optionally time\",\"core\":true,\"versionStr\":\"1.0.6\"},\"36\":{\"summary\":\"Selection of a single value from a select pulldown\",\"core\":true,\"versionStr\":\"1.0.2\"},\"79\":{\"summary\":\"Contains any other markup and optionally child Inputfields\",\"core\":true,\"versionStr\":\"1.0.2\"},\"32\":{\"summary\":\"Form submit button\",\"core\":true,\"versionStr\":\"1.0.2\"},\"35\":{\"summary\":\"Multiple lines of text\",\"core\":true,\"versionStr\":\"1.0.3\"},\"162\":{\"summary\":\"Select an icon\",\"core\":true,\"versionStr\":\"0.0.2\"},\"169\":{\"summary\":\"Field that stores a multiple lines of text in multiple languages\",\"core\":true,\"versionStr\":\"1.0.0\"},\"165\":{\"summary\":\"Provides language translation capabilities for ProcessWire core and modules.\",\"author\":\"Ryan Cramer\",\"core\":true,\"versionStr\":\"1.0.1\"},\"164\":{\"summary\":\"Manage system languages\",\"author\":\"Ryan Cramer\",\"core\":true,\"versionStr\":\"1.0.3\",\"permissions\":{\"lang-edit\":\"Administer languages and static translation files\"}},\"163\":{\"summary\":\"ProcessWire multi-language support.\",\"author\":\"Ryan Cramer\",\"core\":true,\"versionStr\":\"1.0.3\"},\"166\":{\"summary\":\"Required to use multi-language fields.\",\"author\":\"Ryan Cramer\",\"core\":true,\"versionStr\":\"1.0.0\"},\"170\":{\"summary\":\"Required to use multi-language page names.\",\"author\":\"Ryan Cramer\",\"core\":true,\"versionStr\":\"0.0.9\"},\"168\":{\"summary\":\"Field that stores a page title in multiple languages. Use this only if you want title inputs created for ALL languages on ALL pages. Otherwise create separate languaged-named title fields, i.e. title_fr, title_es, title_fi, etc. \",\"author\":\"Ryan Cramer\",\"core\":true,\"versionStr\":\"1.0.0\"},\"167\":{\"summary\":\"Field that stores a single line of text in multiple languages\",\"core\":true,\"versionStr\":\"1.0.0\"},\"171\":{\"summary\":\"Organizes multi-language fields into tabs for a cleaner easier to use interface.\",\"author\":\"adamspruijt, ryan\",\"core\":true,\"versionStr\":\"1.1.4\"},\"172\":{\"summary\":\"Customize your page list display in the backend.\",\"author\":\"Heiner Gassen\",\"href\":\"https:\\/\\/github.com\\/hgassen\\/custom-page-list\",\"versionStr\":\"1.0.3\"},\"173\":{\"summary\":\"Multiple Page selection using auto completion and sorting capability. Intended for use as an input field for Page reference fields.\",\"core\":true,\"versionStr\":\"1.1.2\"}}','2010-04-08 03:10:10'),('Modules.info','{\"116\":{\"name\":\"JqueryCore\",\"title\":\"jQuery Core\",\"version\":183,\"singular\":true,\"created\":1525784078,\"namespace\":\"ProcessWire\\\\\",\"permanent\":true},\"151\":{\"name\":\"JqueryMagnific\",\"title\":\"jQuery Magnific Popup\",\"version\":1,\"singular\":1,\"created\":1525784078,\"namespace\":\"ProcessWire\\\\\"},\"45\":{\"name\":\"JqueryWireTabs\",\"title\":\"jQuery Wire Tabs Plugin\",\"version\":108,\"created\":1525784078,\"configurable\":3,\"namespace\":\"ProcessWire\\\\\",\"permanent\":true},\"103\":{\"name\":\"JqueryTableSorter\",\"title\":\"jQuery Table Sorter Plugin\",\"version\":221,\"singular\":1,\"created\":1525784078,\"namespace\":\"ProcessWire\\\\\"},\"117\":{\"name\":\"JqueryUI\",\"title\":\"jQuery UI\",\"version\":196,\"singular\":true,\"created\":1525784078,\"namespace\":\"ProcessWire\\\\\",\"permanent\":true},\"114\":{\"name\":\"PagePermissions\",\"title\":\"Page Permissions\",\"version\":105,\"autoload\":true,\"singular\":true,\"created\":1525784078,\"namespace\":\"ProcessWire\\\\\",\"permanent\":true},\"67\":{\"name\":\"MarkupAdminDataTable\",\"title\":\"Admin Data Table\",\"version\":107,\"created\":1525784078,\"namespace\":\"ProcessWire\\\\\",\"permanent\":true},\"113\":{\"name\":\"MarkupPageArray\",\"title\":\"PageArray Markup\",\"version\":100,\"autoload\":true,\"singular\":true,\"created\":1525784078,\"namespace\":\"ProcessWire\\\\\"},\"98\":{\"name\":\"MarkupPagerNav\",\"title\":\"Pager (Pagination) Navigation\",\"version\":105,\"created\":1525784078,\"namespace\":\"ProcessWire\\\\\"},\"156\":{\"name\":\"MarkupHTMLPurifier\",\"title\":\"HTML Purifier\",\"version\":492,\"created\":1525784078,\"namespace\":\"ProcessWire\\\\\"},\"61\":{\"name\":\"TextformatterEntities\",\"title\":\"HTML Entity Encoder (htmlspecialchars)\",\"version\":100,\"created\":1525784078,\"namespace\":\"ProcessWire\\\\\"},\"10\":{\"name\":\"ProcessLogin\",\"title\":\"Login\",\"version\":104,\"permission\":\"page-view\",\"created\":1525784078,\"namespace\":\"ProcessWire\\\\\",\"permanent\":true},\"87\":{\"name\":\"ProcessHome\",\"title\":\"Admin Home\",\"version\":101,\"permission\":\"page-view\",\"created\":1525784078,\"namespace\":\"ProcessWire\\\\\",\"permanent\":true},\"83\":{\"name\":\"ProcessPageView\",\"title\":\"Page View\",\"version\":104,\"permission\":\"page-view\",\"created\":1525784078,\"namespace\":\"ProcessWire\\\\\",\"permanent\":true},\"161\":{\"name\":\"ProcessLogger\",\"title\":\"Logs\",\"version\":1,\"icon\":\"tree\",\"permission\":\"logs-view\",\"singular\":1,\"created\":1525784215,\"namespace\":\"ProcessWire\\\\\",\"useNavJSON\":true},\"134\":{\"name\":\"ProcessPageType\",\"title\":\"Page Type\",\"version\":101,\"singular\":1,\"created\":1525784078,\"configurable\":3,\"namespace\":\"ProcessWire\\\\\",\"permanent\":true,\"useNavJSON\":true,\"addFlag\":32},\"76\":{\"name\":\"ProcessList\",\"title\":\"List\",\"version\":101,\"permission\":\"page-view\",\"created\":1525784078,\"namespace\":\"ProcessWire\\\\\",\"permanent\":true},\"150\":{\"name\":\"ProcessPageLister\",\"title\":\"Lister\",\"version\":24,\"icon\":\"search\",\"permission\":\"page-lister\",\"created\":1525784078,\"configurable\":true,\"namespace\":\"ProcessWire\\\\\",\"permanent\":true,\"useNavJSON\":true,\"addFlag\":32},\"50\":{\"name\":\"ProcessModule\",\"title\":\"Modules\",\"version\":118,\"permission\":\"module-admin\",\"created\":1525784078,\"namespace\":\"ProcessWire\\\\\",\"permanent\":true,\"useNavJSON\":true,\"nav\":[{\"url\":\"?site#tab_site_modules\",\"label\":\"Site\",\"icon\":\"plug\",\"navJSON\":\"navJSON\\/?site=1\"},{\"url\":\"?core#tab_core_modules\",\"label\":\"Core\",\"icon\":\"plug\",\"navJSON\":\"navJSON\\/?core=1\"},{\"url\":\"?configurable#tab_configurable_modules\",\"label\":\"Configure\",\"icon\":\"gear\",\"navJSON\":\"navJSON\\/?configurable=1\"},{\"url\":\"?install#tab_install_modules\",\"label\":\"Install\",\"icon\":\"sign-in\",\"navJSON\":\"navJSON\\/?install=1\"},{\"url\":\"?reset=1\",\"label\":\"Refresh\",\"icon\":\"refresh\"}]},\"121\":{\"name\":\"ProcessPageEditLink\",\"title\":\"Page Edit Link\",\"version\":108,\"icon\":\"link\",\"permission\":\"page-edit\",\"singular\":true,\"created\":1525784078,\"configurable\":3,\"namespace\":\"ProcessWire\\\\\",\"permanent\":true},\"48\":{\"name\":\"ProcessField\",\"title\":\"Fields\",\"version\":112,\"icon\":\"cube\",\"permission\":\"field-admin\",\"created\":1525784078,\"configurable\":3,\"namespace\":\"ProcessWire\\\\\",\"permanent\":true,\"useNavJSON\":true,\"addFlag\":32},\"66\":{\"name\":\"ProcessUser\",\"title\":\"Users\",\"version\":107,\"icon\":\"group\",\"permission\":\"user-admin\",\"created\":1525784078,\"configurable\":\"ProcessUserConfig.php\",\"namespace\":\"ProcessWire\\\\\",\"permanent\":true,\"useNavJSON\":true},\"17\":{\"name\":\"ProcessPageAdd\",\"title\":\"Page Add\",\"version\":108,\"icon\":\"plus-circle\",\"permission\":\"page-edit\",\"created\":1525784078,\"configurable\":3,\"namespace\":\"ProcessWire\\\\\",\"permanent\":true,\"useNavJSON\":true},\"129\":{\"name\":\"ProcessPageEditImageSelect\",\"title\":\"Page Edit Image\",\"version\":120,\"permission\":\"page-edit\",\"singular\":1,\"created\":1525784078,\"configurable\":3,\"namespace\":\"ProcessWire\\\\\",\"permanent\":true},\"68\":{\"name\":\"ProcessRole\",\"title\":\"Roles\",\"version\":104,\"icon\":\"gears\",\"permission\":\"role-admin\",\"created\":1525784078,\"configurable\":3,\"namespace\":\"ProcessWire\\\\\",\"permanent\":true,\"useNavJSON\":true},\"136\":{\"name\":\"ProcessPermission\",\"title\":\"Permissions\",\"version\":101,\"icon\":\"gear\",\"permission\":\"permission-admin\",\"singular\":1,\"created\":1525784078,\"configurable\":3,\"namespace\":\"ProcessWire\\\\\",\"permanent\":true,\"useNavJSON\":true},\"12\":{\"name\":\"ProcessPageList\",\"title\":\"Page List\",\"version\":119,\"icon\":\"sitemap\",\"permission\":\"page-edit\",\"created\":1525784078,\"configurable\":3,\"namespace\":\"ProcessWire\\\\\",\"permanent\":true,\"useNavJSON\":true},\"7\":{\"name\":\"ProcessPageEdit\",\"title\":\"Page Edit\",\"version\":108,\"icon\":\"edit\",\"permission\":\"page-edit\",\"singular\":1,\"created\":1525784078,\"configurable\":3,\"namespace\":\"ProcessWire\\\\\",\"permanent\":true,\"useNavJSON\":true},\"138\":{\"name\":\"ProcessProfile\",\"title\":\"User Profile\",\"version\":103,\"permission\":\"profile-edit\",\"singular\":1,\"created\":1525784078,\"configurable\":3,\"namespace\":\"ProcessWire\\\\\",\"permanent\":true},\"14\":{\"name\":\"ProcessPageSort\",\"title\":\"Page Sort and Move\",\"version\":100,\"permission\":\"page-edit\",\"created\":1525784078,\"namespace\":\"ProcessWire\\\\\",\"permanent\":true},\"47\":{\"name\":\"ProcessTemplate\",\"title\":\"Templates\",\"version\":114,\"icon\":\"cubes\",\"permission\":\"template-admin\",\"created\":1525784078,\"namespace\":\"ProcessWire\\\\\",\"permanent\":true,\"useNavJSON\":true},\"104\":{\"name\":\"ProcessPageSearch\",\"title\":\"Page Search\",\"version\":106,\"permission\":\"page-edit\",\"singular\":1,\"created\":1525784078,\"configurable\":3,\"namespace\":\"ProcessWire\\\\\",\"permanent\":true},\"109\":{\"name\":\"ProcessPageTrash\",\"title\":\"Page Trash\",\"version\":102,\"singular\":1,\"created\":1525784078,\"namespace\":\"ProcessWire\\\\\",\"permanent\":true},\"159\":{\"name\":\"ProcessRecentPages\",\"title\":\"Recent Pages\",\"version\":2,\"icon\":\"clock-o\",\"permission\":\"page-edit-recent\",\"singular\":1,\"created\":1525784183,\"namespace\":\"ProcessWire\\\\\",\"useNavJSON\":true,\"nav\":[{\"url\":\"?edited=1\",\"label\":\"Edited\",\"icon\":\"users\",\"navJSON\":\"navJSON\\/?edited=1\"},{\"url\":\"?added=1\",\"label\":\"Created\",\"icon\":\"users\",\"navJSON\":\"navJSON\\/?added=1&me=1\"},{\"url\":\"?edited=1&me=1\",\"label\":\"Edited by me\",\"icon\":\"user\",\"navJSON\":\"navJSON\\/?edited=1&me=1\"},{\"url\":\"?added=1&me=1\",\"label\":\"Created by me\",\"icon\":\"user\",\"navJSON\":\"navJSON\\/?added=1&me=1\"},{\"url\":\"another\\/\",\"label\":\"Add another\",\"icon\":\"plus-circle\",\"navJSON\":\"anotherNavJSON\\/\"}]},\"115\":{\"name\":\"PageRender\",\"title\":\"Page Render\",\"version\":105,\"autoload\":true,\"singular\":true,\"created\":1525784078,\"configurable\":3,\"namespace\":\"ProcessWire\\\\\",\"permanent\":true},\"139\":{\"name\":\"SystemUpdater\",\"title\":\"System Updater\",\"version\":16,\"singular\":true,\"created\":1525784078,\"configurable\":3,\"namespace\":\"ProcessWire\\\\\",\"permanent\":true},\"97\":{\"name\":\"FieldtypeCheckbox\",\"title\":\"Checkbox\",\"version\":101,\"singular\":1,\"created\":1525784078,\"namespace\":\"ProcessWire\\\\\",\"permanent\":true},\"4\":{\"name\":\"FieldtypePage\",\"title\":\"Page Reference\",\"version\":104,\"created\":1525784078,\"configurable\":3,\"namespace\":\"ProcessWire\\\\\",\"permanent\":true},\"84\":{\"name\":\"FieldtypeInteger\",\"title\":\"Integer\",\"version\":101,\"created\":1525784078,\"namespace\":\"ProcessWire\\\\\",\"permanent\":true},\"28\":{\"name\":\"FieldtypeDatetime\",\"title\":\"Datetime\",\"version\":104,\"created\":1525784078,\"namespace\":\"ProcessWire\\\\\"},\"106\":{\"name\":\"FieldtypeFieldsetClose\",\"title\":\"Fieldset (Close)\",\"version\":100,\"singular\":1,\"created\":1525784078,\"namespace\":\"ProcessWire\\\\\",\"permanent\":true},\"3\":{\"name\":\"FieldtypeText\",\"title\":\"Text\",\"version\":100,\"created\":1525784078,\"namespace\":\"ProcessWire\\\\\",\"permanent\":true},\"107\":{\"name\":\"FieldtypeFieldsetTabOpen\",\"title\":\"Fieldset in Tab (Open)\",\"version\":100,\"singular\":1,\"created\":1525784078,\"namespace\":\"ProcessWire\\\\\",\"permanent\":true},\"105\":{\"name\":\"FieldtypeFieldsetOpen\",\"title\":\"Fieldset (Open)\",\"version\":101,\"singular\":1,\"created\":1525784078,\"namespace\":\"ProcessWire\\\\\",\"permanent\":true},\"29\":{\"name\":\"FieldtypeEmail\",\"title\":\"E-Mail\",\"version\":100,\"created\":1525784078,\"namespace\":\"ProcessWire\\\\\"},\"111\":{\"name\":\"FieldtypePageTitle\",\"title\":\"Page Title\",\"version\":100,\"singular\":1,\"created\":1525784078,\"namespace\":\"ProcessWire\\\\\",\"permanent\":true},\"6\":{\"name\":\"FieldtypeFile\",\"title\":\"Files\",\"version\":105,\"created\":1525784078,\"namespace\":\"ProcessWire\\\\\",\"permanent\":true},\"27\":{\"name\":\"FieldtypeModule\",\"title\":\"Module Reference\",\"version\":101,\"created\":1525784078,\"namespace\":\"ProcessWire\\\\\",\"permanent\":true},\"135\":{\"name\":\"FieldtypeURL\",\"title\":\"URL\",\"version\":101,\"singular\":1,\"created\":1525784078,\"namespace\":\"ProcessWire\\\\\",\"permanent\":true},\"133\":{\"name\":\"FieldtypePassword\",\"title\":\"Password\",\"version\":101,\"singular\":true,\"created\":1525784078,\"namespace\":\"ProcessWire\\\\\",\"permanent\":true},\"1\":{\"name\":\"FieldtypeTextarea\",\"title\":\"Textarea\",\"version\":106,\"created\":1525784078,\"namespace\":\"ProcessWire\\\\\",\"permanent\":true},\"89\":{\"name\":\"FieldtypeFloat\",\"title\":\"Float\",\"version\":105,\"singular\":1,\"created\":1525784078,\"namespace\":\"ProcessWire\\\\\",\"permanent\":true},\"57\":{\"name\":\"FieldtypeImage\",\"title\":\"Images\",\"version\":101,\"created\":1525784078,\"namespace\":\"ProcessWire\\\\\",\"permanent\":true},\"125\":{\"name\":\"SessionLoginThrottle\",\"title\":\"Session Login Throttle\",\"version\":102,\"autoload\":\"function\",\"singular\":true,\"created\":1525784078,\"configurable\":3,\"namespace\":\"ProcessWire\\\\\"},\"148\":{\"name\":\"AdminThemeDefault\",\"title\":\"Default\",\"version\":14,\"autoload\":\"template=admin\",\"created\":1525784078,\"configurable\":19,\"namespace\":\"ProcessWire\\\\\"},\"160\":{\"name\":\"AdminThemeUikit\",\"title\":\"Uikit\",\"version\":24,\"requiresVersions\":{\"ProcessWire\":[\">=\",\"3.0.94\"]},\"autoload\":\"template=admin\",\"created\":1525784183,\"configurable\":4,\"namespace\":\"ProcessWire\\\\\"},\"25\":{\"name\":\"InputfieldAsmSelect\",\"title\":\"asmSelect\",\"version\":121,\"created\":1525784078,\"namespace\":\"ProcessWire\\\\\",\"permanent\":true},\"131\":{\"name\":\"InputfieldButton\",\"title\":\"Button\",\"version\":100,\"created\":1525784078,\"namespace\":\"ProcessWire\\\\\",\"permanent\":true},\"149\":{\"name\":\"InputfieldSelector\",\"title\":\"Selector\",\"version\":27,\"autoload\":\"template=admin\",\"created\":1525784078,\"configurable\":3,\"namespace\":\"ProcessWire\\\\\",\"addFlag\":32},\"43\":{\"name\":\"InputfieldSelectMultiple\",\"title\":\"Select Multiple\",\"version\":101,\"created\":1525784078,\"namespace\":\"ProcessWire\\\\\",\"permanent\":true},\"60\":{\"name\":\"InputfieldPage\",\"title\":\"Page\",\"version\":107,\"created\":1525784078,\"configurable\":3,\"namespace\":\"ProcessWire\\\\\",\"permanent\":true},\"78\":{\"name\":\"InputfieldFieldset\",\"title\":\"Fieldset\",\"version\":101,\"created\":1525784078,\"namespace\":\"ProcessWire\\\\\",\"permanent\":true},\"41\":{\"name\":\"InputfieldName\",\"title\":\"Name\",\"version\":100,\"created\":1525784078,\"namespace\":\"ProcessWire\\\\\",\"permanent\":true},\"90\":{\"name\":\"InputfieldFloat\",\"title\":\"Float\",\"version\":103,\"created\":1525784078,\"namespace\":\"ProcessWire\\\\\",\"permanent\":true},\"34\":{\"name\":\"InputfieldText\",\"title\":\"Text\",\"version\":106,\"created\":1525784078,\"namespace\":\"ProcessWire\\\\\",\"permanent\":true},\"40\":{\"name\":\"InputfieldHidden\",\"title\":\"Hidden\",\"version\":101,\"created\":1525784078,\"namespace\":\"ProcessWire\\\\\",\"permanent\":true},\"155\":{\"name\":\"InputfieldCKEditor\",\"title\":\"CKEditor\",\"version\":160,\"installs\":[\"MarkupHTMLPurifier\"],\"created\":1525784078,\"namespace\":\"ProcessWire\\\\\"},\"56\":{\"name\":\"InputfieldImage\",\"title\":\"Images\",\"version\":122,\"created\":1525784078,\"namespace\":\"ProcessWire\\\\\",\"permanent\":true},\"15\":{\"name\":\"InputfieldPageListSelect\",\"title\":\"Page List Select\",\"version\":101,\"created\":1525784078,\"namespace\":\"ProcessWire\\\\\",\"permanent\":true},\"137\":{\"name\":\"InputfieldPageListSelectMultiple\",\"title\":\"Page List Select Multiple\",\"version\":102,\"created\":1525784078,\"namespace\":\"ProcessWire\\\\\",\"permanent\":true},\"80\":{\"name\":\"InputfieldEmail\",\"title\":\"Email\",\"version\":101,\"created\":1525784078,\"namespace\":\"ProcessWire\\\\\"},\"55\":{\"name\":\"InputfieldFile\",\"title\":\"Files\",\"version\":125,\"created\":1525784078,\"namespace\":\"ProcessWire\\\\\",\"permanent\":true},\"86\":{\"name\":\"InputfieldPageName\",\"title\":\"Page Name\",\"version\":106,\"created\":1525784078,\"configurable\":3,\"namespace\":\"ProcessWire\\\\\",\"permanent\":true},\"108\":{\"name\":\"InputfieldURL\",\"title\":\"URL\",\"version\":102,\"created\":1525784078,\"namespace\":\"ProcessWire\\\\\"},\"122\":{\"name\":\"InputfieldPassword\",\"title\":\"Password\",\"version\":102,\"created\":1525784078,\"namespace\":\"ProcessWire\\\\\",\"permanent\":true},\"39\":{\"name\":\"InputfieldRadios\",\"title\":\"Radio Buttons\",\"version\":105,\"created\":1525784078,\"namespace\":\"ProcessWire\\\\\",\"permanent\":true},\"85\":{\"name\":\"InputfieldInteger\",\"title\":\"Integer\",\"version\":104,\"created\":1525784078,\"namespace\":\"ProcessWire\\\\\",\"permanent\":true},\"38\":{\"name\":\"InputfieldCheckboxes\",\"title\":\"Checkboxes\",\"version\":107,\"created\":1525784078,\"namespace\":\"ProcessWire\\\\\",\"permanent\":true},\"37\":{\"name\":\"InputfieldCheckbox\",\"title\":\"Checkbox\",\"version\":105,\"created\":1525784078,\"namespace\":\"ProcessWire\\\\\",\"permanent\":true},\"112\":{\"name\":\"InputfieldPageTitle\",\"title\":\"Page Title\",\"version\":102,\"created\":1525784078,\"namespace\":\"ProcessWire\\\\\",\"permanent\":true},\"30\":{\"name\":\"InputfieldForm\",\"title\":\"Form\",\"version\":107,\"created\":1525784078,\"namespace\":\"ProcessWire\\\\\",\"permanent\":true},\"94\":{\"name\":\"InputfieldDatetime\",\"title\":\"Datetime\",\"version\":106,\"created\":1525784078,\"namespace\":\"ProcessWire\\\\\",\"permanent\":true},\"36\":{\"name\":\"InputfieldSelect\",\"title\":\"Select\",\"version\":102,\"created\":1525784078,\"namespace\":\"ProcessWire\\\\\",\"permanent\":true},\"79\":{\"name\":\"InputfieldMarkup\",\"title\":\"Markup\",\"version\":102,\"created\":1525784078,\"namespace\":\"ProcessWire\\\\\",\"permanent\":true},\"32\":{\"name\":\"InputfieldSubmit\",\"title\":\"Submit\",\"version\":102,\"created\":1525784078,\"namespace\":\"ProcessWire\\\\\",\"permanent\":true},\"35\":{\"name\":\"InputfieldTextarea\",\"title\":\"Textarea\",\"version\":103,\"created\":1525784078,\"namespace\":\"ProcessWire\\\\\",\"permanent\":true},\"162\":{\"name\":\"InputfieldIcon\",\"title\":\"Icon\",\"version\":2,\"created\":1525784216,\"namespace\":\"ProcessWire\\\\\"},\"169\":{\"name\":\"FieldtypeTextareaLanguage\",\"title\":\"Textarea (Multi-language)\",\"version\":100,\"requiresVersions\":{\"LanguageSupportFields\":[\">=\",0]},\"singular\":true,\"created\":1525789002,\"namespace\":\"ProcessWire\\\\\"},\"165\":{\"name\":\"ProcessLanguageTranslator\",\"title\":\"Language Translator\",\"version\":101,\"requiresVersions\":{\"LanguageSupport\":[\">=\",0]},\"permission\":\"lang-edit\",\"singular\":1,\"created\":1525789002,\"namespace\":\"ProcessWire\\\\\"},\"164\":{\"name\":\"ProcessLanguage\",\"title\":\"Languages\",\"version\":103,\"icon\":\"language\",\"requiresVersions\":{\"LanguageSupport\":[\">=\",0]},\"permission\":\"lang-edit\",\"singular\":1,\"created\":1525789002,\"configurable\":3,\"namespace\":\"ProcessWire\\\\\",\"useNavJSON\":true},\"163\":{\"name\":\"LanguageSupport\",\"title\":\"Languages Support\",\"version\":103,\"installs\":[\"ProcessLanguage\",\"ProcessLanguageTranslator\"],\"autoload\":true,\"singular\":true,\"created\":1525789002,\"configurable\":3,\"namespace\":\"ProcessWire\\\\\",\"addFlag\":32},\"166\":{\"name\":\"LanguageSupportFields\",\"title\":\"Languages Support - Fields\",\"version\":100,\"requiresVersions\":{\"LanguageSupport\":[\">=\",0]},\"installs\":[\"FieldtypePageTitleLanguage\",\"FieldtypeTextareaLanguage\",\"FieldtypeTextLanguage\"],\"autoload\":true,\"singular\":true,\"created\":1525789002,\"namespace\":\"ProcessWire\\\\\"},\"170\":{\"name\":\"LanguageSupportPageNames\",\"title\":\"Languages Support - Page Names\",\"version\":9,\"requiresVersions\":{\"LanguageSupport\":[\">=\",0],\"LanguageSupportFields\":[\">=\",0]},\"autoload\":true,\"singular\":true,\"created\":1525789029,\"configurable\":3,\"namespace\":\"ProcessWire\\\\\"},\"168\":{\"name\":\"FieldtypePageTitleLanguage\",\"title\":\"Page Title (Multi-Language)\",\"version\":100,\"requiresVersions\":{\"LanguageSupportFields\":[\">=\",0],\"FieldtypeTextLanguage\":[\">=\",0]},\"singular\":true,\"created\":1525789002,\"namespace\":\"ProcessWire\\\\\"},\"167\":{\"name\":\"FieldtypeTextLanguage\",\"title\":\"Text (Multi-language)\",\"version\":100,\"requiresVersions\":{\"LanguageSupportFields\":[\">=\",0]},\"singular\":true,\"created\":1525789002,\"namespace\":\"ProcessWire\\\\\"},\"171\":{\"name\":\"LanguageTabs\",\"title\":\"Languages Support - Tabs\",\"version\":114,\"requiresVersions\":{\"LanguageSupport\":[\">=\",0]},\"autoload\":\"template=admin\",\"singular\":true,\"created\":1525789045,\"configurable\":4,\"namespace\":\"ProcessWire\\\\\"},\"172\":{\"name\":\"MarkupCustomPageList\",\"title\":\"Custom Page List\",\"version\":103,\"requiresVersions\":{\"ProcessPageList\":[\">=\",0]},\"autoload\":true,\"singular\":true,\"created\":1525789888,\"configurable\":true,\"namespace\":\"\\\\\"},\"173\":{\"name\":\"InputfieldPageAutocomplete\",\"title\":\"Page Auto Complete\",\"version\":112,\"namespace\":\"ProcessWire\\\\\"}}','2010-04-08 03:10:10'),('Modules.site/modules/','Helloworld/Helloworld.module\nMarkupCustomPageList/MarkupCustomPageList.module','2010-04-08 03:10:10'),('Permissions.names','{\"lang-edit\":1019,\"logs-edit\":1014,\"logs-view\":1013,\"page-delete\":34,\"page-edit\":32,\"page-edit-recent\":1011,\"page-lister\":1006,\"page-lock\":54,\"page-move\":35,\"page-sort\":50,\"page-template\":51,\"page-view\":36,\"profile-edit\":53,\"user-admin\":52}','2010-04-08 03:10:10'),('FileCompiler__de2ad19d35c17a236771e6276a1c4c2e','{\"source\":{\"file\":\"\\/var\\/www\\/html\\/2018\\/villaNoailles\\/book.designParade\\/pw\\/site\\/templates\\/home.php\",\"hash\":\"e1204420bcf102aeb490ae394d036ff5\",\"size\":86,\"time\":1528277108,\"ns\":\"\\\\\"},\"target\":{\"file\":\"\\/var\\/www\\/html\\/2018\\/villaNoailles\\/book.designParade\\/pw\\/site\\/assets\\/cache\\/FileCompiler\\/site\\/templates\\/home.php\",\"hash\":\"dd707f90c3f7fb973b4075b71b32e9e6\",\"size\":614,\"time\":1528277108}}','2010-04-08 03:10:10'),('FileCompiler__b5c1a2e16d7c06d86ccf76e1113ce1fa','{\"source\":{\"file\":\"\\/var\\/www\\/html\\/2018\\/villaNoailles\\/book.designParade\\/pw\\/site\\/templates\\/basic-page.php\",\"hash\":\"db5828c7dd5a5123c7963c0fb016f7a7\",\"size\":419,\"time\":1523039149,\"ns\":\"\\\\\"},\"target\":{\"file\":\"\\/var\\/www\\/html\\/2018\\/villaNoailles\\/book.designParade\\/pw\\/site\\/assets\\/cache\\/FileCompiler\\/site\\/templates\\/basic-page.php\",\"hash\":\"db5828c7dd5a5123c7963c0fb016f7a7\",\"size\":419,\"time\":1523039149}}','2010-04-08 03:10:10'),('FileCompiler__4a32da9a3cf1f629eef316bf08864c43','{\"source\":{\"file\":\"\\/var\\/www\\/html\\/2018\\/villaNoailles\\/book.designParade\\/pw\\/site\\/modules\\/MarkupCustomPageList\\/MarkupCustomPageList.module\",\"hash\":\"70a1cf79245d9b201ca9ebc8888c3d48\",\"size\":19155,\"time\":1525789876,\"ns\":\"\\\\\"},\"target\":{\"file\":\"\\/var\\/www\\/html\\/2018\\/villaNoailles\\/book.designParade\\/pw\\/site\\/assets\\/cache\\/FileCompiler\\/site\\/modules\\/MarkupCustomPageList\\/MarkupCustomPageList.module\",\"hash\":\"988e9a3775e63a55e1cd2c99fd593a8c\",\"size\":19740,\"time\":1525789876}}','2010-04-08 03:10:10'),('FileCompiler__d4b1c1666bcf83d7e647a12808c0e07e','{\"source\":{\"file\":\"\\/var\\/www\\/html\\/2018\\/villaNoailles\\/book.designParade\\/pw\\/site\\/templates\\/admin.php\",\"hash\":\"9636f854995462a4cb877cb1204bc2fe\",\"size\":467,\"time\":1523039149,\"ns\":\"ProcessWire\"},\"target\":{\"file\":\"\\/var\\/www\\/html\\/2018\\/villaNoailles\\/book.designParade\\/pw\\/site\\/assets\\/cache\\/FileCompiler\\/site\\/templates\\/admin.php\",\"hash\":\"9636f854995462a4cb877cb1204bc2fe\",\"size\":467,\"time\":1523039149}}','2010-04-08 03:10:10'),('ModulesUninstalled.info','{\"MarkupRSS\":{\"name\":\"MarkupRSS\",\"title\":\"Markup RSS Feed\",\"version\":102,\"versionStr\":\"1.0.2\",\"summary\":\"Renders an RSS feed. Given a PageArray, renders an RSS feed of them.\",\"created\":1523006748,\"installed\":false,\"configurable\":3,\"namespace\":\"ProcessWire\\\\\",\"core\":true},\"MarkupPageFields\":{\"name\":\"MarkupPageFields\",\"title\":\"Markup Page Fields\",\"version\":100,\"versionStr\":\"1.0.0\",\"summary\":\"Adds $page->renderFields() and $page->images->render() methods that return basic markup for output during development and debugging.\",\"autoload\":true,\"singular\":true,\"created\":1523006748,\"installed\":false,\"namespace\":\"ProcessWire\\\\\",\"core\":true,\"permanent\":true},\"MarkupCache\":{\"name\":\"MarkupCache\",\"title\":\"Markup Cache\",\"version\":101,\"versionStr\":\"1.0.1\",\"summary\":\"A simple way to cache segments of markup in your templates. \",\"href\":\"https:\\/\\/processwire.com\\/api\\/modules\\/markupcache\\/\",\"autoload\":true,\"singular\":true,\"created\":1523006748,\"installed\":false,\"configurable\":3,\"namespace\":\"ProcessWire\\\\\",\"core\":true},\"TextformatterStripTags\":{\"name\":\"TextformatterStripTags\",\"title\":\"Strip Markup Tags\",\"version\":100,\"versionStr\":\"1.0.0\",\"summary\":\"Strips HTML\\/XHTML Markup Tags\",\"created\":1523006748,\"installed\":false,\"configurable\":3,\"namespace\":\"ProcessWire\\\\\",\"core\":true},\"TextformatterSmartypants\":{\"name\":\"TextformatterSmartypants\",\"title\":\"SmartyPants Typographer\",\"version\":171,\"versionStr\":\"1.7.1\",\"summary\":\"Smart typography for web sites, by Michel Fortin based on SmartyPants by John Gruber. If combined with Markdown, it should be applied AFTER Markdown.\",\"created\":1523006748,\"installed\":false,\"configurable\":4,\"namespace\":\"ProcessWire\\\\\",\"core\":true,\"url\":\"https:\\/\\/github.com\\/michelf\\/php-smartypants\"},\"TextformatterNewlineBR\":{\"name\":\"TextformatterNewlineBR\",\"title\":\"Newlines to XHTML Line Breaks\",\"version\":100,\"versionStr\":\"1.0.0\",\"summary\":\"Converts newlines to XHTML line break <br \\/> tags. \",\"created\":1523006748,\"installed\":false,\"namespace\":\"ProcessWire\\\\\",\"core\":true},\"TextformatterMarkdownExtra\":{\"name\":\"TextformatterMarkdownExtra\",\"title\":\"Markdown\\/Parsedown Extra\",\"version\":130,\"versionStr\":\"1.3.0\",\"summary\":\"Markdown\\/Parsedown extra lightweight markup language by Emanuil Rusev. Based on Markdown by John Gruber.\",\"created\":1523006748,\"installed\":false,\"configurable\":3,\"namespace\":\"ProcessWire\\\\\",\"core\":true},\"TextformatterNewlineUL\":{\"name\":\"TextformatterNewlineUL\",\"title\":\"Newlines to Unordered List\",\"version\":100,\"versionStr\":\"1.0.0\",\"summary\":\"Converts newlines to <li> list items and surrounds in an <ul> unordered list. \",\"created\":1523006748,\"installed\":false,\"namespace\":\"ProcessWire\\\\\",\"core\":true},\"TextformatterPstripper\":{\"name\":\"TextformatterPstripper\",\"title\":\"Paragraph Stripper\",\"version\":100,\"versionStr\":\"1.0.0\",\"summary\":\"Strips paragraph <p> tags that may have been applied by other text formatters before it. \",\"created\":1523006748,\"installed\":false,\"namespace\":\"ProcessWire\\\\\",\"core\":true},\"PageFrontEdit\":{\"name\":\"PageFrontEdit\",\"title\":\"Front-End Page Editor\",\"version\":2,\"versionStr\":\"0.0.2\",\"author\":\"Ryan Cramer\",\"summary\":\"Enables front-end editing of page fields.\",\"icon\":\"cube\",\"permissions\":{\"page-edit-front\":\"Use the front-end page editor\"},\"autoload\":true,\"created\":1523006748,\"installed\":false,\"configurable\":\"PageFrontEditConfig.php\",\"namespace\":\"ProcessWire\\\\\",\"core\":true,\"license\":\"MPL 2.0\"},\"ProcessPageClone\":{\"name\":\"ProcessPageClone\",\"title\":\"Page Clone\",\"version\":103,\"versionStr\":\"1.0.3\",\"summary\":\"Provides ability to clone\\/copy\\/duplicate pages in the admin. Adds a &quot;copy&quot; option to all applicable pages in the PageList.\",\"permission\":\"page-clone\",\"permissions\":{\"page-clone\":\"Clone a page\",\"page-clone-tree\":\"Clone a tree of pages\"},\"autoload\":\"template=admin\",\"created\":1523006748,\"installed\":false,\"namespace\":\"ProcessWire\\\\\",\"core\":true,\"page\":{\"name\":\"clone\",\"title\":\"Clone\",\"parent\":\"page\",\"status\":1024}},\"ProcessCommentsManager\":{\"name\":\"ProcessCommentsManager\",\"title\":\"Comments\",\"version\":8,\"versionStr\":\"0.0.8\",\"author\":\"Ryan Cramer\",\"summary\":\"Manage comments in your site outside of the page editor.\",\"icon\":\"comments\",\"requiresVersions\":{\"FieldtypeComments\":[\">=\",0]},\"permission\":\"comments-manager\",\"permissions\":{\"comments-manager\":\"Use the comments manager\"},\"created\":1523006748,\"installed\":false,\"namespace\":\"ProcessWire\\\\\",\"core\":true,\"page\":{\"name\":\"comments\",\"parent\":\"setup\",\"title\":\"Comments\"},\"nav\":[{\"url\":\"?go=approved\",\"label\":\"Approved\"},{\"url\":\"?go=pending\",\"label\":\"Pending\"},{\"url\":\"?go=spam\",\"label\":\"Spam\"},{\"url\":\"?go=all\",\"label\":\"All\"}]},\"ProcessPagesExportImport\":{\"name\":\"ProcessPagesExportImport\",\"title\":\"Pages Export\\/Import\",\"version\":1,\"versionStr\":\"0.0.1\",\"author\":\"Ryan Cramer\",\"summary\":\"Enables exporting and importing of pages. Development version, not yet recommended for production use.\",\"icon\":\"paper-plane-o\",\"permission\":\"page-edit-export\",\"created\":1523006748,\"installed\":false,\"namespace\":\"ProcessWire\\\\\",\"core\":true,\"page\":{\"name\":\"export-import\",\"parent\":\"page\",\"title\":\"Export\\/Import\"}},\"ProcessForgotPassword\":{\"name\":\"ProcessForgotPassword\",\"title\":\"Forgot Password\",\"version\":102,\"versionStr\":\"1.0.2\",\"summary\":\"Provides password reset\\/email capability for the Login process.\",\"permission\":\"page-view\",\"created\":1523006748,\"installed\":false,\"configurable\":3,\"namespace\":\"ProcessWire\\\\\",\"core\":true},\"LazyCron\":{\"name\":\"LazyCron\",\"title\":\"Lazy Cron\",\"version\":102,\"versionStr\":\"1.0.2\",\"summary\":\"Provides hooks that are automatically executed at various intervals. It is called \'lazy\' because it\'s triggered by a pageview, so the interval is guaranteed to be at least the time requested, rather than exactly the time requested. This is fine for most cases, but you can make it not lazy by connecting this to a real CRON job. See the module file for details. \",\"href\":\"https:\\/\\/processwire.com\\/api\\/modules\\/lazy-cron\\/\",\"autoload\":true,\"singular\":true,\"created\":1523006748,\"installed\":false,\"namespace\":\"ProcessWire\\\\\",\"core\":true},\"SystemNotifications\":{\"name\":\"SystemNotifications\",\"title\":\"System Notifications\",\"version\":12,\"versionStr\":\"0.1.2\",\"summary\":\"Adds support for notifications in ProcessWire (currently in development)\",\"icon\":\"bell\",\"installs\":[\"FieldtypeNotifications\"],\"autoload\":true,\"created\":1523006748,\"installed\":false,\"configurable\":\"SystemNotificationsConfig.php\",\"namespace\":\"ProcessWire\\\\\",\"core\":true},\"FieldtypeNotifications\":{\"name\":\"FieldtypeNotifications\",\"title\":\"Notifications\",\"version\":4,\"versionStr\":\"0.0.4\",\"summary\":\"Field that stores user notifications.\",\"requiresVersions\":{\"SystemNotifications\":[\">=\",0]},\"created\":1523006748,\"installed\":false,\"namespace\":\"ProcessWire\\\\\",\"core\":true},\"FieldtypeRepeater\":{\"name\":\"FieldtypeRepeater\",\"title\":\"Repeater\",\"version\":106,\"versionStr\":\"1.0.6\",\"summary\":\"Maintains a collection of fields that are repeated for any number of times.\",\"installs\":[\"InputfieldRepeater\"],\"autoload\":true,\"created\":1523006748,\"installed\":false,\"configurable\":3,\"namespace\":\"ProcessWire\\\\\",\"core\":true},\"FieldtypeFieldsetPage\":{\"name\":\"FieldtypeFieldsetPage\",\"title\":\"Fieldset (Page)\",\"version\":1,\"versionStr\":\"0.0.1\",\"summary\":\"Fieldset with fields isolated to separate namespace (page), enabling re-use of fields.\",\"requiresVersions\":{\"FieldtypeRepeater\":[\">=\",0]},\"autoload\":true,\"created\":1523006748,\"installed\":false,\"configurable\":3,\"namespace\":\"ProcessWire\\\\\",\"core\":true},\"InputfieldRepeater\":{\"name\":\"InputfieldRepeater\",\"title\":\"Repeater\",\"version\":106,\"versionStr\":\"1.0.6\",\"summary\":\"Repeats fields from another template. Provides the input for FieldtypeRepeater.\",\"requiresVersions\":{\"FieldtypeRepeater\":[\">=\",0]},\"created\":1523006748,\"installed\":false,\"namespace\":\"ProcessWire\\\\\",\"core\":true},\"FieldtypePageTable\":{\"name\":\"FieldtypePageTable\",\"title\":\"ProFields: Page Table\",\"version\":8,\"versionStr\":\"0.0.8\",\"summary\":\"A fieldtype containing a group of editable pages.\",\"installs\":[\"InputfieldPageTable\"],\"autoload\":true,\"created\":1523006748,\"installed\":false,\"namespace\":\"ProcessWire\\\\\",\"core\":true},\"FieldtypeSelector\":{\"name\":\"FieldtypeSelector\",\"title\":\"Selector\",\"version\":13,\"versionStr\":\"0.1.3\",\"author\":\"Avoine + ProcessWire\",\"summary\":\"Build a page finding selector visually.\",\"created\":1523006748,\"installed\":false,\"namespace\":\"ProcessWire\\\\\",\"core\":true},\"FieldtypeOptions\":{\"name\":\"FieldtypeOptions\",\"title\":\"Select Options\",\"version\":1,\"versionStr\":\"0.0.1\",\"summary\":\"Field that stores single and multi select options.\",\"created\":1523006748,\"installed\":false,\"namespace\":\"ProcessWire\\\\\",\"core\":true},\"FieldtypeCache\":{\"name\":\"FieldtypeCache\",\"title\":\"Cache\",\"version\":102,\"versionStr\":\"1.0.2\",\"summary\":\"Caches the values of other fields for fewer runtime queries. Can also be used to combine multiple text fields and have them all be searchable under the cached field name.\",\"created\":1523006748,\"installed\":false,\"namespace\":\"ProcessWire\\\\\",\"core\":true},\"CommentFilterAkismet\":{\"name\":\"CommentFilterAkismet\",\"title\":\"Comment Filter: Akismet\",\"version\":102,\"versionStr\":\"1.0.2\",\"summary\":\"Uses the Akismet service to identify comment spam. Module plugin for the Comments Fieldtype.\",\"requiresVersions\":{\"FieldtypeComments\":[\">=\",0]},\"created\":1523006748,\"installed\":false,\"configurable\":3,\"namespace\":\"ProcessWire\\\\\",\"core\":true},\"InputfieldCommentsAdmin\":{\"name\":\"InputfieldCommentsAdmin\",\"title\":\"Comments Admin\",\"version\":104,\"versionStr\":\"1.0.4\",\"summary\":\"Provides an administrative interface for working with comments\",\"requiresVersions\":{\"FieldtypeComments\":[\">=\",0]},\"created\":1523006748,\"installed\":false,\"namespace\":\"ProcessWire\\\\\",\"core\":true},\"FieldtypeComments\":{\"name\":\"FieldtypeComments\",\"title\":\"Comments\",\"version\":107,\"versionStr\":\"1.0.7\",\"summary\":\"Field that stores user posted comments for a single Page\",\"installs\":[\"InputfieldCommentsAdmin\"],\"created\":1523006748,\"installed\":false,\"namespace\":\"ProcessWire\\\\\",\"core\":true},\"PagePathHistory\":{\"name\":\"PagePathHistory\",\"title\":\"Page Path History\",\"version\":2,\"versionStr\":\"0.0.2\",\"summary\":\"Keeps track of past URLs where pages have lived and automatically redirects (301 permament) to the new location whenever the past URL is accessed.\",\"autoload\":true,\"singular\":true,\"created\":1523006748,\"installed\":false,\"namespace\":\"ProcessWire\\\\\",\"core\":true},\"ProcessSessionDB\":{\"name\":\"ProcessSessionDB\",\"title\":\"Sessions\",\"version\":3,\"versionStr\":\"0.0.3\",\"summary\":\"Enables you to browse active database sessions.\",\"icon\":\"dashboard\",\"requiresVersions\":{\"SessionHandlerDB\":[\">=\",0]},\"created\":1523006748,\"installed\":false,\"namespace\":\"ProcessWire\\\\\",\"core\":true},\"SessionHandlerDB\":{\"name\":\"SessionHandlerDB\",\"title\":\"Session Handler Database\",\"version\":5,\"versionStr\":\"0.0.5\",\"summary\":\"Installing this module makes ProcessWire store sessions in the database rather than the file system. Note that this module will log you out after install or uninstall.\",\"installs\":[\"ProcessSessionDB\"],\"created\":1523006748,\"installed\":false,\"configurable\":3,\"namespace\":\"ProcessWire\\\\\",\"core\":true},\"FileCompilerTags\":{\"name\":\"FileCompilerTags\",\"title\":\"Tags File Compiler\",\"version\":1,\"versionStr\":\"0.0.1\",\"summary\":\"Enables {var} or {var.property} variables in markup sections of a file. Can be used with any API variable.\",\"created\":1523006748,\"installed\":false,\"configurable\":4,\"namespace\":\"ProcessWire\\\\\",\"core\":true},\"PagePaths\":{\"name\":\"PagePaths\",\"title\":\"Page Paths\",\"version\":1,\"versionStr\":\"0.0.1\",\"summary\":\"Enables page paths\\/urls to be queryable by selectors. Also offers potential for improved load performance. Builds an index at install (may take time on a large site). Currently supports only single languages sites.\",\"autoload\":true,\"singular\":true,\"created\":1523006748,\"installed\":false,\"namespace\":\"ProcessWire\\\\\",\"core\":true},\"AdminThemeReno\":{\"name\":\"AdminThemeReno\",\"title\":\"Reno\",\"version\":17,\"versionStr\":\"0.1.7\",\"author\":\"Tom Reno (Renobird)\",\"summary\":\"Admin theme for ProcessWire 2.5+ by Tom Reno (Renobird)\",\"requiresVersions\":{\"AdminThemeDefault\":[\">=\",0]},\"autoload\":\"template=admin\",\"created\":1523006748,\"installed\":false,\"configurable\":3,\"namespace\":\"ProcessWire\\\\\",\"core\":true},\"ImageSizerEngineAnimatedGif\":{\"name\":\"ImageSizerEngineAnimatedGif\",\"title\":\"Animated GIF Image Sizer\",\"version\":1,\"versionStr\":\"0.0.1\",\"author\":\"Horst Nogajski\",\"summary\":\"Upgrades image manipulations for animated GIFs.\",\"created\":1523006748,\"installed\":false,\"configurable\":4,\"namespace\":\"ProcessWire\\\\\",\"core\":true},\"ImageSizerEngineIMagick\":{\"name\":\"ImageSizerEngineIMagick\",\"title\":\"IMagick Image Sizer\",\"version\":2,\"versionStr\":\"0.0.2\",\"author\":\"Horst Nogajski\",\"summary\":\"Upgrades image manipulations to use PHP\'s ImageMagick library when possible.\",\"created\":1523006748,\"installed\":false,\"configurable\":4,\"namespace\":\"ProcessWire\\\\\",\"core\":true},\"InputfieldPageTable\":{\"name\":\"InputfieldPageTable\",\"title\":\"ProFields: Page Table\",\"version\":13,\"versionStr\":\"0.1.3\",\"summary\":\"Inputfield to accompany FieldtypePageTable\",\"requiresVersions\":{\"FieldtypePageTable\":[\">=\",0]},\"created\":1523006748,\"installed\":false,\"namespace\":\"ProcessWire\\\\\",\"core\":true},\"Helloworld\":{\"name\":\"Helloworld\",\"title\":\"Hello World\",\"version\":3,\"versionStr\":\"0.0.3\",\"summary\":\"An example module used for demonstration purposes.\",\"href\":\"https:\\/\\/processwire.com\",\"icon\":\"smile-o\",\"autoload\":true,\"singular\":true,\"created\":1525795008,\"installed\":false}}','2010-04-08 03:10:10'),('FileCompiler__60544b8dda1e126674f4320fd7cf1b4e','{\"source\":{\"file\":\"\\/Users\\/leomab\\/Documents\\/2018\\/LUUSE\\/catalogue_dp\\/site\\/modules\\/MarkupCustomPageList\\/MarkupCustomPageList.module\",\"hash\":\"70a1cf79245d9b201ca9ebc8888c3d48\",\"size\":19155,\"time\":1525795008,\"ns\":\"\\\\\"},\"target\":{\"file\":\"\\/Users\\/leomab\\/Documents\\/2018\\/LUUSE\\/catalogue_dp\\/site\\/assets\\/cache\\/FileCompiler\\/site\\/modules\\/MarkupCustomPageList\\/MarkupCustomPageList.module\",\"hash\":\"988e9a3775e63a55e1cd2c99fd593a8c\",\"size\":19740,\"time\":1525795008}}','2010-04-08 03:10:10'),('FileCompiler__ed243778acf415b34d8ca321900f7fb7','{\"source\":{\"file\":\"\\/Users\\/leomab\\/Documents\\/2018\\/LUUSE\\/catalogue_dp\\/site\\/templates\\/admin.php\",\"hash\":\"9636f854995462a4cb877cb1204bc2fe\",\"size\":467,\"time\":1525795008,\"ns\":\"ProcessWire\"},\"target\":{\"file\":\"\\/Users\\/leomab\\/Documents\\/2018\\/LUUSE\\/catalogue_dp\\/site\\/assets\\/cache\\/FileCompiler\\/site\\/templates\\/admin.php\",\"hash\":\"9636f854995462a4cb877cb1204bc2fe\",\"size\":467,\"time\":1525795008}}','2010-04-08 03:10:10'),('FileCompiler__0918b5a3f330aa3f5fe18774aa6a541e','{\"source\":{\"file\":\"\\/Users\\/leomab\\/Documents\\/2018\\/LUUSE\\/catalogue_dp\\/site\\/templates\\/home.php\",\"hash\":\"e1204420bcf102aeb490ae394d036ff5\",\"size\":86,\"time\":1528211172,\"ns\":\"\\\\\"},\"target\":{\"file\":\"\\/Users\\/leomab\\/Documents\\/2018\\/LUUSE\\/catalogue_dp\\/site\\/assets\\/cache\\/FileCompiler\\/site\\/templates\\/home.php\",\"hash\":\"dd707f90c3f7fb973b4075b71b32e9e6\",\"size\":614,\"time\":1528211172}}','2010-04-08 03:10:10'),('FileCompiler__b08ce1347333494bcf53ab55dc3ce551','{\"source\":{\"file\":\"\\/Users\\/leomab\\/Documents\\/2018\\/LUUSE\\/catalogue_dp\\/site\\/templates\\/inc\\/head.php\",\"hash\":\"a90b0184822fd4719781bff887032337\",\"size\":1482,\"time\":1528724755,\"ns\":\"\\\\\"},\"target\":{\"file\":\"\\/Users\\/leomab\\/Documents\\/2018\\/LUUSE\\/catalogue_dp\\/site\\/assets\\/cache\\/FileCompiler\\/site\\/templates\\/inc\\/head.php\",\"hash\":\"a83358e4ddb732edccf365943285c064\",\"size\":1957,\"time\":1528724755}}','2010-04-08 03:10:10'),('FileCompiler__39043a88ac4aaeb3ae4d361e94c520a2','{\"source\":{\"file\":\"\\/Users\\/leomab\\/Documents\\/2018\\/LUUSE\\/catalogue_dp\\/site\\/templates\\/inc\\/variables.php\",\"hash\":\"c45843942fea7758365cce539542f896\",\"size\":363,\"time\":1528724755,\"ns\":\"\\\\\"},\"target\":{\"file\":\"\\/Users\\/leomab\\/Documents\\/2018\\/LUUSE\\/catalogue_dp\\/site\\/assets\\/cache\\/FileCompiler\\/site\\/templates\\/inc\\/variables.php\",\"hash\":\"e815f695206e0e0cddaee32991823ea1\",\"size\":543,\"time\":1528724755}}','2010-04-08 03:10:10'),('FileCompiler__19fcda925ef50e4e36c9004b150ee305','{\"source\":{\"file\":\"\\/Users\\/leomab\\/Documents\\/2018\\/LUUSE\\/catalogue_dp\\/site\\/templates\\/inc\\/functions.php\",\"hash\":\"257d47f707895625ae54736873c14752\",\"size\":388,\"time\":1528491336,\"ns\":\"\\\\\"},\"target\":{\"file\":\"\\/Users\\/leomab\\/Documents\\/2018\\/LUUSE\\/catalogue_dp\\/site\\/assets\\/cache\\/FileCompiler\\/site\\/templates\\/inc\\/functions.php\",\"hash\":\"73c9f69b2db520182369318a0876491c\",\"size\":742,\"time\":1528491336}}','2010-04-08 03:10:10'),('FileCompiler__d7a7bcf317300c85b4945aa0243892e2','{\"source\":{\"file\":\"inc\\/header.php\",\"hash\":\"d41d8cd98f00b204e9800998ecf8427e\",\"size\":0,\"time\":1525795008,\"ns\":\"\\\\\"},\"target\":{\"file\":\"\\/Users\\/leomab\\/Documents\\/2018\\/LUUSE\\/catalogue_dp\\/site\\/assets\\/cache\\/FileCompiler\\/inc\\/header.php\",\"hash\":\"d41d8cd98f00b204e9800998ecf8427e\",\"size\":0,\"time\":1525795008}}','2010-04-08 03:10:10'),('FileCompiler__b8d95c7434a80a8154398c4b6ec2948f','{\"source\":{\"file\":\"\\/Users\\/leomab\\/Documents\\/2018\\/LUUSE\\/catalogue_dp\\/site\\/templates\\/parties.php\",\"hash\":\"b2336a47703c6cdac9bcd2862b13f2ec\",\"size\":297,\"time\":1528306397,\"ns\":\"\\\\\"},\"target\":{\"file\":\"\\/Users\\/leomab\\/Documents\\/2018\\/LUUSE\\/catalogue_dp\\/site\\/assets\\/cache\\/FileCompiler\\/site\\/templates\\/parties.php\",\"hash\":\"52d515e4100fb18b48a1104ae89de0f3\",\"size\":822,\"time\":1528306397}}','2010-04-08 03:10:10'),('FileCompiler__b0a4552969c23c209290f2442fffcb0c','{\"source\":{\"file\":\"\\/Users\\/leomab\\/Documents\\/2018\\/LUUSE\\/catalogue_dp\\/site\\/templates\\/contenu.php\",\"hash\":\"7b70b9135c8d6d02700a89477032b3e5\",\"size\":2086,\"time\":1528849914,\"ns\":\"\\\\\"},\"target\":{\"file\":\"\\/Users\\/leomab\\/Documents\\/2018\\/LUUSE\\/catalogue_dp\\/site\\/assets\\/cache\\/FileCompiler\\/site\\/templates\\/contenu.php\",\"hash\":\"c28650efb5e849f1e4d3e90d75b3e86c\",\"size\":3122,\"time\":1528849914}}','2010-04-08 03:10:10'),('FileCompiler__6a96371d1741ad8828c7d1a971aecb05','{\"source\":{\"file\":\"\\/Users\\/leomab\\/Documents\\/2018\\/LUUSE\\/catalogue_dp\\/site\\/templates\\/pages.php\",\"hash\":\"7ecb427b30681d5a56f0d62cc00410f7\",\"size\":2365,\"time\":1528849914,\"ns\":\"\\\\\"},\"target\":{\"file\":\"\\/Users\\/leomab\\/Documents\\/2018\\/LUUSE\\/catalogue_dp\\/site\\/assets\\/cache\\/FileCompiler\\/site\\/templates\\/pages.php\",\"hash\":\"e981806c78f7e276a3c374599624a627\",\"size\":2715,\"time\":1528849914}}','2010-04-08 03:10:10'),('FileCompiler__9c68b016bfc0cb4729392cd9dc72b01a','{\"source\":{\"file\":\"\\/Users\\/leomab\\/Documents\\/2018\\/LUUSE\\/catalogue_dp\\/site\\/templates\\/inc\\/foot.php\",\"hash\":\"88c8b33517d444c6ff094604f4bdb2e3\",\"size\":1023,\"time\":1528724755,\"ns\":\"\\\\\"},\"target\":{\"file\":\"\\/Users\\/leomab\\/Documents\\/2018\\/LUUSE\\/catalogue_dp\\/site\\/assets\\/cache\\/FileCompiler\\/site\\/templates\\/inc\\/foot.php\",\"hash\":\"88c8b33517d444c6ff094604f4bdb2e3\",\"size\":1023,\"time\":1528724755}}','2010-04-08 03:10:10'),('FileCompiler__b271ce800b363a5060b1a1cff78595eb','{\"source\":{\"file\":\"\\/Users\\/leomab\\/Documents\\/2018\\/LUUSE\\/catalogue_dp\\/site\\/templates\\/basic-page.php\",\"hash\":\"db5828c7dd5a5123c7963c0fb016f7a7\",\"size\":419,\"time\":1525795008,\"ns\":\"\\\\\"},\"target\":{\"file\":\"\\/Users\\/leomab\\/Documents\\/2018\\/LUUSE\\/catalogue_dp\\/site\\/assets\\/cache\\/FileCompiler\\/site\\/templates\\/basic-page.php\",\"hash\":\"db5828c7dd5a5123c7963c0fb016f7a7\",\"size\":419,\"time\":1525795008}}','2010-04-08 03:10:10'),('FileCompiler__592e80c7ba74888171bd94016e207758','{\"source\":{\"file\":\"\\/var\\/www\\/html\\/2018\\/villaNoailles\\/book.designParade\\/pw\\/site\\/templates\\/inc\\/head.php\",\"hash\":\"a90b0184822fd4719781bff887032337\",\"size\":1482,\"time\":1528643133,\"ns\":\"\\\\\"},\"target\":{\"file\":\"\\/var\\/www\\/html\\/2018\\/villaNoailles\\/book.designParade\\/pw\\/site\\/assets\\/cache\\/FileCompiler\\/site\\/templates\\/inc\\/head.php\",\"hash\":\"a83358e4ddb732edccf365943285c064\",\"size\":1957,\"time\":1528643133}}','2010-04-08 03:10:10'),('FileCompiler__b66278908951d46de95b9fcb4cfcfa42','{\"source\":{\"file\":\"\\/var\\/www\\/html\\/2018\\/villaNoailles\\/book.designParade\\/pw\\/site\\/templates\\/inc\\/functions.php\",\"hash\":\"257d47f707895625ae54736873c14752\",\"size\":388,\"time\":1528489730,\"ns\":\"\\\\\"},\"target\":{\"file\":\"\\/var\\/www\\/html\\/2018\\/villaNoailles\\/book.designParade\\/pw\\/site\\/assets\\/cache\\/FileCompiler\\/site\\/templates\\/inc\\/functions.php\",\"hash\":\"73c9f69b2db520182369318a0876491c\",\"size\":742,\"time\":1528489730}}','2010-04-08 03:10:10'),('FileCompiler__82e4b07351338b558f2c8c9d75b19454','{\"source\":{\"file\":\"\\/var\\/www\\/html\\/2018\\/villaNoailles\\/book.designParade\\/pw\\/site\\/templates\\/parties.php\",\"hash\":\"b2336a47703c6cdac9bcd2862b13f2ec\",\"size\":297,\"time\":1528301429,\"ns\":\"\\\\\"},\"target\":{\"file\":\"\\/var\\/www\\/html\\/2018\\/villaNoailles\\/book.designParade\\/pw\\/site\\/assets\\/cache\\/FileCompiler\\/site\\/templates\\/parties.php\",\"hash\":\"52d515e4100fb18b48a1104ae89de0f3\",\"size\":822,\"time\":1528301429}}','2010-04-08 03:10:10'),('FileCompiler__63bc3b74f69a8ab63b5af02fc3d080a7','{\"source\":{\"file\":\"\\/var\\/www\\/html\\/2018\\/villaNoailles\\/book.designParade\\/pw\\/site\\/templates\\/contenu.php\",\"hash\":\"8921af424f61459039f5f93643b795a5\",\"size\":3020,\"time\":1528873472,\"ns\":\"\\\\\"},\"target\":{\"file\":\"\\/var\\/www\\/html\\/2018\\/villaNoailles\\/book.designParade\\/pw\\/site\\/assets\\/cache\\/FileCompiler\\/site\\/templates\\/contenu.php\",\"hash\":\"5a3bb77c24a8c91d3888715272ec64e1\",\"size\":4228,\"time\":1528873472}}','2010-04-08 03:10:10'),('FileCompiler__b2d862b092f82274e607715623319208','{\"source\":{\"file\":\"\\/var\\/www\\/html\\/2018\\/villaNoailles\\/book.designParade\\/pw\\/site\\/templates\\/pages.php\",\"hash\":\"46853535a90e094b3d371d16792fc66d\",\"size\":2430,\"time\":1528851286,\"ns\":\"\\\\\"},\"target\":{\"file\":\"\\/var\\/www\\/html\\/2018\\/villaNoailles\\/book.designParade\\/pw\\/site\\/assets\\/cache\\/FileCompiler\\/site\\/templates\\/pages.php\",\"hash\":\"dae52ec26b52ef8bee067cd14a1bba4a\",\"size\":2780,\"time\":1528851286}}','2010-04-08 03:10:10'),('FileCompiler__7b56aa2b01c947cddb80cbc08ed7232e','{\"source\":{\"file\":\"\\/var\\/www\\/html\\/2018\\/villaNoailles\\/book.designParade\\/pw\\/site\\/templates\\/inc\\/grid.php\",\"hash\":\"788c1cd42aa1f638f94923796560d1b3\",\"size\":318,\"time\":1528392701,\"ns\":\"\\\\\"},\"target\":{\"file\":\"\\/var\\/www\\/html\\/2018\\/villaNoailles\\/book.designParade\\/pw\\/site\\/assets\\/cache\\/FileCompiler\\/site\\/templates\\/inc\\/grid.php\",\"hash\":\"788c1cd42aa1f638f94923796560d1b3\",\"size\":318,\"time\":1528392701}}','2010-04-08 03:10:10'),('FileCompiler__ebac52d8273f050d0a34e2b442f55ed6','{\"source\":{\"file\":\"\\/var\\/www\\/html\\/2018\\/villaNoailles\\/book.designParade\\/pw\\/site\\/templates\\/inc\\/foot.php\",\"hash\":\"88c8b33517d444c6ff094604f4bdb2e3\",\"size\":1023,\"time\":1528712870,\"ns\":\"\\\\\"},\"target\":{\"file\":\"\\/var\\/www\\/html\\/2018\\/villaNoailles\\/book.designParade\\/pw\\/site\\/assets\\/cache\\/FileCompiler\\/site\\/templates\\/inc\\/foot.php\",\"hash\":\"88c8b33517d444c6ff094604f4bdb2e3\",\"size\":1023,\"time\":1528712870}}','2010-04-08 03:10:10'),('FileCompiler__93b17eec069461fe495de57a82f72a52','{\"source\":{\"file\":\"\\/var\\/www\\/html\\/2018\\/villaNoailles\\/book.designParade\\/pw\\/site\\/templates\\/inc\\/variables.php\",\"hash\":\"6144dd121599c89436ab9bfa127631b5\",\"size\":624,\"time\":1528889828,\"ns\":\"\\\\\"},\"target\":{\"file\":\"\\/var\\/www\\/html\\/2018\\/villaNoailles\\/book.designParade\\/pw\\/site\\/assets\\/cache\\/FileCompiler\\/site\\/templates\\/inc\\/variables.php\",\"hash\":\"a80bb59c229dba44c078af702e59e1aa\",\"size\":804,\"time\":1528889828}}','2010-04-08 03:10:10'),('FileCompiler__ea23a7d154aae1913eb5cde3b7dddad6','{\"source\":{\"file\":\"\\/var\\/www\\/html\\/2018\\/villaNoailles\\/book.designParade\\/pw\\/site\\/templates\\/villes.php\",\"hash\":\"d41d8cd98f00b204e9800998ecf8427e\",\"size\":0,\"time\":1527621531,\"ns\":\"\\\\\"},\"target\":{\"file\":\"\\/var\\/www\\/html\\/2018\\/villaNoailles\\/book.designParade\\/pw\\/site\\/assets\\/cache\\/FileCompiler\\/site\\/templates\\/villes.php\",\"hash\":\"d41d8cd98f00b204e9800998ecf8427e\",\"size\":0,\"time\":1527621531}}','2010-04-08 03:10:10'),('FileCompiler__0d003c99ebbd765117bf7b994029a049','{\"source\":{\"file\":\"\\/Users\\/leomab\\/Documents\\/2018\\/LUUSE\\/catalogue_dp\\/site\\/templates\\/inc\\/grid.php\",\"hash\":\"788c1cd42aa1f638f94923796560d1b3\",\"size\":318,\"time\":1528395263,\"ns\":\"\\\\\"},\"target\":{\"file\":\"\\/Users\\/leomab\\/Documents\\/2018\\/LUUSE\\/catalogue_dp\\/site\\/assets\\/cache\\/FileCompiler\\/site\\/templates\\/inc\\/grid.php\",\"hash\":\"788c1cd42aa1f638f94923796560d1b3\",\"size\":318,\"time\":1528395263}}','2010-04-08 03:10:10'),('FileCompiler__af32c2866493ee1aada1a01b19c4d058','{\"source\":{\"file\":\"inc\\/nav.php\",\"hash\":\"d397468eec2d3b08175eca60d1bc2292\",\"size\":958,\"time\":1536055328,\"ns\":\"\\\\\"},\"target\":{\"file\":\"\\/home\\/etienne\\/Documents\\/TAF\\/www\\/print.commandePhoto2018\\/processwire\\/site\\/assets\\/cache\\/FileCompiler\\/inc\\/nav.php\",\"hash\":\"d397468eec2d3b08175eca60d1bc2292\",\"size\":958,\"time\":1536055328}}','2010-04-08 03:10:10'),('FileCompiler__4e131e26f96e1393386f87c851dc315c','{\"source\":{\"file\":\"\\/var\\/www\\/html\\/2018\\/villaNoailles\\/book.designParade\\/pw\\/site\\/templates\\/contenus.php\",\"hash\":\"915f2e40fbf1b752a90822ea7ad1b6de\",\"size\":1575,\"time\":1528873287,\"ns\":\"\\\\\"},\"target\":{\"file\":\"\\/var\\/www\\/html\\/2018\\/villaNoailles\\/book.designParade\\/pw\\/site\\/assets\\/cache\\/FileCompiler\\/site\\/templates\\/contenus.php\",\"hash\":\"6e017b814479eb89e9702923319e2ae7\",\"size\":2609,\"time\":1528873287}}','2010-04-08 03:10:10'),('FileCompiler__535e6bc7cef7a6355e10a1a55b0fdd14','{\"source\":{\"file\":\"\\/var\\/www\\/html\\/2018\\/villaNoailles\\/book.designParade\\/pw\\/site\\/templates\\/ouverture.php\",\"hash\":\"e6f1c73f22fc91fbfc012349bb6ef137\",\"size\":1138,\"time\":1528757132,\"ns\":\"\\\\\"},\"target\":{\"file\":\"\\/var\\/www\\/html\\/2018\\/villaNoailles\\/book.designParade\\/pw\\/site\\/assets\\/cache\\/FileCompiler\\/site\\/templates\\/ouverture.php\",\"hash\":\"4326616d8373e44bb929aba48a18c6f6\",\"size\":1835,\"time\":1528757132}}','2010-04-08 03:10:10'),('FileCompiler__254f6ce455b8f96e8aa462f11cb7e4d8','{\"source\":{\"file\":\"\\/var\\/www\\/html\\/2018\\/villaNoailles\\/book.designParade\\/pw\\/site\\/templates\\/expositions.php\",\"hash\":\"6484017000dd1bba9944e6bf21119e9d\",\"size\":1119,\"time\":1528744814,\"ns\":\"\\\\\"},\"target\":{\"file\":\"\\/var\\/www\\/html\\/2018\\/villaNoailles\\/book.designParade\\/pw\\/site\\/assets\\/cache\\/FileCompiler\\/site\\/templates\\/expositions.php\",\"hash\":\"6484017000dd1bba9944e6bf21119e9d\",\"size\":1119,\"time\":1528744814}}','2010-04-08 03:10:10'),('FileCompiler__57718829001df1b0b1c6b131b20ac4d5','{\"source\":{\"file\":\"\\/var\\/www\\/html\\/2018\\/villaNoailles\\/book.designParade\\/pw\\/site\\/templates\\/concours.php\",\"hash\":\"fc0ee2968a31cc19e0f3df26c9654673\",\"size\":1276,\"time\":1528555713,\"ns\":\"\\\\\"},\"target\":{\"file\":\"\\/var\\/www\\/html\\/2018\\/villaNoailles\\/book.designParade\\/pw\\/site\\/assets\\/cache\\/FileCompiler\\/site\\/templates\\/concours.php\",\"hash\":\"fc0ee2968a31cc19e0f3df26c9654673\",\"size\":1276,\"time\":1528555713}}','2010-04-08 03:10:10'),('FileCompiler__2d1adf36daa88568a87cde5113ca22a7','{\"source\":{\"file\":\"\\/var\\/www\\/html\\/2018\\/villaNoailles\\/book.designParade\\/pw\\/site\\/templates\\/ouvertures.php\",\"hash\":\"09fde7d2e5e67df82b4787d2e040a6a6\",\"size\":638,\"time\":1528854029,\"ns\":\"\\\\\"},\"target\":{\"file\":\"\\/var\\/www\\/html\\/2018\\/villaNoailles\\/book.designParade\\/pw\\/site\\/assets\\/cache\\/FileCompiler\\/site\\/templates\\/ouvertures.php\",\"hash\":\"09fde7d2e5e67df82b4787d2e040a6a6\",\"size\":638,\"time\":1528854029}}','2010-04-08 03:10:10'),('FileCompiler__817deb4fbb75f53bb836f53455ecbe4c','{\"source\":{\"file\":\"\\/var\\/www\\/html\\/2018\\/villaNoailles\\/book.designParade\\/pw\\/site\\/templates\\/remerciements.php\",\"hash\":\"e9c9e70bb52eaac40acc30957cdd4270\",\"size\":599,\"time\":1528731639,\"ns\":\"\\\\\"},\"target\":{\"file\":\"\\/var\\/www\\/html\\/2018\\/villaNoailles\\/book.designParade\\/pw\\/site\\/assets\\/cache\\/FileCompiler\\/site\\/templates\\/remerciements.php\",\"hash\":\"e9c9e70bb52eaac40acc30957cdd4270\",\"size\":599,\"time\":1528731639}}','2010-04-08 03:10:10'),('FileCompiler__7cf4ebbf3bb9177a0bb772b407960332','{\"source\":{\"file\":\"\\/var\\/www\\/html\\/2018\\/villaNoailles\\/book.designParade\\/pw\\/site\\/templates\\/inc\\/rft_fr.php\",\"hash\":\"3884a91c271a920770ec4bbd4b8cf7b3\",\"size\":4756,\"time\":1528881223,\"ns\":\"\\\\\"},\"target\":{\"file\":\"\\/var\\/www\\/html\\/2018\\/villaNoailles\\/book.designParade\\/pw\\/site\\/assets\\/cache\\/FileCompiler\\/site\\/templates\\/inc\\/rft_fr.php\",\"hash\":\"3884a91c271a920770ec4bbd4b8cf7b3\",\"size\":4756,\"time\":1528881223}}','2010-04-08 03:10:10'),('FileCompiler__58f05d4694959932a36bf8ebb9b2501c','{\"source\":{\"file\":\"\\/Users\\/leomab\\/Documents\\/2018\\/LUUSE\\/catalogue_dp\\/site\\/templates\\/contenus.php\",\"hash\":\"58074e15c9d671120f6579f5cc761f86\",\"size\":1478,\"time\":1528574962,\"ns\":\"\\\\\"},\"target\":{\"file\":\"\\/Users\\/leomab\\/Documents\\/2018\\/LUUSE\\/catalogue_dp\\/site\\/assets\\/cache\\/FileCompiler\\/site\\/templates\\/contenus.php\",\"hash\":\"6857b27225c61bf6319f17e6ca976147\",\"size\":2514,\"time\":1528574962}}','2010-04-08 03:10:10'),('FileCompiler__7c2c4dcb963069abb35038d2b4aef562','{\"source\":{\"file\":\"\\/Users\\/leomab\\/Documents\\/2018\\/LUUSE\\/catalogue_dp\\/site\\/templates\\/expositions.php\",\"hash\":\"6484017000dd1bba9944e6bf21119e9d\",\"size\":1119,\"time\":1528849914,\"ns\":\"\\\\\"},\"target\":{\"file\":\"\\/Users\\/leomab\\/Documents\\/2018\\/LUUSE\\/catalogue_dp\\/site\\/assets\\/cache\\/FileCompiler\\/site\\/templates\\/expositions.php\",\"hash\":\"6484017000dd1bba9944e6bf21119e9d\",\"size\":1119,\"time\":1528849914}}','2010-04-08 03:10:10'),('FileCompiler__be06c92574e77978ac7d35393dacfa4c','{\"source\":{\"file\":\"\\/Users\\/leomab\\/Documents\\/2018\\/LUUSE\\/catalogue_dp\\/site\\/templates\\/inc\\/rft_fr.php\",\"hash\":\"8c7bfb5a6b512b8056c65cc4ad6bd667\",\"size\":5005,\"time\":1528849914,\"ns\":\"\\\\\"},\"target\":{\"file\":\"\\/Users\\/leomab\\/Documents\\/2018\\/LUUSE\\/catalogue_dp\\/site\\/assets\\/cache\\/FileCompiler\\/site\\/templates\\/inc\\/rft_fr.php\",\"hash\":\"8c7bfb5a6b512b8056c65cc4ad6bd667\",\"size\":5005,\"time\":1528849914}}','2010-04-08 03:10:10'),('FileCompiler__4b37bbc97867922c2a45e4abeba97e88','{\"source\":{\"file\":\"\\/Users\\/leomab\\/Documents\\/2018\\/LUUSE\\/catalogue_dp\\/site\\/templates\\/concours.php\",\"hash\":\"fc0ee2968a31cc19e0f3df26c9654673\",\"size\":1276,\"time\":1528574962,\"ns\":\"\\\\\"},\"target\":{\"file\":\"\\/Users\\/leomab\\/Documents\\/2018\\/LUUSE\\/catalogue_dp\\/site\\/assets\\/cache\\/FileCompiler\\/site\\/templates\\/concours.php\",\"hash\":\"fc0ee2968a31cc19e0f3df26c9654673\",\"size\":1276,\"time\":1528574962}}','2010-04-08 03:10:10'),('FileCompiler__67df948b944c30447a6ed65240b0ff2e','{\"source\":{\"file\":\"\\/Users\\/leomab\\/Documents\\/2018\\/LUUSE\\/catalogue_dp\\/site\\/templates\\/password.php\",\"hash\":\"cbdad09d4ac87dae42790bf658d5a6df\",\"size\":112,\"time\":1528474350,\"ns\":\"\\\\\"},\"target\":{\"file\":\"\\/Users\\/leomab\\/Documents\\/2018\\/LUUSE\\/catalogue_dp\\/site\\/assets\\/cache\\/FileCompiler\\/site\\/templates\\/password.php\",\"hash\":\"cbdad09d4ac87dae42790bf658d5a6df\",\"size\":112,\"time\":1528474350}}','2010-04-08 03:10:10'),('FileCompiler__c34d15daa6c47215efbd3a0d44bbf2df','{\"source\":{\"file\":\"\\/var\\/www\\/html\\/2018\\/villaNoailles\\/book.designParade\\/pw\\/site\\/templates\\/templates_expos\\/picasso.php\",\"hash\":\"c5c97d90ddec977ff2c035b2eb378a1f\",\"size\":639,\"time\":1528549612,\"ns\":\"\\\\\"},\"target\":{\"file\":\"\\/var\\/www\\/html\\/2018\\/villaNoailles\\/book.designParade\\/pw\\/site\\/assets\\/cache\\/FileCompiler\\/site\\/templates\\/templates_expos\\/picasso.php\",\"hash\":\"c5c97d90ddec977ff2c035b2eb378a1f\",\"size\":639,\"time\":1528549612}}','2010-04-08 03:10:10'),('FileCompiler__3e3177aeae8cd016e91f0f54685780ac','{\"source\":{\"file\":\"\\/var\\/www\\/html\\/2018\\/villaNoailles\\/print-designparade\\/catalogue\\/pw\\/templates\\/password.php\",\"hash\":\"cbdad09d4ac87dae42790bf658d5a6df\",\"size\":112,\"time\":1528479615,\"ns\":\"\\\\\"},\"target\":{\"file\":\"\\/var\\/www\\/html\\/2018\\/villaNoailles\\/book.designParade\\/pw\\/site\\/assets\\/cache\\/FileCompiler\\/var\\/www\\/html\\/2018\\/villaNoailles\\/print-designparade\\/catalogue\\/pw\\/templates\\/password.php\",\"hash\":\"cbdad09d4ac87dae42790bf658d5a6df\",\"size\":112,\"time\":1528479615}}','2010-04-08 03:10:10'),('FileCompiler__eaa5c6c0f62096e51ca67ebbdb19f506','{\"source\":{\"file\":\"\\/var\\/www\\/html\\/2018\\/villaNoailles\\/book.designParade\\/pw\\/site\\/templates\\/inc\\/rft_en.php\",\"hash\":\"3ec3c2135e87eb2f363582a43c36b5fe\",\"size\":3070,\"time\":1528812846,\"ns\":\"\\\\\"},\"target\":{\"file\":\"\\/var\\/www\\/html\\/2018\\/villaNoailles\\/book.designParade\\/pw\\/site\\/assets\\/cache\\/FileCompiler\\/site\\/templates\\/inc\\/rft_en.php\",\"hash\":\"3ec3c2135e87eb2f363582a43c36b5fe\",\"size\":3070,\"time\":1528812846}}','2010-04-08 03:10:10'),('FileCompiler__c236f562768af4d49ff7415e376af271','{\"source\":{\"file\":\"\\/Users\\/leomab\\/Documents\\/2018\\/LUUSE\\/catalogue_dp\\/site\\/templates\\/templates_expos\\/picasso.php\",\"hash\":\"296c490f2e082307d6e4a2ee1a0f97fd\",\"size\":1173,\"time\":1528491336,\"ns\":\"\\\\\"},\"target\":{\"file\":\"\\/Users\\/leomab\\/Documents\\/2018\\/LUUSE\\/catalogue_dp\\/site\\/assets\\/cache\\/FileCompiler\\/site\\/templates\\/templates_expos\\/picasso.php\",\"hash\":\"296c490f2e082307d6e4a2ee1a0f97fd\",\"size\":1173,\"time\":1528491336}}','2010-04-08 03:10:10'),('FileCompiler__d7cba9388309293c0530a680053d95e9','{\"source\":{\"file\":\"\\/Users\\/leomab\\/Documents\\/2018\\/LUUSE\\/catalogue_dp\\/site\\/templates\\/inc\\/rft_en.php\",\"hash\":\"3ec3c2135e87eb2f363582a43c36b5fe\",\"size\":3070,\"time\":1528849914,\"ns\":\"\\\\\"},\"target\":{\"file\":\"\\/Users\\/leomab\\/Documents\\/2018\\/LUUSE\\/catalogue_dp\\/site\\/assets\\/cache\\/FileCompiler\\/site\\/templates\\/inc\\/rft_en.php\",\"hash\":\"3ec3c2135e87eb2f363582a43c36b5fe\",\"size\":3070,\"time\":1528849914}}','2010-04-08 03:10:10'),('FileCompiler__9773835bb74f5205b0d194c4ec5189e8','{\"source\":{\"file\":\"\\/Users\\/leomab\\/Documents\\/2018\\/LUUSE\\/catalogue_dp\\/site\\/templates\\/ouverture.php\",\"hash\":\"69aa916906185b42b864386f0640c2ca\",\"size\":329,\"time\":1528376350,\"ns\":\"\\\\\"},\"target\":{\"file\":\"\\/Users\\/leomab\\/Documents\\/2018\\/LUUSE\\/catalogue_dp\\/site\\/assets\\/cache\\/FileCompiler\\/site\\/templates\\/ouverture.php\",\"hash\":\"4cafcfb814ff49f36411e7a5c6da358c\",\"size\":1026,\"time\":1528376350}}','2010-04-08 03:10:10'),('FileCompiler__39131423037963e943789d02792038cc','{\"source\":{\"file\":\"\\/Users\\/leomab\\/Documents\\/2018\\/LUUSE\\/catalogue_dp\\/site\\/templates\\/ouvertures.php\",\"hash\":\"d460ceb692f1804e16b20d2c235c7d47\",\"size\":390,\"time\":1528376350,\"ns\":\"\\\\\"},\"target\":{\"file\":\"\\/Users\\/leomab\\/Documents\\/2018\\/LUUSE\\/catalogue_dp\\/site\\/assets\\/cache\\/FileCompiler\\/site\\/templates\\/ouvertures.php\",\"hash\":\"d460ceb692f1804e16b20d2c235c7d47\",\"size\":390,\"time\":1528376350}}','2010-04-08 03:10:10'),('FileCompiler__1ad9e7cee6678432aaf160605dca48b8','{\"source\":{\"file\":\"\\/var\\/www\\/html\\/2018\\/tools\\/web2paper\\/processwire\\/site\\/modules\\/MarkupCustomPageList\\/MarkupCustomPageList.module\",\"hash\":\"70a1cf79245d9b201ca9ebc8888c3d48\",\"size\":19155,\"time\":1525900316,\"ns\":\"\\\\\"},\"target\":{\"file\":\"\\/var\\/www\\/html\\/2018\\/tools\\/web2paper\\/processwire\\/site\\/assets\\/cache\\/FileCompiler\\/site\\/modules\\/MarkupCustomPageList\\/MarkupCustomPageList.module\",\"hash\":\"988e9a3775e63a55e1cd2c99fd593a8c\",\"size\":19740,\"time\":1525900316}}','2010-04-08 03:10:10'),('FileCompiler__16d5f61030a6fa9deb85742e822bbb96','{\"source\":{\"file\":\"\\/var\\/www\\/html\\/2018\\/tools\\/web2paper\\/processwire\\/site\\/templates\\/inc\\/head.php\",\"hash\":\"a90b0184822fd4719781bff887032337\",\"size\":1482,\"time\":1528643133,\"ns\":\"\\\\\"},\"target\":{\"file\":\"\\/var\\/www\\/html\\/2018\\/tools\\/web2paper\\/processwire\\/site\\/assets\\/cache\\/FileCompiler\\/site\\/templates\\/inc\\/head.php\",\"hash\":\"a83358e4ddb732edccf365943285c064\",\"size\":1957,\"time\":1528643133}}','2010-04-08 03:10:10'),('FileCompiler__ab6ef147b3bf08cd8a3e7b0c1bee4478','{\"source\":{\"file\":\"\\/var\\/www\\/html\\/2018\\/tools\\/web2paper\\/processwire\\/site\\/templates\\/inc\\/variables.php\",\"hash\":\"6144dd121599c89436ab9bfa127631b5\",\"size\":624,\"time\":1528889828,\"ns\":\"\\\\\"},\"target\":{\"file\":\"\\/var\\/www\\/html\\/2018\\/tools\\/web2paper\\/processwire\\/site\\/assets\\/cache\\/FileCompiler\\/site\\/templates\\/inc\\/variables.php\",\"hash\":\"a80bb59c229dba44c078af702e59e1aa\",\"size\":804,\"time\":1528889828}}','2010-04-08 03:10:10'),('FileCompiler__903cf88ceedddb61113faa94bb1279da','{\"source\":{\"file\":\"\\/var\\/www\\/html\\/2018\\/tools\\/web2paper\\/pw\\/templates\\/password.php\",\"hash\":\"c0267903cf365cd5ee42e3652b30683d\",\"size\":112,\"time\":1530128046,\"ns\":\"\\\\\"},\"target\":{\"file\":\"\\/var\\/www\\/html\\/2018\\/tools\\/web2paper\\/processwire\\/site\\/assets\\/cache\\/FileCompiler\\/var\\/www\\/html\\/2018\\/tools\\/web2paper\\/pw\\/templates\\/password.php\",\"hash\":\"c0267903cf365cd5ee42e3652b30683d\",\"size\":112,\"time\":1530128046}}','2010-04-08 03:10:10'),('FileCompiler__3f24aa24ff7b9f23a3b381063dc1cb30','{\"source\":{\"file\":\"\\/var\\/www\\/html\\/2018\\/tools\\/web2paper\\/processwire\\/site\\/templates\\/inc\\/functions.php\",\"hash\":\"257d47f707895625ae54736873c14752\",\"size\":388,\"time\":1528489730,\"ns\":\"\\\\\"},\"target\":{\"file\":\"\\/var\\/www\\/html\\/2018\\/tools\\/web2paper\\/processwire\\/site\\/assets\\/cache\\/FileCompiler\\/site\\/templates\\/inc\\/functions.php\",\"hash\":\"73c9f69b2db520182369318a0876491c\",\"size\":742,\"time\":1528489730}}','2010-04-08 03:10:10'),('FileCompiler__1c22fb7c0bc53ff617e3a5d2d1966731','{\"source\":{\"file\":\"\\/var\\/www\\/html\\/2018\\/tools\\/web2paper\\/processwire\\/site\\/templates\\/parties.php\",\"hash\":\"b2336a47703c6cdac9bcd2862b13f2ec\",\"size\":297,\"time\":1528301429,\"ns\":\"\\\\\"},\"target\":{\"file\":\"\\/var\\/www\\/html\\/2018\\/tools\\/web2paper\\/processwire\\/site\\/assets\\/cache\\/FileCompiler\\/site\\/templates\\/parties.php\",\"hash\":\"52d515e4100fb18b48a1104ae89de0f3\",\"size\":822,\"time\":1528301429}}','2010-04-08 03:10:10'),('FileCompiler__302e95d1e8b617f150a22896875509a6','{\"source\":{\"file\":\"\\/var\\/www\\/html\\/2018\\/tools\\/web2paper\\/processwire\\/site\\/templates\\/admin.php\",\"hash\":\"9636f854995462a4cb877cb1204bc2fe\",\"size\":467,\"time\":1523039149,\"ns\":\"ProcessWire\"},\"target\":{\"file\":\"\\/var\\/www\\/html\\/2018\\/tools\\/web2paper\\/processwire\\/site\\/assets\\/cache\\/FileCompiler\\/site\\/templates\\/admin.php\",\"hash\":\"9636f854995462a4cb877cb1204bc2fe\",\"size\":467,\"time\":1523039149}}','2010-04-08 03:10:10'),('FileCompiler__c4ad39df79d58094521cc36acbecb446','{\"source\":{\"file\":\"\\/var\\/www\\/html\\/2018\\/tools\\/web2paper\\/processwire\\/site\\/templates\\/contenu.php\",\"hash\":\"82069a3d0a6b762171354209d9b894ec\",\"size\":1108,\"time\":1529959779,\"ns\":\"\\\\\"},\"target\":{\"file\":\"\\/var\\/www\\/html\\/2018\\/tools\\/web2paper\\/processwire\\/site\\/assets\\/cache\\/FileCompiler\\/site\\/templates\\/contenu.php\",\"hash\":\"8902f153cfbdca759e6d78d47731f830\",\"size\":1802,\"time\":1529959779}}','2010-04-08 03:10:10'),('FileCompiler__fd94ac6cfd88aa24b6dc9bd1ef81d11f','{\"source\":{\"file\":\"\\/var\\/www\\/html\\/2018\\/tools\\/web2paper\\/processwire\\/site\\/templates\\/pages.php\",\"hash\":\"85e19d87f723b84cce82f9c0da196d25\",\"size\":2058,\"time\":1529959949,\"ns\":\"\\\\\"},\"target\":{\"file\":\"\\/var\\/www\\/html\\/2018\\/tools\\/web2paper\\/processwire\\/site\\/assets\\/cache\\/FileCompiler\\/site\\/templates\\/pages.php\",\"hash\":\"42c282ef9ad633075aa2e02ba16aab7f\",\"size\":2408,\"time\":1529959949}}','2010-04-08 03:10:10'),('FileCompiler__bf1713069f6cadbdeba54d14532a0863','{\"source\":{\"file\":\"\\/var\\/www\\/html\\/2018\\/tools\\/web2paper\\/processwire\\/site\\/templates\\/inc\\/grid.php\",\"hash\":\"788c1cd42aa1f638f94923796560d1b3\",\"size\":318,\"time\":1528392701,\"ns\":\"\\\\\"},\"target\":{\"file\":\"\\/var\\/www\\/html\\/2018\\/tools\\/web2paper\\/processwire\\/site\\/assets\\/cache\\/FileCompiler\\/site\\/templates\\/inc\\/grid.php\",\"hash\":\"788c1cd42aa1f638f94923796560d1b3\",\"size\":318,\"time\":1528392701}}','2010-04-08 03:10:10'),('FileCompiler__a8d992c765b398e287e7f7deba08635e','{\"source\":{\"file\":\"\\/var\\/www\\/html\\/2018\\/tools\\/web2paper\\/processwire\\/site\\/templates\\/inc\\/foot.php\",\"hash\":\"88c8b33517d444c6ff094604f4bdb2e3\",\"size\":1023,\"time\":1528712870,\"ns\":\"\\\\\"},\"target\":{\"file\":\"\\/var\\/www\\/html\\/2018\\/tools\\/web2paper\\/processwire\\/site\\/assets\\/cache\\/FileCompiler\\/site\\/templates\\/inc\\/foot.php\",\"hash\":\"88c8b33517d444c6ff094604f4bdb2e3\",\"size\":1023,\"time\":1528712870}}','2010-04-08 03:10:10'),('FileCompiler__97cfa791bcfa875ed916006b5f371e85','{\"source\":{\"file\":\"\\/var\\/www\\/html\\/2018\\/tools\\/web2paper\\/processwire\\/site\\/templates\\/concours.php\",\"hash\":\"fc0ee2968a31cc19e0f3df26c9654673\",\"size\":1276,\"time\":1528555713,\"ns\":\"\\\\\"},\"target\":{\"file\":\"\\/var\\/www\\/html\\/2018\\/tools\\/web2paper\\/processwire\\/site\\/assets\\/cache\\/FileCompiler\\/site\\/templates\\/concours.php\",\"hash\":\"fc0ee2968a31cc19e0f3df26c9654673\",\"size\":1276,\"time\":1528555713}}','2010-04-08 03:10:10'),('FileCompiler__2d5e68e4f0a732f4318374bc99861f5d','{\"source\":{\"file\":\"\\/var\\/www\\/html\\/2018\\/tools\\/web2paper\\/processwire\\/site\\/templates\\/inc\\/rft_fr.php\",\"hash\":\"3884a91c271a920770ec4bbd4b8cf7b3\",\"size\":4756,\"time\":1528881223,\"ns\":\"\\\\\"},\"target\":{\"file\":\"\\/var\\/www\\/html\\/2018\\/tools\\/web2paper\\/processwire\\/site\\/assets\\/cache\\/FileCompiler\\/site\\/templates\\/inc\\/rft_fr.php\",\"hash\":\"3884a91c271a920770ec4bbd4b8cf7b3\",\"size\":4756,\"time\":1528881223}}','2010-04-08 03:10:10'),('FileCompiler__16598ce88ea651c054e1174a5ffd1bc5','{\"source\":{\"file\":\"\\/var\\/www\\/html\\/2018\\/tools\\/web2paper\\/processwire\\/site\\/templates\\/inc\\/rft_en.php\",\"hash\":\"3ec3c2135e87eb2f363582a43c36b5fe\",\"size\":3070,\"time\":1528812846,\"ns\":\"\\\\\"},\"target\":{\"file\":\"\\/var\\/www\\/html\\/2018\\/tools\\/web2paper\\/processwire\\/site\\/assets\\/cache\\/FileCompiler\\/site\\/templates\\/inc\\/rft_en.php\",\"hash\":\"3ec3c2135e87eb2f363582a43c36b5fe\",\"size\":3070,\"time\":1528812846}}','2010-04-08 03:10:10'),('FileCompiler__13e90e2fab034fbe98dfccdeaf5ab91c','{\"source\":{\"file\":\"\\/var\\/www\\/html\\/2018\\/tools\\/web2paper\\/processwire\\/site\\/templates\\/contenus.php\",\"hash\":\"3eac1f15b41f8b496c8daffcf5874ee7\",\"size\":1004,\"time\":1529960096,\"ns\":\"\\\\\"},\"target\":{\"file\":\"\\/var\\/www\\/html\\/2018\\/tools\\/web2paper\\/processwire\\/site\\/assets\\/cache\\/FileCompiler\\/site\\/templates\\/contenus.php\",\"hash\":\"5fb5a3fcb5fe3990ae413d4c30d05d47\",\"size\":1354,\"time\":1529960096}}','2010-04-08 03:10:10'),('FileCompiler__76904e1feeabcd77388cac644968f808','{\"source\":{\"file\":\"\\/var\\/www\\/html\\/2018\\/tools\\/web2paper\\/processwire\\/site\\/templates\\/basic-page.php\",\"hash\":\"db5828c7dd5a5123c7963c0fb016f7a7\",\"size\":419,\"time\":1523039149,\"ns\":\"\\\\\"},\"target\":{\"file\":\"\\/var\\/www\\/html\\/2018\\/tools\\/web2paper\\/processwire\\/site\\/assets\\/cache\\/FileCompiler\\/site\\/templates\\/basic-page.php\",\"hash\":\"db5828c7dd5a5123c7963c0fb016f7a7\",\"size\":419,\"time\":1523039149}}','2010-04-08 03:10:10'),('FileCompiler__4277dd6b508e9aaa25fb0fc7e54b24b6','{\"source\":{\"file\":\"\\/var\\/www\\/html\\/2018\\/tools\\/web2paper\\/processwire\\/site\\/templates\\/home.php\",\"hash\":\"e1204420bcf102aeb490ae394d036ff5\",\"size\":86,\"time\":1530127836,\"ns\":\"\\\\\"},\"target\":{\"file\":\"\\/var\\/www\\/html\\/2018\\/tools\\/web2paper\\/processwire\\/site\\/assets\\/cache\\/FileCompiler\\/site\\/templates\\/home.php\",\"hash\":\"dd707f90c3f7fb973b4075b71b32e9e6\",\"size\":614,\"time\":1530127836}}','2010-04-08 03:10:10'),('FileCompiler__4a31ebfdf0e757e2c6acd6d0e82583f5','{\"source\":{\"file\":\"\\/home\\/etienne\\/Documents\\/TAF\\/www\\/print.commandePhoto2018\\/processwire\\/site\\/modules\\/MarkupCustomPageList\\/MarkupCustomPageList.module\",\"hash\":\"70a1cf79245d9b201ca9ebc8888c3d48\",\"size\":19155,\"time\":1536048445,\"ns\":\"\\\\\"},\"target\":{\"file\":\"\\/home\\/etienne\\/Documents\\/TAF\\/www\\/print.commandePhoto2018\\/processwire\\/site\\/assets\\/cache\\/FileCompiler\\/site\\/modules\\/MarkupCustomPageList\\/MarkupCustomPageList.module\",\"hash\":\"988e9a3775e63a55e1cd2c99fd593a8c\",\"size\":19740,\"time\":1536048445}}','2010-04-08 03:10:10'),('FileCompiler__f501d6297ce808ab7d5d427f4e02031c','{\"source\":{\"file\":\"\\/home\\/etienne\\/Documents\\/TAF\\/www\\/print.commandePhoto2018\\/processwire\\/site\\/templates\\/parties.php\",\"hash\":\"b2336a47703c6cdac9bcd2862b13f2ec\",\"size\":297,\"time\":1536048445,\"ns\":\"\\\\\"},\"target\":{\"file\":\"\\/home\\/etienne\\/Documents\\/TAF\\/www\\/print.commandePhoto2018\\/processwire\\/site\\/assets\\/cache\\/FileCompiler\\/site\\/templates\\/parties.php\",\"hash\":\"52d515e4100fb18b48a1104ae89de0f3\",\"size\":822,\"time\":1536048445}}','2010-04-08 03:10:10'),('FileCompiler__244090130a114fef5e0e63b6c10d7fe5','{\"source\":{\"file\":\"\\/home\\/etienne\\/Documents\\/TAF\\/www\\/print.commandePhoto2018\\/processwire\\/site\\/templates\\/inc\\/head.php\",\"hash\":\"048f35c101a1b8be3fad0cef9fd8d4ae\",\"size\":1600,\"time\":1536147275,\"ns\":\"\\\\\"},\"target\":{\"file\":\"\\/home\\/etienne\\/Documents\\/TAF\\/www\\/print.commandePhoto2018\\/processwire\\/site\\/assets\\/cache\\/FileCompiler\\/site\\/templates\\/inc\\/head.php\",\"hash\":\"cc570c815ba36387da2467da4da009f4\",\"size\":2075,\"time\":1536147275}}','2010-04-08 03:10:10'),('FileCompiler__723d488231fdbcf50667ca4c900af1a3','{\"source\":{\"file\":\"\\/home\\/etienne\\/Documents\\/TAF\\/www\\/print.commandePhoto2018\\/processwire\\/site\\/templates\\/inc\\/variables.php\",\"hash\":\"2d03c63cf6a8c8ee1437228d73c05250\",\"size\":633,\"time\":1536068381,\"ns\":\"\\\\\"},\"target\":{\"file\":\"\\/home\\/etienne\\/Documents\\/TAF\\/www\\/print.commandePhoto2018\\/processwire\\/site\\/assets\\/cache\\/FileCompiler\\/site\\/templates\\/inc\\/variables.php\",\"hash\":\"03010120ab192e595b3690ddf50da7cf\",\"size\":813,\"time\":1536068381}}','2010-04-08 03:10:10'),('FileCompiler__ff242dfddd33f2761b9814032926d4ad','{\"source\":{\"file\":\"\\/home\\/etienne\\/Documents\\/TAF\\/www\\/print.commandePhoto2018\\/processwire\\/site\\/templates\\/inc\\/functions.php\",\"hash\":\"257d47f707895625ae54736873c14752\",\"size\":388,\"time\":1536048445,\"ns\":\"\\\\\"},\"target\":{\"file\":\"\\/home\\/etienne\\/Documents\\/TAF\\/www\\/print.commandePhoto2018\\/processwire\\/site\\/assets\\/cache\\/FileCompiler\\/site\\/templates\\/inc\\/functions.php\",\"hash\":\"73c9f69b2db520182369318a0876491c\",\"size\":742,\"time\":1536048445}}','2010-04-08 03:10:10'),('FileCompiler__02eeead585da070d6f83e0c1292d99e5','{\"source\":{\"file\":\"\\/home\\/etienne\\/Documents\\/TAF\\/www\\/print.commandePhoto2018\\/processwire\\/site\\/templates\\/contenus.php\",\"hash\":\"3eac1f15b41f8b496c8daffcf5874ee7\",\"size\":1004,\"time\":1536147275,\"ns\":\"\\\\\"},\"target\":{\"file\":\"\\/home\\/etienne\\/Documents\\/TAF\\/www\\/print.commandePhoto2018\\/processwire\\/site\\/assets\\/cache\\/FileCompiler\\/site\\/templates\\/contenus.php\",\"hash\":\"5fb5a3fcb5fe3990ae413d4c30d05d47\",\"size\":1354,\"time\":1536147275}}','2010-04-08 03:10:10'),('FileCompiler__384c4435435a46f26ccc1cd9bd788849','{\"source\":{\"file\":\"\\/home\\/etienne\\/Documents\\/TAF\\/www\\/print.commandePhoto2018\\/processwire\\/site\\/templates\\/pages.php\",\"hash\":\"85e19d87f723b84cce82f9c0da196d25\",\"size\":2058,\"time\":1536048445,\"ns\":\"\\\\\"},\"target\":{\"file\":\"\\/home\\/etienne\\/Documents\\/TAF\\/www\\/print.commandePhoto2018\\/processwire\\/site\\/assets\\/cache\\/FileCompiler\\/site\\/templates\\/pages.php\",\"hash\":\"42c282ef9ad633075aa2e02ba16aab7f\",\"size\":2408,\"time\":1536048445}}','2010-04-08 03:10:10'),('FileCompiler__1ba42c83d3a229466c6e0d3c9fed0d8c','{\"source\":{\"file\":\"\\/home\\/etienne\\/Documents\\/TAF\\/www\\/print.commandePhoto2018\\/processwire\\/site\\/templates\\/inc\\/grid.php\",\"hash\":\"a9e18e0882835640ee6372c7f6766110\",\"size\":365,\"time\":1536068273,\"ns\":\"\\\\\"},\"target\":{\"file\":\"\\/home\\/etienne\\/Documents\\/TAF\\/www\\/print.commandePhoto2018\\/processwire\\/site\\/assets\\/cache\\/FileCompiler\\/site\\/templates\\/inc\\/grid.php\",\"hash\":\"a9e18e0882835640ee6372c7f6766110\",\"size\":365,\"time\":1536068273}}','2010-04-08 03:10:10'),('FileCompiler__9a410a742b179f575cbb4cb6fdacfc53','{\"source\":{\"file\":\"\\/home\\/etienne\\/Documents\\/TAF\\/www\\/print.commandePhoto2018\\/processwire\\/site\\/templates\\/concours.php\",\"hash\":\"44236d00c30e59a5c6be4dd9f8e6551b\",\"size\":1317,\"time\":1536070042,\"ns\":\"\\\\\"},\"target\":{\"file\":\"\\/home\\/etienne\\/Documents\\/TAF\\/www\\/print.commandePhoto2018\\/processwire\\/site\\/assets\\/cache\\/FileCompiler\\/site\\/templates\\/concours.php\",\"hash\":\"44236d00c30e59a5c6be4dd9f8e6551b\",\"size\":1317,\"time\":1536070042}}','2010-04-08 03:10:10'),('FileCompiler__3f5b7721333191748ac2805df98f0591','{\"source\":{\"file\":\"\\/home\\/etienne\\/Documents\\/TAF\\/www\\/print.commandePhoto2018\\/processwire\\/site\\/templates\\/inc\\/rft_fr.php\",\"hash\":\"3884a91c271a920770ec4bbd4b8cf7b3\",\"size\":4756,\"time\":1536048445,\"ns\":\"\\\\\"},\"target\":{\"file\":\"\\/home\\/etienne\\/Documents\\/TAF\\/www\\/print.commandePhoto2018\\/processwire\\/site\\/assets\\/cache\\/FileCompiler\\/site\\/templates\\/inc\\/rft_fr.php\",\"hash\":\"3884a91c271a920770ec4bbd4b8cf7b3\",\"size\":4756,\"time\":1536048445}}','2010-04-08 03:10:10'),('FileCompiler__b625e1aff3f0022b800d94d2b71df7ac','{\"source\":{\"file\":\"\\/home\\/etienne\\/Documents\\/TAF\\/www\\/print.commandePhoto2018\\/processwire\\/site\\/templates\\/inc\\/rft_en.php\",\"hash\":\"3ec3c2135e87eb2f363582a43c36b5fe\",\"size\":3070,\"time\":1536048445,\"ns\":\"\\\\\"},\"target\":{\"file\":\"\\/home\\/etienne\\/Documents\\/TAF\\/www\\/print.commandePhoto2018\\/processwire\\/site\\/assets\\/cache\\/FileCompiler\\/site\\/templates\\/inc\\/rft_en.php\",\"hash\":\"3ec3c2135e87eb2f363582a43c36b5fe\",\"size\":3070,\"time\":1536048445}}','2010-04-08 03:10:10'),('FileCompiler__959ae5c24421a39a8ff762fe8890d502','{\"source\":{\"file\":\"\\/home\\/etienne\\/Documents\\/TAF\\/www\\/print.commandePhoto2018\\/processwire\\/site\\/templates\\/inc\\/foot.php\",\"hash\":\"88c8b33517d444c6ff094604f4bdb2e3\",\"size\":1023,\"time\":1536048445,\"ns\":\"\\\\\"},\"target\":{\"file\":\"\\/home\\/etienne\\/Documents\\/TAF\\/www\\/print.commandePhoto2018\\/processwire\\/site\\/assets\\/cache\\/FileCompiler\\/site\\/templates\\/inc\\/foot.php\",\"hash\":\"88c8b33517d444c6ff094604f4bdb2e3\",\"size\":1023,\"time\":1536048445}}','2010-04-08 03:10:10'),('FileCompiler__09b251d1d21b2cd315f71c79563f5aa3','{\"source\":{\"file\":\"\\/home\\/etienne\\/Documents\\/TAF\\/www\\/print.commandePhoto2018\\/processwire\\/site\\/templates\\/home.php\",\"hash\":\"e1204420bcf102aeb490ae394d036ff5\",\"size\":86,\"time\":1536048445,\"ns\":\"\\\\\"},\"target\":{\"file\":\"\\/home\\/etienne\\/Documents\\/TAF\\/www\\/print.commandePhoto2018\\/processwire\\/site\\/assets\\/cache\\/FileCompiler\\/site\\/templates\\/home.php\",\"hash\":\"dd707f90c3f7fb973b4075b71b32e9e6\",\"size\":614,\"time\":1536048445}}','2010-04-08 03:10:10'),('FileCompiler__524be3d0e4caefac7c2ba9c5b6f81059','{\"source\":{\"file\":\"\\/home\\/etienne\\/Documents\\/TAF\\/www\\/print.commandePhoto2018\\/processwire\\/site\\/templates\\/contenu.php\",\"hash\":\"d1960ab93ad23bf8206a5d7378421ea0\",\"size\":1083,\"time\":1536048445,\"ns\":\"\\\\\"},\"target\":{\"file\":\"\\/home\\/etienne\\/Documents\\/TAF\\/www\\/print.commandePhoto2018\\/processwire\\/site\\/assets\\/cache\\/FileCompiler\\/site\\/templates\\/contenu.php\",\"hash\":\"3c778a04cbc9cfe1ab64444f30059e6c\",\"size\":1777,\"time\":1536048445}}','2010-04-08 03:10:10'),('FileCompiler__5412383dceb7dd731e3456c0e1e275af','{\"source\":{\"file\":\"\\/home\\/etienne\\/Documents\\/TAF\\/www\\/web2paper\\/processwire\\/site\\/modules\\/MarkupCustomPageList\\/MarkupCustomPageList.module\",\"hash\":\"70a1cf79245d9b201ca9ebc8888c3d48\",\"size\":19155,\"time\":1536147120,\"ns\":\"\\\\\"},\"target\":{\"file\":\"\\/home\\/etienne\\/Documents\\/TAF\\/www\\/web2paper\\/processwire\\/site\\/assets\\/cache\\/FileCompiler\\/site\\/modules\\/MarkupCustomPageList\\/MarkupCustomPageList.module\",\"hash\":\"988e9a3775e63a55e1cd2c99fd593a8c\",\"size\":19740,\"time\":1536147120}}','2010-04-08 03:10:10'),('FileCompiler__cca5f8f2396a06d76577d0d47b355531','{\"source\":{\"file\":\"\\/home\\/etienne\\/Documents\\/TAF\\/www\\/web2paper\\/processwire\\/site\\/templates\\/parties.php\",\"hash\":\"a4135816482445117b5a54a5395ecccc\",\"size\":418,\"time\":1536157831,\"ns\":\"\\\\\"},\"target\":{\"file\":\"\\/home\\/etienne\\/Documents\\/TAF\\/www\\/web2paper\\/processwire\\/site\\/assets\\/cache\\/FileCompiler\\/site\\/templates\\/parties.php\",\"hash\":\"0b73591b0a06a663b61f62adb171f7dd\",\"size\":943,\"time\":1536157831}}','2010-04-08 03:10:10'),('FileCompiler__53c767bf7a54ecaa0b2955b2c5d52f29','{\"source\":{\"file\":\"\\/home\\/etienne\\/Documents\\/TAF\\/www\\/web2paper\\/processwire\\/site\\/templates\\/inc\\/head.php\",\"hash\":\"048f35c101a1b8be3fad0cef9fd8d4ae\",\"size\":1600,\"time\":1536079497,\"ns\":\"\\\\\"},\"target\":{\"file\":\"\\/home\\/etienne\\/Documents\\/TAF\\/www\\/web2paper\\/processwire\\/site\\/assets\\/cache\\/FileCompiler\\/site\\/templates\\/inc\\/head.php\",\"hash\":\"cc570c815ba36387da2467da4da009f4\",\"size\":2075,\"time\":1536079497}}','2010-04-08 03:10:10'),('FileCompiler__76095789e8b65ea9eea771a69c7b3dc3','{\"source\":{\"file\":\"\\/home\\/etienne\\/Documents\\/TAF\\/www\\/web2paper\\/processwire\\/site\\/templates\\/inc\\/variables.php\",\"hash\":\"2d03c63cf6a8c8ee1437228d73c05250\",\"size\":633,\"time\":1536151946,\"ns\":\"\\\\\"},\"target\":{\"file\":\"\\/home\\/etienne\\/Documents\\/TAF\\/www\\/web2paper\\/processwire\\/site\\/assets\\/cache\\/FileCompiler\\/site\\/templates\\/inc\\/variables.php\",\"hash\":\"03010120ab192e595b3690ddf50da7cf\",\"size\":813,\"time\":1536151946}}','2010-04-08 03:10:10'),('FileCompiler__469d1da6bf8a2125da2e01dfa589dede','{\"source\":{\"file\":\"\\/home\\/etienne\\/Documents\\/TAF\\/www\\/web2paper\\/processwire\\/site\\/templates\\/inc\\/functions.php\",\"hash\":\"257d47f707895625ae54736873c14752\",\"size\":388,\"time\":1536048445,\"ns\":\"\\\\\"},\"target\":{\"file\":\"\\/home\\/etienne\\/Documents\\/TAF\\/www\\/web2paper\\/processwire\\/site\\/assets\\/cache\\/FileCompiler\\/site\\/templates\\/inc\\/functions.php\",\"hash\":\"73c9f69b2db520182369318a0876491c\",\"size\":742,\"time\":1536048445}}','2010-04-08 03:10:10'),('FileCompiler__fa83a0e94f524cfb3e3d0093e3deb177','{\"source\":{\"file\":\"\\/home\\/etienne\\/Documents\\/TAF\\/www\\/web2paper\\/processwire\\/site\\/templates\\/get_content.php\",\"hash\":\"c8673be34d54cfd71dae8da7abe3c4a1\",\"size\":1359,\"time\":1536163268,\"ns\":\"\\\\\"},\"target\":{\"file\":\"\\/home\\/etienne\\/Documents\\/TAF\\/www\\/web2paper\\/processwire\\/site\\/assets\\/cache\\/FileCompiler\\/site\\/templates\\/get_content.php\",\"hash\":\"09c72d1345fc8f837ac18e4734d94deb\",\"size\":2221,\"time\":1536163268}}','2010-04-08 03:10:10'),('FileCompiler__474a71ef11270147f63d26a9de3e81be','{\"source\":{\"file\":\"\\/home\\/etienne\\/Documents\\/TAF\\/www\\/web2paper\\/processwire\\/site\\/templates\\/pages.php\",\"hash\":\"cf30fec48421b1be81d1139c9a7ef47d\",\"size\":1606,\"time\":1536163798,\"ns\":\"\\\\\"},\"target\":{\"file\":\"\\/home\\/etienne\\/Documents\\/TAF\\/www\\/web2paper\\/processwire\\/site\\/assets\\/cache\\/FileCompiler\\/site\\/templates\\/pages.php\",\"hash\":\"f7345641b7630e166bd55d4974b098f9\",\"size\":1956,\"time\":1536163798}}','2010-04-08 03:10:10'),('FileCompiler__60be9e25ea1332c7b45897d620d1fe7a','{\"source\":{\"file\":\"\\/home\\/etienne\\/Documents\\/TAF\\/www\\/web2paper\\/processwire\\/site\\/templates\\/inc\\/grid.php\",\"hash\":\"a9e18e0882835640ee6372c7f6766110\",\"size\":365,\"time\":1536068273,\"ns\":\"\\\\\"},\"target\":{\"file\":\"\\/home\\/etienne\\/Documents\\/TAF\\/www\\/web2paper\\/processwire\\/site\\/assets\\/cache\\/FileCompiler\\/site\\/templates\\/inc\\/grid.php\",\"hash\":\"a9e18e0882835640ee6372c7f6766110\",\"size\":365,\"time\":1536068273}}','2010-04-08 03:10:10'),('FileCompiler__29398a482e38d37d45544ef5a3db96a0','{\"source\":{\"file\":\"\\/home\\/etienne\\/Documents\\/TAF\\/www\\/web2paper\\/processwire\\/site\\/templates\\/inc\\/foot.php\",\"hash\":\"88c8b33517d444c6ff094604f4bdb2e3\",\"size\":1023,\"time\":1536048445,\"ns\":\"\\\\\"},\"target\":{\"file\":\"\\/home\\/etienne\\/Documents\\/TAF\\/www\\/web2paper\\/processwire\\/site\\/assets\\/cache\\/FileCompiler\\/site\\/templates\\/inc\\/foot.php\",\"hash\":\"88c8b33517d444c6ff094604f4bdb2e3\",\"size\":1023,\"time\":1536048445}}','2010-04-08 03:10:10'),('FileCompiler__1396bbb2953e4bb16176fe998687ba6d','{\"source\":{\"file\":\"\\/home\\/etienne\\/Documents\\/TAF\\/www\\/print-designparade\\/catalogue\\/processwire\\/site\\/modules\\/MarkupCustomPageList\\/MarkupCustomPageList.module\",\"hash\":\"70a1cf79245d9b201ca9ebc8888c3d48\",\"size\":19155,\"time\":1536048445,\"ns\":\"\\\\\"},\"target\":{\"file\":\"\\/home\\/etienne\\/Documents\\/TAF\\/www\\/print-designparade\\/catalogue\\/processwire\\/site\\/assets\\/cache\\/FileCompiler\\/site\\/modules\\/MarkupCustomPageList\\/MarkupCustomPageList.module\",\"hash\":\"988e9a3775e63a55e1cd2c99fd593a8c\",\"size\":19740,\"time\":1536048445}}','2010-04-08 03:10:10'),('FileCompiler__138eea012f9c0d433c60b1712811a52e','{\"source\":{\"file\":\"\\/home\\/etienne\\/Documents\\/TAF\\/www\\/web2paper\\/processwire\\/site\\/templates\\/admin.php\",\"hash\":\"9636f854995462a4cb877cb1204bc2fe\",\"size\":467,\"time\":1536048445,\"ns\":\"ProcessWire\"},\"target\":{\"file\":\"\\/home\\/etienne\\/Documents\\/TAF\\/www\\/web2paper\\/processwire\\/site\\/assets\\/cache\\/FileCompiler\\/site\\/templates\\/admin.php\",\"hash\":\"9636f854995462a4cb877cb1204bc2fe\",\"size\":467,\"time\":1536048445}}','2010-04-08 03:10:10'),('FileCompiler__0e27b1e1cce11ff7d5a7e024ea5391c4','{\"source\":{\"file\":\"\\/home\\/etienne\\/Documents\\/TAF\\/www\\/web2paper\\/processwire\\/site\\/templates\\/template_2columns.php\",\"hash\":\"44236d00c30e59a5c6be4dd9f8e6551b\",\"size\":1317,\"time\":1536153191,\"ns\":\"\\\\\"},\"target\":{\"file\":\"\\/home\\/etienne\\/Documents\\/TAF\\/www\\/web2paper\\/processwire\\/site\\/assets\\/cache\\/FileCompiler\\/site\\/templates\\/template_2columns.php\",\"hash\":\"44236d00c30e59a5c6be4dd9f8e6551b\",\"size\":1317,\"time\":1536153191}}','2010-04-08 03:10:10'),('FileCompiler__c8dfbfaef292e71a95670041d3cfa5ea','{\"source\":{\"file\":\"\\/home\\/etienne\\/Documents\\/TAF\\/www\\/web2paper\\/processwire\\/site\\/templates\\/inc\\/rft_fr.php\",\"hash\":\"3884a91c271a920770ec4bbd4b8cf7b3\",\"size\":4756,\"time\":1536048445,\"ns\":\"\\\\\"},\"target\":{\"file\":\"\\/home\\/etienne\\/Documents\\/TAF\\/www\\/web2paper\\/processwire\\/site\\/assets\\/cache\\/FileCompiler\\/site\\/templates\\/inc\\/rft_fr.php\",\"hash\":\"3884a91c271a920770ec4bbd4b8cf7b3\",\"size\":4756,\"time\":1536048445}}','2010-04-08 03:10:10'),('FileCompiler__405b49614037600656646f84120a20fb','{\"source\":{\"file\":\"\\/home\\/etienne\\/Documents\\/TAF\\/www\\/web2paper\\/processwire\\/site\\/templates\\/inc\\/rft_en.php\",\"hash\":\"3ec3c2135e87eb2f363582a43c36b5fe\",\"size\":3070,\"time\":1536048445,\"ns\":\"\\\\\"},\"target\":{\"file\":\"\\/home\\/etienne\\/Documents\\/TAF\\/www\\/web2paper\\/processwire\\/site\\/assets\\/cache\\/FileCompiler\\/site\\/templates\\/inc\\/rft_en.php\",\"hash\":\"3ec3c2135e87eb2f363582a43c36b5fe\",\"size\":3070,\"time\":1536048445}}','2010-04-08 03:10:10'),('FileCompiler__93f76b9dc9cf09d6e306e4f59905fbee','{\"source\":{\"file\":\"\\/home\\/etienne\\/Documents\\/TAF\\/www\\/web2paper\\/processwire\\/site\\/templates\\/template_simple.php\",\"hash\":\"cb947c473f387822ecbf484db1d16e19\",\"size\":470,\"time\":1536158050,\"ns\":\"\\\\\"},\"target\":{\"file\":\"\\/home\\/etienne\\/Documents\\/TAF\\/www\\/web2paper\\/processwire\\/site\\/assets\\/cache\\/FileCompiler\\/site\\/templates\\/template_simple.php\",\"hash\":\"cb947c473f387822ecbf484db1d16e19\",\"size\":470,\"time\":1536158050}}','2010-04-08 03:10:10'),('FileCompiler__52761f080ad651f0c26d273ef6ab1277','{\"source\":{\"file\":\"\\/home\\/etienne\\/Documents\\/TAF\\/www\\/web2paper\\/processwire\\/site\\/templates\\/template_simple_invert.php\",\"hash\":\"6424a6969e52b5eb735027d17fde22fe\",\"size\":471,\"time\":1536163109,\"ns\":\"\\\\\"},\"target\":{\"file\":\"\\/home\\/etienne\\/Documents\\/TAF\\/www\\/web2paper\\/processwire\\/site\\/assets\\/cache\\/FileCompiler\\/site\\/templates\\/template_simple_invert.php\",\"hash\":\"6424a6969e52b5eb735027d17fde22fe\",\"size\":471,\"time\":1536163109}}','2010-04-08 03:10:10'),('FileCompiler__37e87c74a4f261410f0159160c020b2a','{\"source\":{\"file\":\"\\/home\\/etienne\\/Documents\\/TAF\\/www\\/web2paper\\/processwire\\/site\\/templates\\/template_textOnly.php\",\"hash\":\"077a5ed94a596a4a836f8c76c05c916d\",\"size\":363,\"time\":1536163804,\"ns\":\"\\\\\"},\"target\":{\"file\":\"\\/home\\/etienne\\/Documents\\/TAF\\/www\\/web2paper\\/processwire\\/site\\/assets\\/cache\\/FileCompiler\\/site\\/templates\\/template_textOnly.php\",\"hash\":\"077a5ed94a596a4a836f8c76c05c916d\",\"size\":363,\"time\":1536163804}}','2010-04-08 03:10:10');
/*!40000 ALTER TABLE `caches` ENABLE KEYS */;
UNLOCK TABLES;

--
-- Table structure for table `field_admin_theme`
--

DROP TABLE IF EXISTS `field_admin_theme`;
/*!40101 SET @saved_cs_client     = @@character_set_client */;
/*!40101 SET character_set_client = utf8 */;
CREATE TABLE `field_admin_theme` (
  `pages_id` int(10) unsigned NOT NULL,
  `data` int(11) NOT NULL,
  PRIMARY KEY (`pages_id`),
  KEY `data` (`data`)
) ENGINE=MyISAM DEFAULT CHARSET=utf8;
/*!40101 SET character_set_client = @saved_cs_client */;

--
-- Dumping data for table `field_admin_theme`
--

LOCK TABLES `field_admin_theme` WRITE;
/*!40000 ALTER TABLE `field_admin_theme` DISABLE KEYS */;
/*!40000 ALTER TABLE `field_admin_theme` ENABLE KEYS */;
UNLOCK TABLES;

--
-- Table structure for table `field_artiste`
--

DROP TABLE IF EXISTS `field_artiste`;
/*!40101 SET @saved_cs_client     = @@character_set_client */;
/*!40101 SET character_set_client = utf8 */;
CREATE TABLE `field_artiste` (
  `pages_id` int(10) unsigned NOT NULL,
  `data` text NOT NULL,
  `data1023` text,
  PRIMARY KEY (`pages_id`),
  KEY `data_exact` (`data`(250)),
  KEY `data_exact1023` (`data1023`(250)),
  FULLTEXT KEY `data` (`data`),
  FULLTEXT KEY `data1023` (`data1023`)
) ENGINE=MyISAM DEFAULT CHARSET=utf8;
/*!40101 SET character_set_client = @saved_cs_client */;

--
-- Dumping data for table `field_artiste`
--

LOCK TABLES `field_artiste` WRITE;
/*!40000 ALTER TABLE `field_artiste` DISABLE KEYS */;
INSERT INTO `field_artiste` VALUES (1106,'Mickey',''),(1108,'gagea','');
/*!40000 ALTER TABLE `field_artiste` ENABLE KEYS */;
UNLOCK TABLES;

--
-- Table structure for table `field_email`
--

DROP TABLE IF EXISTS `field_email`;
/*!40101 SET @saved_cs_client     = @@character_set_client */;
/*!40101 SET character_set_client = utf8 */;
CREATE TABLE `field_email` (
  `pages_id` int(10) unsigned NOT NULL,
  `data` varchar(250) NOT NULL DEFAULT '',
  PRIMARY KEY (`pages_id`),
  KEY `data_exact` (`data`),
  FULLTEXT KEY `data` (`data`)
) ENGINE=MyISAM DEFAULT CHARSET=utf8;
/*!40101 SET character_set_client = @saved_cs_client */;

--
-- Dumping data for table `field_email`
--

LOCK TABLES `field_email` WRITE;
/*!40000 ALTER TABLE `field_email` DISABLE KEYS */;
INSERT INTO `field_email` VALUES (1109,'');
/*!40000 ALTER TABLE `field_email` ENABLE KEYS */;
UNLOCK TABLES;

--
-- Table structure for table `field_fichiers`
--

DROP TABLE IF EXISTS `field_fichiers`;
/*!40101 SET @saved_cs_client     = @@character_set_client */;
/*!40101 SET character_set_client = utf8 */;
CREATE TABLE `field_fichiers` (
  `pages_id` int(10) unsigned NOT NULL,
  `data` varchar(250) NOT NULL,
  `sort` int(10) unsigned NOT NULL,
  `description` text NOT NULL,
  `modified` datetime DEFAULT NULL,
  `created` datetime DEFAULT NULL,
  `filedata` mediumtext,
  PRIMARY KEY (`pages_id`,`sort`),
  KEY `data` (`data`),
  KEY `modified` (`modified`),
  KEY `created` (`created`),
  FULLTEXT KEY `description` (`description`),
  FULLTEXT KEY `filedata` (`filedata`)
) ENGINE=MyISAM DEFAULT CHARSET=utf8;
/*!40101 SET character_set_client = @saved_cs_client */;

--
-- Dumping data for table `field_fichiers`
--

LOCK TABLES `field_fichiers` WRITE;
/*!40000 ALTER TABLE `field_fichiers` DISABLE KEYS */;
/*!40000 ALTER TABLE `field_fichiers` ENABLE KEYS */;
UNLOCK TABLES;

--
-- Table structure for table `field_images`
--

DROP TABLE IF EXISTS `field_images`;
/*!40101 SET @saved_cs_client     = @@character_set_client */;
/*!40101 SET character_set_client = utf8 */;
CREATE TABLE `field_images` (
  `pages_id` int(10) unsigned NOT NULL,
  `data` varchar(250) NOT NULL,
  `sort` int(10) unsigned NOT NULL,
  `description` text NOT NULL,
  `modified` datetime DEFAULT NULL,
  `created` datetime DEFAULT NULL,
  `filedata` mediumtext,
  PRIMARY KEY (`pages_id`,`sort`),
  KEY `data` (`data`),
  KEY `modified` (`modified`),
  KEY `created` (`created`),
  FULLTEXT KEY `description` (`description`),
  FULLTEXT KEY `filedata` (`filedata`)
) ENGINE=MyISAM DEFAULT CHARSET=utf8;
/*!40101 SET character_set_client = @saved_cs_client */;

--
-- Dumping data for table `field_images`
--

LOCK TABLES `field_images` WRITE;
/*!40000 ALTER TABLE `field_images` DISABLE KEYS */;
INSERT INTO `field_images` VALUES (1106,'21551813_1228060774006390_4585598193005673582_o.jpg',0,'[\"\"]','2018-06-25 22:48:08','2018-06-25 22:48:08',''),(1110,'capture_du_2018-02-03_17-39-45.png',0,'[\"\"]','2018-09-05 17:57:30','2018-09-05 17:57:30',''),(1108,'cecile_gray_portrait.jpeg',0,'[\"\"]','2018-06-25 23:18:08','2018-06-25 23:18:08',''),(1107,'23794853_10155651716466885_5844298226523030492_n.jpg',0,'[\"\"]','2018-09-05 17:53:35','2018-09-05 17:53:35','');
/*!40000 ALTER TABLE `field_images` ENABLE KEYS */;
UNLOCK TABLES;

--
-- Table structure for table `field_infos`
--

DROP TABLE IF EXISTS `field_infos`;
/*!40101 SET @saved_cs_client     = @@character_set_client */;
/*!40101 SET character_set_client = utf8 */;
CREATE TABLE `field_infos` (
  `pages_id` int(10) unsigned NOT NULL,
  `data` mediumtext NOT NULL,
  `data1023` mediumtext,
  PRIMARY KEY (`pages_id`),
  KEY `data_exact` (`data`(250)),
  FULLTEXT KEY `data` (`data`),
  FULLTEXT KEY `data1023` (`data1023`)
) ENGINE=MyISAM DEFAULT CHARSET=utf8;
/*!40101 SET character_set_client = @saved_cs_client */;

--
-- Dumping data for table `field_infos`
--

LOCK TABLES `field_infos` WRITE;
/*!40000 ALTER TABLE `field_infos` DISABLE KEYS */;
INSERT INTO `field_infos` VALUES (1106,'<p>I love cheese, especially cottage cheese croque monsieur. Smelly cheese cheesy grin chalk and cheese roquefort cheeseburger roquefort cheese slices cottage cheese. Cheese and biscuits cheese slices cheese slices stinking bishop when the cheese comes out everybody\'s happy monterey jack mozzarella macaroni cheese. Edam rubber cheese halloumi parmesan monterey jack cheese and wine cow the big cheese. Croque monsieur cheddar smelly cheese gouda goat cheese and wine when the cheese comes out everybody\'s happy cow. Mozzarella hard cheese manchego taleggio stinking bishop.</p>','<p>If one examines precultural libertarianism, one is faced with a choice: either accept rationalism or conclude that context is a product of the masses, given that Marx’s essay on precultural libertarianism is invalid. The subject is contextualised into a precapitalist dematerialism that includes culture as a reality.</p>'),(1111,'<p>1. coucou</p>\n\n<p>2. bisou</p>\n\n<p>3. hallo</p>',''),(1108,'','');
/*!40000 ALTER TABLE `field_infos` ENABLE KEYS */;
UNLOCK TABLES;

--
-- Table structure for table `field_language`
--

DROP TABLE IF EXISTS `field_language`;
/*!40101 SET @saved_cs_client     = @@character_set_client */;
/*!40101 SET character_set_client = utf8 */;
CREATE TABLE `field_language` (
  `pages_id` int(10) unsigned NOT NULL,
  `data` int(11) NOT NULL,
  `sort` int(10) unsigned NOT NULL,
  PRIMARY KEY (`pages_id`,`sort`),
  KEY `data` (`data`,`pages_id`,`sort`)
) ENGINE=MyISAM DEFAULT CHARSET=utf8;
/*!40101 SET character_set_client = @saved_cs_client */;

--
-- Dumping data for table `field_language`
--

LOCK TABLES `field_language` WRITE;
/*!40000 ALTER TABLE `field_language` DISABLE KEYS */;
INSERT INTO `field_language` VALUES (40,1021,0),(1109,1021,0);
/*!40000 ALTER TABLE `field_language` ENABLE KEYS */;
UNLOCK TABLES;

--
-- Table structure for table `field_language_files`
--

DROP TABLE IF EXISTS `field_language_files`;
/*!40101 SET @saved_cs_client     = @@character_set_client */;
/*!40101 SET character_set_client = utf8 */;
CREATE TABLE `field_language_files` (
  `pages_id` int(10) unsigned NOT NULL,
  `data` varchar(250) NOT NULL,
  `sort` int(10) unsigned NOT NULL,
  `description` text NOT NULL,
  `modified` datetime DEFAULT NULL,
  `created` datetime DEFAULT NULL,
  `filedata` mediumtext,
  PRIMARY KEY (`pages_id`,`sort`),
  KEY `data` (`data`),
  KEY `modified` (`modified`),
  KEY `created` (`created`),
  FULLTEXT KEY `description` (`description`),
  FULLTEXT KEY `filedata` (`filedata`)
) ENGINE=MyISAM DEFAULT CHARSET=utf8;
/*!40101 SET character_set_client = @saved_cs_client */;

--
-- Dumping data for table `field_language_files`
--

LOCK TABLES `field_language_files` WRITE;
/*!40000 ALTER TABLE `field_language_files` DISABLE KEYS */;
/*!40000 ALTER TABLE `field_language_files` ENABLE KEYS */;
UNLOCK TABLES;

--
-- Table structure for table `field_language_files_site`
--

DROP TABLE IF EXISTS `field_language_files_site`;
/*!40101 SET @saved_cs_client     = @@character_set_client */;
/*!40101 SET character_set_client = utf8 */;
CREATE TABLE `field_language_files_site` (
  `pages_id` int(10) unsigned NOT NULL,
  `data` varchar(250) NOT NULL,
  `sort` int(10) unsigned NOT NULL,
  `description` text NOT NULL,
  `modified` datetime DEFAULT NULL,
  `created` datetime DEFAULT NULL,
  `filedata` mediumtext,
  PRIMARY KEY (`pages_id`,`sort`),
  KEY `data` (`data`),
  KEY `modified` (`modified`),
  KEY `created` (`created`),
  FULLTEXT KEY `description` (`description`),
  FULLTEXT KEY `filedata` (`filedata`)
) ENGINE=MyISAM DEFAULT CHARSET=utf8;
/*!40101 SET character_set_client = @saved_cs_client */;

--
-- Dumping data for table `field_language_files_site`
--

LOCK TABLES `field_language_files_site` WRITE;
/*!40000 ALTER TABLE `field_language_files_site` DISABLE KEYS */;
/*!40000 ALTER TABLE `field_language_files_site` ENABLE KEYS */;
UNLOCK TABLES;

--
-- Table structure for table `field_pass`
--

DROP TABLE IF EXISTS `field_pass`;
/*!40101 SET @saved_cs_client     = @@character_set_client */;
/*!40101 SET character_set_client = utf8 */;
CREATE TABLE `field_pass` (
  `pages_id` int(10) unsigned NOT NULL,
  `data` char(40) NOT NULL,
  `salt` char(32) NOT NULL,
  PRIMARY KEY (`pages_id`),
  KEY `data` (`data`)
) ENGINE=MyISAM DEFAULT CHARSET=ascii;
/*!40101 SET character_set_client = @saved_cs_client */;

--
-- Dumping data for table `field_pass`
--

LOCK TABLES `field_pass` WRITE;
/*!40000 ALTER TABLE `field_pass` DISABLE KEYS */;
INSERT INTO `field_pass` VALUES (40,'',''),(1109,'VfsOK.m461uam8O6wFdEauwGLOGMgTO','$2y$11$SJJI3oXfrArB7lhjaE1IHe');
/*!40000 ALTER TABLE `field_pass` ENABLE KEYS */;
UNLOCK TABLES;

--
-- Table structure for table `field_pays`
--

DROP TABLE IF EXISTS `field_pays`;
/*!40101 SET @saved_cs_client     = @@character_set_client */;
/*!40101 SET character_set_client = utf8 */;
CREATE TABLE `field_pays` (
  `pages_id` int(10) unsigned NOT NULL,
  `data` text NOT NULL,
  `data1023` text,
  PRIMARY KEY (`pages_id`),
  KEY `data_exact` (`data`(250)),
  KEY `data_exact1023` (`data1023`(250)),
  FULLTEXT KEY `data` (`data`),
  FULLTEXT KEY `data1023` (`data1023`)
) ENGINE=MyISAM DEFAULT CHARSET=utf8;
/*!40101 SET character_set_client = @saved_cs_client */;

--
-- Dumping data for table `field_pays`
--

LOCK TABLES `field_pays` WRITE;
/*!40000 ALTER TABLE `field_pays` DISABLE KEYS */;
INSERT INTO `field_pays` VALUES (1106,'Donaldville',''),(1108,'geagea','');
/*!40000 ALTER TABLE `field_pays` ENABLE KEYS */;
UNLOCK TABLES;

--
-- Table structure for table `field_permissions`
--

DROP TABLE IF EXISTS `field_permissions`;
/*!40101 SET @saved_cs_client     = @@character_set_client */;
/*!40101 SET character_set_client = utf8 */;
CREATE TABLE `field_permissions` (
  `pages_id` int(10) unsigned NOT NULL,
  `data` int(11) NOT NULL,
  `sort` int(10) unsigned NOT NULL,
  PRIMARY KEY (`pages_id`,`sort`),
  KEY `data` (`data`,`pages_id`,`sort`)
) ENGINE=MyISAM DEFAULT CHARSET=utf8;
/*!40101 SET character_set_client = @saved_cs_client */;

--
-- Dumping data for table `field_permissions`
--

LOCK TABLES `field_permissions` WRITE;
/*!40000 ALTER TABLE `field_permissions` DISABLE KEYS */;
INSERT INTO `field_permissions` VALUES (38,32,1),(38,34,2),(38,35,3),(37,36,0),(38,36,0),(38,50,4),(38,51,5),(38,52,7),(38,53,8),(38,54,6);
/*!40000 ALTER TABLE `field_permissions` ENABLE KEYS */;
UNLOCK TABLES;

--
-- Table structure for table `field_process`
--

DROP TABLE IF EXISTS `field_process`;
/*!40101 SET @saved_cs_client     = @@character_set_client */;
/*!40101 SET character_set_client = utf8 */;
CREATE TABLE `field_process` (
  `pages_id` int(11) NOT NULL DEFAULT '0',
  `data` int(11) NOT NULL DEFAULT '0',
  PRIMARY KEY (`pages_id`),
  KEY `data` (`data`)
) ENGINE=MyISAM DEFAULT CHARSET=utf8;
/*!40101 SET character_set_client = @saved_cs_client */;

--
-- Dumping data for table `field_process`
--

LOCK TABLES `field_process` WRITE;
/*!40000 ALTER TABLE `field_process` DISABLE KEYS */;
INSERT INTO `field_process` VALUES (6,17),(3,12),(8,12),(9,14),(10,7),(11,47),(16,48),(300,104),(21,50),(29,66),(23,10),(304,138),(31,136),(22,76),(30,68),(303,129),(2,87),(302,121),(301,109),(28,76),(1007,150),(1010,159),(1012,161),(1020,164),(1022,165);
/*!40000 ALTER TABLE `field_process` ENABLE KEYS */;
UNLOCK TABLES;

--
-- Table structure for table `field_roles`
--

DROP TABLE IF EXISTS `field_roles`;
/*!40101 SET @saved_cs_client     = @@character_set_client */;
/*!40101 SET character_set_client = utf8 */;
CREATE TABLE `field_roles` (
  `pages_id` int(10) unsigned NOT NULL,
  `data` int(11) NOT NULL,
  `sort` int(10) unsigned NOT NULL,
  PRIMARY KEY (`pages_id`,`sort`),
  KEY `data` (`data`,`pages_id`,`sort`)
) ENGINE=MyISAM DEFAULT CHARSET=utf8;
/*!40101 SET character_set_client = @saved_cs_client */;

--
-- Dumping data for table `field_roles`
--

LOCK TABLES `field_roles` WRITE;
/*!40000 ALTER TABLE `field_roles` DISABLE KEYS */;
INSERT INTO `field_roles` VALUES (40,37,0),(1109,37,0),(1109,38,1);
/*!40000 ALTER TABLE `field_roles` ENABLE KEYS */;
UNLOCK TABLES;

--
-- Table structure for table `field_sous_titre`
--

DROP TABLE IF EXISTS `field_sous_titre`;
/*!40101 SET @saved_cs_client     = @@character_set_client */;
/*!40101 SET character_set_client = utf8 */;
CREATE TABLE `field_sous_titre` (
  `pages_id` int(10) unsigned NOT NULL,
  `data` text NOT NULL,
  `data1023` text,
  PRIMARY KEY (`pages_id`),
  KEY `data_exact` (`data`(250)),
  KEY `data_exact1023` (`data1023`(250)),
  FULLTEXT KEY `data` (`data`),
  FULLTEXT KEY `data1023` (`data1023`)
) ENGINE=MyISAM DEFAULT CHARSET=utf8;
/*!40101 SET character_set_client = @saved_cs_client */;

--
-- Dumping data for table `field_sous_titre`
--

LOCK TABLES `field_sous_titre` WRITE;
/*!40000 ALTER TABLE `field_sous_titre` DISABLE KEYS */;
INSERT INTO `field_sous_titre` VALUES (1106,'Fun page isn\'t it?',''),(1108,'geagea','');
/*!40000 ALTER TABLE `field_sous_titre` ENABLE KEYS */;
UNLOCK TABLES;

--
-- Table structure for table `field_texte_courant`
--

DROP TABLE IF EXISTS `field_texte_courant`;
/*!40101 SET @saved_cs_client     = @@character_set_client */;
/*!40101 SET character_set_client = utf8 */;
CREATE TABLE `field_texte_courant` (
  `pages_id` int(10) unsigned NOT NULL,
  `data` mediumtext NOT NULL,
  `data1023` mediumtext,
  PRIMARY KEY (`pages_id`),
  KEY `data_exact` (`data`(250)),
  FULLTEXT KEY `data` (`data`),
  FULLTEXT KEY `data1023` (`data1023`)
) ENGINE=MyISAM DEFAULT CHARSET=utf8;
/*!40101 SET character_set_client = @saved_cs_client */;

--
-- Dumping data for table `field_texte_courant`
--

LOCK TABLES `field_texte_courant` WRITE;
/*!40000 ALTER TABLE `field_texte_courant` DISABLE KEYS */;
INSERT INTO `field_texte_courant` VALUES (1107,'<p>I love cheese, especially cottage cheese croque monsieur. Smelly cheese cheesy grin chalk and cheese roquefort cheeseburger roquefort cheese slices cottage cheese. Cheese and biscuits cheese slices cheese slices stinking bishop when the cheese comes out everybody\'s happy monterey jack mozzarella macaroni cheese. Edam rubber cheese halloumi parmesan monterey jack cheese and wine cow the big cheese. Croque monsieur cheddar smelly cheese gouda goat cheese and wine when the cheese comes out everybody\'s happy cow. Mozzarella hard cheese manchego taleggio stinking bishop.</p>\n\n<p>Cheese on toast cheese strings swiss. Fromage frais lancashire cheese and wine gouda lancashire fromage frais jarlsberg brie. St. agur blue cheese airedale cheesy feet bocconcini cheesy grin cut the cheese cheese slices cow. Squirty cheese roquefort when the cheese comes out everybody\'s happy manchego cut the cheese stinking bishop feta queso. Cheese on toast everyone loves hard cheese cheesecake croque monsieur cottage cheese cut the cheese halloumi. Gouda cut the cheese emmental parmesan roquefort melted cheese fromage cottage cheese. Feta fromage melted cheese cheeseburger rubber cheese.</p>\n\n<p>Melted cheese chalk and cheese gouda. Cheese and wine melted cheese babybel mozzarella rubber cheese port-salut fondue chalk and cheese. Ricotta taleggio taleggio caerphilly port-salut melted cheese cut the cheese fromage frais. Cauliflower cheese emmental pepper jack stilton fromage frais paneer swiss say cheese. Monterey jack rubber cheese cheesy grin when the cheese comes out everybody\'s happy hard cheese croque monsieur cheese triangles cheese and biscuits. Paneer halloumi cheeseburger fromage frais cheesy grin emmental.</p>','<p>Mozzarella who moved my cheese dolcelatte. Cheesy feet cut the cheese monterey jack hard cheese parmesan manchego cut the cheese roquefort. Boursin cream cheese paneer cheese triangles cheese strings jarlsberg manchego camembert de normandie. Camembert de normandie cheese and biscuits cheesy grin smelly cheese cheddar when the cheese comes out everybody\'s happy chalk and cheese fromage frais. Parmesan smelly cheese boursin bavarian bergkase camembert de normandie monterey jack airedale goat. Cut the cheese feta red leicester camembert de normandie.</p>'),(1106,'<p>Le <strong>Lorem Ipsum</strong> est simplement du faux texte employé dans la composition et la mise en page avant impression. Le Lorem Ipsum est le faux texte standard de l\'imprimerie depuis les années 1500, quand un peintre anonyme assembla ensemble des morceaux de texte pour réaliser un livre spécimen de polices de texte. Il n\'a pas fait que survivre cinq siècles, mais s\'est aussi adapté à la bureautique informatique, sans que son contenu n\'en soit modifié. Il a été popularisé dans les années 1960 grâce à la vente de feuilles Letraset contenant des passages du Lorem Ipsum, et, plus récemment, par son inclusion dans des applications de mise en page de texte, comme Aldus PageMaker.</p>\n\n<h2>Pourquoi l\'utiliser?</h2>\n\n<p>On sait depuis longtemps que travailler avec du texte lisible et contenant du sens est source de distractions, et empêche de se concentrer sur la mise en page elle-même. L\'avantage du Lorem Ipsum sur un texte générique comme \'Du texte. Du texte. Du texte.\' est qu\'il possède une distribution de lettres plus ou moins normale, et en tout cas comparable avec celle du français standard. De nombreuses suites logicielles de mise en page ou éditeurs de sites Web ont fait du Lorem Ipsum leur faux texte par défaut, et une recherche pour \'Lorem Ipsum\' vous conduira vers de nombreux sites qui n\'en sont encore qu\'à leur phase de construction. Plusieurs versions sont apparues avec le temps, parfois par accident, souvent intentionnellement (histoire d\'y rajouter de petits clins d\'oeil, voire des phrases embarassantes).</p>','<p>Say cheese cow rubber cheese. Cottage cheese goat cheesy grin smelly cheese stilton the big cheese cottage cheese fromage. Cut the cheese dolcelatte paneer lancashire cottage cheese stinking bishop parmesan lancashire. Fromage when the cheese comes out everybody\'s happy brie pepper jack everyone loves st. agur blue cheese queso brie. Cheese triangles fondue cheeseburger cheese triangles.</p>\n\n<p>Swiss brie swiss. Parmesan brie croque monsieur croque monsieur cheesy feet cheesy feet cheese triangles red leicester. Roquefort macaroni cheese airedale cheesecake cheeseburger cheese on toast bocconcini cow. Swiss cheddar mozzarella chalk and cheese cauliflower cheese who moved my cheese red leicester ricotta. Boursin queso cheeseburger.</p>\n\n<p>Chalk and cheese feta cheddar. Cheese and wine boursin rubber cheese monterey jack cheese and wine cheese and biscuits bocconcini chalk and cheese. Cheese slices brie pepper jack cheesecake goat cheese and biscuits cheese and wine cheese and wine. Cow manchego fromage frais everyone loves.</p>\n\n<p>Cottage cheese manchego cheese slices. Port-salut dolcelatte blue castello bavarian bergkase gouda cut the cheese cauliflower cheese stinking bishop. Stilton lancashire pecorino bavarian bergkase melted cheese cheese on toast cheese on toast cheese and wine. Emmental.</p>\n\n<p>Blue castello paneer fromage. Chalk and cheese ricotta feta roquefort when the cheese comes out everybody\'s happy port-salut taleggio cheesy grin. Fromage frais goat cut the cheese who moved my cheese cheese strings st. agur blue cheese stinking bishop cut the cheese. Smelly cheese feta babybel.</p>'),(1108,'<p>hrehtrdjydjtrd</p>','<p>hehrehe</p>'),(1110,'<p>prout</p>',''),(1111,'<p>I love cheese, especially cottage cheese croque monsieur. Smelly cheese cheesy grin chalk and cheese roquefort cheeseburger roquefort cheese slices cottage cheese. Cheese and biscuits cheese slices cheese slices stinking bishop when the cheese comes out everybody\'s happy monterey jack mozzarella macaroni cheese. Edam rubber cheese halloumi parmesan monterey jack cheese and wine cow the big cheese. Croque monsieur cheddar smelly cheese gouda goat cheese and wine when the cheese comes out everybody\'s happy cow. Mozzarella hard cheese manchego taleggio stinking bishop.</p>\n\n<p>Cheese on toast cheese strings swiss. Fromage frais lancashire cheese and wine gouda lancashire fromage frais jarlsberg brie. St. agur blue cheese airedale cheesy feet bocconcini cheesy grin cut the cheese cheese slices cow. Squirty cheese roquefort when the cheese comes out everybody\'s happy manchego cut the cheese stinking bishop feta queso. Cheese on toast everyone loves hard cheese cheesecake croque monsieur cottage cheese cut the cheese halloumi. Gouda cut the cheese emmental parmesan roquefort melted cheese fromage cottage cheese. Feta fromage melted cheese cheeseburger rubber cheese.</p>\n\n<p>Melted cheese chalk and cheese gouda. Cheese and wine melted cheese babybel mozzarella rubber cheese port-salut fondue chalk and cheese. Ricotta taleggio taleggio caerphilly port-salut melted cheese cut the cheese fromage frais. Cauliflower cheese emmental pepper jack stilton fromage frais paneer swiss say cheese. Monterey jack rubber cheese cheesy grin when the cheese comes out everybody\'s happy hard cheese croque monsieur cheese triangles cheese and biscuits. Paneer halloumi cheeseburger fromage frais cheesy grin emmental.</p>\n\n<p>Mozzarella who moved my cheese dolcelatte. Cheesy feet cut the cheese monterey jack hard cheese parmesan manchego cut the cheese roquefort. Boursin cream cheese paneer cheese triangles cheese strings jarlsberg manchego camembert de normandie. Camembert de normandie cheese and biscuits cheesy grin smelly cheese cheddar when the cheese comes out everybody\'s happy chalk and cheese fromage frais. Parmesan smelly cheese boursin bavarian bergkase camembert de normandie monterey jack airedale goat. Cut the cheese feta red leicester camembert de normandie.</p>\n\n<p>Melted cheese rubber cheese airedale. Who moved my cheese ricotta everyone loves halloumi cauliflower cheese rubber cheese cheese slices squirty cheese. Halloumi ricotta emmental red leicester parmesan rubber cheese rubber cheese say cheese. Taleggio fondue macaroni cheese bocconcini bocconcini ricotta camembert de normandie goat. Red leicester queso red leicester who moved my cheese cauliflower cheese cow stinking bishop gouda. Pecorino ricotta cheese and wine airedale cheese and wine macaroni cheese cream cheese.</p>\n\n<p>When the cheese comes out everybody\'s happy babybel ricotta. Camembert de normandie roquefort roquefort hard cheese cauliflower cheese cheese on toast the big cheese cheese on toast. Feta babybel st. agur blue cheese caerphilly red leicester airedale edam jarlsberg. Bavarian bergkase stinking bishop gouda babybel cheese on toast monterey jack chalk and cheese stinking bishop. Stilton ricotta cheese strings cheese and wine cheesy feet airedale cheese and biscuits boursin. Cheesy grin cheesecake who moved my cheese smelly cheese fromage frais queso queso monterey jack. Cauliflower cheese red leicester fromage frais cheeseburger bavarian bergkase monterey jack stinking bishop cheesecake. Emmental.</p>\n\n<p>Swiss stinking bishop queso. Rubber cheese jarlsberg squirty cheese fromage chalk and cheese mascarpone cottage cheese monterey jack. Stilton ricotta goat stinking bishop when the cheese comes out everybody\'s happy pecorino mozzarella squirty cheese. Say cheese blue castello paneer ricotta emmental cheesy grin hard cheese pecorino. Cut the cheese monterey jack stinking bishop st. agur blue cheese cow cheese and biscuits smelly cheese babybel. Hard cheese port-salut smelly cheese cheese triangles the big cheese gouda cauliflower cheese everyone loves. Ricotta pecorino say cheese cheese and wine mascarpone jarlsberg roquefort feta. Cheese strings red leicester cream cheese.</p>\n\n<p>Mascarpone cheese and wine cheeseburger. Red leicester swiss when the cheese comes out everybody\'s happy chalk and cheese cream cheese paneer danish fontina macaroni cheese. Mascarpone goat swiss cheese and wine feta feta jarlsberg cauliflower cheese. Who moved my cheese goat cheddar swiss fromage frais cheesy feet cheesecake swiss. Cheesy grin macaroni cheese parmesan croque monsieur mozzarella taleggio cheddar cheese and biscuits. Stinking bishop lancashire danish fontina goat cheeseburger smelly cheese.</p>\n\n<p>Cheese on toast squirty cheese cheese strings. Cheesecake say cheese hard cheese smelly cheese camembert de normandie cheese slices blue castello bavarian bergkase. Port-salut gouda taleggio feta fondue cream cheese halloumi rubber cheese. Stinking bishop pepper jack everyone loves cottage cheese goat halloumi gouda when the cheese comes out everybody\'s happy. Rubber cheese goat feta bocconcini when the cheese comes out everybody\'s happy mascarpone roquefort lancashire. Jarlsberg feta brie st. agur blue cheese when the cheese comes out everybody\'s happy gouda cheese and wine hard cheese. Cheesy grin st. agur blue cheese cheeseburger cheese strings.</p>\n\n<p>Squirty cheese caerphilly queso. Cheese slices hard cheese st. agur blue cheese st. agur blue cheese chalk and cheese stinking bishop blue castello caerphilly. Cheese strings st. agur blue cheese port-salut say cheese camembert de normandie jarlsberg cheesy feet bavarian bergkase. Who moved my cheese goat taleggio bavarian bergkase feta who moved my cheese caerphilly smelly cheese. Say cheese cheese triangles jarlsberg red leicester feta halloumi macaroni cheese manchego. Cheesecake stinking bishop hard cheese when the cheese comes out everybody\'s happy cheese and wine monterey jack babybel babybel. When the cheese comes out everybody\'s happy cheesecake rubber cheese mozzarella mozzarella jarlsberg cheese and biscuits cheese and wine. Halloumi jarlsberg queso boursin edam gouda.</p>\n\n<p> </p>','');
/*!40000 ALTER TABLE `field_texte_courant` ENABLE KEYS */;
UNLOCK TABLES;

--
-- Table structure for table `field_title`
--

DROP TABLE IF EXISTS `field_title`;
/*!40101 SET @saved_cs_client     = @@character_set_client */;
/*!40101 SET character_set_client = utf8 */;
CREATE TABLE `field_title` (
  `pages_id` int(10) unsigned NOT NULL,
  `data` text NOT NULL,
  `data1023` text,
  PRIMARY KEY (`pages_id`),
  KEY `data_exact` (`data`(250)),
  KEY `data_exact1023` (`data1023`(250)),
  FULLTEXT KEY `data` (`data`),
  FULLTEXT KEY `data1023` (`data1023`)
) ENGINE=MyISAM DEFAULT CHARSET=utf8;
/*!40101 SET character_set_client = @saved_cs_client */;

--
-- Dumping data for table `field_title`
--

LOCK TABLES `field_title` WRITE;
/*!40000 ALTER TABLE `field_title` DISABLE KEYS */;
INSERT INTO `field_title` VALUES (11,'Templates',NULL),(16,'Fields',NULL),(22,'Setup',NULL),(3,'Pages',NULL),(6,'Add Page',NULL),(8,'Tree',NULL),(9,'Save Sort',NULL),(10,'Edit',NULL),(21,'Modules',NULL),(29,'Users',NULL),(30,'Roles',NULL),(2,'Admin',NULL),(7,'Trash',NULL),(27,'404 Not Found',NULL),(302,'Insert Link',NULL),(23,'Login',NULL),(304,'Profile',NULL),(301,'Empty Trash',NULL),(300,'Search',NULL),(303,'Insert Image',NULL),(28,'Access',NULL),(31,'Permissions',NULL),(32,'Edit pages',NULL),(34,'Delete pages',NULL),(35,'Move pages (change parent)',NULL),(36,'View pages',NULL),(50,'Sort child pages',NULL),(51,'Change templates on pages',NULL),(52,'Administer users',NULL),(53,'User can update profile/password',NULL),(54,'Lock or unlock a page',NULL),(1,'Home',NULL),(1006,'Use Page Lister',NULL),(1007,'Find',NULL),(1010,'Recent',NULL),(1011,'Can see recently edited pages',NULL),(1012,'Logs',NULL),(1013,'Can view system logs',NULL),(1014,'Can manage system logs',NULL),(1107,'Simple page',''),(1019,'Administer languages and static translation files',NULL),(1020,'Languages',NULL),(1021,'Fr',NULL),(1022,'Language Translator',NULL),(1023,'En',NULL),(1104,'Part one',''),(1103,'book one',''),(1106,'Page with 2 columns',''),(1105,'Sample page',''),(1108,'Coucou clara',''),(1110,'Simple page inverted',''),(1111,'Text only page','');
/*!40000 ALTER TABLE `field_title` ENABLE KEYS */;
UNLOCK TABLES;

--
-- Table structure for table `fieldgroups`
--

DROP TABLE IF EXISTS `fieldgroups`;
/*!40101 SET @saved_cs_client     = @@character_set_client */;
/*!40101 SET character_set_client = utf8 */;
CREATE TABLE `fieldgroups` (
  `id` int(10) unsigned NOT NULL AUTO_INCREMENT,
  `name` varchar(250) CHARACTER SET ascii NOT NULL,
  PRIMARY KEY (`id`),
  UNIQUE KEY `name` (`name`)
) ENGINE=MyISAM AUTO_INCREMENT=107 DEFAULT CHARSET=utf8;
/*!40101 SET character_set_client = @saved_cs_client */;

--
-- Dumping data for table `fieldgroups`
--

LOCK TABLES `fieldgroups` WRITE;
/*!40000 ALTER TABLE `fieldgroups` DISABLE KEYS */;
INSERT INTO `fieldgroups` VALUES (2,'admin'),(3,'user'),(4,'role'),(5,'permission'),(1,'home'),(83,'basic-page'),(97,'parties'),(98,'contenu'),(99,'pub'),(100,'language'),(101,'villes'),(102,'ouverture'),(103,'template_textOnly'),(104,'template_2columns'),(105,'template_simple'),(106,'template_simple_invert');
/*!40000 ALTER TABLE `fieldgroups` ENABLE KEYS */;
UNLOCK TABLES;

--
-- Table structure for table `fieldgroups_fields`
--

DROP TABLE IF EXISTS `fieldgroups_fields`;
/*!40101 SET @saved_cs_client     = @@character_set_client */;
/*!40101 SET character_set_client = utf8 */;
CREATE TABLE `fieldgroups_fields` (
  `fieldgroups_id` int(10) unsigned NOT NULL DEFAULT '0',
  `fields_id` int(10) unsigned NOT NULL DEFAULT '0',
  `sort` int(11) unsigned NOT NULL DEFAULT '0',
  `data` text,
  PRIMARY KEY (`fieldgroups_id`,`fields_id`)
) ENGINE=MyISAM DEFAULT CHARSET=utf8;
/*!40101 SET character_set_client = @saved_cs_client */;

--
-- Dumping data for table `fieldgroups_fields`
--

LOCK TABLES `fieldgroups_fields` WRITE;
/*!40000 ALTER TABLE `fieldgroups_fields` DISABLE KEYS */;
INSERT INTO `fieldgroups_fields` VALUES (2,2,1,NULL),(3,4,2,NULL),(3,92,1,NULL),(4,5,0,NULL),(5,1,0,NULL),(3,97,3,NULL),(83,1,0,NULL),(1,1,0,NULL),(3,3,0,NULL),(97,1,0,NULL),(98,108,6,NULL),(2,1,0,NULL),(98,98,0,'{\"columnWidth\":50}'),(98,101,1,'{\"columnWidth\":50}'),(98,1,2,'{\"columnWidth\":50,\"label\":\"Titre\"}'),(98,100,3,'{\"columnWidth\":50}'),(98,102,4,NULL),(98,103,5,NULL),(99,1,0,NULL),(99,102,1,NULL),(99,103,2,NULL),(100,1,0,NULL),(100,105,1,NULL),(100,106,2,NULL),(3,107,4,NULL),(98,104,7,NULL),(101,1,0,NULL),(102,100,1,NULL),(102,1,0,NULL),(102,103,2,NULL),(102,102,3,NULL),(103,1,0,NULL),(104,98,0,NULL),(105,103,2,NULL),(106,1,0,NULL),(104,101,1,NULL),(104,1,2,NULL),(104,100,3,NULL),(104,102,4,NULL),(104,104,5,NULL),(104,103,6,NULL),(104,108,7,NULL),(105,1,0,NULL),(105,102,1,NULL),(106,102,1,NULL),(106,103,2,NULL),(103,102,1,NULL),(103,104,2,NULL);
/*!40000 ALTER TABLE `fieldgroups_fields` ENABLE KEYS */;
UNLOCK TABLES;

--
-- Table structure for table `fields`
--

DROP TABLE IF EXISTS `fields`;
/*!40101 SET @saved_cs_client     = @@character_set_client */;
/*!40101 SET character_set_client = utf8 */;
CREATE TABLE `fields` (
  `id` int(10) unsigned NOT NULL AUTO_INCREMENT,
  `type` varchar(128) CHARACTER SET ascii NOT NULL,
  `name` varchar(250) CHARACTER SET ascii NOT NULL,
  `flags` int(11) NOT NULL DEFAULT '0',
  `label` varchar(250) NOT NULL DEFAULT '',
  `data` text NOT NULL,
  PRIMARY KEY (`id`),
  UNIQUE KEY `name` (`name`),
  KEY `type` (`type`)
) ENGINE=MyISAM AUTO_INCREMENT=109 DEFAULT CHARSET=utf8;
/*!40101 SET character_set_client = @saved_cs_client */;

--
-- Dumping data for table `fields`
--

LOCK TABLES `fields` WRITE;
/*!40000 ALTER TABLE `fields` DISABLE KEYS */;
INSERT INTO `fields` VALUES (1,'FieldtypePageTitleLanguage','title',13,'Title','{\"required\":1,\"textformatters\":[\"TextformatterEntities\"],\"size\":0,\"maxlength\":255,\"minlength\":0,\"showCount\":0}'),(2,'FieldtypeModule','process',25,'Process','{\"description\":\"The process that is executed on this page. Since this is mostly used by ProcessWire internally, it is recommended that you don\'t change the value of this unless adding your own pages in the admin.\",\"collapsed\":1,\"required\":1,\"moduleTypes\":[\"Process\"],\"permanent\":1}'),(3,'FieldtypePassword','pass',24,'Set Password','{\"collapsed\":1,\"size\":50,\"maxlength\":128}'),(5,'FieldtypePage','permissions',24,'Permissions','{\"derefAsPage\":0,\"parent_id\":31,\"labelFieldName\":\"title\",\"inputfield\":\"InputfieldCheckboxes\"}'),(4,'FieldtypePage','roles',24,'Roles','{\"derefAsPage\":0,\"parent_id\":30,\"labelFieldName\":\"name\",\"inputfield\":\"InputfieldCheckboxes\",\"description\":\"User will inherit the permissions assigned to each role. You may assign multiple roles to a user. When accessing a page, the user will only inherit permissions from the roles that are also assigned to the page\'s template.\"}'),(92,'FieldtypeEmail','email',9,'E-Mail Address','{\"size\":70,\"maxlength\":255}'),(97,'FieldtypeModule','admin_theme',8,'Admin Theme','{\"moduleTypes\":[\"AdminTheme\"],\"labelField\":\"title\",\"inputfieldClass\":\"InputfieldRadios\"}'),(98,'FieldtypeTextLanguage','artiste',0,'Artiste','{\"minlength\":0,\"maxlength\":2048,\"showCount\":0,\"size\":0}'),(100,'FieldtypeTextLanguage','sous_titre',0,'Sous-titre','{\"minlength\":0,\"maxlength\":2048,\"showCount\":0,\"size\":0}'),(101,'FieldtypeTextLanguage','pays',0,'Pays','{\"minlength\":0,\"maxlength\":2048,\"showCount\":0,\"size\":0}'),(102,'FieldtypeTextareaLanguage','texte_courant',0,'Texte courant','{\"inputfieldClass\":\"InputfieldCKEditor\",\"contentType\":1,\"minlength\":0,\"maxlength\":0,\"showCount\":1,\"rows\":15,\"toolbar\":\"Format, Styles, -, Bold, Italic, Underline, Superscript, -, RemoveFormat\\nNumberedList, BulletedList, -, Blockquote\\nPWLink, Unlink, Anchor\\nPWImage, Table, HorizontalRule, SpecialChar\\nPasteText, PasteFromWord\\nScayt, -, Sourcedialog\",\"inlineMode\":0,\"useACF\":1,\"usePurifier\":1,\"formatTags\":\"p;h1;h2;h3;h4;h5;h6;pre;address\",\"extraPlugins\":[\"pwimage\",\"pwlink\",\"sourcedialog\"],\"removePlugins\":\"image,magicline\",\"langBlankInherit\":0,\"collapsed\":0,\"htmlOptions\":[2,4,8,16],\"imageFields\":[\"images\"]}'),(103,'FieldtypeImage','images',0,'Images','{\"extensions\":\"gif jpg jpeg png tif tiff svg\",\"maxFiles\":0,\"outputFormat\":0,\"defaultValuePage\":0,\"useTags\":0,\"inputfieldClass\":\"InputfieldImage\",\"descriptionRows\":1,\"gridMode\":\"grid\",\"focusMode\":\"on\",\"resizeServer\":0,\"clientQuality\":90,\"maxReject\":0,\"dimensionsByAspectRatio\":0,\"fileSchema\":6,\"collapsed\":0}'),(104,'FieldtypeTextareaLanguage','infos',0,'Infos','{\"inputfieldClass\":\"InputfieldCKEditor\",\"contentType\":0,\"minlength\":0,\"maxlength\":0,\"showCount\":1,\"rows\":5,\"toolbar\":\"Format, Styles, -, Bold, Italic, -, RemoveFormat\\nNumberedList, BulletedList, -, Blockquote\\nPWLink, Unlink, Anchor\\nPWImage, Table, HorizontalRule, SpecialChar\\nPasteText, PasteFromWord\\nScayt, -, Sourcedialog\",\"inlineMode\":0,\"useACF\":1,\"usePurifier\":1,\"formatTags\":\"p;h1;h2;h3;h4;h5;h6;pre;address\",\"extraPlugins\":[\"pwimage\",\"pwlink\",\"sourcedialog\"],\"removePlugins\":\"image,magicline\",\"toggles\":[2,4,8]}'),(105,'FieldtypeFile','language_files_site',24,'Site Translation Files','{\"extensions\":\"json csv\",\"maxFiles\":0,\"inputfieldClass\":\"InputfieldFile\",\"unzip\":1,\"description\":\"Use this field for translations specific to your site (like files in \\/site\\/templates\\/ for example).\",\"descriptionRows\":0,\"fileSchema\":6}'),(106,'FieldtypeFile','language_files',24,'Core Translation Files','{\"extensions\":\"json csv\",\"maxFiles\":0,\"inputfieldClass\":\"InputfieldFile\",\"unzip\":1,\"description\":\"Use this field for [language packs](http:\\/\\/modules.processwire.com\\/categories\\/language-pack\\/). To delete all files, double-click the trash can for any file, then save.\",\"descriptionRows\":0,\"fileSchema\":6}'),(107,'FieldtypePage','language',24,'Language','{\"derefAsPage\":1,\"parent_id\":1020,\"labelFieldName\":\"title\",\"inputfield\":\"InputfieldRadios\",\"required\":1}'),(108,'FieldtypeFile','fichiers',0,'Fichiers','{\"extensions\":\"pdf doc docx xls xlsx gif jpg jpeg png tif tiff\",\"maxFiles\":0,\"outputFormat\":0,\"defaultValuePage\":0,\"useTags\":0,\"inputfieldClass\":\"InputfieldFile\",\"descriptionRows\":1,\"fileSchema\":6}');
/*!40000 ALTER TABLE `fields` ENABLE KEYS */;
UNLOCK TABLES;

--
-- Table structure for table `modules`
--

DROP TABLE IF EXISTS `modules`;
/*!40101 SET @saved_cs_client     = @@character_set_client */;
/*!40101 SET character_set_client = utf8 */;
CREATE TABLE `modules` (
  `id` int(10) unsigned NOT NULL AUTO_INCREMENT,
  `class` varchar(128) CHARACTER SET ascii NOT NULL,
  `flags` int(11) NOT NULL DEFAULT '0',
  `data` text NOT NULL,
  `created` timestamp NOT NULL DEFAULT CURRENT_TIMESTAMP,
  PRIMARY KEY (`id`),
  UNIQUE KEY `class` (`class`)
) ENGINE=MyISAM AUTO_INCREMENT=174 DEFAULT CHARSET=utf8;
/*!40101 SET character_set_client = @saved_cs_client */;

--
-- Dumping data for table `modules`
--

LOCK TABLES `modules` WRITE;
/*!40000 ALTER TABLE `modules` DISABLE KEYS */;
INSERT INTO `modules` VALUES (1,'FieldtypeTextarea',0,'','2018-05-08 12:54:38'),(2,'FieldtypeNumber',0,'','2018-05-08 12:54:38'),(3,'FieldtypeText',0,'','2018-05-08 12:54:38'),(4,'FieldtypePage',0,'','2018-05-08 12:54:38'),(30,'InputfieldForm',0,'','2018-05-08 12:54:38'),(6,'FieldtypeFile',0,'','2018-05-08 12:54:38'),(7,'ProcessPageEdit',1,'','2018-05-08 12:54:38'),(10,'ProcessLogin',0,'','2018-05-08 12:54:38'),(12,'ProcessPageList',0,'{\"pageLabelField\":\"title\",\"paginationLimit\":25,\"limit\":50}','2018-05-08 12:54:38'),(121,'ProcessPageEditLink',1,'','2018-05-08 12:54:38'),(14,'ProcessPageSort',0,'','2018-05-08 12:54:38'),(15,'InputfieldPageListSelect',0,'','2018-05-08 12:54:38'),(117,'JqueryUI',1,'','2018-05-08 12:54:38'),(17,'ProcessPageAdd',0,'','2018-05-08 12:54:38'),(125,'SessionLoginThrottle',11,'','2018-05-08 12:54:38'),(122,'InputfieldPassword',0,'','2018-05-08 12:54:38'),(25,'InputfieldAsmSelect',0,'','2018-05-08 12:54:38'),(116,'JqueryCore',1,'','2018-05-08 12:54:38'),(27,'FieldtypeModule',0,'','2018-05-08 12:54:38'),(28,'FieldtypeDatetime',0,'','2018-05-08 12:54:38'),(29,'FieldtypeEmail',0,'','2018-05-08 12:54:38'),(108,'InputfieldURL',0,'','2018-05-08 12:54:38'),(32,'InputfieldSubmit',0,'','2018-05-08 12:54:38'),(33,'InputfieldWrapper',0,'','2018-05-08 12:54:38'),(34,'InputfieldText',0,'','2018-05-08 12:54:38'),(35,'InputfieldTextarea',0,'','2018-05-08 12:54:38'),(36,'InputfieldSelect',0,'','2018-05-08 12:54:38'),(37,'InputfieldCheckbox',0,'','2018-05-08 12:54:38'),(38,'InputfieldCheckboxes',0,'','2018-05-08 12:54:38'),(39,'InputfieldRadios',0,'','2018-05-08 12:54:38'),(40,'InputfieldHidden',0,'','2018-05-08 12:54:38'),(41,'InputfieldName',0,'','2018-05-08 12:54:38'),(43,'InputfieldSelectMultiple',0,'','2018-05-08 12:54:38'),(45,'JqueryWireTabs',0,'','2018-05-08 12:54:38'),(46,'ProcessPage',0,'','2018-05-08 12:54:38'),(47,'ProcessTemplate',0,'','2018-05-08 12:54:38'),(48,'ProcessField',32,'','2018-05-08 12:54:38'),(50,'ProcessModule',0,'','2018-05-08 12:54:38'),(114,'PagePermissions',3,'','2018-05-08 12:54:38'),(97,'FieldtypeCheckbox',1,'','2018-05-08 12:54:38'),(115,'PageRender',3,'{\"clearCache\":1}','2018-05-08 12:54:38'),(55,'InputfieldFile',0,'','2018-05-08 12:54:38'),(56,'InputfieldImage',0,'','2018-05-08 12:54:38'),(57,'FieldtypeImage',0,'','2018-05-08 12:54:38'),(60,'InputfieldPage',0,'{\"inputfieldClasses\":[\"InputfieldSelect\",\"InputfieldSelectMultiple\",\"InputfieldCheckboxes\",\"InputfieldRadios\",\"InputfieldAsmSelect\",\"InputfieldPageListSelect\",\"InputfieldPageListSelectMultiple\",\"InputfieldPageAutocomplete\"]}','2018-05-08 12:54:38'),(61,'TextformatterEntities',0,'','2018-05-08 12:54:38'),(66,'ProcessUser',0,'{\"showFields\":[\"name\",\"email\",\"roles\"]}','2018-05-08 12:54:38'),(67,'MarkupAdminDataTable',0,'','2018-05-08 12:54:38'),(68,'ProcessRole',0,'{\"showFields\":[\"name\"]}','2018-05-08 12:54:38'),(76,'ProcessList',0,'','2018-05-08 12:54:38'),(78,'InputfieldFieldset',0,'','2018-05-08 12:54:38'),(79,'InputfieldMarkup',0,'','2018-05-08 12:54:38'),(80,'InputfieldEmail',0,'','2018-05-08 12:54:38'),(89,'FieldtypeFloat',1,'','2018-05-08 12:54:38'),(83,'ProcessPageView',0,'','2018-05-08 12:54:38'),(84,'FieldtypeInteger',0,'','2018-05-08 12:54:38'),(85,'InputfieldInteger',0,'','2018-05-08 12:54:38'),(86,'InputfieldPageName',0,'','2018-05-08 12:54:38'),(87,'ProcessHome',0,'','2018-05-08 12:54:38'),(90,'InputfieldFloat',0,'','2018-05-08 12:54:38'),(94,'InputfieldDatetime',0,'','2018-05-08 12:54:38'),(98,'MarkupPagerNav',0,'','2018-05-08 12:54:38'),(129,'ProcessPageEditImageSelect',1,'','2018-05-08 12:54:38'),(103,'JqueryTableSorter',1,'','2018-05-08 12:54:38'),(104,'ProcessPageSearch',1,'{\"searchFields\":\"title\",\"displayField\":\"title path\"}','2018-05-08 12:54:38'),(105,'FieldtypeFieldsetOpen',1,'','2018-05-08 12:54:38'),(106,'FieldtypeFieldsetClose',1,'','2018-05-08 12:54:38'),(107,'FieldtypeFieldsetTabOpen',1,'','2018-05-08 12:54:38'),(109,'ProcessPageTrash',1,'','2018-05-08 12:54:38'),(111,'FieldtypePageTitle',1,'','2018-05-08 12:54:38'),(112,'InputfieldPageTitle',0,'','2018-05-08 12:54:38'),(113,'MarkupPageArray',3,'','2018-05-08 12:54:38'),(131,'InputfieldButton',0,'','2018-05-08 12:54:38'),(133,'FieldtypePassword',1,'','2018-05-08 12:54:38'),(134,'ProcessPageType',33,'{\"showFields\":[]}','2018-05-08 12:54:38'),(135,'FieldtypeURL',1,'','2018-05-08 12:54:38'),(136,'ProcessPermission',1,'{\"showFields\":[\"name\",\"title\"]}','2018-05-08 12:54:38'),(137,'InputfieldPageListSelectMultiple',0,'','2018-05-08 12:54:38'),(138,'ProcessProfile',1,'{\"profileFields\":[\"pass\",\"email\",\"admin_theme\",\"language\"]}','2018-05-08 12:54:38'),(139,'SystemUpdater',1,'{\"systemVersion\":16,\"coreVersion\":\"3.0.98\"}','2018-05-08 12:54:38'),(148,'AdminThemeDefault',10,'{\"colors\":\"classic\"}','2018-05-08 12:54:38'),(149,'InputfieldSelector',42,'','2018-05-08 12:54:38'),(150,'ProcessPageLister',32,'','2018-05-08 12:54:38'),(151,'JqueryMagnific',1,'','2018-05-08 12:54:38'),(155,'InputfieldCKEditor',0,'','2018-05-08 12:54:38'),(156,'MarkupHTMLPurifier',0,'','2018-05-08 12:54:38'),(159,'ProcessRecentPages',1,'','2018-05-08 12:56:23'),(160,'AdminThemeUikit',10,'','2018-05-08 12:56:23'),(161,'ProcessLogger',1,'','2018-05-08 12:56:55'),(162,'InputfieldIcon',0,'','2018-05-08 12:56:56'),(163,'LanguageSupport',35,'{\"languagesPageID\":1020,\"defaultLanguagePageID\":1021,\"otherLanguagePageIDs\":[1023],\"languageTranslatorPageID\":1022}','2018-05-08 14:16:42'),(164,'ProcessLanguage',1,'','2018-05-08 14:16:42'),(165,'ProcessLanguageTranslator',1,'','2018-05-08 14:16:42'),(166,'LanguageSupportFields',3,'','2018-05-08 14:16:42'),(167,'FieldtypeTextLanguage',1,'','2018-05-08 14:16:42'),(168,'FieldtypePageTitleLanguage',1,'','2018-05-08 14:16:42'),(169,'FieldtypeTextareaLanguage',1,'','2018-05-08 14:16:42'),(170,'LanguageSupportPageNames',3,'{\"moduleVersion\":9,\"pageNumUrlPrefix1021\":\"page\",\"useHomeSegment\":\"0\"}','2018-05-08 14:17:09'),(171,'LanguageTabs',11,'{\"tabField\":\"title\"}','2018-05-08 14:17:25'),(172,'MarkupCustomPageList',3,'{\"primaryClassName\":\"label-main\",\"secondaryClassNameLabel\":\"label-name\",\"secondaryClassNameValue\":\"label-value\",\"separatorBeforeSecondary\":\"[\",\"separatorBetweenSecondary\":\"|\",\"separatorAfterSecondary\":\"]\",\"imageClassName\":\"label-image\",\"pageLabelImageSize\":\"24\",\"dateTimeFormat\":\"Y-m-d H:i:s\",\"showEditTemplateLink\":1,\"custom\":\"contenu.artiste=Artiste\"}','2018-05-08 14:31:28'),(173,'InputfieldPageAutocomplete',0,'','2018-06-10 15:51:21');
/*!40000 ALTER TABLE `modules` ENABLE KEYS */;
UNLOCK TABLES;

--
-- Table structure for table `pages`
--

DROP TABLE IF EXISTS `pages`;
/*!40101 SET @saved_cs_client     = @@character_set_client */;
/*!40101 SET character_set_client = utf8 */;
CREATE TABLE `pages` (
  `id` int(10) unsigned NOT NULL AUTO_INCREMENT,
  `parent_id` int(11) unsigned NOT NULL DEFAULT '0',
  `templates_id` int(11) unsigned NOT NULL DEFAULT '0',
  `name` varchar(128) CHARACTER SET ascii NOT NULL,
  `status` int(10) unsigned NOT NULL DEFAULT '1',
  `modified` timestamp NOT NULL DEFAULT CURRENT_TIMESTAMP,
  `modified_users_id` int(10) unsigned NOT NULL DEFAULT '2',
  `created` timestamp NOT NULL DEFAULT '2015-12-18 05:09:00',
  `created_users_id` int(10) unsigned NOT NULL DEFAULT '2',
  `published` datetime DEFAULT NULL,
  `sort` int(11) NOT NULL DEFAULT '0',
  `name1023` varchar(128) CHARACTER SET ascii DEFAULT NULL,
  `status1023` int(10) unsigned NOT NULL DEFAULT '1',
  PRIMARY KEY (`id`),
  UNIQUE KEY `name_parent_id` (`name`,`parent_id`),
  UNIQUE KEY `name1023_parent_id` (`name1023`,`parent_id`),
  KEY `parent_id` (`parent_id`),
  KEY `templates_id` (`templates_id`),
  KEY `modified` (`modified`),
  KEY `created` (`created`),
  KEY `status` (`status`),
  KEY `published` (`published`)
) ENGINE=MyISAM AUTO_INCREMENT=1112 DEFAULT CHARSET=utf8;
/*!40101 SET character_set_client = @saved_cs_client */;

--
-- Dumping data for table `pages`
--

LOCK TABLES `pages` WRITE;
/*!40000 ALTER TABLE `pages` DISABLE KEYS */;
INSERT INTO `pages` VALUES (1,0,1,'home',9,'2018-05-29 19:22:22',41,'2018-05-08 12:54:38',2,'2018-05-08 14:54:38',0,NULL,1),(2,1,2,'processwire',1035,'2018-05-08 12:56:23',40,'2018-05-08 12:54:38',2,'2018-05-08 14:54:38',9,NULL,1),(3,2,2,'page',21,'2018-05-08 12:54:38',41,'2018-05-08 12:54:38',2,'2018-05-08 14:54:38',0,NULL,1),(6,3,2,'add',21,'2018-05-08 12:57:05',40,'2018-05-08 12:54:38',2,'2018-05-08 14:54:38',1,NULL,1),(7,1,2,'trash',1039,'2018-05-08 12:54:38',41,'2018-05-08 12:54:38',2,'2018-05-08 14:54:38',10,NULL,1),(8,3,2,'list',21,'2018-05-08 12:57:17',41,'2018-05-08 12:54:38',2,'2018-05-08 14:54:38',0,NULL,1),(9,3,2,'sort',1047,'2018-05-08 12:54:38',41,'2018-05-08 12:54:38',2,'2018-05-08 14:54:38',3,NULL,1),(10,3,2,'edit',1045,'2018-05-08 12:57:16',40,'2018-05-08 12:54:38',2,'2018-05-08 14:54:38',4,NULL,1),(11,22,2,'template',21,'2018-05-08 12:54:38',41,'2018-05-08 12:54:38',2,'2018-05-08 14:54:38',0,NULL,1),(16,22,2,'field',21,'2018-05-08 12:54:38',41,'2018-05-08 12:54:38',2,'2018-05-08 14:54:38',2,NULL,1),(21,2,2,'module',21,'2018-05-08 12:54:38',41,'2018-05-08 12:54:38',2,'2018-05-08 14:54:38',2,NULL,1),(22,2,2,'setup',21,'2018-05-08 12:54:38',41,'2018-05-08 12:54:38',2,'2018-05-08 14:54:38',1,NULL,1),(23,2,2,'login',1035,'2018-05-08 12:54:38',41,'2018-05-08 12:54:38',2,'2018-05-08 14:54:38',4,NULL,1),(27,1,29,'http404',1035,'2018-05-08 12:54:38',41,'2018-05-08 12:54:38',3,'2018-05-08 14:54:38',8,NULL,1),(28,2,2,'access',13,'2018-05-08 12:54:38',41,'2018-05-08 12:54:38',2,'2018-05-08 14:54:38',3,NULL,1),(29,28,2,'users',29,'2018-05-08 12:54:38',41,'2018-05-08 12:54:38',2,'2018-05-08 14:54:38',0,NULL,1),(30,28,2,'roles',29,'2018-05-08 12:54:38',41,'2018-05-08 12:54:38',2,'2018-05-08 14:54:38',1,NULL,1),(31,28,2,'permissions',29,'2018-05-08 12:54:38',41,'2018-05-08 12:54:38',2,'2018-05-08 14:54:38',2,NULL,1),(32,31,5,'page-edit',25,'2018-05-08 12:54:38',41,'2018-05-08 12:54:38',2,'2018-05-08 14:54:38',2,NULL,1),(34,31,5,'page-delete',25,'2018-05-08 12:54:38',41,'2018-05-08 12:54:38',2,'2018-05-08 14:54:38',3,NULL,1),(35,31,5,'page-move',25,'2018-05-08 12:54:38',41,'2018-05-08 12:54:38',2,'2018-05-08 14:54:38',4,NULL,1),(36,31,5,'page-view',25,'2018-05-08 12:54:38',41,'2018-05-08 12:54:38',2,'2018-05-08 14:54:38',0,NULL,1),(37,30,4,'guest',25,'2018-05-08 12:54:38',41,'2018-05-08 12:54:38',2,'2018-05-08 14:54:38',0,NULL,1),(38,30,4,'superuser',25,'2018-05-08 12:54:38',41,'2018-05-08 12:54:38',2,'2018-05-08 14:54:38',1,NULL,1),(40,29,3,'guest',25,'2018-05-08 14:16:42',41,'2018-05-08 12:54:38',2,'2018-05-08 14:54:38',1,NULL,1),(50,31,5,'page-sort',25,'2018-05-08 12:54:38',41,'2018-05-08 12:54:38',41,'2018-05-08 14:54:38',5,NULL,1),(51,31,5,'page-template',25,'2018-05-08 12:54:38',41,'2018-05-08 12:54:38',41,'2018-05-08 14:54:38',6,NULL,1),(52,31,5,'user-admin',25,'2018-05-08 12:54:38',41,'2018-05-08 12:54:38',41,'2018-05-08 14:54:38',10,NULL,1),(53,31,5,'profile-edit',1,'2018-05-08 12:54:38',41,'2018-05-08 12:54:38',41,'2018-05-08 14:54:38',13,NULL,1),(54,31,5,'page-lock',1,'2018-05-08 12:54:38',41,'2018-05-08 12:54:38',41,'2018-05-08 14:54:38',8,NULL,1),(300,3,2,'search',1045,'2018-05-08 12:54:38',41,'2018-05-08 12:54:38',2,'2018-05-08 14:54:38',6,NULL,1),(301,3,2,'trash',1047,'2018-05-08 12:54:38',41,'2018-05-08 12:54:38',2,'2018-05-08 14:54:38',6,NULL,1),(302,3,2,'link',1041,'2018-05-08 12:54:38',41,'2018-05-08 12:54:38',2,'2018-05-08 14:54:38',7,NULL,1),(303,3,2,'image',1041,'2018-05-08 12:54:38',41,'2018-05-08 12:54:38',2,'2018-05-08 14:54:38',8,NULL,1),(304,2,2,'profile',1025,'2018-05-08 12:54:38',41,'2018-05-08 12:54:38',41,'2018-05-08 14:54:38',5,NULL,1),(1006,31,5,'page-lister',1,'2018-05-08 12:54:38',40,'2018-05-08 12:54:38',40,'2018-05-08 14:54:38',9,NULL,1),(1007,3,2,'lister',1,'2018-05-08 12:54:38',40,'2018-05-08 12:54:38',40,'2018-05-08 14:54:38',9,NULL,1),(1010,3,2,'recent-pages',1,'2018-05-08 12:56:23',40,'2018-05-08 12:56:23',40,'2018-05-08 14:56:23',10,NULL,1),(1011,31,5,'page-edit-recent',1,'2018-05-08 12:56:23',40,'2018-05-08 12:56:23',40,'2018-05-08 14:56:23',10,NULL,1),(1012,22,2,'logs',1,'2018-05-08 12:56:56',40,'2018-05-08 12:56:56',40,'2018-05-08 14:56:56',2,NULL,1),(1013,31,5,'logs-view',1,'2018-05-08 12:56:56',40,'2018-05-08 12:56:56',40,'2018-05-08 14:56:56',11,NULL,1),(1014,31,5,'logs-edit',1,'2018-05-08 12:56:56',40,'2018-05-08 12:56:56',40,'2018-05-08 14:56:56',12,NULL,1),(1019,31,5,'lang-edit',1,'2018-05-08 14:16:42',41,'2018-05-08 14:16:42',41,'2018-05-08 16:16:42',13,NULL,1),(1020,22,2,'languages',16,'2018-05-08 14:16:42',41,'2018-05-08 14:16:42',41,'2018-05-08 16:16:42',3,NULL,1),(1021,1020,46,'default',16,'2018-05-08 14:18:29',41,'2018-05-08 14:16:42',41,'2018-05-08 16:16:42',0,NULL,1),(1022,22,2,'language-translator',1040,'2018-05-08 14:16:42',41,'2018-05-08 14:16:42',41,'2018-05-08 16:16:42',4,NULL,1),(1023,1020,46,'en',1,'2018-05-08 14:18:42',41,'2018-05-08 14:18:42',41,'2018-05-08 16:18:42',1,NULL,1),(1104,1103,43,'part-one',1,'2018-06-25 20:44:21',41,'2018-06-25 20:44:17',41,'2018-06-25 22:44:17',0,NULL,1),(1105,7,44,'1105.1104.0_sample-page',8193,'2018-06-25 20:45:08',41,'2018-06-25 20:44:30',41,'2018-06-25 22:44:37',0,NULL,1),(1106,1104,50,'sample-page',1,'2018-09-05 15:52:17',1109,'2018-06-25 20:45:17',41,'2018-06-25 22:48:08',0,NULL,1),(1107,1104,51,'sample-2',1,'2018-09-05 15:54:10',1109,'2018-06-25 20:55:14',41,'2018-06-25 22:55:52',1,NULL,1),(1103,1,47,'book-one',1,'2018-06-25 20:43:49',41,'2018-06-25 20:43:14',41,'2018-06-25 22:43:14',3,'book-one',1),(1108,7,44,'1108.1104.2_coucou-clara',8193,'2018-09-05 15:56:58',1109,'2018-06-25 21:17:46',41,'2018-06-25 23:18:08',2,NULL,1),(1109,29,3,'admin',1,'2018-06-27 19:49:08',1109,'2018-06-27 19:32:45',41,'2018-06-27 21:33:29',2,NULL,1),(1110,1104,52,'simple-page-inverted',1,'2018-09-05 15:57:30',1109,'2018-09-05 15:57:11',1109,'2018-09-05 17:57:30',2,NULL,1),(1111,1104,49,'text-only-page',1,'2018-09-05 16:02:03',1109,'2018-09-05 16:01:34',1109,'2018-09-05 18:02:03',3,NULL,1);
/*!40000 ALTER TABLE `pages` ENABLE KEYS */;
UNLOCK TABLES;

--
-- Table structure for table `pages_access`
--

DROP TABLE IF EXISTS `pages_access`;
/*!40101 SET @saved_cs_client     = @@character_set_client */;
/*!40101 SET character_set_client = utf8 */;
CREATE TABLE `pages_access` (
  `pages_id` int(11) NOT NULL,
  `templates_id` int(11) NOT NULL,
  `ts` timestamp NOT NULL DEFAULT CURRENT_TIMESTAMP ON UPDATE CURRENT_TIMESTAMP,
  PRIMARY KEY (`pages_id`),
  KEY `templates_id` (`templates_id`)
) ENGINE=MyISAM DEFAULT CHARSET=utf8;
/*!40101 SET character_set_client = @saved_cs_client */;

--
-- Dumping data for table `pages_access`
--

LOCK TABLES `pages_access` WRITE;
/*!40000 ALTER TABLE `pages_access` DISABLE KEYS */;
INSERT INTO `pages_access` VALUES (37,2,'2018-05-08 12:54:38'),(38,2,'2018-05-08 12:54:38'),(32,2,'2018-05-08 12:54:38'),(34,2,'2018-05-08 12:54:38'),(35,2,'2018-05-08 12:54:38'),(36,2,'2018-05-08 12:54:38'),(50,2,'2018-05-08 12:54:38'),(51,2,'2018-05-08 12:54:38'),(52,2,'2018-05-08 12:54:38'),(53,2,'2018-05-08 12:54:38'),(54,2,'2018-05-08 12:54:38'),(1006,2,'2018-05-08 12:54:38'),(1011,2,'2018-05-08 12:56:23'),(1013,2,'2018-05-08 12:56:56'),(1014,2,'2018-05-08 12:56:56'),(1019,2,'2018-05-08 14:16:42'),(1021,2,'2018-05-08 14:16:42'),(1023,2,'2018-05-08 14:18:42'),(1104,1,'2018-06-25 20:44:17'),(1103,1,'2018-06-25 20:43:14'),(1107,1,'2018-06-25 20:55:14'),(1106,1,'2018-06-25 20:45:17'),(1105,2,'2018-06-25 20:45:08'),(1108,2,'2018-09-05 15:56:58'),(1110,1,'2018-09-05 15:57:11'),(1111,1,'2018-09-05 16:01:34');
/*!40000 ALTER TABLE `pages_access` ENABLE KEYS */;
UNLOCK TABLES;

--
-- Table structure for table `pages_parents`
--

DROP TABLE IF EXISTS `pages_parents`;
/*!40101 SET @saved_cs_client     = @@character_set_client */;
/*!40101 SET character_set_client = utf8 */;
CREATE TABLE `pages_parents` (
  `pages_id` int(10) unsigned NOT NULL,
  `parents_id` int(10) unsigned NOT NULL,
  PRIMARY KEY (`pages_id`,`parents_id`)
) ENGINE=MyISAM DEFAULT CHARSET=utf8;
/*!40101 SET character_set_client = @saved_cs_client */;

--
-- Dumping data for table `pages_parents`
--

LOCK TABLES `pages_parents` WRITE;
/*!40000 ALTER TABLE `pages_parents` DISABLE KEYS */;
INSERT INTO `pages_parents` VALUES (2,1),(3,1),(3,2),(22,1),(22,2),(28,1),(28,2),(29,1),(29,2),(29,28),(30,1),(30,2),(30,28),(31,1),(31,2),(31,28),(1020,2),(1020,22),(1104,1103);
/*!40000 ALTER TABLE `pages_parents` ENABLE KEYS */;
UNLOCK TABLES;

--
-- Table structure for table `pages_sortfields`
--

DROP TABLE IF EXISTS `pages_sortfields`;
/*!40101 SET @saved_cs_client     = @@character_set_client */;
/*!40101 SET character_set_client = utf8 */;
CREATE TABLE `pages_sortfields` (
  `pages_id` int(10) unsigned NOT NULL DEFAULT '0',
  `sortfield` varchar(20) NOT NULL DEFAULT '',
  PRIMARY KEY (`pages_id`)
) ENGINE=MyISAM DEFAULT CHARSET=utf8;
/*!40101 SET character_set_client = @saved_cs_client */;

--
-- Dumping data for table `pages_sortfields`
--

LOCK TABLES `pages_sortfields` WRITE;
/*!40000 ALTER TABLE `pages_sortfields` DISABLE KEYS */;
/*!40000 ALTER TABLE `pages_sortfields` ENABLE KEYS */;
UNLOCK TABLES;

--
-- Table structure for table `session_login_throttle`
--

DROP TABLE IF EXISTS `session_login_throttle`;
/*!40101 SET @saved_cs_client     = @@character_set_client */;
/*!40101 SET character_set_client = utf8 */;
CREATE TABLE `session_login_throttle` (
  `name` varchar(128) NOT NULL,
  `attempts` int(10) unsigned NOT NULL DEFAULT '0',
  `last_attempt` int(10) unsigned NOT NULL,
  PRIMARY KEY (`name`)
) ENGINE=MyISAM DEFAULT CHARSET=utf8;
/*!40101 SET character_set_client = @saved_cs_client */;

--
-- Dumping data for table `session_login_throttle`
--

LOCK TABLES `session_login_throttle` WRITE;
/*!40000 ALTER TABLE `session_login_throttle` DISABLE KEYS */;
INSERT INTO `session_login_throttle` VALUES ('admin',1,1530128856);
/*!40000 ALTER TABLE `session_login_throttle` ENABLE KEYS */;
UNLOCK TABLES;

--
-- Table structure for table `templates`
--

DROP TABLE IF EXISTS `templates`;
/*!40101 SET @saved_cs_client     = @@character_set_client */;
/*!40101 SET character_set_client = utf8 */;
CREATE TABLE `templates` (
  `id` int(10) unsigned NOT NULL AUTO_INCREMENT,
  `name` varchar(250) CHARACTER SET ascii NOT NULL,
  `fieldgroups_id` int(10) unsigned NOT NULL DEFAULT '0',
  `flags` int(11) NOT NULL DEFAULT '0',
  `cache_time` mediumint(9) NOT NULL DEFAULT '0',
  `data` text NOT NULL,
  PRIMARY KEY (`id`),
  UNIQUE KEY `name` (`name`),
  KEY `fieldgroups_id` (`fieldgroups_id`)
) ENGINE=MyISAM AUTO_INCREMENT=53 DEFAULT CHARSET=utf8;
/*!40101 SET character_set_client = @saved_cs_client */;

--
-- Dumping data for table `templates`
--

LOCK TABLES `templates` WRITE;
/*!40000 ALTER TABLE `templates` DISABLE KEYS */;
INSERT INTO `templates` VALUES (2,'admin',2,8,0,'{\"useRoles\":1,\"parentTemplates\":[2],\"allowPageNum\":1,\"redirectLogin\":23,\"slashUrls\":1,\"noGlobal\":1,\"compile\":3,\"modified\":1536048445,\"ns\":\"ProcessWire\"}'),(3,'user',3,8,0,'{\"useRoles\":1,\"noChildren\":1,\"parentTemplates\":[2],\"slashUrls\":1,\"pageClass\":\"User\",\"noGlobal\":1,\"noMove\":1,\"noTrash\":1,\"noSettings\":1,\"noChangeTemplate\":1,\"nameContentTab\":1}'),(4,'role',4,8,0,'{\"noChildren\":1,\"parentTemplates\":[2],\"slashUrls\":1,\"pageClass\":\"Role\",\"noGlobal\":1,\"noMove\":1,\"noTrash\":1,\"noSettings\":1,\"noChangeTemplate\":1,\"nameContentTab\":1}'),(5,'permission',5,8,0,'{\"noChildren\":1,\"parentTemplates\":[2],\"slashUrls\":1,\"guestSearchable\":1,\"pageClass\":\"Permission\",\"noGlobal\":1,\"noMove\":1,\"noTrash\":1,\"noSettings\":1,\"noChangeTemplate\":1,\"nameContentTab\":1}'),(1,'home',1,0,0,'{\"useRoles\":1,\"noParents\":1,\"slashUrls\":1,\"compile\":3,\"modified\":1536048445,\"ns\":\"\\\\\",\"roles\":[37]}'),(29,'basic-page',83,0,0,'{\"slashUrls\":1,\"compile\":3,\"modified\":1525795008,\"ns\":\"\\\\\"}'),(43,'parties',97,0,0,'{\"slashUrls\":1,\"compile\":3,\"modified\":1536157831,\"ns\":\"\\\\\"}'),(44,'contenu',98,0,0,'{\"slashUrls\":1,\"compile\":3,\"modified\":1536048445,\"ns\":\"\\\\\"}'),(45,'pub',99,0,0,'{\"slashUrls\":1,\"compile\":3,\"modified\":1525900076,\"ns\":\"\\\\\"}'),(46,'language',100,8,0,'{\"parentTemplates\":[2],\"slashUrls\":1,\"pageClass\":\"Language\",\"pageLabelField\":\"name\",\"noGlobal\":1,\"noMove\":1,\"noTrash\":1,\"noChangeTemplate\":1,\"noUnpublish\":1,\"compile\":3,\"nameContentTab\":1,\"modified\":1525789002}'),(47,'villes',101,0,0,'{\"slashUrls\":1,\"compile\":3,\"modified\":1528531255,\"ns\":\"\\\\\"}'),(48,'ouverture',102,0,0,'{\"slashUrls\":1,\"compile\":3,\"modified\":1528849914,\"ns\":\"\\\\\"}'),(49,'template_textOnly',103,0,0,'{\"slashUrls\":1,\"compile\":3,\"modified\":1536162658,\"ns\":\"\\\\\"}'),(50,'template_2columns',104,0,0,'{\"slashUrls\":1,\"compile\":3,\"modified\":1536162610,\"ns\":\"\\\\\"}'),(51,'template_simple',105,0,0,'{\"slashUrls\":1,\"compile\":3,\"modified\":1536162630,\"ns\":\"\\\\\"}'),(52,'template_simple_invert',106,0,0,'{\"slashUrls\":1,\"compile\":3,\"modified\":1536163109,\"ns\":\"\\\\\"}');
/*!40000 ALTER TABLE `templates` ENABLE KEYS */;
UNLOCK TABLES;
/*!40103 SET TIME_ZONE=@OLD_TIME_ZONE */;

/*!40101 SET SQL_MODE=@OLD_SQL_MODE */;
/*!40014 SET FOREIGN_KEY_CHECKS=@OLD_FOREIGN_KEY_CHECKS */;
/*!40014 SET UNIQUE_CHECKS=@OLD_UNIQUE_CHECKS */;
/*!40101 SET CHARACTER_SET_CLIENT=@OLD_CHARACTER_SET_CLIENT */;
/*!40101 SET CHARACTER_SET_RESULTS=@OLD_CHARACTER_SET_RESULTS */;
/*!40101 SET COLLATION_CONNECTION=@OLD_COLLATION_CONNECTION */;
/*!40111 SET SQL_NOTES=@OLD_SQL_NOTES */;

-- Dump completed on 2018-09-05 18:15:16
