11-11 14:54:19.675 28625 28625 E AndroidRuntime: at f.c.c.get(SourceFile:6)
11-11 14:54:19.675 28625 28625 E AndroidRuntime: at com.revolut.data.k.a.v1(SourceFile:1)
11-11 14:54:19.675 28625 28625 E AndroidRuntime: at com.revolut.o.n1$c4.get(SourceFile:2)
11-11 14:54:19.675 28625 28625 E AndroidRuntime: at com.revolut.o.n1$c4.get(SourceFile:1)
11-11 14:54:19.675 28625 28625 E AndroidRuntime: at com.revolut.p.c.w0.m.get(SourceFile:2)
11-11 14:54:19.675 28625 28625 E AndroidRuntime: at com.revolut.p.c.w0.m.get(SourceFile:1)
11-11 14:54:19.675 28625 28625 E AndroidRuntime: at com.revolut.q.h0.f.get(SourceFile:2)
11-11 14:54:19.675 28625 28625 E AndroidRuntime: at com.revolut.q.h0.f.get(SourceFile:1)
11-11 14:54:19.675 28625 28625 E AndroidRuntime: at f.c.c.get(SourceFile:6)
11-11 14:54:19.675 28625 28625 E AndroidRuntime: at com.revolut.o.l1.get(SourceFile:2)
11-11 14:54:19.675 28625 28625 E AndroidRuntime: at com.revolut.o.l1.get(SourceFile:1)
11-11 14:54:19.675 28625 28625 E AndroidRuntime: at f.c.l.get(SourceFile:5)
11-11 14:54:19.675 28625 28625 E AndroidRuntime: at com.revolut.o.m1.get(SourceFile:2)
11-11 14:54:19.675 28625 28625 E AndroidRuntime: at com.revolut.o.m1.get(SourceFile:1)
11-11 14:54:19.675 28625 28625 E AndroidRuntime: at f.c.c.get(SourceFile:6)
11-11 14:54:19.675 28625 28625 E AndroidRuntime: at com.revolut.o.n1.L(SourceFile:2)
11-11 14:54:19.675 28625 28625 E AndroidRuntime: at com.revolut.RevolutApplication.onCreate(SourceFile:10)
11-11 14:54:19.675 28625 28625 E AndroidRuntime: at android.app.Instrumentation.callApplicationOnCreate(Instrumentation.java:1154)
11-11 14:54:19.675 28625 28625 E AndroidRuntime: at android.app.ActivityThread.handleBindApplication(ActivityThread.java:5920)
11-11 14:54:19.675 28625 28625 E AndroidRuntime: at android.app.ActivityThread.access$1100(ActivityThread.java:200)
11-11 14:54:19.675 28625 28625 E AndroidRuntime: at android.app.ActivityThread$H.handleMessage(ActivityThread.java:1656)
11-11 14:54:19.675 28625 28625 E AndroidRuntime: at android.os.Handler.dispatchMessage(Handler.java:106)
11-11 14:54:19.675 28625 28625 E AndroidRuntime: at android.os.Looper.loop(Looper.java:193)
11-11 14:54:19.675 28625 28625 E AndroidRuntime: at android.app.ActivityThread.main(ActivityThread.java:6718)
11-11 14:54:19.675 28625 28625 E AndroidRuntime: at java.lang.reflect.Method.invoke(Native Method)
11-11 14:54:19.675 28625 28625 E AndroidRuntime: at com.android.internal.os.RuntimeInit$MethodAndArgsCaller.run(RuntimeInit.java:493)
11-11 14:54:19.675 28625 28625 E AndroidRuntime: at com.android.internal.os.ZygoteInit.main(ZygoteInit.java:858)
11-11 14:54:20.061 2262 6594 W ActivityManager: Force finishing activity com.revolut.revolut/com.revolut.ui.login.pin.LoginActivity
11-11 14:54:20.070 2262 2302 I ActivityManager: Showing crash dialog for package com.revolut.revolut u10
11-11 14:54:20.563 2262 2301 W ActivityManager: Activity pause timeout for ActivityRecord{68ebebc u10 com.revolut.revolut/com.revolut.ui.login.pin.LoginActivity t1000061 f}
11-11 14:54:21.655 2262 6594 W ActivityManager: Force finishing activity com.revolut.revolut/com.revolut.ui.login.pin.LoginActivity
11-11 14:54:21.663 2262 6594 I ActivityManager: Killing 28625:com.revolut.revolut/u10a119 (adj 0): crash
11-11 14:54:21.866 2262 2737 E AppOps : Operation not started: uid=1000 pkg=android op=SYSTEM_ALERT_WINDOW
11-11 14:54:22.347 2262 2756 I ActivityManager: START u10 {act=android.intent.action.MAIN cat=[android.intent.category.LAUNCHER] flg=0x10200000 cmp=com.revolut.revolut/com.revolut.ui.login.pin.LoginActivity bnds=[845,384][1049,689]} from uid 10035
11-11 14:54:22.386 2262 2303 I ActivityManager: Start proc 28740:com.revolut.revolut/u10a119 for activity com.revolut.revolut/com.revolut.ui.login.pin.LoginActivity
11-11 14:54:22.573 2262 6251 W ActivityManager: Unable to start service Intent { act=com.google.android.gms.ads.identifier.service.START pkg=com.google.android.gms } U=10: not found
11-11 14:54:23.012 2262 6249 W ActivityManager: Unable to start service Intent { act=com.google.android.play.core.install.BIND_INSTALL_SERVICE pkg=com.android.vending } U=10: not found
11-11 14:54:23.013 2262 6249 W ActivityManager: Unbind failed: could not find connection for android.os.BinderProxy@e3dd71a
11-11 14:54:23.132 28740 28740 E AndroidRuntime: FATAL EXCEPTION: main
11-11 14:54:23.132 28740 28740 E AndroidRuntime: Process: com.revolut.revolut, PID: 28740
11-11 14:54:23.132 28740 28740 E AndroidRuntime: java.lang.UnsatisfiedLinkError: dalvik.system.PathClassLoader[DexPathList[[zip file "/system/framework/org.apache.http.legacy.boot.jar", zip file "/data/app/com.revolut.revolut-hSfilJYb9oT2JvMR7n-X_g==/base.apk"],nativeLibraryDirectories=[/data/app/com.revolut.revolut-hSfilJYb9oT2JvMR7n-X_g==/lib/arm64, /system/lib64, /vendor/lib64]]] couldn't find "libsqlcipher.so"
11-11 14:54:23.132 28740 28740 E AndroidRuntime: at java.lang.Runtime.loadLibrary0(Runtime.java:1012)
11-11 14:54:23.132 28740 28740 E AndroidRuntime: at java.lang.System.loadLibrary(System.java:1669)
11-11 14:54:23.132 28740 28740 E AndroidRuntime: at net.sqlcipher.database.SQLiteDatabase$1.loadLibraries(SourceFile:2)
11-11 14:54:23.132 28740 28740 E AndroidRuntime: at net.sqlcipher.database.SQLiteDatabase.loadLibs(SourceFile:7)
11-11 14:54:23.132 28740 28740 E AndroidRuntime: at net.sqlcipher.database.SQLiteDatabase.loadLibs(SourceFile:3)
11-11 14:54:23.132 28740 28740 E AndroidRuntime: at net.sqlcipher.database.SQLiteDatabase.loadLibs(SourceFile:1)
11-11 14:54:23.132 28740 28740 E AndroidRuntime: at com.revolut.n.g.a.a.a(SourceFile:1)
11-11 14:54:23.132 28740 28740 E AndroidRuntime: at com.revolut.data.database.AppRoomDatabase$a.a(SourceFile:63)
11-11 14:54:23.132 28740 28740 E AndroidRuntime: at com.revolut.data.database.b.e(SourceFile:1)
11-11 14:54:23.132 28740 28740 E AndroidRuntime: at com.revolut.data.database.b.c(SourceFile:1)
11-11 14:54:23.132 28740 28740 E AndroidRuntime: at com.revolut.data.database.b$d.invoke(SourceFile:2)
11-11 14:54:23.132 28740 28740 E AndroidRuntime: at com.revolut.data.database.b$d.invoke(SourceFile:1)
11-11 14:54:23.132 28740 28740 E AndroidRuntime: at com.revolut.n.f.c.a(SourceFile:6)
11-11 14:54:23.132 28740 28740 E AndroidRuntime: at com.revolut.data.database.b.d(Unknown Source:7)
11-11 14:54:23.132 28740 28740 E AndroidRuntime: at com.revolut.data.database.b.c(SourceFile:2)
11-11 14:54:23.132 28740 28740 E AndroidRuntime: at com.revolut.data.k.b.z(SourceFile:1)
11-11 14:54:23.132 28740 28740 E AndroidRuntime: at com.revolut.data.k.j0.b(SourceFile:1)
11-11 14:54:23.132 28740 28740 E AndroidRuntime: at com.revolut.data.k.j0.get(SourceFile:2)
11-11 14:54:23.132 28740 28740 E AndroidRuntime: at com.revolut.data.k.j0.get(SourceFile:1)
11-11 14:54:23.132 28740 28740 E AndroidRuntime: at com.revolut.data.k.x1.get(SourceFile:2)
11-11 14:54:23.132 28740 28740 E AndroidRuntime: at com.revolut.data.k.x1.get(SourceFile:1)
11-11 14:54:23.132 28740 28740 E AndroidRuntime: at f.c.c.get(SourceFile:6)
11-11 14:54:23.132 28740 28740 E AndroidRuntime: at com.revolut.data.r.s1.i0.get(SourceFile:2)
11-11 14:54:23.132 28740 28740 E AndroidRuntime: at com.revolut.data.r.s1.i0.get(SourceFile:1)
11-11 14:54:23.132 28740 28740 E AndroidRuntime: at f.c.c.get(SourceFile:6)
11-11 14:54:23.132 28740 28740 E AndroidRuntime: at com.revolut.data.k.a.v1(SourceFile:1)
11-11 14:54:23.132 28740 28740 E AndroidRuntime: at com.revolut.o.n1$c4.get(SourceFile:2)
11-11 14:54:23.132 28740 28740 E AndroidRuntime: at com.revolut.o.n1$c4.get(SourceFile:1)
11-11 14:54:23.132 28740 28740 E AndroidRuntime: at com.revolut.p.c.w0.m.get(SourceFile:2)
11-11 14:54:23.132 28740 28740 E AndroidRuntime: at com.revolut.p.c.w0.m.get(SourceFile:1)
11-11 14:54:23.132 28740 28740 E AndroidRuntime: at com.revolut.q.h0.f.get(SourceFile:2)
11-11 14:54:23.132 28740 28740 E AndroidRuntime: at com.revolut.q.h0.f.get(SourceFile:1)
11-11 14:54:23.132 28740 28740 E AndroidRuntime: at f.c.c.get(SourceFile:6)
11-11 14:54:23.132 28740 28740 E AndroidRuntime: at com.revolut.o.l1.get(SourceFile:2)
11-11 14:54:23.132 28740 28740 E AndroidRuntime: at com.revolut.o.l1.get(SourceFile:1)
11-11 14:54:23.132 28740 28740 E AndroidRuntime: at f.c.l.get(SourceFile:5)
11-11 14:54:23.132 28740 28740 E AndroidRuntime: at com.revolut.o.m1.get(SourceFile:2)
11-11 14:54:23.132 28740 28740 E AndroidRuntime: at com.revolut.o.m1.get(SourceFile:1)
11-11 14:54:23.132 28740 28740 E AndroidRuntime: at f.c.c.get(SourceFile:6)
11-11 14:54:23.132 28740 28740 E AndroidRuntime: at com.revolut.o.n1.L(SourceFile:2)
11-11 14:54:23.132 28740 28740 E AndroidRuntime: at com.revolut.RevolutApplication.onCreate(SourceFile:10)
11-11 14:54:23.132 28740 28740 E AndroidRuntime: at android.app.Instrumentation.callApplicationOnCreate(Instrumentation.java:1154)
11-11 14:54:23.132 28740 28740 E AndroidRuntime: at android.app.ActivityThread.handleBindApplication(ActivityThread.java:5920)
11-11 14:54:23.132 28740 28740 E AndroidRuntime: at android.app.ActivityThread.access$1100(ActivityThread.java:200)
11-11 14:54:23.132 28740 28740 E AndroidRuntime: at android.app.ActivityThread$H.handleMessage(ActivityThread.java:1656)
11-11 14:54:23.132 28740 28740 E AndroidRuntime: at android.os.Handler.dispatchMessage(Handler.java:106)
11-11 14:54:23.132 28740 28740 E AndroidRuntime: at android.os.Looper.loop(Looper.java:193)
11-11 14:54:23.132 28740 28740 E AndroidRuntime: at android.app.ActivityThread.main(ActivityThread.java:6718)
11-11 14:54:23.132 28740 28740 E AndroidRuntime: at java.lang.reflect.Method.invoke(Native Method)
11-11 14:54:23.132 28740 28740 E AndroidRuntime: at com.android.internal.os.RuntimeInit$MethodAndArgsCaller.run(RuntimeInit.java:493)
11-11 14:54:23.132 28740 28740 E AndroidRuntime: at com.android.internal.os.ZygoteInit.main(ZygoteInit.java:858)
11-11 14:54:23.202 2262 6249 W ActivityManager: Force finishing activity com.revolut.revolut/com.revolut.ui.login.pin.LoginActivity
11-11 14:54:23.213 2262 2302 I ActivityManager: Showing crash dialog for package com.revolut.revolut u10
11-11 14:54:23.228 2262 6123 W ActivityManager: Unable to start service Intent { act=com.google.android.gms.ads.identifier.service.START pkg=com.google.android.gms } U=10: not found
11-11 14:54:23.707 2262 2301 W ActivityManager: Activity pause timeout for ActivityRecord{113a26b u10 com.revolut.revolut/com.revolut.ui.login.pin.LoginActivity t1000062 f}
11-11 14:54:24.080 2262 6249 W ActivityManager: Force finishing activity com.revolut.revolut/com.revolut.ui.login.pin.LoginActivity
11-11 14:54:24.085 2262 6249 I ActivityManager: Killing 28740:com.revolut.revolut/u10a119 (adj 0): crash
11-11 14:54:24.286 2262 2737 E AppOps : Operation not started: uid=1000 pkg=android op=SYSTEM_ALERT_WINDOW
11-11 14:54:24.361 2262 2262 W WindowManager: removeWindowToken: Attempted to remove non-existing token: android.os.Binder@4fd7ee0
11-11 14:54:26.876 2262 2262 I Telecom : DefaultDialerCache: Refreshing default dialer for user 0: now com.android.dialer: DDC.oR@BTY
11-11 14:54:26.878 2262 2262 I Telecom : DefaultDialerCache: Refreshing default dialer for user 10: now null: DDC.oR@BTY
11-11 14:54:29.239 2262 3537 I ActivityManager: START u0 {act=android.intent.action.DELETE dat=package:com.revolut.revolut flg=0x10800000 cmp=com.android.packageinstaller/.UninstallerActivity (has extras)} from uid 10035
11-11 14:54:29.903 2262 2301 I ActivityManager: Force stopping com.revolut.revolut appid=10119 user=10: deletePackageX
11-11 14:54:29.934 2262 2402 D PackageManager: Instant App installer not found with android.intent.action.INSTALL_INSTANT_APP_PACKAGE
11-11 14:54:29.934 2262 2402 D PackageManager: Clear ephemeral installer activity
11-11 14:54:30.224 2262 2402 I ActivityManager: Force stopping com.revolut.revolut appid=10119 user=10: pkg removed
11-11 14:54:30.227 2262 2402 I ActivityManager: Force stopping com.revolut.revolut appid=10119 user=10: pkg removed
11-11 14:54:30.245 2262 2301 W BroadcastQueue: Background execution not allowed: receiving Intent { act=android.intent.action.PACKAGE_REMOVED dat=package:com.revolut.revolut flg=0x4000010 (has extras) } to com.sophos.smsec/.SmSecSystemBroadcastReceiver
11-11 14:54:30.247 2262 2301 W BroadcastQueue: Background execution not allowed: receiving Intent { act=android.intent.action.PACKAGE_REMOVED dat=package:com.revolut.revolut flg=0x4000010 (has extras) } to com.sophos.smsec/.plugin.scanner.quarantine.QuarantineBroadcastReceiver
11-11 14:54:30.249 2262 2301 W BroadcastQueue: Background execution not allowed: receiving Intent { act=android.intent.action.PACKAGE_REMOVED dat=package:com.revolut.revolut flg=0x4000010 (has extras) } to com.sophos.smsec/.plugin.scanner.ThreatFoundNotification$AppRemovedListener
11-11 14:54:30.268 2262 2262 I ConditionProviders: Disallowing condition provider com.revolut.revolut
11-11 14:54:30.270 2262 2303 I ActivityManager: Start proc 28912:android.process.media/u10a22 for broadcast com.android.providers.downloads/.DownloadReceiver
11-11 14:54:30.272 2262 2300 D AutofillManagerServiceImpl: Reset component for user 10 ()
11-11 14:54:30.272 2262 2302 D AutofillUI: destroySaveUiUiThread(): already destroyed
11-11 14:54:30.272 2262 2300 D AutofillManagerServiceImpl: Reset component for user 10 ()
11-11 14:54:30.272 2262 2300 D FieldClassificationStrategy: reset(): service is not bound. Do nothing.
11-11 14:54:30.315 2262 2303 I ActivityManager: Start proc 28920:com.android.keychain/u10s1000 for service com.android.keychain/.KeyChainService
11-11 14:54:33.767 2262 6594 W NotificationService: Toast already killed. pkg=com.android.packageinstaller callback=android.app.ITransientNotification$Stub$Proxy@4707c9f
11-11 14:54:34.907 2262 2262 W JobServiceContext: Time-out while trying to bind fcda463 #u10a119/0 com.revolut.revolut/androidx.work.impl.background.systemjob.SystemJobService, dropping.
11-11 14:54:34.908 2262 2262 E BatteryStatsImpl: Unable to find object for com.revolut.revolut/androidx.work.impl.background.systemjob.SystemJobService in uid 1010119 mapsize=0 activeoverflow=null curoverflow=null
11-11 14:54:37.585 2262 2262 W JobServiceContext: Time-out while trying to bind e831416 #u10a119/1 com.revolut.revolut/androidx.work.impl.background.systemjob.SystemJobService, dropping.
11-11 14:54:37.585 2262 2262 E BatteryStatsImpl: Unable to find object for com.revolut.revolut/androidx.work.impl.background.systemjob.SystemJobService in uid 1010119 mapsize=0 activeoverflow=null curoverflow=null
11-11 14:54:41.036 2262 2262 W JobServiceContext: Time-out while trying to bind ffab24b #u10a119/2 com.revolut.revolut/androidx.work.impl.background.systemjob.SystemJobService, dropping.
11-11 14:54:41.037 2262 2262 E BatteryStatsImpl: Unable to find object for com.revolut.revolut/androidx.work.impl.background.systemjob.SystemJobService in uid 1010119 mapsize=0 activeoverflow=null curoverflow=null
11-11 14:54:41.038 2262 2262 I ActivityManager: Killing 16586:com.android.dialer/u0a16 (adj 906): empty for 1801s
11-11 14:54:41.889 2262 2262 V SettingsProvider: Notifying for 0: content://settings/system/screen_brightness
11-11 14:54:44.757 2262 2262 W WindowManager: removeWindowToken: Attempted to remove non-existing token: android.os.Binder@dfc4cd5
11-11 14:55:26.425 2262 2317 I PowerManagerService: Going to sleep due to screen timeout (uid 1000)...
11-11 14:55:26.427 2262 2262 W UsageStatsService: Event reported without a package name
11-11 14:55:26.427 2262 2262 W UsageStatsService: Event reported without a package name
11-11 14:55:26.428 2262 2317 I PowerManagerService: Sleeping (uid 1000)...
11-11 14:55:26.495 2262 2262 V FingerprintService: startAuthentication(com.android.systemui)
11-11 14:55:26.496 2262 2262 V FingerprintService: starting client AuthenticationClient(com.android.systemui), initiatedByClient = true
11-11 14:55:26.509 2262 2262 W FingerprintService: client com.android.systemui is authenticating...
11-11 14:55:26.959 2262 2317 I DisplayPowerController: Blocking screen off
11-11 14:55:26.960 2262 2317 I DisplayPowerController: Unblocked screen off after 1 ms
11-11 14:55:27.050 2262 2314 I DisplayManagerService: Display device changed state: "Ecrã Integrado", OFF
11-11 14:55:31.535 2262 6594 W UsageStatsService: Event reported without a package name
11-11 14:55:31.535 2262 6594 W UsageStatsService: Event reported without a package name
11-11 14:55:54.594 2262 2262 W Looper : Slow dispatch took 210ms main h=com.android.server.notification.NotificationManagerService$WorkerHandler c=com.android.server.notification.NotificationManagerService$NotificationListeners$2@a4ed5e6 m=0
11-11 14:55:54.595 2262 2262 W Looper : Slow delivery took 219ms main h=com.android.server.notification.NotificationManagerService$WorkerHandler c=com.android.server.notification.NotificationManagerService$NotificationListeners$2@ea15727 m=0
11-11 14:55:54.651 2262 2262 W Looper : Drained
11-11 14:56:16.140 2262 2262 W Looper : Slow dispatch took 162ms main h=com.android.server.notification.NotificationManagerService$WorkerHandler c=com.android.server.notification.NotificationManagerService$NotificationListeners$2@a865422 m=0
11-11 14:56:24.876 2262 2262 W Looper : Slow dispatch took 169ms main h=com.android.server.notification.NotificationManagerService$WorkerHandler c=com.android.server.notification.NotificationManagerService$NotificationListeners$2@1d9906e m=0
11-11 14:56:26.077 2262 2262 W Looper : Slow dispatch took 202ms main h=com.android.server.notification.NotificationManagerService$WorkerHandler c=com.android.server.notification.NotificationManagerService$NotificationListeners$2@b12457a m=0
11-11 14:56:26.079 2262 2262 W Looper : Slow delivery took 202ms main h=com.android.server.notification.NotificationManagerService$WorkerHandler c=com.android.server.notification.NotificationManagerService$NotificationListeners$2@e4ef12b m=0
11-11 14:56:26.100 2262 2262 W Looper : Drained
11-11 14:56:34.922 2262 2262 W Looper : Slow dispatch took 188ms main h=com.android.server.notification.NotificationManagerService$WorkerHandler c=com.android.server.notification.NotificationManagerService$NotificationListeners$2@4497507 m=0
11-11 14:56:34.945 2262 2262 W Looper : Slow delivery took 200ms main h=com.android.server.notification.NotificationManagerService$WorkerHandler c=com.android.server.notification.NotificationManagerService$PostNotificationRunnable@f592634 m=0
11-11 14:56:34.984 2262 2262 W Looper : Drained
11-11 14:56:58.291 2262 2765 I PowerManagerService: Waking up from sleep (uid=1000 reason=android.policy:KEY)...
11-11 14:56:58.293 2262 2262 W UsageStatsService: Event reported without a package name
11-11 14:56:58.293 2262 2262 W UsageStatsService: Event reported without a package name
11-11 14:56:58.307 2262 2317 I DisplayPowerController: Blocking screen on until initial contents have been drawn.
11-11 14:56:58.323 2262 2314 I DisplayManagerService: Display device changed state: "Ecrã Integrado", ON
11-11 14:56:58.324 2262 2306 D KernelUidCpuTimeReader: Removing uids 1099014-1099014
11-11 14:56:58.440 2262 2317 I DisplayPowerController: Unblocked screen on after 133 ms
11-11 14:56:58.445 2262 2262 V FingerprintService: onAuthenticated(owner=com.android.systemui, id=553465998, gp=0)
11-11 14:56:58.466 2262 2262 V FingerprintService: Done with client: com.android.systemui
11-11 14:56:58.468 2262 2262 V SettingsProvider: Notifying for 0: content://settings/system/screen_brightness
11-11 14:56:58.568 2262 2317 W PowerManagerService: Screen on took 308 ms
11-11 14:56:58.765 2262 2756 W ActivityManager: Unable to start service Intent { act=com.android.launcher3.WINDOW_OVERLAY dat=app://com.android.launcher3:10035?v=7&cv=9 pkg=com.google.android.googlequicksearchbox } U=0: not found
11-11 14:56:58.833 2262 6120 W UsageStatsService: Event reported without a package name
11-11 14:56:58.833 2262 6120 W UsageStatsService: Event reported without a package name
11-11 14:56:58.841 2262 2301 W BroadcastQueue: Background execution not allowed: receiving Intent { act=android.intent.action.USER_PRESENT flg=0x24200010 } to com.sophos.smsec/.SmSecSystemBroadcastReceiver
11-11 14:56:58.851 2262 2301 W BroadcastQueue: Background execution not allowed: receiving Intent { act=android.intent.action.USER_PRESENT flg=0x24200010 } to com.sophos.smsec/.SmSecSystemBroadcastReceiver
11-11 14:56:59.852 2262 2312 D AutofillManagerService: Close system dialogs
11-11 14:57:00.738 2262 2262 V SettingsProvider: Notifying for 0: content://settings/system/screen_brightness
11-11 14:57:01.704 2262 6532 W AlarmManager: Suspiciously short interval 10000 millis; expanding to 60 seconds
11-11 14:57:01.727 2262 6120 W ActivityManager: Unable to start service Intent { act=com.google.android.play.core.install.BIND_UPDATE_SERVICE pkg=com.android.vending } U=0: not found
11-11 14:57:01.728 2262 2756 W ActivityManager: Unable to start service Intent { act=com.google.android.gms.ads.identifier.service.START pkg=com.google.android.gms } U=0: not found
11-11 14:57:04.686 2262 2312 D AutofillManagerService: Close system dialogs
11-11 14:57:04.690 2262 2764 I ActivityManager: START u0 {act=android.intent.action.MAIN cat=[android.intent.category.HOME] flg=0x10200000 cmp=com.android.launcher3/.lineage.LineageLauncher (has extras)} from uid 1000
11-11 14:57:04.729 2262 2756 W ActivityManager: Unable to start service Intent { act=com.android.launcher3.WINDOW_OVERLAY dat=app://com.android.launcher3:10035?v=7&cv=9 pkg=com.google.android.googlequicksearchbox } U=0: not found
11-11 14:57:16.736 2262 6532 W ActivityManager: Unable to start service Intent { act=com.google.android.gms.ads.identifier.service.START pkg=com.google.android.gms } U=0: not found
11-11 14:57:16.808 1958 1958 W wificond: Scan already started
11-11 14:57:16.809 1958 1958 E wificond: NL80211_CMD_TRIGGER_SCAN failed: Device or resource busy
11-11 14:57:18.416 1958 1958 W wificond: Scan already started
11-11 14:57:18.416 1958 1958 E wificond: NL80211_CMD_TRIGGER_SCAN failed: Device or resource busy
11-11 14:57:38.117 2262 2317 I PowerManagerService: Going to sleep due to screen timeout (uid 1000)...
11-11 14:57:38.118 2262 2262 W UsageStatsService: Event reported without a package name
11-11 14:57:38.118 2262 2262 W UsageStatsService: Event reported without a package name
11-11 14:57:38.120 2262 2317 I PowerManagerService: Sleeping (uid 1000)...
11-11 14:57:38.174 2262 2262 V FingerprintService: startAuthentication(com.android.systemui)
11-11 14:57:38.175 2262 2262 V FingerprintService: starting client AuthenticationClient(com.android.systemui), initiatedByClient = true
11-11 14:57:38.187 2262 2262 W FingerprintService: client com.android.systemui is authenticating...
11-11 14:57:38.668 2262 2317 I DisplayPowerController: Blocking screen off
11-11 14:57:38.670 2262 2317 I DisplayPowerController: Unblocked screen off after 2 ms
11-11 14:57:38.758 2262 2314 I DisplayManagerService: Display device changed state: "Ecrã Integrado", OFF
11-11 14:57:39.632 2262 2765 I PowerManagerService: Waking up from sleep (uid=1000 reason=android.policy:KEY)...
11-11 14:57:39.634 2262 2262 W UsageStatsService: Event reported without a package name
11-11 14:57:39.634 2262 2262 W UsageStatsService: Event reported without a package name
11-11 14:57:39.649 2262 2317 I DisplayPowerController: Blocking screen on until initial contents have been drawn.
11-11 14:57:39.704 2262 3537 W ActivityManager: Unable to start service Intent { act=com.android.launcher3.WINDOW_OVERLAY dat=app://com.android.launcher3:10035?v=7&cv=9 pkg=com.google.android.googlequicksearchbox } U=0: not found
11-11 14:57:39.705 2262 2262 V FingerprintService: stop client com.android.systemui
11-11 14:57:39.726 2262 2314 I DisplayManagerService: Display device changed state: "Ecrã Integrado", ON
11-11 14:57:39.765 2262 2262 W FingerprintService: client com.android.systemui is no longer authenticating
11-11 14:57:39.765 2262 2262 V FingerprintService: Done with client: com.android.systemui
11-11 14:57:39.765 2262 2262 V FingerprintService: handleError(client=com.android.systemui, error = 5)
11-11 14:57:39.769 2262 2262 V FingerprintService: handleError(client=null, error = 5)
11-11 14:57:39.855 2262 2262 V SettingsProvider: Notifying for 0: content://settings/system/screen_brightness
11-11 14:57:39.910 2262 2317 I DisplayPowerController: Unblocked screen on after 260 ms
11-11 14:57:39.963 2262 2317 W PowerManagerService: Screen on took 372 ms
11-11 14:57:42.108 2262 2262 V SettingsProvider: Notifying for 0: content://settings/system/screen_brightness
11-11 14:58:10.860 2262 2317 I PowerManagerService: Going to sleep due to screen timeout (uid 1000)...
11-11 14:58:10.862 2262 2262 W UsageStatsService: Event reported without a package name
11-11 14:58:10.862 2262 2262 W UsageStatsService: Event reported without a package name
11-11 14:58:10.863 2262 2317 I PowerManagerService: Sleeping (uid 1000)...
11-11 14:58:10.896 2262 2262 V FingerprintService: startAuthentication(com.android.systemui)
11-11 14:58:10.897 2262 2262 V FingerprintService: starting client AuthenticationClient(com.android.systemui), initiatedByClient = true
11-11 14:58:10.908 2262 2262 W FingerprintService: client com.android.systemui is authenticating...
11-11 14:58:11.386 2262 2317 I DisplayPowerController: Blocking screen off
11-11 14:58:11.389 2262 2317 I DisplayPowerController: Unblocked screen off after 2 ms
11-11 14:58:11.488 2262 2314 I DisplayManagerService: Display device changed state: "Ecrã Integrado", OFF
11-11 14:58:11.537 2262 2301 W ProcessCpuTracker: Skipping unknown process pid 29193
11-11 14:58:16.000 2262 4951 W UsageStatsService: Event reported without a package name
11-11 14:58:16.001 2262 4951 W UsageStatsService: Event reported without a package name
11-11 14:58:17.098 2262 2262 W Looper : Slow dispatch took 175ms main h=com.android.server.notification.NotificationManagerService$WorkerHandler c=com.android.server.notification.NotificationManagerService$PostNotificationRunnable@cb63621 m=0
11-11 14:58:23.789 1958 1958 I wificond: Received external scan result notification from kernel.
11-11 14:58:23.789 1958 1958 W wificond: Scan aborted
11-11 14:58:34.883 2262 2262 W Looper : Slow dispatch took 305ms main h=com.android.server.notification.NotificationManagerService$WorkerHandler c=com.android.server.notification.NotificationManagerService$NotificationListeners$2@d98cff m=0
11-11 14:58:34.901 2262 2262 W Looper : Slow delivery took 317ms main h=com.android.server.notification.NotificationManagerService$WorkerHandler c=com.android.server.notification.NotificationManagerService$PostNotificationRunnable@1d0eacc m=0
11-11 14:58:34.953 2262 2262 W Looper : Drained
11-11 14:58:48.718 2262 2262 W Looper : Slow dispatch took 263ms main h=com.android.server.notification.NotificationManagerService$WorkerHandler c=com.android.server.notification.NotificationManagerService$NotificationListeners$2@88539c9 m=0
11-11 14:58:48.720 2262 2262 W Looper : Slow delivery took 271ms main h=com.android.server.notification.NotificationManagerService$WorkerHandler c=com.android.server.notification.NotificationManagerService$NotificationListeners$2@2cb08ce m=0
11-11 14:58:48.745 2262 2262 W Looper : Drained
11-11 14:59:06.150 2262 2262 W Looper : Slow dispatch took 210ms main h=com.android.server.notification.NotificationManagerService$WorkerHandler c=com.android.server.notification.NotificationManagerService$NotificationListeners$2@545d194 m=0
11-11 14:59:06.152 2262 2262 W Looper : Slow delivery took 213ms main h=com.android.server.notification.NotificationManagerService$WorkerHandler c=com.android.server.notification.NotificationManagerService$NotificationListeners$2@10d843d m=0
11-11 14:59:06.167 2262 2262 W Looper : Drained
11-11 14:59:25.421 2262 2262 W Looper : Slow dispatch took 195ms main h=com.android.server.notification.NotificationManagerService$WorkerHandler c=com.android.server.notification.NotificationManagerService$NotificationListeners$2@38a0256 m=0
11-11 14:59:25.433 2262 2262 W Looper : Slow delivery took 203ms main h=com.android.server.notification.NotificationManagerService$WorkerHandler c=com.android.server.notification.NotificationManagerService$PostNotificationRunnable@2fd62d7 m=0
11-11 14:59:25.435 2262 2262 W Looper : Drained
11-11 14:59:39.603 2262 2262 W Looper : Slow dispatch took 239ms main h=com.android.server.notification.NotificationManagerService$WorkerHandler c=com.android.server.notification.NotificationManagerService$NotificationListeners$2@d434e65 m=0
11-11 14:59:39.606 2262 2262 W Looper : Slow delivery took 253ms main h=com.android.server.notification.NotificationManagerService$WorkerHandler c=com.android.server.notification.NotificationManagerService$NotificationListeners$2@ea9573a m=0
11-11 14:59:39.635 2262 2262 W Looper : Drained
11-11 14:59:45.690 2262 2262 W Looper : Slow dispatch took 175ms main h=com.android.server.notification.NotificationManagerService$WorkerHandler c=com.android.server.notification.NotificationManagerService$PostNotificationRunnable@945ad06 m=0
11-11 14:59:45.716 2262 2262 W Looper : Slow delivery took 200ms main h=com.android.server.notification.NotificationManagerService$WorkerHandler c=com.android.server.notification.NotificationManagerService$NotificationListeners$2@606afc7 m=0
11-11 14:59:45.722 2262 2262 W Looper : Drained
11-11 14:59:55.733 2262 2262 W Looper : Slow delivery took 203ms main h=com.android.server.notification.NotificationManagerService$WorkerHandler c=com.android.server.notification.NotificationManagerService$PostNotificationRunnable@8ff56de m=0
11-11 14:59:55.756 2262 2262 W Looper : Drained
11-11 15:00:05.943 2262 2262 W Looper : Slow dispatch took 149ms main h=com.android.server.notification.NotificationManagerService$WorkerHandler c=com.android.server.notification.NotificationManagerService$NotificationListeners$2@aca0f51 m=0
11-11 15:00:16.092 2262 2262 W Looper : Slow dispatch took 183ms main h=com.android.server.notification.NotificationManagerService$WorkerHandler c=com.android.server.notification.NotificationManagerService$NotificationListeners$2@e5bf290 m=0
11-11 15:00:26.127 2262 2262 W Looper : Slow dispatch took 182ms main h=com.android.server.notification.NotificationManagerService$WorkerHandler c=com.android.server.notification.NotificationManagerService$NotificationListeners$2@dedcfcb m=0
11-11 15:00:26.146 2262 2262 W Looper : Slow delivery took 202ms main h=com.android.server.notification.NotificationManagerService$WorkerHandler c=com.android.server.notification.NotificationManagerService$NotificationListeners$2@59383a8 m=0
11-11 15:00:26.154 2262 2262 W Looper : Drained
11-11 15:00:26.240 2262 2306 D KernelUidCpuTimeReader: Removing uids 1010119-1010119
11-11 15:01:00.989 2262 2262 W Looper : Slow dispatch took 286ms main h=com.android.server.notification.NotificationManagerService$WorkerHandler c=com.android.server.notification.NotificationManagerService$NotificationListeners$2@5834ca2 m=0
11-11 15:01:00.992 2262 2262 W Looper : Slow delivery took 306ms main h=com.android.server.notification.NotificationManagerService$WorkerHandler c=com.android.server.notification.NotificationManagerService$NotificationListeners$2@18d2d33 m=0
11-11 15:01:01.008 2262 2262 W Looper : Drained
11-11 15:01:05.863 2262 2262 W Looper : Slow dispatch took 196ms main h=com.android.server.notification.NotificationManagerService$WorkerHandler c=com.android.server.notification.NotificationManagerService$NotificationListeners$2@363698f m=0
11-11 15:01:05.864 2262 2262 W Looper : Slow delivery took 200ms main h=com.android.server.notification.NotificationManagerService$WorkerHandler c=com.android.server.notification.NotificationManagerService$NotificationListeners$2@f17b41c m=0
11-11 15:01:05.882 2262 2262 W Looper : Drained
11-11 15:01:11.086 2262 2262 W Looper : Slow dispatch took 164ms main h=com.android.server.notification.NotificationManagerService$WorkerHandler c=com.android.server.notification.NotificationManagerService$NotificationListeners$2@9f9f608 m=0
11-11 15:01:11.380 2262 2262 W Looper : Slow dispatch took 152ms main h=com.android.server.notification.NotificationManagerService$WorkerHandler c=com.android.server.notification.NotificationManagerService$PostNotificationRunnable@53c6ab4 m=0
11-11 15:01:11.944 2262 6532 D ConnectivityService: Returning BLOCKED NetworkInfo to uid=1010098
11-11 15:01:25.940 2262 2262 W Looper : Slow delivery took 222ms main h=com.android.server.notification.NotificationManagerService$WorkerHandler c=com.android.server.notification.NotificationManagerService$PostNotificationRunnable@1af138 m=0
11-11 15:01:25.958 2262 2262 W Looper : Drained
11-11 15:01:25.965 2262 2302 I PowerManagerService: Waking up from sleep (uid=1000 reason=android.policy:GESTURE)...
11-11 15:01:25.967 2262 2262 W UsageStatsService: Event reported without a package name
11-11 15:01:25.967 2262 2262 W UsageStatsService: Event reported without a package name
11-11 15:01:25.982 2262 2317 I DisplayPowerController: Blocking screen on until initial contents have been drawn.
11-11 15:01:26.006 2262 2314 I DisplayManagerService: Display device changed state: "Ecrã Integrado", ON
11-11 15:01:26.102 2262 2317 I DisplayPowerController: Unblocked screen on after 120 ms
11-11 15:01:26.139 2262 2262 V SettingsProvider: Notifying for 0: content://settings/system/screen_brightness
11-11 15:01:26.227 2262 2317 W PowerManagerService: Screen on took 262 ms
11-11 15:01:31.192 2262 2765 D WindowManager: powerPress: eventTime=89708333 interactive=true count=1 beganFromNonInteractive=false mShortPressOnPowerBehavior=1
11-11 15:01:31.192 2262 2765 I PowerManagerService: Going to sleep due to power button (uid 1000)...
11-11 15:01:31.193 2262 2262 W UsageStatsService: Event reported without a package name
11-11 15:01:31.194 2262 2262 W UsageStatsService: Event reported without a package name
11-11 15:01:31.197 2262 2317 I PowerManagerService: Sleeping (uid 1000)...
11-11 15:01:31.750 2262 2317 I DisplayPowerController: Blocking screen off
11-11 15:01:31.751 2262 2317 I DisplayPowerController: Unblocked screen off after 1 ms
11-11 15:01:31.806 2262 2314 I DisplayManagerService: Display device changed state: "Ecrã Integrado", OFF
11-11 15:01:34.579 1958 1958 W wificond: Scan aborted
11-11 15:01:35.089 2262 2313 I EntropyMixer: Writing entropy...
11-11 15:01:35.103 2262 2317 I PowerManagerService: Waking up from sleep (uid=1000 reason=android.server.power:POWER)...
11-11 15:01:35.113 2262 2301 W BroadcastQueue: Background execution not allowed: receiving Intent { act=android.intent.action.ACTION_POWER_CONNECTED flg=0x4000010 (has extras) } to com.sophos.smsec/.SmSecSystemBroadcastReceiver
11-11 15:01:35.114 2262 2301 W BroadcastQueue: Background execution not allowed: receiving Intent { act=android.intent.action.ACTION_POWER_CONNECTED flg=0x4000010 (has extras) } to com.sophos.smsec/.SmSecSystemBroadcastReceiver
11-11 15:01:35.116 2262 2262 W UsageStatsService: Event reported without a package name
11-11 15:01:35.116 2262 2262 W UsageStatsService: Event reported without a package name
11-11 15:01:35.126 2262 2306 E BatteryExternalStatsWorker: no controller energy info supplied for bluetooth
11-11 15:01:35.194 2262 2317 I DisplayPowerController: Blocking screen on until initial contents have been drawn.
11-11 15:01:35.215 2262 2306 W BatteryExternalStatsWorker: modem info is invalid: ModemActivityInfo{ mTimestamp=0 mSleepTimeMs=0 mIdleTimeMs=0 mTxTimeMs[]=[0, 0, 0, 0, 0] mRxTimeMs=0 mEnergyUsed=0}
11-11 15:01:35.228 2262 2314 I DisplayManagerService: Display device changed state: "Ecrã Integrado", ON
11-11 15:01:35.311 2262 2317 I DisplayPowerController: Unblocked screen on after 117 ms
11-11 15:01:35.419 2262 2312 D UsbDeviceManager: push notification:O dispositivo está a carregar por USB
11-11 15:01:35.446 2262 2317 W PowerManagerService: Screen on took 343 ms
11-11 15:01:35.540 2262 2303 I ActivityManager: Start proc 29325:android.process.media/u0a22 for broadcast com.android.providers.media/.MtpReceiver
11-11 15:01:37.623 2262 2262 V SettingsProvider: Notifying for 0: content://settings/system/screen_brightness
11-11 15:01:45.106 2262 2317 I PowerManagerService: Going to sleep due to screen timeout (uid 1000)...
11-11 15:01:45.107 2262 2262 W UsageStatsService: Event reported without a package name
11-11 15:01:45.108 2262 2262 W UsageStatsService: Event reported without a package name
11-11 15:01:45.109 2262 2317 I PowerManagerService: Sleeping (uid 1000)...
11-11 15:01:45.662 2262 2317 I DisplayPowerController: Blocking screen off
11-11 15:01:45.666 2262 2317 I DisplayPowerController: Unblocked screen off after 4 ms
11-11 15:01:45.721 2262 2314 I DisplayManagerService: Display device changed state: "Ecrã Integrado", OFF
11-11 15:02:37.045 2262 2262 D DevicePolicyManager: updateSystemUpdateFreezePeriodsRecord
11-11 15:02:37.046 2262 2262 D ConditionProviders.SCP: onReceive android.intent.action.TIME_SET
11-11 15:02:37.047 2262 2262 D ConditionProviders.SCP: evaluateSubscriptionLocked cal=ScheduleCalendar[mDays={1, 2, 3, 4, 5, 6, 7}, mSchedule=ScheduleInfo{days=[1, 2, 3, 4, 5, 6, 7], startHour=22, startMinute=0, endHour=7, endMinute=0, exitAtAlarm=true, nextAlarm=Thu Jan 01 01:00:00 GMT+01:00 1970 (0)}], now=Mon Nov 11 15:02:37 GMT+00:00 2019 (1573484557046), nextUserAlarmTime=Thu Jan 01 01:00:00 GMT+01:00 1970 (0)
11-11 15:02:37.047 2262 2262 D ConditionProviders.SCP: notifyCondition condition://android/schedule?days=1.2.3.4.5.6.7&start=22.0&end=7.0&exitAtAlarm=true STATE_FALSE reason=!meetsSchedule
11-11 15:02:37.056 2262 2262 D ConditionProviders.SCP: Scheduling evaluate for Mon Nov 11 22:00:00 GMT+00:00 2019 (1573509600000), in +6h57m22s954ms, now=Mon Nov 11 15:02:37 GMT+00:00 2019 (1573484557046)
11-11 15:02:37.086 2262 2303 I ActivityManager: Start proc 29397:com.android.calendar/u0a75 for broadcast com.android.calendar/.widget.CalendarAppWidgetService$CalendarFactory
11-11 15:02:37.104 2262 2303 I ActivityManager: Start proc 29413:com.android.providers.calendar/u0a12 for content provider com.android.providers.calendar/.CalendarProvider2
11-11 15:02:37.147 2262 2802 E NetworkPolicy: Missing subscriberId for subId 2
11-11 15:02:37.222 2262 2303 I ActivityManager: Start proc 29433:com.android.dialer/u0a16 for broadcast com.android.dialer/.app.voicemail.LegacyVoicemailNotificationReceiver
11-11 15:02:37.232 3044 3044 I Telephony: PstnIncomingCallNotifier: Unregistering: Handler (com.qualcomm.qti.internal.telephony.QtiGsmCdmaPhone) {827e166}
11-11 15:02:37.232 3044 3044 I Telephony: PstnIncomingCallNotifier: Unregistering: Handler (com.qualcomm.qti.internal.telephony.QtiGsmCdmaPhone) {a8c3ca7}
11-11 15:02:37.252 2262 3441 I Telecom : PhoneAccountRegistrar: Modify account: [ComponentInfo{com.android.phone/com.android.services.telephony.TelephonyConnectionService}, ***, UserHandle{0}]: TSI.rPA@BU0
11-11 15:02:37.263 3044 3044 I Telephony: AccountEntry: Registered phoneAccount: [[ ] PhoneAccount: ComponentInfo{com.android.phone/com.android.services.telephony.TelephonyConnectionService}, ***, UserHandle{0} Capabilities: SuppVideo CallProvider MultiUser PlaceEmerg SimSub Audio Routes: BESW Schemes: tel voicemail Extras: Bundle[{android.telecom.extra.SUPPORTS_VIDEO_CALLING_FALLBACK=true, android.telecom.extra.SORT_ORDER=0}] GroupId: ***] with handle: ComponentInfo{com.android.phone/com.android.services.telephony.TelephonyConnectionService}, ***, UserHandle{0}
11-11 15:02:37.263 3044 3044 I Telephony: PstnIncomingCallNotifier: Registering: Handler (com.qualcomm.qti.internal.telephony.QtiGsmCdmaPhone) {827e166}
11-11 15:02:37.271 2262 2303 I ActivityManager: Start proc 29456:com.android.deskclock/u0a45 for broadcast com.android.deskclock/.AlarmInitReceiver
11-11 15:02:37.289 2262 3441 I Telecom : PhoneAccountRegistrar: Modify account: [ComponentInfo{com.android.phone/com.android.services.telephony.TelephonyConnectionService}, ***, UserHandle{0}]: TSI.rPA@BU4
11-11 15:02:37.295 3044 3044 I Telephony: AccountEntry: Registered phoneAccount: [[ ] PhoneAccount: ComponentInfo{com.android.phone/com.android.services.telephony.TelephonyConnectionService}, ***, UserHandle{0} Capabilities: SuppVideo CallProvider MultiUser PlaceEmerg SimSub Audio Routes: BESW Schemes: tel voicemail Extras: Bundle[{android.telecom.extra.SUPPORTS_VIDEO_CALLING_FALLBACK=true, android.telecom.extra.SORT_ORDER=1}] GroupId: ***] with handle: ComponentInfo{com.android.phone/com.android.services.telephony.TelephonyConnectionService}, ***, UserHandle{0}
11-11 15:02:37.295 3044 3044 I Telephony: PstnIncomingCallNotifier: Registering: Handler (com.qualcomm.qti.internal.telephony.QtiGsmCdmaPhone) {a8c3ca7}
11-11 15:02:37.311 2262 2303 I ActivityManager: Start proc 29474:com.android.providers.calendar/u10a12 for content provider com.android.providers.calendar/.CalendarProvider2
11-11 15:02:37.420 3044 3044 I Telephony: PstnPhoneCapabilitiesNotifier: handleVideoCapabilitesChanged. Video capability - false
11-11 15:02:37.433 2262 6121 I Telecom : PhoneAccountRegistrar: Modify account: [ComponentInfo{com.android.phone/com.android.services.telephony.TelephonyConnectionService}, ***, UserHandle{0}]: TSI.rPA@BVQ
11-11 15:02:37.436 3044 3044 I Telephony: PstnPhoneCapabilitiesNotifier: handleVideoCapabilitesChanged. Video capability - false
11-11 15:02:37.448 2262 6121 I Telecom : PhoneAccountRegistrar: Modify account: [ComponentInfo{com.android.phone/com.android.services.telephony.TelephonyConnectionService}, ***, UserHandle{0}]: TSI.rPA@BVU
11-11 15:02:37.468 2262 2303 I ActivityManager: Start proc 29509:com.qualcomm.timeservice/u0a83 for broadcast com.qualcomm.timeservice/.TimeServiceBroadcastReceiver
11-11 15:02:37.588 2262 2303 I ActivityManager: Start proc 29527:com.revolut.revolut/u0a119 for broadcast com.revolut.revolut/androidx.work.impl.background.systemalarm.RescheduleReceiver
11-11 15:02:38.295 2262 6121 D ConnectivityService: Returning BLOCKED NetworkInfo to uid=10119
11-11 15:02:38.672 2262 2850 W ActivityManager: Unable to start service Intent { act=com.google.android.play.core.install.BIND_INSTALL_SERVICE pkg=com.android.vending } U=0: not found
11-11 15:02:38.675 2262 2850 W ActivityManager: Unbind failed: could not find connection for android.os.BinderProxy@296a99f
11-11 15:02:39.123 29527 29527 E AndroidRuntime: FATAL EXCEPTION: main
11-11 15:02:39.123 29527 29527 E AndroidRuntime: Process: com.revolut.revolut, PID: 29527
11-11 15:02:39.123 29527 29527 E AndroidRuntime: java.lang.UnsatisfiedLinkError: dalvik.system.PathClassLoader[DexPathList[[zip file "/system/framework/org.apache.http.legacy.boot.jar", zip file "/data/app/com.revolut.revolut-hSfilJYb9oT2JvMR7n-X_g==/base.apk"],nativeLibraryDirectories=[/data/app/com.revolut.revolut-hSfilJYb9oT2JvMR7n-X_g==/lib/arm64, /system/lib64, /vendor/lib64]]] couldn't find "libsqlcipher.so"
11-11 15:02:39.123 29527 29527 E AndroidRuntime: at java.lang.Runtime.loadLibrary0(Runtime.java:1012)
11-11 15:02:39.123 29527 29527 E AndroidRuntime: at java.lang.System.loadLibrary(System.java:1669)
11-11 15:02:39.123 29527 29527 E AndroidRuntime: at net.sqlcipher.database.SQLiteDatabase$1.loadLibraries(SourceFile:2)
11-11 15:02:39.123 29527 29527 E AndroidRuntime: at net.sqlcipher.database.SQLiteDatabase.loadLibs(SourceFile:7)
11-11 15:02:39.123 29527 29527 E AndroidRuntime: at net.sqlcipher.database.SQLiteDatabase.loadLibs(SourceFile:3)
11-11 15:02:39.123 29527 29527 E AndroidRuntime: at net.sqlcipher.database.SQLiteDatabase.loadLibs(SourceFile:1)
11-11 15:02:39.123 29527 29527 E AndroidRuntime: at com.revolut.n.g.a.a.a(SourceFile:1)
11-11 15:02:39.123 29527 29527 E AndroidRuntime: at com.revolut.data.database.AppRoomDatabase$a.a(SourceFile:63)
11-11 15:02:39.123 29527 29527 E AndroidRuntime: at com.revolut.data.database.b.e(SourceFile:1)
11-11 15:02:39.123 29527 29527 E AndroidRuntime: at com.revolut.data.database.b.c(SourceFile:1)
11-11 15:02:39.123 29527 29527 E AndroidRuntime: at com.revolut.data.database.b$d.invoke(SourceFile:2)
11-11 15:02:39.123 29527 29527 E AndroidRuntime: at com.revolut.data.database.b$d.invoke(SourceFile:1)
11-11 15:02:39.123 29527 29527 E AndroidRuntime: at com.revolut.n.f.c.a(SourceFile:6)
11-11 15:02:39.123 29527 29527 E AndroidRuntime: at com.revolut.data.database.b.d(Unknown Source:7)
11-11 15:02:39.123 29527 29527 E AndroidRuntime: at com.revolut.data.database.b.c(SourceFile:2)
11-11 15:02:39.123 29527 29527 E AndroidRuntime: at com.revolut.data.k.b.z(SourceFile:1)
11-11 15:02:39.123 29527 29527 E AndroidRuntime: at com.revolut.data.k.j0.b(SourceFile:1)
11-11 15:02:39.123 29527 29527 E AndroidRuntime: at com.revolut.data.k.j0.get(SourceFile:2)
11-11 15:02:39.123 29527 29527 E AndroidRuntime: at com.revolut.data.k.j0.get(SourceFile:1)
11-11 15:02:39.123 29527 29527 E AndroidRuntime: at com.revolut.data.k.x1.get(SourceFile:2)
11-11 15:02:39.123 29527 29527 E AndroidRuntime: at com.revolut.data.k.x1.get(SourceFile:1)
11-11 15:02:39.123 29527 29527 E AndroidRuntime: at f.c.c.get(SourceFile:6)
11-11 15:02:39.123 29527 29527 E AndroidRuntime: at com.revolut.data.r.s1.i0.get(SourceFile:2)
11-11 15:02:39.123 29527 29527 E AndroidRuntime: at com.revolut.data.r.s1.i0.get(SourceFile:1)
11-11 15:02:39.123 29527 29527 E AndroidRuntime: at f.c.c.get(SourceFile:6)
11-11 15:02:39.123 29527 29527 E AndroidRuntime: at com.revolut.data.k.a.v1(SourceFile:1)
11-11 15:02:39.123 29527 29527 E AndroidRuntime: at com.revolut.o.n1$c4.get(SourceFile:2)
11-11 15:02:39.123 29527 29527 E AndroidRuntime: at com.revolut.o.n1$c4.get(SourceFile:1)
11-11 15:02:39.123 29527 29527 E AndroidRuntime: at com.revolut.p.c.w0.m.get(SourceFile:2)
11-11 15:02:39.123 29527 29527 E AndroidRuntime: at com.revolut.p.c.w0.m.get(SourceFile:1)
11-11 15:02:39.123 29527 29527 E AndroidRuntime: at com.revolut.q.h0.f.get(SourceFile:2)
11-11 15:02:39.123 29527 29527 E AndroidRuntime: at com.revolut.q.h0.f.get(SourceFile:1)
11-11 15:02:39.123 29527 29527 E AndroidRuntime: at f.c.c.get(SourceFile:6)
11-11 15:02:39.123 29527 29527 E AndroidRuntime: at com.revolut.o.l1.get(SourceFile:2)
11-11 15:02:39.123 29527 29527 E AndroidRuntime: at com.revolut.o.l1.get(SourceFile:1)
11-11 15:02:39.123 29527 29527 E AndroidRuntime: at f.c.l.get(SourceFile:5)
11-11 15:02:39.123 29527 29527 E AndroidRuntime: at com.revolut.o.m1.get(SourceFile:2)
11-11 15:02:39.123 29527 29527 E AndroidRuntime: at com.revolut.o.m1.get(SourceFile:1)
11-11 15:02:39.123 29527 29527 E AndroidRuntime: at f.c.c.get(SourceFile:6)
11-11 15:02:39.123 29527 29527 E AndroidRuntime: at com.revolut.o.n1.L(SourceFile:2)
11-11 15:02:39.123 29527 29527 E AndroidRuntime: at com.revolut.RevolutApplication.onCreate(SourceFile:10)
11-11 15:02:39.123 29527 29527 E AndroidRuntime: at android.app.Instrumentation.callApplicationOnCreate(Instrumentation.java:1154)
11-11 15:02:39.123 29527 29527 E AndroidRuntime: at android.app.ActivityThread.handleBindApplication(ActivityThread.java:5920)
11-11 15:02:39.123 29527 29527 E AndroidRuntime: at android.app.ActivityThread.access$1100(ActivityThread.java:200)
11-11 15:02:39.123 29527 29527 E AndroidRuntime: at android.app.ActivityThread$H.handleMessage(ActivityThread.java:1656)
11-11 15:02:39.123 29527 29527 E AndroidRuntime: at android.os.Handler.dispatchMessage(Handler.java:106)
11-11 15:02:39.123 29527 29527 E AndroidRuntime: at android.os.Looper.loop(Looper.java:193)
11-11 15:02:39.123 29527 29527 E AndroidRuntime: at android.app.ActivityThread.main(ActivityThread.java:6718)
11-11 15:02:39.123 29527 29527 E AndroidRuntime: at java.lang.reflect.Method.invoke(Native Method)
11-11 15:02:39.123 29527 29527 E AndroidRuntime: at com.android.internal.os.RuntimeInit$MethodAndArgsCaller.run(RuntimeInit.java:493)
11-11 15:02:39.123 29527 29527 E AndroidRuntime: at com.android.internal.os.ZygoteInit.main(ZygoteInit.java:858)
11-11 15:02:43.190 2262 2303 I ActivityManager: Start proc 29624:com.qualcomm.timeservice/u10a83 for broadcast com.qualcomm.timeservice/.TimeServiceBroadcastReceiver
11-11 15:02:43.207 2262 2850 I ActivityManager: Process com.revolut.revolut (pid 29527) has died: fore RCVR
11-11 15:02:43.332 2262 2303 I ActivityManager: Start proc 29641:org.lineageos.lockclock/u10a42 for broadcast org.lineageos.lockclock/.ClockWidgetProvider
11-11 15:03:09.563 2262 6120 W ContextImpl: Calling a method in the system process without a qualified user: android.app.ContextImpl.sendBroadcastAsUserMultiplePermissions:1053 com.android.server.TelephonyRegistry.broadcastCallStateChanged:1602 com.android.server.TelephonyRegistry.notifyCallStateForPhoneId:793 com.android.internal.telephony.ITelephonyRegistry$Stub.onTransact:122 android.os.Binder.execTransact:731
11-11 15:03:09.584 2262 6120 I Telecom : : Adding new incoming call with phoneAccountHandle ComponentInfo{com.android.phone/com.android.services.telephony.TelephonyConnectionService}, ***, UserHandle{0}: TSI.aNIC@BVY
11-11 15:03:09.605 2262 6120 I Telecom : PhoneAccountRegistrar: SimCallManager queried, returning: null: TSI.aNIC@BVY
11-11 15:03:09.675 2262 6120 I Telecom : LogUtils: EventRecord added as Call: [TC@2, NEW, null, tel:*********, A, childs(0), has_parent(false), [Capabilities:], [Properties:]]: TSI.aNIC@BVY
11-11 15:03:09.677 2262 6120 I Telecom : Event: RecordEntry TC@2: CREATED, null: TSI.aNIC@BVY
11-11 15:03:09.698 2262 6120 I Telecom : PhoneAccountRegistrar: SimCallManager queried, returning: null: TSI.aNIC@BVY
11-11 15:03:09.700 2262 6120 I Telecom : CreateConnectionProcessor: Trying attempt CallAttemptRecord(ComponentInfo{com.android.phone/com.android.services.telephony.TelephonyConnectionService}, ***, UserHandle{0},ComponentInfo{com.android.phone/com.android.services.telephony.TelephonyConnectionService}, ***, UserHandle{0}): TSI.aNIC@BVY
11-11 15:03:09.705 2262 6120 I Telecom : Event: RecordEntry TC@2: BIND_CS, ComponentInfo{com.android.phone/com.android.services.telephony.TelephonyConnectionService}: TSI.aNIC@BVY
