11-11 14:48:19.778 2262 2764 I ActivityManager: START u0 {act=android.intent.action.MAIN cat=[android.intent.category.HOME] flg=0x10200000 cmp=com.android.launcher3/.lineage.LineageLauncher (has extras)} from uid 1000
11-11 14:48:20.618 2262 2303 I ActivityManager: Start proc 26695:com.sophos.smsec/u10a122 for service com.sophos.smsec/.plugin.scanner.quarantine.QuarantineFileObserverService
11-11 14:48:21.982 2262 2287 I ActivityManager: START u0 {act=android.intent.action.MAIN cat=[android.intent.category.LAUNCHER] flg=0x10200000 cmp=com.sophos.smsec/.ui.DroidGuardMainActivity bnds=[845,994][1049,1299]} from uid 10035
11-11 14:48:24.921 2262 2287 I ActivityManager: START u0 {cmp=com.sophos.smsec/.plugin.securityadvisor.SecurityAdvisorActivity} from uid 10122
11-11 14:48:26.448 2262 2302 D AutofillManagerService: onBackKeyPressed()
11-11 14:48:31.538 2262 2287 I ActivityManager: START u0 {act=android.intent.action.VIEW flg=0x800000 cmp=com.sophos.smsec/.plugin.appprotection.gui.AppProtectionSettingsActivity (has extras)} from uid 10122
11-11 14:48:36.118 2262 8104 I ActivityManager: START u0 {cmp=com.sophos.smsec/.ui.AlertsActivity} from uid 10122
11-11 14:48:38.522 2262 6532 W ActivityManager: Duplicate finish request for ActivityRecord{44639cd u0 com.sophos.smsec/.ui.AlertsActivity t504 f}
11-11 14:48:45.313 2262 6532 I ActivityManager: START u0 {act=android.intent.action.VIEW flg=0x800000 cmp=com.sophos.smsec/.ui.SettingsActivity (has extras)} from uid 10122
11-11 14:48:51.415 2262 8104 I ActivityManager: START u0 {cmp=com.sophos.smsec/.plugin.scanner.gui.allowlist.AllowListActivity} from uid 10122
11-11 14:48:54.267 2262 2302 D AutofillManagerService: onBackKeyPressed()
11-11 14:49:03.377 2262 6532 I ActivityManager: START u0 {act=android.intent.action.CHOOSER cmp=android/com.android.internal.app.ChooserActivity (has extras)} from uid 10122
11-11 14:49:03.411 2262 2303 I ActivityManager: Start proc 26974:android:ui/1000 for activity android/com.android.internal.app.ChooserActivity
11-11 14:49:04.352 2262 2302 D AutofillManagerService: onBackKeyPressed()
11-11 14:49:08.390 2262 2302 D AutofillManagerService: onBackKeyPressed()
11-11 14:49:12.451 2262 6531 I ActivityManager: START u0 {cmp=com.sophos.smsec/.ui.NetworkSecurityActivity} from uid 10122
11-11 14:49:15.752 2262 7852 I ActivityManager: START u0 {cmp=com.sophos.smsec/.plugin.webfiltering.ui.WebfilterSettingsActivity} from uid 10122
11-11 14:49:18.687 2262 8104 I ActivityManager: START u0 {flg=0x10000000 cmp=com.sophos.smsec/.core.resources.apprequirements.RequirementWizardActivity (has extras)} from uid 10122
11-11 14:49:27.030 2262 2302 D AutofillManagerService: onBackKeyPressed()
11-11 14:49:36.876 2262 2302 D AutofillManagerService: onBackKeyPressed()
11-11 14:49:38.086 2262 3038 I ActivityManager: START u0 {cmp=com.sophos.smsec/.ui.linkchecker.LinkCheckerConfigurationActivity} from uid 10122
11-11 14:49:40.143 2262 6123 D PackageManager: Instant App installer not found with android.intent.action.INSTALL_INSTANT_APP_PACKAGE
11-11 14:49:40.143 2262 6123 D PackageManager: Clear ephemeral installer activity
11-11 14:49:46.415 2262 6123 D PackageManager: Instant App installer not found with android.intent.action.INSTALL_INSTANT_APP_PACKAGE
11-11 14:49:46.415 2262 6123 D PackageManager: Clear ephemeral installer activity
11-11 14:49:48.140 2262 2302 D AutofillManagerService: onBackKeyPressed()
11-11 14:49:49.180 2262 3038 I ActivityManager: START u0 {cmp=com.sophos.smsec/com.sophos.nge.networksec.ui.NetworkSecurityActivity} from uid 10122
11-11 14:49:50.293 2262 2262 I Telecom : DefaultDialerCache: Refreshing default dialer for user 0: now com.android.dialer: DDC.oR@BS4
11-11 14:49:50.295 2262 2262 I Telecom : DefaultDialerCache: Refreshing default dialer for user 10: now null: DDC.oR@BS4
11-11 14:49:50.317 2262 2300 W VoiceInteractionManagerService: no available voice interaction services found for user 0
11-11 14:49:54.150 2262 2287 I ActivityManager: START u0 {flg=0x10000000 cmp=com.sophos.smsec/.core.resources.apprequirements.RequirementWizardActivity (has extras)} from uid 10122
11-11 14:50:01.352 2262 6532 I ActivityManager: START u0 {act=android.content.pm.action.REQUEST_PERMISSIONS pkg=com.android.packageinstaller cmp=com.android.packageinstaller/.permission.ui.GrantPermissionsActivity (has extras)} from uid 10122
11-11 14:50:13.293 2262 2287 I ActivityManager: START u0 {cmp=com.sophos.smsec/com.sophos.nge.networksec.ui.NetworkSecurityNetworkDetailActivity (has extras)} from uid 10122
11-11 14:50:32.339 2262 8104 I ActivityManager: START u0 {cmp=com.sophos.smsec/.ui.AlertsActivity} from uid 10122
11-11 14:50:37.317 2262 2287 I ActivityManager: START u0 {cmp=com.sophos.smsec/.ui.ActivationMethodsActivity} from uid 10122
11-11 14:50:46.648 2262 2312 D AutofillManagerService: Close system dialogs
11-11 14:50:46.658 2262 3038 I ActivityManager: START u0 {act=android.intent.action.MAIN cat=[android.intent.category.HOME] flg=0x10000000 cmp=com.android.launcher3/.lineage.LineageLauncher (has extras)} from uid 10035
11-11 14:50:46.688 2262 6532 W ActivityManager: Unable to start service Intent { act=com.android.launcher3.WINDOW_OVERLAY dat=app://com.android.launcher3:10035?v=7&cv=9 pkg=com.google.android.googlequicksearchbox } U=0: not found
11-11 14:50:47.574 2262 6352 I ActivityManager: Killing 25816:com.sophos.smsec/u0a122 (adj 1001): remove task
11-11 14:50:47.622 2262 6251 D ConnectivityService: ConnectivityService NetworkRequestInfo binderDied(NetworkRequest [ LISTEN id=113, [ Transports: WIFI Capabilities: INTERNET&NOT_RESTRICTED&TRUSTED&NOT_VPN&FOREGROUND Unwanted: Uid: 10122] ], android.os.BinderProxy@920f92b)
11-11 14:50:47.623 2262 6352 W ActivityManager: Scheduling restart of crashed service com.sophos.smsec/com.sophos.appprotectengine.service.AppProtectService in 1000ms
11-11 14:50:47.624 2262 6352 W ActivityManager: Scheduling restart of crashed service com.sophos.smsec/.plugin.scanner.service.ScannerService in 11000ms
11-11 14:50:47.624 2262 6352 W ActivityManager: Scheduling restart of crashed service com.sophos.smsec/.plugin.scanner.quarantine.QuarantineFileObserverService in 21000ms
11-11 14:50:47.624 2262 6352 W ActivityManager: Scheduling restart of crashed service com.sophos.smsec/com.sophos.nge.networksec.NgeDynamicEngineService in 30999ms
11-11 14:50:47.627 2262 2314 W ActivityManager: setHasOverlayUi called on unknown pid: 25816
11-11 14:50:47.773 2262 2312 D AutofillManagerService: Close system dialogs
11-11 14:50:47.775 2262 2764 I ActivityManager: START u0 {act=android.intent.action.MAIN cat=[android.intent.category.HOME] flg=0x10200000 cmp=com.android.launcher3/.lineage.LineageLauncher (has extras)} from uid 1000
11-11 14:50:48.648 2262 2303 I ActivityManager: Start proc 27310:com.sophos.smsec/u0a122 for service com.sophos.smsec/com.sophos.appprotectengine.service.AppProtectService
11-11 14:50:49.815 2262 7851 I ActivityManager: START u10 {act=android.intent.action.MAIN cat=[android.intent.category.LAUNCHER] flg=0x10200000 cmp=com.sophos.smsec/.ui.DroidGuardMainActivity bnds=[438,384][642,689]} from uid 10035
11-11 14:50:52.775 2262 6352 I ActivityManager: START u10 {cmp=com.sophos.smsec/.ui.AlertsActivity} from uid 1010122
11-11 14:50:53.691 2262 2302 D AutofillManagerService: onBackKeyPressed()
11-11 14:51:01.049 2262 2286 I ActivityManager: START u10 {act=android.intent.action.VIEW flg=0x800000 cmp=com.sophos.smsec/.plugin.appprotection.gui.AppProtectionSettingsActivity (has extras)} from uid 1010122
11-11 14:51:06.941 2262 6352 I ActivityManager: START u10 {cmp=com.sophos.smsec/.plugin.securityadvisor.SecurityAdvisorActivity} from uid 1010122
11-11 14:51:08.861 2262 2286 I ActivityManager: START u10 {cmp=com.sophos.smsec/.ui.AlertsActivity} from uid 1010122
11-11 14:51:11.474 2262 2286 I ActivityManager: START u10 {cmp=com.sophos.smsec/.core.resources.ui.WebHelpActivity (has extras)} from uid 1010122
11-11 14:51:11.564 2262 2303 I ActivityManager: Start proc 27480:com.android.webview:webview_service/u10a59 for service com.android.webview/org.chromium.android_webview.services.VariationsSeedServer
11-11 14:51:11.598 2262 2303 I ActivityManager: Start proc 27494:com.android.webview:sandboxed_process0/u10i14 for webview_service com.sophos.smsec/org.chromium.content.app.SandboxedProcessService0
11-11 14:51:11.656 2262 6352 D AutofillManagerServiceImpl: Reset component for user 10 ()
11-11 14:51:11.666 2262 2286 D ConnectivityService: requestNetwork for uid/pid:1010122/26695 NetworkRequest [ TRACK_DEFAULT id=117, [ Capabilities: INTERNET&NOT_RESTRICTED&TRUSTED Unwanted: Uid: 1010122] ]
11-11 14:51:11.736 2262 6352 D ConnectivityService: requestNetwork for uid/pid:1010122/26695 NetworkRequest [ TRACK_DEFAULT id=119, [ Capabilities: INTERNET&NOT_RESTRICTED&TRUSTED Unwanted: Uid: 1010122] ]
11-11 14:51:13.070 2262 2302 D AutofillManagerService: onBackKeyPressed()
11-11 14:51:13.657 2262 2302 D AutofillManagerService: onBackKeyPressed()
11-11 14:51:14.582 2262 6352 I ActivityManager: START u10 {cmp=com.sophos.smsec/.plugin.securityadvisor.SecurityAdvisorActivity} from uid 1010122
11-11 14:51:22.362 2262 2302 D AutofillManagerService: onBackKeyPressed()
11-11 14:51:23.570 2262 6594 I ActivityManager: START u10 {cmp=com.sophos.smsec/.ui.NetworkSecurityActivity} from uid 1010122
11-11 14:51:25.557 2262 2302 D AutofillManagerService: onBackKeyPressed()
11-11 14:51:26.337 2262 6594 I ActivityManager: START u10 {cmp=com.sophos.smsec/.ui.AppSecurityActivity} from uid 1010122
11-11 14:51:38.954 2262 6594 I ActivityManager: START u10 {cmp=com.sophos.smsec/.plugin.scanner.ScanActivity} from uid 1010122
11-11 14:51:40.495 2262 2808 D ConnectivityService: releasing NetworkRequest [ TRACK_DEFAULT id=117, [ Capabilities: INTERNET&NOT_RESTRICTED&TRUSTED Unwanted: Uid: 1010122] ] (release request)
11-11 14:51:40.506 2262 7851 I ActivityManager: Killing 27494:com.android.webview:sandboxed_process0/u10a122i14 (adj 0): isolated not needed
11-11 14:51:40.539 2262 2306 D KernelUidCpuTimeReader: Removing uids 99012-99012
11-11 14:51:55.512 2262 2286 I ActivityManager: START u10 {act=android.intent.action.VIEW flg=0x800000 cmp=com.sophos.smsec/.ui.SettingsActivity (has extras)} from uid 1010122
11-11 14:51:59.994 2262 2312 D AutofillManagerService: Close system dialogs
11-11 14:52:00.004 2262 5432 I ActivityManager: START u0 {act=android.intent.action.MAIN cat=[android.intent.category.HOME] flg=0x10000000 cmp=com.android.launcher3/.lineage.LineageLauncher (has extras)} from uid 10035
11-11 14:52:00.035 2262 6594 W ActivityManager: Unable to start service Intent { act=com.android.launcher3.WINDOW_OVERLAY dat=app://com.android.launcher3:10035?v=7&cv=9 pkg=com.google.android.googlequicksearchbox } U=0: not found
11-11 14:52:19.987 2262 5432 I ActivityManager: START u10 {cmp=com.sophos.smsec/.plugin.securityadvisor.SecurityAdvisorActivity} from uid 1010122
11-11 14:52:23.081 2262 6352 I ActivityManager: START u10 {cmp=com.sophos.smsec/.ui.AppSecurityActivity} from uid 1010122
11-11 14:52:24.117 2262 6122 I ActivityManager: START u10 {cmp=com.sophos.smsec/.plugin.scanner.ScanActivity} from uid 1010122
11-11 14:52:25.784 26695 26755 W PackageParser: Ignoring duplicate uses-permissions/uses-permissions-sdk-m: android.permission.READ_CONTACTS in package: com.android.bluetooth at: Binary XML file line #61
11-11 14:52:25.785 26695 26755 W PackageParser: No actions in intent filter at /system/app/Bluetooth/Bluetooth.apk Binary XML file line #227
11-11 14:52:25.794 26695 26755 W PackageParser: Ignoring duplicate uses-permissions/uses-permissions-sdk-m: android.permission.READ_CONTACTS in package: com.android.bluetooth at: Binary XML file line #61
11-11 14:52:25.795 26695 26755 W PackageParser: No actions in intent filter at /system/app/Bluetooth/Bluetooth.apk Binary XML file line #227
11-11 14:52:26.464 26695 27673 W PackageParser: Ignoring duplicate uses-permissions/uses-permissions-sdk-m: android.permission.CONFIGURE_WIFI_DISPLAY in package: com.android.systemui at: Binary XML file line #134
11-11 14:52:26.482 26695 27673 W PackageParser: Ignoring duplicate uses-permissions/uses-permissions-sdk-m: android.permission.CONFIGURE_WIFI_DISPLAY in package: com.android.systemui at: Binary XML file line #134
11-11 14:52:27.464 26695 27674 W PackageParser: Ignoring duplicate uses-permissions/uses-permissions-sdk-m: android.permission.INSTALL_GRANT_RUNTIME_PERMISSIONS in package: com.android.shell at: Binary XML file line #111
11-11 14:52:27.476 26695 27674 W PackageParser: Ignoring duplicate uses-permissions/uses-permissions-sdk-m: android.permission.INSTALL_GRANT_RUNTIME_PERMISSIONS in package: com.android.shell at: Binary XML file line #111
11-11 14:52:30.042 26695 27673 W PackageParser: No actions in intent filter at /system/app/CarrierDefaultApp/CarrierDefaultApp.apk Binary XML file line #54
11-11 14:52:30.049 26695 27673 W PackageParser: No actions in intent filter at /system/app/CarrierDefaultApp/CarrierDefaultApp.apk Binary XML file line #54
11-11 14:52:34.437 26695 27674 W PackageParser: Ignoring duplicate uses-permissions/uses-permissions-sdk-m: android.permission.READ_EXTERNAL_STORAGE in package: com.android.launcher3 at: Binary XML file line #82
11-11 14:52:34.447 26695 27674 W PackageParser: Ignoring duplicate uses-permissions/uses-permissions-sdk-m: android.permission.READ_EXTERNAL_STORAGE in package: com.android.launcher3 at: Binary XML file line #82
11-11 14:52:35.284 26695 27673 W PackageParser: No actions in intent filter at /system/priv-app/Contacts/Contacts.apk Binary XML file line #444
11-11 14:52:35.295 26695 27673 W PackageParser: No actions in intent filter at /system/priv-app/Contacts/Contacts.apk Binary XML file line #444
11-11 14:52:46.423 2262 2312 D AutofillManagerService: Close system dialogs
11-11 14:52:46.427 2262 6352 I ActivityManager: START u0 {act=android.intent.action.MAIN cat=[android.intent.category.HOME] flg=0x10000000 cmp=com.android.launcher3/.lineage.LineageLauncher (has extras)} from uid 10035
11-11 14:52:46.450 2262 3038 W ActivityManager: Unable to start service Intent { act=com.android.launcher3.WINDOW_OVERLAY dat=app://com.android.launcher3:10035?v=7&cv=9 pkg=com.google.android.googlequicksearchbox } U=0: not found
11-11 14:52:48.798 2262 2312 D AutofillManagerService: Close system dialogs
11-11 14:52:48.803 2262 6352 I ActivityManager: START u0 {act=android.intent.action.MAIN cat=[android.intent.category.HOME] flg=0x10000000 cmp=com.android.launcher3/.lineage.LineageLauncher (has extras)} from uid 10035
11-11 14:52:48.830 2262 3537 W ActivityManager: Unable to start service Intent { act=com.android.launcher3.WINDOW_OVERLAY dat=app://com.android.launcher3:10035?v=7&cv=9 pkg=com.google.android.googlequicksearchbox } U=0: not found
11-11 14:52:49.575 2262 3537 I ActivityManager: Killing 26695:com.sophos.smsec/u10a122 (adj 1001): remove task
11-11 14:52:49.626 2262 6594 D ConnectivityService: ConnectivityService NetworkRequestInfo binderDied(NetworkRequest [ TRACK_DEFAULT id=119, [ Capabilities: INTERNET&NOT_RESTRICTED&TRUSTED Unwanted: Uid: 1010122] ], android.os.BinderProxy@4433192)
11-11 14:52:49.626 2262 6594 D ConnectivityService: ConnectivityService NetworkRequestInfo binderDied(NetworkRequest [ LISTEN id=115, [ Transports: WIFI Capabilities: INTERNET&NOT_RESTRICTED&TRUSTED&NOT_VPN&FOREGROUND Unwanted: Uid: 1010122] ], android.os.BinderProxy@2a2c763)
11-11 14:52:49.627 2262 2808 D ConnectivityService: releasing NetworkRequest [ TRACK_DEFAULT id=119, [ Capabilities: INTERNET&NOT_RESTRICTED&TRUSTED Unwanted: Uid: 1010122] ] (release request)
11-11 14:52:49.628 2262 2850 W ActivityManager: Scheduling restart of crashed service com.sophos.smsec/.plugin.scanner.quarantine.QuarantineFileObserverService in 1000ms
11-11 14:52:49.628 2262 2850 W ActivityManager: Scheduling restart of crashed service com.sophos.smsec/com.sophos.appprotectengine.service.AppProtectService in 11000ms
11-11 14:52:49.628 2262 2850 W ActivityManager: Scheduling restart of crashed service com.sophos.smsec/.plugin.scanner.service.ScannerService in 21000ms
11-11 14:52:49.629 2262 6352 D ConnectivityService: ConnectivityService NetworkRequestInfo binderDied(NetworkRequest [ LISTEN id=120, [ Capabilities: INTERNET&NOT_RESTRICTED&TRUSTED&FOREGROUND Unwanted: Uid: 1010122] ], android.os.BinderProxy@1a13f60)
11-11 14:52:49.632 2262 2314 W ActivityManager: setHasOverlayUi called on unknown pid: 26695
11-11 14:52:50.299 2262 3537 D ConnectivityService: Returning UNBLOCKED NetworkInfo to uid=1010098
11-11 14:52:50.645 2262 2303 I ActivityManager: Start proc 27900:com.sophos.smsec/u10a122 for service com.sophos.smsec/.plugin.scanner.quarantine.QuarantineFileObserverService
11-11 14:52:51.343 2262 2312 D AutofillManagerService: Close system dialogs
11-11 14:52:51.351 2262 3038 I ActivityManager: START u0 {act=android.intent.action.MAIN cat=[android.intent.category.HOME] flg=0x10000000 cmp=com.android.launcher3/.lineage.LineageLauncher (has extras)} from uid 10035
11-11 14:52:51.371 2262 2850 W ActivityManager: Unable to start service Intent { act=com.android.launcher3.WINDOW_OVERLAY dat=app://com.android.launcher3:10035?v=7&cv=9 pkg=com.google.android.googlequicksearchbox } U=0: not found
11-11 14:52:52.889 2262 3537 I ActivityManager: Killing 15136:android.process.media/u10a22 (adj 906): empty for 1800s
11-11 14:52:52.889 2262 3537 I ActivityManager: Killing 13376:android.process.media/u0a22 (adj 906): empty for 1800s
11-11 14:52:54.336 2262 2850 W AlarmManager: Suspiciously short interval 10000 millis; expanding to 60 seconds
11-11 14:52:54.384 2262 5054 W ActivityManager: Unable to start service Intent { act=com.google.android.play.core.install.BIND_UPDATE_SERVICE pkg=com.android.vending } U=0: not found
11-11 14:52:54.385 2262 3038 W ActivityManager: Unable to start service Intent { act=com.google.android.gms.ads.identifier.service.START pkg=com.google.android.gms } U=0: not found
11-11 14:52:55.827 2262 2312 D AutofillManagerService: Close system dialogs
11-11 14:52:55.831 2262 2764 I ActivityManager: START u0 {act=android.intent.action.MAIN cat=[android.intent.category.HOME] flg=0x10200000 cmp=com.android.launcher3/.lineage.LineageLauncher (has extras)} from uid 1000
11-11 14:52:55.891 2262 2850 W ActivityManager: Unable to start service Intent { act=com.android.launcher3.WINDOW_OVERLAY dat=app://com.android.launcher3:10035?v=7&cv=9 pkg=com.google.android.googlequicksearchbox } U=0: not found
11-11 14:52:58.893 2262 2312 D AutofillManagerService: Close system dialogs
11-11 14:52:59.818 2262 2312 D AutofillManagerService: Close system dialogs
11-11 14:52:59.821 2262 2764 I ActivityManager: START u0 {act=android.intent.action.MAIN cat=[android.intent.category.HOME] flg=0x10200000 cmp=com.android.launcher3/.lineage.LineageLauncher (has extras)} from uid 1000
11-11 14:53:09.361 2262 5054 W ActivityManager: Unable to start service Intent { act=com.google.android.gms.ads.identifier.service.START pkg=com.google.android.gms } U=0: not found
11-11 14:53:09.840 2262 5054 I ActivityManager: START u0 {act=android.intent.action.MAIN cat=[android.intent.category.LAUNCHER] flg=0x10200000 cmp=com.android.terminal/.TerminalActivity bnds=[642,1339][845,1644]} from uid 10035
11-11 14:53:09.892 2262 2303 I ActivityManager: Start proc 28059:com.android.terminal/u0a61 for activity com.android.terminal/.TerminalActivity
11-11 14:53:10.991 2262 2312 D AutofillManagerService: Close system dialogs
11-11 14:53:11.003 2262 3537 I ActivityManager: START u0 {act=android.intent.action.MAIN cat=[android.intent.category.HOME] flg=0x10000000 cmp=com.android.launcher3/.lineage.LineageLauncher (has extras)} from uid 10035
11-11 14:53:11.025 2262 3537 W ActivityManager: Unable to start service Intent { act=com.android.launcher3.WINDOW_OVERLAY dat=app://com.android.launcher3:10035?v=7&cv=9 pkg=com.google.android.googlequicksearchbox } U=0: not found
11-11 14:53:11.097 2262 2262 I NotificationService: Cannot find enqueued record for key: -1|android|8|null|1000
11-11 14:53:11.148 2262 2262 I NotificationService: Cannot find enqueued record for key: -1|android|8|null|1000
11-11 14:53:12.217 2262 6250 I ActivityManager: Killing 28059:com.android.terminal/u0a61 (adj 1001): remove task
11-11 14:53:12.234 2262 6249 W ActivityManager: Scheduling restart of crashed service com.android.terminal/.TerminalService in 1000ms
11-11 14:53:12.240 2262 2314 W ActivityManager: setHasOverlayUi called on unknown pid: 28059
11-11 14:53:12.294 2262 2312 D AutofillManagerService: Close system dialogs
11-11 14:53:12.298 2262 2764 I ActivityManager: START u0 {act=android.intent.action.MAIN cat=[android.intent.category.HOME] flg=0x10200000 cmp=com.android.launcher3/.lineage.LineageLauncher (has extras)} from uid 1000
11-11 14:53:13.257 2262 2303 I ActivityManager: Start proc 28104:com.android.terminal/u0a61 for service com.android.terminal/.TerminalService
11-11 14:53:13.287 2262 6249 W ActivityManager: Stopping service due to app idle: u0a61 -3s291ms com.android.terminal/.TerminalService
11-11 14:53:13.332 28104 28104 I ActivityThread: handleStopService: token=android.os.BinderProxy@4ba7747 not found.
11-11 14:53:13.335 2262 5054 W ActivityManager: Service done with onDestroy, but executeNesting=2: ServiceRecord{18cfe58 u0 com.android.terminal/.TerminalService}
11-11 14:53:28.556 2262 5054 D AutofillManagerServiceImpl: Reset component for user 0 ()
11-11 14:53:33.330 2262 6121 I ActivityManager: START u0 {act=android.intent.action.MAIN cat=[android.intent.category.LAUNCHER] flg=0x10200000 cmp=net.typeblog.shelter/.ui.MainActivity bnds=[31,233][235,538]} from uid 10035
11-11 14:53:33.366 2262 2301 I ActivityManager: Killing 21189:com.android.calendar/u0a75 (adj 904): empty for 1800s
11-11 14:53:33.366 2262 2301 I ActivityManager: Killing 21314:org.lineageos.lockclock/u10a42 (adj 904): empty for 1800s
11-11 14:53:33.367 2262 2301 I ActivityManager: Killing 21203:com.android.providers.calendar/u0a12 (adj 904): empty for 1800s
11-11 14:53:33.367 2262 2301 I ActivityManager: Killing 21297:com.qualcomm.timeservice/u10a83 (adj 904): empty for 1800s
11-11 14:53:33.367 2262 2301 I ActivityManager: Killing 17480:com.revolut.revolut/u0a119 (adj 904): empty for 1800s
11-11 14:53:33.368 2262 2301 I ActivityManager: Killing 21266:com.qualcomm.timeservice/u0a83 (adj 904): empty for 1800s
11-11 14:53:33.368 2262 2301 I ActivityManager: Killing 21227:com.android.deskclock/u0a45 (adj 906): empty for 1800s
11-11 14:53:33.368 2262 2301 I ActivityManager: Killing 21244:com.android.providers.calendar/u10a12 (adj 906): empty for 1800s
11-11 14:53:33.398 2262 2303 I ActivityManager: Start proc 28170:net.typeblog.shelter/u0a107 for activity net.typeblog.shelter/.ui.MainActivity
11-11 14:53:33.586 2262 5903 I ActivityManager: START u0 {act=net.typeblog.shelter.action.TRY_START_SERVICE flg=0x10000 cmp=android/com.android.internal.app.ForwardIntentToManagedProfile (has extras)} from uid 10107
11-11 14:53:33.688 2262 2262 I ActivityManager: START u10 {act=net.typeblog.shelter.action.TRY_START_SERVICE flg=0x3810000 cmp=net.typeblog.shelter/.ui.DummyActivity (has extras) u=0} from uid 10107
11-11 14:53:33.727 2262 2303 I ActivityManager: Start proc 28195:net.typeblog.shelter/u10a107 for activity net.typeblog.shelter/.ui.DummyActivity
11-11 14:53:33.730 2262 2262 I NotificationService: Cannot find enqueued record for key: -1|android|8|null|1000
11-11 14:53:33.820 2262 6250 E DevicePolicyManager: setProfileEnabled is called when the profile is already enabled
11-11 14:53:33.871 2262 6250 I ActivityManager: START u0 {act=net.typeblog.shelter.action.START_SERVICE flg=0x10000 cmp=android/com.android.internal.app.ForwardIntentToManagedProfile (has extras)} from uid 10107
11-11 14:53:33.890 2262 2262 I ActivityManager: START u10 {act=net.typeblog.shelter.action.START_SERVICE flg=0x3810000 cmp=net.typeblog.shelter/.ui.DummyActivity (has extras) u=0} from uid 10107
11-11 14:53:33.923 2262 6250 E DevicePolicyManager: setProfileEnabled is called when the profile is already enabled
11-11 14:53:33.980 2262 2262 I NotificationService: Cannot find enqueued record for key: 0|android|17040825|null|1000
11-11 14:53:37.236 2262 2262 W NotificationService: Toast already killed. pkg=android callback=android.widget.Toast$TN@1d0f20e
11-11 14:53:40.740 2262 2262 W NotificationService: Toast already killed. pkg=android callback=android.widget.Toast$TN@bebd71f
11-11 14:53:48.230 2262 2262 W WindowManager: removeWindowToken: Attempted to remove non-existing token: android.os.Binder@9ca46bb
11-11 14:53:51.735 2262 2262 W WindowManager: removeWindowToken: Attempted to remove non-existing token: android.os.Binder@b5c474e
11-11 14:53:55.867 2262 6252 I ActivityManager: START u10 {act=net.typeblog.shelter.action.INSTALL_PACKAGE flg=0x10000000 cmp=net.typeblog.shelter/.ui.DummyActivity (has extras)} from uid 1010107
11-11 14:53:55.907 2262 6252 E DevicePolicyManager: setProfileEnabled is called when the profile is already enabled
11-11 14:53:55.944 2262 3535 I ActivityManager: START u10 {act=android.intent.action.INSTALL_PACKAGE dat=file:///data/app/com.revolut.revolut-Ma29hG2PJfQBWgJUTiGnWA==/base.apk flg=0x1 cmp=com.android.packageinstaller/.InstallStart (has extras)} from uid 1010107
11-11 14:53:55.998 2262 6252 I ActivityManager: START u10 {act=android.intent.action.INSTALL_PACKAGE dat=file:///data/app/com.revolut.revolut-Ma29hG2PJfQBWgJUTiGnWA==/base.apk flg=0x2000000 cmp=com.android.packageinstaller/.InstallStaging (has extras)} from uid 1010023
11-11 14:53:56.177 2262 2262 I NotificationService: Cannot find enqueued record for key: -1|android|8|null|1000
11-11 14:53:56.282 2262 6252 I ActivityManager: START u10 {act=android.intent.action.INSTALL_PACKAGE dat=file:///data/user_de/10/com.android.packageinstaller/no_backup/package4420734050201626284.apk flg=0x2010000 cmp=com.android.packageinstaller/.DeleteStagedFileOnResult (has extras)} from uid 1010023
11-11 14:53:56.302 2262 6352 I ActivityManager: START u10 {act=android.intent.action.INSTALL_PACKAGE dat=file:///data/user_de/10/com.android.packageinstaller/no_backup/package4420734050201626284.apk flg=0x10000 cmp=com.android.packageinstaller/.PackageInstallerActivity (has extras)} from uid 1010023
11-11 14:53:57.066 2262 5903 I ActivityManager: START u10 {dat=file:///data/user_de/10/com.android.packageinstaller/no_backup/package4420734050201626284.apk flg=0x2000000 cmp=com.android.packageinstaller/.InstallInstalling (has extras)} from uid 1010023
11-11 14:53:58.123 2262 2301 I ActivityManager: Force stopping com.revolut.revolut appid=10119 user=-1: installPackageLI
11-11 14:53:58.215 2262 2402 I PackageManager: Update package com.revolut.revolut code path from /data/app/com.revolut.revolut-Ma29hG2PJfQBWgJUTiGnWA== to /data/app/com.revolut.revolut-hSfilJYb9oT2JvMR7n-X_g==; Retain data and using new
11-11 14:53:58.215 2262 2402 I PackageManager: Update package com.revolut.revolut resource path from /data/app/com.revolut.revolut-Ma29hG2PJfQBWgJUTiGnWA== to /data/app/com.revolut.revolut-hSfilJYb9oT2JvMR7n-X_g==; Retain data and using new
11-11 14:54:10.892 2262 2402 D PackageManager: Instant App installer not found with android.intent.action.INSTALL_INSTANT_APP_PACKAGE
11-11 14:54:10.893 2262 2402 D PackageManager: Clear ephemeral installer activity
11-11 14:54:11.152 2262 2402 I ActivityManager: Force stopping com.revolut.revolut appid=10119 user=0: pkg removed
11-11 14:54:11.164 2262 3263 I ActivityManager: START u10 {dat=file:///data/user_de/10/com.android.packageinstaller/no_backup/package4420734050201626284.apk flg=0x2000000 cmp=com.android.packageinstaller/.InstallSuccess (has extras)} from uid 1010023
11-11 14:54:11.172 2262 2301 W BroadcastQueue: Background execution not allowed: receiving Intent { act=android.intent.action.PACKAGE_REMOVED dat=package:com.revolut.revolut flg=0x4000010 (has extras) } to com.apkpure.aegon/.app.event.SystemPackageEvent$Receiver
11-11 14:54:11.177 2262 2301 W BroadcastQueue: Background execution not allowed: receiving Intent { act=android.intent.action.PACKAGE_REMOVED dat=package:com.revolut.revolut flg=0x4000010 (has extras) } to org.lineageos.audiofx/.Compatibility$Receiver
11-11 14:54:11.177 2262 2301 W BroadcastQueue: Background execution not allowed: receiving Intent { act=android.intent.action.PACKAGE_REMOVED dat=package:com.revolut.revolut flg=0x4000010 (has extras) } to com.sophos.smsec/.SmSecSystemBroadcastReceiver
11-11 14:54:11.194 2262 2301 W BroadcastQueue: Background execution not allowed: receiving Intent { act=android.intent.action.PACKAGE_REMOVED dat=package:com.revolut.revolut flg=0x4000010 (has extras) } to com.sophos.smsec/.plugin.scanner.quarantine.QuarantineBroadcastReceiver
11-11 14:54:11.194 2262 2301 W BroadcastQueue: Background execution not allowed: receiving Intent { act=android.intent.action.PACKAGE_REMOVED dat=package:com.revolut.revolut flg=0x4000010 (has extras) } to com.sophos.smsec/.plugin.scanner.ThreatFoundNotification$AppRemovedListener
11-11 14:54:11.198 2262 2402 I ActivityManager: Force stopping com.revolut.revolut appid=10119 user=0: pkg removed
11-11 14:54:11.214 2262 6249 W ActivityManager: Background start not allowed: service Intent { cmp=com.apkpure.aegon/.services.AppWatcherService (has extras) } to com.apkpure.aegon/.services.AppWatcherService from pid=25496 uid=10116 pkg=com.apkpure.aegon startFg?=false
11-11 14:54:11.223 25496 25496 E AndroidRuntime: FATAL EXCEPTION: main
11-11 14:54:11.223 25496 25496 E AndroidRuntime: Process: com.apkpure.aegon, PID: 25496
11-11 14:54:11.223 25496 25496 E AndroidRuntime: java.lang.RuntimeException: Unable to start receiver com.apkpure.aegon.app.event.SystemPackageEvent$Receiver: java.lang.IllegalStateException: Not allowed to start service Intent { cmp=com.apkpure.aegon/.services.AppWatcherService (has extras) }: app is in background uid UidRecord{b3a2fae u0a116 RCVR idle change:uncached procs:1 seq(0,0,0)}
11-11 14:54:11.223 25496 25496 E AndroidRuntime: at android.app.ActivityThread.handleReceiver(ActivityThread.java:3426)
11-11 14:54:11.223 25496 25496 E AndroidRuntime: at android.app.ActivityThread.access$1200(ActivityThread.java:200)
11-11 14:54:11.223 25496 25496 E AndroidRuntime: at android.app.ActivityThread$H.handleMessage(ActivityThread.java:1667)
11-11 14:54:11.223 25496 25496 E AndroidRuntime: at android.os.Handler.dispatchMessage(Handler.java:106)
11-11 14:54:11.223 25496 25496 E AndroidRuntime: at android.os.Looper.loop(Looper.java:193)
11-11 14:54:11.223 25496 25496 E AndroidRuntime: at android.app.ActivityThread.main(ActivityThread.java:6718)
11-11 14:54:11.223 25496 25496 E AndroidRuntime: at java.lang.reflect.Method.invoke(Native Method)
11-11 14:54:11.223 25496 25496 E AndroidRuntime: at com.android.internal.os.RuntimeInit$MethodAndArgsCaller.run(RuntimeInit.java:493)
11-11 14:54:11.223 25496 25496 E AndroidRuntime: at com.android.internal.os.ZygoteInit.main(ZygoteInit.java:858)
11-11 14:54:11.223 25496 25496 E AndroidRuntime: Caused by: java.lang.IllegalStateException: Not allowed to start service Intent { cmp=com.apkpure.aegon/.services.AppWatcherService (has extras) }: app is in background uid UidRecord{b3a2fae u0a116 RCVR idle change:uncached procs:1 seq(0,0,0)}
11-11 14:54:11.223 25496 25496 E AndroidRuntime: at android.app.ContextImpl.startServiceCommon(ContextImpl.java:1577)
11-11 14:54:11.223 25496 25496 E AndroidRuntime: at android.app.ContextImpl.startService(ContextImpl.java:1532)
11-11 14:54:11.223 25496 25496 E AndroidRuntime: at android.content.ContextWrapper.startService(ContextWrapper.java:664)
11-11 14:54:11.223 25496 25496 E AndroidRuntime: at android.content.ContextWrapper.startService(ContextWrapper.java:664)
11-11 14:54:11.223 25496 25496 E AndroidRuntime: at b.d.a.b.b.B.a(SourceFile:7)
11-11 14:54:11.223 25496 25496 E AndroidRuntime: at b.d.a.b.b.B.d(SourceFile:1)
11-11 14:54:11.223 25496 25496 E AndroidRuntime: at b.d.a.b.b.B.B(SourceFile:1)
11-11 14:54:11.223 25496 25496 E AndroidRuntime: at com.apkpure.aegon.app.event.SystemPackageEvent$Receiver.onReceive(SourceFile:7)
11-11 14:54:11.223 25496 25496 E AndroidRuntime: at android.app.ActivityThread.handleReceiver(ActivityThread.java:3417)
11-11 14:54:11.223 25496 25496 E AndroidRuntime: ... 8 more
11-11 14:54:11.233 2262 5054 W BroadcastQueue: Background execution not allowed: receiving Intent { act=android.intent.action.PACKAGE_ADDED dat=package:com.revolut.revolut flg=0x4000010 (has extras) } to com.sophos.smsec/.SmSecSystemBroadcastReceiver
11-11 14:54:11.234 2262 2301 W BroadcastQueue: Background execution not allowed: receiving Intent { act=android.intent.action.PACKAGE_ADDED dat=package:com.revolut.revolut flg=0x4000010 (has extras) } to com.apkpure.aegon/.app.event.SystemPackageEvent$Receiver
11-11 14:54:11.234 2262 2301 W BroadcastQueue: Background execution not allowed: receiving Intent { act=android.intent.action.PACKAGE_ADDED dat=package:com.revolut.revolut flg=0x4000010 (has extras) } to com.sophos.smsec/.SmSecSystemBroadcastReceiver
11-11 14:54:11.235 2262 2301 W BroadcastQueue: Background execution not allowed: receiving Intent { act=android.intent.action.PACKAGE_ADDED dat=package:com.revolut.revolut flg=0x4000010 (has extras) } to org.lineageos.audiofx/.Compatibility$Receiver
11-11 14:54:11.235 2262 2301 W BroadcastQueue: Background execution not allowed: receiving Intent { act=android.intent.action.PACKAGE_ADDED dat=package:com.revolut.revolut flg=0x4000010 (has extras) } to com.apkpure.aegon/com.zcoup.base.tp.UtilityReceiver
11-11 14:54:11.240 2262 2850 W ActivityManager: Background start not allowed: service Intent { act=com.google.android.gms.analytics.ANALYTICS_DISPATCH cmp=com.apkpure.aegon/com.google.android.gms.analytics.AnalyticsService } to com.apkpure.aegon/com.google.android.gms.analytics.AnalyticsService from pid=25496 uid=10116 pkg=com.apkpure.aegon startFg?=false
11-11 14:54:11.251 2262 2302 D AutofillUI: destroySaveUiUiThread(): already destroyed
11-11 14:54:11.251 2262 2300 D AutofillManagerServiceImpl: Reset component for user 10 ()
11-11 14:54:11.251 2262 2300 D FieldClassificationStrategy: reset(): service is not bound. Do nothing.
11-11 14:54:11.252 2262 2300 W VoiceInteractionManagerService: no available voice recognition services found for user 10
11-11 14:54:11.273 2262 2301 W BroadcastQueue: Background execution not allowed: receiving Intent { act=android.intent.action.PACKAGE_REPLACED dat=package:com.revolut.revolut flg=0x4000010 (has extras) } to com.apkpure.aegon/.app.event.SystemPackageEvent$Receiver
11-11 14:54:11.273 2262 2301 W BroadcastQueue: Background execution not allowed: receiving Intent { act=android.intent.action.PACKAGE_REPLACED dat=package:com.revolut.revolut flg=0x4000010 (has extras) } to org.lineageos.audiofx/.Compatibility$Receiver
11-11 14:54:11.316 2262 2262 I Telecom : DefaultDialerCache: Refreshing default dialer for user 0: now com.android.dialer: DDC.oR@BTA
11-11 14:54:11.320 2262 2262 I Telecom : DefaultDialerCache: Refreshing default dialer for user 10: now null: DDC.oR@BTA
11-11 14:54:11.447 2262 2262 I Telecom : DefaultDialerCache: Refreshing default dialer for user 0: now com.android.dialer: DDC.oR@BTE
11-11 14:54:11.460 2262 2262 I Telecom : DefaultDialerCache: Refreshing default dialer for user 10: now null: DDC.oR@BTE
11-11 14:54:11.460 2262 2262 W Looper : Slow delivery took 231ms main h=com.android.server.media.MediaRouterService$UserHandler c=android.app.-$$Lambda$LoadedApk$ReceiverDispatcher$Args$_BumDX2UKsnxLVrE6UJsJZkotuA@4faf927 m=0
11-11 14:54:11.478 2262 2300 D AutofillManagerServiceImpl: Reset component for user 0 ()
11-11 14:54:11.478 2262 2300 D FieldClassificationStrategy: reset(): service is not bound. Do nothing.
11-11 14:54:11.478 2262 2302 D AutofillUI: destroySaveUiUiThread(): already destroyed
11-11 14:54:11.482 2262 2300 W VoiceInteractionManagerService: no available voice recognition services found for user 0
11-11 14:54:11.638 2262 2262 W Looper : Drained
11-11 14:54:12.374 2262 2312 D AutofillManagerService: Close system dialogs
11-11 14:54:12.384 2262 3263 D AutofillManagerServiceImpl: Reset component for user 0 ()
11-11 14:54:12.392 2262 3263 I ActivityManager: START u0 {act=android.intent.action.MAIN cat=[android.intent.category.HOME] flg=0x10000000 cmp=com.android.launcher3/.lineage.LineageLauncher (has extras)} from uid 10035
11-11 14:54:12.420 2262 3263 W ActivityManager: Unable to start service Intent { act=com.android.launcher3.WINDOW_OVERLAY dat=app://com.android.launcher3:10035?v=7&cv=9 pkg=com.google.android.googlequicksearchbox } U=0: not found
11-11 14:54:12.478 2262 2262 I NotificationService: Cannot find enqueued record for key: -1|android|8|null|1000
11-11 14:54:12.543 2262 2262 I NotificationService: Cannot find enqueued record for key: -1|android|8|null|1000
11-11 14:54:13.053 2262 3263 I ActivityManager: Process net.typeblog.shelter (pid 28195) has died: cch CEM
11-11 14:54:13.058 2262 2314 W ActivityManager: setHasOverlayUi called on unknown pid: 28195
11-11 14:54:13.362 2262 2262 I ActivityManager: Killing 28170:net.typeblog.shelter/u0a107 (adj 900): remove task
11-11 14:54:13.420 2262 3537 I WindowManager: WIN DEATH: Window{fb16d3c u0 Toast EXITING}
11-11 14:54:13.439 2262 2312 D AutofillManagerService: Close system dialogs
11-11 14:54:13.442 2262 2764 I ActivityManager: START u0 {act=android.intent.action.MAIN cat=[android.intent.category.HOME] flg=0x10200000 cmp=com.android.launcher3/.lineage.LineageLauncher (has extras)} from uid 1000
11-11 14:54:13.897 2262 2314 W ActivityManager: setHasOverlayUi called on unknown pid: 28170
11-11 14:54:14.910 2262 2314 W WindowManager: Unable to start animation, surface is null or no children.
11-11 14:54:16.140 2262 3441 I ActivityManager: START u10 {act=android.intent.action.MAIN cat=[android.intent.category.LAUNCHER] flg=0x10200000 cmp=com.revolut.revolut/com.revolut.ui.login.pin.LoginActivity bnds=[845,384][1049,689]} from uid 10035
11-11 14:54:16.197 2262 2303 I ActivityManager: Start proc 28519:com.revolut.revolut/u10a119 for activity com.revolut.revolut/com.revolut.ui.login.pin.LoginActivity
11-11 14:54:16.231 2262 3537 W ActivityManager: Request to remove task ignored for non-existent task 1000059
11-11 14:54:16.412 2262 3441 W ActivityManager: Unable to start service Intent { act=com.google.android.gms.ads.identifier.service.START pkg=com.google.android.gms } U=10: not found
11-11 14:54:16.823 2262 6123 D PackageManager: Instant App installer not found with android.intent.action.INSTALL_INSTANT_APP_PACKAGE
11-11 14:54:16.823 2262 6123 D PackageManager: Clear ephemeral installer activity
11-11 14:54:16.849 2262 6123 W ActivityManager: Unable to start service Intent { act=com.google.android.play.core.install.BIND_INSTALL_SERVICE pkg=com.android.vending } U=10: not found
11-11 14:54:16.850 2262 6123 W ActivityManager: Unbind failed: could not find connection for android.os.BinderProxy@40b6292
11-11 14:54:16.881 2262 6123 D PackageManager: Instant App installer not found with android.intent.action.INSTALL_INSTANT_APP_PACKAGE
11-11 14:54:16.881 2262 6123 D PackageManager: Clear ephemeral installer activity
11-11 14:54:16.883 2262 6123 W ActivityManager: Unable to start service Intent { act=com.google.android.gms.ads.identifier.service.START pkg=com.google.android.gms } U=10: not found
11-11 14:54:17.002 28519 28519 E AndroidRuntime: FATAL EXCEPTION: main
11-11 14:54:17.002 28519 28519 E AndroidRuntime: Process: com.revolut.revolut, PID: 28519
11-11 14:54:17.002 28519 28519 E AndroidRuntime: java.lang.UnsatisfiedLinkError: dalvik.system.PathClassLoader[DexPathList[[zip file "/system/framework/org.apache.http.legacy.boot.jar", zip file "/data/app/com.revolut.revolut-hSfilJYb9oT2JvMR7n-X_g==/base.apk"],nativeLibraryDirectories=[/data/app/com.revolut.revolut-hSfilJYb9oT2JvMR7n-X_g==/lib/arm64, /system/lib64, /vendor/lib64]]] couldn't find "libsqlcipher.so"
11-11 14:54:17.002 28519 28519 E AndroidRuntime: at java.lang.Runtime.loadLibrary0(Runtime.java:1012)
11-11 14:54:17.002 28519 28519 E AndroidRuntime: at java.lang.System.loadLibrary(System.java:1669)
11-11 14:54:17.002 28519 28519 E AndroidRuntime: at net.sqlcipher.database.SQLiteDatabase$1.loadLibraries(SourceFile:2)
11-11 14:54:17.002 28519 28519 E AndroidRuntime: at net.sqlcipher.database.SQLiteDatabase.loadLibs(SourceFile:7)
11-11 14:54:17.002 28519 28519 E AndroidRuntime: at net.sqlcipher.database.SQLiteDatabase.loadLibs(SourceFile:3)
11-11 14:54:17.002 28519 28519 E AndroidRuntime: at net.sqlcipher.database.SQLiteDatabase.loadLibs(SourceFile:1)
11-11 14:54:17.002 28519 28519 E AndroidRuntime: at com.revolut.n.g.a.a.a(SourceFile:1)
11-11 14:54:17.002 28519 28519 E AndroidRuntime: at com.revolut.data.database.AppRoomDatabase$a.a(SourceFile:63)
11-11 14:54:17.002 28519 28519 E AndroidRuntime: at com.revolut.data.database.b.e(SourceFile:1)
11-11 14:54:17.002 28519 28519 E AndroidRuntime: at com.revolut.data.database.b.c(SourceFile:1)
11-11 14:54:17.002 28519 28519 E AndroidRuntime: at com.revolut.data.database.b$d.invoke(SourceFile:2)
11-11 14:54:17.002 28519 28519 E AndroidRuntime: at com.revolut.data.database.b$d.invoke(SourceFile:1)
11-11 14:54:17.002 28519 28519 E AndroidRuntime: at com.revolut.n.f.c.a(SourceFile:6)
11-11 14:54:17.002 28519 28519 E AndroidRuntime: at com.revolut.data.database.b.d(Unknown Source:7)
11-11 14:54:17.002 28519 28519 E AndroidRuntime: at com.revolut.data.database.b.c(SourceFile:2)
11-11 14:54:17.002 28519 28519 E AndroidRuntime: at com.revolut.data.k.b.z(SourceFile:1)
11-11 14:54:17.002 28519 28519 E AndroidRuntime: at com.revolut.data.k.j0.b(SourceFile:1)
11-11 14:54:17.002 28519 28519 E AndroidRuntime: at com.revolut.data.k.j0.get(SourceFile:2)
11-11 14:54:17.002 28519 28519 E AndroidRuntime: at com.revolut.data.k.j0.get(SourceFile:1)
11-11 14:54:17.002 28519 28519 E AndroidRuntime: at com.revolut.data.k.x1.get(SourceFile:2)
11-11 14:54:17.002 28519 28519 E AndroidRuntime: at com.revolut.data.k.x1.get(SourceFile:1)
11-11 14:54:17.002 28519 28519 E AndroidRuntime: at f.c.c.get(SourceFile:6)
11-11 14:54:17.002 28519 28519 E AndroidRuntime: at com.revolut.data.r.s1.i0.get(SourceFile:2)
11-11 14:54:17.002 28519 28519 E AndroidRuntime: at com.revolut.data.r.s1.i0.get(SourceFile:1)
11-11 14:54:17.002 28519 28519 E AndroidRuntime: at f.c.c.get(SourceFile:6)
11-11 14:54:17.002 28519 28519 E AndroidRuntime: at com.revolut.data.k.a.v1(SourceFile:1)
11-11 14:54:17.002 28519 28519 E AndroidRuntime: at com.revolut.o.n1$c4.get(SourceFile:2)
11-11 14:54:17.002 28519 28519 E AndroidRuntime: at com.revolut.o.n1$c4.get(SourceFile:1)
11-11 14:54:17.002 28519 28519 E AndroidRuntime: at com.revolut.p.c.w0.m.get(SourceFile:2)
11-11 14:54:17.002 28519 28519 E AndroidRuntime: at com.revolut.p.c.w0.m.get(SourceFile:1)
11-11 14:54:17.002 28519 28519 E AndroidRuntime: at com.revolut.q.h0.f.get(SourceFile:2)
11-11 14:54:17.002 28519 28519 E AndroidRuntime: at com.revolut.q.h0.f.get(SourceFile:1)
11-11 14:54:17.002 28519 28519 E AndroidRuntime: at f.c.c.get(SourceFile:6)
11-11 14:54:17.002 28519 28519 E AndroidRuntime: at com.revolut.o.l1.get(SourceFile:2)
11-11 14:54:17.002 28519 28519 E AndroidRuntime: at com.revolut.o.l1.get(SourceFile:1)
11-11 14:54:17.002 28519 28519 E AndroidRuntime: at f.c.l.get(SourceFile:5)
11-11 14:54:17.002 28519 28519 E AndroidRuntime: at com.revolut.o.m1.get(SourceFile:2)
11-11 14:54:17.002 28519 28519 E AndroidRuntime: at com.revolut.o.m1.get(SourceFile:1)
11-11 14:54:17.002 28519 28519 E AndroidRuntime: at f.c.c.get(SourceFile:6)
11-11 14:54:17.002 28519 28519 E AndroidRuntime: at com.revolut.o.n1.L(SourceFile:2)
11-11 14:54:17.002 28519 28519 E AndroidRuntime: at com.revolut.RevolutApplication.onCreate(SourceFile:10)
11-11 14:54:17.002 28519 28519 E AndroidRuntime: at android.app.Instrumentation.callApplicationOnCreate(Instrumentation.java:1154)
11-11 14:54:17.002 28519 28519 E AndroidRuntime: at android.app.ActivityThread.handleBindApplication(ActivityThread.java:5920)
11-11 14:54:17.002 28519 28519 E AndroidRuntime: at android.app.ActivityThread.access$1100(ActivityThread.java:200)
11-11 14:54:17.002 28519 28519 E AndroidRuntime: at android.app.ActivityThread$H.handleMessage(ActivityThread.java:1656)
11-11 14:54:17.002 28519 28519 E AndroidRuntime: at android.os.Handler.dispatchMessage(Handler.java:106)
11-11 14:54:17.002 28519 28519 E AndroidRuntime: at android.os.Looper.loop(Looper.java:193)
11-11 14:54:17.002 28519 28519 E AndroidRuntime: at android.app.ActivityThread.main(ActivityThread.java:6718)
11-11 14:54:17.002 28519 28519 E AndroidRuntime: at java.lang.reflect.Method.invoke(Native Method)
11-11 14:54:17.002 28519 28519 E AndroidRuntime: at com.android.internal.os.RuntimeInit$MethodAndArgsCaller.run(RuntimeInit.java:493)
11-11 14:54:17.002 28519 28519 E AndroidRuntime: at com.android.internal.os.ZygoteInit.main(ZygoteInit.java:858)
11-11 14:54:17.016 2262 6123 W ActivityManager: Unable to start service Intent { act=com.google.android.gms.ads.identifier.service.START pkg=com.google.android.gms } U=10: not found
11-11 14:54:17.421 2262 6123 W ActivityManager: Force finishing activity com.revolut.revolut/com.revolut.ui.login.pin.LoginActivity
11-11 14:54:17.448 2262 6123 I ActivityManager: Process com.revolut.revolut (pid 28519) has died: fore TOP
11-11 14:54:17.449 2262 6123 W ActivityManager: Scheduling restart of crashed service com.revolut.revolut/androidx.work.impl.background.systemjob.SystemJobService in 1000ms
11-11 14:54:17.455 2262 2737 W WindowManager: Failed looking up window callers=com.android.server.wm.WindowManagerService.windowForClientLocked:5525 com.android.server.wm.WindowManagerService.removeWindow:1641 com.android.server.wm.Session.remove:226
11-11 14:54:17.479 1949 28622 W SocketClient: write error (Broken pipe)
11-11 14:54:17.490 1949 28624 W SocketClient: write error (Broken pipe)
11-11 14:54:18.466 2262 2303 I ActivityManager: Start proc 28625:com.revolut.revolut/u10a119 for service com.revolut.revolut/androidx.work.impl.background.systemjob.SystemJobService
11-11 14:54:19.190 2262 6123 W ActivityManager: Unable to start service Intent { act=com.google.android.gms.ads.identifier.service.START pkg=com.google.android.gms } U=10: not found
11-11 14:54:19.251 2262 6123 I ActivityManager: START u10 {act=android.intent.action.MAIN cat=[android.intent.category.LAUNCHER] flg=0x10200000 cmp=com.revolut.revolut/com.revolut.ui.login.pin.LoginActivity bnds=[845,384][1049,689]} from uid 10035
11-11 14:54:19.358 2262 6123 W ActivityManager: Unable to start service Intent { act=com.google.android.gms.ads.identifier.service.START pkg=com.google.android.gms } U=10: not found
11-11 14:54:19.546 2262 6123 W ActivityManager: Unable to start service Intent { act=com.google.android.play.core.install.BIND_INSTALL_SERVICE pkg=com.android.vending } U=10: not found
11-11 14:54:19.547 2262 6123 W ActivityManager: Unbind failed: could not find connection for android.os.BinderProxy@184c531
11-11 14:54:19.675 28625 28625 E AndroidRuntime: FATAL EXCEPTION: main
11-11 14:54:19.675 28625 28625 E AndroidRuntime: Process: com.revolut.revolut, PID: 28625
11-11 14:54:19.675 28625 28625 E AndroidRuntime: java.lang.UnsatisfiedLinkError: dalvik.system.PathClassLoader[DexPathList[[zip file "/system/framework/org.apache.http.legacy.boot.jar", zip file "/data/app/com.revolut.revolut-hSfilJYb9oT2JvMR7n-X_g==/base.apk"],nativeLibraryDirectories=[/data/app/com.revolut.revolut-hSfilJYb9oT2JvMR7n-X_g==/lib/arm64, /system/lib64, /vendor/lib64]]] couldn't find "libsqlcipher.so"
11-11 14:54:19.675 28625 28625 E AndroidRuntime: at java.lang.Runtime.loadLibrary0(Runtime.java:1012)
11-11 14:54:19.675 28625 28625 E AndroidRuntime: at java.lang.System.loadLibrary(System.java:1669)
11-11 14:54:19.675 28625 28625 E AndroidRuntime: at net.sqlcipher.database.SQLiteDatabase$1.loadLibraries(SourceFile:2)
11-11 14:54:19.675 28625 28625 E AndroidRuntime: at net.sqlcipher.database.SQLiteDatabase.loadLibs(SourceFile:7)
11-11 14:54:19.675 28625 28625 E AndroidRuntime: at net.sqlcipher.database.SQLiteDatabase.loadLibs(SourceFile:3)
11-11 14:54:19.675 28625 28625 E AndroidRuntime: at net.sqlcipher.database.SQLiteDatabase.loadLibs(SourceFile:1)
11-11 14:54:19.675 28625 28625 E AndroidRuntime: at com.revolut.n.g.a.a.a(SourceFile:1)
11-11 14:54:19.675 28625 28625 E AndroidRuntime: at com.revolut.data.database.AppRoomDatabase$a.a(SourceFile:63)
11-11 14:54:19.675 28625 28625 E AndroidRuntime: at com.revolut.data.database.b.e(SourceFile:1)
11-11 14:54:19.675 28625 28625 E AndroidRuntime: at com.revolut.data.database.b.c(SourceFile:1)
11-11 14:54:19.675 28625 28625 E AndroidRuntime: at com.revolut.data.database.b$d.invoke(SourceFile:2)
11-11 14:54:19.675 28625 28625 E AndroidRuntime: at com.revolut.data.database.b$d.invoke(SourceFile:1)
11-11 14:54:19.675 28625 28625 E AndroidRuntime: at com.revolut.n.f.c.a(SourceFile:6)
11-11 14:54:19.675 28625 28625 E AndroidRuntime: at com.revolut.data.database.b.d(Unknown Source:7)
11-11 14:54:19.675 28625 28625 E AndroidRuntime: at com.revolut.data.database.b.c(SourceFile:2)
11-11 14:54:19.675 28625 28625 E AndroidRuntime: at com.revolut.data.k.b.z(SourceFile:1)
11-11 14:54:19.675 28625 28625 E AndroidRuntime: at com.revolut.data.k.j0.b(SourceFile:1)
11-11 14:54:19.675 28625 28625 E AndroidRuntime: at com.revolut.data.k.j0.get(SourceFile:2)
11-11 14:54:19.675 28625 28625 E AndroidRuntime: at com.revolut.data.k.j0.get(SourceFile:1)
11-11 14:54:19.675 28625 28625 E AndroidRuntime: at com.revolut.data.k.x1.get(SourceFile:2)
11-11 14:54:19.675 28625 28625 E AndroidRuntime: at com.revolut.data.k.x1.get(SourceFile:1)
11-11 14:54:19.675 28625 28625 E AndroidRuntime: at f.c.c.get(SourceFile:6)
11-11 14:54:19.675 28625 28625 E AndroidRuntime: at com.revolut.data.r.s1.i0.get(SourceFile:2)
11-11 14:54:19.675 28625 28625 E AndroidRuntime: at com.revolut.data.r.s1.i0.get(SourceFile:1)
