11-11 15:26:02.343 2262 2804 D WifiService: AuthAlgorithms:
11-11 15:26:02.343 2262 2804 D WifiService: PairwiseCiphers:
11-11 15:26:02.343 2262 2804 D WifiService: GroupCiphers:
11-11 15:26:02.343 2262 2804 D WifiService: PSK: *
11-11 15:26:02.343 2262 2804 D WifiService: Enterprise config:
11-11 15:26:02.343 2262 2804 D WifiService: IP config:
11-11 15:26:02.343 2262 2804 D WifiService: IP assignment: DHCP
11-11 15:26:02.343 2262 2804 D WifiService: Proxy settings: NONE
11-11 15:26:02.343 2262 2804 D WifiService: cuid=-1 luid=-1 lcuid=0 userApproved=USER_UNSPECIFIED noInternetAccessExpected=false
11-11 15:26:02.343 2262 2804 D WifiService: recentFailure: Association Rejection code: 0
11-11 15:26:02.343 2262 2804 D WifiService: uid=1000 name=android.uid.system:1000
11-11 15:26:15.853 2262 5054 I ActivityManager: START u0 {act=android.intent.action.MAIN cmp=com.android.settings/.SubSettings (has extras)} from uid 1000
11-11 15:26:26.150 2262 2302 D AutofillManagerService: onBackKeyPressed()
11-11 15:26:40.067 2262 6250 I ActivityManager: START u0 {act=android.intent.action.MAIN cmp=com.android.settings/.SubSettings (has extras)} from uid 1000
11-11 15:26:42.442 2262 2804 D WifiService: New client listening to asynchronous messages
11-11 15:26:43.373 2262 2302 D AutofillManagerService: onBackKeyPressed()
11-11 15:26:46.537 1958 1958 W wificond: Scan is not started. Ignore abort request
11-11 15:26:46.645 2262 2805 D ConnectivityService: registerNetworkAgent NetworkAgentInfo{ ni{[type: WIFI[], state: CONNECTING/CONNECTING, reason: (unspecified), extra: (none), failover: false, available: true, roaming: false]} network{107} nethandle{462967197709} lp{{LinkAddresses: [] Routes: [] DnsAddresses: [] UsePrivateDns: false PrivateDnsServerName: null Domains: null MTU: 0}} nc{[ Transports: WIFI Capabilities: NOT_METERED&INTERNET&NOT_RESTRICTED&TRUSTED&NOT_VPN&NOT_ROAMING&FOREGROUND&NOT_CONGESTED&NOT_SUSPENDED Unwanted: LinkUpBandwidth>=1048576Kbps LinkDnBandwidth>=1048576Kbps SSID: "wsvs4X2I"]} Score{20} everValidated{false} lastValidated{false} created{false} lingering{false} explicitlySelected{false} acceptUnvalidated{false} everCaptivePortalDetected{false} lastCaptivePortalDetected{false} clat{null} }
11-11 15:26:46.645 2262 2808 D ConnectivityService: NetworkAgentInfo [WIFI () - 107] EVENT_NETWORK_INFO_CHANGED, going from null to CONNECTING
11-11 15:26:46.666 2262 2808 D ConnectivityService: NetworkAgentInfo [WIFI () - 107] EVENT_NETWORK_INFO_CHANGED, going from CONNECTING to CONNECTING
11-11 15:26:48.955 2262 2808 D ConnectivityService: NetworkAgentInfo [WIFI () - 107] EVENT_NETWORK_INFO_CHANGED, going from CONNECTING to CONNECTED
11-11 15:26:48.979 2262 2808 W DnsManager: updatePrivateDns(107, PrivateDnsConfig{true:dns.quad9.net/[]})
11-11 15:26:48.979 2262 2808 D ConnectivityService: Setting DNS servers for network 107 to [/192.168.1.1]
11-11 15:26:48.980 2262 2808 D DnsManager: setDnsConfigurationForNetwork(107, [192.168.1.1], [lan], [1800, 25, 8, 64], dns.quad9.net, [])
11-11 15:26:48.993 2262 2808 D ConnectivityService: Adding iface wlan0 to network 107
11-11 15:26:49.009 2262 2808 D ConnectivityService: Setting DNS servers for network 107 to [/192.168.1.1]
11-11 15:26:49.009 2262 2808 D DnsManager: setDnsConfigurationForNetwork(107, [192.168.1.1], [lan], [1800, 25, 8, 64], dns.quad9.net, [])
11-11 15:26:49.045 2262 2808 D ConnectivityService: Switching to new default network: NetworkAgentInfo{ ni{[type: WIFI[], state: CONNECTED/CONNECTED, reason: (unspecified), extra: (none), failover: false, available: true, roaming: false]} network{107} nethandle{462967197709} lp{{InterfaceName: wlan0 LinkAddresses: [fe80::3680:b3ff:fe7c:2536/64,192.168.1.64/24,] Routes: [fe80::/64 -> :: wlan0,192.168.1.0/24 -> 0.0.0.0 wlan0,0.0.0.0/0 -> 192.168.1.1 wlan0,] DnsAddresses: [192.168.1.1,] UsePrivateDns: true PrivateDnsServerName: dns.quad9.net Domains: lan MTU: 0 TcpBufferSizes: 524288,1048576,2097152,262144,524288,1048576}} nc{[ Transports: WIFI Capabilities: NOT_METERED&INTERNET&NOT_RESTRICTED&TRUSTED&NOT_VPN&NOT_ROAMING&FOREGROUND&NOT_CONGESTED&NOT_SUSPENDED Unwanted: LinkUpBandwidth>=1048576Kbps LinkDnBandwidth>=1048576Kbps SignalStrength: -57 SSID: "wsvs4X2I"]} Score{20} everValidated{false} lastValidated{false} created{true} lingering{false} explicitlySelected{false} acceptUnvalidated{false} everCaptivePortalDetected{false} lastCaptivePortalDetected{false} clat{null} }
11-11 15:26:49.047 1949 2134 E NetlinkEvent: NetlinkEvent::FindParam(): Parameter 'INTERFACE' not found
11-11 15:26:49.047 1949 2134 E NetlinkEvent: NetlinkEvent::FindParam(): Parameter 'STATE' not found
11-11 15:26:49.047 1949 2134 E NetlinkEvent: NetlinkEvent::FindParam(): Parameter 'TIME_NS' not found
11-11 15:26:49.047 1949 2134 E NetlinkEvent: NetlinkEvent::FindParam(): Parameter 'UID' not found
11-11 15:26:49.118 2262 2808 D ConnectivityService: Sending CONNECTED broadcast for type 1 NetworkAgentInfo [WIFI () - 107] isDefaultNetwork=true
11-11 15:26:49.132 2262 8104 D ConnectivityService: Returning UNBLOCKED NetworkInfo to uid=1010098
11-11 15:26:49.167 2262 2802 E NetworkPolicy: Missing subscriberId for subId 2
11-11 15:26:49.223 2262 3537 D ConnectivityService: Returning BLOCKED NetworkInfo to uid=10084
11-11 15:26:49.379 2262 2808 W DnsManager: updatePrivateDns(107, PrivateDnsConfig{true:dns.quad9.net/[/149.112.112.112, /9.9.9.9, /2620:fe::fe, /2620:fe::9]})
11-11 15:26:49.379 2262 2808 D ConnectivityService: Setting DNS servers for network 107 to [/192.168.1.1]
11-11 15:26:49.381 2262 2808 D DnsManager: setDnsConfigurationForNetwork(107, [192.168.1.1], [lan], [1800, 25, 8, 64], dns.quad9.net, [149.112.112.112, 9.9.9.9])
11-11 15:26:49.816 2262 2808 D ConnectivityService: NetworkAgentInfo [WIFI () - 107] validation passed
11-11 15:26:51.888 2262 2312 D AutofillManagerService: Close system dialogs
11-11 15:26:51.894 2262 2286 I ActivityManager: START u0 {act=android.intent.action.MAIN cat=[android.intent.category.HOME] flg=0x10000000 cmp=com.android.launcher3/.lineage.LineageLauncher (has extras)} from uid 10035
11-11 15:26:51.921 2262 2286 W ActivityManager: Unable to start service Intent { act=com.android.launcher3.WINDOW_OVERLAY dat=app://com.android.launcher3:10035?v=7&cv=9 pkg=com.google.android.googlequicksearchbox } U=0: not found
11-11 15:26:52.146 2262 2808 D ConnectivityService: Adding iface tun10 to network 102
11-11 15:26:52.157 2262 2808 D ConnectivityService: Removing iface tun8 from network 102
11-11 15:26:52.174 2262 2808 E ConnectivityService: Exception in removeRoute: java.lang.IllegalStateException: command '1676 network route remove 102 tun8 0.0.0.0/0' failed with '400 1676 removeRoute() failed (No such device)'
11-11 15:26:52.175 2262 2808 E ConnectivityService: Exception in removeRoute: java.lang.IllegalStateException: command '1677 network route remove 102 tun8 ::/0 unreachable' failed with '400 1677 removeRoute() failed (No such device)'
11-11 15:26:52.177 2262 2808 E ConnectivityService: Exception in removeRoute: java.lang.IllegalStateException: command '1678 network route remove 102 tun8 10.33.10.4/30' failed with '400 1678 removeRoute() failed (No such device)'
11-11 15:26:52.367 2262 2808 D ConnectivityService: Adding iface tun11 to network 101
11-11 15:26:52.376 2262 2808 D ConnectivityService: Removing iface tun9 from network 101
11-11 15:26:52.388 2262 2808 E ConnectivityService: Exception in removeRoute: java.lang.IllegalStateException: command '1684 network route remove 101 tun9 0.0.0.0/0' failed with '400 1684 removeRoute() failed (No such device)'
11-11 15:26:52.390 2262 2808 E ConnectivityService: Exception in removeRoute: java.lang.IllegalStateException: command '1685 network route remove 101 tun9 ::/0 unreachable' failed with '400 1685 removeRoute() failed (No such device)'
11-11 15:26:52.391 2262 2808 E ConnectivityService: Exception in removeRoute: java.lang.IllegalStateException: command '1686 network route remove 101 tun9 10.1.10.4/30' failed with '400 1686 removeRoute() failed (No such device)'
11-11 15:26:52.917 2262 3038 I ActivityManager: Killing 31015:com.android.settings/1000 (adj 900): remove task
11-11 15:26:52.960 2262 6250 I WindowManager: WIN DEATH: Window{886dd98 u0 com.android.settings/com.android.settings.Settings$WifiSettingsActivity}
11-11 15:26:52.961 2262 2804 W WifiService: Client connection lost with reason: 4
11-11 15:26:52.961 2262 2804 W WifiService: Client connection lost with reason: 4
11-11 15:26:52.975 2262 2314 W ActivityManager: setHasOverlayUi called on unknown pid: 31015
11-11 15:26:54.439 2262 2765 D WindowManager: powerPress: eventTime=91229045 interactive=true count=1 beganFromNonInteractive=false mShortPressOnPowerBehavior=1
11-11 15:26:54.439 2262 2765 I PowerManagerService: Going to sleep due to power button (uid 1000)...
11-11 15:26:54.439 2262 2262 W UsageStatsService: Event reported without a package name
11-11 15:26:54.439 2262 2262 W UsageStatsService: Event reported without a package name
11-11 15:26:54.440 2262 2317 I PowerManagerService: Sleeping (uid 1000)...
11-11 15:26:54.454 2262 2262 V FingerprintService: startAuthentication(com.android.systemui)
11-11 15:26:54.454 2262 2262 V FingerprintService: starting client AuthenticationClient(com.android.systemui), initiatedByClient = true
11-11 15:26:54.468 2262 2262 W FingerprintService: client com.android.systemui is authenticating...
11-11 15:26:54.921 2262 2317 I DisplayPowerController: Blocking screen off
11-11 15:26:54.922 2262 2317 I DisplayPowerController: Unblocked screen off after 0 ms
11-11 15:26:54.983 2262 2314 I DisplayManagerService: Display device changed state: "Ecrã Integrado", OFF
11-11 15:26:55.264 2262 2841 W UsageStatsService: Event reported without a package name
11-11 15:26:55.264 2262 2841 W UsageStatsService: Event reported without a package name
11-11 15:27:02.756 2262 2262 W Looper : Slow dispatch took 205ms main h=com.android.server.notification.NotificationManagerService$WorkerHandler c=com.android.server.notification.NotificationManagerService$NotificationListeners$2@d0082b4 m=0
11-11 15:27:02.758 2262 2262 W Looper : Slow delivery took 205ms main h=com.android.server.notification.NotificationManagerService$WorkerHandler c=com.android.server.notification.NotificationManagerService$NotificationListeners$2@c42aedd m=0
11-11 15:27:02.766 2262 2262 W Looper : Drained
11-11 15:27:07.732 2262 2262 W Looper : Slow dispatch took 241ms main h=com.android.server.notification.NotificationManagerService$WorkerHandler c=com.android.server.notification.NotificationManagerService$NotificationListeners$2@ac05bd9 m=0
11-11 15:27:07.734 2262 2262 W Looper : Slow delivery took 243ms main h=com.android.server.notification.NotificationManagerService$WorkerHandler c=com.android.server.notification.NotificationManagerService$NotificationListeners$2@2b9699e m=0
11-11 15:27:07.817 2262 2262 W Looper : Drained
11-11 15:27:20.008 2262 2301 I ActivityManager: Waited long enough for: ServiceRecord{cc6bf17 u0 com.sophos.smsec/com.sophos.nge.networksec.NgeDynamicEngineService}
11-11 15:27:21.953 2262 2262 W Looper : Slow dispatch took 164ms main h=com.android.server.notification.NotificationManagerService$WorkerHandler c=com.android.server.notification.NotificationManagerService$NotificationListeners$2@3e2ed49 m=0
11-11 15:27:30.575 2262 2262 W Looper : Slow dispatch took 188ms main h=com.android.server.notification.NotificationManagerService$WorkerHandler c=com.android.server.notification.NotificationManagerService$NotificationListeners$2@9e41505 m=0
11-11 15:27:36.827 2262 2262 W Looper : Slow delivery took 205ms main h=com.android.server.notification.NotificationManagerService$WorkerHandler c=com.android.server.notification.NotificationManagerService$PostNotificationRunnable@915fc81 m=0
11-11 15:27:36.837 2262 2262 W Looper : Drained
11-11 15:27:50.700 2262 2262 W Looper : Slow dispatch took 231ms main h=com.android.server.notification.NotificationManagerService$WorkerHandler c=com.android.server.notification.NotificationManagerService$NotificationListeners$2@d71f65f m=0
11-11 15:27:50.714 2262 2262 W Looper : Slow delivery took 239ms main h=com.android.server.notification.NotificationManagerService$WorkerHandler c=com.android.server.notification.NotificationManagerService$NotificationListeners$2@f1108ac m=0
11-11 15:27:50.747 2262 2262 W Looper : Drained
11-11 15:27:57.394 2262 2262 W Looper : Slow dispatch took 206ms main h=com.android.server.notification.NotificationManagerService$WorkerHandler c=com.android.server.notification.NotificationManagerService$NotificationListeners$2@bed4975 m=0
11-11 15:27:57.395 2262 2262 W Looper : Slow delivery took 206ms main h=com.android.server.notification.NotificationManagerService$WorkerHandler c=com.android.server.notification.NotificationManagerService$NotificationListeners$2@5e81d0a m=0
11-11 15:27:57.424 2262 2262 W Looper : Drained
11-11 15:28:17.558 2262 2262 W Looper : Slow delivery took 200ms main h=com.android.server.notification.NotificationManagerService$WorkerHandler c=com.android.server.notification.NotificationManagerService$PostNotificationRunnable@249dcba m=0
11-11 15:28:17.559 2262 2262 W Looper : Drained
11-11 15:28:41.437 2262 2262 W Looper : Slow dispatch took 171ms main h=com.android.server.notification.NotificationManagerService$WorkerHandler c=com.android.server.notification.NotificationManagerService$NotificationListeners$2@632e86a m=0
11-11 15:28:51.083 2262 2262 W Looper : Slow delivery took 225ms main h=com.android.server.notification.NotificationManagerService$WorkerHandler c=com.android.server.notification.NotificationManagerService$PostNotificationRunnable@af84b0d m=0
11-11 15:28:51.126 2262 2262 W Looper : Drained
11-11 15:29:00.919 2262 2262 W Looper : Slow delivery took 202ms main h=com.android.server.notification.NotificationManagerService$WorkerHandler c=com.android.server.notification.NotificationManagerService$PostNotificationRunnable@e8d113c m=0
11-11 15:29:00.940 2262 2262 W Looper : Drained
11-11 15:29:09.166 2262 2300 I UsageStatsService: User[0] Flushing usage stats to disk
11-11 15:29:09.195 2262 2300 I UsageStatsService: User[10] Flushing usage stats to disk
11-11 15:29:11.361 2262 2262 W Looper : Slow delivery took 200ms main h=com.android.server.notification.NotificationManagerService$WorkerHandler c=com.android.server.notification.NotificationManagerService$PostNotificationRunnable@9712d27 m=0
11-11 15:29:11.398 2262 2262 W Looper : Drained
11-11 15:29:39.472 2262 2262 W Looper : Slow dispatch took 233ms main h=com.android.server.notification.NotificationManagerService$WorkerHandler c=com.android.server.notification.NotificationManagerService$NotificationListeners$2@269ae17 m=0
11-11 15:29:39.474 2262 2262 W Looper : Slow delivery took 247ms main h=com.android.server.notification.NotificationManagerService$WorkerHandler c=com.android.server.notification.NotificationManagerService$NotificationListeners$2@6d45204 m=0
11-11 15:29:39.513 2262 2262 W Looper : Drained
11-11 15:29:42.389 2262 2802 E NetworkPolicy: Missing subscriberId for subId 2
11-11 15:29:42.422 3044 3044 I Telephony: PstnIncomingCallNotifier: Unregistering: Handler (com.qualcomm.qti.internal.telephony.QtiGsmCdmaPhone) {827e166}
11-11 15:29:42.422 3044 3044 I Telephony: PstnIncomingCallNotifier: Unregistering: Handler (com.qualcomm.qti.internal.telephony.QtiGsmCdmaPhone) {a8c3ca7}
11-11 15:29:42.439 2262 5903 I Telecom : PhoneAccountRegistrar: Modify account: [ComponentInfo{com.android.phone/com.android.services.telephony.TelephonyConnectionService}, ***, UserHandle{0}]: TSI.rPA@BZQ
11-11 15:29:42.443 3044 3044 I Telephony: AccountEntry: Registered phoneAccount: [[ ] PhoneAccount: ComponentInfo{com.android.phone/com.android.services.telephony.TelephonyConnectionService}, ***, UserHandle{0} Capabilities: SuppVideo CallProvider MultiUser PlaceEmerg SimSub Audio Routes: BESW Schemes: tel voicemail Extras: Bundle[{android.telecom.extra.SUPPORTS_VIDEO_CALLING_FALLBACK=true, android.telecom.extra.SORT_ORDER=0}] GroupId: ***] with handle: ComponentInfo{com.android.phone/com.android.services.telephony.TelephonyConnectionService}, ***, UserHandle{0}
11-11 15:29:42.443 3044 3044 I Telephony: PstnIncomingCallNotifier: Registering: Handler (com.qualcomm.qti.internal.telephony.QtiGsmCdmaPhone) {827e166}
11-11 15:29:42.467 2262 5903 I Telecom : PhoneAccountRegistrar: Modify account: [ComponentInfo{com.android.phone/com.android.services.telephony.TelephonyConnectionService}, ***, UserHandle{0}]: TSI.rPA@BZU
11-11 15:29:42.472 3044 3044 I Telephony: AccountEntry: Registered phoneAccount: [[ ] PhoneAccount: ComponentInfo{com.android.phone/com.android.services.telephony.TelephonyConnectionService}, ***, UserHandle{0} Capabilities: SuppVideo CallProvider MultiUser PlaceEmerg SimSub Audio Routes: BESW Schemes: tel voicemail Extras: Bundle[{android.telecom.extra.SUPPORTS_VIDEO_CALLING_FALLBACK=true, android.telecom.extra.SORT_ORDER=1}] GroupId: ***] with handle: ComponentInfo{com.android.phone/com.android.services.telephony.TelephonyConnectionService}, ***, UserHandle{0}
11-11 15:29:42.472 3044 3044 I Telephony: PstnIncomingCallNotifier: Registering: Handler (com.qualcomm.qti.internal.telephony.QtiGsmCdmaPhone) {a8c3ca7}
11-11 15:29:42.488 2262 2301 I ActivityManager: Killing 28104:com.android.terminal/u0a61 (adj 906): empty for 1800s
11-11 15:29:42.589 3044 3044 I Telephony: PstnPhoneCapabilitiesNotifier: handleVideoCapabilitesChanged. Video capability - false
11-11 15:29:42.609 2262 6531 I Telecom : PhoneAccountRegistrar: Modify account: [ComponentInfo{com.android.phone/com.android.services.telephony.TelephonyConnectionService}, ***, UserHandle{0}]: TSI.rPA@BZw
11-11 15:29:42.625 3044 3044 I Telephony: PstnPhoneCapabilitiesNotifier: handleVideoCapabilitesChanged. Video capability - false
11-11 15:29:42.651 2262 6531 I Telecom : PhoneAccountRegistrar: Modify account: [ComponentInfo{com.android.phone/com.android.services.telephony.TelephonyConnectionService}, ***, UserHandle{0}]: TSI.rPA@BZ0
11-11 15:29:51.596 2262 2262 W Looper : Slow dispatch took 225ms main h=com.android.server.notification.NotificationManagerService$WorkerHandler c=com.android.server.notification.NotificationManagerService$NotificationListeners$2@fc993ff m=0
11-11 15:29:51.599 2262 2262 W Looper : Slow delivery took 236ms main h=com.android.server.notification.NotificationManagerService$WorkerHandler c=com.android.server.notification.NotificationManagerService$PostNotificationRunnable@a25e5cc m=0
11-11 15:29:51.660 2262 2262 W Looper : Drained
11-11 15:30:22.000 2262 2262 W Looper : Slow dispatch took 213ms main h=com.android.server.notification.NotificationManagerService$WorkerHandler c=com.android.server.notification.NotificationManagerService$PostNotificationRunnable@648d70b m=0
11-11 15:30:22.008 2262 2262 W Looper : Slow delivery took 222ms main h=com.android.server.notification.NotificationManagerService$WorkerHandler c=com.android.server.notification.NotificationManagerService$NotificationListeners$2@c0b19e8 m=0
11-11 15:30:22.039 2262 2262 W Looper : Drained
11-11 15:30:52.405 2262 2262 W Looper : Slow dispatch took 181ms main h=com.android.server.notification.NotificationManagerService$WorkerHandler c=com.android.server.notification.NotificationManagerService$NotificationListeners$2@dada2c4 m=0
11-11 15:30:54.602 2262 2262 W Looper : Slow dispatch took 164ms main h=com.android.server.notification.NotificationManagerService$WorkerHandler c=com.android.server.notification.NotificationManagerService$NotificationListeners$2@b442730 m=0
11-11 15:31:06.297 2262 2262 W Looper : Slow dispatch took 269ms main h=com.android.server.notification.NotificationManagerService$WorkerHandler c=com.android.server.notification.NotificationManagerService$NotificationListeners$2@b64e41d m=0
11-11 15:31:06.299 2262 2262 W Looper : Slow delivery took 275ms main h=com.android.server.notification.NotificationManagerService$WorkerHandler c=com.android.server.notification.NotificationManagerService$NotificationListeners$2@2e42692 m=0
11-11 15:31:06.318 2262 2262 W Looper : Drained
11-11 15:31:11.707 2262 5903 D ConnectivityService: Returning BLOCKED NetworkInfo to uid=1010098
11-11 15:31:26.514 2262 2262 W Looper : Slow dispatch took 210ms main h=com.android.server.notification.NotificationManagerService$WorkerHandler c=com.android.server.notification.NotificationManagerService$NotificationListeners$2@bb18245 m=0
11-11 15:31:26.515 2262 2262 W Looper : Slow delivery took 212ms main h=com.android.server.notification.NotificationManagerService$WorkerHandler c=com.android.server.notification.NotificationManagerService$NotificationListeners$2@6a3ad9a m=0
11-11 15:31:26.543 2262 2262 W Looper : Drained
11-11 15:31:46.694 2262 2262 W Looper : Slow dispatch took 161ms main h=com.android.server.notification.NotificationManagerService$WorkerHandler c=com.android.server.notification.NotificationManagerService$NotificationListeners$2@77219f m=0
11-11 15:32:07.169 2262 2262 W Looper : Slow dispatch took 264ms main h=com.android.server.notification.NotificationManagerService$WorkerHandler c=com.android.server.notification.NotificationManagerService$NotificationListeners$2@3b638bb m=0
11-11 15:32:07.170 2262 2262 W Looper : Slow delivery took 266ms main h=com.android.server.notification.NotificationManagerService$WorkerHandler c=com.android.server.notification.NotificationManagerService$NotificationListeners$2@58151d8 m=0
11-11 15:32:07.185 2262 2765 I PowerManagerService: Waking up from sleep (uid=1000 reason=android.policy:KEY)...
11-11 15:32:07.186 2262 2262 W UsageStatsService: Event reported without a package name
11-11 15:32:07.186 2262 2262 W UsageStatsService: Event reported without a package name
11-11 15:32:07.201 2262 2317 I DisplayPowerController: Blocking screen on until initial contents have been drawn.
11-11 15:32:07.224 2262 2262 W Looper : Drained
11-11 15:32:07.249 2262 2314 I DisplayManagerService: Display device changed state: "Ecrã Integrado", ON
11-11 15:32:07.347 2262 2262 V FingerprintService: onAuthenticated(owner=com.android.systemui, id=553465998, gp=0)
11-11 15:32:07.349 2262 2262 V FingerprintService: Done with client: com.android.systemui
11-11 15:32:07.365 2262 2317 I DisplayPowerController: Unblocked screen on after 163 ms
11-11 15:32:07.418 2262 2303 I ActivityManager: Start proc 31546:android.process.acore/u10a11 for content provider com.android.providers.contacts/.ContactsProvider2
11-11 15:32:07.475 2262 2317 W PowerManagerService: Screen on took 293 ms
11-11 15:32:07.678 2262 6250 W ActivityManager: Unable to start service Intent { act=com.android.launcher3.WINDOW_OVERLAY dat=app://com.android.launcher3:10035?v=7&cv=9 pkg=com.google.android.googlequicksearchbox } U=0: not found
11-11 15:32:07.743 2262 6250 W UsageStatsService: Event reported without a package name
11-11 15:32:07.743 2262 6250 W UsageStatsService: Event reported without a package name
11-11 15:32:07.759 2262 2301 W BroadcastQueue: Background execution not allowed: receiving Intent { act=android.intent.action.USER_PRESENT flg=0x24200010 } to com.sophos.smsec/.SmSecSystemBroadcastReceiver
11-11 15:32:07.760 2262 2301 W BroadcastQueue: Background execution not allowed: receiving Intent { act=android.intent.action.USER_PRESENT flg=0x24200010 } to com.sophos.smsec/.SmSecSystemBroadcastReceiver --------- beginning of main
11-11 15:32:09.962 3634 31346 W System.err: at java.util.concurrent.ThreadPoolExecutor.runWorker(ThreadPoolExecutor.java:1167)
11-11 15:32:09.962 3634 31346 W System.err: at java.util.concurrent.ThreadPoolExecutor$Worker.run(ThreadPoolExecutor.java:641)
11-11 15:32:09.963 3634 31346 W System.err: at java.lang.Thread.run(Thread.java:764)
11-11 15:32:09.964 3634 31349 W System.err: java.net.SocketTimeoutException: Poll timed out
11-11 15:32:09.964 3634 31349 W System.err: at libcore.io.IoBridge.poll(IoBridge.java:664)
11-11 15:32:09.964 3634 31349 W System.err: at java.net.PlainDatagramSocketImpl.doRecv(PlainDatagramSocketImpl.java:150)
11-11 15:32:09.964 3634 31349 W System.err: at java.net.PlainDatagramSocketImpl.receive0(PlainDatagramSocketImpl.java:141)
11-11 15:32:09.964 3634 31349 W System.err: at java.net.AbstractPlainDatagramSocketImpl.receive(AbstractPlainDatagramSocketImpl.java:162)
11-11 15:32:09.964 3634 31349 W System.err: at java.net.DatagramSocket.receive(DatagramSocket.java:847)
11-11 15:32:09.964 3634 31349 W System.err: at com.privateinternetaccess.android.pia.tasks.FetchPingTask.grabPing(FetchPingTask.java:96)
11-11 15:32:09.964 3634 31349 W System.err: at com.privateinternetaccess.android.pia.tasks.FetchPingTask.doInBackground(FetchPingTask.java:58)
11-11 15:32:09.964 3634 31349 W System.err: at com.privateinternetaccess.android.pia.tasks.FetchPingTask.doInBackground(FetchPingTask.java:30)
11-11 15:32:09.964 3634 31349 W System.err: at android.os.AsyncTask$2.call(AsyncTask.java:333)
11-11 15:32:09.964 3634 31349 W System.err: at java.util.concurrent.FutureTask.run(FutureTask.java:266)
11-11 15:32:09.965 3634 31349 W System.err: at java.util.concurrent.ThreadPoolExecutor.runWorker(ThreadPoolExecutor.java:1167)
11-11 15:32:09.965 3634 31349 W System.err: at java.util.concurrent.ThreadPoolExecutor$Worker.run(ThreadPoolExecutor.java:641)
11-11 15:32:09.965 3634 31349 W System.err: at java.lang.Thread.run(Thread.java:764)
11-11 15:32:10.213 16390 31359 W System.err: java.net.SocketTimeoutException: Poll timed out
11-11 15:32:10.215 16390 31359 W System.err: at libcore.io.IoBridge.poll(IoBridge.java:664)
11-11 15:32:10.215 16390 31359 W System.err: at java.net.PlainDatagramSocketImpl.doRecv(PlainDatagramSocketImpl.java:150)
11-11 15:32:10.215 16390 31359 W System.err: at java.net.PlainDatagramSocketImpl.receive0(PlainDatagramSocketImpl.java:141)
11-11 15:32:10.216 16390 31359 W System.err: at java.net.AbstractPlainDatagramSocketImpl.receive(AbstractPlainDatagramSocketImpl.java:162)
11-11 15:32:10.216 16390 31359 W System.err: at java.net.DatagramSocket.receive(DatagramSocket.java:847)
11-11 15:32:10.216 16390 31359 W System.err: at com.privateinternetaccess.android.pia.tasks.FetchPingTask.grabPing(FetchPingTask.java:96)
11-11 15:32:10.216 16390 31359 W System.err: at com.privateinternetaccess.android.pia.tasks.FetchPingTask.doInBackground(FetchPingTask.java:58)
11-11 15:32:10.216 16390 31359 W System.err: at com.privateinternetaccess.android.pia.tasks.FetchPingTask.doInBackground(FetchPingTask.java:30)
11-11 15:32:10.217 16390 31359 W System.err: at android.os.AsyncTask$2.call(AsyncTask.java:333)
11-11 15:32:10.217 16390 31359 W System.err: at java.util.concurrent.FutureTask.run(FutureTask.java:266)
11-11 15:32:10.217 16390 31359 W System.err: at java.util.concurrent.ThreadPoolExecutor.runWorker(ThreadPoolExecutor.java:1167)
11-11 15:32:10.217 16390 31359 W System.err: at java.util.concurrent.ThreadPoolExecutor$Worker.run(ThreadPoolExecutor.java:641)
11-11 15:32:10.218 16390 31359 W System.err: at java.lang.Thread.run(Thread.java:764)
11-11 15:32:10.254 24479 31354 W System.err: java.net.SocketTimeoutException: Poll timed out
11-11 15:32:10.255 24479 31354 W System.err: at libcore.io.IoBridge.poll(IoBridge.java:664)
11-11 15:32:10.256 24479 31354 W System.err: at java.net.PlainDatagramSocketImpl.doRecv(PlainDatagramSocketImpl.java:150)
11-11 15:32:10.256 24479 31354 W System.err: at java.net.PlainDatagramSocketImpl.receive0(PlainDatagramSocketImpl.java:141)
11-11 15:32:10.256 24479 31354 W System.err: at java.net.AbstractPlainDatagramSocketImpl.receive(AbstractPlainDatagramSocketImpl.java:162)
11-11 15:32:10.256 24479 31354 W System.err: at java.net.DatagramSocket.receive(DatagramSocket.java:847)
11-11 15:32:10.257 24479 31354 W System.err: at com.privateinternetaccess.android.pia.tasks.FetchPingTask.grabPing(FetchPingTask.java:96)
11-11 15:32:10.257 24479 31354 W System.err: at com.privateinternetaccess.android.pia.tasks.FetchPingTask.doInBackground(FetchPingTask.java:58)
11-11 15:32:10.257 24479 31354 W System.err: at com.privateinternetaccess.android.pia.tasks.FetchPingTask.doInBackground(FetchPingTask.java:30)
11-11 15:32:10.259 16390 31356 W System.err: java.net.SocketTimeoutException: Poll timed out
11-11 15:32:10.261 24479 31354 W System.err: at android.os.AsyncTask$2.call(AsyncTask.java:333)
11-11 15:32:10.261 24479 31354 W System.err: at java.util.concurrent.FutureTask.run(FutureTask.java:266)
11-11 15:32:10.261 24479 31354 W System.err: at java.util.concurrent.ThreadPoolExecutor.runWorker(ThreadPoolExecutor.java:1167)
11-11 15:32:10.261 24479 31354 W System.err: at java.util.concurrent.ThreadPoolExecutor$Worker.run(ThreadPoolExecutor.java:641)
11-11 15:32:10.262 24479 31354 W System.err: at java.lang.Thread.run(Thread.java:764)
11-11 15:32:10.262 16390 31356 W System.err: at libcore.io.IoBridge.poll(IoBridge.java:664)
11-11 15:32:10.263 16390 31356 W System.err: at java.net.PlainDatagramSocketImpl.doRecv(PlainDatagramSocketImpl.java:150)
11-11 15:32:10.264 24479 31351 W System.err: java.net.SocketTimeoutException: Poll timed out
11-11 15:32:10.264 24479 31351 W System.err: at libcore.io.IoBridge.poll(IoBridge.java:664)
11-11 15:32:10.265 24479 31351 W System.err: at java.net.PlainDatagramSocketImpl.doRecv(PlainDatagramSocketImpl.java:150)
11-11 15:32:10.265 24479 31351 W System.err: at java.net.PlainDatagramSocketImpl.receive0(PlainDatagramSocketImpl.java:141)
11-11 15:32:10.265 24479 31351 W System.err: at java.net.AbstractPlainDatagramSocketImpl.receive(AbstractPlainDatagramSocketImpl.java:162)
11-11 15:32:10.265 24479 31351 W System.err: at java.net.DatagramSocket.receive(DatagramSocket.java:847)
11-11 15:32:10.265 24479 31351 W System.err: at com.privateinternetaccess.android.pia.tasks.FetchPingTask.grabPing(FetchPingTask.java:96)
11-11 15:32:10.265 24479 31351 W System.err: at com.privateinternetaccess.android.pia.tasks.FetchPingTask.doInBackground(FetchPingTask.java:58)
11-11 15:32:10.265 24479 31351 W System.err: at com.privateinternetaccess.android.pia.tasks.FetchPingTask.doInBackground(FetchPingTask.java:30)
11-11 15:32:10.265 24479 31351 W System.err: at android.os.AsyncTask$2.call(AsyncTask.java:333)
11-11 15:32:10.265 24479 31351 W System.err: at java.util.concurrent.FutureTask.run(FutureTask.java:266)
11-11 15:32:10.265 24479 31351 W System.err: at java.util.concurrent.ThreadPoolExecutor.runWorker(ThreadPoolExecutor.java:1167)
11-11 15:32:10.265 24479 31351 W System.err: at java.util.concurrent.ThreadPoolExecutor$Worker.run(ThreadPoolExecutor.java:641)
11-11 15:32:10.265 24479 31351 W System.err: at java.lang.Thread.run(Thread.java:764)
11-11 15:32:10.266 24479 31348 W System.err: java.net.SocketTimeoutException: Poll timed out
11-11 15:32:10.266 24479 31348 W System.err: at libcore.io.IoBridge.poll(IoBridge.java:664)
11-11 15:32:10.266 24479 31348 W System.err: at java.net.PlainDatagramSocketImpl.doRecv(PlainDatagramSocketImpl.java:150)
11-11 15:32:10.266 24479 31348 W System.err: at java.net.PlainDatagramSocketImpl.receive0(PlainDatagramSocketImpl.java:141)
11-11 15:32:10.266 24479 31348 W System.err: at java.net.AbstractPlainDatagramSocketImpl.receive(AbstractPlainDatagramSocketImpl.java:162)
11-11 15:32:10.266 24479 31348 W System.err: at java.net.DatagramSocket.receive(DatagramSocket.java:847)
11-11 15:32:10.266 24479 31348 W System.err: at com.privateinternetaccess.android.pia.tasks.FetchPingTask.grabPing(FetchPingTask.java:96)
11-11 15:32:10.266 24479 31348 W System.err: at com.privateinternetaccess.android.pia.tasks.FetchPingTask.doInBackground(FetchPingTask.java:58)
11-11 15:32:10.267 24479 31348 W System.err: at com.privateinternetaccess.android.pia.tasks.FetchPingTask.doInBackground(FetchPingTask.java:30)
11-11 15:32:10.267 24479 31348 W System.err: at android.os.AsyncTask$2.call(AsyncTask.java:333)
11-11 15:32:10.267 24479 31348 W System.err: at java.util.concurrent.FutureTask.run(FutureTask.java:266)
11-11 15:32:10.267 24479 31348 W System.err: at java.util.concurrent.ThreadPoolExecutor.runWorker(ThreadPoolExecutor.java:1167)
11-11 15:32:10.267 24479 31348 W System.err: at java.util.concurrent.ThreadPoolExecutor$Worker.run(ThreadPoolExecutor.java:641)
11-11 15:32:10.267 24479 31348 W System.err: at java.lang.Thread.run(Thread.java:764)
11-11 15:32:10.267 24479 31353 W System.err: java.net.SocketTimeoutException: Poll timed out
11-11 15:32:10.268 24479 31353 W System.err: at libcore.io.IoBridge.poll(IoBridge.java:664)
11-11 15:32:10.268 24479 31353 W System.err: at java.net.PlainDatagramSocketImpl.doRecv(PlainDatagramSocketImpl.java:150)
11-11 15:32:10.268 24479 31353 W System.err: at java.net.PlainDatagramSocketImpl.receive0(PlainDatagramSocketImpl.java:141)
11-11 15:32:10.268 24479 31353 W System.err: at java.net.AbstractPlainDatagramSocketImpl.receive(AbstractPlainDatagramSocketImpl.java:162)
11-11 15:32:10.268 24479 31353 W System.err: at java.net.DatagramSocket.receive(DatagramSocket.java:847)
11-11 15:32:10.268 24479 31353 W System.err: at com.privateinternetaccess.android.pia.tasks.FetchPingTask.grabPing(FetchPingTask.java:96)
11-11 15:32:10.268 24479 31353 W System.err: at com.privateinternetaccess.android.pia.tasks.FetchPingTask.doInBackground(FetchPingTask.java:58)
11-11 15:32:10.268 24479 31353 W System.err: at com.privateinternetaccess.android.pia.tasks.FetchPingTask.doInBackground(FetchPingTask.java:30)
11-11 15:32:10.268 24479 31353 W System.err: at android.os.AsyncTask$2.call(AsyncTask.java:333)
11-11 15:32:10.268 24479 31353 W System.err: at java.util.concurrent.FutureTask.run(FutureTask.java:266)
11-11 15:32:10.268 24479 31353 W System.err: at java.util.concurrent.ThreadPoolExecutor.runWorker(ThreadPoolExecutor.java:1167)
11-11 15:32:10.268 24479 31353 W System.err: at java.util.concurrent.ThreadPoolExecutor$Worker.run(ThreadPoolExecutor.java:641)
11-11 15:32:10.268 24479 31353 W System.err: at java.lang.Thread.run(Thread.java:764)
11-11 15:32:10.269 16390 31356 W System.err: at java.net.PlainDatagramSocketImpl.receive0(PlainDatagramSocketImpl.java:141)
11-11 15:32:10.269 16390 31356 W System.err: at java.net.AbstractPlainDatagramSocketImpl.receive(AbstractPlainDatagramSocketImpl.java:162)
11-11 15:32:10.269 16390 31356 W System.err: at java.net.DatagramSocket.receive(DatagramSocket.java:847)
11-11 15:32:10.269 16390 31356 W System.err: at com.privateinternetaccess.android.pia.tasks.FetchPingTask.grabPing(FetchPingTask.java:96)
11-11 15:32:10.269 16390 31356 W System.err: at com.privateinternetaccess.android.pia.tasks.FetchPingTask.doInBackground(FetchPingTask.java:58)
11-11 15:32:10.269 16390 31356 W System.err: at com.privateinternetaccess.android.pia.tasks.FetchPingTask.doInBackground(FetchPingTask.java:30)
11-11 15:32:10.269 16390 31356 W System.err: at android.os.AsyncTask$2.call(AsyncTask.java:333)
11-11 15:32:10.269 16390 31356 W System.err: at java.util.concurrent.FutureTask.run(FutureTask.java:266)
11-11 15:32:10.269 16390 31356 W System.err: at java.util.concurrent.ThreadPoolExecutor.runWorker(ThreadPoolExecutor.java:1167)
11-11 15:32:10.269 16390 31356 W System.err: at java.util.concurrent.ThreadPoolExecutor$Worker.run(ThreadPoolExecutor.java:641)
11-11 15:32:10.269 16390 31356 W System.err: at java.lang.Thread.run(Thread.java:764)
11-11 15:32:10.270 16390 31347 W System.err: java.net.SocketTimeoutException: Poll timed out
11-11 15:32:10.270 16390 31347 W System.err: at libcore.io.IoBridge.poll(IoBridge.java:664)
11-11 15:32:10.270 16390 31347 W System.err: at java.net.PlainDatagramSocketImpl.doRecv(PlainDatagramSocketImpl.java:150)
11-11 15:32:10.270 16390 31347 W System.err: at java.net.PlainDatagramSocketImpl.receive0(PlainDatagramSocketImpl.java:141)
11-11 15:32:10.270 16390 31347 W System.err: at java.net.AbstractPlainDatagramSocketImpl.receive(AbstractPlainDatagramSocketImpl.java:162)
11-11 15:32:10.270 16390 31347 W System.err: at java.net.DatagramSocket.receive(DatagramSocket.java:847)
11-11 15:32:10.270 16390 31347 W System.err: at com.privateinternetaccess.android.pia.tasks.FetchPingTask.grabPing(FetchPingTask.java:96)
11-11 15:32:10.270 16390 31347 W System.err: at com.privateinternetaccess.android.pia.tasks.FetchPingTask.doInBackground(FetchPingTask.java:58)
11-11 15:32:10.270 16390 31347 W System.err: at com.privateinternetaccess.android.pia.tasks.FetchPingTask.doInBackground(FetchPingTask.java:30)
11-11 15:32:10.271 16390 31347 W System.err: at android.os.AsyncTask$2.call(AsyncTask.java:333)
11-11 15:32:10.271 16390 31347 W System.err: at java.util.concurrent.FutureTask.run(FutureTask.java:266)
11-11 15:32:10.271 16390 31347 W System.err: at java.util.concurrent.ThreadPoolExecutor.runWorker(ThreadPoolExecutor.java:1167)
11-11 15:32:10.271 16390 31347 W System.err: at java.util.concurrent.ThreadPoolExecutor$Worker.run(ThreadPoolExecutor.java:641)
11-11 15:32:10.271 16390 31347 W System.err: at java.lang.Thread.run(Thread.java:764)
11-11 15:32:10.271 16390 31358 W System.err: java.net.SocketTimeoutException: Poll timed out
11-11 15:32:10.272 16390 31358 W System.err: at libcore.io.IoBridge.poll(IoBridge.java:664)
11-11 15:32:10.272 16390 31358 W System.err: at java.net.PlainDatagramSocketImpl.doRecv(PlainDatagramSocketImpl.java:150)
11-11 15:32:10.272 16390 31358 W System.err: at java.net.PlainDatagramSocketImpl.receive0(PlainDatagramSocketImpl.java:141)
11-11 15:32:10.272 16390 31358 W System.err: at java.net.AbstractPlainDatagramSocketImpl.receive(AbstractPlainDatagramSocketImpl.java:162)
11-11 15:32:10.272 16390 31358 W System.err: at java.net.DatagramSocket.receive(DatagramSocket.java:847)
11-11 15:32:10.272 16390 31358 W System.err: at com.privateinternetaccess.android.pia.tasks.FetchPingTask.grabPing(FetchPingTask.java:96)
11-11 15:32:10.272 16390 31358 W System.err: at com.privateinternetaccess.android.pia.tasks.FetchPingTask.doInBackground(FetchPingTask.java:58)
11-11 15:32:10.272 16390 31358 W System.err: at com.privateinternetaccess.android.pia.tasks.FetchPingTask.doInBackground(FetchPingTask.java:30)
11-11 15:32:10.272 16390 31358 W System.err: at android.os.AsyncTask$2.call(AsyncTask.java:333)
11-11 15:32:10.272 16390 31358 W System.err: at java.util.concurrent.FutureTask.run(FutureTask.java:266)
11-11 15:32:10.272 16390 31358 W System.err: at java.util.concurrent.ThreadPoolExecutor.runWorker(ThreadPoolExecutor.java:1167)
11-11 15:32:10.272 16390 31358 W System.err: at java.util.concurrent.ThreadPoolExecutor$Worker.run(ThreadPoolExecutor.java:641)
11-11 15:32:10.272 16390 31358 W System.err: at java.lang.Thread.run(Thread.java:764)
11-11 15:32:10.356 2262 2287 I chatty : uid=1000(system) Binder:2262_2 expire 1 line
11-11 15:32:10.443 9549 9549 D StatusBar: disable disable2
11-11 15:32:10.489 9549 9549 D StatusBar: disable disable2
11-11 15:32:10.998 484 2755 D audio_hw_primary: out_standby: enter: stream (0xee3e0000) usecase(1: low-latency-playback)
11-11 15:32:11.035 484 2755 D audio_hw_primary: disable_audio_route: reset and update mixer path: low-latency-playback speaker
11-11 15:32:11.036 484 2755 D soundtrigger: audio_extn_sound_trigger_update_stream_status: uc_info->id 1 of type 0 for Event 2, with Raise=0
11-11 15:32:11.036 484 2755 D hardware_info: hw_info_append_hw_type : device_name = speaker
11-11 15:32:11.037 484 2755 D audio_hw_primary: disable_snd_device: snd_device(2: speaker)
11-11 15:32:11.037 484 2755 D msm8974_platform: platform_split_snd_device: snd_device(2) num devices(0) new_snd_devices(0)
11-11 15:32:11.039 484 2755 I soundtrigger: audio_extn_sound_trigger_update_device_status: device 0x2 of type 0 for Event 0, with Raise=0
11-11 15:32:11.039 484 2755 D audio_hw_primary: out_standby: exit
11-11 15:32:11.432 9549 9549 D StatusBar: disable disable2
11-11 15:32:11.488 9549 9549 D StatusBar: disable disable2
11-11 15:32:11.690 2262 2312 D AutofillManagerService: Close system dialogs
11-11 15:32:11.692 9549 9549 V StatusBar: mStatusBarWindow: com.android.systemui.statusbar.phone.StatusBarWindowView{f99f4ad V.ED..... ........ 0,0-1080,65} canPanelBeCollapsed(): false
11-11 15:32:11.979 4014 5263 D EventBus: No subscribers registered for event class com.privateinternetaccess.android.model.events.VPNTrafficDataPointEvent
11-11 15:32:11.979 4014 5263 D EventBus: No subscribers registered for event class org.greenrobot.eventbus.NoSubscriberEvent
11-11 15:32:11.990 24479 24513 D EventBus: No subscribers registered for event class com.privateinternetaccess.android.model.events.VPNTrafficDataPointEvent
11-11 15:32:11.990 24479 24513 D EventBus: No subscribers registered for event class org.greenrobot.eventbus.NoSubscriberEvent
11-11 15:32:12.258 3634 16459 D EventBus: No subscribers registered for event class com.privateinternetaccess.android.model.events.VPNTrafficDataPointEvent
11-11 15:32:12.258 3634 16459 D EventBus: No subscribers registered for event class org.greenrobot.eventbus.NoSubscriberEvent
11-11 15:32:12.259 16390 16402 D EventBus: No subscribers registered for event class com.privateinternetaccess.android.model.events.VPNTrafficDataPointEvent
11-11 15:32:12.259 16390 16402 D EventBus: No subscribers registered for event class org.greenrobot.eventbus.NoSubscriberEvent
11-11 15:32:12.409 3849 3849 D WeatherUpdateService: onCreate
11-11 15:32:12.412 3849 3849 D WeatherUpdateService: Service started, but shouldn't update ... stopping
11-11 15:32:12.413 3849 3849 D WeatherUpdateService: onDestroy
11-11 15:32:12.479 518 537 E ANDR-PERF-RESOURCEQS: Failed to apply optimization [2, 1]
11-11 15:32:12.479 518 537 E ANDR-PERF-RESOURCEQS: Failed to apply optimization [2, 1]
11-11 15:32:12.520 8312 8403 I Appboy v3.5.0 .bo.app.bp: New session created with ID: 1ac63621-07bb-49d6-8c06-3aceabadf835
11-11 15:32:12.521 8312 8403 I Appboy v3.5.0 .bo.app.bm: Did not request single location update. Neither fine nor coarse location permissions found.
11-11 15:32:12.522 8312 8403 I Appboy v3.5.0 .bo.app.r: Adding request to dispatcher with parameters:
11-11 15:32:12.522 8312 8403 I Appboy v3.5.0 .bo.app.r: {
11-11 15:32:12.522 8312 8403 I Appboy v3.5.0 .bo.app.r: "respond_with": {
11-11 15:32:12.522 8312 8403 I Appboy v3.5.0 .bo.app.r: "user_id": "14183166062413331388",
11-11 15:32:12.522 8312 8403 I Appboy v3.5.0 .bo.app.r: "triggers": true,
11-11 15:32:12.522 8312 8403 I Appboy v3.5.0 .bo.app.r: "config": {
11-11 15:32:12.522 8312 8403 I Appboy v3.5.0 .bo.app.r: "config_time": 1553615035
11-11 15:32:12.522 8312 8403 I Appboy v3.5.0 .bo.app.r: }
11-11 15:32:12.522 8312 8403 I Appboy v3.5.0 .bo.app.r: }
11-11 15:32:12.522 8312 8403 I Appboy v3.5.0 .bo.app.r: }
11-11 15:32:12.524 2262 3535 W AlarmManager: Suspiciously short interval 10000 millis; expanding to 60 seconds
11-11 15:32:12.524 8312 8403 I Appboy v3.5.0 .bo.app.bn: Completed the openSession call. Starting or continuing session 1ac63621-07bb-49d6-8c06-3aceabadf835
11-11 15:32:12.528 8312 8403 I Appboy v3.5.0 .bo.app.bn: Completed the openSession call. Starting or continuing session 1ac63621-07bb-49d6-8c06-3aceabadf835
11-11 15:32:12.528 8312 8448 W GooglePlayServicesUtil: Google Play Store is missing.
11-11 15:32:12.536 8312 8312 D AppStateCollector: Reconnect location services
11-11 15:32:12.554 8312 8312 I PlayCore: UID: [10100] PID: [8312] AppUpdateService : requestUpdateInfo(com.okcupid.okcupid)
11-11 15:32:12.554 8312 31601 W GooglePlayServicesUtil: Google Play Store is missing.
11-11 15:32:12.557 8312 8391 I PlayCore: UID: [10100] PID: [8312] AppUpdateService : Initiate binding to the service.
11-11 15:32:12.557 2262 3535 W ActivityManager: Unable to start service Intent { act=com.google.android.gms.ads.identifier.service.START pkg=com.google.android.gms } U=0: not found
11-11 15:32:12.561 2262 8104 W ActivityManager: Unable to start service Intent { act=com.google.android.play.core.install.BIND_UPDATE_SERVICE pkg=com.android.vending } U=0: not found
11-11 15:32:12.563 8312 8391 I PlayCore: UID: [10100] PID: [8312] AppUpdateService : Failed to bind to the service.
11-11 15:32:12.636 2960 2960 D wpa_supplicant: nl80211: Drv Event 34 (NL80211_CMD_NEW_SCAN_RESULTS) received for wlan0
11-11 15:32:12.636 2960 2960 D wpa_supplicant: wlan0: nl80211: New scan results available
11-11 15:32:12.636 2960 2960 D wpa_supplicant: nl80211: Scan included frequencies: 2412 2417 2422 2427 2432 2437 2442 2447 2452 2457 2462 2467 2472 5180 5200 5220 5240 5260 5280 5300 5320 5500 5520 5540 5560 5580 5600 5620 5640 5660 5680 5700 5720 5745 5765 5785 5805 5825 5845 5865
11-11 15:32:12.636 2960 2960 D wpa_supplicant: wlan0: Event SCAN_RESULTS (3) received
11-11 15:32:12.637 2960 2960 D wpa_supplicant: nl80211: Received scan results (4 BSSes)
11-11 15:32:12.637 2960 2960 D wpa_supplicant: nl80211: Scan results indicate BSS status with c8:8d:83:64:86:40 as associated
11-11 15:32:12.637 2960 2960 D wpa_supplicant: wlan0: BSS: Start scan result update 423
11-11 15:32:12.637 2960 2960 D wpa_supplicant: wlan0: BSS: Add new id 168 BSSID c8:8d:83:64:86:44 SSID '\x00\x00\x00\x00\x00\x00\x00\x00' freq 5500
11-11 15:32:12.637 2960 2960 D wpa_supplicant: wlan0: BSS: Add new id 169 BSSID c8:8d:83:64:86:44 SSID 'wsvs4X2I' freq 5500
11-11 15:32:12.637 2960 2960 D wpa_supplicant: wlan0: BSS: Add new id 170 BSSID c8:8d:83:64:86:40 SSID '\x00\x00\x00\x00\x00\x00\x00\x00' freq 2462
11-11 15:32:12.637 2960 2960 D wpa_supplicant: BSS: last_scan_res_used=4/32
11-11 15:32:12.637 2960 2960 D wpa_supplicant: wlan0: New scan results available (own=0 ext=1)
11-11 15:32:12.637 2960 2960 D wpa_supplicant: wlan0: Do not use results from externally requested scan operation for network selection
11-11 15:32:12.637 2960 2960 D wpa_supplicant: wlan0: Control interface command 'SCAN_RESULTS'
11-11 15:32:12.638 2960 2960 D wpa_supplicant: wlan0: Control interface command 'SCAN_RESULTS'
11-11 15:32:12.638 2262 5054 I chatty : uid=1000(system) Binder:2262_D expire 3 lines
11-11 15:32:12.640 2262 2806 I chatty : uid=1000(system) WifiScanningSer expire 20 lines
11-11 15:32:12.701 8312 31598 W GooglePlayServicesUtil: Google Play Store is missing.
11-11 15:32:12.709 8312 31598 I chatty : uid=10100(com.okcupid.okcupid) identical 2 lines
11-11 15:32:12.718 8312 31598 W GooglePlayServicesUtil: Google Play Store is missing.
11-11 15:32:12.752 528 580 I chatty : uid=1000(system) Binder:528_2 expire 3 lines
11-11 15:32:12.840 528 579 I chatty : uid=1000(system) Binder:528_1 expire 10 lines
11-11 15:32:12.894 8312 8325 I okcupid.okcupi: Background concurrent copying GC freed 59912(2MB) AllocSpace objects, 40(1376KB) LOS objects, 49% free, 13MB/26MB, paused 618us total 118.893ms
11-11 15:32:12.951 3634 31352 W System.err: java.net.SocketTimeoutException: Poll timed out
11-11 15:32:12.951 4014 31342 W System.err: java.net.SocketTimeoutException: Poll timed out
11-11 15:32:12.951 3634 31352 W System.err: at libcore.io.IoBridge.poll(IoBridge.java:664)
11-11 15:32:12.952 4014 31342 W System.err: at libcore.io.IoBridge.poll(IoBridge.java:664)
11-11 15:32:12.952 3634 31352 W System.err: at java.net.PlainDatagramSocketImpl.doRecv(PlainDatagramSocketImpl.java:150)
11-11 15:32:12.952 4014 31342 W System.err: at java.net.PlainDatagramSocketImpl.doRecv(PlainDatagramSocketImpl.java:150)
11-11 15:32:12.952 3634 31352 W System.err: at java.net.PlainDatagramSocketImpl.receive0(PlainDatagramSocketImpl.java:141)
11-11 15:32:12.952 4014 31342 W System.err: at java.net.PlainDatagramSocketImpl.receive0(PlainDatagramSocketImpl.java:141)
11-11 15:32:12.952 3634 31352 W System.err: at java.net.AbstractPlainDatagramSocketImpl.receive(AbstractPlainDatagramSocketImpl.java:162)
11-11 15:32:12.952 4014 31342 W System.err: at java.net.AbstractPlainDatagramSocketImpl.receive(AbstractPlainDatagramSocketImpl.java:162)
11-11 15:32:12.952 3634 31352 W System.err: at java.net.DatagramSocket.receive(DatagramSocket.java:847)
11-11 15:32:12.952 4014 31342 W System.err: at java.net.DatagramSocket.receive(DatagramSocket.java:847)
11-11 15:32:12.952 3634 31352 W System.err: at com.privateinternetaccess.android.pia.tasks.FetchPingTask.grabPing(FetchPingTask.java:96)
11-11 15:32:12.952 4014 31342 W System.err: at com.privateinternetaccess.android.pia.tasks.FetchPingTask.grabPing(FetchPingTask.java:96)
11-11 15:32:12.952 3634 31352 W System.err: at com.privateinternetaccess.android.pia.tasks.FetchPingTask.doInBackground(FetchPingTask.java:58)
11-11 15:32:12.952 4014 31342 W System.err: at com.privateinternetaccess.android.pia.tasks.FetchPingTask.doInBackground(FetchPingTask.java:58)
11-11 15:32:12.952 3634 31352 W System.err: at com.privateinternetaccess.android.pia.tasks.FetchPingTask.doInBackground(FetchPingTask.java:30)
11-11 15:32:12.952 4014 31342 W System.err: at com.privateinternetaccess.android.pia.tasks.FetchPingTask.doInBackground(FetchPingTask.java:30)
11-11 15:32:12.952 3634 31352 W System.err: at android.os.AsyncTask$2.call(AsyncTask.java:333)
11-11 15:32:12.952 4014 31342 W System.err: at android.os.AsyncTask$2.call(AsyncTask.java:333)
11-11 15:32:12.952 3634 31352 W System.err: at java.util.concurrent.FutureTask.run(FutureTask.java:266)
11-11 15:32:12.952 4014 31342 W System.err: at java.util.concurrent.FutureTask.run(FutureTask.java:266)
11-11 15:32:12.952 3634 31352 W System.err: at java.util.concurrent.ThreadPoolExecutor.runWorker(ThreadPoolExecutor.java:1167)
11-11 15:32:12.952 4014 31342 W System.err: at java.util.concurrent.ThreadPoolExecutor.runWorker(ThreadPoolExecutor.java:1167)
11-11 15:32:12.952 3634 31352 W System.err: at java.util.concurrent.ThreadPoolExecutor$Worker.run(ThreadPoolExecutor.java:641)
11-11 15:32:12.952 4014 31342 W System.err: at java.util.concurrent.ThreadPoolExecutor$Worker.run(ThreadPoolExecutor.java:641)
11-11 15:32:12.952 3634 31352 W System.err: at java.lang.Thread.run(Thread.java:764)
11-11 15:32:12.952 4014 31342 W System.err: at java.lang.Thread.run(Thread.java:764)
11-11 15:32:12.988 4014 31345 W System.err: java.net.SocketTimeoutException: Poll timed out
11-11 15:32:12.988 4014 31345 W System.err: at libcore.io.IoBridge.poll(IoBridge.java:664)
