11-11 15:32:48.352 2262 2314 I DisplayManagerService: Display device changed state: "Ecrã Integrado", OFF
11-11 15:32:48.352 497 734 I SDM : DisplayBase::SetDisplayState: Set state = 0, display 0
11-11 15:32:48.361 2262 2765 I chatty : uid=1000(system) InputReader expire 10 lines
11-11 15:32:48.364 8312 8403 I Appboy v3.5.0 .com.appboy.Appboy: Closed session with ID: 1ac63621-07bb-49d6-8c06-3aceabadf835
11-11 15:32:48.379 3634 16459 D EventBus: No subscribers registered for event class com.privateinternetaccess.android.model.events.VPNTrafficDataPointEvent
11-11 15:32:48.379 3634 16459 D EventBus: No subscribers registered for event class org.greenrobot.eventbus.NoSubscriberEvent
11-11 15:32:48.379 16390 16402 D EventBus: No subscribers registered for event class com.privateinternetaccess.android.model.events.VPNTrafficDataPointEvent
11-11 15:32:48.379 16390 16402 D EventBus: No subscribers registered for event class org.greenrobot.eventbus.NoSubscriberEvent
11-11 15:32:48.379 8312 8403 I Appboy v3.5.0 .com.appboy.Appboy: Closed session with ID: 1ac63621-07bb-49d6-8c06-3aceabadf835
11-11 15:32:48.457 8312 8335 E FirebaseInstanceId: Google Play services missing or without correct permission.
11-11 15:32:48.504 2262 2279 I chatty : uid=1000(system) HeapTaskDaemon expire 3 lines
11-11 15:32:48.589 504 504 E QCOM PowerHAL: Failed to acquire lock.
11-11 15:32:48.590 505 505 I chatty : uid=1000(system) sensors@1.0-ser expire 5 lines
11-11 15:32:48.596 505 994 I chatty : uid=1000(system) sensors@1.0-ser expire 8 lines
11-11 15:32:48.602 484 2755 D audio_hw_primary: adev_set_parameters: enter: screen_state=off
11-11 15:32:48.602 484 2755 D audio_hw_extn: audio_extn_set_anc_parameters: anc_enabled:0
11-11 15:32:48.602 484 2755 D audio_hw_spkr_prot: audio_extn_fbsp_set_parameters: Speaker protection disabled
11-11 15:32:48.606 2960 2960 D wpa_supplicant: wpa_driver_nl80211_driver_cmd SETSUSPENDMODE 1 len = 0, 4096
11-11 15:32:48.620 2980 2980 I chatty : uid=1000(system) .dataservices expire 10 lines
11-11 15:32:48.624 505 944 I chatty : uid=1000(system) sensors@1.0-ser expire 211 lines
11-11 15:32:48.839 2039 2297 I fpc_fingerprint_hal: wait_wake_up (get_irq)
11-11 15:32:48.840 483 483 W healthd : type=1400 audit(0.0:82424): avc: denied { read } for name="type" dev="sysfs" ino=30454 scontext=u:r:healthd:s0 tcontext=u:object_r:sysfs:s0 tclass=file permissive=0
11-11 15:32:48.847 483 483 W healthd : type=1400 audit(0.0:82426): avc: denied { read } for name="type" dev="sysfs" ino=30454 scontext=u:r:healthd:s0 tcontext=u:object_r:sysfs:s0 tclass=file permissive=0
11-11 15:32:48.855 2039 2297 I fpc_fingerprint_hal: capture_single_image when fpc_wait_finger_down s_domekey_down = 0
11-11 15:32:48.858 8312 8312 D EventBus: No subscribers registered for event class com.okcupid.okcupid.data.service.event_bus.EventBusEvent$BackgroundedAppEvent
11-11 15:32:48.859 8312 8312 D EventBus: No subscribers registered for event class org.greenrobot.eventbus.NoSubscriberEvent
11-11 15:32:48.900 2262 2765 I PowerManagerService: Waking up from sleep (uid=1000 reason=android.policy:KEY)...
11-11 15:32:48.901 2262 2262 W UsageStatsService: Event reported without a package name
11-11 15:32:48.901 2262 2262 W UsageStatsService: Event reported without a package name
11-11 15:32:48.903 504 504 E QCOM PowerHAL: Failed to acquire lock.
11-11 15:32:48.910 498 498 I chatty : uid=1000(system) health@2.0-serv expire 10 lines
11-11 15:32:48.914 2262 2317 I DisplayPowerController: Blocking screen on until initial contents have been drawn.
11-11 15:32:48.961 2262 5054 W AlarmManager: Suspiciously short interval 10000 millis; expanding to 60 seconds
11-11 15:32:48.965 2039 2297 D android.hardware.biometrics.fingerprint@2.1-service: onAcquired(0)
11-11 15:32:48.968 2262 2262 V FingerprintService: stop client com.android.systemui
11-11 15:32:48.969 2039 2039 I fpc_fingerprint_hal: fpc_cancel
11-11 15:32:48.969 2039 2039 D android.hardware.biometrics.fingerprint@2.1-service: onError(5)
11-11 15:32:48.969 2039 2039 I fpc_fingerprint_hal: fpc_worker_set_state_locked worker_state_t = -1
11-11 15:32:48.969 8312 8312 W zzd : Application name is not set. Call Builder#setApplicationName.
11-11 15:32:48.970 8312 8312 W zzd : Application name is not set. Call Builder#setApplicationName.
11-11 15:32:48.971 8312 8403 I Appboy v3.5.0 .bo.app.bn: Completed the openSession call. Starting or continuing session 1ac63621-07bb-49d6-8c06-3aceabadf835
11-11 15:32:48.977 8312 9182 W GooglePlayServicesUtil: Google Play Store is missing.
11-11 15:32:48.978 8312 8403 I Appboy v3.5.0 .bo.app.bn: Completed the openSession call. Starting or continuing session 1ac63621-07bb-49d6-8c06-3aceabadf835
11-11 15:32:48.988 497 734 I SDM : DisplayBase::SetDisplayState: Set state = 1, display 0
11-11 15:32:48.990 2262 2314 I DisplayManagerService: Display device changed state: "Ecrã Integrado", ON
11-11 15:32:49.000 2039 2297 I fpc_fingerprint_hal: do_identify fpc_tac_identify result 2 341 0 187150
11-11 15:32:49.002 2039 2297 I fpc_fingerprint_hal: log_result2 end
11-11 15:32:49.002 8312 8312 D AppStateCollector: Reconnect location services
11-11 15:32:49.009 8312 8312 I PlayCore: UID: [10100] PID: [8312] AppUpdateService : requestUpdateInfo(com.okcupid.okcupid)
11-11 15:32:49.009 8312 8391 I PlayCore: UID: [10100] PID: [8312] AppUpdateService : Initiate binding to the service.
11-11 15:32:49.010 8312 31711 W GooglePlayServicesUtil: Google Play Store is missing.
11-11 15:32:49.010 2262 6531 W ActivityManager: Unable to start service Intent { act=com.google.android.play.core.install.BIND_UPDATE_SERVICE pkg=com.android.vending } U=0: not found
11-11 15:32:49.011 2262 5054 W ActivityManager: Unable to start service Intent { act=com.google.android.gms.ads.identifier.service.START pkg=com.google.android.gms } U=0: not found
11-11 15:32:49.011 8312 8391 I PlayCore: UID: [10100] PID: [8312] AppUpdateService : Failed to bind to the service.
11-11 15:32:49.013 2039 2297 D android.hardware.biometrics.fingerprint@2.1-service: onAuthenticated(fid=553465998, gid=0)
11-11 15:32:49.015 2039 2297 I fpc_tac : fpc_tac_store_template_db storing db at /data/system/users/0/fpdata/user.db.bak
11-11 15:32:49.037 2039 2297 I fpc_tac : fpc_tac_store_template_db storing db at /data/system/users/0/fpdata/user2.db.bak
11-11 15:32:49.052 2262 2317 I DisplayPowerController: Unblocked screen on after 139 ms
11-11 15:32:49.064 2039 2297 E fpc_fingerprint_hal: do_identify failed -4
11-11 15:32:49.064 2039 2297 I fpc_fingerprint_hal: do_identify end -
11-11 15:32:49.064 2039 2297 I fpc_fingerprint_hal: workerFunction STATE_IDLE
11-11 15:32:49.064 2262 2262 W FingerprintService: client com.android.systemui is no longer authenticating
11-11 15:32:49.065 2262 2262 V FingerprintService: Done with client: com.android.systemui
11-11 15:32:49.065 2262 2262 V FingerprintService: handleError(client=com.android.systemui, error = 5)
11-11 15:32:49.068 2262 2262 V FingerprintService: handleError(client=null, error = 5)
11-11 15:32:49.070 1942 1942 D keystore: AddAuthenticationToken: timestamp = 173727697, time_received = 91310
11-11 15:32:49.075 484 2755 D audio_hw_primary: adev_set_parameters: enter: screen_state=on
11-11 15:32:49.075 484 2755 D audio_hw_extn: audio_extn_set_anc_parameters: anc_enabled:0
11-11 15:32:49.075 484 2755 D audio_hw_spkr_prot: audio_extn_fbsp_set_parameters: Speaker protection disabled
11-11 15:32:49.082 2960 2960 D wpa_supplicant: nl80211: Drv Event 33 (NL80211_CMD_TRIGGER_SCAN) received for wlan0
11-11 15:32:49.082 2960 2960 D wpa_supplicant: wlan0: nl80211: Scan trigger
11-11 15:32:49.082 2960 2960 D wpa_supplicant: wlan0: Event SCAN_STARTED (46) received
11-11 15:32:49.082 2960 2960 D wpa_supplicant: wlan0: External program started a scan
11-11 15:32:49.083 2039 2297 I fpc_fingerprint_hal: fpc_wait_finger_up(fpc_tac_check_finger_lost) status: 2
11-11 15:32:49.085 2960 2960 D wpa_supplicant: wpa_driver_nl80211_driver_cmd SETSUSPENDMODE 0 len = 0, 4096
11-11 15:32:49.087 2262 6531 I chatty : uid=1000(system) Binder:2262_1B expire 2 lines
11-11 15:32:49.111 2039 2297 I fpc_fingerprint_hal: fpc_wait_finger_up(fpc_tac_check_finger_lost) status: 2
11-11 15:32:49.140 2039 2297 I fpc_fingerprint_hal: fpc_wait_finger_up(fpc_tac_check_finger_lost) status: 2
11-11 15:32:49.160 8312 31709 W GooglePlayServicesUtil: Google Play Store is missing.
11-11 15:32:49.170 8312 31709 W GooglePlayServicesUtil: Google Play Store is missing.
11-11 15:32:49.171 2039 2297 I fpc_fingerprint_hal: fpc_wait_finger_up(fpc_tac_check_finger_lost) status: 2
11-11 15:32:49.176 8312 31709 W GooglePlayServicesUtil: Google Play Store is missing.
11-11 15:32:49.190 8312 31709 W GooglePlayServicesUtil: Google Play Store is missing.
11-11 15:32:49.201 2039 2297 I fpc_fingerprint_hal: fpc_wait_finger_up(fpc_tac_check_finger_lost) status: 2
11-11 15:32:49.220 2262 2317 W PowerManagerService: Screen on took 322 ms
11-11 15:32:49.229 2039 2297 I fpc_fingerprint_hal: fpc_wait_finger_up(fpc_tac_check_finger_lost) status: 2
11-11 15:32:49.244 2262 2312 D AutofillManagerService: Close system dialogs
11-11 15:32:49.246 2262 2764 I ActivityManager: START u0 {act=android.intent.action.MAIN cat=[android.intent.category.HOME] flg=0x10200000 cmp=com.android.launcher3/.lineage.LineageLauncher (has extras)} from uid 1000
11-11 15:32:49.247 518 537 E ANDR-PERF-RESOURCEQS: Failed to apply optimization [2, 1]
11-11 15:32:49.247 518 537 E ANDR-PERF-RESOURCEQS: Failed to apply optimization [2, 1]
11-11 15:32:49.258 2039 2297 I fpc_fingerprint_hal: fpc_wait_finger_up(fpc_tac_check_finger_lost) status: 2
11-11 15:32:49.276 2262 2286 W ActivityManager: Unable to start service Intent { act=com.android.launcher3.WINDOW_OVERLAY dat=app://com.android.launcher3:10035?v=7&cv=9 pkg=com.google.android.googlequicksearchbox } U=0: not found
11-11 15:32:49.279 9549 9549 V StatusBar: mStatusBarWindow: com.android.systemui.statusbar.phone.StatusBarWindowView{f99f4ad V.ED..... ........ 0,0-1080,65} canPanelBeCollapsed(): false
11-11 15:32:49.288 2039 2297 I fpc_fingerprint_hal: fpc_wait_finger_up(fpc_tac_check_finger_lost) status: 2
11-11 15:32:49.296 8312 8312 D EventBus: No subscribers registered for event class com.okcupid.okcupid.data.service.event_bus.EventBusEvent$MessageDraftEvent
11-11 15:32:49.296 8312 8312 D EventBus: No subscribers registered for event class org.greenrobot.eventbus.NoSubscriberEvent
11-11 15:32:49.296 8312 8312 D AppStateCollector: Disconnect location services
11-11 15:32:49.299 8312 8405 D siftscience.android.SiftImpl: Archived Sift.Config: {"account_id":"592d87efe4b0ee89c9148e28","beacon_key":"24e1d3c3ce","disallow_location_collection":true,"server_url_format":"https://api3.siftscience.com/v3/accounts/%s/mobile_events"}
11-11 15:32:49.300 8312 8405 D siftscience.android.SiftImpl: Archived User ID: 14183166062413331388
11-11 15:32:49.300 8312 8405 D siftscience.android.SiftImpl: Archived queue/siftscience.android.device Queue
11-11 15:32:49.300 8312 8405 D siftscience.android.SiftImpl: Archived queue/siftscience.android.app Queue
11-11 15:32:49.316 8312 8312 E okcupid.okcupi: No package ID ff found for ID 0xffffffff.
11-11 15:32:49.337 2039 2297 I fpc_fingerprint_hal: fpc_wait_finger_up(fpc_tac_check_finger_lost) status: 2
11-11 15:32:49.350 8312 8403 I Appboy v3.5.0 .com.appboy.Appboy: Closed session with ID: 1ac63621-07bb-49d6-8c06-3aceabadf835
11-11 15:32:49.352 2262 2286 I chatty : uid=1000(system) Binder:2262_1 expire 2 lines
11-11 15:32:49.354 8312 8403 I Appboy v3.5.0 .com.appboy.Appboy: Closed session with ID: 1ac63621-07bb-49d6-8c06-3aceabadf835
11-11 15:32:49.460 2039 2297 I fpc_fingerprint_hal: fpc_wait_finger_up FPC_LIB_FINGER_LOST
11-11 15:32:49.460 2039 2297 I fpc_fingerprint_hal: workerFunction STATE_NONE (Navigation), status:0
11-11 15:32:49.460 2039 2297 I fpc_fingerprint_hal: do_navigation start -
11-11 15:32:49.615 8312 8312 D EventBus: No subscribers registered for event class java.lang.Integer
11-11 15:32:49.615 8312 8312 D EventBus: No subscribers registered for event class org.greenrobot.eventbus.NoSubscriberEvent
11-11 15:32:49.623 8312 8312 W zzd : Application name is not set. Call Builder#setApplicationName.
11-11 15:32:49.626 8312 8312 W zzd : Application name is not set. Call Builder#setApplicationName.
11-11 15:32:49.643 8312 8312 W zzd : Application name is not set. Call Builder#setApplicationName.
11-11 15:32:49.746 8312 8312 D EventBus: No subscribers registered for event class com.okcupid.okcupid.data.service.event_bus.EventBusEvent$UpdateCurrentTabsTitlesEvent
11-11 15:32:49.746 8312 8312 D EventBus: No subscribers registered for event class org.greenrobot.eventbus.NoSubscriberEvent
11-11 15:32:49.760 528 810 I chatty : uid=1000(system) Binder:528_3 expire 4 lines
11-11 15:32:49.793 8312 8312 D EventBus: No subscribers registered for event class com.okcupid.okcupid.data.service.event_bus.EventBusEvent$UpdateCurrentTabsTitlesEvent
11-11 15:32:49.793 8312 8312 D EventBus: No subscribers registered for event class org.greenrobot.eventbus.NoSubscriberEvent
11-11 15:32:49.815 8312 8312 D EventBus: No subscribers registered for event class com.okcupid.okcupid.data.service.event_bus.EventBusEvent$BackgroundedAppEvent
11-11 15:32:49.815 8312 8312 D EventBus: No subscribers registered for event class org.greenrobot.eventbus.NoSubscriberEvent
11-11 15:32:49.918 8312 8312 D EventBus: No subscribers registered for event class com.okcupid.okcupid.data.service.event_bus.EventBusEvent$MessageDraftEvent
11-11 15:32:49.918 8312 8312 D EventBus: No subscribers registered for event class org.greenrobot.eventbus.NoSubscriberEvent
11-11 15:32:49.986 2262 2312 D AutofillManagerService: Close system dialogs
11-11 15:32:49.987 9549 9549 V StatusBar: mStatusBarWindow: com.android.systemui.statusbar.phone.StatusBarWindowView{f99f4ad V.ED..... ........ 0,0-1080,65} canPanelBeCollapsed(): false
11-11 15:32:50.003 3634 16459 D EventBus: No subscribers registered for event class com.privateinternetaccess.android.model.events.VPNTrafficDataPointEvent
11-11 15:32:50.003 3634 16459 D EventBus: No subscribers registered for event class org.greenrobot.eventbus.NoSubscriberEvent
11-11 15:32:50.006 16390 16402 D EventBus: No subscribers registered for event class com.privateinternetaccess.android.model.events.VPNTrafficDataPointEvent
11-11 15:32:50.006 16390 16402 D EventBus: No subscribers registered for event class org.greenrobot.eventbus.NoSubscriberEvent
11-11 15:32:50.320 8312 31611 W zzd : Application name is not set. Call Builder#setApplicationName.
11-11 15:32:50.383 518 537 E ANDR-PERF-RESOURCEQS: Failed to apply optimization [2, 1]
11-11 15:32:50.383 518 537 E ANDR-PERF-RESOURCEQS: Failed to apply optimization [2, 1]
11-11 15:32:50.605 8312 8312 I Choreographer: Skipped 34 frames! The application may be doing too much work on its main thread.
11-11 15:32:50.612 8312 8448 W GooglePlayServicesUtil: Google Play Store is missing.
11-11 15:32:50.612 8312 8312 W zzd : Application name is not set. Call Builder#setApplicationName.
11-11 15:32:50.613 8312 8312 W zzd : Application name is not set. Call Builder#setApplicationName.
11-11 15:32:50.613 2262 6352 W AlarmManager: Suspiciously short interval 10000 millis; expanding to 60 seconds
11-11 15:32:50.616 8312 8403 I Appboy v3.5.0 .bo.app.bn: Completed the openSession call. Starting or continuing session 1ac63621-07bb-49d6-8c06-3aceabadf835
11-11 15:32:50.623 8312 8312 D AppStateCollector: Reconnect location services
11-11 15:32:50.628 8312 8403 I Appboy v3.5.0 .bo.app.bn: Completed the openSession call. Starting or continuing session 1ac63621-07bb-49d6-8c06-3aceabadf835
11-11 15:32:50.628 8312 8312 I PlayCore: UID: [10100] PID: [8312] AppUpdateService : requestUpdateInfo(com.okcupid.okcupid)
11-11 15:32:50.629 8312 8391 I PlayCore: UID: [10100] PID: [8312] AppUpdateService : Initiate binding to the service.
11-11 15:32:50.630 2262 7852 W ActivityManager: Unable to start service Intent { act=com.google.android.play.core.install.BIND_UPDATE_SERVICE pkg=com.android.vending } U=0: not found
11-11 15:32:50.630 8312 8391 I PlayCore: UID: [10100] PID: [8312] AppUpdateService : Failed to bind to the service.
11-11 15:32:50.631 8312 31708 W GooglePlayServicesUtil: Google Play Store is missing.
11-11 15:32:50.631 2262 6352 W ActivityManager: Unable to start service Intent { act=com.google.android.gms.ads.identifier.service.START pkg=com.google.android.gms } U=0: not found
11-11 15:32:50.778 8312 8325 I okcupid.okcupi: Background concurrent copying GC freed 233009(10MB) AllocSpace objects, 123(3MB) LOS objects, 49% free, 15MB/30MB, paused 1.933ms total 145.638ms
11-11 15:32:50.829 528 1607 I chatty : uid=1000(system) Binder:528_5 expire 2 lines
11-11 15:32:51.187 4014 5263 D EventBus: No subscribers registered for event class com.privateinternetaccess.android.model.events.VPNTrafficDataPointEvent
11-11 15:32:51.187 4014 5263 D EventBus: No subscribers registered for event class org.greenrobot.eventbus.NoSubscriberEvent
11-11 15:32:51.200 24479 24513 D EventBus: No subscribers registered for event class com.privateinternetaccess.android.model.events.VPNTrafficDataPointEvent
11-11 15:32:51.200 24479 24513 D EventBus: No subscribers registered for event class org.greenrobot.eventbus.NoSubscriberEvent
11-11 15:32:51.348 8312 8312 D EventBus: No subscribers registered for event class java.lang.Integer
11-11 15:32:51.348 8312 8312 D EventBus: No subscribers registered for event class org.greenrobot.eventbus.NoSubscriberEvent
11-11 15:32:51.352 8312 8312 W zzd : Application name is not set. Call Builder#setApplicationName.
11-11 15:32:51.358 8312 8312 I chatty : uid=10100(com.okcupid.okcupid) identical 1 line
11-11 15:32:51.372 8312 8312 W zzd : Application name is not set. Call Builder#setApplicationName.
11-11 15:32:52.015 3634 16459 D EventBus: No subscribers registered for event class com.privateinternetaccess.android.model.events.VPNTrafficDataPointEvent
11-11 15:32:52.015 3634 16459 D EventBus: No subscribers registered for event class org.greenrobot.eventbus.NoSubscriberEvent
11-11 15:32:52.018 16390 16402 D EventBus: No subscribers registered for event class com.privateinternetaccess.android.model.events.VPNTrafficDataPointEvent
11-11 15:32:52.018 16390 16402 D EventBus: No subscribers registered for event class org.greenrobot.eventbus.NoSubscriberEvent
11-11 15:32:52.117 2262 6352 I chatty : uid=1000(system) Binder:2262_1A expire 1 line
11-11 15:32:52.357 8312 31622 W zzd : Application name is not set. Call Builder#setApplicationName.
11-11 15:32:52.719 2262 2850 I ActivityManager: Killing 13638:com.android.packageinstaller/u10a23 (adj 904): empty for 1800s
11-11 15:32:52.721 2262 2850 I ActivityManager: Killing 25496:com.apkpure.aegon/u0a116 (adj 906): empty for 1801s
11-11 15:32:52.722 2262 2304 I chatty : uid=1000(system) ActivityManager expire 10 lines
11-11 15:32:52.722 2262 2850 I ActivityManager: Killing 25569:com.android.webview:sandboxed_process0/u0a116i13 (adj 906): empty for 1801s
11-11 15:32:52.724 2262 2850 I ActivityManager: Killing 25805:com.android.keychain/1000 (adj 906): empty for 1801s
11-11 15:32:52.782 2262 6352 D ConnectivityService: ConnectivityService NetworkRequestInfo binderDied(NetworkRequest [ LISTEN id=112, [ Capabilities: INTERNET&NOT_RESTRICTED&TRUSTED&FOREGROUND Unwanted: Uid: 10116] ], android.os.BinderProxy@a29ab1d)
11-11 15:32:52.782 2262 2286 D ConnectivityService: ConnectivityService NetworkRequestInfo binderDied(NetworkRequest [ TRACK_DEFAULT id=111, [ Capabilities: INTERNET&NOT_RESTRICTED&TRUSTED Unwanted: Uid: 10116] ], android.os.BinderProxy@b4ee192)
11-11 15:32:52.783 2262 2808 D ConnectivityService: releasing NetworkRequest [ TRACK_DEFAULT id=111, [ Capabilities: INTERNET&NOT_RESTRICTED&TRUSTED Unwanted: Uid: 10116] ] (release request)
11-11 15:32:52.783 1914 1914 I Zygote : Process 25496 exited due to signal (9)
11-11 15:32:52.785 527 527 E lowmemorykiller: Error writing /proc/25569/oom_score_adj; errno=22
11-11 15:32:52.793 2902 2902 I Zygote : Process 25569 exited due to signal (9)
11-11 15:32:52.801 1913 1913 I Zygote : Process 25805 exited due to signal (9)
11-11 15:32:52.811 1913 1913 I Zygote : Process 13638 exited due to signal (9)
11-11 15:32:52.822 2262 2314 W ActivityManager: setHasOverlayUi called on unknown pid: 13638
11-11 15:32:53.062 2039 2297 I fpc_fingerprint_hal: wait_wake_up (get_irq)
11-11 15:32:53.259 2262 2312 D AutofillManagerService: Close system dialogs
11-11 15:32:53.260 9549 9549 V StatusBar: mStatusBarWindow: com.android.systemui.statusbar.phone.StatusBarWindowView{f99f4ad V.ED..... ........ 0,0-1080,65} canPanelBeCollapsed(): false
11-11 15:32:53.262 2262 2764 I ActivityManager: START u0 {act=android.intent.action.MAIN cat=[android.intent.category.HOME] flg=0x10200000 cmp=com.android.launcher3/.lineage.LineageLauncher (has extras)} from uid 1000
11-11 15:32:53.264 518 537 E ANDR-PERF-RESOURCEQS: Failed to apply optimization [2, 1]
11-11 15:32:53.264 518 537 E ANDR-PERF-RESOURCEQS: Failed to apply optimization [2, 1]
11-11 15:32:53.269 8312 8312 D AppStateCollector: Disconnect location services
11-11 15:32:53.270 8312 8405 D siftscience.android.SiftImpl: Archived Sift.Config: {"account_id":"592d87efe4b0ee89c9148e28","beacon_key":"24e1d3c3ce","disallow_location_collection":true,"server_url_format":"https://api3.siftscience.com/v3/accounts/%s/mobile_events"}
11-11 15:32:53.270 8312 8405 D siftscience.android.SiftImpl: Archived User ID: 14183166062413331388
11-11 15:32:53.270 8312 8405 D siftscience.android.SiftImpl: Archived queue/siftscience.android.device Queue
11-11 15:32:53.270 8312 8405 D siftscience.android.SiftImpl: Archived queue/siftscience.android.app Queue
11-11 15:32:53.294 2262 6121 W ActivityManager: Unable to start service Intent { act=com.android.launcher3.WINDOW_OVERLAY dat=app://com.android.launcher3:10035?v=7&cv=9 pkg=com.google.android.googlequicksearchbox } U=0: not found
11-11 15:32:53.321 8312 8403 I Appboy v3.5.0 .com.appboy.Appboy: Closed session with ID: 1ac63621-07bb-49d6-8c06-3aceabadf835
11-11 15:32:53.335 8312 8403 I Appboy v3.5.0 .com.appboy.Appboy: Closed session with ID: 1ac63621-07bb-49d6-8c06-3aceabadf835
11-11 15:32:53.398 8312 8335 E FirebaseInstanceId: Google Play services missing or without correct permission.
11-11 15:32:53.726 8312 8312 D EventBus: No subscribers registered for event class com.okcupid.okcupid.data.service.event_bus.EventBusEvent$MessageDraftEvent
11-11 15:32:53.726 8312 8312 D EventBus: No subscribers registered for event class org.greenrobot.eventbus.NoSubscriberEvent
11-11 15:32:53.821 8312 8312 D EventBus: No subscribers registered for event class com.okcupid.okcupid.data.service.event_bus.EventBusEvent$BackgroundedAppEvent
11-11 15:32:53.822 8312 8312 D EventBus: No subscribers registered for event class org.greenrobot.eventbus.NoSubscriberEvent
11-11 15:32:54.052 3634 16459 D EventBus: No subscribers registered for event class com.privateinternetaccess.android.model.events.VPNTrafficDataPointEvent
11-11 15:32:54.052 3634 16459 D EventBus: No subscribers registered for event class org.greenrobot.eventbus.NoSubscriberEvent
11-11 15:32:54.055 16390 16402 D EventBus: No subscribers registered for event class com.privateinternetaccess.android.model.events.VPNTrafficDataPointEvent
11-11 15:32:54.056 16390 16402 D EventBus: No subscribers registered for event class org.greenrobot.eventbus.NoSubscriberEvent
11-11 15:32:54.108 3849 3849 D WeatherUpdateService: onCreate
11-11 15:32:54.112 3849 3849 D WeatherUpdateService: Service started, but shouldn't update ... stopping
11-11 15:32:54.116 3849 3849 D WeatherUpdateService: onDestroy
11-11 15:32:54.844 2960 2960 D wpa_supplicant: nl80211: Drv Event 34 (NL80211_CMD_NEW_SCAN_RESULTS) received for wlan0
11-11 15:32:54.844 2960 2960 D wpa_supplicant: wlan0: nl80211: New scan results available
11-11 15:32:54.844 2960 2960 D wpa_supplicant: nl80211: Scan included frequencies: 2412 2417 2422 2427 2432 2437 2442 2447 2452 2457 2462 2467 2472 5180 5200 5220 5240 5260 5280 5300 5320 5500 5520 5540 5560 5580 5600 5620 5640 5660 5680 5700 5720 5745 5765 5785 5805 5825 5845 5865
11-11 15:32:54.844 2960 2960 D wpa_supplicant: wlan0: Event SCAN_RESULTS (3) received
11-11 15:32:54.845 2960 2960 D wpa_supplicant: nl80211: Received scan results (4 BSSes)
11-11 15:32:54.845 2960 2960 D wpa_supplicant: nl80211: Scan results indicate BSS status with c8:8d:83:64:86:40 as associated
11-11 15:32:54.845 2960 2960 D wpa_supplicant: wlan0: BSS: Start scan result update 424
11-11 15:32:54.845 2960 2960 D wpa_supplicant: wlan0: BSS: Add new id 171 BSSID c8:8d:83:64:86:44 SSID '\x00\x00\x00\x00\x00\x00\x00\x00' freq 5500
11-11 15:32:54.845 2960 2960 D wpa_supplicant: BSS: last_scan_res_used=4/32
11-11 15:32:54.845 2960 2960 D wpa_supplicant: wlan0: New scan results available (own=0 ext=1)
11-11 15:32:54.846 2960 2960 D wpa_supplicant: wlan0: Do not use results from externally requested scan operation for network selection
11-11 15:32:54.846 2960 2960 D wpa_supplicant: wlan0: Control interface command 'SCAN_RESULTS'
11-11 15:32:54.846 2960 2960 D wpa_supplicant: wlan0: Control interface command 'SCAN_RESULTS'
11-11 15:32:54.855 2262 2805 I chatty : uid=1000(system) WifiStateMachin expire 26 lines
11-11 15:32:55.025 2262 2765 D WindowManager: powerPress: eventTime=91316193 interactive=true count=1 beganFromNonInteractive=false mShortPressOnPowerBehavior=1
11-11 15:32:55.026 2262 2765 I PowerManagerService: Going to sleep due to power button (uid 1000)...
11-11 15:32:55.027 2262 2262 W UsageStatsService: Event reported without a package name
11-11 15:32:55.027 2262 2262 W UsageStatsService: Event reported without a package name
11-11 15:32:55.034 2262 2317 I PowerManagerService: Sleeping (uid 1000)...
11-11 15:32:55.065 9549 9566 W AudioTrack: AUDIO_OUTPUT_FLAG_FAST denied by server; frameCount 0 -> 9989
11-11 15:32:55.069 484 2755 D audio_hw_primary: out_set_parameters: enter: usecase(1: low-latency-playback) kvpairs: routing=2
11-11 15:32:55.070 484 2755 D audio_hw_extn: audio_extn_set_anc_parameters: anc_enabled:0
11-11 15:32:55.070 484 2755 D audio_hw_spkr_prot: audio_extn_fbsp_set_parameters: Speaker protection disabled
11-11 15:32:55.075 2262 2262 V FingerprintService: startAuthentication(com.android.systemui)
11-11 15:32:55.076 2262 2262 V FingerprintService: starting client AuthenticationClient(com.android.systemui), initiatedByClient = true
11-11 15:32:55.080 484 3446 D audio_hw_primary: start_output_stream: enter: stream(0xee3e0000)usecase(1: low-latency-playback) devices(0x2)
11-11 15:32:55.080 484 3446 D audio_hw_primary: select_devices for use case (low-latency-playback)
11-11 15:32:55.081 484 3446 D audio_hw_primary: select_devices: out_snd_device(2: speaker) in_snd_device(0: )
11-11 15:32:55.081 484 3446 I msm8974_platform: platform_check_and_set_codec_backend_cfg:becf: afe: bitwidth 16, samplerate 48000 channels 2, backend_idx 0 usecase = 1 device (speaker)
11-11 15:32:55.081 484 3446 D msm8974_platform: platform_split_snd_device: snd_device(2) num devices(1) new_snd_devices(0)
11-11 15:32:55.081 484 3446 I msm8974_platform: platform_check_and_set_codec_backend_cfg: new_snd_devices[0] is 2
11-11 15:32:55.081 484 3446 I msm8974_platform: platform_check_codec_backend_cfg:becf: afe: bitwidth 16, samplerate 48000 channels 2, backend_idx 0 usecase = 1 device (speaker)
11-11 15:32:55.081 484 3446 D msm8974_platform: platform_check_codec_backend_cfg:becf: afe: playback on codec device not supporting native playback set default Sample Rate(48k)
11-11 15:32:55.081 484 3446 I msm8974_platform: platform_check_codec_backend_cfg:becf: afe: Codec selected backend: 0 updated bit width: 16 and sample rate: 48000
11-11 15:32:55.081 484 3446 D audio_hw_primary: check_usecases_codec_backend:becf: force routing 0
11-11 15:32:55.081 484 3446 E msm8974_platform: platform_check_backends_match: Invalid snd_device =
11-11 15:32:55.081 484 3446 D audio_hw_primary: check_usecases_codec_backend:becf: (65) check_usecases curr device: speaker, usecase device: backends match 0
11-11 15:32:55.081 484 3446 D audio_hw_primary: check_usecases_codec_backend:becf: check_usecases num.of Usecases to switch 0
11-11 15:32:55.081 484 3446 D hardware_info: hw_info_append_hw_type : device_name = speaker
11-11 15:32:55.081 518 537 E ANDR-PERF-RESOURCEQS: Failed to apply optimization [4, 0]
11-11 15:32:55.081 484 3446 D msm8974_platform: platform_split_snd_device: snd_device(2) num devices(0) new_snd_devices(0)
11-11 15:32:55.081 484 3446 D audio_hw_primary: enable_snd_device: snd_device(2: speaker)
11-11 15:32:55.081 484 3446 I soundtrigger: audio_extn_sound_trigger_update_device_status: device 0x2 of type 0 for Event 1, with Raise=0
11-11 15:32:55.081 2039 2039 I fpc_fingerprint_hal: fpc_worker_set_state_locked worker_state_t = 0
11-11 15:32:55.081 484 3446 D audio_route: Apply path: speaker
11-11 15:32:55.082 2039 2297 E fpc_tac : fpc_ree_device_wait_irq (fingerprint) pfd[1].revents 1
11-11 15:32:55.083 484 3446 D soundtrigger: audio_extn_sound_trigger_update_stream_status: uc_info->id 1 of type 0 for Event 3, with Raise=0
11-11 15:32:55.083 484 3446 D audio_hw_utils: audio_extn_utils_send_app_type_cfg: usecase->out_snd_device speaker
11-11 15:32:55.083 484 3446 D msm8974_platform: platform_split_snd_device: snd_device(2) num devices(0) new_snd_devices(0)
11-11 15:32:55.083 484 3446 E msm8974_platform: platform_get_snd_device_backend_index: BE DAI Name Table is not present
11-11 15:32:55.083 484 3446 E audio_hw_utils: send_app_type_cfg_for_device: Couldn't get the backend index for snd device speaker ret=-14
11-11 15:32:55.083 484 3446 D audio_hw_utils: audio_extn_btsco_get_sample_rate:Not a BT SCO device, need not update sampling rate
11-11 15:32:55.083 484 3446 I audio_hw_utils: send_app_type_cfg_for_device PLAYBACK app_type 69937, acdb_dev_id 34, sample_rate 48000, snd_device_be_idx -14
11-11 15:32:55.084 484 3446 D msm8974_platform: platform_split_snd_device: snd_device(2) num devices(1) new_snd_devices(0)
11-11 15:32:55.084 484 3446 D ACDB-LOADER: ACDB -> send_audio_cal, acdb_id = 34, path = 0, app id = 0x11131, sample rate = 48000
11-11 15:32:55.084 484 3446 D ACDB-LOADER: ACDB -> send_asm_topology
11-11 15:32:55.084 484 3446 D ACDB-LOADER: ACDB -> ACDB_CMD_GET_AUDPROC_STREAM_TOPOLOGY_ID
11-11 15:32:55.084 484 3446 D ACDB-LOADER: ACDB -> send_adm_topology
11-11 15:32:55.084 484 3446 D ACDB-LOADER: ACDB -> ACDB_CMD_GET_AUDPROC_COMMON_TOPOLOGY_ID
11-11 15:32:55.084 484 3446 D ACDB-LOADER: ACDB -> send_audtable
11-11 15:32:55.084 484 3446 D ACDB-LOADER: ACDB -> ACDB_CMD_GET_AUDPROC_COMMON_TABLE_SIZE
11-11 15:32:55.084 484 3446 D : ACDBFILE_MGR:Read the devices count as zero, please check the acdb file
11-11 15:32:55.084 484 3446 D ACDB-LOADER: ACDB -> ACDB_CMD_GET_AUDPROC_COMMON_TABLE
11-11 15:32:55.084 484 3446 D : ACDBFILE_MGR:Read the devices count as zero, please check the acdb file
11-11 15:32:55.084 484 3446 D ACDB-LOADER: ACDB -> AUDIO_SET_AUDPROC_CAL
11-11 15:32:55.085 484 3446 D ACDB-LOADER: ACDB -> send_audvoltable
11-11 15:32:55.085 484 3446 D ACDB-LOADER: ACDB -> ACDB_CMD_GET_AUDPROC_VOL_STEP_TABLE_SIZE
11-11 15:32:55.085 484 3446 D : ACDBFILE_MGR:Read the devices count as zero, please check the acdb file
11-11 15:32:55.085 484 3446 D ACDB-LOADER: ACDB -> ACDB_CMD_GET_AUDPROC_GAIN_DEP_STEP_TABLE, vol index 5
11-11 15:32:55.085 484 3446 D : ACDBFILE_MGR:Read the devices count as zero, please check the acdb file
11-11 15:32:55.085 484 3446 D ACDB-LOADER: ACDB -> AUDIO_SET_VOL_CAL cal type = 12
11-11 15:32:55.085 484 3446 D ACDB-LOADER: ACDB -> ACDB_CMD_GET_AUDPROC_STREAM_TABLE_SIZE
11-11 15:32:55.085 484 3446 D ACDB-LOADER: ACDB -> send_audstrmtable
11-11 15:32:55.085 484 3446 D ACDB-LOADER: ACDB -> ACDB_CMD_GET_AUDPROC_STREAM_TABLE_V2
11-11 15:32:55.085 484 3446 D ACDB-LOADER: ACDB -> audstrm_cal->cal_type.cal_data.cal_size = 16
11-11 15:32:55.085 484 3446 D ACDB-LOADER: ACDB -> send_afe_topology
11-11 15:32:55.085 484 3446 D ACDB-LOADER: ACDB -> ACDB_CMD_GET_AFE_TOPOLOGY_ID
11-11 15:32:55.085 484 3446 D ACDB-LOADER: ACDB -> GET_AFE_TOPOLOGY_ID for adcd_id 34, Topology Id 112fc
11-11 15:32:55.085 484 3446 D ACDB-LOADER: ACDB -> send_afe_cal
11-11 15:32:55.085 484 3446 D ACDB-LOADER: ACDB -> ACDB_CMD_GET_AFE_COMMON_TABLE_SIZE
11-11 15:32:55.085 484 3446 D : ACDBFILE_MGR:Read the devices count as zero, please check the acdb file
11-11 15:32:55.085 484 3446 D : Failed to fetch the lookup information of the device 00000022
11-11 15:32:55.085 484 3446 E ACDB-LOADER: Error: ACDB_CMD_GET_AFE_COMMON_TABLE_SIZE Returned = -19
11-11 15:32:55.085 484 3446 D ACDB-LOADER: ACDB -> ACDB_CMD_GET_AFE_COMMON_TABLE
11-11 15:32:55.085 484 3446 D : ACDBFILE_MGR:Read the devices count as zero, please check the acdb file
11-11 15:32:55.085 484 3446 D : Failed to fetch the lookup information of the device 00000022
11-11 15:32:55.085 484 3446 E ACDB-LOADER: Error: ACDB AFE returned = -19
11-11 15:32:55.085 484 3446 D ACDB-LOADER: ACDB -> AUDIO_SET_AFE_CAL
11-11 15:32:55.085 484 3446 D ACDB-LOADER: ACDB -> send_hw_delay : acdb_id = 34 path = 0
11-11 15:32:55.085 484 3446 D ACDB-LOADER: ACDB -> ACDB_AVSYNC_INFO: ACDB_CMD_GET_DEVICE_PROPERTY
11-11 15:32:55.085 484 3446 D audio_hw_primary: enable_audio_route: apply mixer and update path: low-latency-playback speaker
11-11 15:32:55.085 484 3446 D audio_route: Apply path: low-latency-playback speaker
11-11 15:32:55.087 484 3446 D audio_hw_primary: select_devices: done
11-11 15:32:55.090 484 3446 D msm8974_platform: platform_set_channel_map mixer_ctl_name:Playback Channel Map15
11-11 15:32:55.090 484 3446 D msm8974_platform: platform_set_channel_map: set mapping(1 2 0 0 0 0 0 0) for channel:2
11-11 15:32:55.091 2039 2297 I fpc_fingerprint_hal: do_navigation end -
11-11 15:32:55.091 2039 2297 I fpc_fingerprint_hal: workerFunction STATE_IDLE
11-11 15:32:55.092 2039 2039 I fpc_fingerprint_hal: fpc_worker_set_state_locked worker_state_t = 2
11-11 15:32:55.092 2039 2297 I fpc_fingerprint_hal: workerFunction STATE_AUTHENTICATE, status:0, nav:1
11-11 15:32:55.093 2262 2262 W FingerprintService: client com.android.systemui is authenticating...
11-11 15:32:55.103 2039 2297 I fpc_fingerprint_hal: fpc_wait_finger_up FPC_LIB_FINGER_LOST
11-11 15:32:55.103 2039 2297 I fpc_fingerprint_hal: do_identify start -
11-11 15:32:55.116 2262 5202 I chatty : uid=1000(system) Binder:2262_F expire 4 lines
11-11 15:32:55.121 484 3446 D audio_hw_primary: start_output_stream: exit
11-11 15:32:55.447 8312 8312 I Choreographer: Skipped 84 frames! The application may be doing too much work on its main thread.
11-11 15:32:55.535 2262 2317 I DisplayPowerController: Blocking screen off
11-11 15:32:55.536 2262 2317 I DisplayPowerController: Unblocked screen off after 1 ms
11-11 15:32:55.622 2262 2314 I DisplayManagerService: Display device changed state: "Ecrã Integrado", OFF
11-11 15:32:55.623 497 497 I SDM : DisplayBase::SetDisplayState: Set state = 0, display 0
11-11 15:32:55.861 504 504 E QCOM PowerHAL: Failed to acquire lock.
11-11 15:32:55.862 505 1121 I chatty : uid=1000(system) HwBinder:505_1 expire 3 lines
11-11 15:32:55.878 484 2755 D audio_hw_primary: adev_set_parameters: enter: screen_state=off
11-11 15:32:55.878 484 2755 D audio_hw_extn: audio_extn_set_anc_parameters: anc_enabled:0
11-11 15:32:55.878 484 2755 D audio_hw_spkr_prot: audio_extn_fbsp_set_parameters: Speaker protection disabled
11-11 15:32:55.892 2960 2960 D wpa_supplicant: wpa_driver_nl80211_driver_cmd SETSUSPENDMODE 1 len = 0, 4096
11-11 15:32:55.909 2262 6123 W UsageStatsService: Event reported without a package name
11-11 15:32:55.909 2262 6123 W UsageStatsService: Event reported without a package name
11-11 15:32:55.957 9549 9549 D StatusBar: disable disable2
11-11 15:32:55.965 9549 9549 D StatusBar: disable disable2
11-11 15:32:56.011 9549 9549 D StatusBar: disable disable2
11-11 15:32:56.011 9549 9549 D StatusBar: disable disable2
11-11 15:32:56.036 3634 16459 D EventBus: No subscribers registered for event class com.privateinternetaccess.android.model.events.VPNTrafficDataPointEvent
11-11 15:32:56.036 3634 16459 D EventBus: No subscribers registered for event class org.greenrobot.eventbus.NoSubscriberEvent
11-11 15:32:56.037 9549 9549 D StatusBar: disable disable2
11-11 15:32:56.037 16390 16402 D EventBus: No subscribers registered for event class com.privateinternetaccess.android.model.events.VPNTrafficDataPointEvent
11-11 15:32:56.037 16390 16402 D EventBus: No subscribers registered for event class org.greenrobot.eventbus.NoSubscriberEvent
11-11 15:32:56.037 9549 9549 W View : requestLayout() improperly called by com.android.keyguard.CarrierText{597628c V.ED..... ......ID 43,0-784,108 #7f0a0193 app:id/keyguard_carrier_text} during layout: running second layout pass
11-11 15:32:57.211 2960 2960 D wpa_supplicant: wlan0: BSS: Remove id 171 BSSID c8:8d:83:64:86:44 SSID '\x00\x00\x00\x00\x00\x00\x00\x00' due to wpa_bss_flush_by_age
11-11 15:32:58.354 3634 16459 D EventBus: No subscribers registered for event class com.privateinternetaccess.android.model.events.VPNTrafficDataPointEvent
11-11 15:32:58.354 3634 16459 D EventBus: No subscribers registered for event class org.greenrobot.eventbus.NoSubscriberEvent
11-11 15:32:58.355 16390 16402 D EventBus: No subscribers registered for event class com.privateinternetaccess.android.model.events.VPNTrafficDataPointEvent
11-11 15:32:58.355 16390 16402 D EventBus: No subscribers registered for event class org.greenrobot.eventbus.NoSubscriberEvent
11-11 15:32:58.356 484 2755 D audio_hw_primary: out_standby: enter: stream (0xee3e0000) usecase(1: low-latency-playback)
11-11 15:32:58.394 484 2755 D audio_hw_primary: disable_audio_route: reset and update mixer path: low-latency-playback speaker
11-11 15:32:58.395 484 2755 D soundtrigger: audio_extn_sound_trigger_update_stream_status: uc_info->id 1 of type 0 for Event 2, with Raise=0
11-11 15:32:58.395 484 2755 D hardware_info: hw_info_append_hw_type : device_name = speaker
11-11 15:32:58.395 484 2755 D audio_hw_primary: disable_snd_device: snd_device(2: speaker)
11-11 15:32:58.395 484 2755 D msm8974_platform: platform_split_snd_device: snd_device(2) num devices(0) new_snd_devices(0)
11-11 15:32:58.396 484 2755 I soundtrigger: audio_extn_sound_trigger_update_device_status: device 0x2 of type 0 for Event 0, with Raise=0
11-11 15:32:58.396 484 2755 D audio_hw_primary: out_standby: exit
11-11 15:32:59.210 483 483 W healthd : type=1400 audit(0.0:82431): avc: denied { read } for name="type" dev="sysfs" ino=30454 scontext=u:r:healthd:s0 tcontext=u:object_r:sysfs:s0 tclass=file permissive=0
11-11 15:32:59.214 483 483 W healthd : type=1400 audit(0.0:82432): avc: denied { read } for name="type" dev="sysfs" ino=30454 scontext=u:r:healthd:s0 tcontext=u:object_r:sysfs:s0 tclass=file permissive=0
11-11 15:32:59.577 483 483 W healthd : type=1400 audit(0.0:82434): avc: denied { read } for name="type" dev="sysfs" ino=30454 scontext=u:r:healthd:s0 tcontext=u:object_r:sysfs:s0 tclass=file permissive=0
11-11 15:33:00.631 2262 2306 D BatteryStatsImpl: Got freq readings for an isolated uid with no mapping: 99013
11-11 15:33:00.632 2262 2306 W BatteryStatsImpl: Got active times for an isolated uid with no mapping: 99013
11-11 15:33:00.633 2262 2306 W BatteryStatsImpl: Got cluster times for an isolated uid with no mapping: 99013
11-11 15:33:02.408 4014 5263 D EventBus: No subscribers registered for event class com.privateinternetaccess.android.model.events.VPNTrafficDataPointEvent
11-11 15:33:02.409 4014 5263 D EventBus: No subscribers registered for event class org.greenrobot.eventbus.NoSubscriberEvent
11-11 15:33:02.418 483 483 W healthd : type=1400 audit(0.0:82443): avc: denied { read } for name="type" dev="sysfs" ino=30454 scontext=u:r:healthd:s0 tcontext=u:object_r:sysfs:s0 tclass=file permissive=0
11-11 15:33:02.421 483 483 W healthd : type=1400 audit(0.0:82444): avc: denied { read } for name="type" dev="sysfs" ino=30454 scontext=u:r:healthd:s0 tcontext=u:object_r:sysfs:s0 tclass=file permissive=0
11-11 15:33:02.436 24479 24513 D EventBus: No subscribers registered for event class com.privateinternetaccess.android.model.events.VPNTrafficDataPointEvent
11-11 15:33:02.436 24479 24513 D EventBus: No subscribers registered for event class org.greenrobot.eventbus.NoSubscriberEvent
11-11 15:33:02.549 1906 2072 I ThermalEngine: Monitor : quiet_therm = 22, msm_therm = -40, ufs_therm = 7, battery_therm = 227,current_now = 255735
11-11 15:33:10.803 2262 2262 W Looper : Slow dispatch took 206ms main h=com.android.server.notification.NotificationManagerService$WorkerHandler c=com.android.server.notification.NotificationManagerService$NotificationListeners$2@c4237bb m=0
11-11 15:33:10.804 2262 2262 W Looper : Slow delivery took 216ms main h=com.android.server.notification.NotificationManagerService$WorkerHandler c=com.android.server.notification.NotificationManagerService$NotificationListeners$2@acee4d8 m=0
11-11 15:33:10.815 3634 16459 D EventBus: No subscribers registered for event class com.privateinternetaccess.android.model.events.VPNTrafficDataPointEvent
11-11 15:33:10.815 3634 16459 D EventBus: No subscribers registered for event class org.greenrobot.eventbus.NoSubscriberEvent
11-11 15:33:10.819 16390 16402 D EventBus: No subscribers registered for event class com.privateinternetaccess.android.model.events.VPNTrafficDataPointEvent
11-11 15:33:10.819 16390 16402 D EventBus: No subscribers registered for event class org.greenrobot.eventbus.NoSubscriberEvent
11-11 15:33:10.830 2262 2262 W Looper : Drained
11-11 15:33:12.607 4014 5263 D EventBus: No subscribers registered for event class com.privateinternetaccess.android.model.events.VPNTrafficDataPointEvent
11-11 15:33:12.607 4014 5263 D EventBus: No subscribers registered for event class org.greenrobot.eventbus.NoSubscriberEvent
11-11 15:33:12.623 24479 24513 D EventBus: No subscribers registered for event class com.privateinternetaccess.android.model.events.VPNTrafficDataPointEvent
11-11 15:33:12.623 24479 24513 D EventBus: No subscribers registered for event class org.greenrobot.eventbus.NoSubscriberEvent
11-11 15:33:20.621 3634 16459 D EventBus: No subscribers registered for event class com.privateinternetaccess.android.model.events.VPNTrafficDataPointEvent
11-11 15:33:20.621 3634 16459 D EventBus: No subscribers registered for event class org.greenrobot.eventbus.NoSubscriberEvent
11-11 15:33:20.623 16390 16402 D EventBus: No subscribers registered for event class com.privateinternetaccess.android.model.events.VPNTrafficDataPointEvent
11-11 15:33:20.623 16390 16402 D EventBus: No subscribers registered for event class org.greenrobot.eventbus.NoSubscriberEvent
11-11 15:33:22.419 3634 16459 D EventBus: No subscribers registered for event class com.privateinternetaccess.android.model.events.VPNTrafficDataPointEvent
11-11 15:33:22.419 3634 16459 D EventBus: No subscribers registered for event class org.greenrobot.eventbus.NoSubscriberEvent
11-11 15:33:22.420 16390 16402 D EventBus: No subscribers registered for event class com.privateinternetaccess.android.model.events.VPNTrafficDataPointEvent
11-11 15:33:22.420 16390 16402 D EventBus: No subscribers registered for event class org.greenrobot.eventbus.NoSubscriberEvent
11-11 15:33:22.423 4014 5263 D EventBus: No subscribers registered for event class com.privateinternetaccess.android.model.events.VPNTrafficDataPointEvent
11-11 15:33:22.423 4014 5263 D EventBus: No subscribers registered for event class org.greenrobot.eventbus.NoSubscriberEvent
11-11 15:33:22.428 483 483 W healthd : type=1400 audit(0.0:82459): avc: denied { read } for name="type" dev="sysfs" ino=30454 scontext=u:r:healthd:s0 tcontext=u:object_r:sysfs:s0 tclass=file permissive=0
11-11 15:33:22.438 483 483 W healthd : type=1400 audit(0.0:82460): avc: denied { read } for name="type" dev="sysfs" ino=30454 scontext=u:r:healthd:s0 tcontext=u:object_r:sysfs:s0 tclass=file permissive=0
11-11 15:33:22.442 24479 24513 D EventBus: No subscribers registered for event class com.privateinternetaccess.android.model.events.VPNTrafficDataPointEvent
11-11 15:33:22.442 24479 24513 D EventBus: No subscribers registered for event class org.greenrobot.eventbus.NoSubscriberEvent
11-11 15:33:26.538 2262 2262 W Looper : Slow dispatch took 182ms main h=com.android.server.notification.NotificationManagerService$WorkerHandler c=com.android.server.notification.NotificationManagerService$NotificationListeners$2@59f6e25 m=0
11-11 15:33:26.538 3634 16459 D EventBus: No subscribers registered for event class com.privateinternetaccess.android.model.events.VPNTrafficDataPointEvent
11-11 15:33:26.538 3634 16459 D EventBus: No subscribers registered for event class org.greenrobot.eventbus.NoSubscriberEvent
11-11 15:33:26.542 16390 16402 D EventBus: No subscribers registered for event class com.privateinternetaccess.android.model.events.VPNTrafficDataPointEvent
11-11 15:33:26.542 16390 16402 D EventBus: No subscribers registered for event class org.greenrobot.eventbus.NoSubscriberEvent
11-11 15:33:26.552 2262 2262 W Looper : Slow delivery took 200ms main h=com.android.server.notification.NotificationManagerService$WorkerHandler c=com.android.server.notification.NotificationManagerService$NotificationListeners$2@e0f5bfa m=0
11-11 15:33:26.564 8312 8403 I Appboy v3.5.0 .bo.app.r: Adding request to dispatcher with parameters:
11-11 15:33:26.564 8312 8403 I Appboy v3.5.0 .bo.app.r: {}
11-11 15:33:26.574 2262 2262 W Looper : Drained
11-11 15:33:26.575 8312 8430 I Appboy v3.5.0 .bo.app.dg: Short circuiting execution of network request and immediately marking it as succeeded.
11-11 15:33:29.754 3634 16459 D EventBus: No subscribers registered for event class com.privateinternetaccess.android.model.events.VPNTrafficDataPointEvent
11-11 15:33:29.754 3634 16459 D EventBus: No subscribers registered for event class org.greenrobot.eventbus.NoSubscriberEvent
11-11 15:33:29.757 16390 16402 D EventBus: No subscribers registered for event class com.privateinternetaccess.android.model.events.VPNTrafficDataPointEvent
11-11 15:33:29.758 16390 16402 D EventBus: No subscribers registered for event class org.greenrobot.eventbus.NoSubscriberEvent
11-11 15:33:32.778 4014 5263 D EventBus: No subscribers registered for event class com.privateinternetaccess.android.model.events.VPNTrafficDataPointEvent
11-11 15:33:32.778 4014 5263 D EventBus: No subscribers registered for event class org.greenrobot.eventbus.NoSubscriberEvent
11-11 15:33:32.804 24479 24513 D EventBus: No subscribers registered for event class com.privateinternetaccess.android.model.events.VPNTrafficDataPointEvent
11-11 15:33:32.804 24479 24513 D EventBus: No subscribers registered for event class org.greenrobot.eventbus.NoSubscriberEvent
11-11 15:33:33.121 505 944 I chatty : uid=1000(system) sensors@1.0-ser expire 208 lines
11-11 15:33:35.005 3634 16459 D EventBus: No subscribers registered for event class com.privateinternetaccess.android.model.events.VPNTrafficDataPointEvent
11-11 15:33:35.005 3634 16459 D EventBus: No subscribers registered for event class org.greenrobot.eventbus.NoSubscriberEvent
11-11 15:33:35.009 483 483 W healthd : type=1400 audit(0.0:82474): avc: denied { read } for name="type" dev="sysfs" ino=30454 scontext=u:r:healthd:s0 tcontext=u:object_r:sysfs:s0 tclass=file permissive=0
11-11 15:33:35.009 498 498 I chatty : uid=1000(system) health@2.0-serv expire 10 lines
11-11 15:33:35.010 16390 16402 D EventBus: No subscribers registered for event class com.privateinternetaccess.android.model.events.VPNTrafficDataPointEvent
11-11 15:33:35.010 16390 16402 D EventBus: No subscribers registered for event class org.greenrobot.eventbus.NoSubscriberEvent
11-11 15:33:35.023 483 483 W healthd : type=1400 audit(0.0:82477): avc: denied { read } for name="type" dev="sysfs" ino=30454 scontext=u:r:healthd:s0 tcontext=u:object_r:sysfs:s0 tclass=file permissive=0
11-11 15:33:41.830 2262 2262 W Looper : Slow dispatch took 235ms main h=com.android.server.notification.NotificationManagerService$WorkerHandler c=com.android.server.notification.NotificationManagerService$NotificationListeners$2@6f6b7aa m=0
11-11 15:33:41.836 3634 16459 D EventBus: No subscribers registered for event class com.privateinternetaccess.android.model.events.VPNTrafficDataPointEvent
11-11 15:33:41.836 3634 16459 D EventBus: No subscribers registered for event class org.greenrobot.eventbus.NoSubscriberEvent
11-11 15:33:41.839 16390 16402 D EventBus: No subscribers registered for event class com.privateinternetaccess.android.model.events.VPNTrafficDataPointEvent
11-11 15:33:41.839 16390 16402 D EventBus: No subscribers registered for event class org.greenrobot.eventbus.NoSubscriberEvent
11-11 15:33:41.841 2262 2262 W Looper : Slow delivery took 243ms main h=com.android.server.notification.NotificationManagerService$WorkerHandler c=com.android.server.notification.NotificationManagerService$PostNotificationRunnable@a7e2f9b m=0
11-11 15:33:41.843 4014 5263 D EventBus: No subscribers registered for event class com.privateinternetaccess.android.model.events.VPNTrafficDataPointEvent
11-11 15:33:41.843 4014 5263 D EventBus: No subscribers registered for event class org.greenrobot.eventbus.NoSubscriberEvent
11-11 15:33:41.900 2262 2262 W Looper : Drained
11-11 15:33:41.911 24479 24513 D EventBus: No subscribers registered for event class com.privateinternetaccess.android.model.events.VPNTrafficDataPointEvent
11-11 15:33:41.911 24479 24513 D EventBus: No subscribers registered for event class org.greenrobot.eventbus.NoSubscriberEvent
11-11 15:33:45.102 2262 2262 W Looper : Slow dispatch took 174ms main h=com.android.server.notification.NotificationManagerService$WorkerHandler c=com.android.server.notification.NotificationManagerService$NotificationListeners$2@a062a77 m=0
