11-11 15:33:45.105 3634 16459 D EventBus: No subscribers registered for event class com.privateinternetaccess.android.model.events.VPNTrafficDataPointEvent
11-11 15:33:45.105 3634 16459 D EventBus: No subscribers registered for event class org.greenrobot.eventbus.NoSubscriberEvent
11-11 15:33:45.106 16390 16402 D EventBus: No subscribers registered for event class com.privateinternetaccess.android.model.events.VPNTrafficDataPointEvent
11-11 15:33:45.106 16390 16402 D EventBus: No subscribers registered for event class org.greenrobot.eventbus.NoSubscriberEvent
11-11 15:33:45.449 505 944 I chatty : uid=1000(system) sensors@1.0-ser expire 81 lines
11-11 15:33:50.234 3634 16459 D EventBus: No subscribers registered for event class com.privateinternetaccess.android.model.events.VPNTrafficDataPointEvent
11-11 15:33:50.234 3634 16459 D EventBus: No subscribers registered for event class org.greenrobot.eventbus.NoSubscriberEvent
11-11 15:33:50.239 16390 16402 D EventBus: No subscribers registered for event class com.privateinternetaccess.android.model.events.VPNTrafficDataPointEvent
11-11 15:33:50.239 16390 16402 D EventBus: No subscribers registered for event class org.greenrobot.eventbus.NoSubscriberEvent
11-11 15:33:50.252 483 483 W healthd : type=1400 audit(0.0:82487): avc: denied { read } for name="type" dev="sysfs" ino=30454 scontext=u:r:healthd:s0 tcontext=u:object_r:sysfs:s0 tclass=file permissive=0
11-11 15:33:50.262 483 483 W healthd : type=1400 audit(0.0:82488): avc: denied { read } for name="type" dev="sysfs" ino=30454 scontext=u:r:healthd:s0 tcontext=u:object_r:sysfs:s0 tclass=file permissive=0
11-11 15:33:51.918 4014 5263 D EventBus: No subscribers registered for event class com.privateinternetaccess.android.model.events.VPNTrafficDataPointEvent
11-11 15:33:51.918 4014 5263 D EventBus: No subscribers registered for event class org.greenrobot.eventbus.NoSubscriberEvent
11-11 15:33:51.925 483 483 W healthd : type=1400 audit(0.0:82490): avc: denied { read } for name="type" dev="sysfs" ino=30454 scontext=u:r:healthd:s0 tcontext=u:object_r:sysfs:s0 tclass=file permissive=0
11-11 15:33:51.932 24479 24513 D EventBus: No subscribers registered for event class com.privateinternetaccess.android.model.events.VPNTrafficDataPointEvent
11-11 15:33:51.932 24479 24513 D EventBus: No subscribers registered for event class org.greenrobot.eventbus.NoSubscriberEvent
11-11 15:33:55.233 3634 16459 D EventBus: No subscribers registered for event class com.privateinternetaccess.android.model.events.VPNTrafficDataPointEvent
11-11 15:33:55.233 3634 16459 D EventBus: No subscribers registered for event class org.greenrobot.eventbus.NoSubscriberEvent
11-11 15:33:55.233 9549 9827 W ndroid.systemu: Long monitor contention with owner main (9549) at android.os.Parcelable$Creator android.os.Parcel.readParcelableCreator(java.lang.ClassLoader)(Parcel.java:2796) waiters=0 in android.os.Parcelable$Creator android.os.Parcel.readParcelableCreator(java.lang.ClassLoader) for 152ms
11-11 15:33:55.236 16390 16402 D EventBus: No subscribers registered for event class com.privateinternetaccess.android.model.events.VPNTrafficDataPointEvent
11-11 15:33:55.236 16390 16402 D EventBus: No subscribers registered for event class org.greenrobot.eventbus.NoSubscriberEvent
11-11 15:33:59.150 3634 16459 D EventBus: No subscribers registered for event class com.privateinternetaccess.android.model.events.VPNTrafficDataPointEvent
11-11 15:33:59.150 3634 16459 D EventBus: No subscribers registered for event class org.greenrobot.eventbus.NoSubscriberEvent
11-11 15:33:59.152 2262 2262 W Looper : Slow dispatch took 205ms main h=com.android.server.notification.NotificationManagerService$WorkerHandler c=com.android.server.notification.NotificationManagerService$NotificationListeners$2@9209f67 m=0
11-11 15:33:59.154 16390 16402 D EventBus: No subscribers registered for event class com.privateinternetaccess.android.model.events.VPNTrafficDataPointEvent
11-11 15:33:59.154 16390 16402 D EventBus: No subscribers registered for event class org.greenrobot.eventbus.NoSubscriberEvent
11-11 15:33:59.156 2262 2262 W Looper : Slow delivery took 208ms main h=com.android.server.notification.NotificationManagerService$WorkerHandler c=com.android.server.notification.NotificationManagerService$PostNotificationRunnable@41f7114 m=0
11-11 15:33:59.164 2262 2262 W Looper : Drained
11-11 15:34:00.575 483 483 W healthd : type=1400 audit(0.0:82502): avc: denied { read } for name="type" dev="sysfs" ino=30454 scontext=u:r:healthd:s0 tcontext=u:object_r:sysfs:s0 tclass=file permissive=0
11-11 15:34:00.579 483 483 W healthd : type=1400 audit(0.0:82504): avc: denied { read } for name="type" dev="sysfs" ino=30454 scontext=u:r:healthd:s0 tcontext=u:object_r:sysfs:s0 tclass=file permissive=0
11-11 15:34:02.175 4014 5263 D EventBus: No subscribers registered for event class com.privateinternetaccess.android.model.events.VPNTrafficDataPointEvent
11-11 15:34:02.175 4014 5263 D EventBus: No subscribers registered for event class org.greenrobot.eventbus.NoSubscriberEvent
11-11 15:34:02.195 24479 24513 D EventBus: No subscribers registered for event class com.privateinternetaccess.android.model.events.VPNTrafficDataPointEvent
11-11 15:34:02.195 24479 24513 D EventBus: No subscribers registered for event class org.greenrobot.eventbus.NoSubscriberEvent
11-11 15:34:10.166 2262 2262 W Looper : Slow dispatch took 180ms main h=com.android.server.notification.NotificationManagerService$WorkerHandler c=com.android.server.notification.NotificationManagerService$NotificationListeners$2@a18145f m=0
11-11 15:34:10.215 2262 2306 D BatteryStatsImpl: Got freq readings for an isolated uid with no mapping: 99013
11-11 15:34:10.216 2262 2306 W BatteryStatsImpl: Got active times for an isolated uid with no mapping: 99013
11-11 15:34:10.217 2262 2306 W BatteryStatsImpl: Got cluster times for an isolated uid with no mapping: 99013
11-11 15:34:10.496 3634 16459 D EventBus: No subscribers registered for event class com.privateinternetaccess.android.model.events.VPNTrafficDataPointEvent
11-11 15:34:10.496 3634 16459 D EventBus: No subscribers registered for event class org.greenrobot.eventbus.NoSubscriberEvent
11-11 15:34:10.503 16390 16402 D EventBus: No subscribers registered for event class com.privateinternetaccess.android.model.events.VPNTrafficDataPointEvent
11-11 15:34:10.503 16390 16402 D EventBus: No subscribers registered for event class org.greenrobot.eventbus.NoSubscriberEvent
11-11 15:34:12.527 2262 2262 W Looper : Slow dispatch took 224ms main h=com.android.server.notification.NotificationManagerService$WorkerHandler c=com.android.server.notification.NotificationManagerService$NotificationListeners$2@53977b m=0
11-11 15:34:12.532 2262 2262 W Looper : Slow delivery took 249ms main h=com.android.server.notification.NotificationManagerService$WorkerHandler c=com.android.server.notification.NotificationManagerService$NotificationListeners$2@fe12998 m=0
11-11 15:34:12.536 4014 5263 D EventBus: No subscribers registered for event class com.privateinternetaccess.android.model.events.VPNTrafficDataPointEvent
11-11 15:34:12.536 4014 5263 D EventBus: No subscribers registered for event class org.greenrobot.eventbus.NoSubscriberEvent
11-11 15:34:12.548 483 483 W healthd : type=1400 audit(0.0:82519): avc: denied { read } for name="type" dev="sysfs" ino=30454 scontext=u:r:healthd:s0 tcontext=u:object_r:sysfs:s0 tclass=file permissive=0
11-11 15:34:12.554 483 483 W healthd : type=1400 audit(0.0:82520): avc: denied { read } for name="type" dev="sysfs" ino=30454 scontext=u:r:healthd:s0 tcontext=u:object_r:sysfs:s0 tclass=file permissive=0
11-11 15:34:12.557 24479 24513 D EventBus: No subscribers registered for event class com.privateinternetaccess.android.model.events.VPNTrafficDataPointEvent
11-11 15:34:12.557 24479 24513 D EventBus: No subscribers registered for event class org.greenrobot.eventbus.NoSubscriberEvent
11-11 15:34:12.575 2262 2262 W Looper : Drained
11-11 15:34:15.034 2262 2314 I DisplayManagerService: Display device changed state: "Ecrã Integrado", ON
11-11 15:34:15.034 2262 3441 I chatty : uid=1000(system) Binder:2262_8 expire 2 lines
11-11 15:34:15.038 3021 3196 I QcrilOemhookMsgTunnel: [0]processOemHookIndication length=21
11-11 15:34:15.038 3021 3021 D QcrilMsgTunnelIfaceManager: handleMessage what = 0
11-11 15:34:15.040 497 497 I SDM : DisplayBase::SetDisplayState: Set state = 1, display 0
11-11 15:34:15.049 2262 2805 I chatty : uid=1000(system) WifiStateMachin expire 70 lines
11-11 15:34:15.055 2262 2806 I chatty : uid=1000(system) WifiScanningSer expire 15 lines
11-11 15:34:15.059 2002 2175 D QC-time-services: Lib:time_genoff_operation: pargs->base = 12
11-11 15:34:15.060 2002 2175 D QC-time-services: Lib:time_genoff_operation: pargs->operation = 0
11-11 15:34:15.060 2002 2175 D QC-time-services: Lib:time_genoff_operation: pargs->ts_val = 1573486455000
11-11 15:34:15.061 2002 2175 D QC-time-services: Lib:time_genoff_operation: Send to server passed!!
11-11 15:34:15.061 1904 1965 D QC-time-services: Daemon: Connection accepted:time_genoff
11-11 15:34:15.063 1904 31790 D QC-time-services: Daemon:Received base = 12, unit = 1, operation = 0,value = 1573486455000
11-11 15:34:15.063 1904 31790 D QC-time-services: Daemon:genoff_opr: Base = 12, val = 1573486455000, operation = 0
11-11 15:34:15.063 1904 31790 D QC-time-services: Daemon:Value read from QTimer mseconds = 173813764
11-11 15:34:15.063 1904 31790 D QC-time-services: Daemon:Value read from RTC mseconds on boot = 16844956000
11-11 15:34:15.064 2960 2960 D wpa_supplicant: nl80211: Drv Event 33 (NL80211_CMD_TRIGGER_SCAN) received for wlan0
11-11 15:34:15.064 2960 2960 D wpa_supplicant: wlan0: nl80211: Scan trigger
11-11 15:34:15.064 2960 2960 D wpa_supplicant: wlan0: Event SCAN_STARTED (46) received
11-11 15:34:15.064 2960 2960 D wpa_supplicant: wlan0: External program started a scan
11-11 15:34:15.064 1904 31790 D QC-time-services: Daemon:Delta read on boot mseconds = 16844915458
11-11 15:34:15.065 1904 31790 D QC-time-services: Daemon:new time 1573486455000
11-11 15:34:15.065 1904 31790 D QC-time-services: Daemon: delta 1556467725778 genoff 1556467725778
11-11 15:34:15.065 1904 31790 D QC-time-services: Daemon:genoff_persistent_update: Writing genoff = 1556467725778 to memory
11-11 15:34:15.065 1904 31790 D QC-time-services: Daemon:Opening File: /mnt/vendor/persist/time/ats_12 /data/vendor/time/ats_12
11-11 15:34:15.065 1904 31790 D QC-time-services: Daemon:time_persistent_memory_opr:Genoff write operation
11-11 15:34:15.066 9549 9549 D StatusBar: disable disable2
11-11 15:34:15.066 9549 9549 D StatusBar: disable disable2
11-11 15:34:15.069 2262 2765 I PowerManagerService: Waking up from sleep (uid=1000 reason=android.policy:KEY)...
11-11 15:34:15.069 3044 3044 I QImsService: ImsServiceSubHandler : Message received: what = 2
11-11 15:34:15.069 3044 3044 I QImsService: ImsServiceSub : [0] handleImsStateChanged
11-11 15:34:15.069 3044 3044 I QImsService: ImsServiceSub : [0] VOLTE ims registered, WFC change to Not registered
11-11 15:34:15.070 3044 3044 I QImsService: ImsServiceSub : [0] sendBroadcastForDisconnected
11-11 15:34:15.070 484 2755 D audio_hw_primary: adev_set_parameters: enter: screen_state=on
11-11 15:34:15.070 3044 3304 I MmTelFeatureConnection: onDeregistered ::
11-11 15:34:15.070 505 944 I chatty : uid=1000(system) sensors@1.0-ser expire 767 lines
11-11 15:34:15.070 484 2755 D audio_hw_extn: audio_extn_set_anc_parameters: anc_enabled:0
11-11 15:34:15.070 484 2755 D audio_hw_spkr_prot: audio_extn_fbsp_set_parameters: Speaker protection disabled
11-11 15:34:15.073 2960 2960 D wpa_supplicant: wpa_driver_nl80211_driver_cmd SETSUSPENDMODE 0 len = 0, 4096
11-11 15:34:15.077 504 504 E QCOM PowerHAL: Failed to acquire lock.
11-11 15:34:15.078 483 483 W healthd : type=1400 audit(0.0:82522): avc: denied { read } for name="type" dev="sysfs" ino=30454 scontext=u:r:healthd:s0 tcontext=u:object_r:sysfs:s0 tclass=file permissive=0
11-11 15:34:15.082 2002 2175 E QC-