11-11 00:05:15.904 2262 2303 I chatty : uid=1000(system) ActivityManager expire 4 lines
11-11 00:05:16.330 2262 2756 I chatty : uid=1000(system) Binder:2262_3 expire 4 lines
11-11 00:05:16.392 8312 8312 E ActivityThread: Failed to find provider info for com.google.android.gms.chimera
11-11 00:05:18.262 8312 8312 E ActivityThread: Failed to find provider info for com.facebook.katana.provider.AttributionIdProvider
11-11 00:05:44.328 2262 2262 I chatty : uid=1000 system_server expire 91 lines
11-11 00:05:45.266 2262 6594 I chatty : uid=1000(system) Binder:2262_1D expire 2 lines
11-11 00:10:06.469 2262 2306 I chatty : uid=1000(system) batterystats-wo expire 2 lines
11-11 00:18:07.168 2262 2262 I chatty : uid=1000 system_server expire 178 lines
11-11 00:24:35.250 2262 8104 I chatty : uid=1000(system) Binder:2262_20 expire 1 line
11-11 00:28:00.053 2262 2301 I chatty : uid=1000(system) ActivityManager expire 1 line
11-11 00:43:29.695 2262 2300 I chatty : uid=1000(system) android.bg expire 2 lines
11-11 00:44:09.983 2262 2262 I chatty : uid=1000 system_server expire 180 lines
11-11 00:48:32.023 2262 6122 I chatty : uid=1000(system) Binder:2262_14 expire 1 line
11-11 01:05:26.316 2262 2262 I chatty : uid=1000 system_server expire 121 lines
11-11 01:06:51.946 2262 6531 I chatty : uid=1000(system) Binder:2262_1B expire 1 line
11-11 01:17:04.899 2262 2300 I chatty : uid=1000(system) android.bg expire 3 lines
11-11 01:18:06.306 2262 7852 I chatty : uid=1000(system) Binder:2262_1F expire 3 lines
11-11 01:18:36.940 2262 6120 I chatty : uid=1000(system) Binder:2262_12 expire 2 lines
11-11 01:20:58.773 2262 2301 I chatty : uid=1000(system) ActivityManager expire 2 lines
11-11 01:21:05.701 2262 2765 I chatty : uid=1000(system) InputReader expire 11 lines
11-11 01:21:05.719 2262 2317 I chatty : uid=1000(system) PowerManagerSer expire 12 lines
11-11 01:21:05.750 2262 2314 I chatty : uid=1000(system) android.display expire 6 lines
11-11 01:21:06.133 2262 7851 I chatty : uid=1000(system) Binder:2262_1E expire 3 lines
11-11 01:21:06.160 2262 3537 I chatty : uid=1000(system) Binder:2262_B expire 3 lines
11-11 01:21:06.236 2262 3263 I chatty : uid=1000(system) Binder:2262_7 expire 2 lines
11-11 01:22:30.401 2262 2287 I chatty : uid=1000(system) Binder:2262_2 expire 1 line
11-11 01:23:38.770 1958 1958 I wificond: Received external scan result notification from kernel.
11-11 01:23:42.438 2262 2262 I chatty : uid=1000 system_server expire 4 lines
11-11 01:23:42.453 2262 2317 I chatty : uid=1000(system) PowerManagerSer expire 6 lines
11-11 01:23:49.884 2262 2802 I chatty : uid=1000(system) NetworkPolicy expire 1 line
11-11 01:23:49.914 2262 6250 I chatty : uid=1000(system) Binder:2262_17 expire 1 line
11-11 01:23:49.940 2262 8104 I chatty : uid=1000(system) Binder:2262_20 expire 1 line
11-11 01:23:49.948 2262 2303 I chatty : uid=1000(system) ActivityManager expire 5 lines
11-11 01:23:49.966 3044 3044 I Telephony: PstnIncomingCallNotifier: Unregistering: Handler (com.qualcomm.qti.internal.telephony.QtiGsmCdmaPhone) {827e166}
11-11 01:23:49.966 3044 3044 I Telephony: PstnIncomingCallNotifier: Unregistering: Handler (com.qualcomm.qti.internal.telephony.QtiGsmCdmaPhone) {a8c3ca7}
11-11 01:23:49.981 2262 8104 I chatty : uid=1000(system) Binder:2262_20 expire 1 line
11-11 01:23:49.984 3044 3044 I Telephony: AccountEntry: Registered phoneAccount: [[ ] PhoneAccount: ComponentInfo{com.android.phone/com.android.services.telephony.TelephonyConnectionService}, ***, UserHandle{0} Capabilities: SuppVideo CallProvider MultiUser PlaceEmerg SimSub Audio Routes: BESW Schemes: tel voicemail Extras: Bundle[{android.telecom.extra.SUPPORTS_VIDEO_CALLING_FALLBACK=true, android.telecom.extra.SORT_ORDER=0}] GroupId: ***] with handle: ComponentInfo{com.android.phone/com.android.services.telephony.TelephonyConnectionService}, ***, UserHandle{0}
11-11 01:23:49.985 3044 3044 I Telephony: PstnIncomingCallNotifier: Registering: Handler (com.qualcomm.qti.internal.telephony.QtiGsmCdmaPhone) {827e166}
11-11 01:23:50.002 2262 6252 I chatty : uid=1000(system) Binder:2262_19 expire 5 lines
11-11 01:23:50.006 3044 3044 I Telephony: AccountEntry: Registered phoneAccount: [[ ] PhoneAccount: ComponentInfo{com.android.phone/com.android.services.telephony.TelephonyConnectionService}, ***, UserHandle{0} Capabilities: SuppVideo CallProvider MultiUser PlaceEmerg SimSub Audio Routes: BESW Schemes: tel voicemail Extras: Bundle[{android.telecom.extra.SUPPORTS_VIDEO_CALLING_FALLBACK=true, android.telecom.extra.SORT_ORDER=1}] GroupId: ***] with handle: ComponentInfo{com.android.phone/com.android.services.telephony.TelephonyConnectionService}, ***, UserHandle{0}
11-11 01:23:50.006 3044 3044 I Telephony: PstnIncomingCallNotifier: Registering: Handler (com.qualcomm.qti.internal.telephony.QtiGsmCdmaPhone) {a8c3ca7}
11-11 01:23:50.074 2262 6250 I chatty : uid=1000(system) Binder:2262_17 expire 9 lines
11-11 01:23:50.088 3044 3044 I Telephony: PstnPhoneCapabilitiesNotifier: handleVideoCapabilitesChanged. Video capability - false
11-11 01:23:50.102 2262 3537 I chatty : uid=1000(system) Binder:2262_B expire 4 lines
11-11 01:23:50.107 3044 3044 I Telephony: PstnPhoneCapabilitiesNotifier: handleVideoCapabilitesChanged. Video capability - false
11-11 01:24:15.453 2262 2262 I chatty : uid=1000 system_server expire 40 lines
11-11 01:24:15.468 2262 2765 I chatty : uid=1000(system) InputReader expire 3 lines
11-11 01:24:15.491 2262 2317 I chatty : uid=1000(system) PowerManagerSer expire 6 lines
11-11 01:24:15.514 2262 2314 I chatty : uid=1000(system) android.display expire 3 lines
11-11 01:24:15.663 2262 2802 I chatty : uid=1000(system) NetworkPolicy expire 1 line
11-11 01:24:15.707 3044 3044 I Telephony: PstnIncomingCallNotifier: Unregistering: Handler (com.qualcomm.qti.internal.telephony.QtiGsmCdmaPhone) {827e166}
11-11 01:24:15.708 3044 3044 I Telephony: PstnIncomingCallNotifier: Unregistering: Handler (com.qualcomm.qti.internal.telephony.QtiGsmCdmaPhone) {a8c3ca7}
11-11 01:24:15.741 2262 6120 I chatty : uid=1000(system) Binder:2262_12 expire 3 lines
11-11 01:24:15.746 3044 3044 I Telephony: AccountEntry: Registered phoneAccount: [[ ] PhoneAccount: ComponentInfo{com.android.phone/com.android.services.telephony.TelephonyConnectionService}, ***, UserHandle{0} Capabilities: SuppVideo CallProvider MultiUser PlaceEmerg SimSub Audio Routes: BESW Schemes: tel voicemail Extras: Bundle[{android.telecom.extra.SUPPORTS_VIDEO_CALLING_FALLBACK=true, android.telecom.extra.SORT_ORDER=0}] GroupId: ***] with handle: ComponentInfo{com.android.phone/com.android.services.telephony.TelephonyConnectionService}, ***, UserHandle{0}
11-11 01:24:15.746 3044 3044 I Telephony: PstnIncomingCallNotifier: Registering: Handler (com.qualcomm.qti.internal.telephony.QtiGsmCdmaPhone) {827e166}
11-11 01:24:15.772 3044 3044 I Telephony: AccountEntry: Registered phoneAccount: [[ ] PhoneAccount: ComponentInfo{com.android.phone/com.android.services.telephony.TelephonyConnectionService}, ***, UserHandle{0} Capabilities: SuppVideo CallProvider MultiUser PlaceEmerg SimSub Audio Routes: BESW Schemes: tel voicemail Extras: Bundle[{android.telecom.extra.SUPPORTS_VIDEO_CALLING_FALLBACK=true, android.telecom.extra.SORT_ORDER=1}] GroupId: ***] with handle: ComponentInfo{com.android.phone/com.android.services.telephony.TelephonyConnectionService}, ***, UserHandle{0}
11-11 01:24:15.772 3044 3044 I Telephony: PstnIncomingCallNotifier: Registering: Handler (com.qualcomm.qti.internal.telephony.QtiGsmCdmaPhone) {a8c3ca7}
11-11 01:24:15.797 3044 3044 I Telephony: PstnPhoneCapabilitiesNotifier: handleVideoCapabilitesChanged. Video capability - false
11-11 01:24:15.813 3044 3044 I Telephony: PstnPhoneCapabilitiesNotifier: handleVideoCapabilitesChanged. Video capability - false
11-11 01:24:18.652 2262 6594 I chatty : uid=1000(system) Binder:2262_1D expire 1 line
11-11 01:24:18.704 2262 2301 I chatty : uid=1000(system) ActivityManager expire 3 lines
11-11 01:24:18.719 2262 6121 I chatty : uid=1000(system) Binder:2262_13 expire 1 line
11-11 01:24:25.352 2262 2302 I chatty : uid=1000(system) android.ui expire 1 line
11-11 01:24:41.968 2262 6123 I chatty : uid=1000(system) Binder:2262_15 expire 2 lines
11-11 01:24:44.395 2262 2312 I chatty : uid=1000(system) android.fg expire 5 lines
11-11 01:24:46.433 2262 5202 I chatty : uid=1000(system) Binder:2262_F expire 1 line
11-11 01:24:46.454 2262 3038 I chatty : uid=1000(system) Binder:2262_6 expire 3 lines
11-11 01:24:54.068 2262 3263 I chatty : uid=1000(system) Binder:2262_7 expire 7 lines
11-11 01:24:55.429 2262 2764 I chatty : uid=1000(system) InputDispatcher expire 1 line
11-11 01:25:04.579 2262 2286 I chatty : uid=1000(system) Binder:2262_1 expire 2 lines
11-11 01:25:09.201 2262 5054 I chatty : uid=1000(system) Binder:2262_D expire 5 lines
11-11 01:25:09.330 2262 5432 I chatty : uid=1000(system) Binder:2262_10 expire 1 line
11-11 01:25:51.851 2262 2808 I chatty : uid=1000(system) ConnectivitySer expire 1 line
11-11 01:26:57.313 2262 2306 I chatty : uid=1000(system) batterystats-wo expire 3 lines
11-11 01:28:47.674 1958 1958 I wificond: Received external scan result notification from kernel.
11-11 01:28:56.511 2262 2262 I chatty : uid=1000 system_server expire 241 lines
11-11 01:47:06.316 2262 4951 I chatty : uid=1000(system) Binder:2262_C expire 1 line
11-11 01:59:36.916 2262 2262 I chatty : uid=1000 system_server expire 126 lines
11-11 02:17:08.822 1958 1958 I wificond: Received external scan result notification from kernel.
11-11 02:17:14.025 2262 2262 I chatty : uid=1000 system_server expire 48 lines
11-11 02:18:45.052 2262 6251 I chatty : uid=1000(system) Binder:2262_18 expire 1 line
11-11 02:19:35.254 2262 2306 I chatty : uid=1000(system) batterystats-wo expire 1 line
11-11 02:22:17.811 1958 1958 I wificond: Received external scan result notification from kernel.
11-11 02:22:47.222 2262 2262 I chatty : uid=1000 system_server expire 39 lines
11-11 02:27:30.114 2262 3038 I chatty : uid=1000(system) Binder:2262_6 expire 1 line
11-11 02:29:48.836 2262 2300 I chatty : uid=1000(system) android.bg expire 1 line
11-11 02:29:52.682 1958 1958 I wificond: Received external scan result notification from kernel.
11-11 02:29:52.682 1958 1958 W wificond: Scan aborted
11-11 02:30:02.390 2262 2262 I chatty : uid=1000 system_server expire 15 lines
11-11 02:33:32.466 511 511 E android.hardware.wifi@1.0-service: Failed to get firmware debug dump: NOT_SUPPORTED
11-11 02:33:32.466 511 511 E android.hardware.wifi@1.0-service: Failed to get driver debug dump: NOT_SUPPORTED
11-11 02:33:32.470 2262 2808 I chatty : uid=1000(system) ConnectivitySer expire 13 lines
11-11 02:33:32.544 1958 1958 E wificond: NL80211_CMD_START_SCHED_SCAN failed: Invalid argument
11-11 02:33:32.544 1958 1958 E wificond: Failed to start pno scan
11-11 02:33:32.564 2262 2802 I chatty : uid=1000(system) NetworkPolicy expire 2 lines
11-11 02:33:52.480 2262 2262 I chatty : uid=1000 system_server expire 91 lines
11-11 02:42:32.674 2262 2306 I chatty : uid=1000(system) batterystats-wo expire 1 line
11-11 02:53:36.636 1958 1958 W wificond: Scan is not started. Ignore abort request
11-11 02:53:36.839 2262 2805 I chatty : uid=1000(system) WifiStateMachin expire 1 line
11-11 02:53:39.350 1949 2134 E NetlinkEvent: NetlinkEvent::FindParam(): Parameter 'INTERFACE' not found
11-11 02:53:39.350 1949 2134 E NetlinkEvent: NetlinkEvent::FindParam(): Parameter 'STATE' not found
11-11 02:53:39.350 1949 2134 E NetlinkEvent: NetlinkEvent::FindParam(): Parameter 'TIME_NS' not found
11-11 02:53:39.350 1949 2134 E NetlinkEvent: NetlinkEvent::FindParam(): Parameter 'UID' not found
11-11 02:53:39.408 2262 2808 I chatty : uid=1000(system) ConnectivitySer expire 15 lines
11-11 02:53:39.430 2262 6249 I chatty : uid=1000(system) Binder:2262_16 expire 1 line
11-11 02:53:39.431 2262 6251 I chatty : uid=1000(system) Binder:2262_18 expire 1 line
11-11 03:06:02.827 2262 2262 I chatty : uid=1000 system_server expire 165 lines
11-11 03:10:17.058 2262 5432 I chatty : uid=1000(system) Binder:2262_10 expire 4 lines
11-11 03:23:02.946 2262 6531 I chatty : uid=1000(system) Binder:2262_1B expire 1 line
11-11 03:23:33.347 2262 3535 I chatty : uid=1000(system) Binder:2262_9 expire 1 line
11-11 03:24:14.380 2262 2301 I chatty : uid=1000(system) ActivityManager expire 1 line
11-11 03:28:53.080 2262 2303 I chatty : uid=1000(system) ActivityManager expire 2 lines
11-11 03:28:56.228 2262 2768 I chatty : uid=1000(system) NetworkWatchlis expire 2 lines
11-11 03:28:56.262 2262 3441 I chatty : uid=1000(system) Binder:2262_8 expire 1 line
11-11 03:28:56.263 2262 5054 I chatty : uid=1000(system) Binder:2262_D expire 1 line
11-11 03:28:56.265 2262 5202 I chatty : uid=1000(system) Binder:2262_F expire 1 line
11-11 03:33:50.363 2262 2262 I chatty : uid=1000 system_server expire 176 lines
11-11 03:40:07.694 2262 2306 I chatty : uid=1000(system) batterystats-wo expire 2 lines
11-11 03:53:41.372 2262 3537 I chatty : uid=1000(system) Binder:2262_B expire 1 line
11-11 03:55:55.129 2262 2262 I chatty : uid=1000 system_server expire 176 lines
11-11 04:00:47.935 2262 2300 I chatty : uid=1000(system) android.bg expire 2 lines
11-11 04:02:09.097 2262 6251 I chatty : uid=1000(system) Binder:2262_18 expire 1 line
11-11 04:12:04.918 2262 5186 I chatty : uid=1000(system) Binder:2262_E expire 1 line
11-11 04:17:19.891 2262 2262 I chatty : uid=1000 system_server expire 80 lines
11-11 04:19:42.021 2262 6122 I chatty : uid=1000(system) Binder:2262_14 expire 1 line
11-11 04:21:22.306 2262 5432 I chatty : uid=1000(system) Binder:2262_10 expire 1 line
11-11 04:25:04.136 2262 2306 I chatty : uid=1000(system) batterystats-wo expire 2 lines
11-11 04:28:29.336 2262 2765 I chatty : uid=1000(system) InputReader expire 4 lines
11-11 04:28:29.354 2262 2317 I chatty : uid=1000(system) PowerManagerSer expire 6 lines
11-11 04:28:29.387 2262 2314 I chatty : uid=1000(system) android.display expire 2 lines
11-11 04:28:34.567 1958 1958 W wificond: Scan aborted
11-11 04:28:38.749 2262 3038 I chatty : uid=1000(system) Binder:2262_6 expire 1 line
11-11 04:28:44.732 1958 1958 W wificond: Scan aborted
11-11 04:28:49.968 1958 1958 E wificond: NL80211_CMD_TRIGGER_SCAN failed: Device or resource busy
11-11 04:29:04.722 2262 2262 I chatty : uid=1000 system_server expire 41 lines
11-11 04:29:34.105 2262 2850 I chatty : uid=1000(system) Binder:2262_5 expire 1 line
11-11 04:31:33.904 2262 2286 I chatty : uid=1000(system) Binder:2262_1 expire 1 line
11-11 04:33:55.037 1958 1958 I wificond: Received external scan result notification from kernel.
11-11 04:34:31.227 2262 2262 I chatty : uid=1000 system_server expire 35 lines
11-11 04:36:19.193 2262 2301 I chatty : uid=1000(system) ActivityManager expire 1 line
11-11 04:39:04.263 1958 1958 I wificond: Received external scan result notification from kernel.
11-11 04:39:23.463 2262 2262 I chatty : uid=1000 system_server expire 37 lines
11-11 04:40:40.308 2262 2850 I chatty : uid=1000(system) Binder:2262_5 expire 1 line
11-11 04:44:13.229 1958 1958 I wificond: Received external scan result notification from kernel.
11-11 04:44:33.157 2262 2262 I chatty : uid=1000 system_server expire 49 lines
11-11 04:49:22.339 1958 1958 I wificond: Received external scan result notification from kernel.
11-11 04:49:56.592 2262 2262 I chatty : uid=1000 system_server expire 45 lines
11-11 04:52:40.067 2262 2306 I chatty : uid=1000(system) batterystats-wo expire 1 line
11-11 04:53:42.263 2262 2841 I chatty : uid=1000(system) Binder:2262_4 expire 1 line
11-11 04:55:13.440 1958 1958 I wificond: Received external scan result notification from kernel.
11-11 04:56:05.816 2262 2262 I chatty : uid=1000 system_server expire 30 lines
11-11 05:00:22.338 1958 1958 I wificond: Received external scan result notification from kernel.
11-11 05:00:45.214 2262 2262 I chatty : uid=1000 system_server expire 107 lines
11-11 05:03:48.497 2262 6531 I chatty : uid=1000(system) Binder:2262_1B expire 1 line
11-11 05:04:19.523 2262 6250 I chatty : uid=1000(system) Binder:2262_17 expire 2 lines
11-11 05:07:58.996 2262 2306 I chatty : uid=1000(system) batterystats-wo expire 1 line
11-11 05:16:52.162 2262 2808 I chatty : uid=1000(system) ConnectivitySer expire 13 lines
11-11 05:16:52.227 1958 1958 E wificond: NL80211_CMD_START_SCHED_SCAN failed: Invalid argument
11-11 05:16:52.228 1958 1958 E wificond: Failed to start pno scan
11-11 05:16:52.254 2262 2802 I chatty : uid=1000(system) NetworkPolicy expire 2 lines
11-11 05:16:52.489 511 511 E android.hardware.wifi@1.0-service: Failed to get firmware debug dump: NOT_SUPPORTED
11-11 05:16:52.490 511 511 E android.hardware.wifi@1.0-service: Failed to get driver debug dump: NOT_SUPPORTED
11-11 05:39:34.976 1958 1958 W wificond: Scan is not started. Ignore abort request
11-11 05:39:35.202 2262 2805 I chatty : uid=1000(system) WifiStateMachin expire 1 line
11-11 05:39:37.486 1949 2134 E NetlinkEvent: NetlinkEvent::FindParam(): Parameter 'INTERFACE' not found
11-11 05:39:37.486 1949 2134 E NetlinkEvent: NetlinkEvent::FindParam(): Parameter 'STATE' not found
11-11 05:39:37.486 1949 2134 E NetlinkEvent: NetlinkEvent::FindParam(): Parameter 'TIME_NS' not found
11-11 05:39:37.486 1949 2134 E NetlinkEvent: NetlinkEvent::FindParam(): Parameter 'UID' not found
11-11 05:39:37.539 2262 2808 I chatty : uid=1000(system) ConnectivitySer expire 15 lines
11-11 05:39:37.568 2262 6594 I chatty : uid=1000(system) Binder:2262_1D expire 1 line
11-11 05:39:37.569 2262 6249 I chatty : uid=1000(system) Binder:2262_16 expire 2 lines
11-11 05:39:41.807 2262 2262 I chatty : uid=1000 system_server expire 42 lines
11-11 05:39:52.644 1958 1958 I wificond: Received external scan result notification from kernel.
11-11 05:41:54.774 2262 5186 I chatty : uid=1000(system) Binder:2262_E expire 1 line
11-11 05:45:01.703 1958 1958 I wificond: Received external scan result notification from kernel.
11-11 05:45:17.212 2262 2262 I chatty : uid=1000 system_server expire 188 lines
11-11 05:46:12.152 2262 6594 I chatty : uid=1000(system) Binder:2262_1D expire 1 line
11-11 05:46:12.465 2262 2301 I chatty : uid=1000(system) ActivityManager expire 1 line
11-11 06:05:38.912 2262 2262 I chatty : uid=1000 system_server expire 176 lines
11-11 06:06:50.904 2262 2306 I chatty : uid=1000(system) batterystats-wo expire 4 lines
11-11 06:26:59.836 2262 2262 I chatty : uid=1000 system_server expire 36 lines
11-11 06:32:28.677 1958 1958 I wificond: Received external scan result notification from kernel.
11-11 06:32:59.977 2262 2301 I chatty : uid=1000(system) ActivityManager expire 1 line
11-11 06:33:10.888 2262 2262 I chatty : uid=1000 system_server expire 36 lines
11-11 06:37:37.935 1958 1958 I wificond: Received external scan result notification from kernel.
11-11 06:38:02.829 2262 2262 I chatty : uid=1000 system_server expire 240 lines
11-11 06:50:52.511 2262 2306 I chatty : uid=1000(system) batterystats-wo expire 1 line
11-11 07:01:50.074 1958 1958 I wificond: Received external scan result notification from kernel.
11-11 07:02:03.954 2262 2262 I chatty : uid=1000 system_server expire 34 lines
11-11 07:03:54.776 2262 6531 I chatty : uid=1000(system) Binder:2262_1B expire 1 line
11-11 07:06:59.134 1958 1958 I wificond: Received external scan result notification from kernel.
11-11 07:07:06.454 2262 2262 I chatty : uid=1000 system_server expire 186 lines
11-11 07:08:17.761 2262 2306 I chatty : uid=1000(system) batterystats-wo expire 1 line
11-11 07:09:41.078 2262 5202 I chatty : uid=1000(system) Binder:2262_F expire 1 line
11-11 07:18:04.282 2262 5903 I chatty : uid=1000(system) Binder:2262_11 expire 1 line
11-11 07:19:28.590 2262 2300 I chatty : uid=1000(system) android.bg expire 2 lines
11-11 07:27:24.962 2262 5432 I chatty : uid=1000(system) Binder:2262_10 expire 1 line
11-11 07:31:44.825 2262 2262 I chatty : uid=1000 system_server expire 183 lines
11-11 07:45:31.578 2262 8104 I chatty : uid=1000(system) Binder:2262_20 expire 1 line
11-11 07:49:34.072 2262 5054 I chatty : uid=1000(system) Binder:2262_D expire 1 line
11-11 07:55:26.754 2262 2286 I chatty : uid=1000(system) Binder:2262_1 expire 1 line
11-11 07:57:26.769 2262 2262 I chatty : uid=1000 system_server expire 66 lines
11-11 08:00:29.330 2262 7852 I chatty : uid=1000(system) Binder:2262_1F expire 2 lines
11-11 08:05:11.814 1958 1958 I wificond: Received external scan result notification from kernel.
11-11 08:05:22.934 2262 2262 I chatty : uid=1000 system_server expire 37 lines
11-11 08:08:16.721 2262 5202 I chatty : uid=1000(system) Binder:2262_F expire 1 line
11-11 08:08:58.126 2262 2306 I chatty : uid=1000(system) batterystats-wo expire 3 lines
11-11 08:10:20.818 1958 1958 I wificond: Received external scan result notification from kernel.
11-11 08:10:59.055 2262 2262 I chatty : uid=1000 system_server expire 82 lines
11-11 08:14:20.965 2262 6120 I chatty : uid=1000(system) Binder:2262_12 expire 1 line
11-11 08:22:34.498 2262 2262 I chatty : uid=1000 system_server expire 57 lines
11-11 08:28:35.898 1958 1958 I wificond: Received external scan result notification from kernel.
11-11 08:28:49.505 2262 2262 I chatty : uid=1000 system_server expire 39 lines
11-11 08:31:01.707 2262 6532 I chatty : uid=1000(system) Binder:2262_1C expire 1 line
11-11 08:33:45.049 1958 1958 I wificond: Received external scan result notification from kernel.
11-11 08:33:52.950 2262 2262 I chatty : uid=1000 system_server expire 42 lines
11-11 08:34:53.910 2262 5054 I chatty : uid=1000(system) Binder:2262_D expire 2 lines
11-11 08:38:53.874 1958 1958 I wificond: Received external scan result notification from kernel.
11-11 08:39:05.901 2262 2262 I chatty : uid=1000 system_server expire 44 lines
11-11 08:44:03.042 1958 1958 I wificond: Received external scan result notification from kernel.
11-11 08:44:08.788 2262 2262 I chatty : uid=1000 system_server expire 38 lines
11-11 08:45:28.332 2262 3535 I chatty : uid=1000(system) Binder:2262_9 expire 1 line
11-11 08:49:24.092 1958 1958 I wificond: Received external scan result notification from kernel.
11-11 08:49:43.766 2262 2262 I chatty : uid=1000 system_server expire 40 lines
11-11 08:53:03.712 2262 2306 I chatty : uid=1000(system) batterystats-wo expire 1 line
11-11 08:54:33.174 1958 1958 I wificond: Received external scan result notification from kernel.
11-11 08:54:44.170 2262 2262 I chatty : uid=1000 system_server expire 48 lines
11-11 09:00:27.226 1958 1958 I wificond: Received external scan result notification from kernel.
11-11 09:00:45.515 2262 2262 I chatty : uid=1000 system_server expire 40 lines
11-11 09:05:36.432 1958 1958 I wificond: Received external scan result notification from kernel.
11-11 09:06:08.441 2262 2262 I chatty : uid=1000 system_server expire 30 lines
11-11 09:06:19.734 2262 5186 I chatty : uid=1000(system) Binder:2262_E expire 1 line
11-11 09:10:09.962 2262 2262 I chatty : uid=1000 system_server expire 51 lines
11-11 09:10:54.589 1958 1958 I wificond: Received external scan result notification from kernel.
11-11 09:16:03.409 1958 1958 I wificond: Received external scan result notification from kernel.
11-11 09:16:23.044 2262 2262 I chatty : uid=1000 system_server expire 48 lines
11-11 09:18:49.427 2262 2306 I chatty : uid=1000(system) batterystats-wo expire 3 lines
11-11 09:21:42.412 1958 1958 I wificond: Received external scan result notification from kernel.
11-11 09:21:59.256 2262 2262 I chatty : uid=1000 system_server expire 32 lines
11-11 09:26:51.374 1958 1958 I wificond: Received external scan result notification from kernel.
11-11 09:27:24.188 2262 2262 I chatty : uid=1000 system_server expire 39 lines
11-11 09:31:46.868 2262 5903 I chatty : uid=1000(system) Binder:2262_11 expire 1 line
11-11 09:32:00.474 1958 1958 I wificond: Received external scan result notification from kernel.
11-11 09:32:17.224 2262 2262 I chatty : uid=1000 system_server expire 42 lines
11-11 09:35:29.693 2262 6120 I chatty : uid=1000(system) Binder:2262_12 expire 1 line
11-11 09:37:09.545 1958 1958 I wificond: Received external scan result notification from kernel.
11-11 09:37:52.676 2262 2262 I chatty : uid=1000 system_server expire 59 lines
11-11 09:42:52.759 2262 6531 I chatty : uid=1000(system) Binder:2262_1B expire 1 line
11-11 09:46:33.524 1958 1958 I wificond: Received external scan result notification from kernel.
11-11 09:46:46.980 2262 2262 I chatty : uid=1000 system_server expire 37 lines
11-11 09:51:57.300 1958 1958 I wificond: Received external scan result notification from kernel.
11-11 09:52:09.724 2262 2262 I chatty : uid=1000 system_server expire 40 lines
11-11 09:54:41.716 2262 5186 I chatty : uid=1000(system) Binder:2262_E expire 1 line
11-11 09:57:09.671 1958 1958 I wificond: Received external scan result notification from kernel.
11-11 09:57:25.055 2262 2262 I chatty : uid=1000 system_server expire 35 lines
11-11 09:57:44.497 2262 2306 I chatty : uid=1000(system) batterystats-wo expire 1 line
11-11 09:58:55.247 2262 5054 I chatty : uid=1000(system) Binder:2262_D expire 1 line
11-11 09:59:25.646 2262 6594 I chatty : uid=1000(system) Binder:2262_1D expire 1 line
11-11 09:59:56.558 2262 6249 I chatty : uid=1000(system) Binder:2262_16 expire 1 line
11-11 10:02:57.361 2262 2262 I chatty : uid=1000 system_server expire 202 lines
11-11 10:05:50.647 2262 6352 I chatty : uid=1000(system) Binder:2262_1A expire 1 line
11-11 10:09:44.041 2262 2300 I chatty : uid=1000(system) android.bg expire 1 line
11-11 10:16:33.132 2262 2306 I chatty : uid=1000(system) batterystats-wo expire 1 line
11-11 10:26:42.312 2262 2262 I chatty : uid=1000 system_server expire 162 lines
11-11 10:28:58.639 2262 2765 I chatty : uid=1000(system) InputReader expire 8 lines
11-11 10:28:58.652 2262 2317 I chatty : uid=1000(system) PowerManagerSer expire 15 lines
11-11 10:28:58.678 2262 2314 I chatty : uid=1000(system) android.display expire 5 lines
11-11 10:29:12.543 2262 8104 I chatty : uid=1000(system) Binder:2262_20 expire 5 lines
11-11 10:38:02.780 2262 2301 I chatty : uid=1000(system) ActivityManager expire 2 lines
11-11 10:45:02.275 2262 3263 I chatty : uid=1000(system) Binder:2262_7 expire 2 lines
11-11 10:45:04.175 2262 2312 I chatty : uid=1000(system) android.fg expire 3 lines
11-11 10:45:04.183 2262 6252 I chatty : uid=1000(system) Binder:2262_19 expire 3 lines
11-11 10:45:04.207 2262 6122 I chatty : uid=1000(system) Binder:2262_14 expire 2 lines
11-11 10:45:09.110 2262 5903 I chatty : uid=1000(system) Binder:2262_11 expire 1 line
11-11 10:45:09.147 2262 2841 I chatty : uid=1000(system) Binder:2262_4 expire 2 lines
11-11 10:45:09.149 2262 3441 I chatty : uid=1000(system) Binder:2262_8 expire 1 line
11-11 10:45:12.427 2262 2764 I chatty : uid=1000(system) InputDispatcher expire 1 line
11-11 10:45:13.877 2262 2765 I chatty : uid=1000(system) InputReader expire 2 lines
11-11 10:45:13.879 2262 2262 I chatty : uid=1000 system_server expire 21 lines
11-11 10:45:13.882 2262 2317 I chatty : uid=1000(system) PowerManagerSer expire 15 lines
11-11 10:45:14.471 2262 2314 I chatty : uid=1000(system) android.display expire 6 lines
11-11 10:45:14.799 2262 2841 I chatty : uid=1000(system) Binder:2262_4 expire 2 lines
11-11 10:45:16.742 2262 2313 I chatty : uid=1000(system) android.io expire 1 line
11-11 10:45:16.743 2262 2301 I chatty : uid=1000(system) ActivityManager expire 3 lines
11-11 10:45:16.778 2262 2306 I chatty : uid=1000(system) batterystats-wo expire 14 lines
11-11 10:45:17.071 2262 2312 I chatty : uid=1000(system) android.fg expire 2 lines
11-11 10:45:17.094 2262 2303 I chatty : uid=1000(system) ActivityManager expire 5 lines
11-11 10:45:24.150 2262 3535 I chatty : uid=1000(system) Binder:2262_9 expire 2 lines
11-11 10:45:43.164 2262 5432 I chatty : uid=1000(system) Binder:2262_10 expire 4 lines
11-11 10:45:44.313 2262 6120 I chatty : uid=1000(system) Binder:2262_12 expire 1 line
11-11 10:45:53.834 2262 6249 I chatty : uid=1000(system) Binder:2262_16 expire 7 lines
11-11 10:46:11.341 2262 5903 I chatty : uid=1000(system) Binder:2262_11 expire 2 lines
11-11 10:46:24.174 2262 2302 I chatty : uid=1000(system) android.ui expire 5 lines
11-11 10:46:25.239 2262 3441 I chatty : uid=1000(system) Binder:2262_8 expire 2 lines
11-11 10:46:34.379 2262 6531 I chatty : uid=1000(system) Binder:2262_1B expire 1 line
11-11 10:46:39.637 2262 6122 I chatty : uid=1000(system) Binder:2262_14 expire 1 line
11-11 10:46:56.610 2262 7851 I chatty : uid=1000(system) Binder:2262_1E expire 2 lines
11-11 10:46:56.734 13460 13460 W ContextImpl: Calling a method in the system process without a qualified user: android.app.ContextImpl.bindService:1611 android.content.ContextWrapper.bindService:698 android.content.pm.permission.RuntimePermissionPresenter$RemoteService.processMessage:171 android.content.pm.permission.RuntimePermissionPresenter.getAppPermissions:118 com.android.settingslib.applications.PermissionsSummaryHelper.getPermissionSummary:34
11-11 10:46:56.743 2262 2306 I chatty : uid=1000(system) batterystats-wo expire 3 lines
11-11 10:46:57.461 2262 2262 I chatty : uid=1000 system_server expire 107 lines
11-11 10:47:06.873 2262 5054 I chatty : uid=1000(system) Binder:2262_D expire 1 line
11-11 10:47:36.610 2262 2317 I chatty : uid=1000(system) PowerManagerSer expire 7 lines
11-11 10:47:38.628 2262 2300 I chatty : uid=1000(system) android.bg expire 1 line
11-11 10:47:42.443 2262 8104 I chatty : uid=1000(system) Binder:2262_20 expire 2 lines
11-11 10:50:43.701 2262 6121 I chatty : uid=1000(system) Binder:2262_13 expire 1 line
11-11 10:58:28.834 13460 13460 W ContextImpl: Calling a method in the system process without a qualified user: android.app.ContextImpl.bindService:1611 android.content.ContextWrapper.bindService:698 android.content.pm.permission.RuntimePermissionPresenter$RemoteService.processMessage:171 android.content.pm.permission.RuntimePermissionPresenter.getAppPermissions:118 com.android.settingslib.applications.PermissionsSummaryHelper.getPermissionSummary:34
11-11 10:58:28.848 2262 3038 I chatty : uid=1000(system) Binder:2262_6 expire 6 lines
11-11 10:58:28.851 2262 2306 I chatty : uid=1000(system) batterystats-wo expire 10 lines
11-11 10:58:28.863 2262 2301 I chatty : uid=1000(system) ActivityManager expire 2 lines
11-11 10:58:32.243 2262 6250 I chatty : uid=1000(system) Binder:2262_17 expire 4 lines
11-11 10:58:32.329 2262 2841 I chatty : uid=1000(system) Binder:2262_4 expire 11 lines
11-11 10:58:32.782 2262 2262 I chatty : uid=1000 system_server expire 13 lines
11-11 10:59:06.543 2262 2317 I chatty : uid=1000(system) PowerManagerSer expire 10 lines
11-11 10:59:07.191 2262 2314 I chatty : uid=1000(system) android.display expire 8 lines
11-11 10:59:35.482 2262 2765 I chatty : uid=1000(system) InputReader expire 3 lines
11-11 10:59:36.111 2262 6121 I chatty : uid=1000(system) Binder:2262_13 expire 9 lines
11-11 10:59:37.292 13460 13460 W ContextImpl: Calling a method in the system process without a qualified user: android.app.ContextImpl.bindService:1611 android.content.ContextWrapper.bindService:698 android.content.pm.permission.RuntimePermissionPresenter$RemoteService.processMessage:171 android.content.pm.permission.RuntimePermissionPresenter.getAppPermissions:118 com.android.settingslib.applications.PermissionsSummaryHelper.getPermissionSummary:34
11-11 10:59:37.936 2262 2312 I chatty : uid=1000(system) android.fg expire 8 lines
11-11 10:59:37.966 2262 6532 I chatty : uid=1000(system) Binder:2262_1C expire 4 lines
11-11 10:59:38.846 2262 3536 I chatty : uid=1000(system) Binder:2262_A expire 12 lines
11-11 10:59:38.896 2262 5903 I chatty : uid=1000(system) Binder:2262_11 expire 5 lines
11-11 10:59:39.526 2262 2764 I chatty : uid=1000(system) InputDispatcher expire 4 lines
11-11 10:59:40.808 2262 5432 I chatty : uid=1000(system) Binder:2262_10 expire 6 lines
11-11 10:59:40.847 2262 2303 I chatty : uid=1000(system) ActivityManager expire 9 lines
11-11 11:00:02.983 14145 14145 W ContextImpl: Calling a method in the system process without a qualified user: android.app.ContextImpl.bindService:1611 android.content.ContextWrapper.bindService:698 android.content.pm.permission.RuntimePermissionPresenter$RemoteService.processMessage:171 android.content.pm.permission.RuntimePermissionPresenter.getAppPermissions:118 com.android.settingslib.applications.PermissionsSummaryHelper.getPermissionSummary:34
11-11 11:00:03.514 2262 2262 I chatty : uid=1000 system_server expire 56 lines
11-11 11:00:04.447 2262 2841 I chatty : uid=1000(system) Binder:2262_4 expire 1 line
11-11 11:00:04.536 2262 2300 I chatty : uid=1000(system) android.bg expire 3 lines
11-11 11:00:04.537 2262 2302 I chatty : uid=1000(system) android.ui expire 4 lines
11-11 11:00:08.131 2262 7851 I chatty : uid=1000(system) Binder:2262_1E expire 4 lines
11-11 11:00:20.182 2262 6249 I chatty : uid=1000(system) Binder:2262_16 expire 4 lines
11-11 11:00:21.358 14145 14145 W ContextImpl: Calling a method in the system process without a qualified user: android.app.ContextImpl.bindService:1611 android.content.ContextWrapper.bindService:698 android.content.pm.permission.RuntimePermissionPresenter$RemoteService.processMessage:171 android.content.pm.permission.RuntimePermissionPresenter.getAppPermissions:118 com.android.settingslib.applications.PermissionsSummaryHelper.getPermissionSummary:34
11-11 11:00:21.366 2262 2306 I chatty : uid=1000(system) batterystats-wo expire 5 lines
11-11 11:00:21.390 2262 2756 I chatty : uid=1000(system) Binder:2262_3 expire 1 line
11-11 11:00:24.959 2262 6531 I chatty : uid=1000(system) Binder:2262_1B expire 10 lines
11-11 11:00:28.239 2262 6251 I chatty : uid=1000(system) Binder:2262_18 expire 8 lines
11-11 11:00:30.397 457 469 D vold : Remounting 10061 as mode read
11-11 11:00:30.415 457 469 D vold : Found matching PID 14420
11-11 11:00:30.418 457 469 D vold : Found matching PID 14443
11-11 11:00:30.422 457 469 D vold : Remounting 10061 as mode write
11-11 11:00:30.435 457 469 D vold : Found matching PID 14420
11-11 11:00:30.438 457 469 D vold : Found matching PID 14443
11-11 11:00:37.749 14495 14495 I ActivityThread: handleStopService: token=android.os.BinderProxy@4ba7747 not found.
11-11 11:01:36.926 14515 14515 E ActivityThread: Activity com.android.settings.SubSettings has leaked ServiceConnection android.bluetooth.BluetoothA2dp$2@500f766 that was originally bound here
11-11 11:01:36.926 14515 14515 E ActivityThread: android.app.ServiceConnectionLeaked: Activity com.android.settings.SubSettings has leaked ServiceConnection android.bluetooth.BluetoothA2dp$2@500f766 that was originally bound here
11-11 11:01:36.926 14515 14515 E ActivityThread: at android.app.LoadedApk$ServiceDispatcher.(LoadedApk.java:1610)
11-11 11:01:36.926 14515 14515 E ActivityThread: at android.app.LoadedApk.getServiceDispatcher(LoadedApk.java:1502)
11-11 11:01:36.926 14515 14515 E ActivityThread: at android.app.ContextImpl.bindServiceCommon(ContextImpl.java:1659)
11-11 11:01:36.926 14515 14515 E ActivityThread: at android.app.ContextImpl.bindServiceAsUser(ContextImpl.java:1619)
11-11 11:01:36.926 14515 14515 E ActivityThread: at android.content.ContextWrapper.bindServiceAsUser(ContextWrapper.java:705)
11-11 11:01:36.926 14515 14515 E ActivityThread: at android.bluetooth.BluetoothA2dp.doBind(BluetoothA2dp.java:264)
11-11 11:01:36.926 14515 14515 E ActivityThread: at android.bluetooth.BluetoothA2dp.(BluetoothA2dp.java:257)
11-11 11:01:36.926 14515 14515 E ActivityThread: at android.bluetooth.BluetoothAdapter.getProfileProxy(BluetoothAdapter.java:2275)
11-11 11:01:36.926 14515 14515 E ActivityThread: at com.android.settings.development.DevelopmentSettingsDashboardFragment.onCreateView(DevelopmentSettingsDashboardFragment.java:185)
11-11 11:01:36.926 14515 14515 E ActivityThread: at android.app.Fragment.performCreateView(Fragment.java:2522)
11-11 11:01:36.926 14515 14515 E ActivityThread: at android.app.FragmentManagerImpl.moveToState(FragmentManager.java:1298)
11-11 11:01:36.926 14515 14515 E ActivityThread: at android.app.FragmentManagerImpl.moveFragmentToExpectedState(FragmentManager.java:1576)
11-11 11:01:36.926 14515 14515 E ActivityThread: at android.app.FragmentManagerImpl.moveToState(FragmentManager.java:1637)
11-11 11:01:36.926 14515 14515 E ActivityThread: at android.app.FragmentManagerImpl.dispatchMoveToState(FragmentManager.java:3046)
11-11 11:01:36.926 14515 14515 E ActivityThread: at android.app.FragmentManagerImpl.dispatchActivityCreated(FragmentManager.java:2998)
11-11 11:01:36.926 14515 14515 E ActivityThread: at android.app.FragmentController.dispatchActivityCreated(FragmentController.java:182)
11-11 11:01:36.926 14515 14515 E ActivityThread: at android.app.Activity.performCreate(Activity.java:7151)
11-11 11:01:36.926 14515 14515 E ActivityThread: at android.app.Activity.performCreate(Activity.java:7135)
11-11 11:01:36.926 14515 14515 E ActivityThread: at android.app.Instrumentation.callActivityOnCreate(Instrumentation.java:1271)
11-11 11:01:36.926 14515 14515 E ActivityThread: at android.app.ActivityThread.performLaunchActivity(ActivityThread.java:2931)
11-11 11:01:36.926 14515 14515 E ActivityThread: at android.app.ActivityThread.handleLaunchActivity(ActivityThread.java:3086)
11-11 11:01:36.926 14515 14515 E ActivityThread: at android.app.servertransaction.LaunchActivityItem.execute(LaunchActivityItem.java:78)
11-11 11:01:36.926 14515 14515 E ActivityThread: at android.app.servertransaction.TransactionExecutor.executeCallbacks(TransactionExecutor.java:108)
11-11 11:01:36.926 14515 14515 E ActivityThread: at android.app.servertransaction.TransactionExecutor.execute(TransactionExecutor.java:68)
11-11 11:01:36.926 14515 14515 E ActivityThread: at android.app.ActivityThread$H.handleMessage(ActivityThread.java:1816)
11-11 11:01:36.926 14515 14515 E ActivityThread: at android.os.Handler.dispatchMessage(Handler.java:106)
11-11 11:01:36.926 14515 14515 E ActivityThread: at android.os.Looper.loop(Looper.java:193)
11-11 11:01:36.926 14515 14515 E ActivityThread: at android.app.ActivityThread.main(ActivityThread.java:6718)
11-11 11:01:36.926 14515 14515 E ActivityThread: at java.lang.reflect.Method.invoke(Native Method)
11-11 11:01:36.926 14515 14515 E ActivityThread: at com.android.internal.os.RuntimeInit$MethodAndArgsCaller.run(RuntimeInit.java:493)
11-11 11:01:36.926 14515 14515 E ActivityThread: at com.android.internal.os.ZygoteInit.main(ZygoteInit.java:858)
11-11 11:01:38.211 2262 2287 I chatty : uid=1000(system) Binder:2262_2 expire 2 lines
11-11 11:06:02.841 2262 2262 I chatty : uid=1000 system_server expire 206 lines
11-11 11:18:18.580 2262 2306 I chatty : uid=1000(system) batterystats-wo expire 3 lines
11-11 11:20:12.250 2262 5054 I chatty : uid=1000(system) Binder:2262_D expire 1 line
11-11 11:30:24.604 2262 2262 I chatty : uid=1000 system_server expire 106 lines
11-11 11:34:54.043 2262 3263 I chatty : uid=1000(system) Binder:2262_7 expire 1 line
11-11 11:39:49.615 2262 6120 I chatty : uid=1000(system) Binder:2262_12 expire 1 line
11-11 11:42:43.410 2262 2306 I chatty : uid=1000(system) batterystats-wo expire 5 lines
11-11 11:44:16.656 1958 1958 I wificond: Received external scan result notification from kernel.
11-11 11:44:30.611 2262 2262 I chatty : uid=1000 system_server expire 38 lines
11-11 11:49:25.816 1958 1958 I wificond: Received external scan result notification from kernel.
11-11 11:49:59.362 2262 2757 I chatty : uid=1000(system) AlarmManager expire 1 line
11-11 11:50:15.073 2262 2262 I chatty : uid=1000 system_server expire 30 lines
11-11 11:51:40.127 2262 2765 I chatty : uid=1000(system) InputReader expire 3 lines
11-11 11:51:40.146 2262 2317 I chatty : uid=1000(system) PowerManagerSer expire 10 lines
11-11 11:51:40.170 2262 2314 I chatty : uid=1000(system) android.display expire 3 lines
11-11 11:51:54.243 2262 7852 I chatty : uid=1000(system) Binder:2262_1F expire 1 line
11-11 11:53:12.590 511 511 E android.hardware.wifi@1.0-service: Failed to get firmware debug dump: NOT_SUPPORTED
11-11 11:53:12.591 511 511 E android.hardware.wifi@1.0-service: Failed to get driver debug dump: NOT_SUPPORTED
11-11 11:53:12.598 2262 2808 I chatty : uid=1000(system) ConnectivitySer expire 3 lines
11-11 11:53:12.693 2262 2802 I chatty : uid=1000(system) NetworkPolicy expire 1 line
11-11 11:53:12.698 1958 1958 E wificond: NL80211_CMD_START_SCHED_SCAN failed: Invalid argument
11-11 11:53:12.698 1958 1958 E wificond: Failed to start pno scan
11-11 11:53:12.769 2262 2262 I chatty : uid=1000 system_server expire 6 lines
11-11 11:55:25.936 2262 6123 I chatty : uid=1000(system) Binder:2262_15 expire 1 line
11-11 11:55:26.008 2262 5432 I chatty : uid=1000(system) Binder:2262_10 expire 2 lines
11-11 11:55:26.029 2262 2301 I chatty : uid=1000(system) ActivityManager expire 1 line
11-11 11:55:27.350 2262 6352 I chatty : uid=1000(system) Binder:2262_1A expire 1 line
11-11 11:55:27.388 2262 2303 I chatty : uid=1000(system) ActivityManager expire 1 line
11-11 11:55:28.565 2262 6352 I chatty : uid=1000(system) Binder:2262_1A expire 6 lines
11-11 11:55:28.644 1958 1958 W wificond: Scan is not started. Ignore abort request
11-11 11:55:28.802 2262 2805 I chatty : uid=1000(system) WifiStateMachin expire 1 line
11-11 11:55:28.803 2262 2808 I chatty : uid=1000(system) ConnectivitySer expire 25 lines
11-11 11:55:31.159 1949 2134 E NetlinkEvent: NetlinkEvent::FindParam(): Parameter 'INTERFACE' not found
11-11 11:55:31.159 1949 2134 E NetlinkEvent: NetlinkEvent::FindParam(): Parameter 'STATE' not found
11-11 11:55:31.159 1949 2134 E NetlinkEvent: NetlinkEvent::FindParam(): Parameter 'TIME_NS' not found
11-11 11:55:31.159 1949 2134 E NetlinkEvent: NetlinkEvent::FindParam(): Parameter 'UID' not found
11-11 11:55:31.297 2262 2802 I chatty : uid=1000(system) NetworkPolicy expire 1 line
11-11 11:55:33.123 2262 7852 I chatty : uid=1000(system) Binder:2262_1F expire 2 lines
11-11 11:55:33.148 2262 6123 I chatty : uid=1000(system) Binder:2262_15 expire 9 lines
11-11 11:55:33.358 2262 6250 I chatty : uid=1000(system) Binder:2262_17 expire 1 line
11-11 11:55:33.549 2262 2262 I chatty : uid=1000 system_server expire 54 lines
11-11 11:55:41.199 2262 2312 I chatty : uid=1000(system) android.fg expire 11 lines
11-11 11:56:13.985 2262 2317 I chatty : uid=1000(system) PowerManagerSer expire 26 lines
11-11 11:56:14.573 2262 2314 I chatty : uid=1000(system) android.display expire 10 lines
11-11 11:56:14.613 2262 2301 I chatty : uid=1000(system) ActivityManager expire 9 lines
11-11 11:57:17.511 2262 2765 I chatty : uid=1000(system) InputReader expire 3 lines
11-11 11:57:19.845 2262 6122 I chatty : uid=1000(system) Binder:2262_14 expire 1 line
11-11 11:58:16.803 2262 2313 I chatty : uid=1000(system) android.io expire 3 lines
11-11 11:58:16.851 2262 2306 I chatty : uid=1000(system) batterystats-wo expire 10 lines
11-11 11:59:11.181 2262 6251 I chatty : uid=1000(system) Binder:2262_18 expire 5 lines
11-11 11:59:27.121 2262 2300 I chatty : uid=1000(system) android.bg expire 2 lines
11-11 11:59:40.926 2262 15364 I chatty : uid=1000 system_server expire 1 line
11-11 11:59:57.231 2262 3519 I chatty : uid=1000(system) backup expire 5 lines
11-11 12:00:36.804 2262 5432 I chatty : uid=1000(system) Binder:2262_10 expire 3 lines
11-11 12:03:45.187 1958 1958 W wificond: Scan aborted
11-11 12:04:03.405 2262 2262 I chatty : uid=1000 system_server expire 19 lines
11-11 12:04:12.734 2262 2317 I chatty : uid=1000(system) PowerManagerSer expire 11 lines
11-11 12:04:12.992 2262 2312 I chatty : uid=1000(system) android.fg expire 2 lines
11-11 12:04:55.079 2262 6120 I chatty : uid=1000(system) Binder:2262_12 expire 1 line
11-11 12:11:30.772 2262 5186 I chatty : uid=1000(system) Binder:2262_E expire 10 lines
11-11 12:11:37.870 2262 2312 I chatty : uid=1000(system) android.fg expire 9 lines
11-11 12:11:38.141 2262 2301 I chatty : uid=1000(system) ActivityManager expire 7 lines
11-11 12:11:38.160 2262 2306 I chatty : uid=1000(system) batterystats-wo expire 10 lines
11-11 12:11:38.486 2262 2313 I chatty : uid=1000(system) android.io expire 3 lines
11-11 12:11:43.352 2262 2287 I chatty : uid=1000(system) Binder:2262_2 expire 4 lines
11-11 12:11:44.132 2262 5432 I chatty : uid=1000(system) Binder:2262_10 expire 6 lines
11-11 12:11:44.619 2262 6252 I chatty : uid=1000(system) Binder:2262_19 expire 9 lines
11-11 12:11:45.289 2262 2756 I chatty : uid=1000(system) Binder:2262_3 expire 1 line
11-11 12:11:45.321 2262 7851 I chatty : uid=1000(system) Binder:2262_1E expire 8 lines
11-11 12:11:45.333 2262 2314 I chatty : uid=1000(system) android.display expire 8 lines
11-11 12:11:45.658 2262 3441 I chatty : uid=1000(system) Binder:2262_8 expire 1 line
11-11 12:11:45.712 2262 7852 I chatty : uid=1000(system) Binder:2262_1F expire 2 lines
11-11 12:11:51.347 2262 2303 I chatty : uid=1000(system) ActivityManager expire 10 lines
11-11 12:11:55.093 2262 2302 I chatty : uid=1000(system) android.ui expire 10 lines
11-11 12:12:00.258 2262 2802 I chatty : uid=1000(system) NetworkPolicy expire 5 lines
11-11 12:12:00.282 3044 3044 I Telephony: PstnIncomingCallNotifier: Unregistering: Handler (com.qualcomm.qti.internal.telephony.QtiGsmCdmaPhone) {827e166}
11-11 12:12:00.282 3044 3044 I Telephony: PstnIncomingCallNotifier: Unregistering: Handler (com.qualcomm.qti.internal.telephony.QtiGsmCdmaPhone) {a8c3ca7}
11-11 12:12:00.303 3044 3044 I Telephony: AccountEntry: Registered phoneAccount: [[ ] PhoneAccount: ComponentInfo{com.android.phone/com.android.services.telephony.TelephonyConnectionService}, ***, UserHandle{0} Capabilities: SuppVideo CallProvider MultiUser PlaceEmerg SimSub Audio Routes: BESW Schemes: tel voicemail Extras: Bundle[{android.telecom.extra.SUPPORTS_VIDEO_CALLING_FALLBACK=true, android.telecom.extra.SORT_ORDER=0}] GroupId: ***] with handle: ComponentInfo{com.android.phone/com.android.services.telephony.TelephonyConnectionService}, ***, UserHandle{0}
11-11 12:12:00.303 3044 3044 I Telephony: PstnIncomingCallNotifier: Registering: Handler (com.qualcomm.qti.internal.telephony.QtiGsmCdmaPhone) {827e166}
11-11 12:12:00.319 3044 3044 I Telephony: AccountEntry: Registered phoneAccount: [[ ] PhoneAccount: ComponentInfo{com.android.phone/com.android.services.telephony.TelephonyConnectionService}, ***, UserHandle{0} Capabilities: SuppVideo CallProvider MultiUser PlaceEmerg SimSub Audio Routes: BESW Schemes: tel voicemail Extras: Bundle[{android.telecom.extra.SUPPORTS_VIDEO_CALLING_FALLBACK=true, android.telecom.extra.SORT_ORDER=1}] GroupId: ***] with handle: ComponentInfo{com.android.phone/com.android.services.telephony.TelephonyConnectionService}, ***, UserHandle{0}
11-11 12:12:00.319 3044 3044 I Telephony: PstnIncomingCallNotifier: Registering: Handler (com.qualcomm.qti.internal.telephony.QtiGsmCdmaPhone) {a8c3ca7}
11-11 12:12:00.432 3044 3044 I Telephony: PstnPhoneCapabilitiesNotifier: handleVideoCapabilitesChanged. Video capability - false
11-11 12:12:00.454 3044 3044 I Telephony: PstnPhoneCapabilitiesNotifier: handleVideoCapabilitesChanged. Video capability - false
11-11 12:12:01.377 2262 3537 I chatty : uid=1000(system) Binder:2262_B expire 4 lines
11-11 12:12:01.975 8312 8312 E ActivityThread: Activity com.okcupid.okcupid.ui.base.MainActivity has leaked ServiceConnection com.okcupid.okcupid.ui.purchases.BillingProcessor$1@b7c8e0b that was originally bound here
11-11 12:12:01.975 8312 8312 E ActivityThread: android.app.ServiceConnectionLeaked: Activity com.okcupid.okcupid.ui.base.MainActivity has leaked ServiceConnection com.okcupid.okcupid.ui.purchases.BillingProcessor$1@b7c8e0b that was originally bound here
11-11 12:12:01.975 8312 8312 E ActivityThread: at android.app.LoadedApk$ServiceDispatcher.(LoadedApk.java:1610)
11-11 12:12:01.975 8312 8312 E ActivityThread: at android.app.LoadedApk.getServiceDispatcher(LoadedApk.java:1502)
11-11 12:12:01.975 8312 8312 E ActivityThread: at android.app.ContextImpl.bindServiceCommon(ContextImpl.java:1659)
11-11 12:12:01.975 8312 8312 E ActivityThread: at android.app.ContextImpl.bindService(ContextImpl.java:1612)
11-11 12:12:01.975 8312 8312 E ActivityThread: at android.content.ContextWrapper.bindService(ContextWrapper.java:698)
11-11 12:12:01.975 8312 8312 E ActivityThread: at com.okcupid.okcupid.ui.purchases.BillingProcessor.bindPlayServices(BillingProcessor.java:116)
11-11 12:12:01.975 8312 8312 E ActivityThread: at com.okcupid.okcupid.ui.purchases.BillingProcessor.(BillingProcessor.java:109)
11-11 12:12:01.975 8312 8312 E ActivityThread: at com.okcupid.okcupid.ui.base.MainActivityViewModel.startBilling(MainActivityViewModel.kt:487)
11-11 12:12:01.975 8312 8312 E ActivityThread: at com.okcupid.okcupid.ui.base.MainActivity.init(MainActivity.kt:1700)
11-11 12:12:01.975 8312 8312 E ActivityThread: at com.okcupid.okcupid.ui.base.MainActivity.onCreate(MainActivity.kt:357)
11-11 12:12:01.975 8312 8312 E ActivityThread: at android.app.Activity.performCreate(Activity.java:7144)
11-11 12:12:01.975 8312 8312 E ActivityThread: at android.app.Activity.performCreate(Activity.java:7135)
11-11 12:12:01.975 8312 8312 E ActivityThread: at android.app.Instrumentation.callActivityOnCreate(Instrumentation.java:1271)
11-11 12:12:01.975 8312 8312 E ActivityThread: at android.app.ActivityThread.performLaunchActivity(ActivityThread.java:2931)
11-11 12:12:01.975 8312 8312 E ActivityThread: at android.app.ActivityThread.handleLaunchActivity(ActivityThread.java:3086)
11-11 12:12:01.975 8312 8312 E ActivityThread: at android.app.servertransaction.LaunchActivityItem.execute(LaunchActivityItem.java:78)
11-11 12:12:01.975 8312 8312 E ActivityThread: at android.app.servertransaction.TransactionExecutor.executeCallbacks(TransactionExecutor.java:108)
11-11 12:12:01.975 8312 8312 E ActivityThread: at android.app.servertransaction.TransactionExecutor.execute(TransactionExecutor.java:68)
11-11 12:12:01.975 8312 8312 E ActivityThread: at android.app.ActivityThread$H.handleMessage(ActivityThread.java:1816)
11-11 12:12:01.975 8312 8312 E ActivityThread: at android.os.Handler.dispatchMessage(Handler.java:106)
