11-11 14:37:21.120 2262 6531 I ActivityManager: START u0 {act=android.intent.action.MAIN cat=[android.intent.category.HOME] flg=0x10000000 cmp=com.android.launcher3/.lineage.LineageLauncher (has extras)} from uid 10035
11-11 14:37:21.142 2262 6531 W ActivityManager: Unable to start service Intent { act=com.android.launcher3.WINDOW_OVERLAY dat=app://com.android.launcher3:10035?v=7&cv=9 pkg=com.google.android.googlequicksearchbox } U=0: not found
11-11 14:37:22.555 2262 2765 D WindowManager: powerPress: eventTime=88803934 interactive=true count=1 beganFromNonInteractive=false mShortPressOnPowerBehavior=1
11-11 14:37:22.555 2262 2765 I PowerManagerService: Going to sleep due to power button (uid 1000)...
11-11 14:37:22.556 2262 2262 W UsageStatsService: Event reported without a package name
11-11 14:37:22.556 2262 2262 W UsageStatsService: Event reported without a package name
11-11 14:37:22.556 2262 2317 I PowerManagerService: Sleeping (uid 1000)...
11-11 14:37:22.573 2262 2262 V FingerprintService: startAuthentication(com.android.systemui)
11-11 14:37:22.574 2262 2262 V FingerprintService: starting client AuthenticationClient(com.android.systemui), initiatedByClient = true
11-11 14:37:22.584 2262 2262 W FingerprintService: client com.android.systemui is authenticating...
11-11 14:37:23.059 2262 2317 I DisplayPowerController: Blocking screen off
11-11 14:37:23.060 2262 2317 I DisplayPowerController: Unblocked screen off after 1 ms
11-11 14:37:23.161 2262 2314 I DisplayManagerService: Display device changed state: "Ecrã Integrado", OFF
11-11 14:37:23.484 2262 2850 W UsageStatsService: Event reported without a package name
11-11 14:37:23.484 2262 2850 W UsageStatsService: Event reported without a package name
11-11 14:37:23.629 2262 2262 I ActivityManager: Killing 20976:com.android.contacts/u10a34 (adj 900): remove task
11-11 14:37:23.671 2262 2314 W ActivityManager: setHasOverlayUi called on unknown pid: 20976
11-11 14:37:37.457 2262 2262 W Looper : Slow dispatch took 289ms main h=com.android.server.notification.NotificationManagerService$WorkerHandler c=com.android.server.notification.NotificationManagerService$NotificationListeners$2@ae86e5a m=0
11-11 14:37:37.461 2262 2262 W Looper : Slow delivery took 296ms main h=com.android.server.notification.NotificationManagerService$WorkerHandler c=com.android.server.notification.NotificationManagerService$NotificationListeners$2@a32988b m=0
11-11 14:37:37.493 2262 2262 W Looper : Drained
11-11 14:38:16.955 2262 2262 W Looper : Slow dispatch took 168ms main h=com.android.server.notification.NotificationManagerService$WorkerHandler c=com.android.server.notification.NotificationManagerService$NotificationListeners$2@b564b2d m=0
11-11 14:38:46.658 2262 2262 W WindowManager: removeWindowToken: Attempted to remove non-existing token: android.os.Binder@559b790
11-11 14:38:57.313 2262 2262 W Looper : Slow dispatch took 201ms main h=com.android.server.notification.NotificationManagerService$WorkerHandler c=com.android.server.notification.NotificationManagerService$NotificationListeners$2@35d960e m=0
11-11 14:39:38.034 2262 2262 W Looper : Slow delivery took 205ms main h=com.android.server.notification.NotificationManagerService$WorkerHandler c=com.android.server.notification.NotificationManagerService$PostNotificationRunnable@94d1558 m=0
11-11 14:39:38.043 2262 2262 W Looper : Drained
11-11 14:39:57.311 2262 2262 W Looper : Slow dispatch took 175ms main h=com.android.server.notification.NotificationManagerService$WorkerHandler c=com.android.server.notification.NotificationManagerService$NotificationListeners$2@e5255b3 m=0
11-11 14:39:58.207 2262 2262 W Looper : Slow dispatch took 158ms main h=com.android.server.notification.NotificationManagerService$WorkerHandler c=com.android.server.notification.NotificationManagerService$NotificationListeners$2@721187a m=0
11-11 14:40:09.156 2262 2262 W Looper : Slow dispatch took 197ms main h=com.android.server.notification.NotificationManagerService$WorkerHandler c=com.android.server.notification.NotificationManagerService$NotificationListeners$2@c846b5d m=0
11-11 14:40:09.157 2262 2262 W Looper : Slow delivery took 200ms main h=com.android.server.notification.NotificationManagerService$WorkerHandler c=com.android.server.notification.NotificationManagerService$NotificationListeners$2@4063cd2 m=0
11-11 14:40:09.161 2262 2262 W Looper : Drained
11-11 14:40:18.487 2262 2262 W Looper : Slow dispatch took 171ms main h=com.android.server.notification.NotificationManagerService$WorkerHandler c=com.android.server.notification.NotificationManagerService$NotificationListeners$2@5fea915 m=0
11-11 14:40:24.426 2262 7851 D ConnectivityService: Returning BLOCKED NetworkInfo to uid=1010098
11-11 14:40:37.852 2262 2262 W Looper : Slow dispatch took 172ms main h=com.android.server.notification.NotificationManagerService$WorkerHandler c=com.android.server.notification.NotificationManagerService$PostNotificationRunnable@fd5b80b m=0
11-11 14:40:44.984 2262 2262 W Looper : Slow dispatch took 189ms main h=com.android.server.notification.NotificationManagerService$WorkerHandler c=com.android.server.notification.NotificationManagerService$NotificationListeners$2@425c9e7 m=0
11-11 14:41:05.043 2262 2262 W Looper : Slow dispatch took 182ms main h=com.android.server.notification.NotificationManagerService$WorkerHandler c=com.android.server.notification.NotificationManagerService$NotificationListeners$2@43da18 m=0
11-11 14:41:24.421 2262 2262 W Looper : Slow dispatch took 180ms main h=com.android.server.notification.NotificationManagerService$WorkerHandler c=com.android.server.notification.NotificationManagerService$NotificationListeners$2@8cda665 m=0
11-11 14:41:32.889 2262 2262 W Looper : Slow dispatch took 186ms main h=com.android.server.notification.NotificationManagerService$WorkerHandler c=com.android.server.notification.NotificationManagerService$PostNotificationRunnable@18d61f4 m=0
11-11 14:41:38.660 2262 2262 W Looper : Slow dispatch took 193ms main h=com.android.server.notification.NotificationManagerService$WorkerHandler c=com.android.server.notification.NotificationManagerService$NotificationListeners$2@818a960 m=0
11-11 14:41:38.667 2262 2262 W Looper : Slow delivery took 200ms main h=com.android.server.notification.NotificationManagerService$WorkerHandler c=com.android.server.notification.NotificationManagerService$NotificationListeners$2@65b8e19 m=0
11-11 14:41:38.683 2262 2262 W Looper : Drained
11-11 14:41:44.699 2262 2262 W Looper : Slow dispatch took 175ms main h=com.android.server.notification.NotificationManagerService$WorkerHandler c=com.android.server.notification.NotificationManagerService$PostNotificationRunnable@8df2d5 m=0
11-11 14:41:54.837 2262 2262 W Looper : Slow dispatch took 195ms main h=com.android.server.notification.NotificationManagerService$WorkerHandler c=com.android.server.notification.NotificationManagerService$NotificationListeners$2@4473024 m=0
11-11 14:41:54.843 2262 2262 W Looper : Slow delivery took 200ms main h=com.android.server.notification.NotificationManagerService$WorkerHandler c=com.android.server.notification.NotificationManagerService$NotificationListeners$2@2d2a78d m=0
11-11 14:41:54.862 2262 2262 W Looper : Drained
11-11 14:41:59.139 2262 2262 W Looper : Slow dispatch took 164ms main h=com.android.server.notification.NotificationManagerService$WorkerHandler c=com.android.server.notification.NotificationManagerService$NotificationListeners$2@acf2f89 m=0
11-11 14:42:15.279 2262 2262 W Looper : Slow delivery took 207ms main h=com.android.server.notification.NotificationManagerService$WorkerHandler c=com.android.server.notification.NotificationManagerService$PostNotificationRunnable@b7fbba8 m=0
11-11 14:42:15.294 2262 2262 W Looper : Drained
11-11 14:42:19.297 2262 2262 W Looper : Slow delivery took 200ms main h=com.android.server.notification.NotificationManagerService$WorkerHandler c=com.android.server.notification.NotificationManagerService$PostNotificationRunnable@3cb8543 m=0
11-11 14:42:19.316 2262 2262 W Looper : Drained
11-11 14:42:29.132 2262 2262 W Looper : Slow dispatch took 177ms main h=com.android.server.notification.NotificationManagerService$WorkerHandler c=com.android.server.notification.NotificationManagerService$NotificationListeners$2@5bab64a m=0
11-11 14:42:36.383 2262 2262 W Looper : Slow dispatch took 222ms main h=com.android.server.notification.NotificationManagerService$WorkerHandler c=com.android.server.notification.NotificationManagerService$NotificationListeners$2@9f5ed16 m=0
11-11 14:42:36.384 2262 2262 W Looper : Slow delivery took 226ms main h=com.android.server.notification.NotificationManagerService$WorkerHandler c=com.android.server.notification.NotificationManagerService$NotificationListeners$2@f6d697 m=0
11-11 14:42:36.407 2262 2262 W Looper : Drained
11-11 14:42:39.418 2262 2262 W Looper : Slow delivery took 226ms main h=com.android.server.notification.NotificationManagerService$WorkerHandler c=com.android.server.notification.NotificationManagerService$PostNotificationRunnable@4c84533 m=0
11-11 14:42:39.432 2262 2262 W Looper : Drained
11-11 14:42:48.457 2262 2262 W Looper : Slow dispatch took 300ms main h=com.android.server.notification.NotificationManagerService$WorkerHandler c=com.android.server.notification.NotificationManagerService$NotificationListeners$2@99545fa m=0
11-11 14:42:48.460 2262 2262 W Looper : Slow delivery took 303ms main h=com.android.server.notification.NotificationManagerService$WorkerHandler c=com.android.server.notification.NotificationManagerService$NotificationListeners$2@93d27ab m=0
11-11 14:42:48.484 2262 2262 W Looper : Drained
11-11 14:42:54.976 2262 2765 I PowerManagerService: Waking up from sleep (uid=1000 reason=android.policy:KEY)...
11-11 14:42:54.998 2262 2262 W UsageStatsService: Event reported without a package name
11-11 14:42:54.998 2262 2262 W UsageStatsService: Event reported without a package name
11-11 14:42:54.999 2262 2317 I DisplayPowerController: Blocking screen on until initial contents have been drawn.
11-11 14:42:55.019 2262 2314 I DisplayManagerService: Display device changed state: "Ecrã Integrado", ON
11-11 14:42:55.142 2262 2317 I DisplayPowerController: Unblocked screen on after 142 ms
11-11 14:42:55.151 2262 2262 V FingerprintService: onAuthenticated(owner=com.android.systemui, id=553465998, gp=0)
11-11 14:42:55.156 2262 2262 V FingerprintService: Done with client: com.android.systemui
11-11 14:42:55.159 2262 2262 V SettingsProvider: Notifying for 0: content://settings/system/screen_brightness
11-11 14:42:55.249 2262 2317 W PowerManagerService: Screen on took 310 ms
11-11 14:42:55.527 2262 2286 W ActivityManager: Unable to start service Intent { act=com.android.launcher3.WINDOW_OVERLAY dat=app://com.android.launcher3:10035?v=7&cv=9 pkg=com.google.android.googlequicksearchbox } U=0: not found
11-11 14:42:55.591 2262 7851 W UsageStatsService: Event reported without a package name
11-11 14:42:55.591 2262 7851 W UsageStatsService: Event reported without a package name
11-11 14:42:55.602 2262 2301 W BroadcastQueue: Background execution not allowed: receiving Intent { act=android.intent.action.USER_PRESENT flg=0x24200010 } to com.sophos.smsec/.SmSecSystemBroadcastReceiver
11-11 14:42:59.814 2262 2300 I UsageStatsService: User[0] Flushing usage stats to disk
11-11 14:42:59.920 2262 2300 I UsageStatsService: User[10] Flushing usage stats to disk
11-11 14:43:02.915 2262 3537 I ActivityManager: START u10 {act=android.intent.action.MAIN cat=[android.intent.category.LAUNCHER] flg=0x10200000 cmp=com.privateinternetaccess.android/.ui.LauncherActivity bnds=[642,384][845,689]} from uid 10035
11-11 14:43:02.968 2262 2303 I ActivityManager: Start proc 24479:com.privateinternetaccess.android/u10a103 for activity com.privateinternetaccess.android/.ui.LauncherActivity
11-11 14:43:04.655 2262 5202 I ActivityManager: START u10 {act=android.intent.action.MAIN cmp=com.privateinternetaccess.android/.ui.connection.MainActivity} from uid 1010103
11-11 14:43:09.213 2262 6250 I ActivityManager: START u10 {cmp=com.privateinternetaccess.android/.ui.drawer.TrustedWifiActivity} from uid 1010103
11-11 14:43:17.257 2262 6251 I ActivityManager: START u10 {cmp=com.privateinternetaccess.android/.ui.drawer.SettingsActivity} from uid 1010103
11-11 14:43:57.909 2262 2286 I ActivityManager: START u10 {act=android.settings.WIRELESS_SETTINGS cmp=android/com.android.internal.app.ForwardIntentToParent} from uid 1010103
11-11 14:43:57.960 2262 2303 I ActivityManager: Start proc 24661:system/u10s1000 for activity android/com.android.internal.app.ForwardIntentToParent
11-11 14:43:58.056 2262 2286 I ActivityManager: START u0 {act=android.settings.WIRELESS_SETTINGS flg=0x3800000 cmp=com.android.settings/.Settings$NetworkDashboardActivity u=10} from uid 1010103
11-11 14:43:58.118 2262 2303 I ActivityManager: Start proc 24678:com.android.settings/1000 for activity com.android.settings/.Settings$NetworkDashboardActivity
11-11 14:43:58.391 2262 5202 D ConnectivityService: requestNetwork for uid/pid:1000/24678 NetworkRequest [ TRACK_DEFAULT id=94, [ Capabilities: INTERNET&NOT_RESTRICTED&TRUSTED Unwanted: Uid: 1000] ]
11-11 14:44:00.399 2262 6251 I ActivityManager: START u0 {act=android.intent.action.MAIN cmp=com.android.settings/.SubSettings (has extras)} from uid 1000
11-11 14:44:00.999 2262 2808 D ConnectivityService: releasing NetworkRequest [ TRACK_DEFAULT id=94, [ Capabilities: INTERNET&NOT_RESTRICTED&TRUSTED Unwanted: Uid: 1000] ] (release request)
11-11 14:44:01.636 2262 5202 W NotificationService: Toast already killed. pkg=android callback=android.app.ITransientNotification$Stub$Proxy@40411da
11-11 14:44:04.415 2262 2302 D AutofillManagerService: onBackKeyPressed()
11-11 14:44:04.464 2262 5202 D ConnectivityService: requestNetwork for uid/pid:1000/24678 NetworkRequest [ TRACK_DEFAULT id=98, [ Capabilities: INTERNET&NOT_RESTRICTED&TRUSTED Unwanted: Uid: 1000] ]
11-11 14:44:05.301 2262 2302 D AutofillManagerService: onBackKeyPressed()
11-11 14:44:05.857 2262 2808 D ConnectivityService: releasing NetworkRequest [ TRACK_DEFAULT id=98, [ Capabilities: INTERNET&NOT_RESTRICTED&TRUSTED Unwanted: Uid: 1000] ] (release request)
11-11 14:44:12.619 2262 2262 W WindowManager: removeWindowToken: Attempted to remove non-existing token: android.os.Binder@e15255f
11-11 14:44:16.766 2262 7851 I ActivityManager: START u10 {cmp=com.privateinternetaccess.android/.ui.drawer.TrustedWifiActivity} from uid 1010103
11-11 14:44:17.620 2262 2302 D AutofillManagerService: onBackKeyPressed()
11-11 14:44:21.719 2262 2302 D AutofillManagerService: onBackKeyPressed()
11-11 14:44:22.579 2262 2312 D AutofillManagerService: Close system dialogs
11-11 14:44:22.588 2262 7851 I ActivityManager: START u0 {act=android.intent.action.MAIN cat=[android.intent.category.HOME] flg=0x10000000 cmp=com.android.launcher3/.lineage.LineageLauncher (has extras)} from uid 10035
11-11 14:44:22.614 2262 6531 W ActivityManager: Unable to start service Intent { act=com.android.launcher3.WINDOW_OVERLAY dat=app://com.android.launcher3:10035?v=7&cv=9 pkg=com.google.android.googlequicksearchbox } U=0: not found
11-11 14:44:23.891 2262 2312 D AutofillManagerService: Close system dialogs
11-11 14:44:23.893 2262 2764 I ActivityManager: START u0 {act=android.intent.action.MAIN cat=[android.intent.category.HOME] flg=0x10200000 cmp=com.android.launcher3/.lineage.LineageLauncher (has extras)} from uid 1000
11-11 14:44:28.644 2262 6594 I ActivityManager: START u0 {act=android.intent.action.MAIN cat=[android.intent.category.LAUNCHER] flg=0x10200000 cmp=com.sophos.smsec/.ui.DroidGuardMainActivity bnds=[845,994][1049,1299]} from uid 10035
11-11 14:44:36.240 2262 2312 D AutofillManagerService: Close system dialogs
11-11 14:44:36.244 2262 6251 I ActivityManager: START u0 {act=android.intent.action.MAIN cat=[android.intent.category.HOME] flg=0x10000000 cmp=com.android.launcher3/.lineage.LineageLauncher (has extras)} from uid 10035
11-11 14:44:36.269 2262 6531 W ActivityManager: Unable to start service Intent { act=com.android.launcher3.WINDOW_OVERLAY dat=app://com.android.launcher3:10035?v=7&cv=9 pkg=com.google.android.googlequicksearchbox } U=0: not found
11-11 14:44:38.756 2262 7851 I ActivityManager: Killing 16202:com.sophos.smsec/u0a122 (adj 1001): remove task
11-11 14:44:38.812 2262 2287 W ActivityManager: Scheduling restart of crashed service com.sophos.smsec/.plugin.scanner.service.ScannerService in 1000ms
11-11 14:44:38.813 2262 2287 W ActivityManager: Scheduling restart of crashed service com.sophos.smsec/com.sophos.appprotectengine.service.AppProtectService in 11000ms
11-11 14:44:38.813 2262 2287 W ActivityManager: Scheduling restart of crashed service com.sophos.smsec/.plugin.scanner.quarantine.QuarantineFileObserverService in 20999ms
11-11 14:44:38.813 2262 2287 W ActivityManager: Scheduling restart of crashed service com.sophos.smsec/.core.updateengine.schedule.ScheduledUpdateService in 30999ms
11-11 14:44:38.815 2262 6251 D ConnectivityService: ConnectivityService NetworkRequestInfo binderDied(NetworkRequest [ LISTEN id=54, [ Transports: WIFI Capabilities: INTERNET&NOT_RESTRICTED&TRUSTED&NOT_VPN&FOREGROUND Unwanted: Uid: 10122] ], android.os.BinderProxy@6ed3ffc)
11-11 14:44:38.821 2262 2314 W ActivityManager: setHasOverlayUi called on unknown pid: 16202
11-11 14:44:39.288 2262 2312 D AutofillManagerService: Close system dialogs
11-11 14:44:39.290 2262 2764 I ActivityManager: START u0 {act=android.intent.action.MAIN cat=[android.intent.category.HOME] flg=0x10200000 cmp=com.android.launcher3/.lineage.LineageLauncher (has extras)} from uid 1000
11-11 14:44:39.876 2262 2303 I ActivityManager: Start proc 24904:com.sophos.smsec/u0a122 for service com.sophos.smsec/.plugin.scanner.service.ScannerService
11-11 14:44:46.411 2262 6120 I ActivityManager: START u0 {act=android.intent.action.MAIN cat=[android.intent.category.LAUNCHER] flg=0x10200000 cmp=com.apkpure.aegon/.main.activity.SplashActivity bnds=[31,384][235,689]} from uid 10035
11-11 14:44:46.469 2262 2303 I ActivityManager: Start proc 24965:com.apkpure.aegon/u0a116 for activity com.apkpure.aegon/.main.activity.SplashActivity
11-11 14:44:46.596 24965 24985 E ActivityThread: Failed to find provider info for com.google.android.gms.chimera
11-11 14:44:46.712 2262 7851 W ActivityManager: Unable to start service Intent { act=com.google.android.gms.ads.identifier.service.START pkg=com.google.android.gms } U=0: not found
11-11 14:44:46.766 2262 6251 W ActivityManager: Unable to start service Intent { act=com.google.android.gms.ads.identifier.service.START pkg=com.google.android.gms } U=0: not found
11-11 14:44:46.798 2262 6251 W ActivityManager: Unable to start service Intent { act=com.google.android.gms.ads.identifier.service.START pkg=com.google.android.gms } U=0: not found
11-11 14:44:46.900 2262 4951 I ActivityManager: Start proc 25035:com.android.webview:webview_service/u0a59 for service com.android.webview/org.chromium.android_webview.services.VariationsSeedServer
11-11 14:44:46.941 2262 2303 I ActivityManager: Start proc 25052:com.android.webview:sandboxed_process0/u0i12 for webview_service com.apkpure.aegon/org.chromium.content.app.SandboxedProcessService0
11-11 14:44:46.996 2262 4951 D ConnectivityService: requestNetwork for uid/pid:10116/24965 NetworkRequest [ TRACK_DEFAULT id=102, [ Capabilities: INTERNET&NOT_RESTRICTED&TRUSTED Unwanted: Uid: 10116] ]
11-11 14:44:47.058 2262 6251 D ConnectivityService: requestNetwork for uid/pid:10116/24965 NetworkRequest [ TRACK_DEFAULT id=104, [ Capabilities: INTERNET&NOT_RESTRICTED&TRUSTED Unwanted: Uid: 10116] ]
11-11 14:44:47.074 2262 2808 D ConnectivityService: releasing NetworkRequest [ TRACK_DEFAULT id=102, [ Capabilities: INTERNET&NOT_RESTRICTED&TRUSTED Unwanted: Uid: 10116] ] (release request)
11-11 14:44:47.492 2262 4951 W ActivityManager: Unable to start service Intent { act=com.google.android.gms.ads.identifier.service.START pkg=com.google.android.gms } U=0: not found
11-11 14:44:47.492 2262 4951 I chatty : uid=1000(system) Binder:2262_C identical 1 line
11-11 14:44:47.493 2262 4951 W ActivityManager: Unable to start service Intent { act=com.google.android.gms.ads.identifier.service.START pkg=com.google.android.gms } U=0: not found
11-11 14:44:48.040 2262 4951 I ActivityManager: START u0 {cmp=com.apkpure.aegon/.main.activity.MainTabActivity (has extras)} from uid 10116
11-11 14:44:49.167 2262 6120 I ActivityManager: START u0 {act=android.content.pm.action.REQUEST_PERMISSIONS pkg=com.android.packageinstaller cmp=com.android.packageinstaller/.permission.ui.GrantPermissionsActivity (has extras)} from uid 10116
11-11 14:44:49.356 2262 6251 D ConnectivityService: requestNetwork for uid/pid:10116/24965 NetworkRequest [ TRACK_DEFAULT id=106, [ Capabilities: INTERNET&NOT_RESTRICTED&TRUSTED Unwanted: Uid: 10116] ]
11-11 14:44:49.593 2262 2303 I ActivityManager: Start proc 25152:com.android.packageinstaller/u0a23 for activity com.android.packageinstaller/.permission.ui.GrantPermissionsActivity
11-11 14:44:50.709 2262 6123 W ActivityManager: Unable to start service Intent { act=com.google.android.gms.ads.identifier.service.START pkg=com.google.android.gms } U=0: not found
11-11 14:44:51.098 2262 6251 I ActivityManager: START u0 {cmp=com.apkpure.aegon/.app.activity.ManagerActivity (has extras)} from uid 10116
11-11 14:45:06.130 2262 6251 I ActivityManager: START u0 {cmp=com.apkpure.aegon/.app.activity.ManagerActivity (has extras)} from uid 10116
11-11 14:45:06.299 2262 6120 W ActivityManager: Unable to start service Intent { act=com.google.android.gms.analytics.service.START cmp=com.google.android.gms/.analytics.service.AnalyticsService (has extras) } U=0: not found
11-11 14:45:09.812 2262 6123 I ActivityManager: START u0 {cmp=com.apkpure.aegon/.app.activity.ManagerActivity (has extras)} from uid 10116
11-11 14:45:12.704 2262 2312 D AutofillManagerService: Close system dialogs
11-11 14:45:12.712 2262 6123 I ActivityManager: START u0 {act=android.intent.action.MAIN cat=[android.intent.category.HOME] flg=0x10000000 cmp=com.android.launcher3/.lineage.LineageLauncher (has extras)} from uid 10035
11-11 14:45:12.742 2262 6120 W ActivityManager: Unable to start service Intent { act=com.android.launcher3.WINDOW_OVERLAY dat=app://com.android.launcher3:10035?v=7&cv=9 pkg=com.google.android.googlequicksearchbox } U=0: not found
11-11 14:45:13.448 2262 6252 I ActivityManager: Killing 24965:com.apkpure.aegon/u0a116 (adj 900): remove task
11-11 14:45:13.450 2262 6252 I ActivityManager: Killing 25052:com.android.webview:sandboxed_process0/u0a116i12 (adj 900): remove task
11-11 14:45:13.483 2262 6252 W ActivityManager: Scheduling restart of crashed service com.apkpure.aegon/org.chromium.content.app.SandboxedProcessService0 in 1000ms
11-11 14:45:13.521 2262 6252 D ConnectivityService: ConnectivityService NetworkRequestInfo binderDied(NetworkRequest [ LISTEN id=108, [ Capabilities: NOT_RESTRICTED&TRUSTED&NOT_VPN&FOREGROUND Unwanted: Uid: 10116] ], android.os.BinderProxy@bfd6b1e)
11-11 14:45:13.521 2262 7851 D ConnectivityService: ConnectivityService NetworkRequestInfo binderDied(NetworkRequest [ TRACK_DEFAULT id=106, [ Capabilities: INTERNET&NOT_RESTRICTED&TRUSTED Unwanted: Uid: 10116] ], android.os.BinderProxy@8bdefff)
11-11 14:45:13.522 2262 2808 D ConnectivityService: releasing NetworkRequest [ TRACK_DEFAULT id=106, [ Capabilities: INTERNET&NOT_RESTRICTED&TRUSTED Unwanted: Uid: 10116] ] (release request)
11-11 14:45:13.522 2262 2841 D ConnectivityService: ConnectivityService NetworkRequestInfo binderDied(NetworkRequest [ LISTEN id=107, [ Capabilities: INTERNET&NOT_RESTRICTED&TRUSTED&FOREGROUND Unwanted: Uid: 10116] ], android.os.BinderProxy@63911cc)
11-11 14:45:13.523 2262 2841 I WindowManager: WIN DEATH: Window{9f080d6 u0 com.apkpure.aegon/com.apkpure.aegon.main.activity.MainTabActivity}
11-11 14:45:13.523 2262 7851 D ConnectivityService: ConnectivityService NetworkRequestInfo binderDied(NetworkRequest [ TRACK_DEFAULT id=104, [ Capabilities: INTERNET&NOT_RESTRICTED&TRUSTED Unwanted: Uid: 10116] ], android.os.BinderProxy@980ec15)
11-11 14:45:13.523 2262 7851 D ConnectivityService: ConnectivityService NetworkRequestInfo binderDied(NetworkRequest [ LISTEN id=105, [ Capabilities: INTERNET&NOT_RESTRICTED&TRUSTED&FOREGROUND Unwanted: Uid: 10116] ], android.os.BinderProxy@1111b2a)
11-11 14:45:13.524 2262 2808 D ConnectivityService: releasing NetworkRequest [ TRACK_DEFAULT id=104, [ Capabilities: INTERNET&NOT_RESTRICTED&TRUSTED Unwanted: Uid: 10116] ] (release request)
11-11 14:45:13.536 2262 2314 W ActivityManager: setHasOverlayUi called on unknown pid: 24965
11-11 14:45:14.095 2262 2312 D AutofillManagerService: Close system dialogs
11-11 14:45:14.098 2262 2764 I ActivityManager: START u0 {act=android.intent.action.MAIN cat=[android.intent.category.HOME] flg=0x10200000 cmp=com.android.launcher3/.lineage.LineageLauncher (has extras)} from uid 1000
11-11 14:45:23.728 2262 7851 I ActivityManager: START u0 {act=android.intent.action.MAIN cat=[android.intent.category.LAUNCHER] flg=0x10200000 cmp=net.typeblog.shelter/.ui.MainActivity bnds=[845,700][1049,1005]} from uid 10035
11-11 14:45:23.783 2262 2303 I ActivityManager: Start proc 25402:net.typeblog.shelter/u0a107 for activity net.typeblog.shelter/.ui.MainActivity
11-11 14:45:23.947 2262 7851 I ActivityManager: START u0 {act=net.typeblog.shelter.action.TRY_START_SERVICE flg=0x10000 cmp=android/com.android.internal.app.ForwardIntentToManagedProfile (has extras)} from uid 10107
11-11 14:45:24.034 2262 2262 I ActivityManager: START u10 {act=net.typeblog.shelter.action.TRY_START_SERVICE flg=0x3810000 cmp=net.typeblog.shelter/.ui.DummyActivity (has extras) u=0} from uid 10107
11-11 14:45:24.072 2262 2303 I ActivityManager: Start proc 25426:net.typeblog.shelter/u10a107 for activity net.typeblog.shelter/.ui.DummyActivity
11-11 14:45:24.175 2262 7851 E DevicePolicyManager: setProfileEnabled is called when the profile is already enabled
11-11 14:45:24.222 2262 2841 I ActivityManager: START u0 {act=net.typeblog.shelter.action.START_SERVICE flg=0x10000 cmp=android/com.android.internal.app.ForwardIntentToManagedProfile (has extras)} from uid 10107
11-11 14:45:24.243 2262 2262 I ActivityManager: START u10 {act=net.typeblog.shelter.action.START_SERVICE flg=0x3810000 cmp=net.typeblog.shelter/.ui.DummyActivity (has extras) u=0} from uid 10107
11-11 14:45:24.278 2262 2841 E DevicePolicyManager: setProfileEnabled is called when the profile is already enabled
11-11 14:45:24.330 2262 2262 I NotificationService: Cannot find enqueued record for key: 0|android|17040825|null|1000
11-11 14:45:27.013 2262 2757 W ActivityManager: Background start not allowed: service Intent { flg=0x4 cmp=com.apkpure.aegon/.services.AppProtoBufUpdateService (has extras) } to com.apkpure.aegon/.services.AppProtoBufUpdateService from pid=-1 uid=10116 pkg=com.apkpure.aegon startFg?=false
11-11 14:45:27.039 2262 2303 I ActivityManager: Start proc 25496:com.apkpure.aegon/u0a116 for service com.apkpure.aegon/com.google.android.gms.measurement.AppMeasurementJobService
11-11 14:45:27.146 25496 25515 E ActivityThread: Failed to find provider info for com.google.android.gms.chimera
11-11 14:45:27.243 2262 3537 W ActivityManager: Unable to start service Intent { act=com.google.android.gms.ads.identifier.service.START pkg=com.google.android.gms } U=0: not found
11-11 14:45:27.318 2262 3537 W ActivityManager: Unable to start service Intent { act=com.google.android.gms.ads.identifier.service.START pkg=com.google.android.gms } U=0: not found
11-11 14:45:27.342 2262 7851 W ActivityManager: Unable to start service Intent { act=com.google.android.gms.ads.identifier.service.START pkg=com.google.android.gms } U=0: not found
11-11 14:45:27.435 2262 2303 I ActivityManager: Start proc 25569:com.android.webview:sandboxed_process0/u0i13 for webview_service com.apkpure.aegon/org.chromium.content.app.SandboxedProcessService0
11-11 14:45:27.560 2262 2262 W NotificationService: Toast already killed. pkg=android callback=android.widget.Toast$TN@dfe0c5b
11-11 14:45:27.579 2262 6120 D ConnectivityService: requestNetwork for uid/pid:10116/25496 NetworkRequest [ TRACK_DEFAULT id=109, [ Capabilities: INTERNET&NOT_RESTRICTED&TRUSTED Unwanted: Uid: 10116] ]
11-11 14:45:27.659 2262 3537 D ConnectivityService: requestNetwork for uid/pid:10116/25496 NetworkRequest [ TRACK_DEFAULT id=111, [ Capabilities: INTERNET&NOT_RESTRICTED&TRUSTED Unwanted: Uid: 10116] ]
11-11 14:45:27.676 2262 2808 D ConnectivityService: releasing NetworkRequest [ TRACK_DEFAULT id=109, [ Capabilities: INTERNET&NOT_RESTRICTED&TRUSTED Unwanted: Uid: 10116] ] (release request)
11-11 14:45:27.982 2262 7851 W ActivityManager: Unable to start service Intent { act=com.google.android.gms.ads.identifier.service.START pkg=com.google.android.gms } U=0: not found
11-11 14:45:27.983 2262 7851 W ActivityManager: Unable to start service Intent { act=com.google.android.gms.ads.identifier.service.START pkg=com.google.android.gms } U=0: not found
11-11 14:45:27.984 2262 2841 W ActivityManager: Unable to start service Intent { act=com.google.android.gms.ads.identifier.service.START pkg=com.google.android.gms } U=0: not found
11-11 14:45:31.068 2262 2262 W NotificationService: Toast already killed. pkg=android callback=android.widget.Toast$TN@4cfd635
11-11 14:45:35.567 2262 6120 I ActivityManager: START u10 {act=net.typeblog.shelter.action.INSTALL_PACKAGE flg=0x10000000 cmp=net.typeblog.shelter/.ui.DummyActivity (has extras)} from uid 1010107
11-11 14:45:35.624 2262 7851 E DevicePolicyManager: setProfileEnabled is called when the profile is already enabled
11-11 14:45:35.648 2262 6120 I ActivityManager: START u10 {act=android.intent.action.INSTALL_PACKAGE dat=file:///data/app/com.sophos.smsec-8dXhaf1mLHUguXFtdgmp6A==/base.apk flg=0x1 cmp=com.android.packageinstaller/.InstallStart (has extras)} from uid 1010107
11-11 14:45:35.699 2262 7851 I ActivityManager: START u10 {act=android.intent.action.INSTALL_PACKAGE dat=file:///data/app/com.sophos.smsec-8dXhaf1mLHUguXFtdgmp6A==/base.apk flg=0x2000000 cmp=com.android.packageinstaller/.InstallStaging (has extras)} from uid 1010023
11-11 14:45:35.864 2262 6532 I ActivityManager: START u10 {act=android.intent.action.INSTALL_PACKAGE dat=file:///data/user_de/10/com.android.packageinstaller/no_backup/package279155704183527630.apk flg=0x2010000 cmp=com.android.packageinstaller/.DeleteStagedFileOnResult (has extras)} from uid 1010023
11-11 14:45:35.887 2262 2841 I ActivityManager: START u10 {act=android.intent.action.INSTALL_PACKAGE dat=file:///data/user_de/10/com.android.packageinstaller/no_backup/package279155704183527630.apk flg=0x10000 cmp=com.android.packageinstaller/.PackageInstallerActivity (has extras)} from uid 1010023
11-11 14:45:36.705 2262 6352 I ActivityManager: START u10 {dat=file:///data/user_de/10/com.android.packageinstaller/no_backup/package279155704183527630.apk flg=0x2000000 cmp=com.android.packageinstaller/.InstallInstalling (has extras)} from uid 1010023
11-11 14:45:37.981 2262 2303 I ActivityManager: Start proc 25772:com.android.defcontainer/u0a13 for service com.android.defcontainer/.DefaultContainerService
11-11 14:45:38.258 2262 2301 I ActivityManager: Force stopping com.sophos.smsec appid=10122 user=-1: installPackageLI
11-11 14:45:38.259 2262 2301 I ActivityManager: Killing 24904:com.sophos.smsec/u0a122 (adj 500): stop com.sophos.smsec
11-11 14:45:38.261 2262 2301 W ActivityManager: Scheduling restart of crashed service com.sophos.smsec/.plugin.scanner.service.ScannerService in 4000ms
11-11 14:45:38.262 2262 2301 W ActivityManager: Scheduling restart of crashed service com.sophos.smsec/com.sophos.appprotectengine.service.AppProtectService in 44000ms
11-11 14:45:38.262 2262 2301 W ActivityManager: Scheduling restart of crashed service com.sophos.smsec/.plugin.scanner.quarantine.QuarantineFileObserverService in 83996ms
11-11 14:45:38.275 2262 2301 I ActivityManager: Force stopping service ServiceRecord{d3b1a2d u0 com.sophos.smsec/com.sophos.appprotectengine.service.AppProtectService}
11-11 14:45:38.275 2262 2301 I ActivityManager: Force stopping service ServiceRecord{8299988 u0 com.sophos.smsec/.plugin.scanner.quarantine.QuarantineFileObserverService}
11-11 14:45:38.275 2262 2301 I ActivityManager: Force stopping service ServiceRecord{fe38d35 u0 com.sophos.smsec/.plugin.scanner.service.ScannerService}
11-11 14:45:38.298 2262 6531 D ConnectivityService: ConnectivityService NetworkRequestInfo binderDied(NetworkRequest [ LISTEN id=101, [ Transports: WIFI Capabilities: INTERNET&NOT_RESTRICTED&TRUSTED&NOT_VPN&FOREGROUND Unwanted: Uid: 10122] ], android.os.BinderProxy@6066066)
11-11 14:45:38.332 2262 2402 I PackageManager: Update package com.sophos.smsec code path from /data/app/com.sophos.smsec-8dXhaf1mLHUguXFtdgmp6A== to /data/app/com.sophos.smsec-eFl8gv38Q3xFmfiElr504w==; Retain data and using new
11-11 14:45:38.332 2262 2402 I PackageManager: Update package com.sophos.smsec resource path from /data/app/com.sophos.smsec-8dXhaf1mLHUguXFtdgmp6A== to /data/app/com.sophos.smsec-eFl8gv38Q3xFmfiElr504w==; Retain data and using new
11-11 14:45:38.551 2262 2262 W WindowManager: removeWindowToken: Attempted to remove non-existing token: android.os.Binder@ea8b2c7
11-11 14:45:42.063 2262 2262 W WindowManager: removeWindowToken: Attempted to remove non-existing token: android.os.Binder@cd3dd8
11-11 14:45:42.736 2262 2402 D PackageManager: Instant App installer not found with android.intent.action.INSTALL_INSTANT_APP_PACKAGE
11-11 14:45:42.736 2262 2402 D PackageManager: Clear ephemeral installer activity
11-11 14:45:42.972 2262 2402 I ActivityManager: Force stopping com.sophos.smsec appid=10122 user=0: pkg removed
11-11 14:45:43.000 2262 2301 W BroadcastQueue: Background execution not allowed: receiving Intent { act=android.intent.action.PACKAGE_REMOVED dat=package:com.sophos.smsec flg=0x4000010 (has extras) } to com.apkpure.aegon/.app.event.SystemPackageEvent$Receiver
11-11 14:45:43.008 2262 2402 I ActivityManager: Force stopping com.sophos.smsec appid=10122 user=0: pkg removed
11-11 14:45:43.030 2262 2301 W BroadcastQueue: Background execution not allowed: receiving Intent { act=android.intent.action.PACKAGE_REMOVED dat=package:com.sophos.smsec flg=0x4000010 (has extras) } to org.lineageos.audiofx/.Compatibility$Receiver
11-11 14:45:43.037 2262 6532 I ActivityManager: START u10 {dat=file:///data/user_de/10/com.android.packageinstaller/no_backup/package279155704183527630.apk flg=0x2000000 cmp=com.android.packageinstaller/.InstallSuccess (has extras)} from uid 1010023
11-11 14:45:43.057 2262 3441 W BroadcastQueue: Background execution not allowed: receiving Intent { act=android.intent.action.PACKAGE_ADDED dat=package:com.sophos.smsec flg=0x4000010 (has extras) } to com.apkpure.aegon/.app.event.SystemPackageEvent$Receiver
11-11 14:45:43.060 2262 2303 I ActivityManager: Start proc 25805:com.android.keychain/1000 for service com.android.keychain/.KeyChainService
11-11 14:45:43.066 2262 2301 W BroadcastQueue: Background execution not allowed: receiving Intent { act=android.intent.action.PACKAGE_ADDED dat=package:com.sophos.smsec flg=0x4000010 (has extras) } to org.lineageos.audiofx/.Compatibility$Receiver
11-11 14:45:43.067 2262 2301 W BroadcastQueue: Background execution not allowed: receiving Intent { act=android.intent.action.PACKAGE_ADDED dat=package:com.sophos.smsec flg=0x4000010 (has extras) } to com.apkpure.aegon/com.zcoup.base.tp.UtilityReceiver
11-11 14:45:43.087 2262 6120 W BroadcastQueue: Background execution not allowed: receiving Intent { act=android.intent.action.PACKAGE_REPLACED dat=package:com.sophos.smsec flg=0x4000010 (has extras) } to com.apkpure.aegon/.app.event.SystemPackageEvent$Receiver
11-11 14:45:43.089 2262 2301 W BroadcastQueue: Background execution not allowed: receiving Intent { act=android.intent.action.PACKAGE_REPLACED dat=package:com.sophos.smsec flg=0x4000010 (has extras) } to org.lineageos.audiofx/.Compatibility$Receiver
11-11 14:45:43.090 2262 2302 D AutofillUI: destroySaveUiUiThread(): already destroyed
11-11 14:45:43.090 2262 2300 D AutofillManagerServiceImpl: Reset component for user 10 ()
11-11 14:45:43.090 2262 2300 D FieldClassificationStrategy: reset(): service is not bound. Do nothing.
11-11 14:45:43.093 2262 2300 W VoiceInteractionManagerService: no available voice recognition services found for user 10
11-11 14:45:43.097 2262 2262 I Telecom : DefaultDialerCache: Refreshing default dialer for user 0: now com.android.dialer: DDC.oR@BSc
11-11 14:45:43.110 2262 2262 I Telecom : DefaultDialerCache: Refreshing default dialer for user 10: now null: DDC.oR@BSc
11-11 14:45:43.122 2262 2303 I ActivityManager: Start proc 25816:com.sophos.smsec/u0a122 for broadcast com.sophos.smsec/.SmSecSystemBroadcastReceiver
11-11 14:45:43.155 2262 2262 I Telecom : DefaultDialerCache: Refreshing default dialer for user 0: now com.android.dialer: DDC.oR@BSg
11-11 14:45:43.159 2262 2262 I Telecom : DefaultDialerCache: Refreshing default dialer for user 10: now null: DDC.oR@BSg
11-11 14:45:43.294 2262 2302 D AutofillUI: destroySaveUiUiThread(): already destroyed
11-11 14:45:43.294 2262 2300 D AutofillManagerServiceImpl: Reset component for user 0 ()
11-11 14:45:43.294 2262 2300 D FieldClassificationStrategy: reset(): service is not bound. Do nothing.
11-11 14:45:43.295 2262 2300 W VoiceInteractionManagerService: no available voice recognition services found for user 0
11-11 14:45:44.654 2262 2312 D AutofillManagerService: Close system dialogs
11-11 14:45:44.665 2262 2756 I ActivityManager: START u0 {act=android.intent.action.MAIN cat=[android.intent.category.HOME] flg=0x10000000 cmp=com.android.launcher3/.lineage.LineageLauncher (has extras)} from uid 10035
11-11 14:45:44.699 2262 2756 W ActivityManager: Unable to start service Intent { act=com.android.launcher3.WINDOW_OVERLAY dat=app://com.android.launcher3:10035?v=7&cv=9 pkg=com.google.android.googlequicksearchbox } U=0: not found
11-11 14:45:45.229 2262 3441 W NotificationService: Toast already killed. pkg=net.typeblog.shelter callback=android.app.ITransientNotification$Stub$Proxy@ea2db82
11-11 14:45:45.802 2262 3263 I ActivityManager: Process net.typeblog.shelter (pid 25426) has died: cch CEM
11-11 14:45:45.808 2262 2314 W ActivityManager: setHasOverlayUi called on unknown pid: 25426
11-11 14:45:45.811 2262 7851 I ActivityManager: Killing 25402:net.typeblog.shelter/u0a107 (adj 0): remove task
11-11 14:45:45.831 2262 2312 D AutofillManagerService: Close system dialogs
11-11 14:45:45.835 2262 2764 I ActivityManager: START u0 {act=android.intent.action.MAIN cat=[android.intent.category.HOME] flg=0x10200000 cmp=com.android.launcher3/.lineage.LineageLauncher (has extras)} from uid 1000
11-11 14:45:45.878 2262 2314 W ActivityManager: setHasOverlayUi called on unknown pid: 25402
11-11 14:45:46.732 2262 2314 W WindowManager: Unable to start animation, surface is null or no children.
11-11 14:45:47.876 2262 6250 I ActivityManager: START u10 {act=android.intent.action.MAIN cat=[android.intent.category.LAUNCHER] flg=0x10200000 cmp=com.sophos.smsec/.ui.DroidGuardMainActivity bnds=[438,384][642,689]} from uid 10035
11-11 14:45:47.926 2262 2303 I ActivityManager: Start proc 25931:com.sophos.smsec/u10a122 for activity com.sophos.smsec/.ui.DroidGuardMainActivity
11-11 14:45:47.968 2262 3263 W ActivityManager: Request to remove task ignored for non-existent task 1000054
11-11 14:45:49.640 2262 6250 W ActivityManager: Unable to start service Intent { act=com.google.android.gms.analytics.service.START cmp=com.google.android.gms/.analytics.service.AnalyticsService (has extras) } U=10: not found
11-11 14:45:49.679 2262 6250 D PackageManager: Instant App installer not found with android.intent.action.INSTALL_INSTANT_APP_PACKAGE
11-11 14:45:49.679 2262 6250 D PackageManager: Clear ephemeral installer activity
11-11 14:45:49.708 2262 6250 I ActivityManager: START u10 {flg=0x10000000 cmp=com.sophos.smsec/.ui.SMSecWelcomeActivity (has extras)} from uid 1010122
11-11 14:45:49.728 2262 6250 D PackageManager: Instant App installer not found with android.intent.action.INSTALL_INSTANT_APP_PACKAGE
11-11 14:45:49.728 2262 6250 D PackageManager: Clear ephemeral installer activity
11-11 14:45:50.405 2262 2737 W WindowManager: Failed looking up window callers=com.android.server.wm.WindowManagerService.windowForClientLocked:5525 com.android.server.wm.WindowManagerService.removeWindow:1641 com.android.server.wm.Session.remove:226
11-11 14:45:50.638 2262 6594 D PackageManager: Instant App installer not found with android.intent.action.INSTALL_INSTANT_APP_PACKAGE
11-11 14:45:50.638 2262 6594 D PackageManager: Clear ephemeral installer activity
11-11 14:45:50.771 2262 6594 I ActivityManager: START u10 {flg=0x10000000 cmp=com.sophos.smsec/.ui.SMSecWelcomeActivity (has extras)} from uid 1010122
11-11 14:45:53.459 2262 6250 D PackageManager: Instant App installer not found with android.intent.action.INSTALL_INSTANT_APP_PACKAGE
11-11 14:45:53.459 2262 6250 D PackageManager: Clear ephemeral installer activity
11-11 14:45:56.224 2262 2262 W WindowManager: removeWindowToken: Attempted to remove non-existing token: android.os.Binder@8de66dc
11-11 14:45:56.527 2262 2302 D AutofillManagerService: onBackKeyPressed()
11-11 14:45:56.532 2262 2841 I ActivityManager: START u10 {act=android.intent.action.MAIN cat=[android.intent.category.HOME] cmp=android/com.android.internal.app.ForwardIntentToParent} from uid 1010122
11-11 14:45:57.754 2262 2302 D AutofillManagerService: onBackKeyPressed()
11-11 14:45:57.759 2262 2841 I ActivityManager: START u10 {act=android.intent.action.MAIN cat=[android.intent.category.HOME] cmp=android/com.android.internal.app.ForwardIntentToParent} from uid 1010122
11-11 14:45:58.189 2262 2312 D AutofillManagerService: Close system dialogs
11-11 14:45:58.198 2262 6250 I ActivityManager: START u0 {act=android.intent.action.MAIN cat=[android.intent.category.HOME] flg=0x10000000 cmp=com.android.launcher3/.lineage.LineageLauncher (has extras)} from uid 10035
11-11 14:45:58.245 2262 2841 W ActivityManager: Unable to start service Intent { act=com.android.launcher3.WINDOW_OVERLAY dat=app://com.android.launcher3:10035?v=7&cv=9 pkg=com.google.android.googlequicksearchbox } U=0: not found
11-11 14:45:59.376 2262 6122 I ActivityManager: START u10 {flg=0x10000000 cmp=com.sophos.smsec/.ui.SMSecWelcomeActivity (has extras)} from uid 1010122
11-11 14:45:59.734 2262 2262 I Telecom : DefaultDialerCache: Refreshing default dialer for user 0: now com.android.dialer: DDC.oR@BS0
11-11 14:45:59.736 2262 2262 I Telecom : DefaultDialerCache: Refreshing default dialer for user 10: now null: DDC.oR@BS0
11-11 14:45:59.824 2262 2301 I ActivityManager: Waited long enough for: ServiceRecord{f1e8507 u0 com.sophos.smsec/com.sophos.appprotectengine.service.AppProtectService}
11-11 14:46:03.932 2262 6122 I ActivityManager: START u10 {act=android.content.pm.action.REQUEST_PERMISSIONS pkg=com.android.packageinstaller cmp=com.android.packageinstaller/.permission.ui.GrantPermissionsActivity (has extras)} from uid 1010122
11-11 14:46:04.763 457 469 D vold : Remounting 1010122 as mode read
11-11 14:46:04.780 457 469 D vold : Found matching PID 25931
11-11 14:46:04.785 457 469 D vold : Remounting 1010122 as mode write
11-11 14:46:04.799 457 469 D vold : Found matching PID 25931
11-11 14:46:09.549 2262 3263 I ActivityManager: START u10 {act=android.settings.USAGE_ACCESS_SETTINGS cmp=com.android.settings/.Settings$UsageAccessSettingsActivity} from uid 1010122
11-11 14:46:09.609 2262 2303 I ActivityManager: Start proc 26116:com.android.settings/u10s1000 for activity com.android.settings/.Settings$UsageAccessSettingsActivity
11-11 14:46:13.386 2262 6250 I ActivityManager: START u10 {act=android.intent.action.MAIN cmp=com.android.settings/.SubSettings (has extras)} from uid 1001000
11-11 14:46:18.396 2262 3263 I ActivityManager: START u0 {act=android.intent.action.MAIN cmp=com.android.settings/.SubSettings (has extras)} from uid 1001000
11-11 14:46:39.293 2262 8104 I ActivityManager: START u10 {act=android.intent.action.VIEW flg=0x800000 cmp=com.sophos.smsec/.ui.SettingsActivity (has extras)} from uid 1010122
11-11 14:46:42.941 2262 8104 I ActivityManager: START u10 {cmp=com.sophos.smsec/.plugin.securityadvisor.SecurityAdvisorActivity} from uid 1010122
11-11 14:46:48.352 2262 6250 I ActivityManager: START u10 {cmp=com.sophos.smsec/.plugin.securityadvisor.SaItemDetailFragment (has extras)} from uid 1010122
11-11 14:46:49.309 2262 2302 D AutofillManagerService: onBackKeyPressed()
11-11 14:46:57.426 2262 3263 I ActivityManager: START u10 {cmp=com.sophos.smsec/.ui.NetworkSecurityActivity} from uid 1010122
11-11 14:47:03.514 25931 26041 W PackageParser: Ignoring duplicate uses-permissions/uses-permissions-sdk-m: android.permission.READ_CONTACTS in package: com.android.bluetooth at: Binary XML file line #61
11-11 14:47:03.516 25931 26041 W PackageParser: No actions in intent filter at /system/app/Bluetooth/Bluetooth.apk Binary XML file line #227
11-11 14:47:03.525 25931 26041 W PackageParser: Ignoring duplicate uses-permissions/uses-permissions-sdk-m: android.permission.READ_CONTACTS in package: com.android.bluetooth at: Binary XML file line #61
11-11 14:47:03.526 25931 26041 W PackageParser: No actions in intent filter at /system/app/Bluetooth/Bluetooth.apk Binary XML file line #227
11-11 14:47:04.328 25931 26009 W PackageParser: Ignoring duplicate uses-permissions/uses-permissions-sdk-m: android.permission.CONFIGURE_WIFI_DISPLAY in package: com.android.systemui at: Binary XML file line #134
11-11 14:47:04.343 25931 26009 W PackageParser: Ignoring duplicate uses-permissions/uses-permissions-sdk-m: android.permission.CONFIGURE_WIFI_DISPLAY in package: com.android.systemui at: Binary XML file line #134
11-11 14:47:05.361 25931 26009 W PackageParser: Ignoring duplicate uses-permissions/uses-permissions-sdk-m: android.permission.INSTALL_GRANT_RUNTIME_PERMISSIONS in package: com.android.shell at: Binary XML file line #111
11-11 14:47:05.374 25931 26009 W PackageParser: Ignoring duplicate uses-permissions/uses-permissions-sdk-m: android.permission.INSTALL_GRANT_RUNTIME_PERMISSIONS in package: com.android.shell at: Binary XML file line #111
11-11 14:47:05.533 2262 2756 I ActivityManager: START u10 {cmp=com.sophos.smsec/.ui.AlertsActivity} from uid 1010122
11-11 14:47:08.116 25931 26008 W PackageParser: No actions in intent filter at /system/app/CarrierDefaultApp/CarrierDefaultApp.apk Binary XML file line #54
11-11 14:47:08.128 25931 26008 W PackageParser: No actions in intent filter at /system/app/CarrierDefaultApp/CarrierDefaultApp.apk Binary XML file line #54
11-11 14:47:08.772 2262 6251 W ActivityManager: Duplicate finish request for ActivityRecord{7e75230 u10 com.sophos.smsec/.ui.AlertsActivity t1000055 f}
11-11 14:47:12.804 25931 26008 W PackageParser: Ignoring duplicate uses-permissions/uses-permissions-sdk-m: android.permission.READ_EXTERNAL_STORAGE in package: com.android.launcher3 at: Binary XML file line #82
11-11 14:47:12.815 25931 26008 W PackageParser: Ignoring duplicate uses-permissions/uses-permissions-sdk-m: android.permission.READ_EXTERNAL_STORAGE in package: com.android.launcher3 at: Binary XML file line #82
11-11 14:47:13.682 25931 26009 W PackageParser: No actions in intent filter at /system/priv-app/Contacts/Contacts.apk Binary XML file line #444
11-11 14:47:13.693 25931 26009 W PackageParser: No actions in intent filter at /system/priv-app/Contacts/Contacts.apk Binary XML file line #444
11-11 14:47:19.322 2262 2756 I ActivityManager: START u10 {act=android.intent.action.VIEW flg=0x800000 cmp=com.sophos.smsec/.ui.SettingsActivity (has extras)} from uid 1010122
11-11 14:47:27.154 2262 2756 I ActivityManager: START u10 {cmp=com.sophos.smsec/.ui.AlertsActivity} from uid 1010122
11-11 14:47:32.166 2262 2756 I ActivityManager: START u10 {cmp=com.sophos.smsec/.plugin.securityadvisor.SecurityAdvisorActivity} from uid 1010122
11-11 14:47:40.013 2262 2756 I ActivityManager: START u10 {act=android.intent.action.VIEW flg=0x800000 cmp=com.sophos.smsec/.plugin.appprotection.gui.AppProtectionSettingsActivity (has extras)} from uid 1010122
11-11 14:48:18.726 2262 2312 D AutofillManagerService: Close system dialogs
11-11 14:48:18.734 2262 5432 I ActivityManager: START u0 {act=android.intent.action.MAIN cat=[android.intent.category.HOME] flg=0x10000000 cmp=com.android.launcher3/.lineage.LineageLauncher (has extras)} from uid 10035
11-11 14:48:18.772 2262 2756 W ActivityManager: Unable to start service Intent { act=com.android.launcher3.WINDOW_OVERLAY dat=app://com.android.launcher3:10035?v=7&cv=9 pkg=com.google.android.googlequicksearchbox } U=0: not found
11-11 14:48:19.522 2262 2287 I ActivityManager: Killing 25931:com.sophos.smsec/u10a122 (adj 1001): remove task
11-11 14:48:19.590 2262 3038 D ConnectivityService: ConnectivityService NetworkRequestInfo binderDied(NetworkRequest [ LISTEN id=114, [ Transports: WIFI Capabilities: INTERNET&NOT_RESTRICTED&TRUSTED&NOT_VPN&FOREGROUND Unwanted: Uid: 1010122] ], android.os.BinderProxy@bc49ccb)
11-11 14:48:19.592 2262 6532 W ActivityManager: Scheduling restart of crashed service com.sophos.smsec/.plugin.scanner.quarantine.QuarantineFileObserverService in 1000ms
11-11 14:48:19.592 2262 6532 W ActivityManager: Scheduling restart of crashed service com.sophos.smsec/com.sophos.appprotectengine.service.AppProtectService in 10999ms
11-11 14:48:19.592 2262 6532 W ActivityManager: Scheduling restart of crashed service com.sophos.smsec/.plugin.scanner.service.ScannerService in 20999ms
11-11 14:48:19.598 2262 2314 W ActivityManager: setHasOverlayUi called on unknown pid: 25931
11-11 14:48:19.776 2262 2312 D AutofillManagerService: Close system dialogs
