11-11 12:12:01.975 8312 8312 E ActivityThread: at android.os.Looper.loop(Looper.java:193)
11-11 12:12:01.975 8312 8312 E ActivityThread: at android.app.ActivityThread.main(ActivityThread.java:6718)
11-11 12:12:01.975 8312 8312 E ActivityThread: at java.lang.reflect.Method.invoke(Native Method)
11-11 12:12:01.975 8312 8312 E ActivityThread: at com.android.internal.os.RuntimeInit$MethodAndArgsCaller.run(RuntimeInit.java:493)
11-11 12:12:01.975 8312 8312 E ActivityThread: at com.android.internal.os.ZygoteInit.main(ZygoteInit.java:858)
11-11 12:12:01.983 2262 6121 I chatty : uid=1000(system) Binder:2262_13 expire 4 lines
11-11 12:12:02.862 2262 3263 I chatty : uid=1000(system) Binder:2262_7 expire 7 lines
11-11 12:12:02.931 2262 3038 I chatty : uid=1000(system) Binder:2262_6 expire 3 lines
11-11 12:12:26.940 2262 2262 I chatty : uid=1000 system_server expire 20 lines
11-11 12:13:04.649 2262 2765 I chatty : uid=1000(system) InputReader expire 4 lines
11-11 12:13:04.651 2262 2317 I chatty : uid=1000(system) PowerManagerSer expire 10 lines
11-11 12:13:05.491 2262 2841 I chatty : uid=1000(system) Binder:2262_4 expire 4 lines
11-11 12:13:14.440 3044 3044 I Telephony: PstnIncomingCallNotifier: Unregistering: Handler (com.qualcomm.qti.internal.telephony.QtiGsmCdmaPhone) {827e166}
11-11 12:13:14.440 3044 3044 I Telephony: PstnIncomingCallNotifier: Unregistering: Handler (com.qualcomm.qti.internal.telephony.QtiGsmCdmaPhone) {a8c3ca7}
11-11 12:13:14.466 3044 3044 I Telephony: AccountEntry: Registered phoneAccount: [[ ] PhoneAccount: ComponentInfo{com.android.phone/com.android.services.telephony.TelephonyConnectionService}, ***, UserHandle{0} Capabilities: SuppVideo CallProvider MultiUser PlaceEmerg SimSub Audio Routes: BESW Schemes: tel voicemail Extras: Bundle[{android.telecom.extra.SUPPORTS_VIDEO_CALLING_FALLBACK=true, android.telecom.extra.SORT_ORDER=0}] GroupId: ***] with handle: ComponentInfo{com.android.phone/com.android.services.telephony.TelephonyConnectionService}, ***, UserHandle{0}
11-11 12:13:14.467 3044 3044 I Telephony: PstnIncomingCallNotifier: Registering: Handler (com.qualcomm.qti.internal.telephony.QtiGsmCdmaPhone) {827e166}
11-11 12:13:14.492 3044 3044 I Telephony: AccountEntry: Registered phoneAccount: [[ ] PhoneAccount: ComponentInfo{com.android.phone/com.android.services.telephony.TelephonyConnectionService}, ***, UserHandle{0} Capabilities: SuppVideo CallProvider MultiUser PlaceEmerg SimSub Audio Routes: BESW Schemes: tel voicemail Extras: Bundle[{android.telecom.extra.SUPPORTS_VIDEO_CALLING_FALLBACK=true, android.telecom.extra.SORT_ORDER=1}] GroupId: ***] with handle: ComponentInfo{com.android.phone/com.android.services.telephony.TelephonyConnectionService}, ***, UserHandle{0}
11-11 12:13:14.492 3044 3044 I Telephony: PstnIncomingCallNotifier: Registering: Handler (com.qualcomm.qti.internal.telephony.QtiGsmCdmaPhone) {a8c3ca7}
11-11 12:13:14.638 3044 3044 I Telephony: PstnPhoneCapabilitiesNotifier: handleVideoCapabilitesChanged. Video capability - false
11-11 12:13:14.672 3044 3044 I Telephony: PstnPhoneCapabilitiesNotifier: handleVideoCapabilitesChanged. Video capability - false
11-11 12:14:05.211 2262 8104 I chatty : uid=1000(system) Binder:2262_20 expire 4 lines
11-11 12:16:55.869 2262 6120 I chatty : uid=1000(system) Binder:2262_12 expire 1 line
11-11 12:20:04.166 2262 2300 I chatty : uid=1000(system) android.bg expire 9 lines
11-11 12:24:38.608 2262 2286 I chatty : uid=1000(system) Binder:2262_1 expire 4 lines
11-11 12:24:38.901 2262 2850 I chatty : uid=1000(system) Binder:2262_5 expire 2 lines
11-11 12:44:22.580 1958 1958 I wificond: Received external scan result notification from kernel.
11-11 13:23:33.199 2262 6531 I chatty : uid=1000(system) Binder:2262_1B expire 2 lines
11-11 13:30:03.046 3044 3044 I Telephony: PstnIncomingCallNotifier: Unregistering: Handler (com.qualcomm.qti.internal.telephony.QtiGsmCdmaPhone) {827e166}
11-11 13:30:03.046 3044 3044 I Telephony: PstnIncomingCallNotifier: Unregistering: Handler (com.qualcomm.qti.internal.telephony.QtiGsmCdmaPhone) {a8c3ca7}
11-11 13:30:03.061 3044 3044 I Telephony: AccountEntry: Registered phoneAccount: [[ ] PhoneAccount: ComponentInfo{com.android.phone/com.android.services.telephony.TelephonyConnectionService}, ***, UserHandle{0} Capabilities: SuppVideo CallProvider MultiUser PlaceEmerg SimSub Audio Routes: BESW Schemes: tel voicemail Extras: Bundle[{android.telecom.extra.SUPPORTS_VIDEO_CALLING_FALLBACK=true, android.telecom.extra.SORT_ORDER=0}] GroupId: ***] with handle: ComponentInfo{com.android.phone/com.android.services.telephony.TelephonyConnectionService}, ***, UserHandle{0}
11-11 13:30:03.061 3044 3044 I Telephony: PstnIncomingCallNotifier: Registering: Handler (com.qualcomm.qti.internal.telephony.QtiGsmCdmaPhone) {827e166}
11-11 13:30:03.083 3044 3044 I Telephony: AccountEntry: Registered phoneAccount: [[ ] PhoneAccount: ComponentInfo{com.android.phone/com.android.services.telephony.TelephonyConnectionService}, ***, UserHandle{0} Capabilities: SuppVideo CallProvider MultiUser PlaceEmerg SimSub Audio Routes: BESW Schemes: tel voicemail Extras: Bundle[{android.telecom.extra.SUPPORTS_VIDEO_CALLING_FALLBACK=true, android.telecom.extra.SORT_ORDER=1}] GroupId: ***] with handle: ComponentInfo{com.android.phone/com.android.services.telephony.TelephonyConnectionService}, ***, UserHandle{0}
11-11 13:30:03.083 3044 3044 I Telephony: PstnIncomingCallNotifier: Registering: Handler (com.qualcomm.qti.internal.telephony.QtiGsmCdmaPhone) {a8c3ca7}
11-11 13:30:03.207 3044 3044 I Telephony: PstnPhoneCapabilitiesNotifier: handleVideoCapabilitesChanged. Video capability - false
11-11 13:30:03.245 2262 6352 I chatty : uid=1000(system) Binder:2262_1A expire 2 lines
11-11 13:30:03.263 3044 3044 I Telephony: PstnPhoneCapabilitiesNotifier: handleVideoCapabilitesChanged. Video capability - false
11-11 13:42:42.557 2262 2262 I chatty : uid=1000 system_server expire 11 lines
11-11 13:42:42.559 2262 2317 I chatty : uid=1000(system) PowerManagerSer expire 3 lines
11-11 13:42:43.260 2262 2306 I chatty : uid=1000(system) batterystats-wo expire 3 lines
11-11 13:42:44.271 2262 5202 I chatty : uid=1000(system) Binder:2262_F expire 6 lines
11-11 13:42:46.943 2262 2764 I chatty : uid=1000(system) InputDispatcher expire 1 line
11-11 13:42:46.989 2262 6122 I chatty : uid=1000(system) Binder:2262_14 expire 1 line
11-11 13:43:22.617 13484 13484 I ActivityThread: Removing dead content provider:android.content.ContentProviderProxy@2948a94
11-11 13:43:22.633 2262 2303 I chatty : uid=1000(system) ActivityManager expire 2 lines
11-11 13:43:22.737 13484 13484 I ActivityThread: Removing dead content provider:android.content.ContentProviderProxy@df0493d
11-11 13:43:23.505 3044 3044 I Telephony: PstnIncomingCallNotifier: Unregistering: Handler (com.qualcomm.qti.internal.telephony.QtiGsmCdmaPhone) {827e166}
11-11 13:43:23.505 3044 3044 I Telephony: PstnIncomingCallNotifier: Unregistering: Handler (com.qualcomm.qti.internal.telephony.QtiGsmCdmaPhone) {a8c3ca7}
11-11 13:43:23.523 3044 3044 I Telephony: AccountEntry: Registered phoneAccount: [[ ] PhoneAccount: ComponentInfo{com.android.phone/com.android.services.telephony.TelephonyConnectionService}, ***, UserHandle{0} Capabilities: SuppVideo CallProvider MultiUser PlaceEmerg SimSub Audio Routes: BESW Schemes: tel voicemail Extras: Bundle[{android.telecom.extra.SUPPORTS_VIDEO_CALLING_FALLBACK=true, android.telecom.extra.SORT_ORDER=0}] GroupId: ***] with handle: ComponentInfo{com.android.phone/com.android.services.telephony.TelephonyConnectionService}, ***, UserHandle{0}
11-11 13:43:23.523 3044 3044 I Telephony: PstnIncomingCallNotifier: Registering: Handler (com.qualcomm.qti.internal.telephony.QtiGsmCdmaPhone) {827e166}
11-11 13:43:23.540 3044 3044 I Telephony: AccountEntry: Registered phoneAccount: [[ ] PhoneAccount: ComponentInfo{com.android.phone/com.android.services.telephony.TelephonyConnectionService}, ***, UserHandle{0} Capabilities: SuppVideo CallProvider MultiUser PlaceEmerg SimSub Audio Routes: BESW Schemes: tel voicemail Extras: Bundle[{android.telecom.extra.SUPPORTS_VIDEO_CALLING_FALLBACK=true, android.telecom.extra.SORT_ORDER=1}] GroupId: ***] with handle: ComponentInfo{com.android.phone/com.android.services.telephony.TelephonyConnectionService}, ***, UserHandle{0}
11-11 13:43:23.540 3044 3044 I Telephony: PstnIncomingCallNotifier: Registering: Handler (com.qualcomm.qti.internal.telephony.QtiGsmCdmaPhone) {a8c3ca7}
11-11 13:43:23.577 3044 3044 I Telephony: PstnPhoneCapabilitiesNotifier: handleVideoCapabilitesChanged. Video capability - false
11-11 13:43:23.600 3044 3044 I Telephony: PstnPhoneCapabilitiesNotifier: handleVideoCapabilitesChanged. Video capability - false
11-11 13:43:23.694 3044 3044 I Telephony: PstnIncomingCallNotifier: Unregistering: Handler (com.qualcomm.qti.internal.telephony.QtiGsmCdmaPhone) {827e166}
11-11 13:43:23.694 3044 3044 I Telephony: PstnIncomingCallNotifier: Unregistering: Handler (com.qualcomm.qti.internal.telephony.QtiGsmCdmaPhone) {a8c3ca7}
11-11 13:43:23.711 3044 3044 I Telephony: AccountEntry: Registered phoneAccount: [[ ] PhoneAccount: ComponentInfo{com.android.phone/com.android.services.telephony.TelephonyConnectionService}, ***, UserHandle{0} Capabilities: SuppVideo CallProvider MultiUser PlaceEmerg SimSub Audio Routes: BESW Schemes: tel voicemail Extras: Bundle[{android.telecom.extra.SUPPORTS_VIDEO_CALLING_FALLBACK=true, android.telecom.extra.SORT_ORDER=0}] GroupId: ***] with handle: ComponentInfo{com.android.phone/com.android.services.telephony.TelephonyConnectionService}, ***, UserHandle{0}
11-11 13:43:23.711 3044 3044 I Telephony: PstnIncomingCallNotifier: Registering: Handler (com.qualcomm.qti.internal.telephony.QtiGsmCdmaPhone) {827e166}
11-11 13:43:23.737 3044 3044 I Telephony: AccountEntry: Registered phoneAccount: [[ ] PhoneAccount: ComponentInfo{com.android.phone/com.android.services.telephony.TelephonyConnectionService}, ***, UserHandle{0} Capabilities: SuppVideo CallProvider MultiUser PlaceEmerg SimSub Audio Routes: BESW Schemes: tel voicemail Extras: Bundle[{android.telecom.extra.SUPPORTS_VIDEO_CALLING_FALLBACK=true, android.telecom.extra.SORT_ORDER=1}] GroupId: ***] with handle: ComponentInfo{com.android.phone/com.android.services.telephony.TelephonyConnectionService}, ***, UserHandle{0}
11-11 13:43:23.737 3044 3044 I Telephony: PstnIncomingCallNotifier: Registering: Handler (com.qualcomm.qti.internal.telephony.QtiGsmCdmaPhone) {a8c3ca7}
11-11 13:43:23.868 3044 3044 I Telephony: PstnPhoneCapabilitiesNotifier: handleVideoCapabilitesChanged. Video capability - false
11-11 13:43:23.898 3044 3044 I Telephony: PstnPhoneCapabilitiesNotifier: handleVideoCapabilitesChanged. Video capability - false
11-11 13:43:27.068 2262 2262 I chatty : uid=1000 system_server expire 27 lines
11-11 13:44:00.075 2262 2314 I chatty : uid=1000(system) android.display expire 10 lines
11-11 13:44:29.253 2262 2802 I chatty : uid=1000(system) NetworkPolicy expire 1 line
11-11 13:44:29.366 3044 3044 I Telephony: PstnIncomingCallNotifier: Unregistering: Handler (com.qualcomm.qti.internal.telephony.QtiGsmCdmaPhone) {827e166}
11-11 13:44:29.366 3044 3044 I Telephony: PstnIncomingCallNotifier: Unregistering: Handler (com.qualcomm.qti.internal.telephony.QtiGsmCdmaPhone) {a8c3ca7}
11-11 13:44:29.449 2262 5903 I chatty : uid=1000(system) Binder:2262_11 expire 2 lines
11-11 13:44:29.454 3044 3044 I Telephony: AccountEntry: Registered phoneAccount: [[ ] PhoneAccount: ComponentInfo{com.android.phone/com.android.services.telephony.TelephonyConnectionService}, ***, UserHandle{0} Capabilities: SuppVideo CallProvider MultiUser PlaceEmerg SimSub Audio Routes: BESW Schemes: tel voicemail Extras: Bundle[{android.telecom.extra.SUPPORTS_VIDEO_CALLING_FALLBACK=true, android.telecom.extra.SORT_ORDER=0}] GroupId: ***] with handle: ComponentInfo{com.android.phone/com.android.services.telephony.TelephonyConnectionService}, ***, UserHandle{0}
11-11 13:44:29.454 3044 3044 I Telephony: PstnIncomingCallNotifier: Registering: Handler (com.qualcomm.qti.internal.telephony.QtiGsmCdmaPhone) {827e166}
11-11 13:44:29.483 2262 2756 I chatty : uid=1000(system) Binder:2262_3 expire 2 lines
11-11 13:44:29.488 3044 3044 I Telephony: AccountEntry: Registered phoneAccount: [[ ] PhoneAccount: ComponentInfo{com.android.phone/com.android.services.telephony.TelephonyConnectionService}, ***, UserHandle{0} Capabilities: SuppVideo CallProvider MultiUser PlaceEmerg SimSub Audio Routes: BESW Schemes: tel voicemail Extras: Bundle[{android.telecom.extra.SUPPORTS_VIDEO_CALLING_FALLBACK=true, android.telecom.extra.SORT_ORDER=1}] GroupId: ***] with handle: ComponentInfo{com.android.phone/com.android.services.telephony.TelephonyConnectionService}, ***, UserHandle{0}
11-11 13:44:29.488 3044 3044 I Telephony: PstnIncomingCallNotifier: Registering: Handler (com.qualcomm.qti.internal.telephony.QtiGsmCdmaPhone) {a8c3ca7}
11-11 13:44:29.584 3044 3044 I Telephony: PstnPhoneCapabilitiesNotifier: handleVideoCapabilitesChanged. Video capability - false
11-11 13:44:29.609 3044 3044 I Telephony: PstnPhoneCapabilitiesNotifier: handleVideoCapabilitesChanged. Video capability - false
11-11 13:47:38.097 2262 2302 I chatty : uid=1000(system) android.ui expire 2 lines
11-11 13:47:40.331 2262 2765 I chatty : uid=1000(system) InputReader expire 6 lines
11-11 13:47:40.336 2262 2317 I chatty : uid=1000(system) PowerManagerSer expire 10 lines
11-11 13:47:41.166 2262 3535 I chatty : uid=1000(system) Binder:2262_9 expire 5 lines
11-11 13:48:21.694 2262 6252 I chatty : uid=1000(system) Binder:2262_19 expire 6 lines
11-11 13:48:21.714 2262 2301 I chatty : uid=1000(system) ActivityManager expire 5 lines
11-11 13:48:22.930 2262 5202 I chatty : uid=1000(system) Binder:2262_F expire 1 line
11-11 13:48:53.818 1958 1958 W wificond: Scan aborted
11-11 13:48:57.883 2262 4951 I chatty : uid=1000(system) Binder:2262_C expire 2 lines
11-11 13:49:03.925 1958 1958 W wificond: Scan aborted
11-11 13:49:08.099 2262 2262 I chatty : uid=1000 system_server expire 102 lines
11-11 13:49:14.074 1958 1958 W wificond: Scan aborted
11-11 13:49:24.223 1958 1958 W wificond: Scan aborted
11-11 13:49:34.344 1958 1958 W wificond: Scan aborted
11-11 13:49:44.488 1958 1958 W wificond: Scan aborted
11-11 13:50:38.816 2262 2317 I chatty : uid=1000(system) PowerManagerSer expire 21 lines
11-11 13:51:14.356 2262 6121 I chatty : uid=1000(system) Binder:2262_13 expire 2 lines
11-11 13:53:03.342 2262 6531 I chatty : uid=1000(system) Binder:2262_1B expire 3 lines
11-11 13:53:07.431 2262 2300 I chatty : uid=1000(system) android.bg expire 1 line
11-11 13:57:17.384 2262 7851 I chatty : uid=1000(system) Binder:2262_1E expire 2 lines
11-11 13:58:19.126 2262 2262 I chatty : uid=1000 system_server expire 140 lines
11-11 13:59:49.121 2262 2765 I chatty : uid=1000(system) InputReader expire 3 lines
11-11 13:59:49.138 2262 2317 I chatty : uid=1000(system) PowerManagerSer expire 10 lines
11-11 13:59:49.167 2262 2314 I chatty : uid=1000(system) android.display expire 5 lines
11-11 13:59:49.666 2262 3263 I chatty : uid=1000(system) Binder:2262_7 expire 2 lines
11-11 13:59:49.685 2262 2301 I chatty : uid=1000(system) ActivityManager expire 4 lines
11-11 14:00:24.748 2262 6531 I chatty : uid=1000(system) Binder:2262_1B expire 2 lines
11-11 14:00:37.579 2262 2306 I chatty : uid=1000(system) batterystats-wo expire 3 lines
11-11 14:03:21.712 2262 3536 I chatty : uid=1000(system) Binder:2262_A expire 1 line
11-11 14:14:55.014 2262 6250 I chatty : uid=1000(system) Binder:2262_17 expire 3 lines
11-11 14:17:31.539 2262 5202 I chatty : uid=1000(system) Binder:2262_F expire 1 line
11-11 14:17:36.151 2262 3038 I chatty : uid=1000(system) Binder:2262_6 expire 3 lines
11-11 14:17:51.030 1958 1958 W wificond: Scan already started
11-11 14:17:51.030 1958 1958 E wificond: NL80211_CMD_TRIGGER_SCAN failed: Device or resource busy
11-11 14:18:06.057 2262 2262 I chatty : uid=1000 system_server expire 17 lines
11-11 14:18:13.375 2262 2317 I chatty : uid=1000(system) PowerManagerSer expire 9 lines
11-11 14:18:18.498 2262 8104 I chatty : uid=1000(system) Binder:2262_20 expire 2 lines
11-11 14:19:37.858 2262 2262 W FingerprintService: client com.android.systemui is authenticating...
11-11 14:19:38.304 2262 2317 I DisplayPowerController: Blocking screen off
11-11 14:19:38.305 2262 2317 I DisplayPowerController: Unblocked screen off after 1 ms
11-11 14:19:38.385 2262 2314 I DisplayManagerService: Display device changed state: "Ecrã Integrado", OFF
11-11 14:19:43.384 2262 2262 W Looper : Slow dispatch took 227ms main h=com.android.server.notification.NotificationManagerService$WorkerHandler c=com.android.server.notification.NotificationManagerService$NotificationListeners$2@8dfffba m=0
11-11 14:19:43.386 2262 2262 W Looper : Slow delivery took 232ms main h=com.android.server.notification.NotificationManagerService$WorkerHandler c=com.android.server.notification.NotificationManagerService$NotificationListeners$2@b26be6b m=0
11-11 14:19:43.399 2262 2262 W Looper : Drained
11-11 14:19:43.451 2262 2286 W UsageStatsService: Event reported without a package name
11-11 14:19:43.451 2262 2286 W UsageStatsService: Event reported without a package name
11-11 14:19:50.278 2262 2262 W Looper : Slow delivery took 211ms main h=com.android.server.notification.NotificationManagerService$WorkerHandler c=com.android.server.notification.NotificationManagerService$PostNotificationRunnable@45a8fe3 m=0
11-11 14:19:50.343 2262 2262 W Looper : Drained
11-11 14:20:11.589 2262 2262 W Looper : Slow delivery took 235ms main h=com.android.server.notification.NotificationManagerService$WorkerHandler c=com.android.server.notification.NotificationManagerService$NotificationListeners$2@9cbce4b m=0
11-11 14:20:11.605 2262 2262 W Looper : Drained
11-11 14:20:37.832 2262 2765 I PowerManagerService: Waking up from sleep (uid=1000 reason=android.policy:KEY)...
11-11 14:20:37.833 2262 2262 W UsageStatsService: Event reported without a package name
11-11 14:20:37.833 2262 2262 W UsageStatsService: Event reported without a package name
11-11 14:20:37.848 2262 2317 I DisplayPowerController: Blocking screen on until initial contents have been drawn.
11-11 14:20:37.872 2262 2314 I DisplayManagerService: Display device changed state: "Ecrã Integrado", ON
11-11 14:20:37.965 2262 2317 I DisplayPowerController: Unblocked screen on after 117 ms
11-11 14:20:37.979 2262 2262 V FingerprintService: onAuthenticated(owner=com.android.systemui, id=553465998, gp=0)
11-11 14:20:37.986 2262 2262 V FingerprintService: Done with client: com.android.systemui
11-11 14:20:38.012 2262 2262 V SettingsProvider: Notifying for 0: content://settings/system/screen_brightness
11-11 14:20:38.103 2262 2317 W PowerManagerService: Screen on took 304 ms
11-11 14:20:38.378 2262 8104 W UsageStatsService: Event reported without a package name
11-11 14:20:38.378 2262 8104 W UsageStatsService: Event reported without a package name
11-11 14:20:38.395 2262 2301 W BroadcastQueue: Background execution not allowed: receiving Intent { act=android.intent.action.USER_PRESENT flg=0x24200010 } to com.sophos.smsec/.SmSecSystemBroadcastReceiver
11-11 14:21:20.330 2262 2302 D AutofillManagerService: onBackKeyPressed()
11-11 14:21:54.666 2262 2302 I chatty : uid=1000(system) android.ui identical 1 line
11-11 14:22:28.725 2262 2302 D AutofillManagerService: onBackKeyPressed()
11-11 14:22:34.130 2262 2262 V SettingsProvider: Notifying for 0: content://settings/system/screen_brightness
11-11 14:22:58.723 2262 2317 I PowerManagerService: Going to sleep due to screen timeout (uid 1000)...
11-11 14:22:58.725 2262 2262 W UsageStatsService: Event reported without a package name
11-11 14:22:58.725 2262 2262 W UsageStatsService: Event reported without a package name
11-11 14:22:58.726 2262 2317 I PowerManagerService: Sleeping (uid 1000)...
11-11 14:22:58.775 2262 2262 V FingerprintService: startAuthentication(com.android.systemui)
11-11 14:22:58.775 2262 2262 V FingerprintService: starting client AuthenticationClient(com.android.systemui), initiatedByClient = true
11-11 14:22:58.795 2262 2262 W FingerprintService: client com.android.systemui is authenticating...
11-11 14:22:59.258 2262 2317 I DisplayPowerController: Blocking screen off
11-11 14:22:59.259 2262 2317 I DisplayPowerController: Unblocked screen off after 1 ms
11-11 14:22:59.354 2262 2314 I DisplayManagerService: Display device changed state: "Ecrã Integrado", OFF
11-11 14:23:02.360 2262 2262 W Looper : Slow dispatch took 177ms main h=com.android.server.notification.NotificationManagerService$WorkerHandler c=com.android.server.notification.NotificationManagerService$NotificationListeners$2@d83dc55 m=0
11-11 14:23:02.386 2262 2262 W Looper : Slow delivery took 201ms main h=com.android.server.notification.NotificationManagerService$WorkerHandler c=com.android.server.notification.NotificationManagerService$PostNotificationRunnable@d04e66a m=0
11-11 14:23:02.387 2262 2262 W Looper : Drained
11-11 14:23:03.913 2262 5054 W UsageStatsService: Event reported without a package name
11-11 14:23:03.914 2262 5054 W UsageStatsService: Event reported without a package name
11-11 14:23:27.770 2262 2262 W Looper : Slow dispatch took 243ms main h=com.android.server.notification.NotificationManagerService$WorkerHandler c=com.android.server.notification.NotificationManagerService$NotificationListeners$2@58adac3 m=0
11-11 14:23:27.784 2262 2262 W Looper : Slow delivery took 246ms main h=com.android.server.notification.NotificationManagerService$WorkerHandler c=com.android.server.notification.NotificationManagerService$NotificationListeners$2@98bf40 m=0
11-11 14:23:27.804 2262 2262 W Looper : Drained
11-11 14:23:44.503 2262 2262 W Looper : Slow dispatch took 187ms main h=com.android.server.notification.NotificationManagerService$WorkerHandler c=com.android.server.notification.NotificationManagerService$NotificationListeners$2@feadf3b m=0
11-11 14:23:44.516 2262 2262 W Looper : Slow delivery took 201ms main h=com.android.server.notification.NotificationManagerService$WorkerHandler c=com.android.server.notification.NotificationManagerService$NotificationListeners$2@f1e3417 m=0
11-11 14:23:44.528 2262 2262 W Looper : Drained
11-11 14:24:08.312 2262 2262 W Looper : Slow dispatch took 183ms main h=com.android.server.notification.NotificationManagerService$WorkerHandler c=com.android.server.notification.NotificationManagerService$PostNotificationRunnable@3df95d2 m=0
11-11 14:24:17.449 2262 2262 W Looper : Slow dispatch took 272ms main h=com.android.server.notification.NotificationManagerService$WorkerHandler c=com.android.server.notification.NotificationManagerService$NotificationListeners$2@27d3d1e m=0
11-11 14:24:17.451 2262 2262 W Looper : Slow delivery took 281ms main h=com.android.server.notification.NotificationManagerService$WorkerHandler c=com.android.server.notification.NotificationManagerService$NotificationListeners$2@b2659ff m=0
11-11 14:24:17.466 2262 2262 W Looper : Drained
11-11 14:24:25.127 2262 2262 W Looper : Slow dispatch took 160ms main h=com.android.server.notification.NotificationManagerService$WorkerHandler c=com.android.server.notification.NotificationManagerService$NotificationListeners$2@890971b m=0
11-11 14:25:07.906 2262 2262 W Looper : Slow dispatch took 213ms main h=com.android.server.notification.NotificationManagerService$WorkerHandler c=com.android.server.notification.NotificationManagerService$PostNotificationRunnable@258c3df m=0
11-11 14:25:07.915 2262 2262 W Looper : Slow delivery took 222ms main h=com.android.server.notification.NotificationManagerService$WorkerHandler c=com.android.server.notification.NotificationManagerService$PostNotificationRunnable@8f3882c m=0
11-11 14:25:07.917 2262 2262 W Looper : Drained
11-11 14:25:17.919 2262 2262 W Looper : Slow dispatch took 206ms main h=com.android.server.notification.NotificationManagerService$WorkerHandler c=com.android.server.notification.NotificationManagerService$NotificationListeners$2@5b14fd7 m=0
11-11 14:25:17.920 2262 2262 W Looper : Slow delivery took 210ms main h=com.android.server.notification.NotificationManagerService$WorkerHandler c=com.android.server.notification.NotificationManagerService$NotificationListeners$2@a1cb0c4 m=0
11-11 14:25:17.938 2262 2262 W Looper : Drained
11-11 14:25:28.250 2262 2262 W Looper : Slow dispatch took 159ms main h=com.android.server.notification.NotificationManagerService$WorkerHandler c=com.android.server.notification.NotificationManagerService$NotificationListeners$2@48d083a m=0
11-11 14:25:54.188 1958 1958 I wificond: Received external scan result notification from kernel.
11-11 14:25:59.678 2262 3536 D ConnectivityService: Returning BLOCKED NetworkInfo to uid=1010098
11-11 14:26:09.610 2262 2262 W Looper : Slow dispatch took 209ms main h=com.android.server.notification.NotificationManagerService$WorkerHandler c=com.android.server.notification.NotificationManagerService$NotificationListeners$2@7319ca8 m=0
11-11 14:26:09.612 2262 2262 W Looper : Slow delivery took 209ms main h=com.android.server.notification.NotificationManagerService$WorkerHandler c=com.android.server.notification.NotificationManagerService$NotificationListeners$2@fcb13c1 m=0
11-11 14:26:09.626 2262 2262 W Looper : Drained
11-11 14:26:47.943 2262 2262 W Looper : Slow dispatch took 195ms main h=com.android.server.notification.NotificationManagerService$WorkerHandler c=com.android.server.notification.NotificationManagerService$NotificationListeners$2@a97ea33 m=0
11-11 14:26:47.954 2262 2262 W Looper : Slow delivery took 205ms main h=com.android.server.notification.NotificationManagerService$WorkerHandler c=com.android.server.notification.NotificationManagerService$NotificationListeners$2@27c71f0 m=0
11-11 14:26:47.965 2262 2262 W Looper : Drained
11-11 14:26:58.266 2262 2262 W Looper : Slow dispatch took 189ms main h=com.android.server.notification.NotificationManagerService$WorkerHandler c=com.android.server.notification.NotificationManagerService$NotificationListeners$2@abc6cab m=0
11-11 14:26:58.278 2262 2262 W Looper : Slow delivery took 202ms main h=com.android.server.notification.NotificationManagerService$WorkerHandler c=com.android.server.notification.NotificationManagerService$NotificationListeners$2@2988f08 m=0
11-11 14:26:58.285 2262 2262 W Looper : Drained
11-11 14:27:00.460 2262 2262 W Looper : Slow dispatch took 141ms main h=com.android.server.notification.NotificationManagerService$WorkerHandler c=com.android.server.notification.NotificationManagerService$PostNotificationRunnable@bab93b4 m=0
11-11 14:27:50.980 2262 2262 W Looper : Slow delivery took 200ms main h=com.android.server.notification.NotificationManagerService$WorkerHandler c=com.android.server.notification.NotificationManagerService$PostNotificationRunnable@eff7667 m=0
11-11 14:27:50.988 2262 2262 W Looper : Drained
11-11 14:28:41.737 2262 2262 W Looper : Slow dispatch took 216ms main h=com.android.server.notification.NotificationManagerService$WorkerHandler c=com.android.server.notification.NotificationManagerService$NotificationListeners$2@7207386 m=0
11-11 14:28:41.740 2262 2262 W Looper : Slow delivery took 216ms main h=com.android.server.notification.NotificationManagerService$WorkerHandler c=com.android.server.notification.NotificationManagerService$NotificationListeners$2@ba83447 m=0
11-11 14:28:41.765 2262 2262 W Looper : Drained
11-11 14:29:00.802 2262 2262 W Looper : Slow dispatch took 248ms main h=com.android.server.notification.NotificationManagerService$WorkerHandler c=com.android.server.notification.NotificationManagerService$NotificationListeners$2@19c6d5e m=0
11-11 14:29:00.804 2262 2262 W Looper : Slow delivery took 254ms main h=com.android.server.notification.NotificationManagerService$WorkerHandler c=com.android.server.notification.NotificationManagerService$NotificationListeners$2@da1653f m=0
11-11 14:29:00.846 2262 2262 W Looper : Drained
11-11 14:29:02.233 2262 5054 E NotificationService: Package enqueue rate is 6.103775. Shedding 10|com.privateinternetaccess.android|1346787898|null|1010103. package=com.privateinternetaccess.android
11-11 14:29:13.190 2262 2262 W Looper : Slow dispatch took 246ms main h=com.android.server.notification.NotificationManagerService$WorkerHandler c=com.android.server.notification.NotificationManagerService$NotificationListeners$2@6d953c2 m=0
11-11 14:29:13.192 2262 2262 W Looper : Slow delivery took 253ms main h=com.android.server.notification.NotificationManagerService$WorkerHandler c=com.android.server.notification.NotificationManagerService$NotificationListeners$2@c19f5d3 m=0
11-11 14:29:13.205 2262 2262 W Looper : Drained
11-11 14:29:20.591 2262 2262 W Looper : Slow delivery took 200ms main h=com.android.server.notification.NotificationManagerService$WorkerHandler c=com.android.server.notification.NotificationManagerService$PostNotificationRunnable@2041c2f m=0
11-11 14:29:20.595 2262 2262 W Looper : Drained
11-11 14:29:32.208 2262 2765 I PowerManagerService: Waking up from sleep (uid=1000 reason=android.policy:KEY)...
11-11 14:29:32.222 2262 2262 W UsageStatsService: Event reported without a package name
11-11 14:29:32.222 2262 2262 W UsageStatsService: Event reported without a package name
11-11 14:29:32.257 2262 2317 I DisplayPowerController: Blocking screen on until initial contents have been drawn.
11-11 14:29:32.299 2262 2314 I DisplayManagerService: Display device changed state: "Ecrã Integrado", ON
11-11 14:29:32.428 2262 2262 V SettingsProvider: Notifying for 0: content://settings/system/screen_brightness
11-11 14:29:32.569 2262 2317 I DisplayPowerController: Unblocked screen on after 312 ms
11-11 14:29:32.572 2262 2317 W PowerManagerService: Screen on took 398 ms
11-11 14:29:32.708 2262 2262 V FingerprintService: onAuthenticated(owner=com.android.systemui, id=553465998, gp=0)
11-11 14:29:32.711 2262 2262 V FingerprintService: Done with client: com.android.systemui
11-11 14:29:33.200 2262 3441 W UsageStatsService: Event reported without a package name
11-11 14:29:33.200 2262 3441 W UsageStatsService: Event reported without a package name
11-11 14:29:33.235 2262 2301 W BroadcastQueue: Background execution not allowed: receiving Intent { act=android.intent.action.USER_PRESENT flg=0x24200010 } to com.sophos.smsec/.SmSecSystemBroadcastReceiver
11-11 14:29:33.291 2262 3441 D ConnectivityService: Returning UNBLOCKED NetworkInfo to uid=1010098
11-11 14:29:40.729 2262 2262 V SettingsProvider: Notifying for 0: content://settings/system/screen_brightness
11-11 14:29:41.777 2262 2262 V SettingsProvider: Notifying for 0: content://settings/system/screen_brightness
11-11 14:30:03.173 2262 2317 I PowerManagerService: Going to sleep due to screen timeout (uid 1000)...
11-11 14:30:03.175 2262 2262 W UsageStatsService: Event reported without a package name
11-11 14:30:03.175 2262 2262 W UsageStatsService: Event reported without a package name
11-11 14:30:03.176 2262 2317 I PowerManagerService: Sleeping (uid 1000)...
11-11 14:30:03.240 2262 2262 V FingerprintService: startAuthentication(com.android.systemui)
11-11 14:30:03.240 2262 2262 V FingerprintService: starting client AuthenticationClient(com.android.systemui), initiatedByClient = true
11-11 14:30:03.260 2262 2262 W FingerprintService: client com.android.systemui is authenticating...
11-11 14:30:03.719 2262 2317 I DisplayPowerController: Blocking screen off
11-11 14:30:03.721 2262 2317 I DisplayPowerController: Unblocked screen off after 1 ms
11-11 14:30:03.812 2262 2314 I DisplayManagerService: Display device changed state: "Ecrã Integrado", OFF
11-11 14:30:08.475 2262 6120 W UsageStatsService: Event reported without a package name
11-11 14:30:08.476 2262 6120 W UsageStatsService: Event reported without a package name
11-11 14:30:12.963 2262 2262 W Looper : Slow delivery took 224ms main h=com.android.server.notification.NotificationManagerService$WorkerHandler c=com.android.server.notification.NotificationManagerService$PostNotificationRunnable@c671d63 m=0
11-11 14:30:12.979 2262 2262 W Looper : Drained
11-11 14:30:28.759 2262 2262 V FingerprintService: onAuthenticated(owner=com.android.systemui, id=553465998, gp=0)
11-11 14:30:28.762 2262 2262 V FingerprintService: Done with client: com.android.systemui
11-11 14:30:28.786 2262 3441 I PowerManagerService: Waking up from sleep (uid=10018 reason=android.policy:FINGERPRINT)...
11-11 14:30:28.786 2262 2262 W UsageStatsService: Event reported without a package name
11-11 14:30:28.786 2262 2262 W UsageStatsService: Event reported without a package name
11-11 14:30:28.800 2262 2317 I DisplayPowerController: Blocking screen on until initial contents have been drawn.
11-11 14:30:28.816 2262 2314 I DisplayManagerService: Display device changed state: "Ecrã Integrado", ON
11-11 14:30:28.959 2262 2262 V SettingsProvider: Notifying for 0: content://settings/system/screen_brightness
11-11 14:30:28.970 2262 6250 W UsageStatsService: Event reported without a package name
11-11 14:30:28.970 2262 6250 W UsageStatsService: Event reported without a package name
11-11 14:30:28.987 2262 2301 W BroadcastQueue: Background execution not allowed: receiving Intent { act=android.intent.action.USER_PRESENT flg=0x24200010 } to com.sophos.smsec/.SmSecSystemBroadcastReceiver
11-11 14:30:28.991 9549 9549 W ViewRootImpl[StatusBar]: Cancelling event due to no window focus: KeyEvent { action=ACTION_UP, keyCode=KEYCODE_HOME, scanCode=102, metaState=0, flags=0x28, repeatCount=0, eventTime=88647474, downTime=88647291, deviceId=4, source=0x101 }
11-11 14:30:28.991 9549 9549 I chatty : uid=10018(com.android.systemui) identical 7 lines
11-11 14:30:28.992 9549 9549 W ViewRootImpl[StatusBar]: Cancelling event due to no window focus: KeyEvent { action=ACTION_UP, keyCode=KEYCODE_HOME, scanCode=102, metaState=0, flags=0x28, repeatCount=0, eventTime=88647474, downTime=88647291, deviceId=4, source=0x101 }
11-11 14:30:29.003 2262 2317 I DisplayPowerController: Unblocked screen on after 203 ms
11-11 14:30:29.054 2262 2317 W PowerManagerService: Screen on took 268 ms
11-11 14:30:29.082 2262 2312 D AutofillManagerService: Close system dialogs
11-11 14:30:29.089 2262 2764 I ActivityManager: START u0 {act=android.intent.action.MAIN cat=[android.intent.category.HOME] flg=0x10200000 cmp=com.android.launcher3/.lineage.LineageLauncher (has extras)} from uid 1000
11-11 14:30:29.129 2262 6250 W ActivityManager: Unable to start service Intent { act=com.android.launcher3.WINDOW_OVERLAY dat=app://com.android.launcher3:10035?v=7&cv=9 pkg=com.google.android.googlequicksearchbox } U=0: not found
11-11 14:30:29.930 2262 2312 D AutofillManagerService: Close system dialogs
11-11 14:30:31.541 2262 2302 D AutofillManagerService: onBackKeyPressed()
11-11 14:30:32.074 2262 2764 I ActivityManager: START u0 {act=android.intent.action.MAIN cat=[android.intent.category.HOME] flg=0x10200000 cmp=com.android.launcher3/.lineage.LineageLauncher (has extras)} from uid 1000
11-11 14:30:32.097 2262 2312 D AutofillManagerService: Close system dialogs
11-11 14:30:32.111 2262 3537 W ActivityManager: Unable to start service Intent { act=com.android.launcher3.WINDOW_OVERLAY dat=app://com.android.launcher3:10035?v=7&cv=9 pkg=com.google.android.googlequicksearchbox } U=0: not found
11-11 14:30:37.394 2262 2262 V SettingsProvider: Notifying for 0: content://settings/system/screen_brightness
11-11 14:30:48.889 1958 1958 W wificond: Scan already started
11-11 14:30:48.890 1958 1958 E wificond: NL80211_CMD_TRIGGER_SCAN failed: Device or resource busy
11-11 14:31:02.075 2262 2317 I PowerManagerService: Going to sleep due to screen timeout (uid 1000)...
11-11 14:31:02.077 2262 2262 W UsageStatsService: Event reported without a package name
11-11 14:31:02.077 2262 2262 W UsageStatsService: Event reported without a package name
11-11 14:31:02.078 2262 2317 I PowerManagerService: Sleeping (uid 1000)...
11-11 14:31:02.110 2262 2262 V FingerprintService: startAuthentication(com.android.systemui)
11-11 14:31:02.111 2262 2262 V FingerprintService: starting client AuthenticationClient(com.android.systemui), initiatedByClient = true
11-11 14:31:02.122 2262 2262 W FingerprintService: client com.android.systemui is authenticating...
11-11 14:31:02.595 2262 2317 I DisplayPowerController: Blocking screen off
11-11 14:31:02.597 2262 2317 I DisplayPowerController: Unblocked screen off after 2 ms
11-11 14:31:02.696 2262 2314 I DisplayManagerService: Display device changed state: "Ecrã Integrado", OFF
11-11 14:31:07.479 2262 2287 W UsageStatsService: Event reported without a package name
11-11 14:31:07.480 2262 2287 W UsageStatsService: Event reported without a package name
11-11 14:31:21.905 2262 2262 W Looper : Slow delivery took 200ms main h=com.android.server.notification.NotificationManagerService$WorkerHandler c=com.android.server.notification.NotificationManagerService$PostNotificationRunnable@b75d85e m=0
11-11 14:31:21.930 2262 2262 W Looper : Drained
11-11 14:31:40.363 2262 2262 W Looper : Slow dispatch took 166ms main h=com.android.server.notification.NotificationManagerService$WorkerHandler c=com.android.server.notification.NotificationManagerService$NotificationListeners$2@e7154d3 m=0
11-11 14:31:41.181 2262 2262 W Looper : Slow delivery took 203ms main h=com.android.server.notification.NotificationManagerService$WorkerHandler c=com.android.server.notification.NotificationManagerService$PostNotificationRunnable@c4b9810 m=0
11-11 14:31:41.196 2262 2262 W Looper : Drained
11-11 14:32:10.672 2262 2262 W Looper : Slow dispatch took 178ms main h=com.android.server.notification.NotificationManagerService$WorkerHandler c=com.android.server.notification.NotificationManagerService$NotificationListeners$2@a5a7e1f m=0
11-11 14:32:30.920 2262 2262 W Looper : Slow dispatch took 154ms main h=com.android.server.notification.NotificationManagerService$WorkerHandler c=com.android.server.notification.NotificationManagerService$NotificationListeners$2@1045e70 m=0
11-11 14:32:31.208 2262 2262 W Looper : Slow dispatch took 164ms main h=com.android.server.notification.NotificationManagerService$WorkerHandler c=com.android.server.notification.NotificationManagerService$NotificationListeners$2@928f19c m=0
11-11 14:32:51.700 2262 2262 W Looper : Slow dispatch took 166ms main h=com.android.server.notification.NotificationManagerService$WorkerHandler c=com.android.server.notification.NotificationManagerService$NotificationListeners$2@8bbb59 m=0
11-11 14:33:00.553 2262 2262 W Looper : Slow dispatch took 191ms main h=com.android.server.notification.NotificationManagerService$WorkerHandler c=com.android.server.notification.NotificationManagerService$NotificationListeners$2@3b3b415 m=0
11-11 14:33:10.585 2262 2262 W Looper : Slow dispatch took 182ms main h=com.android.server.notification.NotificationManagerService$WorkerHandler c=com.android.server.notification.NotificationManagerService$NotificationListeners$2@3ebb664 m=0
11-11 14:33:12.015 2262 2262 W Looper : Slow delivery took 221ms main h=com.android.server.notification.NotificationManagerService$WorkerHandler c=com.android.server.notification.NotificationManagerService$PostNotificationRunnable@6dfd4d0 m=0
11-11 14:33:12.054 2262 2262 W Looper : Drained
11-11 14:33:23.619 2262 2262 W Looper : Slow dispatch took 182ms main h=com.android.server.notification.NotificationManagerService$WorkerHandler c=com.android.server.notification.NotificationManagerService$NotificationListeners$2@587baa6 m=0
11-11 14:33:32.252 2262 2262 W Looper : Slow dispatch took 180ms main h=com.android.server.notification.NotificationManagerService$WorkerHandler c=com.android.server.notification.NotificationManagerService$NotificationListeners$2@de4db32 m=0
11-11 14:33:34.064 2262 2262 W Looper : Slow delivery took 213ms main h=com.android.server.notification.NotificationManagerService$WorkerHandler c=com.android.server.notification.NotificationManagerService$PostNotificationRunnable@a81787e m=0
11-11 14:33:34.075 2262 2262 W Looper : Drained
11-11 14:33:48.927 2262 2262 W Looper : Slow delivery took 227ms main h=com.android.server.notification.NotificationManagerService$WorkerHandler c=com.android.server.notification.NotificationManagerService$PostNotificationRunnable@ab89e8a m=0
11-11 14:33:48.942 2262 2262 W Looper : Drained
11-11 14:33:56.896 2262 2765 I PowerManagerService: Waking up from sleep (uid=1000 reason=android.policy:KEY)...
11-11 14:33:56.901 2262 2262 W UsageStatsService: Event reported without a package name
11-11 14:33:56.901 2262 2262 W UsageStatsService: Event reported without a package name
11-11 14:33:56.920 2262 2317 I DisplayPowerController: Blocking screen on until initial contents have been drawn.
11-11 14:33:56.936 2262 2314 I DisplayManagerService: Display device changed state: "Ecrã Integrado", ON
11-11 14:33:57.043 2262 2317 I DisplayPowerController: Unblocked screen on after 123 ms
11-11 14:33:57.059 2262 2262 V FingerprintService: onAuthenticated(owner=com.android.systemui, id=553465998, gp=0)
11-11 14:33:57.068 2262 2262 V FingerprintService: Done with client: com.android.systemui
11-11 14:33:57.089 2262 2262 V SettingsProvider: Notifying for 0: content://settings/system/screen_brightness
11-11 14:33:57.166 2262 2317 W PowerManagerService: Screen on took 321 ms
11-11 14:33:57.374 2262 6120 W ActivityManager: Unable to start service Intent { act=com.android.launcher3.WINDOW_OVERLAY dat=app://com.android.launcher3:10035?v=7&cv=9 pkg=com.google.android.googlequicksearchbox } U=0: not found
11-11 14:33:57.440 2262 6352 W UsageStatsService: Event reported without a package name
11-11 14:33:57.440 2262 6352 W UsageStatsService: Event reported without a package name
11-11 14:33:57.454 2262 2301 W BroadcastQueue: Background execution not allowed: receiving Intent { act=android.intent.action.USER_PRESENT flg=0x24200010 } to com.sophos.smsec/.SmSecSystemBroadcastReceiver
11-11 14:33:59.450 2262 3537 I ActivityManager: START u10 {act=com.whatsapp.intent.action.OPEN dat=content://com.whatsapp.provider.contact/contacts/4 flg=0x14000000 cmp=com.whatsapp/.Conversation (has extras)} from uid 1010098
11-11 14:34:44.639 2262 2302 D AutofillManagerService: onBackKeyPressed()
11-11 14:34:44.835 2262 2302 D AutofillManagerService: onBackKeyPressed()
11-11 14:34:45.528 2262 2765 D WindowManager: powerPress: eventTime=88751175 interactive=true count=1 beganFromNonInteractive=false mShortPressOnPowerBehavior=1
11-11 14:34:45.528 2262 2765 I PowerManagerService: Going to sleep due to power button (uid 1000)...
11-11 14:34:45.529 2262 2262 W UsageStatsService: Event reported without a package name
11-11 14:34:45.529 2262 2262 W UsageStatsService: Event reported without a package name
11-11 14:34:45.529 2262 2317 I PowerManagerService: Sleeping (uid 1000)...
11-11 14:34:45.551 2262 2262 V FingerprintService: startAuthentication(com.android.systemui)
11-11 14:34:45.552 2262 2262 V FingerprintService: starting client AuthenticationClient(com.android.systemui), initiatedByClient = true
11-11 14:34:45.567 2262 2262 W FingerprintService: client com.android.systemui is authenticating...
11-11 14:34:46.037 2262 2317 I DisplayPowerController: Blocking screen off
11-11 14:34:46.042 2262 2317 I DisplayPowerController: Unblocked screen off after 5 ms
11-11 14:34:46.129 2262 2314 I DisplayManagerService: Display device changed state: "Ecrã Integrado", OFF
11-11 14:34:46.491 2262 3537 W UsageStatsService: Event reported without a package name
11-11 14:34:46.492 2262 3537 W UsageStatsService: Event reported without a package name
11-11 14:34:57.562 2262 2262 W Looper : Slow dispatch took 198ms main h=com.android.server.notification.NotificationManagerService$WorkerHandler c=com.android.server.notification.NotificationManagerService$NotificationListeners$2@e6df83 m=0
11-11 14:34:57.578 2262 2262 W Looper : Slow delivery took 206ms main h=com.android.server.notification.NotificationManagerService$WorkerHandler c=com.android.server.notification.NotificationManagerService$PostNotificationRunnable@cb94500 m=0
11-11 14:34:57.593 2262 2262 W Looper : Drained
11-11 14:35:22.388 2262 2262 W Looper : Slow dispatch took 287ms main h=com.android.server.notification.NotificationManagerService$WorkerHandler c=com.android.server.notification.NotificationManagerService$NotificationListeners$2@7615a8 m=0
11-11 14:35:22.411 2262 2262 W Looper : Slow delivery took 298ms main h=com.android.server.notification.NotificationManagerService$WorkerHandler c=com.android.server.notification.NotificationManagerService$PostNotificationRunnable@4d098c1 m=0
11-11 14:35:22.432 2262 2262 W Looper : Drained
11-11 14:35:43.167 2262 2262 W Looper : Slow dispatch took 268ms main h=com.android.server.notification.NotificationManagerService$WorkerHandler c=com.android.server.notification.NotificationManagerService$NotificationListeners$2@2103431 m=0
11-11 14:35:43.174 2262 2262 W Looper : Slow delivery took 279ms main h=com.android.server.notification.NotificationManagerService$WorkerHandler c=com.android.server.notification.NotificationManagerService$NotificationListeners$2@fb35716 m=0
11-11 14:35:43.206 2262 2262 W Looper : Drained
11-11 14:35:52.762 2262 2262 W Looper : Slow dispatch took 187ms main h=com.android.server.notification.NotificationManagerService$WorkerHandler c=com.android.server.notification.NotificationManagerService$NotificationListeners$2@805cea2 m=0
11-11 14:36:03.026 2262 2262 W Looper : Slow delivery took 203ms main h=com.android.server.notification.NotificationManagerService$WorkerHandler c=com.android.server.notification.NotificationManagerService$PostNotificationRunnable@41632ee m=0
11-11 14:36:03.052 2262 2262 W Looper : Drained
11-11 14:36:29.467 2262 2262 W Looper : Slow dispatch took 145ms main h=com.android.server.notification.NotificationManagerService$WorkerHandler c=com.android.server.notification.NotificationManagerService$NotificationListeners$2@cdd4e4c m=0
11-11 14:36:39.361 2262 2262 W Looper : Slow dispatch took 310ms main h=com.android.server.notification.NotificationManagerService$WorkerHandler c=com.android.server.notification.NotificationManagerService$NotificationListeners$2@6861f49 m=0
11-11 14:36:39.381 2262 2262 W Looper : Slow delivery took 323ms main h=com.android.server.notification.NotificationManagerService$WorkerHandler c=com.android.server.notification.NotificationManagerService$PostNotificationRunnable@19c04e m=0
11-11 14:36:39.395 2262 2262 W Looper : Drained
11-11 14:36:42.459 2262 2262 W Looper : Slow delivery took 201ms main h=com.android.server.notification.NotificationManagerService$WorkerHandler c=com.android.server.notification.NotificationManagerService$PostNotificationRunnable@455935a m=0
11-11 14:36:42.465 2262 2262 W Looper : Drained
11-11 14:36:49.582 2262 2262 W Looper : Slow dispatch took 236ms main h=com.android.server.notification.NotificationManagerService$WorkerHandler c=com.android.server.notification.NotificationManagerService$PostNotificationRunnable@4498b26 m=0
11-11 14:36:49.586 2262 2262 W Looper : Slow delivery took 250ms main h=com.android.server.notification.NotificationManagerService$WorkerHandler c=com.android.server.notification.NotificationManagerService$NotificationListeners$2@11a0367 m=0
11-11 14:36:49.614 2262 2262 W Looper : Drained
11-11 14:36:57.840 2262 2765 I PowerManagerService: Waking up from sleep (uid=1000 reason=android.policy:KEY)...
11-11 14:36:57.840 2262 2262 W UsageStatsService: Event reported without a package name
11-11 14:36:57.841 2262 2262 W UsageStatsService: Event reported without a package name
11-11 14:36:57.855 2262 2317 I DisplayPowerController: Blocking screen on until initial contents have been drawn.
11-11 14:36:57.890 2262 2314 I DisplayManagerService: Display device changed state: "Ecrã Integrado", ON
11-11 14:36:57.948 2262 2262 V FingerprintService: onAuthenticated(owner=com.android.systemui, id=553465998, gp=0)
11-11 14:36:57.959 2262 2262 V FingerprintService: Done with client: com.android.systemui
11-11 14:36:57.974 2262 2317 I DisplayPowerController: Unblocked screen on after 119 ms
11-11 14:36:58.024 2262 2262 V SettingsProvider: Notifying for 0: content://settings/system/screen_brightness
11-11 14:36:58.123 2262 2317 W PowerManagerService: Screen on took 289 ms
11-11 14:36:58.400 2262 7852 W UsageStatsService: Event reported without a package name
11-11 14:36:58.400 2262 7852 W UsageStatsService: Event reported without a package name
11-11 14:36:58.421 2262 2301 W BroadcastQueue: Background execution not allowed: receiving Intent { act=android.intent.action.USER_PRESENT flg=0x24200010 } to com.sophos.smsec/.SmSecSystemBroadcastReceiver
11-11 14:36:59.589 2262 6123 I ActivityManager: START u10 {flg=0x14000000 cmp=com.whatsapp/.Conversation (has extras)} from uid 1010098
11-11 14:37:05.773 2262 2302 D AutofillManagerService: onBackKeyPressed()
11-11 14:37:11.227 2262 2312 D AutofillManagerService: Close system dialogs
11-11 14:37:11.230 2262 2764 I ActivityManager: START u0 {act=android.intent.action.MAIN cat=[android.intent.category.HOME] flg=0x10200000 cmp=com.android.launcher3/.lineage.LineageLauncher (has extras)} from uid 1000
11-11 14:37:11.252 2262 6594 W ActivityManager: Unable to start service Intent { act=com.android.launcher3.WINDOW_OVERLAY dat=app://com.android.launcher3:10035?v=7&cv=9 pkg=com.google.android.googlequicksearchbox } U=0: not found
11-11 14:37:15.908 2262 7852 I ActivityManager: START u10 {act=android.intent.action.MAIN cat=[android.intent.category.LAUNCHER] flg=0x10200000 cmp=com.android.contacts/.activities.PeopleActivity bnds=[31,384][235,689]} from uid 10035
11-11 14:37:15.933 2262 5202 W ActivityManager: Request to remove task ignored for non-existent task 500
11-11 14:37:21.115 2262 2312 D AutofillManagerService: Close system dialogs
