--------- beginning of crash
11-09 15:17:35.599 567 582 F libc : Fatal signal 11 (SIGSEGV), code 1 (SEGV_MAPERR), fault addr 0x770f1f6c44 in tid 582 (readmac), pid 567 (readmac) --------- beginning of system
11-10 09:20:26.624 32767 5135 E ActivityThread: Failed to find provider info for com.google.android.gsf.gservices
11-10 09:20:26.625 32767 5135 E ActivityThread: Failed to find provider info for com.google.android.gsf.gservices
11-10 09:20:34.499 2262 2262 I chatty : uid=1000 system_server expire 10 lines
11-10 09:20:46.254 1958 1958 I wificond: Received external scan result notification from kernel.
11-10 09:38:02.411 32767 6041 E ActivityThread: Failed to find provider info for com.google.android.gms.phenotype
11-10 09:38:10.213 2262 2312 I chatty : uid=1000(system) android.fg expire 10 lines
11-10 09:38:37.682 2262 2306 I chatty : uid=1000(system) batterystats-wo expire 14 lines
11-10 09:50:05.809 6660 6660 W SystemConfig: No directory /product/etc/sysconfig, skipping
11-10 09:50:05.809 6660 6660 W SystemConfig: No directory /product/etc/permissions, skipping
11-10 10:15:00.078 2262 2306 I chatty : uid=1000(system) batterystats-wo expire 9 lines
11-10 10:16:40.903 32767 32767 W ViewRootImpl[SplashActivity]: Dropping event due to no window focus: MotionEvent { action=ACTION_MOVE, actionButton=0, id[0]=0, x[0]=960.71216, y[0]=1801.0084, toolType[0]=TOOL_TYPE_FINGER, buttonState=0, metaState=0, flags=0x0, edgeFlags=0x0, pointerCount=1, historySize=4, eventTime=37901599, downTime=37901401, deviceId=7, source=0x1002 }
11-10 10:16:40.934 32767 32767 W ViewRootImpl[SplashActivity]: Dropping event due to no window focus: MotionEvent { action=ACTION_MOVE, actionButton=0, id[0]=0, x[0]=961.3125, y[0]=1798.921, toolType[0]=TOOL_TYPE_FINGER, buttonState=0, metaState=0, flags=0x0, edgeFlags=0x0, pointerCount=1, historySize=2, eventTime=37901616, downTime=37901401, deviceId=7, source=0x1002 }
11-10 10:16:40.938 32767 32767 W ViewRootImpl[SplashActivity]: Dropping event due to no window focus: MotionEvent { action=ACTION_MOVE, actionButton=0, id[0]=0, x[0]=961.3125, y[0]=1794.5446, toolType[0]=TOOL_TYPE_FINGER, buttonState=0, metaState=0, flags=0x0, edgeFlags=0x0, pointerCount=1, historySize=2, eventTime=37901633, downTime=37901401, deviceId=7, source=0x1002 }
11-10 10:16:40.953 32767 32767 W ViewRootImpl[SplashActivity]: Dropping event due to no window focus: MotionEvent { action=ACTION_MOVE, actionButton=0, id[0]=0, x[0]=961.3125, y[0]=1789.4216, toolType[0]=TOOL_TYPE_FINGER, buttonState=0, metaState=0, flags=0x0, edgeFlags=0x0, pointerCount=1, historySize=2, eventTime=37901651, downTime=37901401, deviceId=7, source=0x1002 }
11-10 10:16:40.970 32767 32767 W ViewRootImpl[SplashActivity]: Dropping event due to no window focus: MotionEvent { action=ACTION_MOVE, actionButton=0, id[0]=0, x[0]=958.36865, y[0]=1783.7924, toolType[0]=TOOL_TYPE_FINGER, buttonState=0, metaState=0, flags=0x0, edgeFlags=0x0, pointerCount=1, historySize=2, eventTime=37901668, downTime=37901401, deviceId=7, source=0x1002 }
11-10 10:16:40.988 32767 32767 W ViewRootImpl[SplashActivity]: Dropping event due to no window focus: MotionEvent { action=ACTION_MOVE, actionButton=0, id[0]=0, x[0]=955.46954, y[0]=1778.1407, toolType[0]=TOOL_TYPE_FINGER, buttonState=0, metaState=0, flags=0x0, edgeFlags=0x0, pointerCount=1, historySize=2, eventTime=37901685, downTime=37901401, deviceId=7, source=0x1002 }
11-10 10:16:41.005 32767 32767 W ViewRootImpl[SplashActivity]: Dropping event due to no window focus: MotionEvent { action=ACTION_MOVE, actionButton=0, id[0]=0, x[0]=952.38965, y[0]=1772.5258, toolType[0]=TOOL_TYPE_FINGER, buttonState=0, metaState=0, flags=0x0, edgeFlags=0x0, pointerCount=1, historySize=2, eventTime=37901703, downTime=37901401, deviceId=7, source=0x1002 }
11-10 10:16:41.022 32767 32767 W ViewRootImpl[SplashActivity]: Dropping event due to no window focus: MotionEvent { action=ACTION_MOVE, actionButton=0, id[0]=0, x[0]=949.2954, y[0]=1768.6735, toolType[0]=TOOL_TYPE_FINGER, buttonState=0, metaState=0, flags=0x0, edgeFlags=0x0, pointerCount=1, historySize=3, eventTime=37901720, downTime=37901401, deviceId=7, source=0x1002 }
11-10 10:16:41.040 32767 32767 W ViewRootImpl[SplashActivity]: Dropping event due to no window focus: MotionEvent { action=ACTION_MOVE, actionButton=0, id[0]=0, x[0]=946.2054, y[0]=1764.8254, toolType[0]=TOOL_TYPE_FINGER, buttonState=0, metaState=0, flags=0x0, edgeFlags=0x0, pointerCount=1, historySize=2, eventTime=37901737, downTime=37901401, deviceId=7, source=0x1002 }
11-10 10:16:41.057 32767 32767 W ViewRootImpl[SplashActivity]: Dropping event due to no window focus: MotionEvent { action=ACTION_MOVE, actionButton=0, id[0]=0, x[0]=943.89417, y[0]=1760.9192, toolType[0]=TOOL_TYPE_FINGER, buttonState=0, metaState=0, flags=0x0, edgeFlags=0x0, pointerCount=1, historySize=2, eventTime=37901754, downTime=37901401, deviceId=7, source=0x1002 }
11-10 10:16:41.074 32767 32767 W ViewRootImpl[SplashActivity]: Dropping event due to no window focus: MotionEvent { action=ACTION_MOVE, actionButton=0, id[0]=0, x[0]=941.2598, y[0]=1758.846, toolType[0]=TOOL_TYPE_FINGER, buttonState=0, metaState=0, flags=0x0, edgeFlags=0x0, pointerCount=1, historySize=2, eventTime=37901772, downTime=37901401, deviceId=7, source=0x1002 }
11-10 10:16:41.091 32767 32767 W ViewRootImpl[SplashActivity]: Dropping event due to no window focus: MotionEvent { action=ACTION_MOVE, actionButton=0, id[0]=0, x[0]=939.4857, y[0]=1758.2223, toolType[0]=TOOL_TYPE_FINGER, buttonState=0, metaState=0, flags=0x0, edgeFlags=0x0, pointerCount=1, historySize=2, eventTime=37901789, downTime=37901401, deviceId=7, source=0x1002 }
11-10 10:16:41.109 32767 32767 W ViewRootImpl[SplashActivity]: Dropping event due to no window focus: MotionEvent { action=ACTION_MOVE, actionButton=0, id[0]=0, x[0]=937.13477, y[0]=1756.4598, toolType[0]=TOOL_TYPE_FINGER, buttonState=0, metaState=0, flags=0x0, edgeFlags=0x0, pointerCount=1, historySize=2, eventTime=37901806, downTime=37901401, deviceId=7, source=0x1002 }
11-10 10:16:41.126 32767 32767 W ViewRootImpl[SplashActivity]: Dropping event due to no window focus: MotionEvent { action=ACTION_MOVE, actionButton=0, id[0]=0, x[0]=935.22894, y[0]=1756.4445, toolType[0]=TOOL_TYPE_FINGER, buttonState=0, metaState=0, flags=0x0, edgeFlags=0x0, pointerCount=1, historySize=3, eventTime=37901824, downTime=37901401, deviceId=7, source=0x1002 }
11-10 10:16:41.144 32767 32767 W ViewRootImpl[SplashActivity]: Dropping event due to no window focus: MotionEvent { action=ACTION_MOVE, actionButton=0, id[0]=0, x[0]=933.3444, y[0]=1756.4445, toolType[0]=TOOL_TYPE_FINGER, buttonState=0, metaState=0, flags=0x0, edgeFlags=0x0, pointerCount=1, historySize=2, eventTime=37901841, downTime=37901401, deviceId=7, source=0x1002 }
11-10 10:16:41.161 32767 32767 W ViewRootImpl[SplashActivity]: Dropping event due to no window focus: MotionEvent { action=ACTION_MOVE, actionButton=0, id[0]=0, x[0]=932.625, y[0]=1756.4445, toolType[0]=TOOL_TYPE_FINGER, buttonState=0, metaState=0, flags=0x0, edgeFlags=0x0, pointerCount=1, historySize=2, eventTime=37901858, downTime=37901401, deviceId=7, source=0x1002 }
11-10 10:16:41.178 32767 32767 W ViewRootImpl[SplashActivity]: Dropping event due to no window focus: MotionEvent { action=ACTION_MOVE, actionButton=0, id[0]=0, x[0]=930.15015, y[0]=1761.2797, toolType[0]=TOOL_TYPE_FINGER, buttonState=0, metaState=0, flags=0x0, edgeFlags=0x0, pointerCount=1, historySize=2, eventTime=37901875, downTime=37901401, deviceId=7, source=0x1002 }
11-10 10:16:41.195 32767 32767 W ViewRootImpl[SplashActivity]: Dropping event due to no window focus: MotionEvent { action=ACTION_MOVE, actionButton=0, id[0]=0, x[0]=927.5625, y[0]=1763.5555, toolType[0]=TOOL_TYPE_FINGER, buttonState=0, metaState=0, flags=0x0, edgeFlags=0x0, pointerCount=1, historySize=2, eventTime=37901890, downTime=37901401, deviceId=7, source=0x1002 }
11-10 10:16:41.206 32767 32767 W ViewRootImpl[SplashActivity]: Cancelling event due to no window focus: MotionEvent { action=ACTION_CANCEL, actionButton=0, id[0]=0, x[0]=928.125, y[0]=1763.5555, toolType[0]=TOOL_TYPE_FINGER, buttonState=0, metaState=0, flags=0x0, edgeFlags=0x0, pointerCount=1, historySize=0, eventTime=37901901, downTime=37901401, deviceId=7, source=0x1002 }
11-10 10:16:41.207 32767 32767 I chatty : uid=10123(u0_a123) com.funnycat.virustotal identical 2 lines
11-10 10:16:41.207 32767 32767 W ViewRootImpl[SplashActivity]: Cancelling event due to no window focus: MotionEvent { action=ACTION_CANCEL, actionButton=0, id[0]=0, x[0]=928.125, y[0]=1763.5555, toolType[0]=TOOL_TYPE_FINGER, buttonState=0, metaState=0, flags=0x0, edgeFlags=0x0, pointerCount=1, historySize=0, eventTime=37901901, downTime=37901401, deviceId=7, source=0x1002 }
11-10 10:16:41.495 2262 5202 I chatty : uid=1000(system) Binder:2262_F expire 8 lines
11-10 10:16:41.563 2262 2756 I chatty : uid=1000(system) Binder:2262_3 expire 5 lines
11-10 10:16:42.214 2262 2262 I chatty : uid=1000 system_server expire 218 lines
11-10 10:16:54.114 2262 2802 I chatty : uid=1000(system) NetworkPolicy expire 5 lines
11-10 10:16:57.160 1958 1958 W wificond: Scan is not started. Ignore abort request
11-10 10:16:59.593 1949 2134 E NetlinkEvent: NetlinkEvent::FindParam(): Parameter 'INTERFACE' not found
11-10 10:16:59.593 1949 2134 E NetlinkEvent: NetlinkEvent::FindParam(): Parameter 'STATE' not found
11-10 10:16:59.593 1949 2134 E NetlinkEvent: NetlinkEvent::FindParam(): Parameter 'TIME_NS' not found
11-10 10:16:59.593 1949 2134 E NetlinkEvent: NetlinkEvent::FindParam(): Parameter 'UID' not found
11-10 10:16:59.646 2262 2808 I chatty : uid=1000(system) ConnectivitySer expire 7 lines
11-10 10:26:00.722 2262 2301 I chatty : uid=1000(system) ActivityManager expire 11 lines
11-10 10:26:07.978 2262 2317 I chatty : uid=1000(system) PowerManagerSer expire 16 lines
11-10 10:26:49.373 1958 1958 I wificond: Received external scan result notification from kernel.
11-10 10:30:54.680 2262 3441 I chatty : uid=1000(system) Binder:2262_8 expire 1 line
11-10 10:39:39.417 2262 6251 I chatty : uid=1000(system) Binder:2262_18 expire 1 line
11-10 10:58:50.294 2262 2262 I chatty : uid=1000 system_server expire 432 lines
11-10 12:11:59.584 2262 2314 I chatty : uid=1000(system) android.display expire 11 lines
11-10 12:11:59.662 2262 2300 I chatty : uid=1000(system) android.bg expire 5 lines
11-10 12:12:13.134 3044 3044 I TelecomFramework: PstnIncomingCallNotifier: Unregistering: Handler (com.qualcomm.qti.internal.telephony.QtiGsmCdmaPhone) {827e166}
11-10 12:12:13.134 3044 3044 I TelecomFramework: PstnIncomingCallNotifier: Unregistering: Handler (com.qualcomm.qti.internal.telephony.QtiGsmCdmaPhone) {a8c3ca7}
11-10 12:12:13.157 3044 3044 I TelecomFramework: AccountEntry: Registered phoneAccount: [[ ] PhoneAccount: ComponentInfo{com.android.phone/com.android.services.telephony.TelephonyConnectionService}, ***, UserHandle{0} Capabilities: SuppVideo CallProvider MultiUser PlaceEmerg SimSub Audio Routes: BESW Schemes: tel voicemail Extras: Bundle[{android.telecom.extra.SUPPORTS_VIDEO_CALLING_FALLBACK=true, android.telecom.extra.SORT_ORDER=0}] GroupId: ***] with handle: ComponentInfo{com.android.phone/com.android.services.telephony.TelephonyConnectionService}, ***, UserHandle{0}
11-10 12:12:13.157 3044 3044 I TelecomFramework: PstnIncomingCallNotifier: Registering: Handler (com.qualcomm.qti.internal.telephony.QtiGsmCdmaPhone) {827e166}
11-10 12:12:13.191 3044 3044 I TelecomFramework: AccountEntry: Registered phoneAccount: [[ ] PhoneAccount: ComponentInfo{com.android.phone/com.android.services.telephony.TelephonyConnectionService}, ***, UserHandle{0} Capabilities: SuppVideo CallProvider MultiUser PlaceEmerg SimSub Audio Routes: BESW Schemes: tel voicemail Extras: Bundle[{android.telecom.extra.SUPPORTS_VIDEO_CALLING_FALLBACK=true, android.telecom.extra.SORT_ORDER=1}] GroupId: ***] with handle: ComponentInfo{com.android.phone/com.android.services.telephony.TelephonyConnectionService}, ***, UserHandle{0}
11-10 12:12:13.191 3044 3044 I TelecomFramework: PstnIncomingCallNotifier: Registering: Handler (com.qualcomm.qti.internal.telephony.QtiGsmCdmaPhone) {a8c3ca7}
11-10 12:12:13.289 3044 3044 I TelecomFramework: PstnPhoneCapabilitiesNotifier: handleVideoCapabilitesChanged. Video capability - false
11-10 12:12:13.305 3044 3044 I TelecomFramework: PstnPhoneCapabilitiesNotifier: handleVideoCapabilitesChanged. Video capability - false
11-10 12:12:43.837 2262 2262 I chatty : uid=1000 system_server expire 244 lines
11-10 12:45:16.975 2262 2765 I chatty : uid=1000(system) InputReader expire 3 lines
11-10 12:45:17.034 2262 2317 I chatty : uid=1000(system) PowerManagerSer expire 13 lines
11-10 12:45:17.222 3044 3044 I TelecomFramework: PstnIncomingCallNotifier: Unregistering: Handler (com.qualcomm.qti.internal.telephony.QtiGsmCdmaPhone) {827e166}
11-10 12:45:17.222 3044 3044 I TelecomFramework: PstnIncomingCallNotifier: Unregistering: Handler (com.qualcomm.qti.internal.telephony.QtiGsmCdmaPhone) {a8c3ca7}
11-10 12:45:17.245 3044 3044 I TelecomFramework: AccountEntry: Registered phoneAccount: [[ ] PhoneAccount: ComponentInfo{com.android.phone/com.android.services.telephony.TelephonyConnectionService}, ***, UserHandle{0} Capabilities: SuppVideo CallProvider MultiUser PlaceEmerg SimSub Audio Routes: BESW Schemes: tel voicemail Extras: Bundle[{android.telecom.extra.SUPPORTS_VIDEO_CALLING_FALLBACK=true, android.telecom.extra.SORT_ORDER=0}] GroupId: ***] with handle: ComponentInfo{com.android.phone/com.android.services.telephony.TelephonyConnectionService}, ***, UserHandle{0}
11-10 12:45:17.245 3044 3044 I TelecomFramework: PstnIncomingCallNotifier: Registering: Handler (com.qualcomm.qti.internal.telephony.QtiGsmCdmaPhone) {827e166}
11-10 12:45:17.263 3044 3044 I TelecomFramework: AccountEntry: Registered phoneAccount: [[ ] PhoneAccount: ComponentInfo{com.android.phone/com.android.services.telephony.TelephonyConnectionService}, ***, UserHandle{0} Capabilities: SuppVideo CallProvider MultiUser PlaceEmerg SimSub Audio Routes: BESW Schemes: tel voicemail Extras: Bundle[{android.telecom.extra.SUPPORTS_VIDEO_CALLING_FALLBACK=true, android.telecom.extra.SORT_ORDER=1}] GroupId: ***] with handle: ComponentInfo{com.android.phone/com.android.services.telephony.TelephonyConnectionService}, ***, UserHandle{0}
11-10 12:45:17.263 3044 3044 I TelecomFramework: PstnIncomingCallNotifier: Registering: Handler (com.qualcomm.qti.internal.telephony.QtiGsmCdmaPhone) {a8c3ca7}
11-10 12:45:17.286 3044 3044 I TelecomFramework: PstnPhoneCapabilitiesNotifier: handleVideoCapabilitesChanged. Video capability - false
11-10 12:45:17.301 2262 6531 I chatty : uid=1000(system) Binder:2262_1B expire 4 lines
11-10 12:45:17.306 3044 3044 I TelecomFramework: PstnPhoneCapabilitiesNotifier: handleVideoCapabilitesChanged. Video capability - false
11-10 12:45:17.316 2262 3537 I chatty : uid=1000(system) Binder:2262_B expire 1 line
11-10 12:45:22.989 2262 2262 I chatty : uid=1000 system_server expire 178 lines
11-10 13:03:48.638 2262 8104 I chatty : uid=1000(system) Binder:2262_20 expire 7 lines
11-10 13:03:48.683 3609 3609 E ActivityThread: Service com.android.quickstep.TouchInteractionService has leaked IntentReceiver com.android.internal.util.LatencyTracker$1@2cc0845 that was originally registered here. Are you missing a call to unregisterReceiver()?
11-10 13:03:48.683 3609 3609 E ActivityThread: android.app.IntentReceiverLeaked: Service com.android.quickstep.TouchInteractionService has leaked IntentReceiver com.android.internal.util.LatencyTracker$1@2cc0845 that was originally registered here. Are you missing a call to unregisterReceiver()?
11-10 13:03:48.683 3609 3609 E ActivityThread: at android.app.LoadedApk$ReceiverDispatcher.(LoadedApk.java:1429)
11-10 13:03:48.683 3609 3609 E ActivityThread: at android.app.LoadedApk.getReceiverDispatcher(LoadedApk.java:1210)
11-10 13:03:48.683 3609 3609 E ActivityThread: at android.app.ContextImpl.registerReceiverInternal(ContextImpl.java:1476)
11-10 13:03:48.683 3609 3609 E ActivityThread: at android.app.ContextImpl.registerReceiver(ContextImpl.java:1449)
11-10 13:03:48.683 3609 3609 E ActivityThread: at android.app.ContextImpl.registerReceiver(ContextImpl.java:1437)
11-10 13:03:48.683 3609 3609 E ActivityThread: at android.content.ContextWrapper.registerReceiver(ContextWrapper.java:623)
11-10 13:03:48.683 3609 3609 E ActivityThread: at com.android.internal.util.LatencyTracker.(LatencyTracker.java:104)
11-10 13:03:48.683 3609 3609 E ActivityThread: at com.android.internal.util.LatencyTracker.getInstance(LatencyTracker.java:98)
11-10 13:03:48.683 3609 3609 E ActivityThread: at com.android.internal.util.LatencyTracker.isEnabled(LatencyTracker.java:118)
11-10 13:03:48.683 3609 3609 E ActivityThread: at com.android.systemui.shared.system.LatencyTrackerCompat.isEnabled(LatencyTrackerCompat.java:28)
11-10 13:03:48.683 3609 3609 E ActivityThread: at com.android.quickstep.OverviewCommandHelper$RecentsActivityCommand.createWindowAnimation(OverviewCommandHelper.java:302)
11-10 13:03:48.683 3609 3609 E ActivityThread: at com.android.quickstep.OverviewCommandHelper$RecentsActivityCommand.lambda$58M8Q8bLHkgPPJiaoVVAlKBEVb8(Unknown Source:0)
11-10 13:03:48.683 3609 3609 E ActivityThread: at com.android.quickstep.-$$Lambda$OverviewCommandHelper$RecentsActivityCommand$58M8Q8bLHkgPPJiaoVVAlKBEVb8.createWindowAnimation(Unknown Source:2)
11-10 13:03:48.683 3609 3609 E ActivityThread: at com.android.launcher3.LauncherInitListener.lambda$init$0(LauncherInitListener.java:61)
11-10 13:03:48.683 3609 3609 E ActivityThread: at com.android.launcher3.-$$Lambda$LauncherInitListener$SM9TwkM-UisNPfHi0K-ftV1aj6I.createWindowAnimation(Unknown Source:6)
11-10 13:03:48.683 3609 3609 E ActivityThread: at com.android.launcher3.LauncherAppTransitionManagerImpl$8.onCreateAnimation(LauncherAppTransitionManagerImpl.java:686)
11-10 13:03:48.683 3609 3609 E ActivityThread: at com.android.launcher3.LauncherAnimationRunner.lambda$onAnimationStart$0(LauncherAnimationRunner.java:56)
11-10 13:03:48.683 3609 3609 E ActivityThread: at com.android.launcher3.-$$Lambda$LauncherAnimationRunner$0IBM3bZEOrCXQUatxthdQPQcNQA.run(Unknown Source:6)
11-10 13:03:48.683 3609 3609 E ActivityThread: at android.os.Handler.handleCallback(Handler.java:873)
11-10 13:03:48.683 3609 3609 E ActivityThread: at android.os.Handler.dispatchMessage(Handler.java:99)
11-10 13:03:48.683 3609 3609 E ActivityThread: at android.os.Looper.loop(Looper.java:193)
11-10 13:03:48.683 3609 3609 E ActivityThread: at android.app.ActivityThread.main(ActivityThread.java:6718)
11-10 13:03:48.683 3609 3609 E ActivityThread: at java.lang.reflect.Method.invoke(Native Method)
11-10 13:03:48.683 3609 3609 E ActivityThread: at com.android.internal.os.RuntimeInit$MethodAndArgsCaller.run(RuntimeInit.java:493)
11-10 13:03:48.683 3609 3609 E ActivityThread: at com.android.internal.os.ZygoteInit.main(ZygoteInit.java:858)
11-10 13:03:48.710 2262 2303 I chatty : uid=1000(system) ActivityManager expire 3 lines
11-10 13:03:48.860 9549 9549 D SystemUIBootTiming: StartServicescom.android.systemui.Dependency took to complete: 3ms
11-10 13:03:48.865 9549 9549 D SystemUIBootTiming: StartServicescom.android.systemui.util.NotificationChannels took to complete: 5ms
11-10 13:03:48.867 9549 9549 D SystemUIBootTiming: StartServicescom.android.systemui.statusbar.CommandQueue$CommandQueueStart took to complete: 2ms
11-10 13:03:48.888 2262 2262 I chatty : uid=1000 system_server expire 191 lines
11-10 13:03:48.955 9549 9549 D SystemUIBootTiming: StartServicescom.android.systemui.keyguard.KeyguardViewMediator took to complete: 88ms
11-10 13:03:49.025 9549 9549 D SystemUIBootTiming: StartServicescom.android.systemui.recents.Recents took to complete: 69ms
11-10 13:03:49.085 9549 9549 D SystemUIBootTiming: StartServicescom.android.systemui.volume.VolumeUI took to complete: 61ms
11-10 13:03:49.113 9549 9549 D SystemUIBootTiming: StartServicescom.android.systemui.stackdivider.Divider took to complete: 27ms
11-10 13:03:49.134 2262 3536 I chatty : uid=1000(system) Binder:2262_A expire 1 line
11-10 13:03:49.214 2262 7851 I chatty : uid=1000(system) Binder:2262_1E expire 2 lines
11-10 13:03:49.523 9549 9549 D SystemUIBootTiming: StartServicescom.android.systemui.SystemBars took to complete: 411ms
11-10 13:03:49.530 9549 9549 D SystemUIBootTiming: StartServicescom.android.systemui.usb.StorageNotification took to complete: 7ms
11-10 13:03:49.536 9549 9549 D SystemUIBootTiming: StartServicescom.android.systemui.power.PowerUI took to complete: 6ms
11-10 13:03:49.538 9549 9549 D SystemUIBootTiming: StartServicescom.android.systemui.media.RingtonePlayer took to complete: 1ms
11-10 13:03:49.539 9549 9549 D SystemUIBootTiming: StartServicescom.android.systemui.keyboard.KeyboardUI took to complete: 1ms
11-10 13:03:49.553 9549 9549 D SystemUIBootTiming: StartServicescom.android.systemui.pip.PipUI took to complete: 14ms
11-10 13:03:49.554 9549 9549 D SystemUIBootTiming: StartServicescom.android.systemui.shortcut.ShortcutKeyDispatcher took to complete: 1ms
11-10 13:03:49.554 9549 9549 D SystemUIBootTiming: StartServicescom.android.systemui.VendorServices took to complete: 0ms
11-10 13:03:49.555 9549 9549 D SystemUIBootTiming: StartServicescom.android.systemui.util.leak.GarbageMonitor$Service took to complete: 1ms
11-10 13:03:49.556 9549 9549 D SystemUIBootTiming: StartServicescom.android.systemui.LatencyTester took to complete: 1ms
11-10 13:03:49.557 9549 9549 D SystemUIBootTiming: StartServicescom.android.systemui.globalactions.GlobalActionsComponent took to complete: 1ms
11-10 13:03:49.561 9549 9549 D SystemUIBootTiming: StartServicescom.android.systemui.ScreenDecorations took to complete: 5ms
11-10 13:03:49.571 9549 9549 D SystemUIBootTiming: StartServicescom.android.systemui.fingerprint.FingerprintDialogImpl took to complete: 9ms
11-10 13:03:49.571 9549 9549 D SystemUIBootTiming: StartServicescom.android.systemui.fingerprint.FODCircleViewImpl took to complete: 1ms
11-10 13:03:49.573 9549 9549 D SystemUIBootTiming: StartServicescom.android.systemui.SliceBroadcastRelayHandler took to complete: 1ms
11-10 13:03:49.573 9549 9549 D SystemUIBootTiming: StartServices took to complete: 716ms
11-10 13:03:49.709 2262 2804 I chatty : uid=1000(system) WifiService expire 1 line
11-10 13:03:50.086 2262 2850 I chatty : uid=1000(system) Binder:2262_5 expire 3 lines
11-10 13:03:50.486 2262 5903 I chatty : uid=1000(system) Binder:2262_11 expire 1 line
11-10 13:10:53.414 2262 6123 I chatty : uid=1000(system) Binder:2262_15 expire 1 line
11-10 13:12:23.317 2262 2301 I chatty : uid=1000(system) ActivityManager expire 1 line
11-10 13:17:02.792 2262 6121 I chatty : uid=1000(system) Binder:2262_13 expire 1 line
11-10 13:29:14.158 2262 5432 I chatty : uid=1000(system) Binder:2262_10 expire 1 line
11-10 13:29:55.107 2262 2262 I chatty : uid=1000 system_server expire 89 lines
11-10 13:40:26.005 2262 2306 I chatty : uid=1000(system) batterystats-wo expire 4 lines
11-10 13:41:09.598 2262 8104 I chatty : uid=1000(system) Binder:2262_20 expire 17 lines
11-10 13:41:09.825 2262 2303 I chatty : uid=1000(system) ActivityManager expire 1 line
11-10 13:41:09.827 3044 3044 I Telephony: TelephonyConnectionService: onCreateIncomingConnection, request: ConnectionRequest xxxxxxxxxxxxx Bundle[{android.telecom.extra.INCOMING_CALL_ADDRESS=tel:937208377, android.telecom.extra.CALL_CREATED_TIME_MILLIS=80620202, android.telecom.extra.CALL_TELECOM_ROUTING_START_TIME_MILLIS=80620298}]: (SBC.oSC)->CS.crCo->H.CS.crCo->H.CS.crCo.pICR@E-AtA
11-10 13:41:09.870 2262 9861 I chatty : uid=1000 system_server expire 1 line
11-10 13:41:09.876 3044 3044 I Telephony: TelephonyConnectionService: notifyCreateConnectionComplete TC@1_1: (...->CSW.hCCC)->CS.crCoC->H.CS.crCoC@E-E-E-AtA
11-10 13:41:10.020 2262 2262 I chatty : uid=1000 system_server expire 34 lines
11-10 13:41:10.066 2262 3952 I chatty : uid=1000(system) AsyncQueryWorke expire 1 line
11-10 13:41:10.139 2262 2301 I chatty : uid=1000(system) ActivityManager expire 12 lines
11-10 13:41:10.228 2262 9885 I chatty : uid=1000 system_server expire 3 lines
11-10 13:41:35.957 1958 1958 W wificond: Scan aborted
11-10 13:41:40.341 2262 2262 I chatty : uid=1000 system_server expire 37 lines
11-10 13:41:46.097 1958 1958 W wificond: Scan aborted
11-10 13:41:56.249 1958 1958 W wificond: Scan aborted
11-10 13:41:59.752 3044 3044 I Telephony: : onDisconnect: callId=TC@1_1, cause=LOCAL
11-10 13:41:59.873 2262 3125 I chatty : uid=1000(system) uteStateMachine expire 13 lines
11-10 13:42:01.151 3044 3044 I Telephony: PstnIncomingCallNotifier: Unregistering: Handler (com.qualcomm.qti.internal.telephony.QtiGsmCdmaPhone) {827e166}
11-10 13:42:01.151 3044 3044 I Telephony: PstnIncomingCallNotifier: Unregistering: Handler (com.qualcomm.qti.internal.telephony.QtiGsmCdmaPhone) {a8c3ca7}
11-10 13:42:01.168 3044 3044 I Telephony: AccountEntry: Registered phoneAccount: [[ ] PhoneAccount: ComponentInfo{com.android.phone/com.android.services.telephony.TelephonyConnectionService}, ***, UserHandle{0} Capabilities: SuppVideo CallProvider MultiUser PlaceEmerg SimSub Audio Routes: BESW Schemes: tel voicemail Extras: Bundle[{android.telecom.extra.SUPPORTS_VIDEO_CALLING_FALLBACK=true, android.telecom.extra.SORT_ORDER=0}] GroupId: ***] with handle: ComponentInfo{com.android.phone/com.android.services.telephony.TelephonyConnectionService}, ***, UserHandle{0}
11-10 13:42:01.168 3044 3044 I Telephony: PstnIncomingCallNotifier: Registering: Handler (com.qualcomm.qti.internal.telephony.QtiGsmCdmaPhone) {827e166}
11-10 13:42:01.184 3044 3044 I Telephony: AccountEntry: Registered phoneAccount: [[ ] PhoneAccount: ComponentInfo{com.android.phone/com.android.services.telephony.TelephonyConnectionService}, ***, UserHandle{0} Capabilities: SuppVideo CallProvider MultiUser PlaceEmerg SimSub Audio Routes: BESW Schemes: tel voicemail Extras: Bundle[{android.telecom.extra.SUPPORTS_VIDEO_CALLING_FALLBACK=true, android.telecom.extra.SORT_ORDER=1}] GroupId: ***] with handle: ComponentInfo{com.android.phone/com.android.services.telephony.TelephonyConnectionService}, ***, UserHandle{0}
11-10 13:42:01.184 3044 3044 I Telephony: PstnIncomingCallNotifier: Registering: Handler (com.qualcomm.qti.internal.telephony.QtiGsmCdmaPhone) {a8c3ca7}
11-10 13:42:01.291 3044 3044 I Telephony: PstnPhoneCapabilitiesNotifier: handleVideoCapabilitesChanged. Video capability - false
11-10 13:42:01.319 3044 3044 I Telephony: PstnPhoneCapabilitiesNotifier: handleVideoCapabilitesChanged. Video capability - false
11-10 13:42:06.462 1958 1958 W wificond: Scan aborted
11-10 13:42:16.646 1958 1958 W wificond: Scan aborted
11-10 13:47:13.812 2262 2262 I chatty : uid=1000 system_server expire 56 lines
11-10 13:55:09.791 2262 2802 I chatty : uid=1000(system) NetworkPolicy expire 1 line
11-10 13:55:10.108 3044 3044 I Telephony: PstnIncomingCallNotifier: Unregistering: Handler (com.qualcomm.qti.internal.telephony.QtiGsmCdmaPhone) {827e166}
11-10 13:55:10.108 3044 3044 I Telephony: PstnIncomingCallNotifier: Unregistering: Handler (com.qualcomm.qti.internal.telephony.QtiGsmCdmaPhone) {a8c3ca7}
11-10 13:55:10.129 2262 3537 I chatty : uid=1000(system) Binder:2262_B expire 4 lines
11-10 13:55:10.134 3044 3044 I Telephony: AccountEntry: Registered phoneAccount: [[ ] PhoneAccount: ComponentInfo{com.android.phone/com.android.services.telephony.TelephonyConnectionService}, ***, UserHandle{0} Capabilities: SuppVideo CallProvider MultiUser PlaceEmerg SimSub Audio Routes: BESW Schemes: tel voicemail Extras: Bundle[{android.telecom.extra.SUPPORTS_VIDEO_CALLING_FALLBACK=true, android.telecom.extra.SORT_ORDER=0}] GroupId: ***] with handle: ComponentInfo{com.android.phone/com.android.services.telephony.TelephonyConnectionService}, ***, UserHandle{0}
11-10 13:55:10.134 3044 3044 I Telephony: PstnIncomingCallNotifier: Registering: Handler (com.qualcomm.qti.internal.telephony.QtiGsmCdmaPhone) {827e166}
11-10 13:55:10.160 3044 3044 I Telephony: AccountEntry: Registered phoneAccount: [[ ] PhoneAccount: ComponentInfo{com.android.phone/com.android.services.telephony.TelephonyConnectionService}, ***, UserHandle{0} Capabilities: SuppVideo CallProvider MultiUser PlaceEmerg SimSub Audio Routes: BESW Schemes: tel voicemail Extras: Bundle[{android.telecom.extra.SUPPORTS_VIDEO_CALLING_FALLBACK=true, android.telecom.extra.SORT_ORDER=1}] GroupId: ***] with handle: ComponentInfo{com.android.phone/com.android.services.telephony.TelephonyConnectionService}, ***, UserHandle{0}
11-10 13:55:10.160 3044 3044 I Telephony: PstnIncomingCallNotifier: Registering: Handler (com.qualcomm.qti.internal.telephony.QtiGsmCdmaPhone) {a8c3ca7}
11-10 13:55:10.312 3044 3044 I Telephony: PstnPhoneCapabilitiesNotifier: handleVideoCapabilitesChanged. Video capability - false
11-10 13:55:10.349 2262 6352 I chatty : uid=1000(system) Binder:2262_1A expire 2 lines
11-10 13:55:10.358 3044 3044 I Telephony: PstnPhoneCapabilitiesNotifier: handleVideoCapabilitesChanged. Video capability - false
11-10 13:55:27.279 2262 2262 I chatty : uid=1000 system_server expire 8 lines
11-10 13:55:46.876 2262 2765 I chatty : uid=1000(system) InputReader expire 1 line
11-10 13:55:46.888 2262 2317 I chatty : uid=1000(system) PowerManagerSer expire 3 lines
11-10 13:55:46.915 2262 2314 I chatty : uid=1000(system) android.display expire 1 line
11-10 13:55:48.363 2262 2301 I chatty : uid=1000(system) ActivityManager expire 1 line
11-10 13:55:52.420 2262 2312 I chatty : uid=1000(system) android.fg expire 1 line
11-10 13:55:52.431 2262 6250 I chatty : uid=1000(system) Binder:2262_17 expire 7 lines
11-10 13:55:54.950 2262 2312 I chatty : uid=1000(system) android.fg expire 10 lines
11-10 13:55:54.958 2262 3537 I chatty : uid=1000(system) Binder:2262_B expire 5 lines
11-10 13:55:54.983 2262 2286 I chatty : uid=1000(system) Binder:2262_1 expire 1 line
11-10 13:55:56.666 2262 6249 I chatty : uid=1000(system) Binder:2262_16 expire 1 line
11-10 13:55:56.695 2262 7852 I chatty : uid=1000(system) Binder:2262_1F expire 3 lines
11-10 13:55:56.696 2262 6531 I chatty : uid=1000(system) Binder:2262_1B expire 4 lines
11-10 13:56:08.220 2262 2302 I chatty : uid=1000(system) android.ui expire 8 lines
11-10 13:56:51.921 2262 2262 I chatty : uid=1000 system_server expire 29 lines
11-10 13:57:02.316 2262 2300 I chatty : uid=1000(system) android.bg expire 10 lines
11-10 13:57:41.614 2262 2756 I chatty : uid=1000(system) Binder:2262_3 expire 2 lines
11-10 13:57:42.174 2262 5202 I chatty : uid=1000(system) Binder:2262_F expire 5 lines
11-10 13:57:42.175 2262 5903 I chatty : uid=1000(system) Binder:2262_11 expire 8 lines
11-10 13:57:47.397 2262 2765 I chatty : uid=1000(system) InputReader expire 9 lines
11-10 13:57:47.399 2262 2317 I chatty : uid=1000(system) PowerManagerSer expire 26 lines
11-10 13:57:47.960 2262 2314 I chatty : uid=1000(system) android.display expire 9 lines
11-10 13:57:54.219 2262 2841 I chatty : uid=1000(system) Binder:2262_4 expire 2 lines
11-10 13:59:07.929 2262 2313 I chatty : uid=1000(system) android.io expire 3 lines
11-10 13:59:07.932 2262 2301 I chatty : uid=1000(system) ActivityManager expire 5 lines
11-10 13:59:07.961 2262 2306 I chatty : uid=1000(system) batterystats-wo expire 10 lines
11-10 13:59:12.024 2262 3519 I chatty : uid=1000(system) backup expire 5 lines
11-10 13:59:18.269 1958 1958 I wificond: Received external scan result notification from kernel.
11-10 13:59:18.531 2262 2262 I chatty : uid=1000 system_server expire 29 lines
11-10 14:26:55.196 2262 2287 I chatty : uid=1000(system) Binder:2262_2 expire 2 lines
11-10 14:26:58.350 2262 4951 I chatty : uid=1000(system) Binder:2262_C expire 1 line
11-10 14:27:01.693 2262 6252 I chatty : uid=1000(system) Binder:2262_19 expire 2 lines
11-10 14:27:13.016 2262 3263 I chatty : uid=1000(system) Binder:2262_7 expire 2 lines
11-10 14:34:05.286 2262 5186 I chatty : uid=1000(system) Binder:2262_E expire 1 line
11-10 15:21:56.473 2262 2757 I chatty : uid=1000(system) AlarmManager expire 1 line
11-10 15:30:05.650 2262 6352 I chatty : uid=1000(system) Binder:2262_1A expire 2 lines
11-10 15:30:06.657 2262 5432 I chatty : uid=1000(system) Binder:2262_10 expire 1 line
11-10 15:30:07.656 2262 6251 I chatty : uid=1000(system) Binder:2262_18 expire 1 line
11-10 15:30:43.371 2262 7851 I chatty : uid=1000(system) Binder:2262_1E expire 3 lines
11-10 15:31:40.354 2262 6120 I chatty : uid=1000(system) Binder:2262_12 expire 5 lines
11-10 16:06:42.525 2262 6121 I chatty : uid=1000(system) Binder:2262_13 expire 1 line
11-10 16:06:53.142 2262 2764 I chatty : uid=1000(system) InputDispatcher expire 1 line
11-10 16:07:07.697 2262 2303 I chatty : uid=1000(system) ActivityManager expire 1 line
11-10 16:07:08.463 2262 2402 I chatty : uid=1000(system) PackageManager expire 5 lines
11-10 16:07:08.792 2262 2301 I chatty : uid=1000(system) ActivityManager expire 11 lines
11-10 16:07:08.828 2262 2303 I chatty : uid=1000(system) ActivityManager expire 6 lines
11-10 16:07:08.869 2262 2312 I chatty : uid=1000(system) android.fg expire 10 lines
11-10 16:07:08.878 2262 2262 I chatty : uid=1000 system_server expire 19 lines
11-10 16:07:09.082 2262 2302 I chatty : uid=1000(system) android.ui expire 9 lines
11-10 16:07:09.082 2262 2300 I chatty : uid=1000(system) android.bg expire 4 lines
11-10 16:07:09.152 2262 3038 I chatty : uid=1000(system) Binder:2262_6 expire 5 lines
11-10 16:07:09.347 2262 6249 I chatty : uid=1000(system) Binder:2262_16 expire 1 line
11-10 16:07:09.392 2262 2314 I chatty : uid=1000(system) android.display expire 12 lines
11-10 16:07:12.657 2262 6531 I chatty : uid=1000(system) Binder:2262_1B expire 1 line
11-10 16:07:12.808 2262 7852 I chatty : uid=1000(system) Binder:2262_1F expire 1 line
11-10 16:07:13.120 2262 2286 I chatty : uid=1000(system) Binder:2262_1 expire 8 lines
11-10 16:07:13.188 2262 5202 I chatty : uid=1000(system) Binder:2262_F expire 2 lines
11-10 16:07:28.819 2262 2841 I chatty : uid=1000(system) Binder:2262_4 expire 2 lines
11-10 16:07:29.708 2262 6120 I chatty : uid=1000(system) Binder:2262_12 expire 1 line
11-10 16:07:29.710 2262 4951 I chatty : uid=1000(system) Binder:2262_C expire 1 line
11-10 16:07:31.877 2262 2765 I chatty : uid=1000(system) InputReader expire 8 lines
11-10 16:07:31.879 2262 2317 I chatty : uid=1000(system) PowerManagerSer expire 10 lines
11-10 16:08:32.394 2262 6532 I chatty : uid=1000(system) Binder:2262_1C expire 1 line
11-10 16:19:03.779 2262 6122 I chatty : uid=1000(system) Binder:2262_14 expire 3 lines
11-10 16:23:49.269 2262 2306 I chatty : uid=1000(system) batterystats-wo expire 8 lines
11-10 16:47:01.926 1958 1958 W wificond: Scan aborted
11-10 16:47:09.061 1958 1958 W wificond: Scan aborted
11-10 16:47:09.289 1958 1958 I wificond: Received external scan result notification from kernel.
11-10 16:48:11.290 2262 2262 I chatty : uid=1000 system_server expire 20 lines
11-10 16:49:52.204 2262 2317 I chatty : uid=1000(system) PowerManagerSer expire 9 lines
11-10 16:49:53.231 2262 3537 I chatty : uid=1000(system) Binder:2262_B expire 5 lines
11-10 16:49:53.256 2262 6123 I chatty : uid=1000(system) Binder:2262_15 expire 2 lines
11-10 16:49:53.276 2262 3535 I chatty : uid=1000(system) Binder:2262_9 expire 1 line
11-10 16:49:54.472 2262 6594 I chatty : uid=1000(system) Binder:2262_1D expire 5 lines
11-10 16:50:31.744 2262 2764 I chatty : uid=1000(system) InputDispatcher expire 3 lines
11-10 16:50:33.299 2262 2737 I chatty : uid=1000(system) android.anim expire 7 lines
11-10 16:50:44.315 2262 6251 I chatty : uid=1000(system) Binder:2262_18 expire 2 lines
11-10 16:51:04.100 2262 6121 I chatty : uid=1000(system) Binder:2262_13 expire 2 lines
11-10 16:51:04.476 2262 3441 I chatty : uid=1000(system) Binder:2262_8 expire 4 lines
11-10 16:51:31.752 2262 3263 I chatty : uid=1000(system) Binder:2262_7 expire 1 line
11-10 16:52:16.234 1958 1958 I wificond: Received external scan result notification from kernel.
11-10 16:54:34.244 2262 2262 I chatty : uid=1000 system_server expire 19 lines
11-10 16:55:08.665 2262 3536 I chatty : uid=1000(system) Binder:2262_A expire 3 lines
11-10 16:55:11.769 2262 7851 I chatty : uid=1000(system) Binder:2262_1E expire 1 line
11-10 16:55:15.785 2262 2313 I chatty : uid=1000(system) android.io expire 4 lines
11-10 16:55:24.319 2262 3536 I chatty : uid=1000(system) Binder:2262_A expire 5 lines
11-10 16:55:24.363 2262 2303 I chatty : uid=1000(system) ActivityManager expire 3 lines
11-10 16:55:25.840 2262 2312 I chatty : uid=1000(system) android.fg expire 9 lines
11-10 16:55:25.983 2262 2262 I chatty : uid=1000 system_server expire 17 lines
11-10 16:55:26.060 2262 2301 I chatty : uid=1000(system) ActivityManager expire 6 lines
11-10 16:55:26.074 2262 2306 I chatty : uid=1000(system) batterystats-wo expire 15 lines
11-10 16:55:26.767 2262 3441 I chatty : uid=1000(system) Binder:2262_8 expire 4 lines
11-10 16:55:56.416 2262 2317 I chatty : uid=1000(system) PowerManagerSer expire 17 lines
11-10 16:55:56.994 2262 2314 I chatty : uid=1000(system) android.display expire 9 lines
11-10 16:56:01.571 2262 6594 I chatty : uid=1000(system) Binder:2262_1D expire 2 lines
11-10 17:09:14.668 2262 2300 I chatty : uid=1000(system) android.bg expire 10 lines
11-10 17:46:01.857 2262 2765 I chatty : uid=1000(system) InputReader expire 8 lines
11-10 17:46:03.389 2262 6123 I chatty : uid=1000(system) Binder:2262_15 expire 2 lines
11-10 17:46:04.450 2262 3535 I chatty : uid=1000(system) Binder:2262_9 expire 2 lines
11-10 17:46:04.476 2262 6122 I chatty : uid=1000(system) Binder:2262_14 expire 1 line
11-10 17:46:05.515 2262 6352 I chatty : uid=1000(system) Binder:2262_1A expire 9 lines
11-10 17:46:05.766 2262 6532 I chatty : uid=1000(system) Binder:2262_1C expire 2 lines
11-10 17:46:37.038 2262 2302 I chatty : uid=1000(system) android.ui expire 7 lines
11-10 17:46:38.869 2262 3263 I chatty : uid=1000(system) Binder:2262_7 expire 2 lines
11-10 17:47:03.374 1958 1958 W wificond: Scan aborted
11-10 17:47:31.982 2262 2764 I chatty : uid=1000(system) InputDispatcher expire 2 lines
11-10 17:47:35.150 2262 2262 I chatty : uid=1000 system_server expire 18 lines
11-10 17:47:36.058 2262 7852 I chatty : uid=1000(system) Binder:2262_1F expire 2 lines
11-10 18:09:06.083 2262 2850 I chatty : uid=1000(system) Binder:2262_5 expire 5 lines
11-10 18:09:06.160 2262 3038 I chatty : uid=1000(system) Binder:2262_6 expire 2 lines
11-10 18:09:22.362 2262 3519 I chatty : uid=1000(system) backup expire 5 lines
11-10 18:10:49.579 2262 2756 I chatty : uid=1000(system) Binder:2262_3 expire 1 line
11-10 18:56:26.439 2262 4951 I chatty : uid=1000(system) Binder:2262_C expire 3 lines
11-10 18:59:33.363 2262 2286 I chatty : uid=1000(system) Binder:2262_1 expire 1 line
11-10 19:22:55.820 457 26678 D vold : idle maintenance started
11-10 19:22:55.830 457 26678 D vold : For path /cache/ block device is /dev/block/bootdevice/by-name/cache
11-10 19:22:55.830 457 26678 D vold : For path /data/ block device is /dev/block/dm-0
11-10 19:22:55.830 457 26678 D vold : Start GC on /sys/fs/f2fs/dm-0
11-10 19:22:55.830 457 26678 W vold : Set discard gralunarity failed on/sys/fs/f2fs/dm-0: No such file or directory
11-10 19:22:55.830 457 26678 W vold : Start GC failed on /sys/fs/f2fs/dm-0: No such file or directory
11-10 19:22:55.831 457 26678 W vold : Reading dirty_segments failed in /sys/fs/f2fs/dm-0: No such file or directory
11-10 19:22:55.831 457 26678 D vold : Stop GC on /sys/fs/f2fs/dm-0
11-10 19:22:55.831 457 26678 W vold : Stop GC failed on /sys/fs/f2fs/dm-0: No such file or directory
11-10 19:22:55.831 457 26678 W vold : Set discard gralunarity failed on/sys/fs/f2fs/dm-0: No such file or directory
11-10 19:22:55.831 457 26678 D vold : Starting trim of /cache
11-10 19:22:55.847 457 26678 I vold : Trimmed 123727872 bytes on /cache in 15ms
11-10 19:22:55.847 457 26678 D vold : Starting trim of /data
11-10 19:22:55.847 457 26678 W vold : Trim failed on /data: Operation not supported on transport endpoint
11-10 19:22:55.847 457 26678 D vold : Starting trim of /mnt/vendor/persist
11-10 19:22:55.847 457 26678 I vold : Trimmed 0 bytes on /mnt/vendor/persist in 0ms
11-10 19:22:55.847 457 26678 D vold : Starting trim of none
11-10 19:22:55.847 457 26678 W vold : Failed to open none: No such file or directory
11-10 19:22:55.848 457 26678 D vold : Starting trim of /persist
11-10 19:22:55.848 457 26678 I vold : Trimmed 0 bytes on /persist in 0ms
11-10 19:22:55.849 457 26678 D vold : idle maintenance completed
11-10 19:22:55.859 457 26706 D vold : idle maintenance stopped
11-10 19:22:55.897 5066 16842 D DownloadManager: Removed 0 stale downloads
11-10 19:22:55.944 5066 16842 D DownloadManager: Found 0 files in database
11-10 19:22:55.944 5066 16842 D DownloadManager: Found 0 files on disk
11-10 19:22:55.978 15136 26709 D DownloadManager: Removed 0 stale downloads
11-10 19:22:56.004 2262 2262 I chatty : uid=1000 system_server expire 16 lines
11-10 19:22:56.011 15136 26709 D DownloadManager: Found 0 files in database
11-10 19:22:56.011 15136 26709 D DownloadManager: Found 0 files on disk
11-10 19:22:56.033 2262 2768 I chatty : uid=1000(system) NetworkWatchlis expire 2 lines
11-10 19:22:56.159 5066 16842 D DownloadManager: Removed 0 stale downloads
11-10 19:22:56.160 15136 26709 D DownloadManager: Removed 0 stale downloads
11-10 19:22:56.179 5066 16842 D DownloadManager: Found 0 files in database
11-10 19:22:56.179 5066 16842 D DownloadManager: Found 0 files on disk
11-10 19:22:56.180 15136 26709 D DownloadManager: Found 0 files in database
11-10 19:22:56.180 15136 26709 D DownloadManager: Found 0 files on disk
11-10 19:25:11.925 2262 2317 I chatty : uid=1000(system) PowerManagerSer expire 7 lines
11-10 19:25:12.376 2262 7851 I chatty : uid=1000(system) Binder:2262_1E expire 3 lines
11-10 19:25:15.526 2262 6252 I chatty : uid=1000(system) Binder:2262_19 expire 1 line
11-10 19:25:32.029 1958 1958 W wificond: Scan already started
11-10 19:25:32.032 1958 1958 E wificond: NL80211_CMD_TRIGGER_SCAN failed: Device or resource busy
11-10 19:26:08.277 2262 2306 I chatty : uid=1000(system) batterystats-wo expire 15 lines
11-10 19:26:09.126 2262 2314 I chatty : uid=1000(system) android.display expire 9 lines
11-10 19:26:09.218 2262 2317 I chatty : uid=1000(system) PowerManagerSer expire 29 lines
11-10 19:26:09.265 2262 2262 I chatty : uid=1000 system_server expire 54 lines
11-10 19:26:10.338 2262 5903 I chatty : uid=1000(system) Binder:2262_11 expire 6 lines
11-10 19:26:10.368 2262 3038 I chatty : uid=1000(system) Binder:2262_6 expire 1 line
11-10 19:26:10.371 2262 5432 I chatty : uid=1000(system) Binder:2262_10 expire 5 lines
11-10 19:26:10.392 2262 2301 I chatty : uid=1000(system) ActivityManager expire 6 lines
11-10 19:26:42.725 2262 2312 I chatty : uid=1000(system) android.fg expire 5 lines
11-10 19:26:46.940 2262 4951 I chatty : uid=1000(system) Binder:2262_C expire 3 lines
11-10 19:27:08.792 2262 2765 I chatty : uid=1000(system) InputReader expire 5 lines
11-10 19:27:09.259 2262 6121 I chatty : uid=1000(system) Binder:2262_13 expire 1 line
11-10 19:27:09.297 2262 2841 I chatty : uid=1000(system) Binder:2262_4 expire 1 line
11-10 19:27:09.301 2262 2850 I chatty : uid=1000(system) Binder:2262_5 expire 6 lines
11-10 19:45:12.016 2262 2300 I chatty : uid=1000(system) android.bg expire 9 lines
11-10 20:57:00.498 2262 2313 I chatty : uid=1000(system) android.io expire 2 lines
11-10 21:10:47.957 2262 6251 I chatty : uid=1000(system) Binder:2262_18 expire 1 line
11-10 21:10:47.993 2262 6352 I chatty : uid=1000(system) Binder:2262_1A expire 2 lines
11-10 21:10:47.995 2262 5054 I chatty : uid=1000(system) Binder:2262_D expire 1 line
11-10 21:10:48.005 2262 6252 I chatty : uid=1000(system) Binder:2262_19 expire 3 lines
11-10 21:10:48.033 2262 6120 I chatty : uid=1000(system) Binder:2262_12 expire 2 lines
11-10 21:10:59.233 2262 2302 I chatty : uid=1000(system) android.ui expire 5 lines
11-10 21:11:06.118 2262 3537 I chatty : uid=1000(system) Binder:2262_B expire 5 lines
11-10 21:11:06.139 2262 3535 I chatty : uid=1000(system) Binder:2262_9 expire 1 line
11-10 21:11:08.715 2262 2756 I chatty : uid=1000(system) Binder:2262_3 expire 1 line
11-10 21:11:08.725 2262 6249 I chatty : uid=1000(system) Binder:2262_16 expire 2 lines
11-10 21:12:05.729 2262 3536 I chatty : uid=1000(system) Binder:2262_A expire 4 lines
11-10 21:19:03.784 2262 2303 I chatty : uid=1000(system) ActivityManager expire 1 line
11-10 21:31:15.249 2262 7852 I chatty : uid=1000(system) Binder:2262_1F expire 3 lines
11-10 21:32:51.193 2262 3263 I chatty : uid=1000(system) Binder:2262_7 expire 1 line
11-10 22:34:53.939 2262 5186 I chatty : uid=1000(system) Binder:2262_E expire 1 line
11-10 22:34:53.956 2262 3519 I chatty : uid=1000(system) backup expire 5 lines
11-10 22:34:54.154 2262 2764 I chatty : uid=1000(system) InputDispatcher expire 1 line
11-10 22:35:02.324 2262 6531 I chatty : uid=1000(system) Binder:2262_1B expire 3 lines
11-10 22:35:11.685 2262 2262 I chatty : uid=1000 system_server expire 28 lines
11-10 22:35:12.383 2262 2765 I chatty : uid=1000(system) InputReader expire 7 lines
11-10 22:35:12.385 2262 2317 I chatty : uid=1000(system) PowerManagerSer expire 24 lines
11-10 22:35:12.935 2262 2314 I chatty : uid=1000(system) android.display expire 8 lines
11-10 22:35:13.206 2262 5186 I chatty : uid=1000(system) Binder:2262_E expire 2 lines
11-10 22:36:12.918 2262 6123 I chatty : uid=1000(system) Binder:2262_15 expire 1 line
11-10 22:36:47.763 2262 2300 I chatty : uid=1000(system) android.bg expire 5 lines
11-10 22:56:08.257 2262 2306 I chatty : uid=1000(system) batterystats-wo expire 11 lines
11-10 23:32:53.791 2262 6249 I chatty : uid=1000(system) Binder:2262_16 expire 3 lines
11-10 23:33:03.893 2262 2841 I chatty : uid=1000(system) Binder:2262_4 expire 3 lines
11-10 23:33:54.472 2262 2286 I chatty : uid=1000(system) Binder:2262_1 expire 1 line
11-10 23:45:02.276 2262 2303 I chatty : uid=1000(system) ActivityManager expire 4 lines
11-10 23:45:02.484 2262 2287 I chatty : uid=1000(system) Binder:2262_2 expire 1 line
11-10 23:45:02.492 2262 7851 I chatty : uid=1000(system) Binder:2262_1E expire 4 lines
11-10 23:45:02.509 2262 2301 I chatty : uid=1000(system) ActivityManager expire 8 lines
11-10 23:45:02.577 2262 5054 I chatty : uid=1000(system) Binder:2262_D expire 2 lines
11-10 23:45:05.580 2262 3535 I chatty : uid=1000(system) Binder:2262_9 expire 3 lines
11-10 23:45:05.709 2262 2312 I chatty : uid=1000(system) android.fg expire 6 lines
11-10 23:45:05.711 2262 2764 I chatty : uid=1000(system) InputDispatcher expire 1 line
11-10 23:45:05.787 2262 6121 I chatty : uid=1000(system) Binder:2262_13 expire 4 lines
11-10 23:45:24.243 2262 7852 I chatty : uid=1000(system) Binder:2262_1F expire 3 lines
11-10 23:45:24.318 2262 3263 I chatty : uid=1000(system) Binder:2262_7 expire 2 lines
11-10 23:45:27.639 2262 2302 I chatty : uid=1000(system) android.ui expire 1 line
11-10 23:45:28.495 2262 8104 I chatty : uid=1000(system) Binder:2262_20 expire 1 line
11-10 23:45:30.590 2262 3537 I chatty : uid=1000(system) Binder:2262_B expire 2 lines
11-10 23:45:33.035 2262 6352 I chatty : uid=1000(system) Binder:2262_1A expire 3 lines
11-10 23:45:33.036 2262 3536 I chatty : uid=1000(system) Binder:2262_A expire 1 line
11-10 23:46:34.805 2262 3441 I chatty : uid=1000(system) Binder:2262_8 expire 1 line
11-10 23:57:00.528 2262 2313 I chatty : uid=1000(system) android.io expire 2 lines
11-10 23:57:16.482 1958 1958 W wificond: Scan aborted
11-10 23:57:26.955 2262 2262 I chatty : uid=1000 system_server expire 38 lines
11-10 23:57:46.613 1958 1958 I wificond: Received external scan result notification from kernel.
11-10 23:59:11.994 2262 2306 I chatty : uid=1000(system) batterystats-wo expire 1 line
11-11 00:00:00.449 2262 6120 I chatty : uid=1000(system) Binder:2262_12 expire 2 lines
11-11 00:00:00.694 2262 5903 I chatty : uid=1000(system) Binder:2262_11 expire 2 lines
11-11 00:00:00.705 2262 6122 I chatty : uid=1000(system) Binder:2262_14 expire 6 lines
11-11 00:02:45.484 2262 2262 I chatty : uid=1000 system_server expire 26 lines
11-11 00:02:55.643 1958 1958 I wificond: Received external scan result notification from kernel.
11-11 00:04:20.037 2262 2765 I chatty : uid=1000(system) InputReader expire 3 lines
11-11 00:04:20.057 2262 2317 I chatty : uid=1000(system) PowerManagerSer expire 6 lines
11-11 00:04:20.087 2262 2314 I chatty : uid=1000(system) android.display expire 3 lines
11-11 00:04:20.565 2262 6249 I chatty : uid=1000(system) Binder:2262_16 expire 1 line
11-11 00:04:20.585 2262 4951 I chatty : uid=1000(system) Binder:2262_C expire 1 line
11-11 00:04:20.589 2262 6532 I chatty : uid=1000(system) Binder:2262_1C expire 3 lines
11-11 00:04:20.620 2262 8104 I chatty : uid=1000(system) Binder:2262_20 expire 2 lines
11-11 00:04:20.642 2262 2301 I chatty : uid=1000(system) ActivityManager expire 1 line
11-11 00:04:20.965 2262 3537 I chatty : uid=1000(system) Binder:2262_B expire 1 line
11-11 00:05:07.424 2262 2302 I chatty : uid=1000(system) android.ui expire 3 lines
11-11 00:05:12.512 2262 2312 I chatty : uid=1000(system) android.fg expire 2 lines
11-11 00:05:12.521 2262 6121 I chatty : uid=1000(system) Binder:2262_13 expire 1 line
11-11 00:05:12.563 2262 5054 I chatty : uid=1000(system) Binder:2262_D expire 1 line
11-11 00:05:13.553 2262 6531 I chatty : uid=1000(system) Binder:2262_1B expire 4 lines
11-11 00:05:13.762 2262 6123 I chatty : uid=1000(system) Binder:2262_15 expire 1 line
11-11 00:05:13.762 2262 7852 I chatty : uid=1000(system) Binder:2262_1F expire 9 lines
11-11 00:05:13.763 2262 3263 I chatty : uid=1000(system) Binder:2262_7 expire 1 line
11-11 00:05:13.763 2262 2287 I chatty : uid=1000(system) Binder:2262_2 expire 1 line
11-11 00:05:13.764 2262 2808 I chatty : uid=1000(system) ConnectivitySer expire 2 lines
11-11 00:05:13.766 2262 6250 I chatty : uid=1000(system) Binder:2262_17 expire 4 lines
11-11 00:05:14.315 2262 2764 I chatty : uid=1000(system) InputDispatcher expire 1 line
