11-11 15:03:09.718 2262 2262 I Telecom : TelecomSystem: CallerInfoAsyncQuery.startQuery number=*** cookie=TSI.aNIC->CILH.sL->CILH.sL@BVY: TSI.aNIC->CILH.sL@BVY
11-11 15:03:09.822 2262 2262 W Looper : Slow dispatch took 149ms main h=android.os.Handler c=android.telecom.Logging.Runnable$1@a150c11 m=0
11-11 15:03:09.839 2262 2262 I Telecom : ServiceBinderConnection: Service bound ComponentInfo{com.android.phone/com.android.services.telephony.TelephonyConnectionService}: SBC.oSC@BVc
11-11 15:03:09.842 2262 2262 I Telecom : Event: RecordEntry TC@2: CS_BOUND, ComponentInfo{com.android.phone/com.android.services.telephony.TelephonyConnectionService}: SBC.oSC@BVc
11-11 15:03:09.849 2262 2262 I Telecom : Event: RecordEntry TC@2: START_CONNECTION, tel:*********: SBC.oSC@BVc
11-11 15:03:09.871 2262 6121 I Telecom : PhoneAccountRegistrar: SimCallManager queried, returning: null: (...->CS.aCSA->H.CS.aCSA)->CSW.qRCS@E-E-BVc
11-11 15:03:09.875 3044 3044 I Telephony: TelephonyConnectionService: onCreateIncomingConnection, request: ConnectionRequest xxxxxxxxxxxxx Bundle[{android.telecom.extra.INCOMING_CALL_ADDRESS=tel:937208377, android.telecom.extra.CALL_CREATED_TIME_MILLIS=171940177, android.telecom.extra.CALL_TELECOM_ROUTING_START_TIME_MILLIS=171940279}]: (SBC.oSC)->CS.crCo->H.CS.crCo->H.CS.crCo.pICR@E-BVc
11-11 15:03:09.922 2262 4951 I Telecom : Event: RecordEntry TC@2: CAPABILITY_CHANGE, Current: [[ sup_hld mut !v2a spd_aud]], Removed [[]], Added [[ sup_hld mut !v2a spd_aud]]: (...->CS.crCo->H.CS.crCo->H.CS.crCo.pICR)->CSW.hCCC@E-E-BVc
11-11 15:03:09.926 2262 4951 I Telecom : Event: RecordEntry TC@2: FILTERING_INITIATED, null: (...->CS.crCo->H.CS.crCo->H.CS.crCo.pICR)->CSW.hCCC@E-E-BVc
11-11 15:03:09.927 2262 4951 I Telecom : Event: RecordEntry TC@2: DIRECT_TO_VM_INITIATED, null: (...->CS.crCo->H.CS.crCo->H.CS.crCo.pICR)->CSW.hCCC@E-E-BVc
11-11 15:03:09.927 2262 4951 I Telecom : CallerInfoLookupHelper: There is a previously incomplete query for handle tel:*********. Adding to listeners for this query.: (...->CS.crCo->H.CS.crCo->H.CS.crCo.pICR)->CSW.hCCC@E-E-BVc
11-11 15:03:09.939 2262 4951 I Telecom : Event: RecordEntry TC@2: SCREENING_SENT, null: (...->CS.crCo->H.CS.crCo->H.CS.crCo.pICR)->CSW.hCCC@E-E-BVc
11-11 15:03:09.939 2262 4951 I Telecom : CallScreeningServiceFilter: There are no call screening services installed on this device.: (...->CS.crCo->H.CS.crCo->H.CS.crCo.pICR)->CSW.hCCC@E-E-BVc
11-11 15:03:09.940 2262 4951 I Telecom : CallScreeningServiceFilter: Could not bind to call screening service: (...->CS.crCo->H.CS.crCo->H.CS.crCo.pICR)->CSW.hCCC@E-E-BVc
11-11 15:03:09.941 2262 4951 I Telecom : Event: RecordEntry TC@2: SCREENING_COMPLETED, [Allow, logged, notified]: (...->CS.crCo->H.CS.crCo->H.CS.crCo.pICR)->CSW.hCCC@E-E-BVc
11-11 15:03:09.942 2262 29704 I Telecom : Event: RecordEntry TC@2: BLOCK_CHECK_INITIATED, null: (...->CS.crCo->H.CS.crCo->H.CS.crCo.pICR)->CSW.hCCC->ABCF.dIB@E-E-BVc
11-11 15:03:09.944 3044 3044 I Telephony: TelephonyConnectionService: notifyCreateConnectionComplete TC@2_1: (...->CSW.hCCC)->CS.crCoC->H.CS.crCoC@E-E-E-BVc
11-11 15:03:09.970 2262 2262 I Telecom : CallerInfoLookupHelper: CI query for handle tel:********* has completed; notifying all listeners.: TSI.aNIC->CILH.sL->CILH.oQC@BVY
11-11 15:03:09.970 2262 2262 I Telecom : Call: CallerInfo received for tel:*********: com.android.internal.telephony.CallerInfo@1c43f02 { name non-null, phoneNumber non-null }: TSI.aNIC->CILH.sL->CILH.oQC@BVY
11-11 15:03:09.971 2262 2262 I Telecom : Event: RecordEntry TC@2: DIRECT_TO_VM_FINISHED, [Allow, logged, notified]: TSI.aNIC->CILH.sL->CILH.oQC@BVY
11-11 15:03:09.971 2262 2262 I Telecom : CallerInfoLookupHelper: There is no photo for this contact, skipping photo query: TSI.aNIC->CILH.sL->CILH.oQC@BVY
11-11 15:03:09.983 2262 2262 I Telecom : Event: RecordEntry TC@2: BLOCK_CHECK_FINISHED, [Allow, logged, notified]: (...->CS.crCo->H.CS.crCo->H.CS.crCo.pICR)->CSW.hCCC->ABCF.oPE@E-E-BVc
11-11 15:03:09.984 2262 2262 I Telecom : Event: RecordEntry TC@2: FILTERING_COMPLETED, [Allow, logged, notified]: (...->CS.crCo->H.CS.crCo->H.CS.crCo.pICR)->CSW.hCCC->ABCF.oPE->ICF.oCFC@E-E-BVc
11-11 15:03:09.985 2262 2262 I Telecom : CallsManager: setCallState NEW -> RINGING, call: [TC@2, NEW, com.android.phone/com.android.services.telephony.TelephonyConnectionService, tel:*********, A, childs(0), has_parent(false), [Capabilities: CAPABILITY_SUPPORT_HOLD CAPABILITY_MUTE CAPABILITY_CANNOT_DOWNGRADE_VIDEO_TO_AUDIO CAPABILITY_SPEED_UP_MT_AUDIO], [Properties:]]: (...->CS.crCo->H.CS.crCo->H.CS.crCo.pICR)->CSW.hCCC->ABCF.oPE->ICF.oCFC@E-E-BVc
11-11 15:03:09.987 2262 2262 I Telecom : Event: RecordEntry TC@2: SET_RINGING, successful incoming call: (...->CS.crCo->H.CS.crCo->H.CS.crCo.pICR)->CSW.hCCC->ABCF.oPE->ICF.oCFC@E-E-BVc
11-11 15:03:09.989 2262 2262 I Telecom : InCallController: onCallAdded: [TC@2, RINGING, com.android.phone/com.android.services.telephony.TelephonyConnectionService, tel:*********, A, childs(0), has_parent(false), [Capabilities: CAPABILITY_SUPPORT_HOLD CAPABILITY_MUTE CAPABILITY_CANNOT_DOWNGRADE_VIDEO_TO_AUDIO CAPABILITY_SPEED_UP_MT_AUDIO], [Properties:]]; not bound or connected.: (...->CS.crCo->H.CS.crCo->H.CS.crCo.pICR)->CSW.hCCC->ABCF.oPE->ICF.oCFC@E-E-BVc
11-11 15:03:09.990 2262 2262 I Telecom : InCallController: defaultDialer: null: (...->CS.crCo->H.CS.crCo->H.CS.crCo.pICR)->CSW.hCCC->ABCF.oPE->ICF.oCFC@E-E-BVc
11-11 15:03:09.990 2262 2262 I Telecom : InCallController: defaultDialer: null: (...->CS.crCo->H.CS.crCo->H.CS.crCo.pICR)->CSW.hCCC->ABCF.oPE->ICF.oCFC@E-E-BVc
11-11 15:03:09.991 2262 2262 I Telecom : CarSwappingInCallServiceConnection: carmodechange: false => false: (...->CS.crCo->H.CS.crCo->H.CS.crCo.pICR)->CSW.hCCC->ABCF.oPE->ICF.oCFC@E-E-BVc
11-11 15:03:09.991 2262 2262 I Telecom : EmergencyCallHelper: ShouldGrantTemporaryLocationPermission, disabled by config: (...->CS.crCo->H.CS.crCo->H.CS.crCo.pICR)->CSW.hCCC->ABCF.oPE->ICF.oCFC@E-E-BVc
11-11 15:03:09.992 2262 2262 I Telecom : EmergencyInCallServiceConnection: Attempting to bind to InCall [ComponentInfo{com.android.dialer/com.android.incallui.InCallServiceImpl} supportsExternal? true supportsSelfMg?false], with Intent { act=android.telecom.InCallService cmp=com.android.dialer/com.android.incallui.InCallServiceImpl }: (...->CS.crCo->H.CS.crCo->H.CS.crCo.pICR)->CSW.hCCC->ABCF.oPE->ICF.oCFC@E-E-BVc
11-11 15:03:10.006 2262 2262 W ContextImpl: Calling a method in the system process without a qualified user: android.app.ContextImpl.sendBroadcastAsUserMultiplePermissions:1053 com.android.server.TelephonyRegistry.broadcastCallStateChanged:1602 com.android.server.TelephonyRegistry.notifyCallState:760 com.android.server.telecom.PhoneStateBroadcaster.sendPhoneStateChangedBroadcast:117 com.android.server.telecom.PhoneStateBroadcaster.updateStates:94
11-11 15:03:10.006 2262 2262 I Telecom : PhoneStateBroadcaster: Broadcasted state change: 1: (...->CS.crCo->H.CS.crCo->H.CS.crCo.pICR)->CSW.hCCC->ABCF.oPE->ICF.oCFC@E-E-BVc
11-11 15:03:10.006 2262 2301 W BroadcastQueue: Permission Denial: receiving Intent { act=android.intent.action.PHONE_STATE flg=0x1000010 (has extras) } to ProcessRecord{c19b573 9549:com.android.systemui/u0a18} (pid=9549, uid=10018) requires android.permission.READ_PHONE_STATE due to sender android (uid 1000)
11-11 15:03:10.007 2262 2301 W BroadcastQueue: Permission Denial: receiving Intent { act=android.intent.action.PHONE_STATE flg=0x1000010 (has extras) } to ProcessRecord{c19b573 9549:com.android.systemui/u0a18} (pid=9549, uid=10018) requires android.permission.READ_PHONE_STATE due to sender android (uid 1000)
11-11 15:03:10.007 2262 2301 I chatty : uid=1000(system) ActivityManager identical 1 line
11-11 15:03:10.007 2262 2301 W BroadcastQueue: Permission Denial: receiving Intent { act=android.intent.action.PHONE_STATE flg=0x1000010 (has extras) } to ProcessRecord{c19b573 9549:com.android.systemui/u0a18} (pid=9549, uid=10018) requires android.permission.READ_PHONE_STATE due to sender android (uid 1000)
11-11 15:03:10.007 2262 2262 I Telecom : TelecomWakeLock: Acquiring WakeLock with id: 26: (...->CS.crCo->H.CS.crCo->H.CS.crCo.pICR)->CSW.hCCC->ABCF.oPE->ICF.oCFC@E-E-BVc
11-11 15:03:10.007 2262 2262 I Telecom : InCallWakeLockController: Acquiring full wake lock: (...->CS.crCo->H.CS.crCo->H.CS.crCo.pICR)->CSW.hCCC->ABCF.oPE->ICF.oCFC@E-E-BVc
11-11 15:03:10.008 2262 2262 I Telecom : IncomingCallNotifier: updateIncomingCall: foundIncomingcall = null: (...->CS.crCo->H.CS.crCo->H.CS.crCo.pICR)->CSW.hCCC->ABCF.oPE->ICF.oCFC@E-E-BVc
11-11 15:03:10.009 2262 3125 I Telecom : CallAudioRouteStateMachine: Message received: UPDATE_SYSTEM_AUDIO_ROUTE=1201, arg1=0: (...->CS.crCo->H.CS.crCo->H.CS.crCo.pICR)->CSW.hCCC->ABCF.oPE->ICF.oCFC->CARSM.pM_UPDATE_SYSTEM_AUDIO_ROUTE@E-E-BVc
11-11 15:03:10.009 2262 3125 I Telecom : QuiescentEarpieceRoute: Processing message UPDATE_SYSTEM_AUDIO_ROUTE: (...->CS.crCo->H.CS.crCo->H.CS.crCo.pICR)->CSW.hCCC->ABCF.oPE->ICF.oCFC->CARSM.pM_UPDATE_SYSTEM_AUDIO_ROUTE@E-E-BVc
11-11 15:03:10.010 2262 3132 I Telecom : CallAudioModeStateMachine: Message received: NEW_RINGING_CALL.: (...->CS.crCo->H.CS.crCo->H.CS.crCo.pICR)->CSW.hCCC->ABCF.oPE->ICF.oCFC->CAMSM.pM_2002@E-E-BVc
11-11 15:03:10.010 2262 3132 I Telecom : CallAudioModeStateMachine: Audio focus entering RINGING state: (...->CS.crCo->H.CS.crCo->H.CS.crCo.pICR)->CSW.hCCC->ABCF.oPE->ICF.oCFC->CAMSM.pM_2002@E-E-BVc
11-11 15:03:10.011 2262 3125 I Telecom : CallAudioRouteStateMachine: setSystemAudioState: changing from [AudioState isMuted: false, route: EARPIECE, supportedRouteMask: EARPIECE, SPEAKER, activeBluetoothDevice: [null], supportedBluetoothDevices: []] to [AudioState isMuted: false, route: EARPIECE, supportedRouteMask: EARPIECE, SPEAKER, activeBluetoothDevice: [null], supportedBluetoothDevices: []]: (...->CS.crCo->H.CS.crCo->H.CS.crCo.pICR)->CSW.hCCC->ABCF.oPE->ICF.oCFC->CARSM.pM_UPDATE_SYSTEM_AUDIO_ROUTE@E-E-BVc
11-11 15:03:10.040 2262 2262 I Telecom : InCallController: onConnected to ComponentInfo{com.android.dialer/com.android.incallui.InCallServiceImpl}: ICSBC.oSC@BVs
11-11 15:03:10.041 2262 2262 I Telecom : InCallController: Adding 1 calls to InCallService after onConnected: ComponentInfo{com.android.dialer/com.android.incallui.InCallServiceImpl}, including external calls: ICSBC.oSC@BVs
11-11 15:03:10.045 2262 2262 I Telecom : InCallController: 1 calls sent to InCallService.: ICSBC.oSC@BVs
11-11 15:03:10.097 2262 3132 I Telecom : Event: RecordEntry TC@2: START_RINGER, null: (...->CS.crCo->H.CS.crCo->H.CS.crCo.pICR)->CSW.hCCC->ABCF.oPE->ICF.oCFC->CAMSM.pM_2002@E-E-BVc
11-11 15:03:10.099 2262 29720 I Telecom : AsyncRingtonePlayer: Play ringtone.
11-11 15:03:10.159 2262 3132 I Telecom : Event: RecordEntry TC@2: SKIP_VIBRATION, hasVibrator=true, userRequestsVibrate=false, ringerMode=2, isVibrating=false: (...->CS.crCo->H.CS.crCo->H.CS.crCo.pICR)->CSW.hCCC->ABCF.oPE->ICF.oCFC->CAMSM.pM_2002@E-E-BVc
11-11 15:03:10.160 2262 29720 I Telecom : AsyncRingtonePlayer: Repeat ringtone.
11-11 15:03:10.171 2262 3125 I Telecom : CallAudioRouteStateMachine: Message received: SWITCH_FOCUS=4001, arg1=3: (...->CS.crCo->H.CS.crCo->H.CS.crCo.pICR)->CSW.hCCC->ABCF.oPE->ICF.oCFC->CAMSM.pM_2002->CARSM.pM_SWITCH_FOCUS@E-E-BVc
11-11 15:03:10.171 2262 3125 I Telecom : QuiescentEarpieceRoute: Processing message SWITCH_FOCUS: (...->CS.crCo->H.CS.crCo->H.CS.crCo.pICR)->CSW.hCCC->ABCF.oPE->ICF.oCFC->CAMSM.pM_2002->CARSM.pM_SWITCH_FOCUS@E-E-BVc
11-11 15:03:10.172 2262 3125 I Telecom : Event: RecordEntry TC@2: AUDIO_ROUTE, Leaving state QuiescentEarpieceRoute: (...->CS.crCo->H.CS.crCo->H.CS.crCo.pICR)->CSW.hCCC->ABCF.oPE->ICF.oCFC->CAMSM.pM_2002->CARSM.pM_SWITCH_FOCUS@E-E-BVc
11-11 15:03:10.172 2262 3125 I Telecom : Event: RecordEntry TC@2: AUDIO_ROUTE, Entering state ActiveEarpieceRoute: (...->CS.crCo->H.CS.crCo->H.CS.crCo.pICR)->CSW.hCCC->ABCF.oPE->ICF.oCFC->CAMSM.pM_2002->CARSM.pM_SWITCH_FOCUS@E-E-BVc
11-11 15:03:10.173 2262 3125 I Telecom : Event: RecordEntry TC@2: AUDIO_ROUTE_EARPIECE, null: (...->CS.crCo->H.CS.crCo->H.CS.crCo.pICR)->CSW.hCCC->ABCF.oPE->ICF.oCFC->CAMSM.pM_2002->CARSM.pM_SWITCH_FOCUS@E-E-BVc
11-11 15:03:10.173 2262 3125 I Telecom : CallAudioRouteStateMachine: turning speaker phone false: (...->CS.crCo->H.CS.crCo->H.CS.crCo.pICR)->CSW.hCCC->ABCF.oPE->ICF.oCFC->CAMSM.pM_2002->CARSM.pM_SWITCH_FOCUS@E-E-BVc
11-11 15:03:10.173 2262 3125 I Telecom : CallAudioRouteStateMachine: setSystemAudioState: changing from [AudioState isMuted: false, route: EARPIECE, supportedRouteMask: EARPIECE, SPEAKER, activeBluetoothDevice: [null], supportedBluetoothDevices: []] to [AudioState isMuted: false, route: EARPIECE, supportedRouteMask: EARPIECE, SPEAKER, activeBluetoothDevice: [null], supportedBluetoothDevices: []]: (...->CS.crCo->H.CS.crCo->H.CS.crCo.pICR)->CSW.hCCC->ABCF.oPE->ICF.oCFC->CAMSM.pM_2002->CARSM.pM_SWITCH_FOCUS@E-E-BVc
11-11 15:03:10.173 2262 3125 I Telecom : InCallController: Calling onAudioStateChanged, audioState: [AudioState isMuted: false, route: EARPIECE, supportedRouteMask: EARPIECE, SPEAKER, activeBluetoothDevice: [null], supportedBluetoothDevices: []] -> [AudioState isMuted: false, route: EARPIECE, supportedRouteMask: EARPIECE, SPEAKER, activeBluetoothDevice: [null], supportedBluetoothDevices: []]: (...->CS.crCo->H.CS.crCo->H.CS.crCo.pICR)->CSW.hCCC->ABCF.oPE->ICF.oCFC->CAMSM.pM_2002->CARSM.pM_SWITCH_FOCUS@E-E-BVc
11-11 15:03:10.174 2262 3125 I Telecom : BluetoothRouteManager: getBluetoothAudioConnectedDevice: no headset service available.: (...->CS.crCo->H.CS.crCo->H.CS.crCo.pICR)->CSW.hCCC->ABCF.oPE->ICF.oCFC->CAMSM.pM_2002->CARSM.pM_SWITCH_FOCUS@E-E-BVc
11-11 15:03:10.345 2262 2850 I ActivityManager: START u0 {act=android.intent.action.MAIN flg=0x10040000 cmp=com.android.dialer/com.android.incallui.InCallActivity (has extras)} from uid 10016
11-11 15:03:10.370 2262 2850 W ActivityManager: Request to remove task ignored for non-existent task 509
11-11 15:03:10.383 2262 3441 I ActivityManager: START u0 {act=android.intent.action.MAIN flg=0x10040000 cmp=com.android.dialer/com.android.incallui.InCallActivity (has extras)} from uid 10016
11-11 15:03:10.463 2262 3441 D ActivityManager: Raise procstate to external provider: ProcessRecord{7de28e5 16468:android.process.acore/u0a11}
11-11 15:03:10.614 2262 6120 I PowerManagerService: Waking up from sleep (uid=1000 reason=android.server.wm:TURN_ON)...
11-11 15:03:10.616 2262 2317 I DisplayPowerController: Blocking screen on until initial contents have been drawn.
11-11 15:03:10.627 2262 2262 W UsageStatsService: Event reported without a package name
11-11 15:03:10.627 2262 2262 W UsageStatsService: Event reported without a package name
11-11 15:03:10.663 2262 3441 I ActivityManager: Activity reported stop, but no longer stopping: ActivityRecord{5576662 u0 com.android.dialer/com.android.incallui.InCallActivity t510}
11-11 15:03:10.666 2262 2262 V FingerprintService: stop client com.android.systemui
11-11 15:03:10.676 2262 2262 W FingerprintService: client com.android.systemui is no longer authenticating
11-11 15:03:10.676 2262 2262 V FingerprintService: Done with client: com.android.systemui
11-11 15:03:10.676 2262 2262 V FingerprintService: handleError(client=com.android.systemui, error = 5)
11-11 15:03:10.676 2262 2314 I DisplayManagerService: Display device changed state: "Ecrã Integrado", ON
11-11 15:03:10.702 2262 2262 V FingerprintService: handleError(client=null, error = 5)
11-11 15:03:10.821 2262 2262 V SettingsProvider: Notifying for 0: content://settings/system/screen_brightness
11-11 15:03:10.835 2262 2317 I DisplayPowerController: Unblocked screen on after 220 ms
11-11 15:03:10.903 2262 2317 W PowerManagerService: Screen on took 288 ms
11-11 15:03:19.419 2262 6121 I Telecom : Event: RecordEntry TC@2: STOP_RINGER, null: ICA.rC(InCall package: com.android.dialer)@BXc
11-11 15:03:19.425 2262 29720 I Telecom : AsyncRingtonePlayer: Stop ringtone.
11-11 15:03:19.447 2262 6121 I Telecom : Event: RecordEntry TC@2: REQUEST_REJECT, internal: ICA.rC(InCall package: com.android.dialer)@BXc
11-11 15:03:19.449 2262 6120 I Telecom : InCallController: Sending updateCall [TC@2, RINGING, com.android.phone/com.android.services.telephony.TelephonyConnectionService, tel:*********, A, childs(0), has_parent(false), [Capabilities: CAPABILITY_SUPPORT_HOLD CAPABILITY_MUTE CAPABILITY_CANNOT_DOWNGRADE_VIDEO_TO_AUDIO CAPABILITY_SPEED_UP_MT_AUDIO], [Properties:]]: CSW.sSH@BXg
11-11 15:03:19.455 2262 6120 I Telecom : InCallController: Components updated: [ComponentInfo{com.android.dialer/com.android.incallui.InCallServiceImpl}]: CSW.sSH@BXg
11-11 15:03:19.456 2262 6120 I Telecom : InCallController: Sending updateCall [TC@2, RINGING, com.android.phone/com.android.services.telephony.TelephonyConnectionService, tel:*********, A, childs(0), has_parent(false), [Capabilities: CAPABILITY_SUPPORT_HOLD CAPABILITY_MUTE CAPABILITY_CANNOT_DOWNGRADE_VIDEO_TO_AUDIO CAPABILITY_SPEED_UP_MT_AUDIO], [Properties:]]: CSW.rE@BXk
11-11 15:03:19.463 2262 6120 I Telecom : InCallController: Components updated: [ComponentInfo{com.android.dialer/com.android.incallui.InCallServiceImpl}]: CSW.rE@BXk
11-11 15:03:19.684 3044 3044 I Telephony: : onDisconnect: callId=TC@2_1, cause=INCOMING_REJECTED
11-11 15:03:19.693 2262 2850 W ContextImpl: Calling a method in the system process without a qualified user: android.app.ContextImpl.sendBroadcastAsUserMultiplePermissions:1053 com.android.server.TelephonyRegistry.broadcastCallStateChanged:1602 com.android.server.TelephonyRegistry.notifyCallStateForPhoneId:793 com.android.internal.telephony.ITelephonyRegistry$Stub.onTransact:122 android.os.Binder.execTransact:731
11-11 15:03:19.696 2262 6352 I Telecom : InCallController: Sending updateCall [TC@2, RINGING, com.android.phone/com.android.services.telephony.TelephonyConnectionService, tel:*********, A, childs(0), has_parent(false), [Capabilities: CAPABILITY_SUPPORT_HOLD CAPABILITY_MUTE CAPABILITY_CANNOT_DOWNGRADE_VIDEO_TO_AUDIO CAPABILITY_SPEED_UP_MT_AUDIO], [Properties:]]: CSW.sSH@BXo
11-11 15:03:19.703 2262 6352 I Telecom : InCallController: Components updated: [ComponentInfo{com.android.dialer/com.android.incallui.InCallServiceImpl}]: CSW.sSH@BXo
11-11 15:03:19.704 2262 6352 I Telecom : InCallController: Sending updateCall [TC@2, RINGING, com.android.phone/com.android.services.telephony.TelephonyConnectionService, tel:*********, A, childs(0), has_parent(false), [Capabilities: CAPABILITY_SUPPORT_HOLD CAPABILITY_MUTE CAPABILITY_CANNOT_DOWNGRADE_VIDEO_TO_AUDIO CAPABILITY_SPEED_UP_MT_AUDIO], [Properties:]]: CSW.sCC@BXs
11-11 15:03:19.709 2262 6352 I Telecom : InCallController: Components updated: [ComponentInfo{com.android.dialer/com.android.incallui.InCallServiceImpl}]: CSW.sCC@BXs
11-11 15:03:19.710 2262 6352 I Telecom : CallsManager: setCallState RINGING -> DISCONNECTED, call: [TC@2, RINGING, com.android.phone/com.android.services.telephony.TelephonyConnectionService, tel:*********, A, childs(0), has_parent(false), [Capabilities: CAPABILITY_SUPPORT_HOLD CAPABILITY_MUTE CAPABILITY_CANNOT_DOWNGRADE_VIDEO_TO_AUDIO CAPABILITY_SPEED_UP_MT_AUDIO], [Properties:]]: CSW.sDc@BXw
11-11 15:03:19.711 2262 6352 I Telecom : Event: RecordEntry TC@2: SET_DISCONNECTED, disconnected set explicitly> DisconnectCause [ Code: (REJECTED) Label: () Description: () Reason: (INCOMING_REJECTED) Tone: (-1) ]: CSW.sDc@BXw
11-11 15:03:19.727 2262 6352 I Telecom : InCallController: Sending updateCall [TC@2, DISCONNECTED, com.android.phone/com.android.services.telephony.TelephonyConnectionService, tel:*********, A, childs(0), has_parent(false), [Capabilities: CAPABILITY_SUPPORT_HOLD CAPABILITY_MUTE CAPABILITY_CANNOT_DOWNGRADE_VIDEO_TO_AUDIO CAPABILITY_SPEED_UP_MT_AUDIO], [Properties:]]: CSW.sDc@BXw
11-11 15:03:19.730 2262 6352 I Telecom : InCallController: Components updated: [ComponentInfo{com.android.dialer/com.android.incallui.InCallServiceImpl}]: CSW.sDc@BXw
11-11 15:03:19.736 2262 6352 W ContextImpl: Calling a method in the system process without a qualified user: android.app.ContextImpl.sendBroadcastAsUserMultiplePermissions:1053 com.android.server.TelephonyRegistry.broadcastCallStateChanged:1602 com.android.server.TelephonyRegistry.notifyCallState:760 com.android.server.telecom.PhoneStateBroadcaster.sendPhoneStateChangedBroadcast:117 com.android.server.telecom.PhoneStateBroadcaster.updateStates:94
11-11 15:03:19.736 2262 6352 I Telecom : PhoneStateBroadcaster: Broadcasted state change: 0: CSW.sDc@BXw
11-11 15:03:19.737 2262 6352 I Telecom : TelecomWakeLock: Releasing WakeLock with id: 26: CSW.sDc@BXw
11-11 15:03:19.737 2262 6352 I Telecom : InCallWakeLockController: Releasing full wake lock: CSW.sDc@BXw
11-11 15:03:19.737 2262 6352 I Telecom : IncomingCallNotifier: updateIncomingCall: foundIncomingcall = null: CSW.sDc@BXw
11-11 15:03:19.737 2262 2301 W BroadcastQueue: Permission Denial: receiving Intent { act=android.intent.action.PHONE_STATE flg=0x1000010 (has extras) } to ProcessRecord{c19b573 9549:com.android.systemui/u0a18} (pid=9549, uid=10018) requires android.permission.READ_PHONE_STATE due to sender android (uid 1000)
11-11 15:03:19.738 2262 2301 W BroadcastQueue: Permission Denial: receiving Intent { act=android.intent.action.PHONE_STATE flg=0x1000010 (has extras) } to ProcessRecord{c19b573 9549:com.android.systemui/u0a18} (pid=9549, uid=10018) requires android.permission.READ_PHONE_STATE due to sender android (uid 1000)
11-11 15:03:19.738 2262 3125 I Telecom : CallAudioRouteStateMachine: Message received: UPDATE_SYSTEM_AUDIO_ROUTE=1201, arg1=0: CSW.sDc->CARSM.pM_UPDATE_SYSTEM_AUDIO_ROUTE@BXw
11-11 15:03:19.738 2262 2301 W BroadcastQueue: Permission Denial: receiving Intent { act=android.intent.action.PHONE_STATE flg=0x1000010 (has extras) } to ProcessRecord{c19b573 9549:com.android.systemui/u0a18} (pid=9549, uid=10018) requires android.permission.READ_PHONE_STATE due to sender android (uid 1000)
11-11 15:03:19.738 2262 3125 I Telecom : ActiveEarpieceRoute: Processing message UPDATE_SYSTEM_AUDIO_ROUTE: CSW.sDc->CARSM.pM_UPDATE_SYSTEM_AUDIO_ROUTE@BXw
11-11 15:03:19.738 2262 2301 W BroadcastQueue: Permission Denial: receiving Intent { act=android.intent.action.PHONE_STATE flg=0x1000010 (has extras) } to ProcessRecord{c19b573 9549:com.android.systemui/u0a18} (pid=9549, uid=10018) requires android.permission.READ_PHONE_STATE due to sender android (uid 1000)
11-11 15:03:19.740 2262 3132 I Telecom : CallAudioModeStateMachine: Message received: NO_MORE_RINGING_CALLS.: CSW.sDc->CAMSM.pM_1002@BXw
11-11 15:03:19.743 2262 3132 I Telecom : CallAudioModeStateMachine: Abandoning audio focus: now UNFOCUSED: CSW.sDc->CAMSM.pM_1002@BXw
11-11 15:03:19.744 2262 3125 I Telecom : CallAudioRouteStateMachine: setSystemAudioState: changing from [AudioState isMuted: false, route: EARPIECE, supportedRouteMask: EARPIECE, SPEAKER, activeBluetoothDevice: [null], supportedBluetoothDevices: []] to [AudioState isMuted: false, route: EARPIECE, supportedRouteMask: EARPIECE, SPEAKER, activeBluetoothDevice: [null], supportedBluetoothDevices: []]: CSW.sDc->CARSM.pM_UPDATE_SYSTEM_AUDIO_ROUTE@BXw
11-11 15:03:19.744 2262 3125 I Telecom : InCallController: Calling onAudioStateChanged, audioState: [AudioState isMuted: false, route: EARPIECE, supportedRouteMask: EARPIECE, SPEAKER, activeBluetoothDevice: [null], supportedBluetoothDevices: []] -> [AudioState isMuted: false, route: EARPIECE, supportedRouteMask: EARPIECE, SPEAKER, activeBluetoothDevice: [null], supportedBluetoothDevices: []]: CSW.sDc->CARSM.pM_UPDATE_SYSTEM_AUDIO_ROUTE@BXw
11-11 15:03:19.745 2262 6352 I Telecom : InCallController: Sending updateCall [TC@2, DISCONNECTED, com.android.phone/com.android.services.telephony.TelephonyConnectionService, tel:*********, A, childs(0), has_parent(false), [Capabilities: CAPABILITY_SUPPORT_HOLD CAPABILITY_MUTE CAPABILITY_CANNOT_DOWNGRADE_VIDEO_TO_AUDIO CAPABILITY_SPEED_UP_MT_AUDIO], [Properties:]]: CSW.sCC@BX8
11-11 15:03:19.749 2262 6352 I Telecom : InCallController: Components updated: [ComponentInfo{com.android.dialer/com.android.incallui.InCallServiceImpl}]: CSW.sCC@BX8
11-11 15:03:19.750 2262 6352 I Telecom : ConnectionServiceWrapper: Service unbound ComponentInfo{com.android.phone/com.android.services.telephony.TelephonyConnectionService}, from unbind.: CSW.rC@BYI
11-11 15:03:19.751 2262 6352 I Telecom : CallsManager: handleConnectionServiceDeath: service com.android.server.telecom.ConnectionServiceWrapper@7fe4028 died: CSW.rC@BYI
11-11 15:03:19.752 2262 6352 I Telecom : Event: RecordEntry TC@2: DESTROYED, null: CSW.rC@BYI
11-11 15:03:19.752 2262 6352 I Telecom : InCallController: onCallRemoved: [TC@2, DISCONNECTED, null, tel:*********, A, childs(0), has_parent(false), [Capabilities: CAPABILITY_SUPPORT_HOLD CAPABILITY_MUTE CAPABILITY_CANNOT_DOWNGRADE_VIDEO_TO_AUDIO CAPABILITY_SPEED_UP_MT_AUDIO], [Properties:]]: CSW.rC@BYI
11-11 15:03:19.752 2262 6352 I Telecom : ProximitySensorManager: All calls removed, resetting proximity sensor to default state: CSW.rC@BYI
11-11 15:03:19.753 2262 6352 I Telecom : TelecomWakeLock: WakeLock already released with id: 32: CSW.rC@BYI
11-11 15:03:19.753 2262 6352 I Telecom : TelecomWakeLock: WakeLock already released with id: 26: CSW.rC@BYI
11-11 15:03:19.753 2262 6352 I Telecom : InCallWakeLockController: Releasing full wake lock: CSW.rC@BYI
11-11 15:03:19.753 2262 6352 I Telecom : IncomingCallNotifier: updateIncomingCall: foundIncomingcall = null: CSW.rC@BYI
11-11 15:03:19.770 2262 3125 I Telecom : CallAudioRouteStateMachine: Message received: SWITCH_FOCUS=4001, arg1=1: CSW.sDc->CAMSM.pM_1002->CARSM.pM_SWITCH_FOCUS@BXw
11-11 15:03:19.771 2262 3125 I Telecom : ActiveEarpieceRoute: Processing message SWITCH_FOCUS: CSW.sDc->CAMSM.pM_1002->CARSM.pM_SWITCH_FOCUS@BXw
11-11 15:03:19.771 2262 3125 I Telecom : CallAudioRouteStateMachine: turning speaker phone false: CSW.sDc->CAMSM.pM_1002->CARSM.pM_SWITCH_FOCUS@BXw
11-11 15:03:19.771 2262 3125 I Telecom : Logging.Events: Non-call EVENT: UNMUTE, null: CSW.sDc->CAMSM.pM_1002->CARSM.pM_SWITCH_FOCUS@BXw
11-11 15:03:19.776 2262 3125 I Telecom : Logging.Events: Non-call EVENT: AUDIO_ROUTE, Leaving state ActiveEarpieceRoute: CSW.sDc->CAMSM.pM_1002->CARSM.pM_SWITCH_FOCUS@BXw
11-11 15:03:19.776 2262 3125 I Telecom : Logging.Events: Non-call EVENT: AUDIO_ROUTE, Entering state QuiescentEarpieceRoute: CSW.sDc->CAMSM.pM_1002->CARSM.pM_SWITCH_FOCUS@BXw
11-11 15:03:19.776 2262 3125 I Telecom : BluetoothRouteManager: getBluetoothAudioConnectedDevice: no headset service available.: CSW.sDc->CAMSM.pM_1002->CARSM.pM_SWITCH_FOCUS@BXw
11-11 15:03:19.798 2262 6121 I ActivityManager: START u0 {act=android.intent.action.VIEW dat=stk://com.android.stk/menu/1573484599796 flg=0x10040000 cmp=com.android.stk/.StkMenuActivity (has extras)} from uid 1001
11-11 15:03:19.914 2262 2303 I ActivityManager: Start proc 29818:com.android.calllogbackup/u0a11 for broadcast com.android.calllogbackup/.CallLogChangeReceiver
11-11 15:03:20.049 2262 2262 V FingerprintService: startAuthentication(com.android.systemui)
11-11 15:03:20.049 2262 2262 V FingerprintService: starting client AuthenticationClient(com.android.systemui), initiatedByClient = true
11-11 15:03:20.058 2262 2262 W FingerprintService: client com.android.systemui is authenticating...
11-11 15:03:21.755 2262 2262 I Telecom : EmergencyInCallServiceConnection: Disconnect forced!: CSW.rC->ICC.oCR@BYI
11-11 15:03:22.679 2262 2262 V SettingsProvider: Notifying for 0: content://settings/system/screen_brightness
11-11 15:03:30.462 2262 2317 I PowerManagerService: Going to sleep due to screen timeout (uid 1000)...
11-11 15:03:30.463 2262 2317 I PowerManagerService: Sleeping (uid 1000)...
11-11 15:03:30.463 2262 2262 W UsageStatsService: Event reported without a package name
11-11 15:03:30.464 2262 2262 W UsageStatsService: Event reported without a package name
11-11 15:03:30.964 2262 2317 I DisplayPowerController: Blocking screen off
11-11 15:03:30.968 2262 2317 I DisplayPowerController: Unblocked screen off after 4 ms
11-11 15:03:31.040 2262 2314 I DisplayManagerService: Display device changed state: "Ecrã Integrado", OFF
11-11 15:06:26.422 2262 2306 E BatteryExternalStatsWorker: no controller energy info supplied for bluetooth
11-11 15:06:26.466 2262 2306 W BatteryExternalStatsWorker: modem info is invalid: ModemActivityInfo{ mTimestamp=0 mSleepTimeMs=0 mIdleTimeMs=0 mTxTimeMs[]=[0, 0, 0, 0, 0] mRxTimeMs=0 mEnergyUsed=0}
11-11 15:07:09.855 2262 2300 I UsageStatsService: User[0] Flushing usage stats to disk
11-11 15:07:09.970 2262 2300 I UsageStatsService: User[10] Flushing usage stats to disk
11-11 15:11:38.122 2262 2303 I ActivityManager: Start proc 30199:com.revolut.revolut/u0a119 for service com.revolut.revolut/androidx.work.impl.background.systemjob.SystemJobService
11-11 15:11:38.315 2262 6594 W ActivityManager: Unable to start service Intent { act=com.google.android.gms.ads.identifier.service.START pkg=com.google.android.gms } U=0: not found
11-11 15:11:38.495 2262 5054 D ConnectivityService: Returning UNBLOCKED NetworkInfo to uid=10119
11-11 15:11:38.613 2262 6594 W ActivityManager: Unable to start service Intent { act=com.google.android.play.core.install.BIND_INSTALL_SERVICE pkg=com.android.vending } U=0: not found
11-11 15:11:38.615 2262 6594 W ActivityManager: Unbind failed: could not find connection for android.os.BinderProxy@3d15f41
11-11 15:11:38.785 30199 30199 E AndroidRuntime: FATAL EXCEPTION: main
11-11 15:11:38.785 30199 30199 E AndroidRuntime: Process: com.revolut.revolut, PID: 30199
11-11 15:11:38.785 30199 30199 E AndroidRuntime: java.lang.UnsatisfiedLinkError: dalvik.system.PathClassLoader[DexPathList[[zip file "/system/framework/org.apache.http.legacy.boot.jar", zip file "/data/app/com.revolut.revolut-hSfilJYb9oT2JvMR7n-X_g==/base.apk"],nativeLibraryDirectories=[/data/app/com.revolut.revolut-hSfilJYb9oT2JvMR7n-X_g==/lib/arm64, /system/lib64, /vendor/lib64]]] couldn't find "libsqlcipher.so"
11-11 15:11:38.785 30199 30199 E AndroidRuntime: at java.lang.Runtime.loadLibrary0(Runtime.java:1012)
11-11 15:11:38.785 30199 30199 E AndroidRuntime: at java.lang.System.loadLibrary(System.java:1669)
11-11 15:11:38.785 30199 30199 E AndroidRuntime: at net.sqlcipher.database.SQLiteDatabase$1.loadLibraries(SourceFile:2)
11-11 15:11:38.785 30199 30199 E AndroidRuntime: at net.sqlcipher.database.SQLiteDatabase.loadLibs(SourceFile:7)
11-11 15:11:38.785 30199 30199 E AndroidRuntime: at net.sqlcipher.database.SQLiteDatabase.loadLibs(SourceFile:3)
11-11 15:11:38.785 30199 30199 E AndroidRuntime: at net.sqlcipher.database.SQLiteDatabase.loadLibs(SourceFile:1)
11-11 15:11:38.785 30199 30199 E AndroidRuntime: at com.revolut.n.g.a.a.a(SourceFile:1)
11-11 15:11:38.785 30199 30199 E AndroidRuntime: at com.revolut.data.database.AppRoomDatabase$a.a(SourceFile:63)
11-11 15:11:38.785 30199 30199 E AndroidRuntime: at com.revolut.data.database.b.e(SourceFile:1)
11-11 15:11:38.785 30199 30199 E AndroidRuntime: at com.revolut.data.database.b.c(SourceFile:1)
11-11 15:11:38.785 30199 30199 E AndroidRuntime: at com.revolut.data.database.b$d.invoke(SourceFile:2)
11-11 15:11:38.785 30199 30199 E AndroidRuntime: at com.revolut.data.database.b$d.invoke(SourceFile:1)
11-11 15:11:38.785 30199 30199 E AndroidRuntime: at com.revolut.n.f.c.a(SourceFile:6)
11-11 15:11:38.785 30199 30199 E AndroidRuntime: at com.revolut.data.database.b.d(Unknown Source:7)
11-11 15:11:38.785 30199 30199 E AndroidRuntime: at com.revolut.data.database.b.c(SourceFile:2)
11-11 15:11:38.785 30199 30199 E AndroidRuntime: at com.revolut.data.k.b.z(SourceFile:1)
11-11 15:11:38.785 30199 30199 E AndroidRuntime: at com.revolut.data.k.j0.b(SourceFile:1)
11-11 15:11:38.785 30199 30199 E AndroidRuntime: at com.revolut.data.k.j0.get(SourceFile:2)
11-11 15:11:38.785 30199 30199 E AndroidRuntime: at com.revolut.data.k.j0.get(SourceFile:1)
11-11 15:11:38.785 30199 30199 E AndroidRuntime: at com.revolut.data.k.x1.get(SourceFile:2)
11-11 15:11:38.785 30199 30199 E AndroidRuntime: at com.revolut.data.k.x1.get(SourceFile:1)
11-11 15:11:38.785 30199 30199 E AndroidRuntime: at f.c.c.get(SourceFile:6)
11-11 15:11:38.785 30199 30199 E AndroidRuntime: at com.revolut.data.r.s1.i0.get(SourceFile:2)
11-11 15:11:38.785 30199 30199 E AndroidRuntime: at com.revolut.data.r.s1.i0.get(SourceFile:1)
11-11 15:11:38.785 30199 30199 E AndroidRuntime: at f.c.c.get(SourceFile:6)
11-11 15:11:38.785 30199 30199 E AndroidRuntime: at com.revolut.data.k.a.v1(SourceFile:1)
11-11 15:11:38.785 30199 30199 E AndroidRuntime: at com.revolut.o.n1$c4.get(SourceFile:2)
11-11 15:11:38.785 30199 30199 E AndroidRuntime: at com.revolut.o.n1$c4.get(SourceFile:1)
11-11 15:11:38.785 30199 30199 E AndroidRuntime: at com.revolut.p.c.w0.m.get(SourceFile:2)
11-11 15:11:38.785 30199 30199 E AndroidRuntime: at com.revolut.p.c.w0.m.get(SourceFile:1)
11-11 15:11:38.785 30199 30199 E AndroidRuntime: at com.revolut.q.h0.f.get(SourceFile:2)
11-11 15:11:38.785 30199 30199 E AndroidRuntime: at com.revolut.q.h0.f.get(SourceFile:1)
11-11 15:11:38.785 30199 30199 E AndroidRuntime: at f.c.c.get(SourceFile:6)
11-11 15:11:38.785 30199 30199 E AndroidRuntime: at com.revolut.o.l1.get(SourceFile:2)
11-11 15:11:38.785 30199 30199 E AndroidRuntime: at com.revolut.o.l1.get(SourceFile:1)
11-11 15:11:38.785 30199 30199 E AndroidRuntime: at f.c.l.get(SourceFile:5)
11-11 15:11:38.785 30199 30199 E AndroidRuntime: at com.revolut.o.m1.get(SourceFile:2)
11-11 15:11:38.785 30199 30199 E AndroidRuntime: at com.revolut.o.m1.get(SourceFile:1)
11-11 15:11:38.785 30199 30199 E AndroidRuntime: at f.c.c.get(SourceFile:6)
11-11 15:11:38.785 30199 30199 E AndroidRuntime: at com.revolut.o.n1.L(SourceFile:2)
11-11 15:11:38.785 30199 30199 E AndroidRuntime: at com.revolut.RevolutApplication.onCreate(SourceFile:10)
11-11 15:11:38.785 30199 30199 E AndroidRuntime: at android.app.Instrumentation.callApplicationOnCreate(Instrumentation.java:1154)
11-11 15:11:38.785 30199 30199 E AndroidRuntime: at android.app.ActivityThread.handleBindApplication(ActivityThread.java:5920)
11-11 15:11:38.785 30199 30199 E AndroidRuntime: at android.app.ActivityThread.access$1100(ActivityThread.java:200)
11-11 15:11:38.785 30199 30199 E AndroidRuntime: at android.app.ActivityThread$H.handleMessage(ActivityThread.java:1656)
11-11 15:11:38.785 30199 30199 E AndroidRuntime: at android.os.Handler.dispatchMessage(Handler.java:106)
11-11 15:11:38.785 30199 30199 E AndroidRuntime: at android.os.Looper.loop(Looper.java:193)
11-11 15:11:38.785 30199 30199 E AndroidRuntime: at android.app.ActivityThread.main(ActivityThread.java:6718)
11-11 15:11:38.785 30199 30199 E AndroidRuntime: at java.lang.reflect.Method.invoke(Native Method)
11-11 15:11:38.785 30199 30199 E AndroidRuntime: at com.android.internal.os.RuntimeInit$MethodAndArgsCaller.run(RuntimeInit.java:493)
11-11 15:11:38.785 30199 30199 E AndroidRuntime: at com.android.internal.os.ZygoteInit.main(ZygoteInit.java:858)
11-11 15:11:39.110 2262 6594 W ActivityManager: Unable to start service Intent { act=com.google.android.gms.ads.identifier.service.START pkg=com.google.android.gms } U=0: not found
11-11 15:11:39.559 2262 5054 I ActivityManager: Process com.revolut.revolut (pid 30199) has died: fore TRNB
11-11 15:11:39.559 2262 5054 W ActivityManager: Scheduling restart of crashed service com.revolut.revolut/androidx.work.impl.background.systemjob.SystemJobService in 1000ms
11-11 15:11:39.615 1949 30296 W SocketClient: write error (Broken pipe)
11-11 15:11:39.616 1949 30297 W SocketClient: write error (Broken pipe)
11-11 15:11:40.623 2262 2303 I ActivityManager: Start proc 30300:com.revolut.revolut/u0a119 for service com.revolut.revolut/androidx.work.impl.background.systemjob.SystemJobService
11-11 15:11:41.439 2262 6121 D ConnectivityService: Returning BLOCKED NetworkInfo to uid=10119
11-11 15:11:41.523 2262 6121 W ActivityManager: Unable to start service Intent { act=com.google.android.gms.ads.identifier.service.START pkg=com.google.android.gms } U=0: not found
11-11 15:11:41.736 2262 5054 W ActivityManager: Unable to start service Intent { act=com.google.android.gms.ads.identifier.service.START pkg=com.google.android.gms } U=0: not found
11-11 15:11:41.785 2262 6121 W ActivityManager: Unable to start service Intent { act=com.google.android.play.core.install.BIND_INSTALL_SERVICE pkg=com.android.vending } U=0: not found
11-11 15:11:41.789 2262 5054 W ActivityManager: Unbind failed: could not find connection for android.os.BinderProxy@8138304
11-11 15:11:42.281 30300 30300 E AndroidRuntime: FATAL EXCEPTION: main
11-11 15:11:42.281 30300 30300 E AndroidRuntime: Process: com.revolut.revolut, PID: 30300
11-11 15:11:42.281 30300 30300 E AndroidRuntime: java.lang.UnsatisfiedLinkError: dalvik.system.PathClassLoader[DexPathList[[zip file "/system/framework/org.apache.http.legacy.boot.jar", zip file "/data/app/com.revolut.revolut-hSfilJYb9oT2JvMR7n-X_g==/base.apk"],nativeLibraryDirectories=[/data/app/com.revolut.revolut-hSfilJYb9oT2JvMR7n-X_g==/lib/arm64, /system/lib64, /vendor/lib64]]] couldn't find "libsqlcipher.so"
11-11 15:11:42.281 30300 30300 E AndroidRuntime: at java.lang.Runtime.loadLibrary0(Runtime.java:1012)
11-11 15:11:42.281 30300 30300 E AndroidRuntime: at java.lang.System.loadLibrary(System.java:1669)
11-11 15:11:42.281 30300 30300 E AndroidRuntime: at net.sqlcipher.database.SQLiteDatabase$1.loadLibraries(SourceFile:2)
11-11 15:11:42.281 30300 30300 E AndroidRuntime: at net.sqlcipher.database.SQLiteDatabase.loadLibs(SourceFile:7)
11-11 15:11:42.281 30300 30300 E AndroidRuntime: at net.sqlcipher.database.SQLiteDatabase.loadLibs(SourceFile:3)
11-11 15:11:42.281 30300 30300 E AndroidRuntime: at net.sqlcipher.database.SQLiteDatabase.loadLibs(SourceFile:1)
11-11 15:11:42.281 30300 30300 E AndroidRuntime: at com.revolut.n.g.a.a.a(SourceFile:1)
11-11 15:11:42.281 30300 30300 E AndroidRuntime: at com.revolut.data.database.AppRoomDatabase$a.a(SourceFile:63)
11-11 15:11:42.281 30300 30300 E AndroidRuntime: at com.revolut.data.database.b.e(SourceFile:1)
11-11 15:11:42.281 30300 30300 E AndroidRuntime: at com.revolut.data.database.b.c(SourceFile:1)
11-11 15:11:42.281 30300 30300 E AndroidRuntime: at com.revolut.data.database.b$d.invoke(SourceFile:2)
11-11 15:11:42.281 30300 30300 E AndroidRuntime: at com.revolut.data.database.b$d.invoke(SourceFile:1)
11-11 15:11:42.281 30300 30300 E AndroidRuntime: at com.revolut.n.f.c.a(SourceFile:6)
11-11 15:11:42.281 30300 30300 E AndroidRuntime: at com.revolut.data.database.b.d(Unknown Source:7)
11-11 15:11:42.281 30300 30300 E AndroidRuntime: at com.revolut.data.database.b.c(SourceFile:2)
11-11 15:11:42.281 30300 30300 E AndroidRuntime: at com.revolut.data.k.b.z(SourceFile:1)
11-11 15:11:42.281 30300 30300 E AndroidRuntime: at com.revolut.data.k.j0.b(SourceFile:1)
11-11 15:11:42.281 30300 30300 E AndroidRuntime: at com.revolut.data.k.j0.get(SourceFile:2)
11-11 15:11:42.281 30300 30300 E AndroidRuntime: at com.revolut.data.k.j0.get(SourceFile:1)
11-11 15:11:42.281 30300 30300 E AndroidRuntime: at com.revolut.data.k.x1.get(SourceFile:2)
11-11 15:11:42.281 30300 30300 E AndroidRuntime: at com.revolut.data.k.x1.get(SourceFile:1)
11-11 15:11:42.281 30300 30300 E AndroidRuntime: at f.c.c.get(SourceFile:6)
11-11 15:11:42.281 30300 30300 E AndroidRuntime: at com.revolut.data.r.s1.i0.get(SourceFile:2)
11-11 15:11:42.281 30300 30300 E AndroidRuntime: at com.revolut.data.r.s1.i0.get(SourceFile:1)
11-11 15:11:42.281 30300 30300 E AndroidRuntime: at f.c.c.get(SourceFile:6)
11-11 15:11:42.281 30300 30300 E AndroidRuntime: at com.revolut.data.k.a.v1(SourceFile:1)
11-11 15:11:42.281 30300 30300 E AndroidRuntime: at com.revolut.o.n1$c4.get(SourceFile:2)
11-11 15:11:42.281 30300 30300 E AndroidRuntime: at com.revolut.o.n1$c4.get(SourceFile:1)
11-11 15:11:42.281 30300 30300 E AndroidRuntime: at com.revolut.p.c.w0.m.get(SourceFile:2)
11-11 15:11:42.281 30300 30300 E AndroidRuntime: at com.revolut.p.c.w0.m.get(SourceFile:1)
11-11 15:11:42.281 30300 30300 E AndroidRuntime: at com.revolut.q.h0.f.get(SourceFile:2)
11-11 15:11:42.281 30300 30300 E AndroidRuntime: at com.revolut.q.h0.f.get(SourceFile:1)
11-11 15:11:42.281 30300 30300 E AndroidRuntime: at f.c.c.get(SourceFile:6)
11-11 15:11:42.281 30300 30300 E AndroidRuntime: at com.revolut.o.l1.get(SourceFile:2)
11-11 15:11:42.281 30300 30300 E AndroidRuntime: at com.revolut.o.l1.get(SourceFile:1)
11-11 15:11:42.281 30300 30300 E AndroidRuntime: at f.c.l.get(SourceFile:5)
11-11 15:11:42.281 30300 30300 E AndroidRuntime: at com.revolut.o.m1.get(SourceFile:2)
11-11 15:11:42.281 30300 30300 E AndroidRuntime: at com.revolut.o.m1.get(SourceFile:1)
11-11 15:11:42.281 30300 30300 E AndroidRuntime: at f.c.c.get(SourceFile:6)
11-11 15:11:42.281 30300 30300 E AndroidRuntime: at com.revolut.o.n1.L(SourceFile:2)
11-11 15:11:42.281 30300 30300 E AndroidRuntime: at com.revolut.RevolutApplication.onCreate(SourceFile:10)
11-11 15:11:42.281 30300 30300 E AndroidRuntime: at android.app.Instrumentation.callApplicationOnCreate(Instrumentation.java:1154)
11-11 15:11:42.281 30300 30300 E AndroidRuntime: at android.app.ActivityThread.handleBindApplication(ActivityThread.java:5920)
11-11 15:11:42.281 30300 30300 E AndroidRuntime: at android.app.ActivityThread.access$1100(ActivityThread.java:200)
11-11 15:11:42.281 30300 30300 E AndroidRuntime: at android.app.ActivityThread$H.handleMessage(ActivityThread.java:1656)
11-11 15:11:42.281 30300 30300 E AndroidRuntime: at android.os.Handler.dispatchMessage(Handler.java:106)
11-11 15:11:42.281 30300 30300 E AndroidRuntime: at android.os.Looper.loop(Looper.java:193)
11-11 15:11:42.281 30300 30300 E AndroidRuntime: at android.app.ActivityThread.main(ActivityThread.java:6718)
11-11 15:11:42.281 30300 30300 E AndroidRuntime: at java.lang.reflect.Method.invoke(Native Method)
11-11 15:11:42.281 30300 30300 E AndroidRuntime: at com.android.internal.os.RuntimeInit$MethodAndArgsCaller.run(RuntimeInit.java:493)
11-11 15:11:42.281 30300 30300 E AndroidRuntime: at com.android.internal.os.ZygoteInit.main(ZygoteInit.java:858)
11-11 15:11:43.214 2262 5054 I ActivityManager: Process com.revolut.revolut (pid 30300) has died: fore TRNB
11-11 15:11:43.214 2262 5054 W ActivityManager: Scheduling restart of crashed service com.revolut.revolut/androidx.work.impl.background.systemjob.SystemJobService in 1800000ms
11-11 15:11:56.099 2262 2262 W JobServiceContext: Time-out while trying to bind 1cedaec #u0a119/10 com.revolut.revolut/androidx.work.impl.background.systemjob.SystemJobService, dropping.
11-11 15:11:56.656 2262 2262 W JobServiceContext: Time-out while trying to bind 8718ce6 #u0a119/11 com.revolut.revolut/androidx.work.impl.background.systemjob.SystemJobService, dropping.
11-11 15:14:47.761 2262 2287 E NotificationService: Package enqueue rate is 5.729004. Shedding 10|com.privateinternetaccess.android|1346787898|null|1010103. package=com.privateinternetaccess.android
11-11 15:15:28.566 2262 4951 E NotificationService: Package enqueue rate is 5.3856196. Shedding 10|com.privateinternetaccess.android|1346787898|null|1010103. package=com.privateinternetaccess.android
11-11 15:15:58.835 2262 4951 E NotificationService: Package enqueue rate is 5.2146106. Shedding 10|com.privateinternetaccess.android|1346787898|null|1010103. package=com.privateinternetaccess.android
11-11 15:16:19.205 2262 2286 E NotificationService: Package enqueue rate is 5.6440067. Shedding 10|com.privateinternetaccess.android|1346787898|null|1010103. package=com.privateinternetaccess.android
11-11 15:16:38.217 2262 5054 E NotificationService: Package enqueue rate is 5.5201445. Shedding 10|com.privateinternetaccess.android|1346787898|null|1010103. package=com.privateinternetaccess.android
11-11 15:20:03.705 2262 2301 I ActivityManager: Killing 25035:com.android.webview:webview_service/u0a59 (adj 904): empty for 1869s
11-11 15:20:03.708 2262 2301 I ActivityManager: Killing 24661:system/u10s1000 (adj 904): empty for 1918s
11-11 15:20:03.712 2262 2301 I ActivityManager: Killing 21123:android.process.acore/u10a11 (adj 906): empty for 2020s
11-11 15:20:03.796 2262 2314 W ActivityManager: setHasOverlayUi called on unknown pid: 24661
11-11 15:20:32.560 2262 2808 D ConnectivityService: NetworkAgentInfo [WIFI () - 106] EVENT_NETWORK_INFO_CHANGED, going from CONNECTED to DISCONNECTED
11-11 15:20:32.561 2262 2808 D ConnectivityService: NetworkAgentInfo [WIFI () - 106] got DISCONNECTED, was satisfying 15
11-11 15:20:32.670 1958 1958 E wificond: NL80211_CMD_START_SCHED_SCAN failed: Invalid argument
11-11 15:20:32.670 1958 1958 E wificond: Failed to start pno scan
11-11 15:20:32.679 2262 2808 D ConnectivityService: Sending DISCONNECTED broadcast for type 1 NetworkAgentInfo [WIFI () - 106] isDefaultNetwork=true
11-11 15:20:32.697 2262 2802 E NetworkPolicy: Missing subscriberId for subId 2
11-11 15:21:57.135 2262 2757 W ActivityManager: Background start not allowed: service Intent { flg=0x4 cmp=com.apkpure.aegon/.services.AppProtoBufUpdateService (has extras) } to com.apkpure.aegon/.services.AppProtoBufUpdateService from pid=-1 uid=10116 pkg=com.apkpure.aegon startFg?=false
11-11 15:21:57.142 2262 2757 W ActivityManager: Unable to start service Intent { act=update-addons flg=0x4 (has extras) } U=0: not found
11-11 15:21:57.158 2262 2262 I ActivityManager: Killing 26116:com.android.settings/u10s1000 (adj 904): empty for 1881s
11-11 15:21:57.159 2262 2262 I ActivityManager: Killing 24678:com.android.settings/1000 (adj 904): empty for 1882s
11-11 15:21:57.224 2262 2314 W ActivityManager: setHasOverlayUi called on unknown pid: 26116
11-11 15:21:57.382 2262 2314 W ActivityManager: setHasOverlayUi called on unknown pid: 24678
11-11 15:23:13.620 2262 2287 I ActivityManager: Killing 26974:android:ui/1000 (adj 906): empty for 1802s
11-11 15:23:13.657 2262 2314 W ActivityManager: setHasOverlayUi called on unknown pid: 26974
11-11 15:24:42.822 2262 2301 W BroadcastQueue: Background execution not allowed: receiving Intent { act=android.intent.action.ACTION_POWER_DISCONNECTED flg=0x4000010 (has extras) } to com.sophos.smsec/.SmSecSystemBroadcastReceiver
11-11 15:24:42.823 2262 2301 W BroadcastQueue: Background execution not allowed: receiving Intent { act=android.intent.action.ACTION_POWER_DISCONNECTED flg=0x4000010 (has extras) } to com.sophos.smsec/.SmSecSystemBroadcastReceiver
11-11 15:24:42.835 2262 2317 I PowerManagerService: Waking up from sleep (uid=1000 reason=android.server.power:POWER)...
11-11 15:24:42.843 2262 2317 I DisplayPowerController: Blocking screen on until initial contents have been drawn.
11-11 15:24:42.845 2262 2262 W UsageStatsService: Event reported without a package name
11-11 15:24:42.845 2262 2262 W UsageStatsService: Event reported without a package name
11-11 15:24:42.852 2262 2306 E BatteryExternalStatsWorker: no controller energy info supplied for bluetooth
11-11 15:24:42.857 2262 2314 I DisplayManagerService: Display device changed state: "Ecrã Integrado", ON
11-11 15:24:42.890 2262 2306 W BatteryExternalStatsWorker: modem info is invalid: ModemActivityInfo{ mTimestamp=0 mSleepTimeMs=0 mIdleTimeMs=0 mTxTimeMs[]=[0, 0, 0, 0, 0] mRxTimeMs=0 mEnergyUsed=0}
11-11 15:24:42.890 2262 2306 I BatteryStatsImpl: Resetting battery stats: level=99 status=2 dischargeLevel=99 lowAmount=8 highAmount=9
11-11 15:24:42.927 2262 2317 I DisplayPowerController: Unblocked screen on after 84 ms
11-11 15:24:42.932 2262 2301 I BinderCallsStatsService: Resetting stats
11-11 15:24:42.949 2262 2757 W ActivityManager: Background start not allowed: service Intent { flg=0x4 cmp=com.apkpure.aegon/.services.AppProtoBufUpdateService (has extras) } to com.apkpure.aegon/.services.AppProtoBufUpdateService from pid=-1 uid=10116 pkg=com.apkpure.aegon startFg?=false
11-11 15:24:42.997 2262 2262 V SettingsProvider: Notifying for 0: content://settings/system/screen_brightness
11-11 15:24:43.085 2262 2317 W PowerManagerService: Screen on took 249 ms
11-11 15:24:43.576 2262 2262 V FingerprintService: onAuthenticated(owner=com.android.systemui, id=553465998, gp=0)
11-11 15:24:43.580 2262 2262 V FingerprintService: Done with client: com.android.systemui
11-11 15:24:43.790 2262 2312 D UsbDeviceManager: Clear notification
11-11 15:24:43.890 2262 2287 W ActivityManager: Unable to start service Intent { act=com.android.launcher3.WINDOW_OVERLAY dat=app://com.android.launcher3:10035?v=7&cv=9 pkg=com.google.android.googlequicksearchbox } U=0: not found
11-11 15:24:43.955 2262 8104 W UsageStatsService: Event reported without a package name
11-11 15:24:43.955 2262 8104 W UsageStatsService: Event reported without a package name
11-11 15:24:43.990 2262 2301 W BroadcastQueue: Background execution not allowed: receiving Intent { act=android.intent.action.USER_PRESENT flg=0x24200010 } to com.sophos.smsec/.SmSecSystemBroadcastReceiver
11-11 15:24:43.991 2262 2301 W BroadcastQueue: Background execution not allowed: receiving Intent { act=android.intent.action.USER_PRESENT flg=0x24200010 } to com.sophos.smsec/.SmSecSystemBroadcastReceiver
11-11 15:24:55.537 2262 2287 I ActivityManager: START u0 {act=android.settings.WIFI_SETTINGS flg=0x14000000 cmp=com.android.settings/.Settings$WifiSettingsActivity} from uid 10018
11-11 15:24:55.565 2262 8104 E ActivityManager: applyOptionsLocked: Unknown animationType=0
11-11 15:24:55.583 2262 2303 I ActivityManager: Start proc 31015:com.android.settings/1000 for activity com.android.settings/.Settings$WifiSettingsActivity
11-11 15:25:15.210 2262 2262 V SettingsProvider: Notifying for 0: content://settings/system/screen_brightness
11-11 15:26:02.341 2262 2804 D WifiService: New client listening to asynchronous messages
11-11 15:26:02.343 2262 2804 D WifiService: SAVE nid=0 config=* ID: -1 SSID: "wsvs4X2l" PROVIDER-NAME: null BSSID: null FQDN: null PRIO: 0 HIDDEN: false
11-11 15:26:02.343 2262 2804 D WifiService: NetworkSelectionStatus NETWORK_SELECTION_ENABLED
11-11 15:26:02.343 2262 2804 D WifiService: hasEverConnected: false
11-11 15:26:02.343 2262 2804 D WifiService: KeyMgmt: WPA_PSK Protocols:
