-- SQL Dump
-- version 1.0
--
-- Datensaetze uebernommen aus: https://zenodo.org/record/1408563 (16.02.2020)
-- Lizenz (der Files): Creative Commons Attribution 4.0 International
-- Eindeutige Kennzeichnung des Datensatzes: 
-- https://doi.org/10.5281/zenodo.1408563
-- Datensatz aktualisiert: Sep 4, 2018
-- Datensatz bereitgestellt von: Universidad Politécnica de Madrid
-- Autoren: Alobaid, Ahmad; Corcho, Oscar 
-- Beschreibung (gemäß Google Dataset Search): https://datasetsearch.research.google.com/search?query=Olympic%20game%202020&docid=hHslwlv0cip2idPsAAAAAA%3D%3D ):
-- This dataset includes CSV files about players of games. We gathered the list of games from 
-- https://en.wikipedia.org/wiki/2020_Summer_Olympics. The data in the CSV files are gathered from the below resources:
-- http://www.adventurestats.com/tables/8000ergeo.shtml
-- http://www.bbc.com/news/magazine-28363129
-- https://www.statcrunch.com/app/index.php?dataid=614855
-- http://www.stadiumguide.com/figures-and-statistics/lists/europes-largest-football-stadiums/
-- https://data.world/sports/olympics/file/outturn%20sports-related%20costs%20of%20the%20Olympic%20Games%20.csv
-- http://www.bbc.com/news/magazine-28363129
-- https://owlcation.com/stem/TopTenMountainRanges
-- https://github.com/jokecamp/FootballData/blob/master/MLS/MLS%20-%202015/mls_players_2015-01-12.csv
-- http://www.topendsports.com/events/summer/sports/number.htm
-- http://newsok.sportsdirectinc.com/golf/pga-players.aspx?page=/data/pga/players/A_players.html
--
-- Erstellungszeit: 16. Feb 2020 um 20:43
-- Zuletzt verändert: 16. Feb 2020 um 20:43

SET SQL_MODE = "NO_AUTO_VALUE_ON_ZERO";
SET time_zone = "+00:00";


/*!40101 SET @OLD_CHARACTER_SET_CLIENT=@@CHARACTER_SET_CLIENT */;
/*!40101 SET @OLD_CHARACTER_SET_RESULTS=@@CHARACTER_SET_RESULTS */;
/*!40101 SET @OLD_COLLATION_CONNECTION=@@COLLATION_CONNECTION */;
/*!40101 SET NAMES utf8 */;

--
-- Datenbank: `OlympicGames`
--
CREATE DATABASE IF NOT EXISTS `OlympicGames` DEFAULT CHARACTER SET utf8 COLLATE utf8_general_ci;
USE `OlympicGames`;

-- --------------------------------------------------------

--
-- Tabellenstruktur für Tabelle `athlete`
--

CREATE TABLE IF NOT EXISTS `Athlete` (
  `athleteID` int(8) NOT NULL AUTO_INCREMENT,
  `forename` varchar(20) DEFAULT NULL,
  `surname` varchar(20) DEFAULT NULL,
  `height` int(3) DEFAULT '0',
  `weight` int(3) DEFAULT '0',
  `countryCode` varchar(3) DEFAULT NULL,
  `genderCode` varchar(1) DEFAULT NULL,
  `sportID` int(8) DEFAULT '0',
  PRIMARY KEY (`athleteID`),
  KEY `countryCode` (`countryCode`),
  KEY `genderCode` (`genderCode`),
  KEY `sportID` (`sportID`)
) ENGINE=InnoDB  DEFAULT CHARSET=utf8 AUTO_INCREMENT=8 ;

--
-- Daten für Tabelle `athlete`
--

INSERT INTO `Athlete` (`athleteID`, `forename`, `surname`, `height`, `weight`, `countryCode`, `genderCode`, `sportID`) VALUES
(1,'Virgil','Soeroredjo',173,78,'SUR','M',1),
(2,'Victoria','Montero',166,64,'MEX','W',1),
(3,'Thilini','Jayasinghe',164,58,'SRI','W',1),
(4,'Pablo','Abian',177,78,'ESP','M',1),
(5,'Glenn','Warfe',181,72,'AUS','M',2),
(6,'Kristina','Gavnholt',177,69,'CZE','W',1),
(7,'Chieh','Min Fang',175,72,'TPE','M',2),
(8,'Agnese','Allegrini',162,57,'ITA','W',1),
(9,'Biao','Chai',184,70,'CHN','M',2),
(10,'Ji','Hyun Sung',175,56,'KOR','W',1),
(11,'Haifeng','Fu',181,77,'CHN','M',2),
(12,'Jin','Ma',165,61,'CHN','W',3),
(13,'Lianne','Tan',160,57,'BEL','W',1),
(14,'Monika','Fasungova',163,55,'SVK','W',1),
(15,'Ivan','Sozonov',180,80,'RUS','M',2),
(16,'Christinna','Pedersen',178,71,'DEN','W',2),
(17,'Imogen','Bankier',167,65,'GBR','W',3),
(18,'Maja','Tvrdy',170,59,'SLO','W',1),
(19,'Mohamed','Ajfan Rasheed',165,55,'MDV','M',1),
(20,'Bona','Septano',171,63,'INA','M',2),
(21,'Chris','Adcock',183,80,'GBR','M',3),
(22,'Rajiv','Ouseph',189,82,'GBR','M',1),
(23,'Susan','Egelstaff',168,62,'GBR','W',1),
(24,'Facundo','Campazzo',179,88,'ARG','M',4),
(25,'Mokhtar','Ghayaza',205,106,'TUN','M',4),
(26,'Nando','De Colo',195,89,'FRA','M',4),
(27,'Jose','Calderon',191,90,'ESP','M',4),
(28,'Robert','Archibald',212,115,'GBR','M',4),
(29,'Song','Gao',190,81,'CHN','W',4),
(30,'Jenaya','Wade-Fray',175,65,'GBR','W',4),
(31,'David','Barlow',205,97,'AUS','M',4),
(32,'Atef','Maoua',200,100,'TUN','M',4),
(33,'Ilona','Korstin',182,70,'RUS','W',4),
(34,'Yasemin','Horasan',186,92,'TUR','W',4),
(35,'Joel','Freeland',211,111,'GBR','M',4),
(36,'Russell','Westbrook',191,85,'USA','M',4),
(37,'Diana','Taurasi',183,70,'USA','W',4),
(38,'Iva','Sliskovic',193,82,'CRO','W',4),
(39,'Rose','Anderson',175,70,'GBR','W',4),
(40,'Sasha','Kaun',211,114,'RUS','M',4),
(41,'Ronny','Turiaf',207,109,'FRA','M',4),
(42,'Nilay','Kartaltepe',172,52,'TUR','W',4),
(43,'David','Andersen',212,102,'AUS','M',4),
(44,'Adriana','Pinto',168,62,'BRA','W',4),
(45,'Azania','Stewart',194,89,'GBR','W',4),
(46,'Eva','Viteckova',190,80,'CZE','W',4),
(47,'Matt','Nielsen',209,98,'AUS','M',4),
(48,'Dominique','Allen',188,86,'GBR','W',4),
(49,'Chris','Paul',183,86,'USA','M',4),
(50,'Lijie','Miao',178,75,'CHN','W',4),
(51,'Pops','Mensah-Bonsu',206,111,'GBR','M',4),
(52,'Felipe','Reyes',205,107,'ESP','M',4),
(53,'Semen','Antonov',202,97,'RUS','M',4),
(54,'Drew','Sullivan',202,98,'GBR','M',4),
(55,'Luol','Deng',203,104,'GBR','M',4),
(56,'Rachael','Vanderwal',175,66,'GBR','W',4),
(57,'Mike','Lenzly',189,85,'GBR','M',4),
(58,'Chantelle','Handy',191,74,'GBR','W',4),
(59,'Andrew','Lawrence',188,87,'GBR','M',4),
(60,'Kieron','Achara',208,110,'GBR','M',4),
(61,'Natalie','Stafford',176,66,'GBR','W',4),
(62,'Stef','Collins',167,63,'GBR','W',4),
(63,'Eric','Boateng',211,114,'GBR','M',4),
(64,'Kim','Butler',188,80,'GBR','W',4),
(65,'Temi','Fagbenle',193,79,'GBR','W',4),
(66,'Dan','Clark',210,109,'GBR','M',4),
(67,'Johannah','Leedham',178,76,'GBR','W',4),
(68,'Julie','Page',188,85,'GBR','W',4),
(69,'Nate','Reinking',189,88,'GBR','M',4),
(70,'Kyle','Johnson',194,93,'GBR','M',4),
(71,'Zhaoxu','Zhang',219,110,'CHN','M',4),
(72,'Shafiq','Chitou',168,60,'BEN','M',5),
(73,'Soltan','Migitinov',175,75,'AZE','M',6),
(74,'Mary','Spencer',180,73,'CAN','W',6),
(75,'Alberto','Ezequiel Melian',170,56,'ARG','M',7),
(76,'Hesham','Abdelaal',167,52,'EGY','M',8),
(77,'Anderson','Rojas Mina',180,64,'ECU','M',9),
(78,'Qiang','Liu',178,60,'CHN','M',5),
(79,'Detelin','Dalakliev',170,56,'BUL','M',7),
(80,'Jonghun','Shin',168,49,'KOR','M',10),
(81,'Bahram','Muzaffer',187,81,'TUR','M',11),
(82,'Joseph','Diaz Jr',168,56,'USA','M',7),
(83,'Andrew','Selby',169,52,'GBR','M',8),
(84,'Alexis','Pritchard',178,59,'NZL','W',5),
(85,'Damien','Hooper',180,80,'AUS','M',11),
(86,'Yamil','Peralta Jara',189,91,'ARG','M',12),
(87,'Maroua','Rahali',168,51,'TUN','W',13),
(88,'Yakup','Sener',170,64,'TUR','M',9),
(89,'Marina','Volnova',170,75,'KAZ','W',6),
(90,'Fred','Evans',180,69,'GBR','M',14),
(91,'Adriana','Araujo',169,60,'BRA','W',5),
(92,'Vatan','Huseynli',185,81,'AZE','M',11),
(93,'Marcus','Browne',188,81,'USA','M',11),
(94,'Birzhan','Zhakypov',167,49,'KAZ','M',10),
(95,'Magomed','Omarov',195,93,'RUS','M',15),
(96,'Satoshi','Shimizu',179,56,'JPN','M',7),
(97,'Ilyas','Abbadi',170,69,'ALG','M',14),
(98,'Jose','Espinoza Mena',173,75,'VEN','M',6),
(99,'Josh','Taylor',176,60,'GBR','M',5),
(100,'Tom','Stalker',181,64,'GBR','M',9),
(101,'Natasha','Jonas',172,60,'GBR','W',5),
(102,'Nicola','Adams',164,51,'GBR','W',13),
(103,'Luke','Campbell',175,56,'GBR','M',7),
(104,'Anthony','Ogogo',181,75,'GBR','M',6),
(105,'Anthony','Joshua',198,106,'GBR','M',15),
(106,'Savannah','Marshall',181,75,'GBR','W',6),
(107,'Aneta','Hladikova',171,62,'CZE','W',16),
(108,'Kohei','Yamamoto',182,69,'JPN','M',17),
(109,'Manuel','Rodas Ochoa',172,68,'GUA','M',18),
(110,'Maik','Baier',180,91,'GER','M',16),
(111,'Ingrid','Drexel',173,62,'MEX','W',18),
(112,'Nicole','Cooke',167,58,'GBR','W',18),
(113,'Emma','Johansson',167,58,'SWE','W',19),
(114,'Ki','Ho Choi',173,59,'HKG','M',20),
(115,'Wendy','Houvenaghel',176,60,'GBR','W',21),
(116,'Keon','Woo Park',173,65,'KOR','M',21),
(117,'Jess','Varnish',167,69,'GBR','W',22),
(118,'Carlos','Mario Oquendo Zabala',175,81,'COL','M',16),
(119,'Greg','Henderson',180,74,'NZL','M',18),
(120,'Lars','Boom',191,81,'NED','M',18),
(121,'Emilio','Andres Falla Buchely',172,60,'ECU','M',16),
(122,'Yauheni','Hutarovich',179,71,'BLR','M',18),
(123,'Manuel','De Vecchi',182,91,'ITA','M',16),
(124,'Marianne','Vos',169,52,'NED','W',19),
(125,'Kristin','Armstrong',173,58,'USA','W',19),
(126,'Alise','Post',157,58,'USA','W',16),
(127,'David','Millar',191,78,'GBR','M',18),
(128,'Assan','Bazayev',170,66,'KAZ','M',18),
(129,'Krisztian','Lovassy',180,71,'HUN','M',18),
(130,'Matteo','Trentin',179,74,'ITA','M',18),
(131,'Jonathan','Castroviejo Nicolas',172,64,'ESP','M',18),
(132,'Yudai','Nitta',173,77,'JPN','M',22),
(133,'Claudia','Hausler',168,52,'GER','W',18),
(134,'Frank','Schleck',186,69,'LUX','M',18),
(135,'John','Degenkolb',180,79,'GER','M',18),
(136,'Katrin','Leumann',174,54,'SUI','W',17),
(137,'Jaroslav','Kulhavy',187,76,'CZE','M',17),
(138,'Marco','Aurelio Fontana',172,68,'ITA','M',17),
(139,'Simona','Krupeckaite',170,70,'LTU','W',23),
(140,'Westley','Gough',185,75,'NZL','M',21),
(141,'Kevin','Sireau',188,90,'FRA','M',22),
(142,'Luis','Mansilla',175,68,'CHI','M',20),
(143,'Nikita','Shurshin',191,95,'RUS','M',23),
(144,'Rushlee','Buchanan',170,63,'NZL','W',23),
(145,'Marc','Bassingthwaighte',178,68,'NAM','M',17),
(146,'Candice','Neethling',170,60,'RSA','W',17),
(147,'Evgeniya','Romanyuta',166,60,'RUS','W',20),
(148,'Ethan','Mitchell',180,81,'NZL','M',22),
(149,'Pia','Sundstedt',168,52,'FIN','W',19),
(150,'Brian','Kirkham',183,84,'AUS','M',16),
(151,'Kristina','Vogel',160,62,'GER','W',22),
(152,'Sir','Chris Hoy',185,93,'GBR','M',23),
(153,'Olga','Zabelinskaya',175,61,'RUS','W',19),
(154,'Grega','Bole',177,70,'SLO','M',18),
(155,'Aleksandra','Dawidowicz',167,57,'POL','W',17),
(156,'Tory','Nyhaug',185,90,'CAN','M',16),
(157,'Lyubov','Shulika',166,65,'UKR','W',22),
(158,'Jenning','Huizenga',185,70,'NED','M',21),
(159,'Luis','Leon Sanchez Gil',186,73,'ESP','M',18),
(160,'Rudi','Van Houts',177,64,'NED','M',17),
(161,'Jason','Kenny',177,80,'GBR','M',23),
(162,'Maria','Luisa Calle Williams',168,52,'COL','W',20),
(163,'Jackson','Rodriguez',168,60,'VEN','M',18),
(164,'Mark','Cavendish',175,69,'GBR','M',18),
(165,'Joanna','Rowsell',180,64,'GBR','W',21),
(166,'Liam','Killeen',173,65,'GBR','M',17),
(167,'Lizzie','Armitstead',168,57,'GBR','W',19),
(168,'Steven','Burke',183,74,'GBR','M',21),
(169,'Liam','Phillips',178,83,'GBR','M',16),
(170,'Andrew','Tennant',192,79,'GBR','M',21),
(171,'Lucy','Martin',169,57,'GBR','W',18),
(172,'Geraint','Thomas',183,71,'GBR','M',21),
(173,'Annie','Last',167,60,'GBR','W',17),
(174,'Christopher','Froome',185,71,'GBR','M',18),
(175,'Ed','Clancy',186,77,'GBR','M',20),
(176,'Ian','Stannard',190,80,'GBR','M',18),
(177,'Peter','Kennaugh',174,64,'GBR','M',21),
(178,'Bradley','Wiggins',190,69,'GBR','M',18),
(179,'Philip','Hindes',177,83,'GBR','M',22),
(180,'Laura','Trott',163,52,'GBR','W',20),
(181,'Victoria','Pendleton',165,60,'GBR','W',22),
(182,'Dani','King',175,62,'GBR','W',21),
(183,'Shanaze','Reade',170,76,'GBR','W',16),
(184,'Emma','Pooley',157,48,'GBR','W',19),
(185,'Maryna','Kyiko',162,52,'UKR','W',24),
(186,'Yibing','Chen',160,58,'CHN','M',25),
(187,'Krisztian','Berki',178,69,'HUN','M',26),
(188,'Julie','Zetlin',168,54,'USA','W',27),
(189,'Yasuhiro','Ueyama',162,59,'JPN','M',24),
(190,'Artur','Davtyan',162,64,'ARM','M',26),
(191,'Rebecca','Tunney',149,35,'GBR','W',26),
(192,'Arthur','Nabarrete Zanetti',156,62,'BRA','M',26),
(193,'Jonathan','Horton',157,59,'USA','M',25),
(194,'Louis','Smith',179,76,'GBR','M',25),
(195,'Anastasiya','Ivankova',171,58,'BLR','W',28),
(196,'Koko','Tsurumi',141,34,'JPN','W',26),
(197,'Nastassia','Marachkouskaya',167,60,'BLR','W',26),
(198,'Ashleigh','Brennan',159,46,'AUS','W',26),
(199,'Gregoire','Pennes',179,68,'FRA','M',24),
(200,'Sam','Oldham',168,62,'GBR','M',25),
(201,'Yevgeniya','Gomon',172,48,'UKR','W',28),
(202,'Rachel','Smith',172,64,'GBR','W',28),
(203,'Dmitry','Ushakov',176,64,'RUS','M',24),
(204,'Savannah','Vinsant',160,54,'USA','W',24),
(205,'Georgia','Bonora',161,51,'AUS','W',26),
(206,'Alina','Makarenko',172,48,'RUS','W',28),
(207,'Hannah','Whelan',160,53,'GBR','W',26),
(208,'Philipp','Boy',172,65,'GER','M',25),
(209,'Ryohei','Kato',162,54,'JPN','M',25),
(210,'Airi','Hatakeyama',170,49,'JPN','W',28),
(211,'Shanshan','Huang',158,47,'CHN','W',24),
(212,'Peter','Jensen',177,70,'DEN','M',24),
(213,'Vlad','Bogdan Cotuna',163,60,'ROU','M',25),
(214,'Janine','Murray',169,54,'AUS','W',27),
(215,'Nataliya','Kononenko',158,50,'UKR','W',26),
(216,'Giorgia','Campana',152,46,'ITA','W',26),
(217,'Anastasia','Bliznyuk',173,50,'RUS','W',28),
(218,'Sophia','Serseri',154,45,'FRA','W',26),
(219,'Manuel','Almeida Campos',163,60,'POR','M',26),
(220,'Lynne','Hutchison',173,60,'GBR','W',28),
(221,'Francesca','Fox',167,58,'GBR','W',28),
(222,'Daniel','Purvis',168,62,'GBR','M',25),
(223,'Kat','Driscoll',168,56,'GBR','W',24),
(224,'Louisa','Pouli',162,57,'GBR','W',28),
(225,'Beth','Tweddle',160,53,'GBR','W',26),
(226,'Jennifer','Pinches',160,55,'GBR','W',26),
(227,'Imogen','Cairns',156,59,'GBR','W',26),
(228,'Kristian','Thomas',180,79,'GBR','M',25),
(229,'Max','Whitlock',167,57,'GBR','M',25),
(230,'Francesca','Jones',172,56,'GBR','W',27),
(231,'Jade','Faulkner',162,50,'GBR','W',28),
(232,'Georgina','Cassar',170,61,'GBR','W',28),
(233,'Asuka','Teramoto',136,30,'JPN','W',26),
(234,'Fernando','Gabriel Garcia',190,85,'ARG','M',29),
(235,'Martin','Hare',193,93,'GBR','M',29),
(236,'Marie-Paule','Gnabouyou',185,79,'FRA','W',29),
(237,'Ana','Paula Rodrigues',172,64,'BRA','W',29),
(238,'Hans','Lindberg',188,88,'DEN','M',29),
(239,'Tatiana','Khmyrova',173,68,'RUS','W',29),
(240,'Peter','Gulyas',200,102,'HUN','M',29),
(241,'Deonise','Cavaleiro',180,73,'BRA','W',29),
(242,'Mayara','Moura',170,66,'BRA','W',29),
(243,'Daniel','Narcisse',189,93,'FRA','M',29),
(244,'Lynn','McCafferty',168,64,'GBR','W',29),
(245,'Didier','Dinart',197,104,'FRA','M',29),
(246,'Karin','Mortensen',181,75,'DEN','W',29),
(247,'Venio','Losert',191,92,'CRO','M',29),
(248,'Kristina','Flognman',178,65,'SWE','W',29),
(249,'Drago','Vukovic',194,93,'CRO','M',29),
(250,'Jane','Mayes',173,88,'GBR','W',29),
(251,'Mariama','Signate',189,84,'FRA','W',29),
(252,'Chanyoung','Park',190,85,'KOR','M',29),
(253,'Jelena','Grubisic',184,78,'CRO','W',29),
(254,'Daniel','Sarmiento Melian',188,87,'ESP','M',29),
(255,'Nely','Alberto Francisca',178,81,'ESP','W',29),
(256,'Isabel','Guialo',168,65,'ANG','W',29),
(257,'Mikkel','Hansen',196,98,'DEN','M',29),
(258,'Andrea','Seric',184,82,'CRO','W',29),
(259,'Jakov','Gojun',204,110,'CRO','M',29),
(260,'Camilla','Dalby',182,73,'DEN','W',29),
(261,'Andres','Kogovsek',190,92,'ARG','M',29),
(262,'Victor','Tomas Gonzalez',177,83,'ESP','M',29),
(263,'Bertrand','Gille',187,98,'FRA','M',29),
(264,'Jessica','Helleberg',174,65,'SWE','W',29),
(265,'Andreas','Nilsson',197,102,'SWE','M',29),
(266,'Rikke','Skov',181,73,'DEN','W',29),
(267,'Sebastien','Edgar',182,76,'GBR','M',29),
(268,'Sebastian','Prieto',187,80,'GBR','M',29),
(269,'Neide','Barbosa',178,78,'ANG','W',29),
(270,'Anders','Jensen',179,79,'DEN','M',29),
(271,'Laura','Innes',181,75,'GBR','W',29),
(272,'Steven','Larsson',195,95,'GBR','M',29),
(273,'Ewa','Palies',173,73,'GBR','W',29),
(274,'Jovanka','Radicevic',170,65,'MNE','W',29),
(275,'Andela','Bulatovic',175,65,'MNE','W',29),
(276,'Ana','Radovic',175,65,'MNE','W',29),
(277,'Kelsi','Fairbrother',160,68,'GBR','W',29),
(278,'John','Pearce',190,88,'GBR','M',29),
(279,'Gawain','Vincent',186,83,'GBR','M',29),
(280,'Yvonne','Leuthold',176,74,'GBR','W',29),
(281,'Mark','Hawkins',182,71,'GBR','M',29),
(282,'Nina','Heglund',170,68,'GBR','W',29),
(283,'Christopher','Mohr',187,83,'GBR','M',29),
(284,'Nicholas','Satchwell',187,78,'GBR','M',29),
(285,'Lyn','Byl',172,67,'GBR','W',29),
(286,'Holly','Lam-Moores',169,59,'GBR','W',29),
(287,'Daniel','McMillan',189,93,'GBR','M',29),
(288,'Zoe','Van Der Weel',161,61,'GBR','W',29),
(289,'Christopher','McDermott',204,105,'GBR','M',29),
(290,'Louise','Jukes',169,75,'GBR','W',29),
(291,'Kathryn','Fudge',183,70,'GBR','W',29),
(292,'Jesper','Parker',200,100,'GBR','M',29),
(293,'Ciaran','Williams',183,81,'GBR','M',29),
(294,'Marie','Gerbron',166,64,'GBR','W',29),
(295,'Robin','Garnham',194,94,'GBR','M',29),
(296,'Sarah','Hargreaves',185,84,'GBR','W',29),
(297,'Britt','Goodwin',163,68,'GBR','W',29),
(298,'Sergey','Bolshakov',190,90,'RUS','M',30),
(299,'Jackson','Niyomugabo',184,71,'RWA','M',31),
(300,'Anna','Kulkina',167,52,'KAZ','W',32),
(301,'Egor','Degtyarev',202,96,'RUS','M',33),
(302,'Samantha','Cheverton',160,48,'CAN','W',34),
(303,'Aya','Takano',164,54,'JPN','W',35),
(304,'Sona','Bernardova',168,55,'CZE','W',32),
(305,'Daryna','Zevina',182,64,'UKR','W',35),
(306,'Yannick','Lebherz',194,85,'GER','M',36),
(307,'Grainne','Murphy',171,71,'IRL','W',37),
(308,'Yevgeniy','Lazuka',189,81,'AZE','M',38),
(309,'Il','Joo Baek',170,66,'KOR','W',34),
(310,'Adama','Ouedraogo',177,72,'BUR','M',31),
(311,'Glenn','Snyders',179,81,'NZL','M',39),
(312,'Zige','Liu',181,70,'CHN','W',40),
(313,'Bayan','Jumah',184,75,'SYR','W',41),
(314,'Oksana','Hatamkhanova',161,51,'AZE','W',42),
(315,'Christoph','Fildebrandt',193,78,'GER','M',43),
(316,'Viktoriia','Andreeva',189,76,'RUS','W',35),
(317,'Tamir','Andryei',181,80,'MGL','M',41),
(318,'Rahman','Md Mahfizur',172,71,'BAN','M',31),
(319,'Zuo','Chen',186,79,'CHN','M',43),
(320,'Katinka','Hosszu',170,56,'HUN','W',36),
(321,'Lisa','Zaiser',174,63,'AUT','W',44),
(322,'Kate','Haywood',178,68,'GBR','W',42),
(323,'Jason','Dunford',182,74,'KEN','M',38),
(324,'Jessica','Roux',168,62,'RSA','W',30),
(325,'Robbie','Renwick',185,80,'GBR','M',35),
(326,'Daria','Deeva',181,69,'RUS','W',42),
(327,'Diogo','Carvalho',181,73,'POR','M',44),
(328,'Danila','Izotov',193,82,'RUS','M',39),
(329,'Micah','Lawrence',183,66,'USA','W',45),
(330,'Yakov','Toumarkin',192,87,'ISR','M',46),
(331,'James','Magnussen',195,90,'AUS','M',39),
(332,'Sergey','Krovyakov',194,74,'TKM','M',41),
(333,'Katie','Skelton',160,52,'GBR','W',47),
(334,'Chloe','Isaac',169,57,'CAN','W',47),
(335,'Cameron','McEvoy',185,85,'AUS','M',35),
(336,'Darae','Jeong',173,64,'KOR','W',45),
(337,'Omar','Pinzon Garcia',186,85,'COL','M',40),
(338,'Aigerim','Zhexembinova',164,47,'KAZ','W',32),
(339,'Leith','Shankland',196,90,'RSA','M',35),
(340,'Yoris','Grandjean',186,82,'BEL','M',35),
(341,'Graeme','Moore',198,98,'RSA','M',43),
(342,'Pieter','Timmers',200,89,'BEL','M',35),
(343,'Arturo','Perez Vertti Ferrer',194,80,'MEX','M',48),
(344,'Theodora','Drakou',169,67,'GRE','W',31),
(345,'Dalia','Torrez Zamora',170,63,'NCA','W',38),
(346,'Nuria','Diosdado Garcia',169,53,'MEX','W',32),
(347,'Daniel','Tranter',193,80,'AUS','M',44),
(348,'Alain','Bernard',196,90,'FRA','M',43),
(349,'Weiwu','Chen',192,88,'CHN','M',39),
(350,'Suyeon','Back',173,61,'KOR','W',45),
(351,'Riccardo','Maestri',176,72,'ITA','M',35),
(352,'Hanna-Maria','Seppala',174,59,'FIN','W',31),
(353,'Eszter','Povazsay',183,74,'HUN','W',46),
(354,'Shannon','Vreeland',188,79,'USA','W',35),
(355,'Samar','Hassounah',164,48,'EGY','W',47),
(356,'Alexianne','Castel',180,76,'FRA','W',46),
(357,'Blair','Evans',175,65,'AUS','W',36),
(358,'Alicja','Tchorz',177,67,'POL','W',46),
(359,'Stephanie','Leclair',172,54,'CAN','W',47),
(360,'Chloe','Willhelm',168,53,'FRA','W',32),
(361,'Nada','Higl',173,67,'SRB','W',45),
(362,'Colin','Russell',192,90,'CAN','M',35),
(363,'Benjamin','Hockin Brusquetti',195,90,'PAR','M',34),
(364,'Hugues','Duboscq',191,87,'FRA','M',39),
(365,'Luke','Hall',181,85,'SWZ','M',31),
(366,'Christian','Schurr Voight',173,80,'MEX','M',45),
(367,'Lauren','Boyle',183,67,'NZL','W',37),
(368,'Ranohon','Amanova',174,61,'UZB','W',44),
(369,'Ying','Lu',175,62,'CHN','W',39),
(370,'Jillian','Tyler',152,65,'CAN','W',42),
(371,'Gergely','Gyurta',174,68,'HUN','M',48),
(372,'Coralie','Balmy',180,67,'FRA','W',37),
(373,'Audrey','Lacroix',163,53,'CAN','W',40),
(374,'Yanqiao','Fang',173,69,'CHN','W',30),
(375,'Breeja','Larson',183,73,'USA','W',42),
(376,'Sarah','Poewe',175,71,'GER','W',42),
(377,'Ellie','Faulkner',165,55,'GBR','W',37),
(378,'Peter','Mankoc',192,88,'SLO','M',38),
(379,'Brett','Fraser',188,84,'CAY','M',34),
(380,'Alyssa','Anderson',173,64,'USA','W',35),
(381,'Carlos','Almeida',182,87,'POR','M',42),
(382,'Ann-Marie','Hepler',167,68,'MHL','W',31),
(383,'Hoi','Shun Stephanie Au',171,60,'HKG','W',46),
(384,'Xiayan','Li',199,98,'CHN','M',42),
(385,'Yvette','Baker',170,55,'GBR','W',47),
(386,'Keri-Anne','Payne',175,66,'GBR','W',30),
(387,'Cecilia','Biagioli',165,52,'ARG','W',37),
(388,'Khalid','Alibaba',165,60,'BRN','M',38),
(389,'Chi-Chieh','Hsu',177,72,'TPE','M',40),
(390,'Gabriella','Fagundez',170,60,'SWE','W',39),
(391,'Jennie','Johansson',185,72,'SWE','W',42),
(392,'Yanet','Seyoum Gebremedhin',164,56,'ETH','W',31),
(393,'Marcin','Cieslak',193,85,'POL','M',40),
(394,'Esau','Simpson',185,75,'GRN','M',41),
(395,'Concepcion','Badillo Diaz',171,62,'ESP','W',42),
(396,'Gideon','Louw',194,93,'RSA','M',39),
(397,'Olga','Beresnyeva',174,72,'UKR','W',30),
(398,'Nikolay','Skvortsov',180,78,'RUS','M',39),
(399,'Georgia','Davies',175,60,'GBR','W',46),
(400,'Andrey','Grechin',198,94,'RUS','M',43),
(401,'Dede','Camara',159,61,'GUI','W',42),
(402,'Beni','Binobagira',176,69,'BDI','M',41),
(403,'Shane','Mangroo',170,80,'SEY','M',41),
(404,'Mylene','Ong',169,55,'SIN','W',41),
(405,'Sabine','Hazboun',165,58,'PLE','W',31),
(406,'Thi','Anh Vien Nguyen',165,58,'VIE','W',36),
(407,'Clelia','Tini',165,57,'SMR','W',41),
(408,'Joanne','Jackson',185,76,'GBR','W',35),
(409,'Roy','Burch',185,80,'BER','M',31),
(410,'Megan','Fonteno',163,61,'ASA','W',41),
(411,'Bradley','Ally',183,73,'BAR','M',44),
(412,'Rebecca','Turner',153,68,'GBR','W',34),
(413,'Asha','Randall',178,52,'GBR','W',47),
(414,'Anderson','Chee Wei Lim',166,62,'BRU','M',34),
(415,'Niall','Roberts',178,75,'GUY','M',41),
(416,'Magdalena','Moshi',163,52,'TAN','W',41),
(417,'Jamila','Lunkuse',153,60,'UGA','W',31),
(418,'Katie','Dawkins',175,67,'GBR','W',47),
(419,'Gemma','Spofforth',183,85,'GBR','W',46),
(420,'Michael','Rock',180,78,'GBR','M',39),
(421,'Joyce','Tafatatha',168,68,'MAW','W',31),
(422,'Jenna','Randall',173,55,'GBR','W',32),
(423,'Craig','Gibbons',178,84,'GBR','M',43),
(424,'Michael','Jamieson',186,81,'GBR','M',39),
(425,'Simon','Burnett',189,82,'GBR','M',43),
(426,'Daniel','Fogg',179,74,'GBR','M',48),
(427,'Julia','Hassler',178,73,'LIE','W',37),
(428,'Lizzie','Simmonds',171,60,'GBR','W',39),
(429,'Craig','Benson',183,76,'GBR','M',42),
(430,'Fran','Halsall',172,59,'GBR','W',31),
(431,'Liam','Tancock',183,85,'GBR','M',46),
(432,'Rob','Bale',174,69,'GBR','M',35),
(433,'Andrew','Willis',188,85,'GBR','M',39),
(434,'Jess','Lloyd',178,80,'GBR','W',43),
(435,'Stacey','Tadd',181,74,'GBR','W',39),
(436,'Hannah','Miley',166,53,'GBR','W',36),
(437,'Vicki','Lucass',170,63,'GBR','W',47),
(438,'Chris','Walker-Hebborn',184,80,'GBR','M',39),
(439,'Sophie','Allen',170,65,'GBR','W',44),
(440,'Olivia','Federici',168,54,'GBR','W',32),
(441,'Rebecca','Adlington',179,70,'GBR','W',37),
(442,'James','Goddard',183,82,'GBR','M',44),
(443,'David','Carry',184,75,'GBR','M',35),
(444,'Siobhan-Marie','Oconnor',173,60,'GBR','W',42),
(445,'James','Disney-May',192,78,'GBR','M',43),
(446,'Jemma','Lowe',171,58,'GBR','W',40),
(447,'Grant','Turner',193,86,'GBR','M',39),
(448,'Antony','James',180,75,'GBR','M',39),
(449,'Joe','Roebuck',188,80,'GBR','M',40),
(450,'Caitlin','McClatchey',170,57,'GBR','W',34),
(451,'Adam','Brown',196,95,'GBR','M',43),
(452,'Amy','Smith',172,59,'GBR','W',31),
(453,'David','Davies',190,84,'GBR','M',35),
(454,'Ross','Davenport',187,76,'GBR','M',35),
(455,'Ieuan','Lloyd',193,83,'GBR','M',35),
(456,'Roberto','Pavoni',176,71,'GBR','M',40),
(457,'Stephanie','Proud',169,65,'GBR','W',49),
(458,'Katie','Clark',168,52,'GBR','W',47),
(459,'Ellen','Gandy',169,62,'GBR','W',40),
(460,'Aimee','Willmott',172,56,'GBR','W',36),
(461,'Marco','Loughran',186,75,'GBR','M',49),
(462,'Jennifer','Knobbs',155,49,'GBR','W',47),
(463,'Venus','Williams',185,75,'USA','W',50),
(464,'Tsvetana','Pironkova',180,66,'BUL','W',51),
(465,'David','Nalbandian',180,79,'ARG','M',51),
(466,'Grigor','Dimitrov',190,81,'BUL','M',51),
(467,'Ivan','Dodig',183,83,'CRO','M',51),
(468,'Irina-Camelia','Begu',181,67,'ROU','W',51),
(469,'Elena','Vesnina',180,65,'RUS','W',50),
(470,'Lucie','Hradecka',177,72,'CZE','W',50),
(471,'Olivier','Rochus',166,63,'BEL','M',51),
(472,'Alicja','Rosolska',166,53,'POL','W',50),
(473,'Andy','Ram',180,83,'ISR','M',50),
(474,'Mariusz','Fyrstenberg',190,79,'POL','M',50),
(475,'Novak','Djokovic',188,82,'SRB','M',51),
(476,'Juan','Monaco',185,77,'ARG','M',51),
(477,'Eduardo','Schwank',183,83,'ARG','M',50),
(478,'Heather','Watson',168,64,'GBR','W',50),
(479,'Tamira','Paszek',165,62,'AUT','W',51),
(480,'Fernando','Verdasco',188,81,'ESP','M',51),
(481,'Santiago','Giraldo',188,75,'COL','M',51),
(482,'Nadia','Petrova',178,65,'RUS','W',50),
(483,'Jamie','Murray',190,82,'GBR','M',50),
(484,'Jurgen','Melzer',184,80,'AUT','M',51),
(485,'Laura','Robson',180,62,'GBR','W',50),
(486,'Ross','Hutchins',191,87,'GBR','M',50),
(487,'Andy','Murray',188,84,'GBR','M',51),
(488,'Elena','Baltacha',175,70,'GBR','W',50),
(489,'Anne','Keothavong',174,63,'GBR','W',50),
(490,'Colin','Fleming',188,78,'GBR','M',50),
(491,'Ben','Pipes',204,90,'GBR','M',52),
(492,'Anouer','Taouerghi',178,77,'TUN','M',52),
(493,'Anna','Matienko',182,68,'RUS','W',52),
(494,'Cindy','Carolina Rondon Martinez',186,61,'DOM','W',52),
(495,'Rachel','Bragg',184,75,'GBR','W',52),
(496,'Richard','Lambourne',191,100,'USA','M',52),
(497,'Marcus','Bohme',211,115,'GER','M',52),
(498,'Gyorgy','Grozer',200,104,'GER','M',52),
(499,'Sheilla','Castro',187,67,'BRA','W',52),
(500,'Yeon-Koung','Kim',192,73,'KOR','W',52),
(501,'Lucy','Wicks',173,62,'GBR','W',52),
(502,'Ivana','Djerisilo',185,72,'SRB','W',52),
(503,'Russell','Holmes',203,93,'USA','M',52),
(504,'Mark','Plotyczer',195,86,'GBR','M',52),
(505,'Kaori','Inoue',182,59,'JPN','W',52),
(506,'Nikolay','Nikolov',206,93,'BUL','M',52),
(507,'Alexander','Sokolov',192,87,'RUS','M',52),
(508,'Milena','Rasic',193,75,'SRB','W',52),
(509,'Dallal','Merwa Achour',176,45,'ALG','W',52),
(510,'Destinee','Hooker',191,75,'USA','W',52),
(511,'Neslihan','Darnel',187,72,'TUR','W',52),
(512,'Salima','Hammouche',165,45,'ALG','W',52),
(513,'Joel','Miller',191,86,'GBR','M',52),
(514,'Elizabeth','Reid',173,60,'GBR','W',52),
(515,'Andrew','Pink',193,85,'GBR','M',52),
(516,'Jason','Haldane',203,106,'GBR','M',52),
(517,'Savanah','Leaf',183,73,'GBR','W',52),
(518,'Jennifer','Taylor',178,71,'GBR','W',52),
(519,'Oluwadamilola','Bakare',197,93,'GBR','M',52),
(520,'Grace','Carter',183,78,'GBR','W',52),
(521,'Janine','Sandell',177,82,'GBR','W',52),
(522,'Joanne','Morgan',170,60,'GBR','W',52),
(523,'Maria','Bertelli',171,63,'GBR','W',52),
(524,'Ciara','Michel',194,70,'GBR','W',52),
(525,'Christopher','Lamont',200,80,'GBR','M',52),
(526,'Rachel','Laybourne',179,67,'GBR','W',52),
(527,'Kieran','OMalley',188,82,'GBR','M',52),
(528,'Daniel','Hunter',183,83,'GBR','M',52),
(529,'Mark','McGivern',195,87,'GBR','M',52),
(530,'Lynne','Beattie',182,65,'GBR','W',52),
(531,'Nathan','French',191,86,'GBR','M',52),
(532,'Peter','Bakare',196,93,'GBR','M',52);

-- --------------------------------------------------------

--
-- Tabellenstruktur für Tabelle `gender`
--

CREATE TABLE IF NOT EXISTS `Gender` (
  `genderCode` varchar(1) NOT NULL DEFAULT ' ',
  `gender` varchar(20) DEFAULT NULL,
  PRIMARY KEY (`genderCode`)
) ENGINE=InnoDB  DEFAULT CHARSET=utf8 AUTO_INCREMENT=20 ;

--
-- Daten für Tabelle `gender`
--

INSERT INTO `Gender` (`genderCode`, `gender`) VALUES
('M', 'male'),
('W', 'female');

-- --------------------------------------------------------

--
-- Tabellenstruktur für Tabelle `sport`
--

CREATE TABLE IF NOT EXISTS `Sport` (
  `sportID` int(8) NOT NULL AUTO_INCREMENT,
  `category` varchar(40) DEFAULT NULL,
  `subcategory` varchar(40) DEFAULT NULL,
  `specification` varchar(40) DEFAULT NULL,
  PRIMARY KEY (`sportID`)
) ENGINE=InnoDB DEFAULT CHARSET=utf8;

--
-- Daten für Tabelle `sport`
--

INSERT INTO `Sport` (`sportID`, `category`, `subcategory`, `specification`) VALUES
(1,'Badminton','Singles',NULL),
(2,'Badminton','Doubles',NULL),
(3,'Badminton','Mixed Doubles',NULL),
(4,'Basketball','Basketball',NULL),
(5,'Boxing','Lightweight','60kg'),
(6,'Boxing','Middleweight','75kg'),
(7,'Boxing','Bantamweight','56kg'),
(8,'Boxing','Flyweight','52kg'),
(9,'Boxing','Light Welterweight','64kg'),
(10,'Boxing','Light Flyweight','49kg'),
(11,'Boxing','Light Heavyweight','81kg'),
(12,'Boxing','Heavyweight','91kg'),
(13,'Boxing','Flyweight','51kg'),
(14,'Boxing','Welterweight','69kg'),
(15,'Boxing','Super Heavyweight','91kg'),
(16,'Cycling','BMX','BMX'),
(17,'Cycling','Mountain Bike','Mountain Bike'),
(18,'Cycling','Road','Road Race'),
(19,'Cycling','Road','Individual Time Trial'),
(20,'Cycling','Track',NULL),
(21,'Cycling','Track','Team Pursuit'),
(22,'Cycling','Track','Team Sprint'),
(23,'Cycling','Track','Sprint'),
(24,'Gymnastics','Trampoline','Trampoline'),
(25,'Gymnastics','Artistic','Team'),
(26,'Gymnastics','Artistic','Qualifications'),
(27,'Gymnastics','Rhythmic','Individual All-Around'),
(28,'Gymnastics','Rhythmic','Group All-Around'),
(29,'Handball','Handball',NULL),
(30,'Swimming','Marathon','10km'),
(31,'Swimming','Freestyle','50m'),
(32,'Synchronised Swimming','Duets',NULL),
(33,'Swimming','Freestyle','400m'),
(34,'Swimming','Freestyle','200m'),
(35,'Swimming','Freestyle Relay','4 x 200m'),
(36,'Swimming','Individual Medley','400m'),
(37,'Swimming','Freestyle','800m'),
(38,'Swimming','Butterfly','100m'),
(39,'Swimming','Medley Relay','4 x 100m'),
(40,'Swimming','Butterfly','200m'),
(41,'Swimming','Freestyle','100m'),
(42,'Swimming','Breaststroke','100m'),
(43,'Swimming','Freestyle Relay','4 x 100m'),
(44,'Swimming','Individual Medley','200m'),
(45,'Swimming','Breaststroke','200m'),
(46,'Swimming','Backstroke','100m'),
(47,'Synchronised Swimming','Teams',NULL),
(48,'Swimming','Freestyle','1500m'),
(49,'Swimming','Backstroke','200m'),
(50,'Tennis','Doubles',NULL),
(51,'Tennis','Singles',NULL),
(52,'Volleyball','Volleyball',NULL);

-- --------------------------------------------------------

--
-- Tabellenstruktur für Tabelle `country`
--

CREATE TABLE IF NOT EXISTS `Country` (
  `countryCode` varchar(3) NOT NULL DEFAULT ' ',
  `country` varchar(40) DEFAULT NULL,
  PRIMARY KEY (`countryCode`)
) ENGINE=InnoDB DEFAULT CHARSET=utf8;

--
-- Daten für Tabelle `country`
--

INSERT INTO `Country` (`country`, `countryCode`) VALUES
('Suriname','SUR'),
('Mexico','MEX'),
('Sri Lanka','SRI'),
('Spain','ESP'),
('Australian Olympic Team','AUS'),
('Czech Republic','CZE'),
('Chinese Taipei','TPE'),
('Italy','ITA'),
('China','CHN'),
('South Korea','KOR'),
('Belgium','BEL'),
('Slovakia','SVK'),
('Russian Federation','RUS'),
('Denmark','DEN'),
('Team GB','GBR'),
('Slovenia','SLO'),
('Maldives','MDV'),
('Indonesia','INA'),
('Argentina','ARG'),
('Tunisia','TUN'),
('France','FRA'),
('Turkey','TUR'),
('Team USA','USA'),
('Croatia','CRO'),
('Brazil','BRA'),
('Benin','BEN'),
('Azerbaijan','AZE'),
('Canada','CAN'),
('Egypt','EGY'),
('Ecuador','ECU'),
('Bulgaria','BUL'),
('New Zealand','NZL'),
('Kazakhstan','KAZ'),
('Japan','JPN'),
('Algeria','ALG'),
('Venezuela','VEN'),
('Guatemala','GUA'),
('Germany','GER'),
('Sweden','SWE'),
('Hong Kong','HKG'),
('Colombia','COL'),
('Netherlands','NED'),
('Belarus','BLR'),
('Hungary','HUN'),
('Luxembourg','LUX'),
('Switzerland','SUI'),
('Lithuania','LTU'),
('Chile','CHI'),
('Namibia','NAM'),
('South Africa','RSA'),
('Finland','FIN'),
('Poland','POL'),
('Ukraine','UKR'),
('Armenia','ARM'),
('Romania','ROU'),
('Portugal','POR'),
('Angola','ANG'),
('Montenegro','MNE'),
('Rwanda','RWA'),
('Ireland','IRL'),
('Burkina Faso','BUR'),
('Syria','SYR'),
('Mongolia','MGL'),
('Bangladesh','BAN'),
('Austria','AUT'),
('Kenya','KEN'),
('Israel','ISR'),
('Turkmenistan','TKM'),
('Greece','GRE'),
('Nicaragua','NCA'),
('Serbia','SRB'),
('Paraguay','PAR'),
('Swaziland','SWZ'),
('Uzbekistan','UZB'),
('Cayman Islands','CAY'),
('Marshall Islands','MHL'),
('Bahrain','BRN'),
('Ethiopia','ETH'),
('Grenada','GRN'),
('Guinea','GUI'),
('Burundi','BDI'),
('Seychelles','SEY'),
('Singapore','SIN'),
('Palestine','PLE'),
('Vietnam','VIE'),
('San Marino','SMR'),
('Bermuda','BER'),
('American Samoa','ASA'),
('Barbados','BAR'),
('Brunei Darussalam','BRU'),
('Guyana','GUY'),
('Tanzania','TAN'),
('Uganda','UGA'),
('Malawi','MAW'),
('Liechtenstein','LIE'),
('Dominican Republic','DOM');

--
-- Constraints der Tabellen
--

--
-- Constraints der Tabelle `athlete`
--
ALTER TABLE `athlete`
  ADD CONSTRAINT `athlete_ibfk_1` FOREIGN KEY (`countryCode`) REFERENCES `Country` (`countryCode`),
  ADD CONSTRAINT `athlete_ibfk_2` FOREIGN KEY (`genderCode`) REFERENCES `Gender` (`genderCode`),
  ADD CONSTRAINT `athlete_ibfk_3` FOREIGN KEY (`sportID`) REFERENCES `Sport` (`sportID`);

/*!40101 SET CHARACTER_SET_CLIENT=@OLD_CHARACTER_SET_CLIENT */;
/*!40101 SET CHARACTER_SET_RESULTS=@OLD_CHARACTER_SET_RESULTS */;
/*!40101 SET COLLATION_CONNECTION=@OLD_COLLATION_CONNECTION */;
