-- MySQL dump 10.13  Distrib 8.0.30, for Linux (x86_64)
--
-- Host: 10.224.102.46    Database: ms_consent
-- ------------------------------------------------------
-- Server version	8.0.30-commercial

/*!40101 SET @OLD_CHARACTER_SET_CLIENT=@@CHARACTER_SET_CLIENT */;
/*!40101 SET @OLD_CHARACTER_SET_RESULTS=@@CHARACTER_SET_RESULTS */;
/*!40101 SET @OLD_COLLATION_CONNECTION=@@COLLATION_CONNECTION */;
/*!50503 SET NAMES utf8mb4 */;
/*!40103 SET @OLD_TIME_ZONE=@@TIME_ZONE */;
/*!40103 SET TIME_ZONE='+00:00' */;
/*!40014 SET @OLD_UNIQUE_CHECKS=@@UNIQUE_CHECKS, UNIQUE_CHECKS=0 */;
/*!40014 SET @OLD_FOREIGN_KEY_CHECKS=@@FOREIGN_KEY_CHECKS, FOREIGN_KEY_CHECKS=0 */;
/*!40101 SET @OLD_SQL_MODE=@@SQL_MODE, SQL_MODE='NO_AUTO_VALUE_ON_ZERO' */;
/*!40111 SET @OLD_SQL_NOTES=@@SQL_NOTES, SQL_NOTES=0 */;

--
-- Table structure for table `Consent`
--

DROP TABLE IF EXISTS `Consent`;
/*!40101 SET @saved_cs_client     = @@character_set_client */;
/*!50503 SET character_set_client = utf8mb4 */;
CREATE TABLE `Consent` (
  `consentId` varchar(255) NOT NULL,
  `bankName` varchar(255) DEFAULT NULL,
  `blockDate` datetime DEFAULT NULL,
  `consentBlock` varchar(255) DEFAULT NULL,
  `consentGiven` varchar(255) DEFAULT NULL,
  `consentType` varchar(255) DEFAULT NULL,
  `consentWithdraw` varchar(255) DEFAULT NULL,
  `creationDate` datetime DEFAULT NULL,
  `expiresDate` datetime DEFAULT NULL,
  `partyId` varchar(255) DEFAULT NULL,
  `periodDays` int DEFAULT NULL,
  `withdrawDate` datetime DEFAULT NULL,
  `withdrawNotes` varchar(255) DEFAULT NULL,
  PRIMARY KEY (`consentId`),
  KEY `IDXg8vtxec3uv79yldhwpvdmvtbq` (`partyId`)
) ENGINE=InnoDB DEFAULT CHARSET=utf8mb4 COLLATE=utf8mb4_0900_ai_ci;
/*!40101 SET character_set_client = @saved_cs_client */;

--
-- Dumping data for table `Consent`
--

LOCK TABLES `Consent` WRITE;
/*!40000 ALTER TABLE `Consent` DISABLE KEYS */;
/*!40000 ALTER TABLE `Consent` ENABLE KEYS */;
UNLOCK TABLES;

--
-- Table structure for table `ConsentDetails`
--

DROP TABLE IF EXISTS `ConsentDetails`;
/*!40101 SET @saved_cs_client     = @@character_set_client */;
/*!50503 SET character_set_client = utf8mb4 */;
CREATE TABLE `ConsentDetails` (
  `consentDetailsId` varchar(255) NOT NULL,
  `accountId` varchar(255) DEFAULT NULL,
  `blockNotes` varchar(255) DEFAULT NULL,
  `blockedFrom` datetime DEFAULT NULL,
  `blockedTill` datetime DEFAULT NULL,
  `consentGiven` bit(1) DEFAULT NULL,
  `consentWithdrawn` bit(1) DEFAULT NULL,
  `expiryDate` datetime DEFAULT NULL,
  `givenDate` datetime DEFAULT NULL,
  `isBlocked` bit(1) DEFAULT NULL,
  `retentionPeriod` int DEFAULT NULL,
  `withdrawDate` datetime DEFAULT NULL,
  `withdrawNotes` varchar(255) DEFAULT NULL,
  `consentType` varchar(255) DEFAULT NULL,
  `partyConsentId` varchar(255) DEFAULT NULL,
  PRIMARY KEY (`consentDetailsId`),
  KEY `IDXhwlmxe0n7e0m4c9ar4cwcypux` (`partyConsentId`),
  KEY `FKrchgp2t16451jeyjgaw6ic67s` (`consentType`),
  CONSTRAINT `FK7323t1jje4yod23jivsndchtn` FOREIGN KEY (`partyConsentId`) REFERENCES `PartyConsentDetails` (`partyConsentId`),
  CONSTRAINT `FKrchgp2t16451jeyjgaw6ic67s` FOREIGN KEY (`consentType`) REFERENCES `ConsentType` (`consentTypeId`)
) ENGINE=InnoDB DEFAULT CHARSET=utf8mb4 COLLATE=utf8mb4_0900_ai_ci;
/*!40101 SET character_set_client = @saved_cs_client */;

--
-- Dumping data for table `ConsentDetails`
--

LOCK TABLES `ConsentDetails` WRITE;
/*!40000 ALTER TABLE `ConsentDetails` DISABLE KEYS */;
/*!40000 ALTER TABLE `ConsentDetails` ENABLE KEYS */;
UNLOCK TABLES;

--
-- Table structure for table `ConsentSubType`
--

DROP TABLE IF EXISTS `ConsentSubType`;
/*!40101 SET @saved_cs_client     = @@character_set_client */;
/*!50503 SET character_set_client = utf8mb4 */;
CREATE TABLE `ConsentSubType` (
  `consentSubTypeId` varchar(255) NOT NULL,
  `description` varchar(255) DEFAULT NULL,
  `consentTypeId` varchar(255) DEFAULT NULL,
  PRIMARY KEY (`consentSubTypeId`),
  KEY `FKqkwetvugsegtjt1ppvd3f0i4y` (`consentTypeId`),
  CONSTRAINT `FKqkwetvugsegtjt1ppvd3f0i4y` FOREIGN KEY (`consentTypeId`) REFERENCES `ConsentType` (`consentTypeId`)
) ENGINE=InnoDB DEFAULT CHARSET=utf8mb4 COLLATE=utf8mb4_0900_ai_ci;
/*!40101 SET character_set_client = @saved_cs_client */;

--
-- Dumping data for table `ConsentSubType`
--

LOCK TABLES `ConsentSubType` WRITE;
/*!40000 ALTER TABLE `ConsentSubType` DISABLE KEYS */;
/*!40000 ALTER TABLE `ConsentSubType` ENABLE KEYS */;
UNLOCK TABLES;

--
-- Table structure for table `ConsentSubTypeDetails`
--

DROP TABLE IF EXISTS `ConsentSubTypeDetails`;
/*!40101 SET @saved_cs_client     = @@character_set_client */;
/*!50503 SET character_set_client = utf8mb4 */;
CREATE TABLE `ConsentSubTypeDetails` (
  `subTypeConsentId` varchar(255) NOT NULL,
  `consentDetailsId` varchar(255) DEFAULT NULL,
  `consentSubTypeId` varchar(255) DEFAULT NULL,
  `isExpired` bit(1) DEFAULT NULL,
  `subTypeExpiryDate` datetime DEFAULT NULL,
  `subTypeGiven` bit(1) DEFAULT NULL,
  `subTypeGivenDate` datetime DEFAULT NULL,
  `withdrawSubType` varchar(255) DEFAULT NULL,
  `withdrawSubTypeDate` datetime DEFAULT NULL,
  PRIMARY KEY (`subTypeConsentId`)
) ENGINE=InnoDB DEFAULT CHARSET=utf8mb4 COLLATE=utf8mb4_0900_ai_ci;
/*!40101 SET character_set_client = @saved_cs_client */;

--
-- Dumping data for table `ConsentSubTypeDetails`
--

LOCK TABLES `ConsentSubTypeDetails` WRITE;
/*!40000 ALTER TABLE `ConsentSubTypeDetails` DISABLE KEYS */;
/*!40000 ALTER TABLE `ConsentSubTypeDetails` ENABLE KEYS */;
UNLOCK TABLES;

--
-- Table structure for table `ConsentType`
--

DROP TABLE IF EXISTS `ConsentType`;
/*!40101 SET @saved_cs_client     = @@character_set_client */;
/*!50503 SET character_set_client = utf8mb4 */;
CREATE TABLE `ConsentType` (
  `consentTypeId` varchar(255) NOT NULL,
  `retentionPeriod` int DEFAULT NULL,
  `masterConsentId` varchar(255) DEFAULT NULL,
  PRIMARY KEY (`consentTypeId`),
  KEY `FK83wifp96qcgdr7inlxnh28qta` (`masterConsentId`),
  CONSTRAINT `FK83wifp96qcgdr7inlxnh28qta` FOREIGN KEY (`masterConsentId`) REFERENCES `MasterConsent` (`masterConsentId`),
  CONSTRAINT `FK_type_masterConsentId` FOREIGN KEY (`masterConsentId`) REFERENCES `MasterConsent` (`masterConsentId`)
) ENGINE=InnoDB DEFAULT CHARSET=utf8mb4 COLLATE=utf8mb4_0900_ai_ci;
/*!40101 SET character_set_client = @saved_cs_client */;

--
-- Dumping data for table `ConsentType`
--

LOCK TABLES `ConsentType` WRITE;
/*!40000 ALTER TABLE `ConsentType` DISABLE KEYS */;
INSERT INTO `ConsentType` VALUES ('GENERIC.INFO',30,'GENERIC.CONSENT');
/*!40000 ALTER TABLE `ConsentType` ENABLE KEYS */;
UNLOCK TABLES;

--
-- Table structure for table `ConsentTypeDetails`
--

DROP TABLE IF EXISTS `ConsentTypeDetails`;
/*!40101 SET @saved_cs_client     = @@character_set_client */;
/*!50503 SET character_set_client = utf8mb4 */;
CREATE TABLE `ConsentTypeDetails` (
  `consentDetailsId` varchar(255) NOT NULL,
  `accountId` varchar(255) DEFAULT NULL,
  `blockNotes` varchar(255) DEFAULT NULL,
  `blockedFrom` datetime DEFAULT NULL,
  `blockedTill` datetime DEFAULT NULL,
  `consentGiven` bit(1) DEFAULT NULL,
  `consentWithdrawn` bit(1) DEFAULT NULL,
  `expiryDate` datetime DEFAULT NULL,
  `givenDate` datetime DEFAULT NULL,
  `isBlocked` bit(1) DEFAULT NULL,
  `retentionPeriod` int DEFAULT NULL,
  `withdrawDate` datetime DEFAULT NULL,
  `withdrawNotes` varchar(255) DEFAULT NULL,
  `consentType` varchar(255) DEFAULT NULL,
  `partyConsentId` varchar(255) DEFAULT NULL,
  PRIMARY KEY (`consentDetailsId`),
  KEY `IDXio076a5k521br5ho44ubawauc` (`partyConsentId`),
  KEY `FKrgmr3ea8ynfea7ul1wqimdhy0` (`consentType`),
  CONSTRAINT `FKk7x44np0nk8mggj9wa63d00y8` FOREIGN KEY (`partyConsentId`) REFERENCES `PartyConsentDetails` (`partyConsentId`),
  CONSTRAINT `FKrgmr3ea8ynfea7ul1wqimdhy0` FOREIGN KEY (`consentType`) REFERENCES `ConsentType` (`consentTypeId`)
) ENGINE=InnoDB DEFAULT CHARSET=utf8mb4 COLLATE=utf8mb4_0900_ai_ci;
/*!40101 SET character_set_client = @saved_cs_client */;

--
-- Dumping data for table `ConsentTypeDetails`
--

LOCK TABLES `ConsentTypeDetails` WRITE;
/*!40000 ALTER TABLE `ConsentTypeDetails` DISABLE KEYS */;
/*!40000 ALTER TABLE `ConsentTypeDetails` ENABLE KEYS */;
UNLOCK TABLES;

--
-- Table structure for table `ConsentType_description`
--

DROP TABLE IF EXISTS `ConsentType_description`;
/*!40101 SET @saved_cs_client     = @@character_set_client */;
/*!50503 SET character_set_client = utf8mb4 */;
CREATE TABLE `ConsentType_description` (
  `ConsentType_consentTypeId` varchar(255) NOT NULL,
  `description` varchar(255) NOT NULL,
  PRIMARY KEY (`ConsentType_consentTypeId`,`description`),
  KEY `ConsentType_consentTypeId` (`ConsentType_consentTypeId`),
  CONSTRAINT `FK_desc_consentTypeId` FOREIGN KEY (`ConsentType_consentTypeId`) REFERENCES `ConsentType` (`consentTypeId`),
  CONSTRAINT `FKc7r9l9c41vwuoaw5ywwr1dnnm` FOREIGN KEY (`ConsentType_consentTypeId`) REFERENCES `ConsentType` (`consentTypeId`)
) ENGINE=InnoDB DEFAULT CHARSET=utf8mb4 COLLATE=utf8mb4_0900_ai_ci;
/*!40101 SET character_set_client = @saved_cs_client */;

--
-- Dumping data for table `ConsentType_description`
--

LOCK TABLES `ConsentType_description` WRITE;
/*!40000 ALTER TABLE `ConsentType_description` DISABLE KEYS */;
INSERT INTO `ConsentType_description` VALUES ('GENERIC.INFO','Generic info consent');
/*!40000 ALTER TABLE `ConsentType_description` ENABLE KEYS */;
UNLOCK TABLES;

--
-- Table structure for table `Consent_purpose`
--

DROP TABLE IF EXISTS `Consent_purpose`;
/*!40101 SET @saved_cs_client     = @@character_set_client */;
/*!50503 SET character_set_client = utf8mb4 */;
CREATE TABLE `Consent_purpose` (
  `Consent_consentId` varchar(255) NOT NULL,
  `purpose` varchar(255) NOT NULL,
  PRIMARY KEY (`Consent_consentId`,`purpose`),
  CONSTRAINT `FKek792o125dm27qprrng0th2th` FOREIGN KEY (`Consent_consentId`) REFERENCES `Consent` (`consentId`)
) ENGINE=InnoDB DEFAULT CHARSET=utf8mb4 COLLATE=utf8mb4_0900_ai_ci;
/*!40101 SET character_set_client = @saved_cs_client */;

--
-- Dumping data for table `Consent_purpose`
--

LOCK TABLES `Consent_purpose` WRITE;
/*!40000 ALTER TABLE `Consent_purpose` DISABLE KEYS */;
/*!40000 ALTER TABLE `Consent_purpose` ENABLE KEYS */;
UNLOCK TABLES;

--
-- Table structure for table `InfinityApps`
--

DROP TABLE IF EXISTS `InfinityApps`;
/*!40101 SET @saved_cs_client     = @@character_set_client */;
/*!50503 SET character_set_client = utf8mb4 */;
CREATE TABLE `InfinityApps` (
  `appId` varchar(255) NOT NULL,
  `status` varchar(255) DEFAULT NULL,
  PRIMARY KEY (`appId`)
) ENGINE=InnoDB DEFAULT CHARSET=utf8mb4 COLLATE=utf8mb4_0900_ai_ci;
/*!40101 SET character_set_client = @saved_cs_client */;

--
-- Dumping data for table `InfinityApps`
--

LOCK TABLES `InfinityApps` WRITE;
/*!40000 ALTER TABLE `InfinityApps` DISABLE KEYS */;
INSERT INTO `InfinityApps` VALUES ('CONSUMER_LENDING','ACTIVE'),('ORIGINATION','ACTIVE'),('RETAIL_AND_BUSINESS_BANKING','ACTIVE');
/*!40000 ALTER TABLE `InfinityApps` ENABLE KEYS */;
UNLOCK TABLES;

--
-- Table structure for table `InfinityApps_description`
--

DROP TABLE IF EXISTS `InfinityApps_description`;
/*!40101 SET @saved_cs_client     = @@character_set_client */;
/*!50503 SET character_set_client = utf8mb4 */;
CREATE TABLE `InfinityApps_description` (
  `InfinityApps_appId` varchar(255) NOT NULL,
  `description` varchar(255) NOT NULL,
  PRIMARY KEY (`InfinityApps_appId`,`description`),
  KEY `InfinityApps_appId` (`InfinityApps_appId`),
  CONSTRAINT `FK_desc_appId` FOREIGN KEY (`InfinityApps_appId`) REFERENCES `InfinityApps` (`appId`),
  CONSTRAINT `FKkjrp846qeb847se9n3kwfaat3` FOREIGN KEY (`InfinityApps_appId`) REFERENCES `InfinityApps` (`appId`)
) ENGINE=InnoDB DEFAULT CHARSET=utf8mb4 COLLATE=utf8mb4_0900_ai_ci;
/*!40101 SET character_set_client = @saved_cs_client */;

--
-- Dumping data for table `InfinityApps_description`
--

LOCK TABLES `InfinityApps_description` WRITE;
/*!40000 ALTER TABLE `InfinityApps_description` DISABLE KEYS */;
INSERT INTO `InfinityApps_description` VALUES ('CONSUMER_LENDING','Consumer Lending'),('ORIGINATION','Customer Origination'),('RETAIL_AND_BUSINESS_BANKING','Retail And Business Banking');
/*!40000 ALTER TABLE `InfinityApps_description` ENABLE KEYS */;
UNLOCK TABLES;

--
-- Table structure for table `InfinityApps_name`
--

DROP TABLE IF EXISTS `InfinityApps_name`;
/*!40101 SET @saved_cs_client     = @@character_set_client */;
/*!50503 SET character_set_client = utf8mb4 */;
CREATE TABLE `InfinityApps_name` (
  `InfinityApps_appId` varchar(255) NOT NULL,
  `name` varchar(255) NOT NULL,
  PRIMARY KEY (`InfinityApps_appId`,`name`),
  KEY `InfinityApps_appId` (`InfinityApps_appId`),
  CONSTRAINT `FK_name_appId` FOREIGN KEY (`InfinityApps_appId`) REFERENCES `InfinityApps` (`appId`),
  CONSTRAINT `FKaqv4qtq646gaaeiu31kabyvyb` FOREIGN KEY (`InfinityApps_appId`) REFERENCES `InfinityApps` (`appId`)
) ENGINE=InnoDB DEFAULT CHARSET=utf8mb4 COLLATE=utf8mb4_0900_ai_ci;
/*!40101 SET character_set_client = @saved_cs_client */;

--
-- Dumping data for table `InfinityApps_name`
--

LOCK TABLES `InfinityApps_name` WRITE;
/*!40000 ALTER TABLE `InfinityApps_name` DISABLE KEYS */;
INSERT INTO `InfinityApps_name` VALUES ('CONSUMER_LENDING','Consumer Lending'),('ORIGINATION','Customer Origination'),('RETAIL_AND_BUSINESS_BANKING','Retail And Business Banking');
/*!40000 ALTER TABLE `InfinityApps_name` ENABLE KEYS */;
UNLOCK TABLES;

--
-- Table structure for table `MasterConsent`
--

DROP TABLE IF EXISTS `MasterConsent`;
/*!40101 SET @saved_cs_client     = @@character_set_client */;
/*!50503 SET character_set_client = utf8mb4 */;
CREATE TABLE `MasterConsent` (
  `masterConsentId` varchar(255) NOT NULL,
  `description` varchar(255) DEFAULT NULL,
  PRIMARY KEY (`masterConsentId`)
) ENGINE=InnoDB DEFAULT CHARSET=utf8mb4 COLLATE=utf8mb4_0900_ai_ci;
/*!40101 SET character_set_client = @saved_cs_client */;

--
-- Dumping data for table `MasterConsent`
--

LOCK TABLES `MasterConsent` WRITE;
/*!40000 ALTER TABLE `MasterConsent` DISABLE KEYS */;
INSERT INTO `MasterConsent` VALUES ('GENERIC.CONSENT','Generic consent');
/*!40000 ALTER TABLE `MasterConsent` ENABLE KEYS */;
UNLOCK TABLES;

--
-- Table structure for table `MsAltKey`
--

DROP TABLE IF EXISTS `MsAltKey`;
/*!40101 SET @saved_cs_client     = @@character_set_client */;
/*!50503 SET character_set_client = utf8mb4 */;
CREATE TABLE `MsAltKey` (
  `alternateKey` varchar(255) NOT NULL,
  `alternateName` varchar(255) NOT NULL,
  `entityId` varchar(255) DEFAULT NULL,
  PRIMARY KEY (`alternateKey`,`alternateName`),
  KEY `index_MsAltKey_entityId` (`entityId`)
) ENGINE=InnoDB DEFAULT CHARSET=utf8mb4 COLLATE=utf8mb4_0900_ai_ci;
/*!40101 SET character_set_client = @saved_cs_client */;

--
-- Dumping data for table `MsAltKey`
--

LOCK TABLES `MsAltKey` WRITE;
/*!40000 ALTER TABLE `MsAltKey` DISABLE KEYS */;
/*!40000 ALTER TABLE `MsAltKey` ENABLE KEYS */;
UNLOCK TABLES;

--
-- Table structure for table `PartyConsentDetails`
--

DROP TABLE IF EXISTS `PartyConsentDetails`;
/*!40101 SET @saved_cs_client     = @@character_set_client */;
/*!50503 SET character_set_client = utf8mb4 */;
CREATE TABLE `PartyConsentDetails` (
  `partyConsentId` varchar(255) NOT NULL,
  `activeBranch` varchar(255) DEFAULT NULL,
  `backendIdentifier` varchar(255) DEFAULT NULL,
  `bankName` varchar(255) DEFAULT NULL,
  `blockedFrom` datetime DEFAULT NULL,
  `blockedTill` datetime DEFAULT NULL,
  `channelId` varchar(255) DEFAULT NULL,
  `consentGiven` bit(1) DEFAULT NULL,
  `consentWithdraw` bit(1) DEFAULT NULL,
  `country` varchar(255) DEFAULT NULL,
  `dateLastUpdate` datetime DEFAULT NULL,
  `description` varchar(255) DEFAULT NULL,
  `effectiveDate` datetime DEFAULT NULL,
  `expiryDate` datetime DEFAULT NULL,
  `externalUserId` varchar(255) DEFAULT NULL,
  `isBlocked` bit(1) DEFAULT NULL,
  `managingOfficer` varchar(255) DEFAULT NULL,
  `partyId` varchar(255) DEFAULT NULL,
  `providerReferenceId` varchar(255) DEFAULT NULL,
  `purpose` varchar(255) DEFAULT NULL,
  `retentionPeriod` int DEFAULT NULL,
  `status` varchar(255) DEFAULT NULL,
  `withdrawDate` datetime DEFAULT NULL,
  `withdrawNotes` varchar(255) DEFAULT NULL,
  `masterConsentId` varchar(255) DEFAULT NULL,
  `partyConsent` varchar(255) DEFAULT NULL,
  `termsNConditionContentId` varchar(255) DEFAULT NULL,
  PRIMARY KEY (`partyConsentId`),
  KEY `IDXeh8amqrpfa3lr4fr0wf6iosd8` (`partyId`),
  KEY `FKf28wmb2sybu7e248hl54kd2qh` (`masterConsentId`),
  KEY `FK5d5jh2lmjeonwhydnlrtblbnl` (`partyConsent`),
  KEY `FK7bjx289xqplkh41hdulky1wia` (`termsNConditionContentId`),
  CONSTRAINT `FK5d5jh2lmjeonwhydnlrtblbnl` FOREIGN KEY (`partyConsent`) REFERENCES `ConsentTypeDetails` (`consentDetailsId`),
  CONSTRAINT `FK7bjx289xqplkh41hdulky1wia` FOREIGN KEY (`termsNConditionContentId`) REFERENCES `TermsNConditionContent` (`termsNConditionContentId`),
  CONSTRAINT `FKf28wmb2sybu7e248hl54kd2qh` FOREIGN KEY (`masterConsentId`) REFERENCES `MasterConsent` (`masterConsentId`)
) ENGINE=InnoDB DEFAULT CHARSET=utf8mb4 COLLATE=utf8mb4_0900_ai_ci;
/*!40101 SET character_set_client = @saved_cs_client */;

--
-- Dumping data for table `PartyConsentDetails`
--

LOCK TABLES `PartyConsentDetails` WRITE;
/*!40000 ALTER TABLE `PartyConsentDetails` DISABLE KEYS */;
/*!40000 ALTER TABLE `PartyConsentDetails` ENABLE KEYS */;
UNLOCK TABLES;

--
-- Table structure for table `PartyConsentDetails_notes`
--

DROP TABLE IF EXISTS `PartyConsentDetails_notes`;
/*!40101 SET @saved_cs_client     = @@character_set_client */;
/*!50503 SET character_set_client = utf8mb4 */;
CREATE TABLE `PartyConsentDetails_notes` (
  `PartyConsentDetails_partyConsentId` varchar(255) NOT NULL,
  `notes` varchar(255) NOT NULL,
  PRIMARY KEY (`PartyConsentDetails_partyConsentId`,`notes`),
  CONSTRAINT `FKdgwhnmjgo8gpdm24bjk5ebp5d` FOREIGN KEY (`PartyConsentDetails_partyConsentId`) REFERENCES `PartyConsentDetails` (`partyConsentId`)
) ENGINE=InnoDB DEFAULT CHARSET=utf8mb4 COLLATE=utf8mb4_0900_ai_ci;
/*!40101 SET character_set_client = @saved_cs_client */;

--
-- Dumping data for table `PartyConsentDetails_notes`
--

LOCK TABLES `PartyConsentDetails_notes` WRITE;
/*!40000 ALTER TABLE `PartyConsentDetails_notes` DISABLE KEYS */;
/*!40000 ALTER TABLE `PartyConsentDetails_notes` ENABLE KEYS */;
UNLOCK TABLES;

--
-- Table structure for table `TermConditionCode`
--

DROP TABLE IF EXISTS `TermConditionCode`;
/*!40101 SET @saved_cs_client     = @@character_set_client */;
/*!50503 SET character_set_client = utf8mb4 */;
CREATE TABLE `TermConditionCode` (
  `termCondCodeId` varchar(255) NOT NULL,
  `retentionPeriod` int DEFAULT NULL,
  `termConditionCode` varchar(255) DEFAULT NULL,
  `consentTypeId` varchar(255) DEFAULT NULL,
  PRIMARY KEY (`termCondCodeId`),
  KEY `FKjcx1qbpuwr1jsybaj6tj49sar` (`consentTypeId`),
  CONSTRAINT `FK_code _consentTypeId` FOREIGN KEY (`consentTypeId`) REFERENCES `ConsentType` (`consentTypeId`),
  CONSTRAINT `FKjcx1qbpuwr1jsybaj6tj49sar` FOREIGN KEY (`consentTypeId`) REFERENCES `ConsentType` (`consentTypeId`)
) ENGINE=InnoDB DEFAULT CHARSET=utf8mb4 COLLATE=utf8mb4_0900_ai_ci;
/*!40101 SET character_set_client = @saved_cs_client */;

--
-- Dumping data for table `TermConditionCode`
--

LOCK TABLES `TermConditionCode` WRITE;
/*!40000 ALTER TABLE `TermConditionCode` DISABLE KEYS */;
INSERT INTO `TermConditionCode` VALUES ('TE1920000',30,'DBX_Default_TnC','GENERIC.INFO'),('TE1920003',30,'C360_CustomerOnboarding_TnC','GENERIC.INFO'),('TE1920004',30,'Login_TnC','GENERIC.INFO'),('TE1920005',30,'Enroll_TnC','GENERIC.INFO'),('TE1920006',30,'Estatements_TnC','GENERIC.INFO'),('TE1920007',30,'P2P_Activation_TnC','GENERIC.INFO'),('TE1920008',30,'P2P_TnC','GENERIC.INFO'),('TE1920009',30,'BillPay_Activation_TnC','GENERIC.INFO'),('TE1920010',30,'BillPay_TnC','GENERIC.INFO'),('TE1920011',30,'WireTransfers_TnC','GENERIC.INFO'),('TE1920012',30,'International_WireTransfers_TnC','GENERIC.INFO'),('TE1920013',30,'International_Transfers_TnC','GENERIC.INFO'),('TE1920014',30,'SEPA_TnC','GENERIC.INFO'),('TE1920015',30,'StopPayment_TnC','GENERIC.INFO'),('TE1920016',30,'LockCard_TnC','GENERIC.INFO'),('TE1920017',30,'CancelCard_TnC','GENERIC.INFO'),('TE1920018',30,'Origination_TnC','GENERIC.INFO'),('TE1920019',30,'Onboarding_TnC','GENERIC.INFO'),('TE1920020',30,'RetailBanking_TnC','GENERIC.INFO'),('TE1920021',30,'Common_TnC','GENERIC.INFO'),('TE1920022',30,'ACH_TnC','GENERIC.INFO'),('TE1920023',30,'AccountAggregation_TnC','GENERIC.INFO'),('TE1920024',30,'ExternalAcct_Verification_TnC','GENERIC.INFO'),('TE1920025',30,'BusinessEnrollment_TnC','GENERIC.INFO'),('TE1920026',30,'OnlineBanking_Access_TnC','GENERIC.INFO'),('TE1920027',30,'Onboarding_eSign_Agreement','GENERIC.INFO'),('TE1920028',30,'Onboarding_GoogleMaps_Disclosure','GENERIC.INFO'),('TE1920029',30,'Onboarding_Funding_OTP_Disclaimer','GENERIC.INFO'),('TE1920030',30,'Onboarding_Funding_Disclaimer','GENERIC.INFO'),('TE1920031',30,'Onboarding_Funding_Acknowledgement_Disclaimer','GENERIC.INFO'),('TE1920032',30,'Onboarding_IDScan_Disclaimer','GENERIC.INFO'),('TE1920033',30,'Onboarding_ProductDashboard_Disclaimer','GENERIC.INFO'),('TE1920034',30,'Onboarding_OFAC_TnC','GENERIC.INFO'),('TE1920035',30,'Onboarding_update_password_rules','GENERIC.INFO');
/*!40000 ALTER TABLE `TermConditionCode` ENABLE KEYS */;
UNLOCK TABLES;

--
-- Table structure for table `TermConditionCode_description`
--

DROP TABLE IF EXISTS `TermConditionCode_description`;
/*!40101 SET @saved_cs_client     = @@character_set_client */;
/*!50503 SET character_set_client = utf8mb4 */;
CREATE TABLE `TermConditionCode_description` (
  `TermConditionCode_termCondCodeId` varchar(255) NOT NULL,
  `description` varchar(255) NOT NULL,
  PRIMARY KEY (`TermConditionCode_termCondCodeId`,`description`),
  KEY `TermConditionCode_termCondCodeId` (`TermConditionCode_termCondCodeId`),
  CONSTRAINT `FK_desc_termCondCodeId` FOREIGN KEY (`TermConditionCode_termCondCodeId`) REFERENCES `TermConditionCode` (`termCondCodeId`),
  CONSTRAINT `FKkch5dm86s9baumi2ypuxy50jy` FOREIGN KEY (`TermConditionCode_termCondCodeId`) REFERENCES `TermConditionCode` (`termCondCodeId`)
) ENGINE=InnoDB DEFAULT CHARSET=utf8mb4 COLLATE=utf8mb4_0900_ai_ci;
/*!40101 SET character_set_client = @saved_cs_client */;

--
-- Dumping data for table `TermConditionCode_description`
--

LOCK TABLES `TermConditionCode_description` WRITE;
/*!40000 ALTER TABLE `TermConditionCode_description` DISABLE KEYS */;
INSERT INTO `TermConditionCode_description` VALUES ('TE1920000','This terms & condition is used by default to support the DBX apps that does not send any code in its request'),('TE1920003','Terms & Conditions to onboard a new customer through C360'),('TE1920004','Login'),('TE1920005','Enroll'),('TE1920006','Enable E-Statements'),('TE1920007','P2P Activation'),('TE1920008','P2P Transfers'),('TE1920009','Bill Pay Activation'),('TE1920010','Bill Payments'),('TE1920011','Wire Transfers'),('TE1920012','International Wire Transfers'),('TE1920013','International Transfers'),('TE1920014','SEPA Transfers'),('TE1920015','Stop Check Payment'),('TE1920016','Card Management - Lock Card'),('TE1920017','Card Management - Cancel Card'),('TE1920018','Open New Account Post Login'),('TE1920019','New User On-boarding'),('TE1920020','Hamburger Menu'),('TE1920021','Footer Links'),('TE1920022','T&C for ACH Payments and Collections'),('TE1920023','Add External Accounts via Account Aggregation'),('TE1920024','Verify Own accounts from External Banks'),('TE1920025','Enrollment for Business online banking'),('TE1920026','Online Banking Access'),('TE1920027','eSign agreement at Existing Member check page'),('TE1920028','Google Maps disclosure at Address and ID page'),('TE1920029','Funding dislaimer - Payment Type & Funding OTP pages'),('TE1920030','Funding dislaimer - Existing & Manual Account Details pages'),('TE1920031','Funding dislaimer - Acknowledgement page'),('TE1920032','ID Scan disclaimer'),('TE1920033','Product Dasboard disclaimer'),('TE1920034','OFAC disclaimer for Personal Info page'),('TE1920035','Update Temporary password');
/*!40000 ALTER TABLE `TermConditionCode_description` ENABLE KEYS */;
UNLOCK TABLES;

--
-- Table structure for table `TermConditionCode_title`
--

DROP TABLE IF EXISTS `TermConditionCode_title`;
/*!40101 SET @saved_cs_client     = @@character_set_client */;
/*!50503 SET character_set_client = utf8mb4 */;
CREATE TABLE `TermConditionCode_title` (
  `TermConditionCode_termCondCodeId` varchar(255) NOT NULL,
  `title` varchar(255) NOT NULL,
  PRIMARY KEY (`TermConditionCode_termCondCodeId`,`title`),
  KEY `TermConditionCode_termCondCodeId` (`TermConditionCode_termCondCodeId`),
  CONSTRAINT `FK_title_termCondCodeId` FOREIGN KEY (`TermConditionCode_termCondCodeId`) REFERENCES `TermConditionCode` (`termCondCodeId`),
  CONSTRAINT `FKinxt9g7ymk4ck3poo526wssiy` FOREIGN KEY (`TermConditionCode_termCondCodeId`) REFERENCES `TermConditionCode` (`termCondCodeId`)
) ENGINE=InnoDB DEFAULT CHARSET=utf8mb4 COLLATE=utf8mb4_0900_ai_ci;
/*!40101 SET character_set_client = @saved_cs_client */;

--
-- Dumping data for table `TermConditionCode_title`
--

LOCK TABLES `TermConditionCode_title` WRITE;
/*!40000 ALTER TABLE `TermConditionCode_title` DISABLE KEYS */;
INSERT INTO `TermConditionCode_title` VALUES ('TE1920000','DBX default terms & conditions'),('TE1920003','T&C to onboard a new customer through C360'),('TE1920004','Login'),('TE1920005','Enroll'),('TE1920006','Enable E-Statements'),('TE1920007','P2P Activation'),('TE1920008','P2P Transfers'),('TE1920009','Bill Pay Activation'),('TE1920010','Bill Payments'),('TE1920011','Wire Transfers'),('TE1920012','International Wire Transfers'),('TE1920013','International Transfers'),('TE1920014','SEPA Transfers'),('TE1920015','Stop Check Payment'),('TE1920016','Card Management - Lock Card'),('TE1920017','Card Management - Cancel Card'),('TE1920018','Open New Account Post Login'),('TE1920019','New User On-boarding'),('TE1920020','Hamburger Menu'),('TE1920021','Footer Links'),('TE1920022','ACH Payments and Collections'),('TE1920023','Account Aggregation'),('TE1920024','External Accounts'),('TE1920025','Business Enrollment'),('TE1920026','Online Banking Access'),('TE1920027','Existing Member e-Sign Agreement'),('TE1920028','Address & ID  Google Maps disclosure'),('TE1920029','Funding - Payment Type/OTP disclaimer'),('TE1920030','Funding - Existing Accounts/Manual Accounts disclaimer'),('TE1920031','Funding - Acknowledgement disclaimer'),('TE1920032','ID Scan disclaimer'),('TE1920033','Product Dashboard disclaimer'),('TE1920034','Personal Info OFAC'),('TE1920035','Resume - Update Temporary password');
/*!40000 ALTER TABLE `TermConditionCode_title` ENABLE KEYS */;
UNLOCK TABLES;

--
-- Table structure for table `TermNConditionApps`
--

DROP TABLE IF EXISTS `TermNConditionApps`;
/*!40101 SET @saved_cs_client     = @@character_set_client */;
/*!50503 SET character_set_client = utf8mb4 */;
CREATE TABLE `TermNConditionApps` (
  `termNConditionAppsId` varchar(255) NOT NULL,
  `status` varchar(255) DEFAULT NULL,
  `appId` varchar(255) DEFAULT NULL,
  `termCondCodeId` varchar(255) DEFAULT NULL,
  PRIMARY KEY (`termNConditionAppsId`),
  KEY `FK_apps_appId` (`appId`),
  KEY `FK_apps_termCondCodeId` (`termCondCodeId`),
  CONSTRAINT `FK2ldqpgcdakhm1elcdlwwkj2hf` FOREIGN KEY (`appId`) REFERENCES `InfinityApps` (`appId`),
  CONSTRAINT `FK_condApps_appId` FOREIGN KEY (`appId`) REFERENCES `InfinityApps` (`appId`),
  CONSTRAINT `FK_condApps_termCondCodeId` FOREIGN KEY (`termCondCodeId`) REFERENCES `TermConditionCode` (`termCondCodeId`),
  CONSTRAINT `FKfrh5ggsxw30q0rmas6gha8x1e` FOREIGN KEY (`termCondCodeId`) REFERENCES `TermConditionCode` (`termCondCodeId`)
) ENGINE=InnoDB DEFAULT CHARSET=utf8mb4 COLLATE=utf8mb4_0900_ai_ci;
/*!40101 SET character_set_client = @saved_cs_client */;

--
-- Dumping data for table `TermNConditionApps`
--

LOCK TABLES `TermNConditionApps` WRITE;
/*!40000 ALTER TABLE `TermNConditionApps` DISABLE KEYS */;
INSERT INTO `TermNConditionApps` VALUES ('TCA2312332','ACTIVE','RETAIL_AND_BUSINESS_BANKING','TE1920000'),('TCA2312334','ACTIVE','RETAIL_AND_BUSINESS_BANKING','TE1920004'),('TCA2312335','ACTIVE','RETAIL_AND_BUSINESS_BANKING','TE1920005'),('TCA2312336','ACTIVE','RETAIL_AND_BUSINESS_BANKING','TE1920006'),('TCA2312337','ACTIVE','RETAIL_AND_BUSINESS_BANKING','TE1920007'),('TCA2312338','ACTIVE','RETAIL_AND_BUSINESS_BANKING','TE1920008'),('TCA2312339','ACTIVE','RETAIL_AND_BUSINESS_BANKING','TE1920009'),('TCA2312340','ACTIVE','RETAIL_AND_BUSINESS_BANKING','TE1920010'),('TCA2312341','ACTIVE','RETAIL_AND_BUSINESS_BANKING','TE1920011'),('TCA2312342','ACTIVE','RETAIL_AND_BUSINESS_BANKING','TE1920012'),('TCA2312343','ACTIVE','RETAIL_AND_BUSINESS_BANKING','TE1920013'),('TCA2312344','ACTIVE','RETAIL_AND_BUSINESS_BANKING','TE1920014'),('TCA2312345','ACTIVE','RETAIL_AND_BUSINESS_BANKING','TE1920015'),('TCA2312346','ACTIVE','RETAIL_AND_BUSINESS_BANKING','TE1920016'),('TCA2312347','ACTIVE','RETAIL_AND_BUSINESS_BANKING','TE1920017'),('TCA2312348','ACTIVE','RETAIL_AND_BUSINESS_BANKING','TE1920018'),('TCA2312350','ACTIVE','RETAIL_AND_BUSINESS_BANKING','TE1920020'),('TCA2312351','ACTIVE','RETAIL_AND_BUSINESS_BANKING','TE1920021'),('TCA2312352','ACTIVE','RETAIL_AND_BUSINESS_BANKING','TE1920022'),('TCA2312353','ACTIVE','RETAIL_AND_BUSINESS_BANKING','TE1920023'),('TCA2312354','ACTIVE','RETAIL_AND_BUSINESS_BANKING','TE1920024'),('TCA2312355','ACTIVE','RETAIL_AND_BUSINESS_BANKING','TE1920025'),('TCA2312356','ACTIVE','RETAIL_AND_BUSINESS_BANKING','TE1920026'),('TCA2312357','ACTIVE','ORIGINATION','TE1920027'),('TCA2312358','ACTIVE','ORIGINATION','TE1920028'),('TCA2312359','ACTIVE','ORIGINATION','TE1920029'),('TCA2312360','ACTIVE','ORIGINATION','TE1920030'),('TCA2312361','ACTIVE','ORIGINATION','TE1920031'),('TCA2312362','ACTIVE','ORIGINATION','TE1920032'),('TCA2312363','ACTIVE','ORIGINATION','TE1920033'),('TCA2312364','ACTIVE','ORIGINATION','TE1920034'),('TCA2312365','ACTIVE','ORIGINATION','TE1920035');
/*!40000 ALTER TABLE `TermNConditionApps` ENABLE KEYS */;
UNLOCK TABLES;

--
-- Table structure for table `TermsNConditionContent`
--

DROP TABLE IF EXISTS `TermsNConditionContent`;
/*!40101 SET @saved_cs_client     = @@character_set_client */;
/*!50503 SET character_set_client = utf8mb4 */;
CREATE TABLE `TermsNConditionContent` (
  `termsNConditionContentId` varchar(255) NOT NULL,
  `termNConditionAppsId` varchar(255) DEFAULT NULL,
  `content` longtext,
  `contentType` varchar(255) DEFAULT NULL,
  `description` varchar(5000) DEFAULT NULL,
  `language` varchar(255) DEFAULT NULL,
  `status` varchar(255) DEFAULT NULL,
  `versionNo` varchar(255) DEFAULT NULL,
  `lastModifiedDate` datetime DEFAULT NULL,
  PRIMARY KEY (`termsNConditionContentId`),
  KEY `FK89p0fmalptb5muu65nir5smc4` (`termNConditionAppsId`),
  CONSTRAINT `FK89p0fmalptb5muu65nir5smc4` FOREIGN KEY (`termNConditionAppsId`) REFERENCES `TermNConditionApps` (`termNConditionAppsId`),
  CONSTRAINT `FK_condApps_termNConditionAppsId` FOREIGN KEY (`termNConditionAppsId`) REFERENCES `TermNConditionApps` (`termNConditionAppsId`)
) ENGINE=InnoDB DEFAULT CHARSET=utf8mb4 COLLATE=utf8mb4_0900_ai_ci;
/*!40101 SET character_set_client = @saved_cs_client */;

--
-- Dumping data for table `TermsNConditionContent`
--

LOCK TABLES `TermsNConditionContent` WRITE;
/*!40000 ALTER TABLE `TermsNConditionContent` DISABLE KEYS */;
INSERT INTO `TermsNConditionContent` VALUES ('TCC3434211','TCA2312332','This Agreement covers Kony Online Banking, Electronic Funds Transfers, Bill Payer and External Transfer services. \"You\" refers to the persons receiving the services provided under this Agreement. <br><ol><li> <b> <u> Enrolling in Online Banking </u> </b><div 0px=\"\" 35px;\"=\"\" style=\'\"padding:\'><ol><li align=\"\" left\'\'=\"\"> After you have reviewed this agreement, you can enroll in Online Banking by clicking on the \"Accept\" button. Please retain a copy of this Agreement for your records, either by printing a copy or saving a copy on your computer\'s hard drive. Your clicking on the Accept button constitutes your consent to the terms of this Agreement and your acknowledgment that you have been able to retain a copy of this Agreement in paper or electronic form.</li><li> Bill Payer: Bill Payer requires an additional enrollment from within Online Banking.</li><li> Wire Transfers: Wire Transfers requires your acceptance of the Wire Transfer Agreement found at the Wire Transfer selection site. This service allows you to transfer funds via the Automated Clearinghouse (ACH) system from any of your accounts at any financial institution to any other account held by you or another person at the same or another financial institution.</li></ol></div></li><li><p></p><p> <strong> <u> Account Review </u> </strong></p><p 0px=\"\" 35px;\"=\"\" style=\'\"padding:\'> All enrollments in Online Banking, Bill Payer and External transfer Wire service are subject to Bank review and approval. Your accounts with the Bank must be in good standing. To use Bill Pay, you must have a Bank checking account.</p></li><li><p></p><p> <strong> <u> Other Governing Laws and Agreements </u> </strong></p><p 0px=\"\" 35px;\"=\"\" style=\'\"padding:\'> Your use of Online Banking, Bill Payer or External Transfer Wire services to conduct transactions on your Bank accounts is also subject to the terms of your Bank Member Account Handbook, Master Membership Agreement and Schedule of Fees and Charges. Online Banking, Bill Payer and External Transfer Wire service are subject to applicable California and federal law, including but not limited to the Electronic Funds Transfer Act and Federal Reserve Regulation E. External transfer Wire service is also subject to the rules of the National Automated Clearing House Association (NACHA). If any provision of this Agreement is unenforceable, the remaining provisions will continue in effect. This Agreement will be given its reasonable meaning and not construed against either party.</p></li><li><p></p><p> <strong> <u> Required Equipment </u> </strong></p><p 0px=\"\" 35px;\"=\"\" style=\'\"padding:\'> To use Online Banking, Bill Payer or External transfer Wire service, you will need the following:<ul><li> Internet access</li><li> A computer with modem and Internet browser that can support SSL and 128-bit encryption (Microsoft Internet Explorer 4.01 or later, Netscape Navigator/Communicator 4.51 or later, or AOL 3.0 or later, should support this level of encryption)</li><li> Access to a printer and/or other storage medium such as a hard drive for downloading information or printing disclosures. If these requirements change, we will notify you at least 21 days in advance. By clicking on the Accept button, you confirm that you have the equipment required to use Online Banking, Bill Payer and External transfer Wire service.</li></ul></p></li><li><p></p><p> <strong> <u> Your Responsibility for Your Equipment </u> </strong></p><p 0px=\"\" 35px;\"=\"\" style=\'\"padding:\'> You are solely responsible for installing, maintaining and operating your computer and your internet access. We will not be responsible for errors, deletions, failures, or damages of any kind that occur because of malfunctions of your computer, software or internet service. We will not be responsible for any virus that affects your computer or software while using our Online Banking, Bill Payer and or External Transfer Wire service. The warranties provided for Online Banking, Bill Payer and External Transfer WIREis limited to those expressly stated in this Agreement.</p></li><li><p></p><p> <strong> <u> Your Responsibility for Complying with This Agreement </u> </strong></p><p 0px=\"\" 35px;\"=\"\" style=\'\"padding:\'> EWireowner of an account on which Online Banking and/or Bill Payer and/or External Transfer Wire service is established is responsible, jointly and individually, to meet the terms of this Agreement. These obligations continue until you notify us to terminate Online Banking and/or Bill Payer and/or External Transfer Wire service or we cancel your Online Banking, Bill Payer service or External Transfer Wire service for a reason permitted by law or this Agreement. EWireowner is responsible for all obligations incurred as a result of authorized use of Online Banking, Bill Payer or External Transfer Wire service until you or we terminate the service(s). Termination of Online Banking, Bill Payer or External Transfer Wire service will not relieve you of obligations incurred prior to termination. This obligation to the Bank will continue even if an owner is later relieved of the obligation by an agreement or court order to which we are not a party, such as a divorce decree. We are not subject to any agreement or court order to which we are not a party. No release from the obligations under this Agreement will be valid unless<ul><li> In writing and signed by an authorized Bank employee.</li><li> Pursuant to a court order in an action to which the Bank is a party.</li></ul></p></li><li><p></p><p> <strong> <u>Security of Your Accounts</u> </strong></p> <br><div 0px=\"\" 35px;\"=\"\" style=\'\"padding:\'><ol><li> <strong> Your passcode: </strong> When you sign up for Online Banking, you will choose your own Access Identification Code (Access ID) and a Passcode. You will need both the Access ID and the Passcode to use the Service You are responsible for keeping your Access ID and Passcode secure. Refer to section 12 of this Agreement for information about your potential liability for unauthorized use of your accounts. Your Passcode is encrypted into our Online Banking database through Digital Insight. No person at Kony Bank or Digital Insight has access to your Passcode. No person at Kony Bank or Digital Insight is permitted to ask you for your Passcode. If any person requests your Passcode, please report the incident to us immediately. If you voluntarily give your Passcode to any person, you are authorizing that person to see any information and conduct any transaction on your accounts that you can see or conduct yourself. You are responsible for all transactions initiated by that person. That person\'s authorization to see and use your accounts continues until you change your Passcode.</li><li> <strong> Log-On Security: </strong> Your session will be automatically logged off if you have reached your current timeout period without activity. This is to reduce the risk of unauthorized use if you inadvertently leave your computer unattended with Online Banking open. When you return to your computer, you will be prompted to re-enter your Passcode, and your session will continue where you left off.</li><li> <strong> Security Technology: </strong> (i) Online Banking uses Secure Socket Layer (SSL) encryption. The system will typically warn you if your Internet Browser does not have sufficient capacity to support our encryption system. If SSL is securing your communications with us, the appearance of a small padlock icon at the bottom of your screen should change to indicate this fact. (ii) The servers hosting Online Banking at Digital Insight have been certified by \"Certificate Authority\" to assure you that you are actually talking to Digital Insight instead of someone pretending to be Digital Insight. Depending on the age of your browser, you may see that \"Certificate Authorities\" have expired. If this happens, you must update it on your browser. Instructions for upgrading your browser are located in the Browser Update Link, which is located at the bottom of the Online Banking login page. (iii) Digital Insight will pass an encrypted cookie to your computer during your Online Banking sessions. These cookies do not collect any personal information about you. The cookies allow you to process several transactions without re-entering your Passcode for eWiretransaction. The cookie is destroyed when you log off of Online Banking, close your browser, or turn off your computer.</li><li> <strong> Security Notices: </strong> In addition to the security features described above, there may be other security-related notices posted on our web site or Online Banking service from time to time. You are responsible for reading all security notices.</li><li> <strong> No Security Warranty: </strong> Notwithstanding our efforts to ensure that Online Banking is secure, we cannot and do not warrant that either the Online Banking Home Banking system or data transmitted using the system will be free from monitoring or access by others.</li></ol></div> </br></li><li><p></p><p> <strong> <u>Available Services</u> </strong></p><div 0px=\"\" 35px;\"=\"\" style=\'\"padding:\'><p> If you enroll in Online Banking online, you will have completed your enrollment and may start using the service immediately.</p><p> Online Banking, Bill Payer and External transfer Wire service are generally available 24 hours a day, 7 days a week. The system may be temporarily unavailable from time to time for maintenance, due to high Internet traffic volume, or for other reasons beyond our control. If this happens, please try your transaction again later. We are not responsible for any delays you have in accessing or using Online Banking, Bill Payer or External transfer Wire service.</p> You can use Online Banking to:<ul 0px=\"\" 35px;\"=\"\" style=\'\"padding:\'><li> Review up to 6 months of transaction history</li><li> Review account balances and available balances</li><li> Review account transactions</li><li> Review interest earned on accounts and interest paid on loans</li><li> Send secure e-mails</li><li> Transfer funds to pay Bank loans</li><li> Transfer funds between Bank accounts</li><li> Advance funds from your Bank Line of Credit</li><li> Download account data to current versions of Quicken</li><li> Pay bills using your Bank checking account with the Bill Payer Service</li><li> Access eStatements</li><li> Change your email address</li><li> Reorder checks</li><li> View images of cleared checks</li><li> Stop payment on checks you have written</li><li> Change online timeout period</li><li> Change your Online Banking passcode</li><li> Change you Access I.D.</li><li> Change history date range and default sort order</li><li> Change your start page</li><li> Execute external transfers</li><li> Utilize Secure Chat</li><li> Complete cross account transfers</li></ul></div></li><li><p></p><p> <strong> <u>Limitations</u> </strong></p> <br><div 0px=\"\" 35px;\"=\"\" style=\'\"padding:\'><ol><li> <strong> Limits on Non-Personal Transfers and Withdrawals </strong><p> As required by Federal Reserve Regulation D, you are limited to six non-personal transfers or withdrawals out of your non-transaction accounts per month. Only checking/share draft accounts are considered transaction accounts. Non-personal transfers include transfers made via Online Banking, Bill Payer, audio response, ACH, and overdraft protection transfers. The following types of transactions do not count toward the six-per-month limit on withdrawals and transfers out of non-transaction accounts: (a) transactions made in person; (b) transactions made by messenger; (c) transactions at ATMs; (d) withdrawals in the form of a check mailed to you at your address in your records. All Bill Payer payments must be made from a Bank checking/share draft account.</p></li><li> <strong> Account Balance Information </strong><p> Balances displayed on Online Banking may include deposits that we have not yet verified and therefore are not actually available for withdrawal. Online Banking balances may also differ from your records due to deposits in progress, checks outstanding, or other circumstances. When a transaction is presented to us via Online Banking, we will use the available balance in your account to determine whether to authorize the transaction. Our completion of a transaction does not necessarily mean that there are sufficient funds to pay all items that have not cleared your account.</p></li></ol></div> </br></li><li><p></p><p> <strong> <u>Fees</u> </strong></p><p 0px=\"\" 35px;\"=\"\" style=\'\"padding:\'> Online Banking is free. The same fees that apply to account transactions conducted by other means will apply to transactions initiated using Online Banking or Bill Payer. For example, if a Bill Payer transaction is returned unpaid due to insufficient funds, you will pay our standard checking/share draft NSF fee with a max per day per account of six. Fees are subject to change. Please refer to the current Bank Schedule of Fees and Charges for fees and fee waiver qualifications.</p></li><li><p></p><p> <strong> <u>Our Liability for Failure to Cancel or Stop Payments</u> </strong></p><p 0px=\"\" 35px;\"=\"\" style=\'\"padding:\'> If you attempt to cancel a payment or transfer and we do not do so even though we have sufficient time to act on your request, we will be liable for your losses or damages. In no event will we be liable for damages in excess of the actual loss caused by our failure to cancel the payment, and we will not be liable for any incidental, special or consequential damages.</p></li><li><p></p><p> <strong> <u>Your Liability for Unauthorized Use of Online Banking, Bill Payer and External transfer Wire service</u> </strong></p><div 0px=\"\" 35px;\"=\"\" style=\'\"padding:\'><p> Tell us AT ONCE if you believe your Access ID or Passcode has been lost, stolen or compromised. Telephoning is the best way to keep your possible losses down. Call us at the number or write to us at the address below under \"How to Contact Us.\" in Section 23. You could lose all of the money in your accounts (plus your maximum overdraft line of credit) if you do not tell us on time.</p><ul><li> If you believe your Passcode has been compromised, lost or stolen, and you tell us within two business days after you learn of the loss or theft, you can lose no more than $50 if someone used your Passcode without your permission.</li><li> If you do NOT tell us within two business days after you learn of the loss or theft of your Passcode, and we can prove we could have stopped someone from using your Passcode without your permission if you had told us sooner, you could lose as much as $500.</li><li> If your statement shows transfers or payments that you did not make, tell us at once. If you do not tell us within 60 days after we sent you the first statement on which the unauthorized transfer or payment appeared, you may not get back any money you lost after the 60-day period if we can prove that we could have stopped someone from taking the money if you had told us on time.</li><li> If a good reason (such as a long trip or hospital stay) prevented you from telling us, we may extend the time periods.</li><li> Remember that if you give someone your Access ID and Passcode, you are authorizing them to use Online Banking, Bill Payer and External transfer Wire service and you are responsible for all transactions they perform until you tell us to change or cancel your Access ID and Passcode. This is true even if the person exceeds the scope of permission you gave them to use your accounts. We are not subject to agreements that you make with other people limiting their use of your accounts.</li><li> You are not liable for fraudulent transfers initiated by our employees or by employees of Digital Insight.</li></ul></div></li><li><p></p><p> <strong> <u>Privacy</u> </strong></p><p 0px=\"\" 35px;\"=\"\" style=\'\"padding:\'> Please refer to the privacy statement on our website or to our printed privacy policy for full details of our policy on protecting your personal and financial information. With respect to your use of Online Banking, Bill Payer External transfer Wire service, we will disclose information about your accounts and the transfers you make to third parties (a) when necessary to complete transfers; (b) to verify the existence and condition of your account for a third party such as a credit bureau or merchant; (c) to comply with a governmental agency or court order; (d) if you give us written permission; (e) if necessary to fulfill agreements between us and our third party Online Banking, Bill Payer and External transfer Wire service providers; or (f) if it involves a claim by or against us in connection with a deposit to or withdrawal from your account.</p></li><li><p></p><p> <strong> <u>Our Liability for Failure to Complete Your Transactions</u> </strong></p><div 0px=\"\" 35px;\"=\"\" style=\'\"padding:\'><p> If we do not complete a transaction to or from your accounts on time or in the correct amount according to our agreement with you, we will be liable for your losses or damages. However, there are some exceptions. We will not be liable if:</p><ol><li> Through no fault of ours, you do not have available funds or overdraft protection to complete the transaction;</li><li> Your account is closed;</li><li> The Online Banking system was not working properly and you knew or should have know about the problem when you started your transaction;</li><li> The transaction failure or error resulted from a problem with your hardware, software, Internet service provider or other equipment or services over which we have no control;</li><li> Circumstances beyond our control (such as fire, flood, telephone disruption, computer breakdown or postal service disruption) prevent completion of the transaction despite our having taken reasonable precautions;</li><li> Your Access ID or Passcode have been reported lost or stolen and we have blocked their use;</li><li> You failed to supply complete and accurate information required to complete your transaction;</li><li> You failed to allow sufficient time for a Bill Payment to reWirethe payee;</li><li> We deliver a Bill Payment to the payee on time but the payee fails to post the payment in a timely manner;</li><li> Your account is blocked by a legal proceeding such as a garnishment or a court-ordered block that prevents us from making the payment;</li><li> We establish other lawful exceptions and give you proper advance notice of them.</li></ol><p> In no event will be liable for damages in excess of your actual damages, limited to the amount of the payment plus any late fee up to $50. (See the Payment Guarantee below.) We will not be liable for incidental, special, consequential or punitive damages.</p><p> We are not responsible for delays in posting by payees as long as the payee receives payment from us in a timely manner. We are not responsible for losses or damages resulting from your failure to provide us with correct information about your payments or payees. We are not responsible for checks lost by the U.S. postal service or for other untimely payments that result from circumstances outside our control.</p></div></li><li><p></p><p> <strong> <u>Payment Guarantee</u> </strong></p><p 0px=\"\" 35px;\"=\"\" style=\'\"padding:\'> Due to circumstances beyond the control of the Bank and our service providers for Online Banking, Bill Payer and External transfer Wire services, particularly delays in handling and posting payments by Billers or financial institutions, some transactions may take longer to be credited to your account. We will bear responsibility for any late payment related charges up to $50.00 should a payment post after its Due Date as long as the payment was scheduled in accordance with the guidelines described under \"Payment Scheduling\" in this Agreement.</p></li><li><p></p><p> <strong> <u>Our Responsibility to Follow Your Instructions</u> </strong></p><p 0px=\"\" 35px;\"=\"\" style=\'\"padding:\'> The Bank and Digital Insight will carry out instructions we receive using your Access ID and Passcode in a reasonable manner. You agree to defend, indemnify and hold the Bank, Digital Insight and any of our officers, directors, agents, employees, consultants, or contractors harmless from all costs, claims, damages, expenses and liability we sustain as a result of carrying out, in a reasonable manner, instructions that we receive from you or authorized users of your Online Banking and/or Bill Payer External transfer Wire services.</p></li><li><p></p><p> <strong> <u>Your Right to Receive Documentation of Transactions</u> </strong></p><p 0px=\"\" 35px;\"=\"\" style=\'\"padding:\'> You can review your Online Banking, Bill Payer and External transfer Wire service transactions at any time using Online Banking. Online Banking and Bill Payer transactions will appear on your periodic account statements. Please use the Online Banking \"Help\" menu if you have difficulty with information being cut off when you print out account history data.</p></li><li><p></p><p> <strong> <u>Termination</u> </strong></p><p 0px=\"\" 35px;\"=\"\" style=\'\"padding:\'> We can discontinue any services we offer, including Online Banking, Bill Payer or External transfer Wire service. . We will notify you at least 21 days in advance if we do this. We can cancel your use of Online Banking, Bill Payer or External transfer Wire service without notice if you default on any term of any agreement you have with Kony Bank. If you close your Bank accounts, or if you have not used Online Banking for 6 consecutive months, Online Banking will be discontinued. You can ask to terminate Online Banking and/or Bill Payer and/or External transfer Wire service at any time by submitting a request by mail, in person, or by e-mail. Termination of your Online Banking, Bill Payer or External transfer Wire service will not relieve you of your liability with respect to any transactions processed before the service was terminated.</p></li><li><p></p><p> <strong> <u>Business Days</u> </strong></p><p 0px=\"\" 35px;\"=\"\" style=\'\"padding:\'> Our business days are Monday through Friday, excluding federal holidays.</p></li><li><p></p><p> <strong> <u>Changes in Terms</u> </strong></p><p 0px=\"\" 35px;\"=\"\" style=\'\"padding:\'> We can change the terms of this Agreement by giving you at least 21 days advance notice. A change in terms may include adding new terms, deleting existing terms, or changing existing terms. If you object to a change, you can avoid its application to your accounts by discontinuing the related service. If you have elected to receive Bank disclosures electronically, we will notify you by e-mail that the Change in Terms notice is available for you to pick up on our secure web site. Otherwise the change will be mailed to you. We can change terms without advance notice if (a) the change is not adverse to you, or (b) the change is necessary to maintain or restore the security of the Online Banking Home Banking system.</p></li><li><p></p><p> <strong> <u>Setoff, Attorney\'s Fees and Collection Costs</u> </strong></p><p 0px=\"\" 35px;\"=\"\" style=\'\"padding:\'> If your use of Online Banking, Bill Payer or External transfer Wire service results in your becoming indebted to us, and you do not pay what you owe upon our written demand, you agree that we can, unless prohibited by law or the account agreement, take funds in any Bank account in which you have an interest to recover all or part of what you owe without advance notice to you. Our exercising this right in the event of your default will not waive our right to use other lawful means to collect what you owe us. If we cannot recover what you owe from your other Bank accounts, you agree to pay reasonable collection costs we incur before we take legal action. If we take legal action to collect what you owe, you agree to pay our reasonable attorney\'s fees and costs of suit in addition to any other remedy the court finds proper, whether the legal action is a collection lawsuit, a proceeding to protect our interests if you become a bankruptcy debtor, an action to enforce a judgment, an appeal, or another type of legal action.</p></li><li><p></p><p> <strong> <u>In Case of Errors or Questions Regarding Electronic Funds Transfers</u> </strong></p><div 0px=\"\" 35px;\"=\"\" style=\'\"padding:\'><p> If you believe that an unauthorized electronic funds transfer occurred on your account or that any other type of error occurred on an electronic funds transfer, please contact us as indicated under \"How to Contact Us\" below.</p><p> Contact us as soon as you can if you think your account history is wrong, or if you need more information concerning an EFT transaction on your account history. We must hear from you not later than 60 days after we sent you the FIRST statement on which the error or problem appeared.</p><p> Please give us the following information about Online Banking transactions:</p><ul><li> Your name</li><li> Your account number</li><li> Your Access ID (but not your Passcode)</li><li> A description of the error or the transaction you are not sure about, and as clear an explanation as you can provide of why you believe there is an error or why you need more information</li><li> The dollar amount of the suspected error</li></ul><p> For Bill Payer transactions, we will need the following information:</p><ul><li> The account number used to pay the bill</li><li> The name of the payee</li><li> The date the payment was scheduled</li><li> The payment confirmation number</li><li> The payment amount</li><li> The payee account number for the payment in question.</li></ul><p> If you tell us orally, we may require you to send your complaint or question in writing within 10 business days.</p><p> We will determine whether an error occurred within 10 business days after we hear from you and will correct any error promptly. If we need more time, however, we may take up to 45 days to investigate your complaint or question (90 days if you have had accounts with us for less than 30 days or if your transaction was initiated outside the United States). If we decide to take more time, we will provisionally credit your account within 10 business days (20 days if you have had accounts with us for less than 30 days) for the amount you think is in error, so you will have use of the money while we investigate. If you do not put your complaint or question in writing within 10 days after we ask you to do so, we may not provisionally credit your account while we are investigating.</p><p> We will tell you the results within three business days after we complete our investigation. If we decide there was no error, we will send you a written explanation. You can request copies of the documents we used in our investigation. If there was no error, we will reverse any credits to your account and notify you that we have done so. We will pay any amounts by which your accounts are overdrawn for five business days after we reverse the provisional credit and we will not charge any overdraft fees, but only to the extent the overdraft does not exceed the amount of the provisional credit. If any overdraft exceeds the amount of the reversed provisional credit, we are not obligated to pay it unless you have overdraft protection available, and we are entitled to collect overdraft fees. In any event, you are obligated to restore any amounts by which your accounts are in negative balance.</p></div></li><li><p></p><p> <strong> <u>How to Contact Us</u> </strong></p><div 0px=\"\" 35px;\"=\"\" style=\'\"padding:\'><p> You can</p><ul><li> Write to us at Kony Bank, P.O. Box 18460 , San Jose, CA 95158-8460</li><li> Telephone us at (408) 445-3386 or (800) 232-8669. Telephone assistance is available 6:00 a.m. to 6:00 p.m. (Pacific Time) Monday through Thursday and 6:00 a.m. to 7:00 p.m. (Pacific Time) on Friday.</li><li> Use the \"Request Payment Inquiry\" link in the Payments section of Online Banking</li><li> Visit any Bank Office.</li></ul></div></li><li><p></p><p> <strong> <u>Additional Terms</u> </strong></p><div 0px=\"\" 35px;\"=\"\" style=\'\"padding:\'><ul><li> You authorize Kony Bank and Digital Insight to copy, use, modify, display and distribute any information, data, materials or other content as necessary to provide the services you request that are described in this Agreement and Disclosure.</li><li> You grant Kony Bank and Digital Insight a license to access the web sites and databases of other financial institutions where you hold accounts, as designated by you, to retrieve information and implement fund transfers and other transactions that you request under this Agreement and Disclosure</li><li> You represent and warrant that you have the right to authorize Kony Bank and Digital Insight to access your accounts to implement fund transfers and other transactions you request under this Agreement and Disclosure.</li><li> You represent that by disclosing and authorizing Kony Bank and Digital Insight to use such information, you are not violating any third party\'s rights.</li><li> You warrant and represent that all information you provide to Kony Bank and Digital Insight is true, current, accurate, and complete.</li><li> You appoint Kony Bank and Digital Insight as your true and lawful attorney-in-fact and agent, with full power of substitution and re-substitution, for you and in your name, place and stead, in any and all capacities, to access accounts to affect fund transfers and other transactions described in this Agreement and Disclosures and requested by you, with full power and authority to do so and to perform eWireand every act and thing necessary to be done in connection with implementing requested transactions, including verifying the content and authenticity of fund transfer and other transaction instructions for purposes of security procedures applicable to accounts, as fully to all intents and purposes as you might or could in person.</li><li> You authorize us to select any reasonable and lawful means to implement your transaction instructions.</li><li> You represent and warrant that you are at least 18 years of age, you have read this Agreement and Disclosure, and you agree to be bound by its terms and conditions. You agree that we can and will rely on your warranties, representations, covenants and agreements in this Agreement and Disclosure.</li></ul><p> ONLINE BANKING, BILL PAYER AND EXTERNAL TRANSFER WIRE SERVICE AND RELATED DOCUMENTATION ARE PROVIDED \"AS IS\" WITHOUT WARRANTY OF ANY KIND, EITHER EXPRESSED OR IMPLIED, INCLUDING, BUT NOT LIMITED TO, THE IMPLIED WARRANTIES OF MERCHANTABILITY AND FITNESS FOR A PARTICULAR PURPOSE.</p><p> <strong> Proceed with enrollment for The Service. </strong> By clicking on the \" <strong> Accept </strong> \" button you are acknowledging that you have read and agree to the terms and conditions of this Agreement and would like to proceed with online registration.</p><p> (If you do not agree, choose cancel below.)</p><p> If you click \" <strong> cancel </strong> \" you can still enroll in our Online Banking at a later time by completing an application in one of our offices or by mailing us the enrollment application. You will still be required to accept the Terms of this Agreement.</p><p> <strong> FinanceWorks & Debit Rewards Offers -- End User License Agreement </strong></p><p> <strong> In addition to the above content, if you decide to use either FinanceWorks or the Debit Rewards Offers application, you acknowledge and agree to the following terms and conditions of service. </strong></p><p> <strong> <b>LICENSE GRANT AND RESTRICTIONS.</b> </strong> You are granted a personal, limited, non-exclusive, non-transferable license, to electronically access and use the FinanceWorks Service (the \"Service\") solely to manage your financial data, and the purchase rewards application (\"Debit Rewards Offers\") to benefit from your debit card purchases.</p><p> In addition to the FinanceWorks Service and the Debit Rewards Offers, the terms \"Service\" and \"Debit Rewards Offers\" also include any other programs, tools, internet-based services, components and any \"updates\" (for example, Service maintenance, Debit Rewards information, help content, bug fixes, or maintenance releases, etc.) of the Service or Debit Rewards Offers if and when they are made available to you by us or by our third party vendors. Certain Service and Debit Rewards Offers may be accompanied by, and will be subject to, additional terms and conditions.</p><p> You are not licensed or permitted to do any of the following and you may not allow any third party to do any of the following: (i) access or attempt to access any other systems, programs or data that are not made available for public use; (ii) copy, reproduce, republish, upload, post, transmit, resell or distribute in any way the material from the FinanceWorks site or from the Debit Rewards Offers program; (iii) permit any third party to benefit from the use or functionality of the Service or Debit Rewards Offers, or any other services provided in connection with them, via a rental, lease, timesharing, service bureau, or other arrangement; (iv) transfer any of the rights granted to you </p></div></li></ol> </br>','TEXT',NULL,'en-US','ACTIVE','1.0','2021-03-25 00:00:00'),('TCC3450004','TCA2312334','PULL CREDIT REPORT<br /><b>You authorize Infinity Bank to: </b><div><ol><li>Pull a credit report on you and co-applicant (if any) in order to make a credit decision.<br /></li><li>Use the information on this application and any other information we or our affiliates have about you to determine your ability to pay, as required by federal law.<br /></li><li>Verify, at our option and for your benefit, your application information.<br /></li><li>Contact you or receive a detailed message or messages at the telephone, email or direct mail contact data you provided above for purposes of fulfilling this inquiry about automobile loan financing even if you have previously registered on a Do No Call registry or requested XYZ Bank not to send marketing information to you by email and/or direct mail.<br /></li></ol><div><br /></div></div>VALIDATE CONTACT INFORMATION<div><b>By giving us your phone number and submitting this application, you acknowledge that,</b><br /><ol><li>You&#39;ve reviewed any special disclosure that applies in your state: ME, CA, NY, RI, OH, VT and WI residents.</li><li> All information you&#39;ve submitted is true and correct and is given to obtain credit from us.</li><li>Co-applicant (if any) has authorized you to submit this application on his or her behalf.</li><li>You and co-applicant (if any) are of legal contracting age.</li><li> Credit approval, Annual Percentage Rate (APR), and credit terms are based on our review of each applicant’s application information and credit report.</li><li>You understand we collect your individual income information to determine your individual ability to pay. Examples may include income earned from your employment (salary, overtime, bonus), retirement/pension benefits, and rental properties. Student loans are not acceptable sources of income. Alimony, child support, or separate maintenance income need not be revealed if you don&#39;t wish it to be considered as a basis for repayment.</li></ol><b>And you agree that Infinity Bank, N.A. may,</b><br />Use automatic telephone dialing systems and prerecorded voice messages in connection with calls or texts made to any telephone number you provide even if the telephone number is assigned to a cellular/mobile telephone service or other service for which the called party is charged according to their normal text messaging rates.<br /><br class=\"&#34;&#34;\" /><br /><b>Privacy</b><br />All financial institutions are required by federal law to obtain, verify, and record information that identifies each customer before opening an account with us. When you open an account with us, we will ask you for your name, address and other information that will allow us to identify you, such as Social Security number and date of birth. In addition, if the account application is approved, do we have your permission to open your account prior to sending you a copy of our Infinity Bank US Consumer Privacy Notice, which will be sent with your customary account disclosures?<br /><br class=\"&#34;&#34;\" /><br /><b>Electronic Consumer Information Consent</b><br />To receive the Consumer Information electronically, scroll to read the complete disclosure and then select I consent on this page.<br /><br class=\"&#34;&#34;\" /><br />As part of your online loan application, the bank is required by law to provide you with certain Consumer Information. You have the right to receive the Consumer Information on paper. With your consent, we may provide the Consumer Information to you electronically instead. If you prefer to receive the Consumer Information on paper, you’ll need to visit any banking center to apply in person.<br /><br class=\"&#34;&#34;\" /><br />Your consent only applies to this loan application and the documents listed here. You aren&#39;t required to consent to receive information electronically to complete this application. If you’d like to withdraw your consent after consenting to receive information electronically, or if after receiving electronic documents you would like paper copies, you may do so in the Application Status Center or contact us at 1.888.266.1034 and we will provide you with paper copies at no charge. You can also update your contact information with us by calling that same telephone number. Consent withdrawal won’t apply to any actions already taken or initiated in reliance on your consent.<br /><br class=\"&#34;&#34;\" /><br />Type of electronic consumer information you may receive:</div><div>?     Credit Score Notice, if your application is approved.</div><div>?     Adverse Action Letter, if your application is declined.</div><div>?     Any other information related to your application.</div>','TEXT',NULL,'en-US','ACTIVE','1.0','2021-03-25 00:00:00'),('TCC3450005','TCA2312335','PULL CREDIT REPORT<br /><b>You authorize Infinity Bank to: </b><div><ol><li>Pull a credit report on you and co-applicant (if any) in order to make a credit decision.<br /></li><li>Use the information on this application and any other information we or our affiliates have about you to determine your ability to pay, as required by federal law.<br /></li><li>Verify, at our option and for your benefit, your application information.<br /></li><li>Contact you or receive a detailed message or messages at the telephone, email or direct mail contact data you provided above for purposes of fulfilling this inquiry about automobile loan financing even if you have previously registered on a Do No Call registry or requested XYZ Bank not to send marketing information to you by email and/or direct mail.<br /></li></ol><div><br /></div></div>VALIDATE CONTACT INFORMATION<div><b>By giving us your phone number and submitting this application, you acknowledge that,</b><br /><ol><li>You&#39;ve reviewed any special disclosure that applies in your state: ME, CA, NY, RI, OH, VT and WI residents.</li><li> All information you&#39;ve submitted is true and correct and is given to obtain credit from us.</li><li>Co-applicant (if any) has authorized you to submit this application on his or her behalf.</li><li>You and co-applicant (if any) are of legal contracting age.</li><li> Credit approval, Annual Percentage Rate (APR), and credit terms are based on our review of each applicant’s application information and credit report.</li><li>You understand we collect your individual income information to determine your individual ability to pay. Examples may include income earned from your employment (salary, overtime, bonus), retirement/pension benefits, and rental properties. Student loans are not acceptable sources of income. Alimony, child support, or separate maintenance income need not be revealed if you don&#39;t wish it to be considered as a basis for repayment.</li></ol><b>And you agree that Infinity Bank, N.A. may,</b><br />Use automatic telephone dialing systems and prerecorded voice messages in connection with calls or texts made to any telephone number you provide even if the telephone number is assigned to a cellular/mobile telephone service or other service for which the called party is charged according to their normal text messaging rates.<br /><br class=\"&#34;&#34;\" /><br /><b>Privacy</b><br />All financial institutions are required by federal law to obtain, verify, and record information that identifies each customer before opening an account with us. When you open an account with us, we will ask you for your name, address and other information that will allow us to identify you, such as Social Security number and date of birth. In addition, if the account application is approved, do we have your permission to open your account prior to sending you a copy of our Infinity Bank US Consumer Privacy Notice, which will be sent with your customary account disclosures?<br /><br class=\"&#34;&#34;\" /><br /><b>Electronic Consumer Information Consent</b><br />To receive the Consumer Information electronically, scroll to read the complete disclosure and then select I consent on this page.<br /><br class=\"&#34;&#34;\" /><br />As part of your online loan application, the bank is required by law to provide you with certain Consumer Information. You have the right to receive the Consumer Information on paper. With your consent, we may provide the Consumer Information to you electronically instead. If you prefer to receive the Consumer Information on paper, you’ll need to visit any banking center to apply in person.<br /><br class=\"&#34;&#34;\" /><br />Your consent only applies to this loan application and the documents listed here. You aren&#39;t required to consent to receive information electronically to complete this application. If you’d like to withdraw your consent after consenting to receive information electronically, or if after receiving electronic documents you would like paper copies, you may do so in the Application Status Center or contact us at 1.888.266.1034 and we will provide you with paper copies at no charge. You can also update your contact information with us by calling that same telephone number. Consent withdrawal won’t apply to any actions already taken or initiated in reliance on your consent.<br /><br class=\"&#34;&#34;\" /><br />Type of electronic consumer information you may receive:</div><div>?     Credit Score Notice, if your application is approved.</div><div>?     Adverse Action Letter, if your application is declined.</div><div>?     Any other information related to your application.</div>','TEXT',NULL,'en-US','ACTIVE','1.0','2021-03-25 00:00:00'),('TCC3450006','TCA2312336','PULL CREDIT REPORT<br /><b>You authorize Infinity Bank to: </b><div><ol><li>Pull a credit report on you and co-applicant (if any) in order to make a credit decision.<br /></li><li>Use the information on this application and any other information we or our affiliates have about you to determine your ability to pay, as required by federal law.<br /></li><li>Verify, at our option and for your benefit, your application information.<br /></li><li>Contact you or receive a detailed message or messages at the telephone, email or direct mail contact data you provided above for purposes of fulfilling this inquiry about automobile loan financing even if you have previously registered on a Do No Call registry or requested XYZ Bank not to send marketing information to you by email and/or direct mail.<br /></li></ol><div><br /></div></div>VALIDATE CONTACT INFORMATION<div><b>By giving us your phone number and submitting this application, you acknowledge that,</b><br /><ol><li>You&#39;ve reviewed any special disclosure that applies in your state: ME, CA, NY, RI, OH, VT and WI residents.</li><li> All information you&#39;ve submitted is true and correct and is given to obtain credit from us.</li><li>Co-applicant (if any) has authorized you to submit this application on his or her behalf.</li><li>You and co-applicant (if any) are of legal contracting age.</li><li> Credit approval, Annual Percentage Rate (APR), and credit terms are based on our review of each applicant’s application information and credit report.</li><li>You understand we collect your individual income information to determine your individual ability to pay. Examples may include income earned from your employment (salary, overtime, bonus), retirement/pension benefits, and rental properties. Student loans are not acceptable sources of income. Alimony, child support, or separate maintenance income need not be revealed if you don&#39;t wish it to be considered as a basis for repayment.</li></ol><b>And you agree that Infinity Bank, N.A. may,</b><br />Use automatic telephone dialing systems and prerecorded voice messages in connection with calls or texts made to any telephone number you provide even if the telephone number is assigned to a cellular/mobile telephone service or other service for which the called party is charged according to their normal text messaging rates.<br /><br class=\"&#34;&#34;\" /><br /><b>Privacy</b><br />All financial institutions are required by federal law to obtain, verify, and record information that identifies each customer before opening an account with us. When you open an account with us, we will ask you for your name, address and other information that will allow us to identify you, such as Social Security number and date of birth. In addition, if the account application is approved, do we have your permission to open your account prior to sending you a copy of our Infinity Bank US Consumer Privacy Notice, which will be sent with your customary account disclosures?<br /><br class=\"&#34;&#34;\" /><br /><b>Electronic Consumer Information Consent</b><br />To receive the Consumer Information electronically, scroll to read the complete disclosure and then select I consent on this page.<br /><br class=\"&#34;&#34;\" /><br />As part of your online loan application, the bank is required by law to provide you with certain Consumer Information. You have the right to receive the Consumer Information on paper. With your consent, we may provide the Consumer Information to you electronically instead. If you prefer to receive the Consumer Information on paper, you’ll need to visit any banking center to apply in person.<br /><br class=\"&#34;&#34;\" /><br />Your consent only applies to this loan application and the documents listed here. You aren&#39;t required to consent to receive information electronically to complete this application. If you’d like to withdraw your consent after consenting to receive information electronically, or if after receiving electronic documents you would like paper copies, you may do so in the Application Status Center or contact us at 1.888.266.1034 and we will provide you with paper copies at no charge. You can also update your contact information with us by calling that same telephone number. Consent withdrawal won’t apply to any actions already taken or initiated in reliance on your consent.<br /><br class=\"&#34;&#34;\" /><br />Type of electronic consumer information you may receive:</div><div>?     Credit Score Notice, if your application is approved.</div><div>?     Adverse Action Letter, if your application is declined.</div><div>?     Any other information related to your application.</div>','TEXT',NULL,'en-US','ACTIVE','1.0','2021-03-25 00:00:00'),('TCC3450007','TCA2312337','PULL CREDIT REPORT<br /><b>You authorize Infinity Bank to: </b><div><ol><li>Pull a credit report on you and co-applicant (if any) in order to make a credit decision.<br /></li><li>Use the information on this application and any other information we or our affiliates have about you to determine your ability to pay, as required by federal law.<br /></li><li>Verify, at our option and for your benefit, your application information.<br /></li><li>Contact you or receive a detailed message or messages at the telephone, email or direct mail contact data you provided above for purposes of fulfilling this inquiry about automobile loan financing even if you have previously registered on a Do No Call registry or requested XYZ Bank not to send marketing information to you by email and/or direct mail.<br /></li></ol><div><br /></div></div>VALIDATE CONTACT INFORMATION<div><b>By giving us your phone number and submitting this application, you acknowledge that,</b><br /><ol><li>You&#39;ve reviewed any special disclosure that applies in your state: ME, CA, NY, RI, OH, VT and WI residents.</li><li> All information you&#39;ve submitted is true and correct and is given to obtain credit from us.</li><li>Co-applicant (if any) has authorized you to submit this application on his or her behalf.</li><li>You and co-applicant (if any) are of legal contracting age.</li><li> Credit approval, Annual Percentage Rate (APR), and credit terms are based on our review of each applicant’s application information and credit report.</li><li>You understand we collect your individual income information to determine your individual ability to pay. Examples may include income earned from your employment (salary, overtime, bonus), retirement/pension benefits, and rental properties. Student loans are not acceptable sources of income. Alimony, child support, or separate maintenance income need not be revealed if you don&#39;t wish it to be considered as a basis for repayment.</li></ol><b>And you agree that Infinity Bank, N.A. may,</b><br />Use automatic telephone dialing systems and prerecorded voice messages in connection with calls or texts made to any telephone number you provide even if the telephone number is assigned to a cellular/mobile telephone service or other service for which the called party is charged according to their normal text messaging rates.<br /><br class=\"&#34;&#34;\" /><br /><b>Privacy</b><br />All financial institutions are required by federal law to obtain, verify, and record information that identifies each customer before opening an account with us. When you open an account with us, we will ask you for your name, address and other information that will allow us to identify you, such as Social Security number and date of birth. In addition, if the account application is approved, do we have your permission to open your account prior to sending you a copy of our Infinity Bank US Consumer Privacy Notice, which will be sent with your customary account disclosures?<br /><br class=\"&#34;&#34;\" /><br /><b>Electronic Consumer Information Consent</b><br />To receive the Consumer Information electronically, scroll to read the complete disclosure and then select I consent on this page.<br /><br class=\"&#34;&#34;\" /><br />As part of your online loan application, the bank is required by law to provide you with certain Consumer Information. You have the right to receive the Consumer Information on paper. With your consent, we may provide the Consumer Information to you electronically instead. If you prefer to receive the Consumer Information on paper, you’ll need to visit any banking center to apply in person.<br /><br class=\"&#34;&#34;\" /><br />Your consent only applies to this loan application and the documents listed here. You aren&#39;t required to consent to receive information electronically to complete this application. If you’d like to withdraw your consent after consenting to receive information electronically, or if after receiving electronic documents you would like paper copies, you may do so in the Application Status Center or contact us at 1.888.266.1034 and we will provide you with paper copies at no charge. You can also update your contact information with us by calling that same telephone number. Consent withdrawal won’t apply to any actions already taken or initiated in reliance on your consent.<br /><br class=\"&#34;&#34;\" /><br />Type of electronic consumer information you may receive:</div><div>?     Credit Score Notice, if your application is approved.</div><div>?     Adverse Action Letter, if your application is declined.</div><div>?     Any other information related to your application.</div>','TEXT',NULL,'en-US','ACTIVE','1.0','2021-03-25 00:00:00'),('TCC3450008','TCA2312338','PULL CREDIT REPORT<br /><b>You authorize Infinity Bank to: </b><div><ol><li>Pull a credit report on you and co-applicant (if any) in order to make a credit decision.<br /></li><li>Use the information on this application and any other information we or our affiliates have about you to determine your ability to pay, as required by federal law.<br /></li><li>Verify, at our option and for your benefit, your application information.<br /></li><li>Contact you or receive a detailed message or messages at the telephone, email or direct mail contact data you provided above for purposes of fulfilling this inquiry about automobile loan financing even if you have previously registered on a Do No Call registry or requested XYZ Bank not to send marketing information to you by email and/or direct mail.<br /></li></ol><div><br /></div></div>VALIDATE CONTACT INFORMATION<div><b>By giving us your phone number and submitting this application, you acknowledge that,</b><br /><ol><li>You&#39;ve reviewed any special disclosure that applies in your state: ME, CA, NY, RI, OH, VT and WI residents.</li><li> All information you&#39;ve submitted is true and correct and is given to obtain credit from us.</li><li>Co-applicant (if any) has authorized you to submit this application on his or her behalf.</li><li>You and co-applicant (if any) are of legal contracting age.</li><li> Credit approval, Annual Percentage Rate (APR), and credit terms are based on our review of each applicant’s application information and credit report.</li><li>You understand we collect your individual income information to determine your individual ability to pay. Examples may include income earned from your employment (salary, overtime, bonus), retirement/pension benefits, and rental properties. Student loans are not acceptable sources of income. Alimony, child support, or separate maintenance income need not be revealed if you don&#39;t wish it to be considered as a basis for repayment.</li></ol><b>And you agree that Infinity Bank, N.A. may,</b><br />Use automatic telephone dialing systems and prerecorded voice messages in connection with calls or texts made to any telephone number you provide even if the telephone number is assigned to a cellular/mobile telephone service or other service for which the called party is charged according to their normal text messaging rates.<br /><br class=\"&#34;&#34;\" /><br /><b>Privacy</b><br />All financial institutions are required by federal law to obtain, verify, and record information that identifies each customer before opening an account with us. When you open an account with us, we will ask you for your name, address and other information that will allow us to identify you, such as Social Security number and date of birth. In addition, if the account application is approved, do we have your permission to open your account prior to sending you a copy of our Infinity Bank US Consumer Privacy Notice, which will be sent with your customary account disclosures?<br /><br class=\"&#34;&#34;\" /><br /><b>Electronic Consumer Information Consent</b><br />To receive the Consumer Information electronically, scroll to read the complete disclosure and then select I consent on this page.<br /><br class=\"&#34;&#34;\" /><br />As part of your online loan application, the bank is required by law to provide you with certain Consumer Information. You have the right to receive the Consumer Information on paper. With your consent, we may provide the Consumer Information to you electronically instead. If you prefer to receive the Consumer Information on paper, you’ll need to visit any banking center to apply in person.<br /><br class=\"&#34;&#34;\" /><br />Your consent only applies to this loan application and the documents listed here. You aren&#39;t required to consent to receive information electronically to complete this application. If you’d like to withdraw your consent after consenting to receive information electronically, or if after receiving electronic documents you would like paper copies, you may do so in the Application Status Center or contact us at 1.888.266.1034 and we will provide you with paper copies at no charge. You can also update your contact information with us by calling that same telephone number. Consent withdrawal won’t apply to any actions already taken or initiated in reliance on your consent.<br /><br class=\"&#34;&#34;\" /><br />Type of electronic consumer information you may receive:</div><div>?     Credit Score Notice, if your application is approved.</div><div>?     Adverse Action Letter, if your application is declined.</div><div>?     Any other information related to your application.</div>','TEXT',NULL,'en-US','ACTIVE','1.0','2021-03-25 00:00:00'),('TCC3450009','TCA2312339','PULL CREDIT REPORT<br /><b>You authorize Infinity Bank to: </b><div><ol><li>Pull a credit report on you and co-applicant (if any) in order to make a credit decision.<br /></li><li>Use the information on this application and any other information we or our affiliates have about you to determine your ability to pay, as required by federal law.<br /></li><li>Verify, at our option and for your benefit, your application information.<br /></li><li>Contact you or receive a detailed message or messages at the telephone, email or direct mail contact data you provided above for purposes of fulfilling this inquiry about automobile loan financing even if you have previously registered on a Do No Call registry or requested XYZ Bank not to send marketing information to you by email and/or direct mail.<br /></li></ol><div><br /></div></div>VALIDATE CONTACT INFORMATION<div><b>By giving us your phone number and submitting this application, you acknowledge that,</b><br /><ol><li>You&#39;ve reviewed any special disclosure that applies in your state: ME, CA, NY, RI, OH, VT and WI residents.</li><li> All information you&#39;ve submitted is true and correct and is given to obtain credit from us.</li><li>Co-applicant (if any) has authorized you to submit this application on his or her behalf.</li><li>You and co-applicant (if any) are of legal contracting age.</li><li> Credit approval, Annual Percentage Rate (APR), and credit terms are based on our review of each applicant’s application information and credit report.</li><li>You understand we collect your individual income information to determine your individual ability to pay. Examples may include income earned from your employment (salary, overtime, bonus), retirement/pension benefits, and rental properties. Student loans are not acceptable sources of income. Alimony, child support, or separate maintenance income need not be revealed if you don&#39;t wish it to be considered as a basis for repayment.</li></ol><b>And you agree that Infinity Bank, N.A. may,</b><br />Use automatic telephone dialing systems and prerecorded voice messages in connection with calls or texts made to any telephone number you provide even if the telephone number is assigned to a cellular/mobile telephone service or other service for which the called party is charged according to their normal text messaging rates.<br /><br class=\"&#34;&#34;\" /><br /><b>Privacy</b><br />All financial institutions are required by federal law to obtain, verify, and record information that identifies each customer before opening an account with us. When you open an account with us, we will ask you for your name, address and other information that will allow us to identify you, such as Social Security number and date of birth. In addition, if the account application is approved, do we have your permission to open your account prior to sending you a copy of our Infinity Bank US Consumer Privacy Notice, which will be sent with your customary account disclosures?<br /><br class=\"&#34;&#34;\" /><br /><b>Electronic Consumer Information Consent</b><br />To receive the Consumer Information electronically, scroll to read the complete disclosure and then select I consent on this page.<br /><br class=\"&#34;&#34;\" /><br />As part of your online loan application, the bank is required by law to provide you with certain Consumer Information. You have the right to receive the Consumer Information on paper. With your consent, we may provide the Consumer Information to you electronically instead. If you prefer to receive the Consumer Information on paper, you’ll need to visit any banking center to apply in person.<br /><br class=\"&#34;&#34;\" /><br />Your consent only applies to this loan application and the documents listed here. You aren&#39;t required to consent to receive information electronically to complete this application. If you’d like to withdraw your consent after consenting to receive information electronically, or if after receiving electronic documents you would like paper copies, you may do so in the Application Status Center or contact us at 1.888.266.1034 and we will provide you with paper copies at no charge. You can also update your contact information with us by calling that same telephone number. Consent withdrawal won’t apply to any actions already taken or initiated in reliance on your consent.<br /><br class=\"&#34;&#34;\" /><br />Type of electronic consumer information you may receive:</div><div>?     Credit Score Notice, if your application is approved.</div><div>?     Adverse Action Letter, if your application is declined.</div><div>?     Any other information related to your application.</div>','TEXT',NULL,'en-US','ACTIVE','1.0','2021-03-25 00:00:00'),('TCC3450010','TCA2312340','PULL CREDIT REPORT<br /><b>You authorize Infinity Bank to: </b><div><ol><li>Pull a credit report on you and co-applicant (if any) in order to make a credit decision.<br /></li><li>Use the information on this application and any other information we or our affiliates have about you to determine your ability to pay, as required by federal law.<br /></li><li>Verify, at our option and for your benefit, your application information.<br /></li><li>Contact you or receive a detailed message or messages at the telephone, email or direct mail contact data you provided above for purposes of fulfilling this inquiry about automobile loan financing even if you have previously registered on a Do No Call registry or requested XYZ Bank not to send marketing information to you by email and/or direct mail.<br /></li></ol><div><br /></div></div>VALIDATE CONTACT INFORMATION<div><b>By giving us your phone number and submitting this application, you acknowledge that,</b><br /><ol><li>You&#39;ve reviewed any special disclosure that applies in your state: ME, CA, NY, RI, OH, VT and WI residents.</li><li> All information you&#39;ve submitted is true and correct and is given to obtain credit from us.</li><li>Co-applicant (if any) has authorized you to submit this application on his or her behalf.</li><li>You and co-applicant (if any) are of legal contracting age.</li><li> Credit approval, Annual Percentage Rate (APR), and credit terms are based on our review of each applicant’s application information and credit report.</li><li>You understand we collect your individual income information to determine your individual ability to pay. Examples may include income earned from your employment (salary, overtime, bonus), retirement/pension benefits, and rental properties. Student loans are not acceptable sources of income. Alimony, child support, or separate maintenance income need not be revealed if you don&#39;t wish it to be considered as a basis for repayment.</li></ol><b>And you agree that Infinity Bank, N.A. may,</b><br />Use automatic telephone dialing systems and prerecorded voice messages in connection with calls or texts made to any telephone number you provide even if the telephone number is assigned to a cellular/mobile telephone service or other service for which the called party is charged according to their normal text messaging rates.<br /><br class=\"&#34;&#34;\" /><br /><b>Privacy</b><br />All financial institutions are required by federal law to obtain, verify, and record information that identifies each customer before opening an account with us. When you open an account with us, we will ask you for your name, address and other information that will allow us to identify you, such as Social Security number and date of birth. In addition, if the account application is approved, do we have your permission to open your account prior to sending you a copy of our Infinity Bank US Consumer Privacy Notice, which will be sent with your customary account disclosures?<br /><br class=\"&#34;&#34;\" /><br /><b>Electronic Consumer Information Consent</b><br />To receive the Consumer Information electronically, scroll to read the complete disclosure and then select I consent on this page.<br /><br class=\"&#34;&#34;\" /><br />As part of your online loan application, the bank is required by law to provide you with certain Consumer Information. You have the right to receive the Consumer Information on paper. With your consent, we may provide the Consumer Information to you electronically instead. If you prefer to receive the Consumer Information on paper, you’ll need to visit any banking center to apply in person.<br /><br class=\"&#34;&#34;\" /><br />Your consent only applies to this loan application and the documents listed here. You aren&#39;t required to consent to receive information electronically to complete this application. If you’d like to withdraw your consent after consenting to receive information electronically, or if after receiving electronic documents you would like paper copies, you may do so in the Application Status Center or contact us at 1.888.266.1034 and we will provide you with paper copies at no charge. You can also update your contact information with us by calling that same telephone number. Consent withdrawal won’t apply to any actions already taken or initiated in reliance on your consent.<br /><br class=\"&#34;&#34;\" /><br />Type of electronic consumer information you may receive:</div><div>?     Credit Score Notice, if your application is approved.</div><div>?     Adverse Action Letter, if your application is declined.</div><div>?     Any other information related to your application.</div>','TEXT',NULL,'en-US','ACTIVE','1.0','2021-03-25 00:00:00'),('TCC3450011','TCA2312341','PULL CREDIT REPORT<br /><b>You authorize Infinity Bank to: </b><div><ol><li>Pull a credit report on you and co-applicant (if any) in order to make a credit decision.<br /></li><li>Use the information on this application and any other information we or our affiliates have about you to determine your ability to pay, as required by federal law.<br /></li><li>Verify, at our option and for your benefit, your application information.<br /></li><li>Contact you or receive a detailed message or messages at the telephone, email or direct mail contact data you provided above for purposes of fulfilling this inquiry about automobile loan financing even if you have previously registered on a Do No Call registry or requested XYZ Bank not to send marketing information to you by email and/or direct mail.<br /></li></ol><div><br /></div></div>VALIDATE CONTACT INFORMATION<div><b>By giving us your phone number and submitting this application, you acknowledge that,</b><br /><ol><li>You&#39;ve reviewed any special disclosure that applies in your state: ME, CA, NY, RI, OH, VT and WI residents.</li><li> All information you&#39;ve submitted is true and correct and is given to obtain credit from us.</li><li>Co-applicant (if any) has authorized you to submit this application on his or her behalf.</li><li>You and co-applicant (if any) are of legal contracting age.</li><li> Credit approval, Annual Percentage Rate (APR), and credit terms are based on our review of each applicant’s application information and credit report.</li><li>You understand we collect your individual income information to determine your individual ability to pay. Examples may include income earned from your employment (salary, overtime, bonus), retirement/pension benefits, and rental properties. Student loans are not acceptable sources of income. Alimony, child support, or separate maintenance income need not be revealed if you don&#39;t wish it to be considered as a basis for repayment.</li></ol><b>And you agree that Infinity Bank, N.A. may,</b><br />Use automatic telephone dialing systems and prerecorded voice messages in connection with calls or texts made to any telephone number you provide even if the telephone number is assigned to a cellular/mobile telephone service or other service for which the called party is charged according to their normal text messaging rates.<br /><br class=\"&#34;&#34;\" /><br /><b>Privacy</b><br />All financial institutions are required by federal law to obtain, verify, and record information that identifies each customer before opening an account with us. When you open an account with us, we will ask you for your name, address and other information that will allow us to identify you, such as Social Security number and date of birth. In addition, if the account application is approved, do we have your permission to open your account prior to sending you a copy of our Infinity Bank US Consumer Privacy Notice, which will be sent with your customary account disclosures?<br /><br class=\"&#34;&#34;\" /><br /><b>Electronic Consumer Information Consent</b><br />To receive the Consumer Information electronically, scroll to read the complete disclosure and then select I consent on this page.<br /><br class=\"&#34;&#34;\" /><br />As part of your online loan application, the bank is required by law to provide you with certain Consumer Information. You have the right to receive the Consumer Information on paper. With your consent, we may provide the Consumer Information to you electronically instead. If you prefer to receive the Consumer Information on paper, you’ll need to visit any banking center to apply in person.<br /><br class=\"&#34;&#34;\" /><br />Your consent only applies to this loan application and the documents listed here. You aren&#39;t required to consent to receive information electronically to complete this application. If you’d like to withdraw your consent after consenting to receive information electronically, or if after receiving electronic documents you would like paper copies, you may do so in the Application Status Center or contact us at 1.888.266.1034 and we will provide you with paper copies at no charge. You can also update your contact information with us by calling that same telephone number. Consent withdrawal won’t apply to any actions already taken or initiated in reliance on your consent.<br /><br class=\"&#34;&#34;\" /><br />Type of electronic consumer information you may receive:</div><div>?     Credit Score Notice, if your application is approved.</div><div>?     Adverse Action Letter, if your application is declined.</div><div>?     Any other information related to your application.</div>','TEXT',NULL,'en-US','ACTIVE','1.0','2021-03-25 00:00:00'),('TCC3450012','TCA2312342','PULL CREDIT REPORT<br /><b>You authorize Infinity Bank to: </b><div><ol><li>Pull a credit report on you and co-applicant (if any) in order to make a credit decision.<br /></li><li>Use the information on this application and any other information we or our affiliates have about you to determine your ability to pay, as required by federal law.<br /></li><li>Verify, at our option and for your benefit, your application information.<br /></li><li>Contact you or receive a detailed message or messages at the telephone, email or direct mail contact data you provided above for purposes of fulfilling this inquiry about automobile loan financing even if you have previously registered on a Do No Call registry or requested XYZ Bank not to send marketing information to you by email and/or direct mail.<br /></li></ol><div><br /></div></div>VALIDATE CONTACT INFORMATION<div><b>By giving us your phone number and submitting this application, you acknowledge that,</b><br /><ol><li>You&#39;ve reviewed any special disclosure that applies in your state: ME, CA, NY, RI, OH, VT and WI residents.</li><li> All information you&#39;ve submitted is true and correct and is given to obtain credit from us.</li><li>Co-applicant (if any) has authorized you to submit this application on his or her behalf.</li><li>You and co-applicant (if any) are of legal contracting age.</li><li> Credit approval, Annual Percentage Rate (APR), and credit terms are based on our review of each applicant’s application information and credit report.</li><li>You understand we collect your individual income information to determine your individual ability to pay. Examples may include income earned from your employment (salary, overtime, bonus), retirement/pension benefits, and rental properties. Student loans are not acceptable sources of income. Alimony, child support, or separate maintenance income need not be revealed if you don&#39;t wish it to be considered as a basis for repayment.</li></ol><b>And you agree that Infinity Bank, N.A. may,</b><br />Use automatic telephone dialing systems and prerecorded voice messages in connection with calls or texts made to any telephone number you provide even if the telephone number is assigned to a cellular/mobile telephone service or other service for which the called party is charged according to their normal text messaging rates.<br /><br class=\"&#34;&#34;\" /><br /><b>Privacy</b><br />All financial institutions are required by federal law to obtain, verify, and record information that identifies each customer before opening an account with us. When you open an account with us, we will ask you for your name, address and other information that will allow us to identify you, such as Social Security number and date of birth. In addition, if the account application is approved, do we have your permission to open your account prior to sending you a copy of our Infinity Bank US Consumer Privacy Notice, which will be sent with your customary account disclosures?<br /><br class=\"&#34;&#34;\" /><br /><b>Electronic Consumer Information Consent</b><br />To receive the Consumer Information electronically, scroll to read the complete disclosure and then select I consent on this page.<br /><br class=\"&#34;&#34;\" /><br />As part of your online loan application, the bank is required by law to provide you with certain Consumer Information. You have the right to receive the Consumer Information on paper. With your consent, we may provide the Consumer Information to you electronically instead. If you prefer to receive the Consumer Information on paper, you’ll need to visit any banking center to apply in person.<br /><br class=\"&#34;&#34;\" /><br />Your consent only applies to this loan application and the documents listed here. You aren&#39;t required to consent to receive information electronically to complete this application. If you’d like to withdraw your consent after consenting to receive information electronically, or if after receiving electronic documents you would like paper copies, you may do so in the Application Status Center or contact us at 1.888.266.1034 and we will provide you with paper copies at no charge. You can also update your contact information with us by calling that same telephone number. Consent withdrawal won’t apply to any actions already taken or initiated in reliance on your consent.<br /><br class=\"&#34;&#34;\" /><br />Type of electronic consumer information you may receive:</div><div>?     Credit Score Notice, if your application is approved.</div><div>?     Adverse Action Letter, if your application is declined.</div><div>?     Any other information related to your application.</div>','TEXT',NULL,'en-US','ACTIVE','1.0','2021-03-25 00:00:00'),('TCC3450013','TCA2312343','PULL CREDIT REPORT<br /><b>You authorize Infinity Bank to: </b><div><ol><li>Pull a credit report on you and co-applicant (if any) in order to make a credit decision.<br /></li><li>Use the information on this application and any other information we or our affiliates have about you to determine your ability to pay, as required by federal law.<br /></li><li>Verify, at our option and for your benefit, your application information.<br /></li><li>Contact you or receive a detailed message or messages at the telephone, email or direct mail contact data you provided above for purposes of fulfilling this inquiry about automobile loan financing even if you have previously registered on a Do No Call registry or requested XYZ Bank not to send marketing information to you by email and/or direct mail.<br /></li></ol><div><br /></div></div>VALIDATE CONTACT INFORMATION<div><b>By giving us your phone number and submitting this application, you acknowledge that,</b><br /><ol><li>You&#39;ve reviewed any special disclosure that applies in your state: ME, CA, NY, RI, OH, VT and WI residents.</li><li> All information you&#39;ve submitted is true and correct and is given to obtain credit from us.</li><li>Co-applicant (if any) has authorized you to submit this application on his or her behalf.</li><li>You and co-applicant (if any) are of legal contracting age.</li><li> Credit approval, Annual Percentage Rate (APR), and credit terms are based on our review of each applicant’s application information and credit report.</li><li>You understand we collect your individual income information to determine your individual ability to pay. Examples may include income earned from your employment (salary, overtime, bonus), retirement/pension benefits, and rental properties. Student loans are not acceptable sources of income. Alimony, child support, or separate maintenance income need not be revealed if you don&#39;t wish it to be considered as a basis for repayment.</li></ol><b>And you agree that Infinity Bank, N.A. may,</b><br />Use automatic telephone dialing systems and prerecorded voice messages in connection with calls or texts made to any telephone number you provide even if the telephone number is assigned to a cellular/mobile telephone service or other service for which the called party is charged according to their normal text messaging rates.<br /><br class=\"&#34;&#34;\" /><br /><b>Privacy</b><br />All financial institutions are required by federal law to obtain, verify, and record information that identifies each customer before opening an account with us. When you open an account with us, we will ask you for your name, address and other information that will allow us to identify you, such as Social Security number and date of birth. In addition, if the account application is approved, do we have your permission to open your account prior to sending you a copy of our Infinity Bank US Consumer Privacy Notice, which will be sent with your customary account disclosures?<br /><br class=\"&#34;&#34;\" /><br /><b>Electronic Consumer Information Consent</b><br />To receive the Consumer Information electronically, scroll to read the complete disclosure and then select I consent on this page.<br /><br class=\"&#34;&#34;\" /><br />As part of your online loan application, the bank is required by law to provide you with certain Consumer Information. You have the right to receive the Consumer Information on paper. With your consent, we may provide the Consumer Information to you electronically instead. If you prefer to receive the Consumer Information on paper, you’ll need to visit any banking center to apply in person.<br /><br class=\"&#34;&#34;\" /><br />Your consent only applies to this loan application and the documents listed here. You aren&#39;t required to consent to receive information electronically to complete this application. If you’d like to withdraw your consent after consenting to receive information electronically, or if after receiving electronic documents you would like paper copies, you may do so in the Application Status Center or contact us at 1.888.266.1034 and we will provide you with paper copies at no charge. You can also update your contact information with us by calling that same telephone number. Consent withdrawal won’t apply to any actions already taken or initiated in reliance on your consent.<br /><br class=\"&#34;&#34;\" /><br />Type of electronic consumer information you may receive:</div><div>?     Credit Score Notice, if your application is approved.</div><div>?     Adverse Action Letter, if your application is declined.</div><div>?     Any other information related to your application.</div>','TEXT',NULL,'en-US','ACTIVE','1.0','2021-03-25 00:00:00'),('TCC3450014','TCA2312344','PULL CREDIT REPORT<br /><b>You authorize Infinity Bank to: </b><div><ol><li>Pull a credit report on you and co-applicant (if any) in order to make a credit decision.<br /></li><li>Use the information on this application and any other information we or our affiliates have about you to determine your ability to pay, as required by federal law.<br /></li><li>Verify, at our option and for your benefit, your application information.<br /></li><li>Contact you or receive a detailed message or messages at the telephone, email or direct mail contact data you provided above for purposes of fulfilling this inquiry about automobile loan financing even if you have previously registered on a Do No Call registry or requested XYZ Bank not to send marketing information to you by email and/or direct mail.<br /></li></ol><div><br /></div></div>VALIDATE CONTACT INFORMATION<div><b>By giving us your phone number and submitting this application, you acknowledge that,</b><br /><ol><li>You&#39;ve reviewed any special disclosure that applies in your state: ME, CA, NY, RI, OH, VT and WI residents.</li><li> All information you&#39;ve submitted is true and correct and is given to obtain credit from us.</li><li>Co-applicant (if any) has authorized you to submit this application on his or her behalf.</li><li>You and co-applicant (if any) are of legal contracting age.</li><li> Credit approval, Annual Percentage Rate (APR), and credit terms are based on our review of each applicant’s application information and credit report.</li><li>You understand we collect your individual income information to determine your individual ability to pay. Examples may include income earned from your employment (salary, overtime, bonus), retirement/pension benefits, and rental properties. Student loans are not acceptable sources of income. Alimony, child support, or separate maintenance income need not be revealed if you don&#39;t wish it to be considered as a basis for repayment.</li></ol><b>And you agree that Infinity Bank, N.A. may,</b><br />Use automatic telephone dialing systems and prerecorded voice messages in connection with calls or texts made to any telephone number you provide even if the telephone number is assigned to a cellular/mobile telephone service or other service for which the called party is charged according to their normal text messaging rates.<br /><br class=\"&#34;&#34;\" /><br /><b>Privacy</b><br />All financial institutions are required by federal law to obtain, verify, and record information that identifies each customer before opening an account with us. When you open an account with us, we will ask you for your name, address and other information that will allow us to identify you, such as Social Security number and date of birth. In addition, if the account application is approved, do we have your permission to open your account prior to sending you a copy of our Infinity Bank US Consumer Privacy Notice, which will be sent with your customary account disclosures?<br /><br class=\"&#34;&#34;\" /><br /><b>Electronic Consumer Information Consent</b><br />To receive the Consumer Information electronically, scroll to read the complete disclosure and then select I consent on this page.<br /><br class=\"&#34;&#34;\" /><br />As part of your online loan application, the bank is required by law to provide you with certain Consumer Information. You have the right to receive the Consumer Information on paper. With your consent, we may provide the Consumer Information to you electronically instead. If you prefer to receive the Consumer Information on paper, you’ll need to visit any banking center to apply in person.<br /><br class=\"&#34;&#34;\" /><br />Your consent only applies to this loan application and the documents listed here. You aren&#39;t required to consent to receive information electronically to complete this application. If you’d like to withdraw your consent after consenting to receive information electronically, or if after receiving electronic documents you would like paper copies, you may do so in the Application Status Center or contact us at 1.888.266.1034 and we will provide you with paper copies at no charge. You can also update your contact information with us by calling that same telephone number. Consent withdrawal won’t apply to any actions already taken or initiated in reliance on your consent.<br /><br class=\"&#34;&#34;\" /><br />Type of electronic consumer information you may receive:</div><div>?     Credit Score Notice, if your application is approved.</div><div>?     Adverse Action Letter, if your application is declined.</div><div>?     Any other information related to your application.</div>','TEXT',NULL,'en-US','ACTIVE','1.0','2021-03-25 00:00:00'),('TCC3450015','TCA2312345','PULL CREDIT REPORT<br /><b>You authorize Infinity Bank to: </b><div><ol><li>Pull a credit report on you and co-applicant (if any) in order to make a credit decision.<br /></li><li>Use the information on this application and any other information we or our affiliates have about you to determine your ability to pay, as required by federal law.<br /></li><li>Verify, at our option and for your benefit, your application information.<br /></li><li>Contact you or receive a detailed message or messages at the telephone, email or direct mail contact data you provided above for purposes of fulfilling this inquiry about automobile loan financing even if you have previously registered on a Do No Call registry or requested XYZ Bank not to send marketing information to you by email and/or direct mail.<br /></li></ol><div><br /></div></div>VALIDATE CONTACT INFORMATION<div><b>By giving us your phone number and submitting this application, you acknowledge that,</b><br /><ol><li>You&#39;ve reviewed any special disclosure that applies in your state: ME, CA, NY, RI, OH, VT and WI residents.</li><li> All information you&#39;ve submitted is true and correct and is given to obtain credit from us.</li><li>Co-applicant (if any) has authorized you to submit this application on his or her behalf.</li><li>You and co-applicant (if any) are of legal contracting age.</li><li> Credit approval, Annual Percentage Rate (APR), and credit terms are based on our review of each applicant’s application information and credit report.</li><li>You understand we collect your individual income information to determine your individual ability to pay. Examples may include income earned from your employment (salary, overtime, bonus), retirement/pension benefits, and rental properties. Student loans are not acceptable sources of income. Alimony, child support, or separate maintenance income need not be revealed if you don&#39;t wish it to be considered as a basis for repayment.</li></ol><b>And you agree that Infinity Bank, N.A. may,</b><br />Use automatic telephone dialing systems and prerecorded voice messages in connection with calls or texts made to any telephone number you provide even if the telephone number is assigned to a cellular/mobile telephone service or other service for which the called party is charged according to their normal text messaging rates.<br /><br class=\"&#34;&#34;\" /><br /><b>Privacy</b><br />All financial institutions are required by federal law to obtain, verify, and record information that identifies each customer before opening an account with us. When you open an account with us, we will ask you for your name, address and other information that will allow us to identify you, such as Social Security number and date of birth. In addition, if the account application is approved, do we have your permission to open your account prior to sending you a copy of our Infinity Bank US Consumer Privacy Notice, which will be sent with your customary account disclosures?<br /><br class=\"&#34;&#34;\" /><br /><b>Electronic Consumer Information Consent</b><br />To receive the Consumer Information electronically, scroll to read the complete disclosure and then select I consent on this page.<br /><br class=\"&#34;&#34;\" /><br />As part of your online loan application, the bank is required by law to provide you with certain Consumer Information. You have the right to receive the Consumer Information on paper. With your consent, we may provide the Consumer Information to you electronically instead. If you prefer to receive the Consumer Information on paper, you’ll need to visit any banking center to apply in person.<br /><br class=\"&#34;&#34;\" /><br />Your consent only applies to this loan application and the documents listed here. You aren&#39;t required to consent to receive information electronically to complete this application. If you’d like to withdraw your consent after consenting to receive information electronically, or if after receiving electronic documents you would like paper copies, you may do so in the Application Status Center or contact us at 1.888.266.1034 and we will provide you with paper copies at no charge. You can also update your contact information with us by calling that same telephone number. Consent withdrawal won’t apply to any actions already taken or initiated in reliance on your consent.<br /><br class=\"&#34;&#34;\" /><br />Type of electronic consumer information you may receive:</div><div>?     Credit Score Notice, if your application is approved.</div><div>?     Adverse Action Letter, if your application is declined.</div><div>?     Any other information related to your application.</div>','TEXT',NULL,'en-US','ACTIVE','1.0','2021-03-25 00:00:00'),('TCC3450016','TCA2312346','<p><strong>INFINITY AGREEMENTS AND DISCLOSURES</strong></p><ol><li>Please ensure that you have verified the card number and card expiry date before locking the card.</li><li>You can&rsquo;t make any transactions using a locked card.</li><li>Scheduled transactions for upcoming dates will not be executed until you unlock the card.</li><li>You will still receive a bill for your existing balance.</li><li>Locked or suspended cards will appear in disabled state.</li></ol><p>&nbsp;</p><p>By clicking on the \"<strong>Accept&nbsp;</strong>\" button you are acknowledging that you have read and agree to the terms and conditions of this Agreement and would like to proceed with the request for lock / unlock card.</p><p><br /> (If you do not agree, choose to cancel below.)</p><p><br /> If you click \"<strong>cancel&nbsp;</strong>\" you can still do it at a later point of time by completing an application in one of our offices or by mailing us the application for locking or Unlocking the card. You will still be required to accept the Terms of this Agreement.</p><p>&nbsp;</p><p><strong>How to Contact Us</strong><br /> <br /> You can</p><ul><li>Write to us at Infinity, 9225 Bee Cave Road, Building A, Suite 300, Austin, Texas 78733 USA.</li><li>Telephone us at 1-512-792-2900. Telephone assistance is available from 6:00 a.m. to 6:00 p.m. (Pacific Time) Monday through Thursday and 6:00 a.m. to 7:00 p.m. (Pacific Time) on Friday.</li><li>Visit any Bank Office.</li></ul><p><strong>&nbsp;</strong></p>','TEXT',NULL,'en-US','ACTIVE','1.0','2021-03-25 00:00:00'),('TCC3450017','TCA2312347','PULL CREDIT REPORT<br /><b>You authorize Infinity Bank to: </b><div><ol><li>Pull a credit report on you and co-applicant (if any) in order to make a credit decision.<br /></li><li>Use the information on this application and any other information we or our affiliates have about you to determine your ability to pay, as required by federal law.<br /></li><li>Verify, at our option and for your benefit, your application information.<br /></li><li>Contact you or receive a detailed message or messages at the telephone, email or direct mail contact data you provided above for purposes of fulfilling this inquiry about automobile loan financing even if you have previously registered on a Do No Call registry or requested XYZ Bank not to send marketing information to you by email and/or direct mail.<br /></li></ol><div><br /></div></div>VALIDATE CONTACT INFORMATION<div><b>By giving us your phone number and submitting this application, you acknowledge that,</b><br /><ol><li>You&#39;ve reviewed any special disclosure that applies in your state: ME, CA, NY, RI, OH, VT and WI residents.</li><li> All information you&#39;ve submitted is true and correct and is given to obtain credit from us.</li><li>Co-applicant (if any) has authorized you to submit this application on his or her behalf.</li><li>You and co-applicant (if any) are of legal contracting age.</li><li> Credit approval, Annual Percentage Rate (APR), and credit terms are based on our review of each applicant’s application information and credit report.</li><li>You understand we collect your individual income information to determine your individual ability to pay. Examples may include income earned from your employment (salary, overtime, bonus), retirement/pension benefits, and rental properties. Student loans are not acceptable sources of income. Alimony, child support, or separate maintenance income need not be revealed if you don&#39;t wish it to be considered as a basis for repayment.</li></ol><b>And you agree that Infinity Bank, N.A. may,</b><br />Use automatic telephone dialing systems and prerecorded voice messages in connection with calls or texts made to any telephone number you provide even if the telephone number is assigned to a cellular/mobile telephone service or other service for which the called party is charged according to their normal text messaging rates.<br /><br class=\"&#34;&#34;\" /><br /><b>Privacy</b><br />All financial institutions are required by federal law to obtain, verify, and record information that identifies each customer before opening an account with us. When you open an account with us, we will ask you for your name, address and other information that will allow us to identify you, such as Social Security number and date of birth. In addition, if the account application is approved, do we have your permission to open your account prior to sending you a copy of our Infinity Bank US Consumer Privacy Notice, which will be sent with your customary account disclosures?<br /><br class=\"&#34;&#34;\" /><br /><b>Electronic Consumer Information Consent</b><br />To receive the Consumer Information electronically, scroll to read the complete disclosure and then select I consent on this page.<br /><br class=\"&#34;&#34;\" /><br />As part of your online loan application, the bank is required by law to provide you with certain Consumer Information. You have the right to receive the Consumer Information on paper. With your consent, we may provide the Consumer Information to you electronically instead. If you prefer to receive the Consumer Information on paper, you’ll need to visit any banking center to apply in person.<br /><br class=\"&#34;&#34;\" /><br />Your consent only applies to this loan application and the documents listed here. You aren&#39;t required to consent to receive information electronically to complete this application. If you’d like to withdraw your consent after consenting to receive information electronically, or if after receiving electronic documents you would like paper copies, you may do so in the Application Status Center or contact us at 1.888.266.1034 and we will provide you with paper copies at no charge. You can also update your contact information with us by calling that same telephone number. Consent withdrawal won’t apply to any actions already taken or initiated in reliance on your consent.<br /><br class=\"&#34;&#34;\" /><br />Type of electronic consumer information you may receive:</div><div>?     Credit Score Notice, if your application is approved.</div><div>?     Adverse Action Letter, if your application is declined.</div><div>?     Any other information related to your application.</div>','TEXT',NULL,'en-US','ACTIVE','1.0','2021-03-25 00:00:00'),('TCC3450018','TCA2312348','PULL CREDIT REPORT<br /><b>You authorize Infinity Bank to: </b><div><ol><li>Pull a credit report on you and co-applicant (if any) in order to make a credit decision.<br /></li><li>Use the information on this application and any other information we or our affiliates have about you to determine your ability to pay, as required by federal law.<br /></li><li>Verify, at our option and for your benefit, your application information.<br /></li><li>Contact you or receive a detailed message or messages at the telephone, email or direct mail contact data you provided above for purposes of fulfilling this inquiry about automobile loan financing even if you have previously registered on a Do No Call registry or requested XYZ Bank not to send marketing information to you by email and/or direct mail.<br /></li></ol><div><br /></div></div>VALIDATE CONTACT INFORMATION<div><b>By giving us your phone number and submitting this application, you acknowledge that,</b><br /><ol><li>You&#39;ve reviewed any special disclosure that applies in your state: ME, CA, NY, RI, OH, VT and WI residents.</li><li> All information you&#39;ve submitted is true and correct and is given to obtain credit from us.</li><li>Co-applicant (if any) has authorized you to submit this application on his or her behalf.</li><li>You and co-applicant (if any) are of legal contracting age.</li><li> Credit approval, Annual Percentage Rate (APR), and credit terms are based on our review of each applicant’s application information and credit report.</li><li>You understand we collect your individual income information to determine your individual ability to pay. Examples may include income earned from your employment (salary, overtime, bonus), retirement/pension benefits, and rental properties. Student loans are not acceptable sources of income. Alimony, child support, or separate maintenance income need not be revealed if you don&#39;t wish it to be considered as a basis for repayment.</li></ol><b>And you agree that Infinity Bank, N.A. may,</b><br />Use automatic telephone dialing systems and prerecorded voice messages in connection with calls or texts made to any telephone number you provide even if the telephone number is assigned to a cellular/mobile telephone service or other service for which the called party is charged according to their normal text messaging rates.<br /><br class=\"&#34;&#34;\" /><br /><b>Privacy</b><br />All financial institutions are required by federal law to obtain, verify, and record information that identifies each customer before opening an account with us. When you open an account with us, we will ask you for your name, address and other information that will allow us to identify you, such as Social Security number and date of birth. In addition, if the account application is approved, do we have your permission to open your account prior to sending you a copy of our Infinity Bank US Consumer Privacy Notice, which will be sent with your customary account disclosures?<br /><br class=\"&#34;&#34;\" /><br /><b>Electronic Consumer Information Consent</b><br />To receive the Consumer Information electronically, scroll to read the complete disclosure and then select I consent on this page.<br /><br class=\"&#34;&#34;\" /><br />As part of your online loan application, the bank is required by law to provide you with certain Consumer Information. You have the right to receive the Consumer Information on paper. With your consent, we may provide the Consumer Information to you electronically instead. If you prefer to receive the Consumer Information on paper, you’ll need to visit any banking center to apply in person.<br /><br class=\"&#34;&#34;\" /><br />Your consent only applies to this loan application and the documents listed here. You aren&#39;t required to consent to receive information electronically to complete this application. If you’d like to withdraw your consent after consenting to receive information electronically, or if after receiving electronic documents you would like paper copies, you may do so in the Application Status Center or contact us at 1.888.266.1034 and we will provide you with paper copies at no charge. You can also update your contact information with us by calling that same telephone number. Consent withdrawal won’t apply to any actions already taken or initiated in reliance on your consent.<br /><br class=\"&#34;&#34;\" /><br />Type of electronic consumer information you may receive:</div><div>?     Credit Score Notice, if your application is approved.</div><div>?     Adverse Action Letter, if your application is declined.</div><div>?     Any other information related to your application.</div>','TEXT',NULL,'en-US','ACTIVE','1.0','2021-03-25 00:00:00'),('TCC3450020','TCA2312350','PULL CREDIT REPORT<br /><b>You authorize Infinity Bank to: </b><div><ol><li>Pull a credit report on you and co-applicant (if any) in order to make a credit decision.<br /></li><li>Use the information on this application and any other information we or our affiliates have about you to determine your ability to pay, as required by federal law.<br /></li><li>Verify, at our option and for your benefit, your application information.<br /></li><li>Contact you or receive a detailed message or messages at the telephone, email or direct mail contact data you provided above for purposes of fulfilling this inquiry about automobile loan financing even if you have previously registered on a Do No Call registry or requested XYZ Bank not to send marketing information to you by email and/or direct mail.<br /></li></ol><div><br /></div></div>VALIDATE CONTACT INFORMATION<div><b>By giving us your phone number and submitting this application, you acknowledge that,</b><br /><ol><li>You&#39;ve reviewed any special disclosure that applies in your state: ME, CA, NY, RI, OH, VT and WI residents.</li><li> All information you&#39;ve submitted is true and correct and is given to obtain credit from us.</li><li>Co-applicant (if any) has authorized you to submit this application on his or her behalf.</li><li>You and co-applicant (if any) are of legal contracting age.</li><li> Credit approval, Annual Percentage Rate (APR), and credit terms are based on our review of each applicant’s application information and credit report.</li><li>You understand we collect your individual income information to determine your individual ability to pay. Examples may include income earned from your employment (salary, overtime, bonus), retirement/pension benefits, and rental properties. Student loans are not acceptable sources of income. Alimony, child support, or separate maintenance income need not be revealed if you don&#39;t wish it to be considered as a basis for repayment.</li></ol><b>And you agree that Infinity Bank, N.A. may,</b><br />Use automatic telephone dialing systems and prerecorded voice messages in connection with calls or texts made to any telephone number you provide even if the telephone number is assigned to a cellular/mobile telephone service or other service for which the called party is charged according to their normal text messaging rates.<br /><br class=\"&#34;&#34;\" /><br /><b>Privacy</b><br />All financial institutions are required by federal law to obtain, verify, and record information that identifies each customer before opening an account with us. When you open an account with us, we will ask you for your name, address and other information that will allow us to identify you, such as Social Security number and date of birth. In addition, if the account application is approved, do we have your permission to open your account prior to sending you a copy of our Infinity Bank US Consumer Privacy Notice, which will be sent with your customary account disclosures?<br /><br class=\"&#34;&#34;\" /><br /><b>Electronic Consumer Information Consent</b><br />To receive the Consumer Information electronically, scroll to read the complete disclosure and then select I consent on this page.<br /><br class=\"&#34;&#34;\" /><br />As part of your online loan application, the bank is required by law to provide you with certain Consumer Information. You have the right to receive the Consumer Information on paper. With your consent, we may provide the Consumer Information to you electronically instead. If you prefer to receive the Consumer Information on paper, you’ll need to visit any banking center to apply in person.<br /><br class=\"&#34;&#34;\" /><br />Your consent only applies to this loan application and the documents listed here. You aren&#39;t required to consent to receive information electronically to complete this application. If you’d like to withdraw your consent after consenting to receive information electronically, or if after receiving electronic documents you would like paper copies, you may do so in the Application Status Center or contact us at 1.888.266.1034 and we will provide you with paper copies at no charge. You can also update your contact information with us by calling that same telephone number. Consent withdrawal won’t apply to any actions already taken or initiated in reliance on your consent.<br /><br class=\"&#34;&#34;\" /><br />Type of electronic consumer information you may receive:</div><div>?     Credit Score Notice, if your application is approved.</div><div>?     Adverse Action Letter, if your application is declined.</div><div>?     Any other information related to your application.</div>','TEXT',NULL,'en-US','ACTIVE','1.0','2021-03-25 00:00:00'),('TCC3450021','TCA2312351','PULL CREDIT REPORT<br /><b>You authorize Infinity Bank to: </b><div><ol><li>Pull a credit report on you and co-applicant (if any) in order to make a credit decision.<br /></li><li>Use the information on this application and any other information we or our affiliates have about you to determine your ability to pay, as required by federal law.<br /></li><li>Verify, at our option and for your benefit, your application information.<br /></li><li>Contact you or receive a detailed message or messages at the telephone, email or direct mail contact data you provided above for purposes of fulfilling this inquiry about automobile loan financing even if you have previously registered on a Do No Call registry or requested XYZ Bank not to send marketing information to you by email and/or direct mail.<br /></li></ol><div><br /></div></div>VALIDATE CONTACT INFORMATION<div><b>By giving us your phone number and submitting this application, you acknowledge that,</b><br /><ol><li>You&#39;ve reviewed any special disclosure that applies in your state: ME, CA, NY, RI, OH, VT and WI residents.</li><li> All information you&#39;ve submitted is true and correct and is given to obtain credit from us.</li><li>Co-applicant (if any) has authorized you to submit this application on his or her behalf.</li><li>You and co-applicant (if any) are of legal contracting age.</li><li> Credit approval, Annual Percentage Rate (APR), and credit terms are based on our review of each applicant’s application information and credit report.</li><li>You understand we collect your individual income information to determine your individual ability to pay. Examples may include income earned from your employment (salary, overtime, bonus), retirement/pension benefits, and rental properties. Student loans are not acceptable sources of income. Alimony, child support, or separate maintenance income need not be revealed if you don&#39;t wish it to be considered as a basis for repayment.</li></ol><b>And you agree that Infinity Bank, N.A. may,</b><br />Use automatic telephone dialing systems and prerecorded voice messages in connection with calls or texts made to any telephone number you provide even if the telephone number is assigned to a cellular/mobile telephone service or other service for which the called party is charged according to their normal text messaging rates.<br /><br class=\"&#34;&#34;\" /><br /><b>Privacy</b><br />All financial institutions are required by federal law to obtain, verify, and record information that identifies each customer before opening an account with us. When you open an account with us, we will ask you for your name, address and other information that will allow us to identify you, such as Social Security number and date of birth. In addition, if the account application is approved, do we have your permission to open your account prior to sending you a copy of our Infinity Bank US Consumer Privacy Notice, which will be sent with your customary account disclosures?<br /><br class=\"&#34;&#34;\" /><br /><b>Electronic Consumer Information Consent</b><br />To receive the Consumer Information electronically, scroll to read the complete disclosure and then select I consent on this page.<br /><br class=\"&#34;&#34;\" /><br />As part of your online loan application, the bank is required by law to provide you with certain Consumer Information. You have the right to receive the Consumer Information on paper. With your consent, we may provide the Consumer Information to you electronically instead. If you prefer to receive the Consumer Information on paper, you’ll need to visit any banking center to apply in person.<br /><br class=\"&#34;&#34;\" /><br />Your consent only applies to this loan application and the documents listed here. You aren&#39;t required to consent to receive information electronically to complete this application. If you’d like to withdraw your consent after consenting to receive information electronically, or if after receiving electronic documents you would like paper copies, you may do so in the Application Status Center or contact us at 1.888.266.1034 and we will provide you with paper copies at no charge. You can also update your contact information with us by calling that same telephone number. Consent withdrawal won’t apply to any actions already taken or initiated in reliance on your consent.<br /><br class=\"&#34;&#34;\" /><br />Type of electronic consumer information you may receive:</div><div>?     Credit Score Notice, if your application is approved.</div><div>?     Adverse Action Letter, if your application is declined.</div><div>?     Any other information related to your application.</div>','TEXT',NULL,'en-US','ACTIVE','1.0','2021-03-25 00:00:00'),('TCC3450022','TCA2312352','<b class=\"\">Service<o :P class=\"\"></o:p></b>&nbsp;<div>&nbsp;\n<br>Bank provides automated clearing\nhouse (“ACH”) origination services that will enable Customer to do one or more\nof the following: originate ACH Debit Entries; originate ACH Credit Entries;\nand instruct the Bank to issue or transmit prenotifications, reversals,\nrequests for return, notifications of change or other information pertaining to\nthe Entries.&nbsp;</div><div><o :P class=\"\"></o:p>\n\n<br>Origination of ACH Credit Entries\nand origination of ACH Debit Entries are two separate services and approval or\nset up for one ACH service does not automatically create the ability to utilize\nthe other. The Rules and these Service Terms shall apply to all Entries,\nwhether or not transmitted through an ACH Operator. It is Customer’s\nresponsibility to provide Entries and instructions to Bank with all the necessary\ninformation to complete Customer’s requested transactions.&nbsp;</div><div><o :P class=\"\"></o:p>\n\n<br>Customer agrees to transmit\nEntries to Bank in the manner, at the times and in accordance with approved\nmedia, content and format as agreed by Bank and Customer. Bank may reject or\ndelay processing transactions or information if instructions are not complete\nor are inaccurate, contain an inactive Company ID or otherwise do not meet the\ncriteria Bank specifies for acceptance.&nbsp;</div><div><o :P class=\"\"></o:p>\n\n<br>All requests to Bank must be\nreceived by Bank before Bank’s established cut-off time in order for processing\nto commence on that ACH processing day. Any request that is incomplete or that\nBank finishes receiving after the relevant cut-off time will be processed by\nBank on the next day Bank processes ACH transactions. All transactions are\nsubject to acceptance by Bank. Bank will notify Customer of any transactions or\nother transmissions that are rejected or returned. If Customer wants Bank to\nre-process those transactions or transmissions, Customer must correct them and\nre-submit them.&nbsp;</div><div><o :P class=\"\"></o:p>\n\n<br>Customer agrees to furnish Bank\nwith copies of any authorizations or notifications, if requested, as well as\nany other information reasonably requested by Bank relating to Entries\noriginated by the Customer. Customer shall provide Bank’s auditors and other\npersonnel with reasonable access at all reasonable times to the Customer’s\nfacilities, data and records relating to the initiation of Entries for the\npurpose of auditing Customer’s compliance with these Service Terms and the\nRules.&nbsp;</div><div><o :P class=\"\"></o:p>\n\n<br><b class=\"\">Security and Data Protection Procedures.&nbsp;</b></div><div><b class=\"\"><o :P class=\"\"></o:p></b>\n\n<b><br></b>All instructions received by Bank\nin Customer’s name are subject to verification pursuant to mutually agreed\nsecurity procedures. If Bank follows those procedures, Bank may process and\ntransmit transactions or information in Customer’s name.&nbsp;<o :P class=\"\"></o:p></div>','TEXT','T&C for ACH Payments and Collections','en-US','ACTIVE','1.0','2021-03-25 00:00:00'),('TCC3450023','TCA2312353','<b class=\"\">Consent for Access to Account Information</b><br /><br />In order to offer this service, Temenos needs your approval to access through its trusted partner Salt Edge Inc. the following information from the accounts you hold :<ul class=\"\"><li class=\"\">Your Account Details<br class=\"\" />(account name, number and sort code, card number, balances, etc.)</li><li class=\"\">Your Account Transactions<br class=\"\" />(incoming and outgoing transactions details from 90 days, statement details, etc.)</li><li class=\"\">All or some of your accounts will be accessed according to your banks terms and conditions<br class=\"\" />(please contact them for full details)</li></ul><br class=\"\" />The above information may be updated several times a day when you are offline. The Consent to Access that you&#39;re giving will be valid until deletion of the access connection.<br class=\"\" />By clicking Confirm, you are consenting toTemenos Inc. to make this request to your financial institution to access the above information. Please read Temenos Inc. <a href=\"https://www.saltedge.com/pages/end_user_license_terms\" title=\"https://www.saltedge.com/pages/end_user_license_terms\" class=\"\" rel=\"nofollow\">End User License Agreement</a> and our <a href=\"https://www.saltedge.com/pages/privacy_policy\" title=\"https://www.saltedge.com/pages/privacy_policy\" class=\"\" rel=\"nofollow\">Privacy Policy</a> for details.','TEXT','Consent for Access to Account Information','en-US','ACTIVE','1.0','2021-03-25 00:00:00'),('TCC3450024','TCA2312354','<b class=\"\">Consent for Access to Account Information</b><br /><br />In order to offer this service, Temenos needs your approval to access through its trusted partner Salt Edge Inc. the following information from the account you hold :<ul class=\"\"><li class=\"\">Your Account Details<br class=\"\" />(account name, number and sort code, card number, balances, etc.)</li><li class=\"\">Your Account Transactions<br class=\"\" />(incoming and outgoing transactions details from 90 days, statement details, etc.)</li></ul><br class=\"\" />The above information may be updated several times a day when you are offline. The Consent to Access that you&#39;re giving will be valid until deletion of the access connection.<br class=\"\" />By clicking Confirm, you are consenting toTemenos Inc. to make this request to your financial institution to access the above information. Please read Temenos Inc. <a href=\"https://www.saltedge.com/pages/end_user_license_terms\" title=\"https://www.saltedge.com/pages/end_user_license_terms\" class=\"\" rel=\"nofollow\">End User License Agreement</a> and our <a href=\"https://www.saltedge.com/pages/privacy_policy\" title=\"https://www.saltedge.com/pages/privacy_policy\" class=\"\" rel=\"nofollow\">Privacy Policy</a> for details.','TEXT','Consent for Access to Account Information','en-US','ACTIVE','1.0','2021-03-25 00:00:00'),('TCC3450025','TCA2312355','<p>This Online Banking Agreement (the &quot;Agreement&quot;) covers the terms and conditions of the online cash management services (collectively the &quot;Services,&quot; individually a &quot;Service&quot;) that Infinity Bank is providing to you. Some of the capitalized terms used in this Agreement are defined in the Glossary that is found later in this Agreement. The words &quot;we,&quot; &quot;our,&quot; &quot;us&quot; and the &quot;Bank&quot; refer to Infinity Bank. When we use the term &quot;you&quot; or &quot;your&quot; we are referring to each of the entities which you have identified to us when you subscribed for the Services. Your use of the Services with any device, including but not limited to cell phones, tablets, computers, or related devices, is covered by the terms and conditions in this Agreement.&nbsp;</p><p>&nbsp;By enrolling in Business Online Banking, you acknowledge and agree to the following:&nbsp;</p><p>&bull;<span style=\"white-space:pre;\">&nbsp; &nbsp;&nbsp;</span>Receiving Electronic Banking Disclosures You agree to receive this Agreement electronically. You also agree to receive all updates to this Agreement and disclosures, notices and other communications regarding the Services electronically. If you change your e-mail address, please sign on to Services and update your e-mail so that we can alert you to any such updates. You can request free paper copies of any of these documents by calling or by using our Contact Us form.&nbsp;</p><p>&bull;<span style=\"white-space:pre;\">&nbsp; &nbsp;&nbsp;</span>System Requirements For you to use the Services, you must have a computer with access to the Internet that meets the system requirements. You are responsible for the purchase, installation, maintenance, upgrades, security of the software, security of the hardware, and any passwords. You agree to use a reputable anti-virus and anti-spyware software program on your computer and update such software on a regular basis. We are not responsible for any errors or issues that arise from the malfunction or failure of either the hardware or the software. To print this Agreement and/or your account information you must have access to a printer.&nbsp;</p><p>o<span style=\"white-space:pre;\">&nbsp; &nbsp;&nbsp;</span>You represent that the computer and Internet browser you intend to use meet our minimum requirements. You will need to use a browser with a minimum 800x600 screen resolution for optimal results. The Services may not produce desired results using other browser versions.&nbsp;</p><p>o<span style=\"white-space:pre;\">&nbsp; &nbsp;&nbsp;</span>Your consent to the Services is valid for as long as you remain a subscriber to the Services.&nbsp;</p><p>o<span style=\"white-space:pre;\">&nbsp; &nbsp;&nbsp;</span>You agree that we may deliver our privacy notices and opt-out notices to you by making them available on our web site.&nbsp;</p><p>o<span style=\"white-space:pre;\">&nbsp; &nbsp;&nbsp;</span>You have the right to withdraw from this service at any time. To withdraw from the Services and any associated terms you must contact us.</p><p>o<span style=\"white-space:pre;\">&nbsp; &nbsp;&nbsp;</span>You assume responsibility for keeping your contact information up to date. If you change any of this information, you must update it on the Services or contact us.&nbsp;</p><p>o<span style=\"white-space:pre;\">&nbsp; &nbsp;&nbsp;</span>Notifications and other correspondence will be sent to your e-mail address on record. You assume responsibility for providing a valid e-mail address and retrieving messages from your e-mail account.&nbsp;</p><p>o<span style=\"white-space:pre;\">&nbsp; &nbsp;&nbsp;</span>We will keep you informed of any hardware or software changes that may affect how we store or use your personal information. In addition, we will notify you, via e-mail, of any changes that affect our privacy policy or security policies. You have the right to terminate the Services at any time if you do not agree with any stated policies or procedures.&nbsp;</p><p>&bull;<span style=\"white-space:pre;\">&nbsp; &nbsp;&nbsp;</span\r\n>eStatement You may enroll in our Electronic Bank Statement Delivery Service by agreeing to receive eStatements (statements via email) at the time you enroll in the Services. Alternatively, you may apply either in person or online by consenting to the Electronic Bank Statement Delivery Service Consent and Agreement. By signing up to receive eStatements, you agree to be bound by the terms and conditions of our Electronic Bank Statement Delivery Service Consent and Agreement, as provided in Schedule A of this Agreement.&nbsp;</p><p>&nbsp;</p><p>INTRODUCTION&nbsp;</p><p>This Agreement covers the terms and conditions of the Services that we are providing to you. These terms and conditions are intended to supplement and not to replace other agreements between you and us relating to your Accounts, including, without limitation, our Deposit Account Rules and Funds Availability Policies. In the event of inconsistency or conflict between this Agreement and any other agreement, schedule or disclosure related to your Accounts, the other agreement, schedule or disclosure shall govern.&nbsp;</p><p>&nbsp;The Services are summarized below and are more fully described in the product descriptions you have previously received or have received with this Agreement. When we refer to &quot;this Agreement&quot; we are also referring to the product descriptions we have provided to you, as we may modify the same from time to time.&nbsp;</p><p>&nbsp;If you have any questions about the Services we offer, or about this Agreement, please contact your account representative.&nbsp;</p><p>&nbsp;By consenting to this Agreement, you agree to the terms and conditions contained in this Agreement. If you want to use a particular Service and we approve your request to use the Service, you and we will jointly complete the forms we prescribe to initiate the Service. When we have done so and we have received any other necessary forms and any testing is completed, you may begin using the Service. The terms and conditions in this Agreement will govern your use of the Service. We may change the terms, conditions and/or procedures that govern the Services or add new terms, conditions and/or procedures by giving you written notice thereof. Your use of the Services after you receive the change notice will constitute your acceptance of and agreement to the changes.&nbsp;</p><p>We may discontinue providing you with any or all the Services at any time and for any reason. We will notify you if we elect to discontinue your access to a Service. Similarly, you are not obligated to use the Services, and may cancel any or all the Services at any time and for any reason by notifying us of your decision.&nbsp;</p><p>We will charge such monthly, transaction and other fees for the right to use the various Services as may apply from time to time. Our fees and charges may be changed by us at any time. We will inform you of the fees and charges that apply to the Services you use upon request.&nbsp;</p><p>&nbsp;</p><p>CASH MANAGEMENT SERVICES&nbsp;</p><p>We offer certain Services, generally involving either the transfer or disbursement of funds from your Account(s) or reporting of activity in your Account(s). Disbursement services would include automated clearinghouse services and wire transfer services.&nbsp;</p><p>We may provide you with access to the Services in a variety of ways, including over the Internet, by telephone or fax or through the mail. Generally, access will only be available through the use of Codes. In those cases, you will be responsible for managing access to the Codes and their use. Your subscription to one or more Services is only for your use in your business. Unless specifically agreed to by us, you may not use the Services for personal, family or household purposes. You may not give anyone else access to the Services or resell the Services.&nbsp;</p><p>You are responsible for selecting the method by which you access the Services. We will not provide Internet access, or any recommendation for Internet access or related services. You are responsible for \r\nany defect, malfunction or interruption in service or security due to your Internet communications software or any service provider you choose to use. The computer and Internet browser you intend to use must meet our minimum requirements.&nbsp;</p><p>&nbsp;</p><p>GENERAL TERMS AND CONDITIONS ACCOUNT INFORMATION DISCLOSURE&nbsp;</p><p>We will disclose information to third parties about your account or the transfers you make, as permitted by law, including, without limitation: where it is necessary for completing or tracing transfers or resolving errors or claims; in order to verify the existence and condition of your Account for a third party, such as a credit bureau or other financial institution; in order to comply with court orders or other legal process; to comply with subpoenas, summonses, search warrants or requests from government agencies; to other companies affiliated with us; to others with your consent; whenever required by law; and to companies that perform marketing services on our behalf or to other financial institutions with whom we have joint marketing agreements.&nbsp;</p><p>&nbsp;</p><p>APPOINTMENT AS AGENTS&nbsp;</p><p>By subscribing to the Services, you authorize us to take any and all actions necessary to provide the Services, including making transfers to and from Accounts. You further authorize us, and appoint us and our officers and employees as your agents, to give such instructions to others, accept instructions from others, and to affect all transactions as necessary to provide the Services.&nbsp;</p><p><br></p><p>BALANCING AND CONTROLS&nbsp;</p><p>On a daily basis, you must review all input and output, controls, reports, and documentation, to ensure the accuracy of data we process. On a daily basis you must also check your transfer list to verify that all file maintenance entries and all transactions were correctly entered. You are responsible for initiating timely remedial action to correct any improperly processed data which these reviews would disclose.&nbsp;</p><p><br></p><p>ELECTRONIC MAIL&nbsp;</p><p>If you send us an electronic mail message, we will be deemed to have received it on the following Business Day. We will have a reasonable time to act on your e-mail. You should not rely on electronic mail if you need to communicate with us immediately (e.g., if you need to report an unauthorized transaction from one of your accounts, or if you need to stop a payment that is scheduled to occur). You agree that we may respond to you by electronic mail regarding any matter related to the Services, including responding to any claim of unauthorized electronic funds transfer that you make. Any such electronic mail sent to you by us shall be considered received within three (3) days of the date sent by us, regardless of whether or not you sign on to the Services within that time frame.&nbsp;</p><p><br></p><p>FINANCIAL INFORMATION&nbsp;</p><p>You are required to provide us with such financial and other information as we may request from time to time.&nbsp;</p><p><br></p><p>FORCE MAJEURE&nbsp;</p><p>We are not responsible if our performance of any Service is delayed or prevented by causes not within our reasonable control, such as, for example, equipment failure; interruptions in or unavailability of communications resources; acts or omissions of third parties; natural disasters; labor disputes; acts of government authorities; or, without limiting the foregoing, any other cause we are unable to prevent using reasonable means, whether of the class of causes listed here or not.&nbsp;</p><p><br></p><p>LEGAL COMPLIANCE&nbsp;</p><p>You are responsible for meeting all regulatory requirements applicable to your business. You specifically acknowledge that you will not originate any transaction that does not comply with the laws of the United States. This prohibition includes, but is not limited to, the OFAC laws and regulations. You are responsible for determining that any forms which are used with your customers, and all records you retain, comply with all applicable laws. If you need information \r\nfrom us in order to comply, we will use reasonable efforts to provide the information promptly upon your request.&nbsp;</p><p>The records maintained and produced in connection with the Services will be available for examination and audit by government agencies having jurisdiction over your business, who will have the right to ask for and to receive directly from us any reports, summaries, or information contained in or derived from data in our possession related to you. We will notify you as soon as possible of any request by a government agency to examine your records, if we are permitted to make such a disclosure to you. You agree that we are authorized to provide all information when requested by a government agency.&nbsp;</p><p><br></p>','TEXT',NULL,'en-US','ACTIVE','1.0','2021-03-25 00:00:00'),('TCC3450026','TCA2312356','Online Banking Access T&C content','TEXT',NULL,'en-US','ACTIVE','1.0','2021-03-25 00:00:00'),('TCC3450027','TCA2312357','https://docs.kony.com/infinity/Sample_Consent_Agreement.pdf','TEXT','eSign agreement at Existing Member check page','en-US','ACTIVE','1.0','2021-03-25 00:00:00'),('TCC3450028','TCA2312358','By providing your address in this application, you agree to and are bound by Google’s Terms of Service and the Google Privacy Policy. Additionally, you are bound by our privacy policy and any and all data retention requirements imposed by law.','TEXT','Google Maps disclosure at Address and ID page','en-US','ACTIVE','1.0','2021-03-25 00:00:00'),('TCC3450029','TCA2312359','You can choose to fund your account either using same bank account or an account from a different bank. You will have to provide authenticated account information once your account is created in our record, thus we will use to fund your account.','TEXT','Funding dislaimer - Payment Type & Funding OTP pages','en-US','ACTIVE','1.0','2021-03-25 00:00:00'),('TCC3450030','TCA2312360','• Not all accounts are eligible for funds transfer.\n• Funds transfer completed through Infinity online banking before the cut-off time on a business day will be posted to your eligible account the same day. Credit card, line of credit loan and mortgage transactions may take up to 3 business days to process, but will be posted on the business date when the transaction was made.','TEXT','Funding dislaimer - Existing & Manual Account Details pages','en-US','ACTIVE','1.0','2021-03-25 00:00:00'),('TCC3450031','TCA2312361','Auto approval of the application does not guarantee the creation of an account. When account gets created, we will send an acknowledgement mail to you.','TEXT','Funding dislaimer - Acknowledgement page','en-US','ACTIVE','1.0','2021-03-25 00:00:00'),('TCC3450032','TCA2312362','The scan your ID document retrieves information used only on the context of this application. The bank stores the scanned document as a proof of identity and in accordance to local regulations.','TEXT','ID Scan disclaimer','en-US','ACTIVE','1.0','2021-03-25 00:00:00'),('TCC3450033','TCA2312363','Investing involves risks, and there is always the potential of losing money when you invest in securities. You should review any planned financial transactions that may have tax or legal implications with your personal tax or legal advisor.','TEXT','Product Dasboard disclaimer','en-US','ACTIVE','1.0','2021-03-25 00:00:00'),('TCC3450034','TCA2312358','Al proporcionar su dirección en esta aplicación, acepta y se compromete a cumplir los términos del servicio de Google y la Política de privacidad de Google. Además, usted está obligado por nuestra política de privacidad y cualquier y todos los requisitos de retención de datos impuestas por la ley.','TEXT','Google Maps disclosure at Address and ID page','es-ES','ACTIVE','1.0','2021-03-25 00:00:00'),('TCC3450035','TCA2312358','En fournissant votre adresse dans cette application, vous acceptez et êtes lié par les conditions d’utilisation de Google et la politique de confidentialité de Google. De plus, vous êtes lié par notre politique de confidentialité et toutes les exigences de conservation des données imposées par la loi.','TEXT','Google Maps disclosure at Address and ID page','fr-FR','ACTIVE','1.0','2021-03-25 00:00:00'),('TCC3450036','TCA2312359','Puede optar por transferir fondos para su cuenta utilizando una cuenta con Banco Infinity o una cuenta de un banco distinto. Tendrá que autenticarse una vez que cree su cuenta en nuestro registro, por lo que usaremos para transferir fondos para su cuenta(s).','TEXT','Funding dislaimer - Payment Type & Funding OTP pages','es-ES','ACTIVE','1.0','2021-03-25 00:00:00'),('TCC3450037','TCA2312359','Vous pouvez choisir de financer votre compte en utilisant le même compte bancaire ou un compte d’une autre banque. Vous devrez fournir des informations de compte authentifiées une fois que votre compte est créé dans notre dossier, donc nous utiliserons pour financer votre compte.','TEXT','Funding dislaimer - Payment Type & Funding OTP pages','fr-FR','ACTIVE','1.0','2021-03-25 00:00:00'),('TCC3450038','TCA2312360','• No todas las cuentas son elegibles para la transferencia de fondos.\n• La transferencia de fondos completada a través de la banca en línea de Infinity antes de la hora límite en un día hábil se registrará en su cuenta elegible el mismo día. Las transacciones de tarjetas de crédito, préstamos de línea de crédito e hipotecas pueden tardar hasta 3 días hábiles en procesarse, pero se registrarán en la fecha de la empresa cuando se realizó la transacción.','TEXT','Funding dislaimer - Existing & Manual Account Details pages','es-ES','ACTIVE','1.0','2021-03-25 00:00:00'),('TCC3450039','TCA2312360','• Tous les comptes ne sont pas admissibles au transfert de fonds.\n• Transfert de fonds effectué par le biais des services bancaires en ligne Infinity avant que l’heure limite d’un jour ouvrable ne soit affichée sur votre compte admissible le même jour. Le traitement des transactions par carte de crédit, de marge de crédit et d’hypothèque peut prendre jusqu’à 3 jours ouvrables, mais il sera affiché à la date de l’opération.','TEXT','Funding dislaimer - Existing & Manual Account Details pages','fr-FR','ACTIVE','1.0','2021-03-25 00:00:00'),('TCC3450040','TCA2312361','La aprobación automática de la aplicación no garantiza la creación de la cuenta. Cuando se cree la cuenta, le enviaremos un correo de confirmación','TEXT','Funding dislaimer - Acknowledgement page','es-ES','ACTIVE','1.0','2021-03-25 00:00:00'),('TCC3450041','TCA2312361','L’approbation automatique de la demande ne garantit pas la création d’un compte. Lorsque le compte est créé, nous vous envoyons un courrier de remerciement','TEXT','Funding dislaimer - Acknowledgement page','fr-FR','ACTIVE','1.0','2021-03-25 00:00:00'),('TCC3450042','TCA2312364','To Help the government fight the funding of terrorism and money laundering activites, federal law requires all financial institutions to obtain, verify and record information that identifies each person who opens an account. In the same instances, we may use outside sources to confirm the information provided by you. The information you provide is protected by our privacy policy and federal law. What this means for you: by clicking continue, you authorize us to collect your name, address, date of birth, ID and other information that will allow us to identify you.','TEXT','OFAC disclaimer for Personal Info page','en-US','ACTIVE','1.0','2021-03-25 00:00:00'),('TCC3450043','TCA2312365','• It should be between 8-16 characters length.\n• It should be a combination of alphanumeric.\n• No special characters and spaces are allowed.\n• You can not choose your username as password.','TEXT','Resume - Update Temporary password','en-US','ACTIVE','1.0','2021-03-25 00:00:00'),('TCC3450044','TCA2312365','• Debe tener entre 8 y 16 caracteres de longitud.\n • Debe ser una combinación de caracteres alfanuméricos.\n• No se permiten caracteres especiales ni espacios.\n• No puede elegir su nombre de usuario como contraseña.','TEXT','Resume - Update Temporary password','es-ES','ACTIVE','1.0','2021-03-25 00:00:00');
/*!40000 ALTER TABLE `TermsNConditionContent` ENABLE KEYS */;
UNLOCK TABLES;

--
-- Table structure for table `ms_error`
--

DROP TABLE IF EXISTS `ms_error`;
/*!40101 SET @saved_cs_client     = @@character_set_client */;
/*!50503 SET character_set_client = utf8mb4 */;
CREATE TABLE `ms_error` (
  `errorEventId` varchar(255) NOT NULL,
  `dataEventId` varchar(255) DEFAULT NULL,
  `errorMessage` varchar(1024) DEFAULT NULL,
  `errorSourceTopic` varchar(255) DEFAULT NULL,
  `lastProcessedTime` datetime DEFAULT NULL,
  `payload` longblob,
  `status` varchar(255) DEFAULT NULL,
  PRIMARY KEY (`errorEventId`)
) ENGINE=InnoDB DEFAULT CHARSET=utf8mb4 COLLATE=utf8mb4_0900_ai_ci;
/*!40101 SET character_set_client = @saved_cs_client */;

--
-- Dumping data for table `ms_error`
--

LOCK TABLES `ms_error` WRITE;
/*!40000 ALTER TABLE `ms_error` DISABLE KEYS */;
/*!40000 ALTER TABLE `ms_error` ENABLE KEYS */;
UNLOCK TABLES;

--
-- Table structure for table `ms_inbox_events`
--

DROP TABLE IF EXISTS `ms_inbox_events`;
/*!40101 SET @saved_cs_client     = @@character_set_client */;
/*!50503 SET character_set_client = utf8mb4 */;
CREATE TABLE `ms_inbox_events` (
  `eventId` varchar(255) NOT NULL,
  `businessKey` varchar(255) DEFAULT NULL,
  `commandType` varchar(255) DEFAULT NULL,
  `creationTime` datetime DEFAULT NULL,
  `eventDetails` longtext,
  `eventSourceId` varchar(255) DEFAULT NULL,
  `eventType` varchar(255) DEFAULT NULL,
  `organizationId` varchar(255) DEFAULT NULL,
  `payload` longtext,
  `priority` int DEFAULT NULL,
  `processedTime` datetime DEFAULT NULL,
  `sequenceNo` bigint DEFAULT NULL,
  `status` varchar(255) DEFAULT NULL,
  `tenantId` varchar(255) DEFAULT NULL,
  `userId` varchar(255) DEFAULT NULL,
  PRIMARY KEY (`eventId`),
  KEY `inboxBusinessKeyIndex` (`businessKey`),
  KEY `inboxSequenceNoIndex` (`sequenceNo`)
) ENGINE=InnoDB DEFAULT CHARSET=utf8mb4 COLLATE=utf8mb4_0900_ai_ci;
/*!40101 SET character_set_client = @saved_cs_client */;

--
-- Dumping data for table `ms_inbox_events`
--

LOCK TABLES `ms_inbox_events` WRITE;
/*!40000 ALTER TABLE `ms_inbox_events` DISABLE KEYS */;
/*!40000 ALTER TABLE `ms_inbox_events` ENABLE KEYS */;
UNLOCK TABLES;

--
-- Table structure for table `ms_outbox_events`
--

DROP TABLE IF EXISTS `ms_outbox_events`;
/*!40101 SET @saved_cs_client     = @@character_set_client */;
/*!50503 SET character_set_client = utf8mb4 */;
CREATE TABLE `ms_outbox_events` (
  `eventId` varchar(255) NOT NULL,
  `businessKey` varchar(255) DEFAULT NULL,
  `correlationId` varchar(255) DEFAULT NULL,
  `creationTime` datetime DEFAULT NULL,
  `eventDetails` varchar(255) DEFAULT NULL,
  `eventType` varchar(255) DEFAULT NULL,
  `eventdate` datetime DEFAULT NULL,
  `organizationId` varchar(255) DEFAULT NULL,
  `payload` longtext,
  `priority` int DEFAULT NULL,
  `processedTime` datetime DEFAULT NULL,
  `sequenceNo` bigint DEFAULT NULL,
  `status` varchar(255) DEFAULT NULL,
  `tenantId` varchar(255) DEFAULT NULL,
  `userId` varchar(255) DEFAULT NULL,
  PRIMARY KEY (`eventId`),
  KEY `outboxBusinessKeyIndex` (`businessKey`),
  KEY `outboxSequenceNoIndex` (`sequenceNo`)
) ENGINE=InnoDB DEFAULT CHARSET=utf8mb4 COLLATE=utf8mb4_0900_ai_ci;
/*!40101 SET character_set_client = @saved_cs_client */;

--
-- Dumping data for table `ms_outbox_events`
--

LOCK TABLES `ms_outbox_events` WRITE;
/*!40000 ALTER TABLE `ms_outbox_events` DISABLE KEYS */;
/*!40000 ALTER TABLE `ms_outbox_events` ENABLE KEYS */;
UNLOCK TABLES;

--
-- Table structure for table `ms_reference_data`
--

DROP TABLE IF EXISTS `ms_reference_data`;
/*!40101 SET @saved_cs_client     = @@character_set_client */;
/*!50503 SET character_set_client = utf8mb4 */;
CREATE TABLE `ms_reference_data` (
  `type` varchar(255) NOT NULL,
  `value` varchar(255) NOT NULL,
  `description` varchar(255) DEFAULT NULL,
  `softDeleteFlag` int NOT NULL DEFAULT '0',
  PRIMARY KEY (`type`,`value`)
) ENGINE=InnoDB DEFAULT CHARSET=utf8mb4 COLLATE=utf8mb4_0900_ai_ci;
/*!40101 SET character_set_client = @saved_cs_client */;

--
-- Dumping data for table `ms_reference_data`
--

LOCK TABLES `ms_reference_data` WRITE;
/*!40000 ALTER TABLE `ms_reference_data` DISABLE KEYS */;
INSERT INTO `ms_reference_data` VALUES ('LANGUAGE','1','GB',0),('LANGUAGE','2','FR',0),('LANGUAGE','3','DE',0),('LANGUAGE','4','ES',0);
/*!40000 ALTER TABLE `ms_reference_data` ENABLE KEYS */;
UNLOCK TABLES;

--
-- Table structure for table `schema_history`
--

DROP TABLE IF EXISTS `schema_history`;
/*!40101 SET @saved_cs_client     = @@character_set_client */;
/*!50503 SET character_set_client = utf8mb4 */;
CREATE TABLE `schema_history` (
  `uniqueReference` varchar(255) NOT NULL,
  `createdOn` varchar(255) DEFAULT NULL,
  `results` varchar(255) DEFAULT NULL,
  `script` varchar(255) DEFAULT NULL,
  `status` varchar(255) DEFAULT NULL,
  `type` varchar(255) DEFAULT NULL,
  `version` varchar(255) DEFAULT NULL,
  PRIMARY KEY (`uniqueReference`)
) ENGINE=InnoDB DEFAULT CHARSET=utf8mb4 COLLATE=utf8mb4_0900_ai_ci;
/*!40101 SET character_set_client = @saved_cs_client */;

--
-- Dumping data for table `schema_history`
--

LOCK TABLES `schema_history` WRITE;
/*!40000 ALTER TABLE `schema_history` DISABLE KEYS */;
/*!40000 ALTER TABLE `schema_history` ENABLE KEYS */;
UNLOCK TABLES;

--
-- Dumping routines for database 'ms_consent'
--
/*!40103 SET TIME_ZONE=@OLD_TIME_ZONE */;

/*!40101 SET SQL_MODE=@OLD_SQL_MODE */;
/*!40014 SET FOREIGN_KEY_CHECKS=@OLD_FOREIGN_KEY_CHECKS */;
/*!40014 SET UNIQUE_CHECKS=@OLD_UNIQUE_CHECKS */;
/*!40101 SET CHARACTER_SET_CLIENT=@OLD_CHARACTER_SET_CLIENT */;
/*!40101 SET CHARACTER_SET_RESULTS=@OLD_CHARACTER_SET_RESULTS */;
/*!40101 SET COLLATION_CONNECTION=@OLD_COLLATION_CONNECTION */;
/*!40111 SET SQL_NOTES=@OLD_SQL_NOTES */;

-- Dump completed on 2022-11-21 15:41:50
