-- DDL KEYWORD: CREATE
CREATE TABLE BAKERY_ITEM(
	ID NUMBER(9) PRIMARY KEY,
	ITEM_TYPE VARCHAR2(25),
	PRICE NUMBER(6,2) NOT NULL,
	MUFFIN_FLAVOR VARCHAR2(25),
	BREAD_TYPE VARCHAR2(25),
	COFFEE_ROAST VARCHAR2(25),
	COFFEE_SIZE VARCHAR2(25)
)

-- DROP TABLE BAKERY_ITEM; -- DROPPED AND RECREATED TO INCLUDE NN CONSTRAINT

CREATE TABLE BAKERY_ORDER( -- ORDER WAS A RESERVED KEYWORD
	ID NUMBER(9) PRIMARY KEY,
	CUSTOMER VARCHAR2(50),
	PHONE VARCHAR2(15),
	HAS_PAID VARCHAR2(1) DEFAULT 'N',
	ORDER_STATUS VARCHAR2(15) DEFAULT 'PENDING'
)

CREATE TABLE BAKERY_ORDER_ITEM(
	ID NUMBER(9) PRIMARY KEY,
	ORDER_ID NUMBER(9) REFERENCES BAKERY_ORDER,
	ITEM_ID NUMBER(9) REFERENCES BAKERY_ITEM
)

INSERT INTO BAKERY_ITEM VALUES (1, 'MUFFIN', 3.25, 'BLUEBERRY', NULL, NULL, NULL);
INSERT INTO BAKERY_ITEM (ID, ITEM_TYPE, PRICE, MUFFIN_FLAVOR) VALUES (2, 'MUFFIN', 3.25, 'LEMON POPPYSEED');
INSERT INTO BAKERY_ITEM (ID, ITEM_TYPE, PRICE, MUFFIN_FLAVOR) VALUES (3, 'MUFFIN', 3.25, 'PUMPKIN SPICE');
INSERT INTO BAKERY_ITEM (ID, ITEM_TYPE, PRICE, MUFFIN_FLAVOR) VALUES (4, 'MUFFIN', 3.25, 'BANANA NUT');
INSERT INTO BAKERY_ITEM (ID, ITEM_TYPE, PRICE, BREAD_TYPE) VALUES (5, 'BREAD', 2.00, 'BAGUETTE');
INSERT INTO BAKERY_ITEM (ID, ITEM_TYPE, PRICE, BREAD_TYPE) VALUES (6, 'BREAD', 3.00, 'SOURDOUGH');
INSERT INTO BAKERY_ITEM (ID, ITEM_TYPE, PRICE, BREAD_TYPE) VALUES (7, 'BREAD', 2.75, 'PUMPERNICKEL');
INSERT INTO BAKERY_ITEM (ID, ITEM_TYPE, PRICE, COFFEE_ROAST, COFFEE_SIZE) VALUES (8, 'COFFEE', 2.00, 'DARK', 'SMALL');
INSERT INTO BAKERY_ITEM (ID, ITEM_TYPE, PRICE, COFFEE_ROAST, COFFEE_SIZE) VALUES (9, 'COFFEE', 2.00, 'MEDIUM', 'SMALL');
INSERT INTO BAKERY_ITEM (ID, ITEM_TYPE, PRICE, COFFEE_ROAST, COFFEE_SIZE) VALUES (10, 'COFFEE', 2.00, 'LIGHT', 'SMALL');
INSERT INTO BAKERY_ITEM (ID, ITEM_TYPE, PRICE, COFFEE_ROAST, COFFEE_SIZE) VALUES (11, 'COFFEE', 3.00, 'DARK', 'LARGE');
INSERT INTO BAKERY_ITEM (ID, ITEM_TYPE, PRICE, COFFEE_ROAST, COFFEE_SIZE) VALUES (12, 'COFFEE', 3.00, 'MEDIUM', 'LARGE');
INSERT INTO BAKERY_ITEM (ID, ITEM_TYPE, PRICE, COFFEE_ROAST, COFFEE_SIZE) VALUES (13, 'COFFEE', 3.00, 'LIGHT', 'LARGE');

INSERT INTO BAKERY_ORDER VALUES (101, 'SALLY', '+1(843)483-7489', 'Y', 'COMPLETED');
INSERT INTO BAKERY_ORDER (ID,CUSTOMER,PHONE) VALUES (102, 'VLAD', '+1(843)783-8903'); -- DEFAULT VALUES USED HERE FOR HAS_PAID AND ORDER_STATUS

INSERT INTO BAKERY_ORDER_ITEM VALUES (50, 101, 7);
INSERT INTO BAKERY_ORDER_ITEM VALUES (51, 101, 4);
INSERT INTO BAKERY_ORDER_ITEM VALUES (52, 101, 4);

INSERT INTO BAKERY_ORDER_ITEM VALUES (53, 102, 11);
INSERT INTO BAKERY_ORDER_ITEM VALUES (54, 102, 1);


SELECT * FROM BAKERY_ITEM
WHERE ITEM_TYPE = 'MUFFIN';

SELECT * FROM BAKERY_ITEM
WHERE ITEM_TYPE = 'FRUIT';

SELECT ITEM_TYPE
FROM BAKERY_ITEM
GROUP BY ITEM_TYPE
ORDER BY ITEM_TYPE DESC;


SELECT ID, PRICE, MUFFIN_FLAVOR 
FROM BAKERY_ITEM bi
WHERE BI.ITEM_TYPE = 'MUFFIN';

SELECT ID, PRICE, BREAD_TYPE  
FROM BAKERY_ITEM bi
WHERE BI.ITEM_TYPE = 'BREAD';

SELECT ID, PRICE, COFFEE_ROAST, COFFEE_SIZE 
FROM BAKERY_ITEM bi
WHERE BI.ITEM_TYPE = 'COFFEE';


SELECT * FROM BAKERY_ITEM

UPDATE BAKERY_ITEM 
SET COFFEE_SIZE = 'S'
WHERE COFFEE_SIZE = 'SMALL';

UPDATE BAKERY_ITEM 
SET COFFEE_SIZE = 'L'
WHERE COFFEE_SIZE = 'LARGE';

UPDATE BAKERY_ITEM 
SET PRICE = 2.50
WHERE ID = 5;

SELECT * FROM BAKERY_ITEM
WHERE ITEM_TYPE = 'COFFEE'


