
	  
	  
/*==============================================================*/
/* INGRESO DE DATOS                                             */
/*==============================================================*/

/*HOTEL*/
INSERT INTO HOTEL VALUES (1, 'HOTEL MARIANAFOX', '0986498814', 'PARROQUIA SANTA MARIANITA', 'MARIANAFOX.HOTEL@GMAIL.COM');

/*CARGO*/
INSERT INTO CARGO VALUES (1, 'PERSONAL DE MANTENIMIENTO');
INSERT INTO CARGO VALUES (2, 'PERSONAL DE RECEPCION');
INSERT INTO CARGO VALUES (3, 'PERSONAL DE ADMINISTRADOR');
INSERT INTO CARGO VALUES (4, 'PERSONAL DE ATENCION A LA HABITACION');
INSERT INTO CARGO VALUES (5, 'PERSONAL DE LIMPIEZA');
INSERT INTO CARGO VALUES (6, 'PERSONAL DE CHOFER');
INSERT INTO CARGO VALUES (7, 'PERSONAL DE SEGURIDAD');
-----------------------------------------------------------------------------
/*EMPLEADO*/
INSERT INTO EMPLEADO VALUES (10111, 1, 4, 'ANGELICA MARIBI','DELGADO DELGADO', 0995215874, 'ANGI.DEL@GMAIL.COM');
INSERT INTO EMPLEADO VALUES (10002, 1, 3, 'PATRICIA DOLORES','ALCATAR RODRIGUEZ', 0995756210, 'PATRI_ALCATAR@GMAIL.COM');
INSERT INTO EMPLEADO VALUES (10003, 1, 2, 'ROGELIO JOAQUIN','PANCHANA LOOR', 0966457210, 'ROGELIO_LOOR@GMAIL.COM');
INSERT INTO EMPLEADO VALUES (10444, 1, 1, 'JAVIER GABRIEL','LOPEZ LOPEZ', 0999647780, 'JAVIER.GLL@GMAIL.COM');
INSERT INTO EMPLEADO VALUES (10555, 1, 7, 'GABRIEL ANDRES','MILLER SUAREZ', 0933485675, 'GABRIEL_MILLER@GMAIL.COM');
INSERT INTO EMPLEADO VALUES (19000, 1, 6, 'ISMAEL ANTONIO','DELGADO ZAMBRANO', 0904785963, 'ISAMA_DELGADO@GMAIL.COM');
INSERT INTO EMPLEADO VALUES (10007, 1, 5, 'DANIELA FERNANDA','BAQUE PEREZ', 0900730720, 'DENIELFER@GMAIL.COM');
INSERT INTO EMPLEADO VALUES (10441, 1, 1, 'HARRY MARK','BASURTO MACIAS', 0999645470, 'MARKBASURTO@GMAIL.COM');
INSERT INTO EMPLEADO VALUES (10442, 1, 1, 'MARINA LANA','NAVARRETE FERNANDEZ', 0990047780, 'LANAFER@GMAIL.COM');
INSERT INTO EMPLEADO VALUES (10443, 1, 1, 'MELANIE LAURA','MACIAS MACIAS', 0993642780, 'LAUMACIAS@GMAIL.COM');
INSERT INTO EMPLEADO VALUES (19100, 1, 6, 'JOSUE ANDREW','VELEZ RUALES', 0904780063, 'ANDREWRUALES@GMAIL.COM');

/*TIPO DE MANTENIMIENTO*/
INSERT INTO MANTENIMIENTO_TIPO VALUES (11, 'LIMPIEZA DE AIRE ACONDICIONADO');
INSERT INTO MANTENIMIENTO_TIPO VALUES (22, 'CAMBIO Y LAVADO DE SABANAS');
INSERT INTO MANTENIMIENTO_TIPO VALUES (33, 'ARREGLO DE DUCHA');
INSERT INTO MANTENIMIENTO_TIPO VALUES (44, 'LIMPIEZA DE HABITACION');
INSERT INTO MANTENIMIENTO_TIPO VALUES (55, 'MATENIMIENTO TECNICO');

/*TIPO DE HABITACION*/
INSERT INTO HABITACION_TIPO VALUES (10, 'HABITACION INDIVIDUAL');
INSERT INTO HABITACION_TIPO VALUES (20, 'HABITACION DEUX');
INSERT INTO HABITACION_TIPO VALUES (30, 'HABITACION TROIS');
INSERT INTO HABITACION_TIPO VALUES (40, 'HABITACION QUATRE');
INSERT INTO HABITACION_TIPO VALUES (50, 'MATRIMONIAL');
INSERT INTO HABITACION_TIPO VALUES (60, 'SUIT PRESIDENCIAL');

/*HABITACION*/
INSERT INTO HABITACION VALUES (210000, 1, 10, 1, 'PISO DOS', 30);
INSERT INTO HABITACION VALUES (211000, 1, 10, 2, 'PISO DOS', 30);
INSERT INTO HABITACION VALUES (312000, 1, 40, 3, 'PISO TRES', 80);
INSERT INTO HABITACION VALUES (410000, 1, 40, 4, 'PISO CUATRO', 80);
INSERT INTO HABITACION VALUES (510000, 1, 50, 5, 'PISO QUINTO', 90);
INSERT INTO HABITACION VALUES (610000, 1, 60, 6, 'PISO SEXTO', 100);
INSERT INTO HABITACION VALUES (611000, 1, 50, 7, 'PISO SEXTO', 90);
INSERT INTO HABITACION VALUES (612000, 1, 50, 8, 'PISO SEXTO', 90);

/*MATENIMIENTO*/
INSERT INTO MANTENIMIENTO VALUES (4100, 22, 210000, 10442, '2021/10/13');
INSERT INTO MANTENIMIENTO VALUES (4120, 33, 410000, 10441, '2021/06/12');
INSERT INTO MANTENIMIENTO VALUES (4140, 44, 610000, 10442, '2021/06/02');
INSERT INTO MANTENIMIENTO VALUES (4170, 22, 211000, 10443, '2021/02/16');
INSERT INTO MANTENIMIENTO VALUES (4180, 55, 312000, 10555, '2021/12/25');
INSERT INTO MANTENIMIENTO VALUES (4190, 55, 612000, 10555,'2020/12/28');

/*CLIENTE*/
INSERT INTO CLIENTE VALUES (1, 'GABRIELA', 'ESPINOZA', 0987654321,'JUNG@GMAIL.COM');
INSERT INTO CLIENTE VALUES (2, 'CHANYEOL', 'PARK', 0987698721,'LOEYPARK@GMAIL.COM');
INSERT INTO CLIENTE VALUES (3, 'BAEKHYUN', 'BYUN', 0999654391,'BAEKEE@GMAIL.COM');
INSERT INTO CLIENTE VALUES (4, 'KYUHGSOO', 'DO', 0987007321,'DODOMELON@GMAIL.COM');
INSERT INTO CLIENTE VALUES (5, 'MINSEOK', 'KIM', 0900654331,'XIUMINNI@GMAIL.COM');
INSERT INTO CLIENTE VALUES (6, 'SEHUN', 'OH', 0980043921,'LORDSEHUN@GMAIL.COM');

/*DESCUENTO*/

INSERT INTO DESCUENTO VALUES (100, 'NAVIDAD', 12.5);
INSERT INTO DESCUENTO VALUES (200, 'VIERNES SANTO', 10.5);
INSERT INTO DESCUENTO VALUES (300, 'CARNAVALES', 10.5);
INSERT INTO DESCUENTO VALUES (400, 'AÑO NUEVO', 10.5);
INSERT INTO DESCUENTO VALUES (000, 'SIN FECHA ESPECIAL', 0.0);

/*FACTURA*/
ALTER TABLE factura MODIFY FACTURA_FECHAFIN DATE NOT NULL;----------modifique el tipo de datos

INSERT INTO FACTURA VALUES (111111, 210000, 1, 000, 1, '2021/05/13', 90, 0.12, 100.80 , '2020/05/15');
INSERT INTO FACTURA VALUES (111112, 410000, 2, 000, 1, '2021/06/11', 320, 0.12, 358.40, '2020/06/14');
INSERT INTO FACTURA VALUES (111113, 312000, 3, 100, 1, '2021/12/25', 320, 0.12, 358.40, '2020/12/28');
INSERT INTO FACTURA VALUES (111114, 410000, 2, 000, 1, '2021/07/03', 240, 0.12, 268.80, '2020/07/05');
INSERT INTO FACTURA VALUES (111115, 410000, 1, 000, 1, '2021/07/11', 240, 0.12, 268.80, '2020/07/13');
INSERT INTO FACTURA VALUES (111116, 211000, 4, 300, 1, '2021/02/15', 90, 0.12, 100.80, '2020/02/17');
INSERT INTO FACTURA VALUES (111117, 610000, 5, 000, 1, '2021/08/28', 200, 0.12, 240.00, '2020/08/29');
INSERT INTO FACTURA VALUES (111118, 612000, 6, 400, 1, '2020/12/28', 360, 0.12, 403.20, '2020/12/31');
INSERT INTO FACTURA VALUES (111119, 410000, 2, 000, 1, '2021/08/11', 320, 0.12, 358.40, '2020/08/14');

/*SERVICIO*/
INSERT INTO SERVICIO VALUES (212, 19000, 'VIA SANTA MARIANITA PLAYA BONITA', 6.50);
INSERT INTO SERVICIO VALUES (222, 19100, 'CARRERA MANTA AL MALECON SANTA MARIANITA', 7.50);

/*FACTURA_SERVICIO*/
INSERT INTO FACTURA_SERVICIO VALUES (212, 111111, 1, 6.50);
INSERT INTO FACTURA_SERVICIO VALUES (222, 111112, 2, 15.00);
INSERT INTO FACTURA_SERVICIO VALUES (212, 111113, 1, 6.50);
INSERT INTO FACTURA_SERVICIO VALUES (222, 111116, 1, 7.50);
INSERT INTO FACTURA_SERVICIO VALUES (222, 111117, 1, 7.50);
INSERT INTO FACTURA_SERVICIO VALUES (212, 111118, 2, 13.00);

/*VANDALISMO*/
INSERT INTO VANDALISMO VALUES (312, 'ROMPER VENTANAS O ESPEJOS', 30.00);
INSERT INTO VANDALISMO VALUES (313, 'MANCHAR O DAÑAR LAS SABANAS', 15.00);
INSERT INTO VANDALISMO VALUES (314, 'PERDIDA DEL CONTROL DEL AIRE O TELEVISOR', 10.00);
INSERT INTO VANDALISMO VALUES (315, 'VAJILLA ROTA O PERDIDA', 20.00);
INSERT INTO VANDALISMO VALUES (316, 'MANCHAR O DAÑO EN LAS PAREDES', 100.00);
INSERT INTO VANDALISMO VALUES (317, 'APARATOS ELECTRICOS ROTOS O AVERIADOS', 500.00);

/*FACTURA_VANDALISMO*/

INSERT INTO FACTURA_VANDALISMO VALUES (313, 111117, 2, 30.00);
INSERT INTO FACTURA_VANDALISMO VALUES (315, 111116, 1, 20.00);
INSERT INTO FACTURA_VANDALISMO VALUES (312, 111111, 1, 30.00);
INSERT INTO FACTURA_VANDALISMO VALUES (314, 111118, 1, 10.00);


